2019-12-02 01:20:16.661 15 INFO rally.task.engine [-] Load duration is: 144.684239
2019-12-02 01:20:16.662 15 INFO rally.task.engine [-] Full runner duration is: 144.730998
2019-12-02 01:20:16.662 15 INFO rally.task.engine [-] Full duration is: 289.241787
2019-12-02 01:20:16.980 15 INFO rally.task.engine [-] Running workload: position = 2 config = { "version": 2, "title": "A cropped version of a bigger task.", "description": "Auto-generated task from a single workload (uuid=8f58f9ff-635f-47c8-9232-0cc32f9fae52)", "subtasks": [ { "title": "NeutronNetworks.create_and_delete_subnets", "description": "Create and delete a given number of subnets.", "scenario": { "NeutronNetworks.create_and_delete_subnets": { "network_create_args": {}, "subnet_create_args": {}, "subnet_cidr_start": "1.1.0.0/30", "subnets_per_network": 2 } }, "contexts": { "users": { "tenants": 1, "users_per_tenant": 1 }, "quotas": { "neutron": { "network": -1, "subnet": -1 } } }, "runner": { "constant": { "times": 40, "concurrency": 20 } }, "hooks": [], "sla": { "failure_rate": { "max": 0 } } } ] }
2019-12-02 01:20:17.005 15 RALLYDEBUG rally_openstack.contexts.keystone.users [-] Creating 1 tenants using 20 threads
2019-12-02 01:20:17.285 15 RALLYDEBUG rally_openstack.contexts.keystone.users [-] Creating 1 users using 20 threads
2019-12-02 01:20:17.612 15 INFO rally.task.context [-] Task c6103430-c09a-432d-a4ca-44564a0a3d94 | Context users@openstack setup() finished in 0.61 sec
2019-12-02 01:20:17.916 15 INFO rally.task.context [-] Task c6103430-c09a-432d-a4ca-44564a0a3d94 | Context quotas@openstack setup() finished in 0.30 sec
2019-12-02 01:20:17.916 15 INFO rally.task.context [-] Task c6103430-c09a-432d-a4ca-44564a0a3d94 | Context cleanup@openstack setup() finished in 0.01 msec
2019-12-02 01:20:17.926 15 RALLYDEBUG rally.task.runner [-] Starting the constant runner (task UUID: c6103430-c09a-432d-a4ca-44564a0a3d94). timeout: 0 concurrency: 20 concurrency_per_worker: 1 times: 40 concurrency_overhead: 0 processes_to_start: 20 max_cpu_used: 88
2019-12-02 01:20:17.940 2269 RALLYDEBUG rally.task.runner [-] Starting a worker. concurrency: 1 args: {"network_create_args": {}, "subnet_create_args": {}, "subnet_cidr_start": "1.1.0.0/30", "subnets_per_network": 2} times: 40 method_name: run timeout: 0 duration: None cls:
2019-12-02 01:20:17.944 2270 RALLYDEBUG rally.task.runner [-] Starting a worker. concurrency: 1 args: {"network_create_args": {}, "subnet_create_args": {}, "subnet_cidr_start": "1.1.0.0/30", "subnets_per_network": 2} times: 40 method_name: run timeout: 0 duration: None cls:
2019-12-02 01:20:17.946 2271 RALLYDEBUG rally.task.runner [-] Starting a worker. concurrency: 1 args: {"network_create_args": {}, "subnet_create_args": {}, "subnet_cidr_start": "1.1.0.0/30", "subnets_per_network": 2} times: 40 method_name: run timeout: 0 duration: None cls:
2019-12-02 01:20:17.950 2269 INFO rally.task.runner [-] Task c6103430-c09a-432d-a4ca-44564a0a3d94 | ITER: 1 START
2019-12-02 01:20:17.949 2272 RALLYDEBUG rally.task.runner [-] Starting a worker. concurrency: 1 args: {"network_create_args": {}, "subnet_create_args": {}, "subnet_cidr_start": "1.1.0.0/30", "subnets_per_network": 2} times: 40 method_name: run timeout: 0 duration: None cls:
2019-12-02 01:20:17.950 2270 INFO rally.task.runner [-] Task c6103430-c09a-432d-a4ca-44564a0a3d94 | ITER: 2 START
2019-12-02 01:20:17.951 2269 WARNING rally_openstack.scenarios.neutron.utils [-] Running this scenario without either the 'network' or 'existing_network' context is deprecated
2019-12-02 01:20:17.952 2270 WARNING rally_openstack.scenarios.neutron.utils [-] Running this scenario without either the 'network' or 'existing_network' context is deprecated
2019-12-02 01:20:17.952 2271 INFO rally.task.runner [-] Task c6103430-c09a-432d-a4ca-44564a0a3d94 | ITER: 3 START
2019-12-02 01:20:17.952 2273 RALLYDEBUG rally.task.runner [-] Starting a worker. concurrency: 1 args: {"network_create_args": {}, "subnet_create_args": {}, "subnet_cidr_start": "1.1.0.0/30", "subnets_per_network": 2} times: 40 method_name: run timeout: 0 duration: None cls:
2019-12-02 01:20:17.953 2271 WARNING rally_openstack.scenarios.neutron.utils [-] Running this scenario without either the 'network' or 'existing_network' context is deprecated
2019-12-02 01:20:17.957 2275 RALLYDEBUG rally.task.runner [-] Starting a worker. concurrency: 1 args: {"network_create_args": {}, "subnet_create_args": {}, "subnet_cidr_start": "1.1.0.0/30", "subnets_per_network": 2} times: 40 method_name: run timeout: 0 duration: None cls:
2019-12-02 01:20:17.959 2273 INFO rally.task.runner [-] Task c6103430-c09a-432d-a4ca-44564a0a3d94 | ITER: 5 START
2019-12-02 01:20:17.959 2280 RALLYDEBUG rally.task.runner [-] Starting a worker. concurrency: 1 args: {"network_create_args": {}, "subnet_create_args": {}, "subnet_cidr_start": "1.1.0.0/30", "subnets_per_network": 2} times: 40 method_name: run timeout: 0 duration: None cls:
2019-12-02 01:20:17.960 2273 WARNING rally_openstack.scenarios.neutron.utils [-] Running this scenario without either the 'network' or 'existing_network' context is deprecated
2019-12-02 01:20:17.962 2282 RALLYDEBUG rally.task.runner [-] Starting a worker. concurrency: 1 args: {"network_create_args": {}, "subnet_create_args": {}, "subnet_cidr_start": "1.1.0.0/30", "subnets_per_network": 2} times: 40 method_name: run timeout: 0 duration: None cls:
2019-12-02 01:20:17.964 2275 INFO rally.task.runner [-] Task c6103430-c09a-432d-a4ca-44564a0a3d94 | ITER: 6 START
2019-12-02 01:20:17.965 2280 INFO rally.task.runner [-] Task c6103430-c09a-432d-a4ca-44564a0a3d94 | ITER: 7 START
2019-12-02 01:20:17.964 2285 RALLYDEBUG rally.task.runner [-] Starting a worker. concurrency: 1 args: {"network_create_args": {}, "subnet_create_args": {}, "subnet_cidr_start": "1.1.0.0/30", "subnets_per_network": 2} times: 40 method_name: run timeout: 0 duration: None cls:
2019-12-02 01:20:17.965 2275 WARNING rally_openstack.scenarios.neutron.utils [-] Running this scenario without either the 'network' or 'existing_network' context is deprecated
2019-12-02 01:20:17.966 2280 WARNING rally_openstack.scenarios.neutron.utils [-] Running this scenario without either the 'network' or 'existing_network' context is deprecated
2019-12-02 01:20:17.967 2272 INFO rally.task.runner [-] Task c6103430-c09a-432d-a4ca-44564a0a3d94 | ITER: 4 START
2019-12-02 01:20:17.968 2282 INFO rally.task.runner [-] Task c6103430-c09a-432d-a4ca-44564a0a3d94 | ITER: 8 START
2019-12-02 01:20:17.968 2272 WARNING rally_openstack.scenarios.neutron.utils [-] Running this scenario without either the 'network' or 'existing_network' context is deprecated
2019-12-02 01:20:17.969 2282 WARNING rally_openstack.scenarios.neutron.utils [-] Running this scenario without either the 'network' or 'existing_network' context is deprecated
2019-12-02 01:20:17.971 2292 RALLYDEBUG rally.task.runner [-] Starting a worker. concurrency: 1 args: {"network_create_args": {}, "subnet_create_args": {}, "subnet_cidr_start": "1.1.0.0/30", "subnets_per_network": 2} times: 40 method_name: run timeout: 0 duration: None cls:
2019-12-02 01:20:17.972 2288 RALLYDEBUG rally.task.runner [-] Starting a worker. concurrency: 1 args: {"network_create_args": {}, "subnet_create_args": {}, "subnet_cidr_start": "1.1.0.0/30", "subnets_per_network": 2} times: 40 method_name: run timeout: 0 duration: None cls:
2019-12-02 01:20:17.977 2298 RALLYDEBUG rally.task.runner [-] Starting a worker. concurrency: 1 args: {"network_create_args": {}, "subnet_create_args": {}, "subnet_cidr_start": "1.1.0.0/30", "subnets_per_network": 2} times: 40 method_name: run timeout: 0 duration: None cls:
2019-12-02 01:20:17.977 2295 RALLYDEBUG rally.task.runner [-] Starting a worker. concurrency: 1 args: {"network_create_args": {}, "subnet_create_args": {}, "subnet_cidr_start": "1.1.0.0/30", "subnets_per_network": 2} times: 40 method_name: run timeout: 0 duration: None cls:
2019-12-02 01:20:17.977 2292 INFO rally.task.runner [-] Task c6103430-c09a-432d-a4ca-44564a0a3d94 | ITER: 10 START
2019-12-02 01:20:17.978 2285 INFO rally.task.runner [-] Task c6103430-c09a-432d-a4ca-44564a0a3d94 | ITER: 9 START
2019-12-02 01:20:17.979 2288 INFO rally.task.runner [-] Task c6103430-c09a-432d-a4ca-44564a0a3d94 | ITER: 11 START
2019-12-02 01:20:17.979 2292 WARNING rally_openstack.scenarios.neutron.utils [-] Running this scenario without either the 'network' or 'existing_network' context is deprecated
2019-12-02 01:20:17.980 2285 WARNING rally_openstack.scenarios.neutron.utils [-] Running this scenario without either the 'network' or 'existing_network' context is deprecated
2019-12-02 01:20:17.980 2288 WARNING rally_openstack.scenarios.neutron.utils [-] Running this scenario without either the 'network' or 'existing_network' context is deprecated
2019-12-02 01:20:17.979 2299 RALLYDEBUG rally.task.runner [-] Starting a worker. concurrency: 1 args: {"network_create_args": {}, "subnet_create_args": {}, "subnet_cidr_start": "1.1.0.0/30", "subnets_per_network": 2} times: 40 method_name: run timeout: 0 duration: None cls:
2019-12-02 01:20:17.983 2298 INFO rally.task.runner [-] Task c6103430-c09a-432d-a4ca-44564a0a3d94 | ITER: 12 START
2019-12-02 01:20:17.982 2295 INFO rally.task.runner [-] Task c6103430-c09a-432d-a4ca-44564a0a3d94 | ITER: 13 START
2019-12-02 01:20:17.983 2295 WARNING rally_openstack.scenarios.neutron.utils [-] Running this scenario without either the 'network' or 'existing_network' context is deprecated
2019-12-02 01:20:17.983 2302 RALLYDEBUG rally.task.runner [-] Starting a worker. concurrency: 1 args: {"network_create_args": {}, "subnet_create_args": {}, "subnet_cidr_start": "1.1.0.0/30", "subnets_per_network": 2} times: 40 method_name: run timeout: 0 duration: None cls:
2019-12-02 01:20:17.983 2298 WARNING rally_openstack.scenarios.neutron.utils [-] Running this scenario without either the 'network' or 'existing_network' context is deprecated
2019-12-02 01:20:17.985 2299 INFO rally.task.runner [-] Task c6103430-c09a-432d-a4ca-44564a0a3d94 | ITER: 14 START
2019-12-02 01:20:17.986 2299 WARNING rally_openstack.scenarios.neutron.utils [-] Running this scenario without either the 'network' or 'existing_network' context is deprecated
2019-12-02 01:20:17.986 2306 RALLYDEBUG rally.task.runner [-] Starting a worker. concurrency: 1 args: {"network_create_args": {}, "subnet_create_args": {}, "subnet_cidr_start": "1.1.0.0/30", "subnets_per_network": 2} times: 40 method_name: run timeout: 0 duration: None cls:
2019-12-02 01:20:17.989 2311 RALLYDEBUG rally.task.runner [-] Starting a worker. concurrency: 1 args: {"network_create_args": {}, "subnet_create_args": {}, "subnet_cidr_start": "1.1.0.0/30", "subnets_per_network": 2} times: 40 method_name: run timeout: 0 duration: None cls:
2019-12-02 01:20:17.992 2306 INFO rally.task.runner [-] Task c6103430-c09a-432d-a4ca-44564a0a3d94 | ITER: 16 START
2019-12-02 01:20:17.992 2314 RALLYDEBUG rally.task.runner [-] Starting a worker. concurrency: 1 args: {"network_create_args": {}, "subnet_create_args": {}, "subnet_cidr_start": "1.1.0.0/30", "subnets_per_network": 2} times: 40 method_name: run timeout: 0 duration: None cls:
2019-12-02 01:20:17.993 2306 WARNING rally_openstack.scenarios.neutron.utils [-] Running this scenario without either the 'network' or 'existing_network' context is deprecated
2019-12-02 01:20:17.993 2302 INFO rally.task.runner [-] Task c6103430-c09a-432d-a4ca-44564a0a3d94 | ITER: 15 START
2019-12-02 01:20:17.995 2302 WARNING rally_openstack.scenarios.neutron.utils [-] Running this scenario without either the 'network' or 'existing_network' context is deprecated
2019-12-02 01:20:17.994 2316 RALLYDEBUG rally.task.runner [-] Starting a worker. concurrency: 1 args: {"network_create_args": {}, "subnet_create_args": {}, "subnet_cidr_start": "1.1.0.0/30", "subnets_per_network": 2} times: 40 method_name: run timeout: 0 duration: None cls:
2019-12-02 01:20:17.995 2311 INFO rally.task.runner [-] Task c6103430-c09a-432d-a4ca-44564a0a3d94 | ITER: 17 START
2019-12-02 01:20:17.996 2311 WARNING rally_openstack.scenarios.neutron.utils [-] Running this scenario without either the 'network' or 'existing_network' context is deprecated
2019-12-02 01:20:17.997 2318 RALLYDEBUG rally.task.runner [-] Starting a worker. concurrency: 1 args: {"network_create_args": {}, "subnet_create_args": {}, "subnet_cidr_start": "1.1.0.0/30", "subnets_per_network": 2} times: 40 method_name: run timeout: 0 duration: None cls:
2019-12-02 01:20:17.998 2314 INFO rally.task.runner [-] Task c6103430-c09a-432d-a4ca-44564a0a3d94 | ITER: 18 START
2019-12-02 01:20:17.999 2314 WARNING rally_openstack.scenarios.neutron.utils [-] Running this scenario without either the 'network' or 'existing_network' context is deprecated
2019-12-02 01:20:18.000 2316 INFO rally.task.runner [-] Task c6103430-c09a-432d-a4ca-44564a0a3d94 | ITER: 19 START
2019-12-02 01:20:18.001 2316 WARNING rally_openstack.scenarios.neutron.utils [-] Running this scenario without either the 'network' or 'existing_network' context is deprecated
2019-12-02 01:20:18.003 2318 INFO rally.task.runner [-] Task c6103430-c09a-432d-a4ca-44564a0a3d94 | ITER: 20 START
2019-12-02 01:20:18.004 2318 WARNING rally_openstack.scenarios.neutron.utils [-] Running this scenario without either the 'network' or 'existing_network' context is deprecated
2019-12-02 01:20:19.476 2273 RALLYDEBUG rally_openstack.wrappers.network [-] CIDR generated: 1.1.4.96/30
2019-12-02 01:20:19.531 2270 RALLYDEBUG rally_openstack.wrappers.network [-] CIDR generated: 1.1.4.100/30
2019-12-02 01:20:19.955 2295 RALLYDEBUG rally_openstack.wrappers.network [-] CIDR generated: 1.1.4.104/30
2019-12-02 01:20:20.055 2271 RALLYDEBUG rally_openstack.wrappers.network [-] CIDR generated: 1.1.4.108/30
2019-12-02 01:20:20.099 2280 RALLYDEBUG rally_openstack.wrappers.network [-] CIDR generated: 1.1.4.112/30
2019-12-02 01:20:20.296 2269 RALLYDEBUG rally_openstack.wrappers.network [-] CIDR generated: 1.1.4.116/30
2019-12-02 01:20:20.451 2282 RALLYDEBUG rally_openstack.wrappers.network [-] CIDR generated: 1.1.4.120/30
2019-12-02 01:20:20.454 2298 RALLYDEBUG rally_openstack.wrappers.network [-] CIDR generated: 1.1.4.124/30
2019-12-02 01:20:20.757 2272 RALLYDEBUG rally_openstack.wrappers.network [-] CIDR generated: 1.1.4.128/30
2019-12-02 01:20:21.088 2302 RALLYDEBUG rally_openstack.wrappers.network [-] CIDR generated: 1.1.4.132/30
2019-12-02 01:20:21.111 2285 RALLYDEBUG rally_openstack.wrappers.network [-] CIDR generated: 1.1.4.136/30
2019-12-02 01:20:21.132 2316 RALLYDEBUG rally_openstack.wrappers.network [-] CIDR generated: 1.1.4.140/30
2019-12-02 01:20:21.177 2275 RALLYDEBUG rally_openstack.wrappers.network [-] CIDR generated: 1.1.4.144/30
2019-12-02 01:20:21.380 2311 RALLYDEBUG rally_openstack.wrappers.network [-] CIDR generated: 1.1.4.148/30
2019-12-02 01:20:21.398 2292 RALLYDEBUG rally_openstack.wrappers.network [-] CIDR generated: 1.1.4.152/30
2019-12-02 01:20:21.469 2288 RALLYDEBUG rally_openstack.wrappers.network [-] CIDR generated: 1.1.4.156/30
2019-12-02 01:20:21.547 2306 RALLYDEBUG rally_openstack.wrappers.network [-] CIDR generated: 1.1.4.160/30
2019-12-02 01:20:21.708 2318 RALLYDEBUG rally_openstack.wrappers.network [-] CIDR generated: 1.1.4.164/30
2019-12-02 01:20:22.310 2299 RALLYDEBUG rally_openstack.wrappers.network [-] CIDR generated: 1.1.4.168/30
2019-12-02 01:20:22.459 2314 RALLYDEBUG rally_openstack.wrappers.network [-] CIDR generated: 1.1.4.172/30
2019-12-02 01:20:25.579 2273 RALLYDEBUG rally_openstack.wrappers.network [-] CIDR generated: 1.1.4.176/30
2019-12-02 01:20:25.697 2271 RALLYDEBUG rally_openstack.wrappers.network [-] CIDR generated: 1.1.4.180/30
2019-12-02 01:20:25.786 2282 RALLYDEBUG rally_openstack.wrappers.network [-] CIDR generated: 1.1.4.184/30
2019-12-02 01:20:25.870 2298 RALLYDEBUG rally_openstack.wrappers.network [-] CIDR generated: 1.1.4.188/30
2019-12-02 01:20:26.081 2316 RALLYDEBUG rally_openstack.wrappers.network [-] CIDR generated: 1.1.4.192/30
2019-12-02 01:20:26.183 2285 RALLYDEBUG rally_openstack.wrappers.network [-] CIDR generated: 1.1.4.196/30
2019-12-02 01:20:26.224 2270 RALLYDEBUG rally_openstack.wrappers.network [-] CIDR generated: 1.1.4.200/30
2019-12-02 01:20:26.480 2311 RALLYDEBUG rally_openstack.wrappers.network [-] CIDR generated: 1.1.4.204/30
2019-12-02 01:20:26.481 2318 RALLYDEBUG rally_openstack.wrappers.network [-] CIDR generated: 1.1.4.208/30
2019-12-02 01:20:26.577 2295 RALLYDEBUG rally_openstack.wrappers.network [-] CIDR generated: 1.1.4.212/30
2019-12-02 01:20:26.762 2314 RALLYDEBUG rally_openstack.wrappers.network [-] CIDR generated: 1.1.4.216/30
2019-12-02 01:20:26.844 2280 RALLYDEBUG rally_openstack.wrappers.network [-] CIDR generated: 1.1.4.220/30
2019-12-02 01:20:27.377 2269 RALLYDEBUG rally_openstack.wrappers.network [-] CIDR generated: 1.1.4.224/30
2019-12-02 01:20:27.762 2272 RALLYDEBUG rally_openstack.wrappers.network [-] CIDR generated: 1.1.4.228/30
2019-12-02 01:20:28.106 2275 RALLYDEBUG rally_openstack.wrappers.network [-] CIDR generated: 1.1.4.232/30
2019-12-02 01:20:28.189 2288 RALLYDEBUG rally_openstack.wrappers.network [-] CIDR generated: 1.1.4.236/30
2019-12-02 01:20:28.238 2302 RALLYDEBUG rally_openstack.wrappers.network [-] CIDR generated: 1.1.4.240/30
2019-12-02 01:20:28.430 2292 RALLYDEBUG rally_openstack.wrappers.network [-] CIDR generated: 1.1.4.244/30
2019-12-02 01:20:28.688 2306 RALLYDEBUG rally_openstack.wrappers.network [-] CIDR generated: 1.1.4.248/30
2019-12-02 01:20:29.570 2299 RALLYDEBUG rally_openstack.wrappers.network [-] CIDR generated: 1.1.4.252/30
2019-12-02 01:20:44.494 2272 INFO rally.task.runner [-] Task c6103430-c09a-432d-a4ca-44564a0a3d94 | ITER: 4 END: OK
2019-12-02 01:20:44.499 2272 INFO rally.task.runner [-] Task c6103430-c09a-432d-a4ca-44564a0a3d94 | ITER: 21 START
2019-12-02 01:20:44.500 2272 WARNING rally_openstack.scenarios.neutron.utils [-] Running this scenario without either the 'network' or 'existing_network' context is deprecated
2019-12-02 01:20:44.548 2306 INFO rally.task.runner [-] Task c6103430-c09a-432d-a4ca-44564a0a3d94 | ITER: 16 END: OK
2019-12-02 01:20:44.561 2306 INFO rally.task.runner [-] Task c6103430-c09a-432d-a4ca-44564a0a3d94 | ITER: 22 START
2019-12-02 01:20:44.565 2306 WARNING rally_openstack.scenarios.neutron.utils [-] Running this scenario without either the 'network' or 'existing_network' context is deprecated
2019-12-02 01:20:45.282 2269 INFO rally.task.runner [-] Task c6103430-c09a-432d-a4ca-44564a0a3d94 | ITER: 1 END: OK
2019-12-02 01:20:45.291 2269 INFO rally.task.runner [-] Task c6103430-c09a-432d-a4ca-44564a0a3d94 | ITER: 23 START
2019-12-02 01:20:45.293 2269 WARNING rally_openstack.scenarios.neutron.utils [-] Running this scenario without either the 'network' or 'existing_network' context is deprecated
2019-12-02 01:20:46.633 2314 INFO rally.task.runner [-] Task c6103430-c09a-432d-a4ca-44564a0a3d94 | ITER: 18 END: OK
2019-12-02 01:20:46.642 2314 INFO rally.task.runner [-] Task c6103430-c09a-432d-a4ca-44564a0a3d94 | ITER: 24 START
2019-12-02 01:20:46.643 2314 WARNING rally_openstack.scenarios.neutron.utils [-] Running this scenario without either the 'network' or 'existing_network' context is deprecated
2019-12-02 01:20:46.645 2302 INFO rally.task.runner [-] Task c6103430-c09a-432d-a4ca-44564a0a3d94 | ITER: 15 END: OK
2019-12-02 01:20:46.654 2302 INFO rally.task.runner [-] Task c6103430-c09a-432d-a4ca-44564a0a3d94 | ITER: 25 START
2019-12-02 01:20:46.655 2302 WARNING rally_openstack.scenarios.neutron.utils [-] Running this scenario without either the 'network' or 'existing_network' context is deprecated
2019-12-02 01:20:46.714 2288 INFO rally.task.runner [-] Task c6103430-c09a-432d-a4ca-44564a0a3d94 | ITER: 11 END: OK
2019-12-02 01:20:46.722 2288 INFO rally.task.runner [-] Task c6103430-c09a-432d-a4ca-44564a0a3d94 | ITER: 26 START
2019-12-02 01:20:46.723 2288 WARNING rally_openstack.scenarios.neutron.utils [-] Running this scenario without either the 'network' or 'existing_network' context is deprecated
2019-12-02 01:20:47.581 2306 RALLYDEBUG rally_openstack.wrappers.network [-] CIDR generated: 1.1.5.0/30
2019-12-02 01:20:47.605 2272 RALLYDEBUG rally_openstack.wrappers.network [-] CIDR generated: 1.1.5.4/30
2019-12-02 01:20:47.694 2282 INFO rally.task.runner [-] Task c6103430-c09a-432d-a4ca-44564a0a3d94 | ITER: 8 END: OK
2019-12-02 01:20:47.702 2292 INFO rally.task.runner [-] Task c6103430-c09a-432d-a4ca-44564a0a3d94 | ITER: 10 END: OK
2019-12-02 01:20:47.704 2282 INFO rally.task.runner [-] Task c6103430-c09a-432d-a4ca-44564a0a3d94 | ITER: 27 START
2019-12-02 01:20:47.705 2282 WARNING rally_openstack.scenarios.neutron.utils [-] Running this scenario without either the 'network' or 'existing_network' context is deprecated
2019-12-02 01:20:47.712 2292 INFO rally.task.runner [-] Task c6103430-c09a-432d-a4ca-44564a0a3d94 | ITER: 28 START
2019-12-02 01:20:47.713 2292 WARNING rally_openstack.scenarios.neutron.utils [-] Running this scenario without either the 'network' or 'existing_network' context is deprecated
2019-12-02 01:20:47.934 2269 RALLYDEBUG rally_openstack.wrappers.network [-] CIDR generated: 1.1.5.8/30
2019-12-02 01:20:48.850 2270 INFO rally.task.runner [-] Task c6103430-c09a-432d-a4ca-44564a0a3d94 | ITER: 2 END: OK
2019-12-02 01:20:48.859 2270 INFO rally.task.runner [-] Task c6103430-c09a-432d-a4ca-44564a0a3d94 | ITER: 29 START
2019-12-02 01:20:48.861 2270 WARNING rally_openstack.scenarios.neutron.utils [-] Running this scenario without either the 'network' or 'existing_network' context is deprecated
2019-12-02 01:20:48.888 2295 INFO rally.task.runner [-] Task c6103430-c09a-432d-a4ca-44564a0a3d94 | ITER: 13 END: OK
2019-12-02 01:20:48.896 2295 INFO rally.task.runner [-] Task c6103430-c09a-432d-a4ca-44564a0a3d94 | ITER: 30 START
2019-12-02 01:20:48.897 2295 WARNING rally_openstack.scenarios.neutron.utils [-] Running this scenario without either the 'network' or 'existing_network' context is deprecated
2019-12-02 01:20:49.143 2316 INFO rally.task.runner [-] Task c6103430-c09a-432d-a4ca-44564a0a3d94 | ITER: 19 END: OK
2019-12-02 01:20:49.152 2316 INFO rally.task.runner [-] Task c6103430-c09a-432d-a4ca-44564a0a3d94 | ITER: 31 START
2019-12-02 01:20:49.153 2316 WARNING rally_openstack.scenarios.neutron.utils [-] Running this scenario without either the 'network' or 'existing_network' context is deprecated
2019-12-02 01:20:49.245 2318 INFO rally.task.runner [-] Task c6103430-c09a-432d-a4ca-44564a0a3d94 | ITER: 20 END: OK
2019-12-02 01:20:49.253 2318 INFO rally.task.runner [-] Task c6103430-c09a-432d-a4ca-44564a0a3d94 | ITER: 32 START
2019-12-02 01:20:49.254 2318 WARNING rally_openstack.scenarios.neutron.utils [-] Running this scenario without either the 'network' or 'existing_network' context is deprecated
2019-12-02 01:20:49.605 2311 INFO rally.task.runner [-] Task c6103430-c09a-432d-a4ca-44564a0a3d94 | ITER: 17 END: OK
2019-12-02 01:20:49.609 2280 INFO rally.task.runner [-] Task c6103430-c09a-432d-a4ca-44564a0a3d94 | ITER: 7 END: OK
2019-12-02 01:20:49.614 2311 INFO rally.task.runner [-] Task c6103430-c09a-432d-a4ca-44564a0a3d94 | ITER: 33 START
2019-12-02 01:20:49.615 2311 WARNING rally_openstack.scenarios.neutron.utils [-] Running this scenario without either the 'network' or 'existing_network' context is deprecated
2019-12-02 01:20:49.619 2280 INFO rally.task.runner [-] Task c6103430-c09a-432d-a4ca-44564a0a3d94 | ITER: 34 START
2019-12-02 01:20:49.620 2280 WARNING rally_openstack.scenarios.neutron.utils [-] Running this scenario without either the 'network' or 'existing_network' context is deprecated
2019-12-02 01:20:49.833 2292 RALLYDEBUG rally_openstack.wrappers.network [-] CIDR generated: 1.1.5.12/30
2019-12-02 01:20:49.841 2314 RALLYDEBUG rally_openstack.wrappers.network [-] CIDR generated: 1.1.5.16/30
2019-12-02 01:20:50.266 2302 RALLYDEBUG rally_openstack.wrappers.network [-] CIDR generated: 1.1.5.20/30
2019-12-02 01:20:50.308 2288 RALLYDEBUG rally_openstack.wrappers.network [-] CIDR generated: 1.1.5.24/30
2019-12-02 01:20:50.943 2282 RALLYDEBUG rally_openstack.wrappers.network [-] CIDR generated: 1.1.5.28/30
2019-12-02 01:20:50.943 2271 INFO rally.task.runner [-] Task c6103430-c09a-432d-a4ca-44564a0a3d94 | ITER: 3 END: OK
2019-12-02 01:20:50.952 2271 INFO rally.task.runner [-] Task c6103430-c09a-432d-a4ca-44564a0a3d94 | ITER: 35 START
2019-12-02 01:20:50.953 2271 WARNING rally_openstack.scenarios.neutron.utils [-] Running this scenario without either the 'network' or 'existing_network' context is deprecated
2019-12-02 01:20:50.971 2273 INFO rally.task.runner [-] Task c6103430-c09a-432d-a4ca-44564a0a3d94 | ITER: 5 END: OK
2019-12-02 01:20:50.974 2285 INFO rally.task.runner [-] Task c6103430-c09a-432d-a4ca-44564a0a3d94 | ITER: 9 END: OK
2019-12-02 01:20:50.979 2273 INFO rally.task.runner [-] Task c6103430-c09a-432d-a4ca-44564a0a3d94 | ITER: 36 START
2019-12-02 01:20:50.980 2273 WARNING rally_openstack.scenarios.neutron.utils [-] Running this scenario without either the 'network' or 'existing_network' context is deprecated
2019-12-02 01:20:50.982 2285 INFO rally.task.runner [-] Task c6103430-c09a-432d-a4ca-44564a0a3d94 | ITER: 37 START
2019-12-02 01:20:50.983 2285 WARNING rally_openstack.scenarios.neutron.utils [-] Running this scenario without either the 'network' or 'existing_network' context is deprecated
2019-12-02 01:20:51.039 2298 INFO rally.task.runner [-] Task c6103430-c09a-432d-a4ca-44564a0a3d94 | ITER: 12 END: OK
2019-12-02 01:20:51.049 2298 INFO rally.task.runner [-] Task c6103430-c09a-432d-a4ca-44564a0a3d94 | ITER: 38 START
2019-12-02 01:20:51.050 2298 WARNING rally_openstack.scenarios.neutron.utils [-] Running this scenario without either the 'network' or 'existing_network' context is deprecated
2019-12-02 01:20:51.516 2270 RALLYDEBUG rally_openstack.wrappers.network [-] CIDR generated: 1.1.5.32/30
2019-12-02 01:20:51.534 2295 RALLYDEBUG rally_openstack.wrappers.network [-] CIDR generated: 1.1.5.36/30
2019-12-02 01:20:51.873 2311 RALLYDEBUG rally_openstack.wrappers.network [-] CIDR generated: 1.1.5.40/30
2019-12-02 01:20:52.517 2306 RALLYDEBUG rally_openstack.wrappers.network [-] CIDR generated: 1.1.5.44/30
2019-12-02 01:20:52.519 2271 RALLYDEBUG rally_openstack.wrappers.network [-] CIDR generated: 1.1.5.48/30
2019-12-02 01:20:52.571 2298 RALLYDEBUG rally_openstack.wrappers.network [-] CIDR generated: 1.1.5.52/30
2019-12-02 01:20:52.594 2269 RALLYDEBUG rally_openstack.wrappers.network [-] CIDR generated: 1.1.5.56/30
2019-12-02 01:20:52.762 2316 RALLYDEBUG rally_openstack.wrappers.network [-] CIDR generated: 1.1.5.60/30
2019-12-02 01:20:52.809 2318 RALLYDEBUG rally_openstack.wrappers.network [-] CIDR generated: 1.1.5.64/30
2019-12-02 01:20:53.929 2280 RALLYDEBUG rally_openstack.wrappers.network [-] CIDR generated: 1.1.5.68/30
2019-12-02 01:20:53.931 2272 RALLYDEBUG rally_openstack.wrappers.network [-] CIDR generated: 1.1.5.72/30
2019-12-02 01:20:54.048 2275 INFO rally.task.runner [-] Task c6103430-c09a-432d-a4ca-44564a0a3d94 | ITER: 6 END: OK
2019-12-02 01:20:54.057 2275 INFO rally.task.runner [-] Task c6103430-c09a-432d-a4ca-44564a0a3d94 | ITER: 39 START
2019-12-02 01:20:54.059 2275 WARNING rally_openstack.scenarios.neutron.utils [-] Running this scenario without either the 'network' or 'existing_network' context is deprecated
2019-12-02 01:20:55.222 2311 RALLYDEBUG rally_openstack.wrappers.network [-] CIDR generated: 1.1.5.76/30
2019-12-02 01:20:56.030 2316 RALLYDEBUG rally_openstack.wrappers.network [-] CIDR generated: 1.1.5.80/30
2019-12-02 01:20:56.040 2318 RALLYDEBUG rally_openstack.wrappers.network [-] CIDR generated: 1.1.5.84/30
2019-12-02 01:20:56.230 2280 RALLYDEBUG rally_openstack.wrappers.network [-] CIDR generated: 1.1.5.88/30
2019-12-02 01:20:56.499 2273 RALLYDEBUG rally_openstack.wrappers.network [-] CIDR generated: 1.1.5.92/30
2019-12-02 01:20:56.540 2285 RALLYDEBUG rally_openstack.wrappers.network [-] CIDR generated: 1.1.5.96/30
2019-12-02 01:20:57.812 2273 RALLYDEBUG rally_openstack.wrappers.network [-] CIDR generated: 1.1.5.100/30
2019-12-02 01:20:57.827 2285 RALLYDEBUG rally_openstack.wrappers.network [-] CIDR generated: 1.1.5.104/30
2019-12-02 01:20:58.843 2299 INFO rally.task.runner [-] Task c6103430-c09a-432d-a4ca-44564a0a3d94 | ITER: 14 END: OK
2019-12-02 01:20:58.851 2299 INFO rally.task.runner [-] Task c6103430-c09a-432d-a4ca-44564a0a3d94 | ITER: 40 START
2019-12-02 01:20:58.852 2299 WARNING rally_openstack.scenarios.neutron.utils [-] Running this scenario without either the 'network' or 'existing_network' context is deprecated
2019-12-02 01:20:59.245 2299 RALLYDEBUG rally_openstack.wrappers.network [-] CIDR generated: 1.1.5.108/30
2019-12-02 01:20:59.461 2292 RALLYDEBUG rally_openstack.wrappers.network [-] CIDR generated: 1.1.5.112/30
2019-12-02 01:20:59.504 2275 RALLYDEBUG rally_openstack.wrappers.network [-] CIDR generated: 1.1.5.116/30
2019-12-02 01:20:59.862 2314 RALLYDEBUG rally_openstack.wrappers.network [-] CIDR generated: 1.1.5.120/30
2019-12-02 01:21:00.100 2288 RALLYDEBUG rally_openstack.wrappers.network [-] CIDR generated: 1.1.5.124/30
2019-12-02 01:21:00.437 2302 RALLYDEBUG rally_openstack.wrappers.network [-] CIDR generated: 1.1.5.128/30
2019-12-02 01:21:01.118 2282 RALLYDEBUG rally_openstack.wrappers.network [-] CIDR generated: 1.1.5.132/30
2019-12-02 01:21:01.362 2270 RALLYDEBUG rally_openstack.wrappers.network [-] CIDR generated: 1.1.5.136/30
2019-12-02 01:21:01.389 2295 RALLYDEBUG rally_openstack.wrappers.network [-] CIDR generated: 1.1.5.140/30
2019-12-02 01:21:01.982 2298 RALLYDEBUG rally_openstack.wrappers.network [-] CIDR generated: 1.1.5.144/30
2019-12-02 01:21:02.208 2271 RALLYDEBUG rally_openstack.wrappers.network [-] CIDR generated: 1.1.5.148/30
2019-12-02 01:21:03.999 2275 RALLYDEBUG rally_openstack.wrappers.network [-] CIDR generated: 1.1.5.152/30
2019-12-02 01:21:05.395 2299 RALLYDEBUG rally_openstack.wrappers.network [-] CIDR generated: 1.1.5.156/30
2019-12-02 01:21:16.403 2280 INFO rally.task.runner [-] Task c6103430-c09a-432d-a4ca-44564a0a3d94 | ITER: 34 END: OK
2019-12-02 01:21:21.380 2285 INFO rally.task.runner [-] Task c6103430-c09a-432d-a4ca-44564a0a3d94 | ITER: 37 END: OK
2019-12-02 01:21:21.566 2302 INFO rally.task.runner [-] Task c6103430-c09a-432d-a4ca-44564a0a3d94 | ITER: 25 END: OK
2019-12-02 01:21:22.383 2272 INFO rally.task.runner [-] Task c6103430-c09a-432d-a4ca-44564a0a3d94 | ITER: 21 END: OK
2019-12-02 01:21:22.407 2314 INFO rally.task.runner [-] Task c6103430-c09a-432d-a4ca-44564a0a3d94 | ITER: 24 END: OK
2019-12-02 01:21:22.615 2311 INFO rally.task.runner [-] Task c6103430-c09a-432d-a4ca-44564a0a3d94 | ITER: 33 END: OK
2019-12-02 01:21:22.639 2299 INFO rally.task.runner [-] Task c6103430-c09a-432d-a4ca-44564a0a3d94 | ITER: 40 END: OK
2019-12-02 01:21:22.678 2306 INFO rally.task.runner [-] Task c6103430-c09a-432d-a4ca-44564a0a3d94 | ITER: 22 END: OK
2019-12-02 01:21:22.790 2273 INFO rally.task.runner [-] Task c6103430-c09a-432d-a4ca-44564a0a3d94 | ITER: 36 END: OK
2019-12-02 01:21:22.842 2275 INFO rally.task.runner [-] Task c6103430-c09a-432d-a4ca-44564a0a3d94 | ITER: 39 END: OK
2019-12-02 01:21:22.952 2288 INFO rally.task.runner [-] Task c6103430-c09a-432d-a4ca-44564a0a3d94 | ITER: 26 END: OK
2019-12-02 01:21:23.246 2271 INFO rally.task.runner [-] Task c6103430-c09a-432d-a4ca-44564a0a3d94 | ITER: 35 END: OK
2019-12-02 01:21:23.894 2292 INFO rally.task.runner [-] Task c6103430-c09a-432d-a4ca-44564a0a3d94 | ITER: 28 END: OK
2019-12-02 01:21:24.609 2269 INFO rally.task.runner [-] Task c6103430-c09a-432d-a4ca-44564a0a3d94 | ITER: 23 END: OK
2019-12-02 01:21:24.631 2295 INFO rally.task.runner [-] Task c6103430-c09a-432d-a4ca-44564a0a3d94 | ITER: 30 END: OK
2019-12-02 01:21:24.886 2318 INFO rally.task.runner [-] Task c6103430-c09a-432d-a4ca-44564a0a3d94 | ITER: 32 END: OK
2019-12-02 01:21:24.900 2316 INFO rally.task.runner [-] Task c6103430-c09a-432d-a4ca-44564a0a3d94 | ITER: 31 END: OK
2019-12-02 01:21:25.612 2298 INFO rally.task.runner [-] Task c6103430-c09a-432d-a4ca-44564a0a3d94 | ITER: 38 END: OK
2019-12-02 01:21:25.701 2282 INFO rally.task.runner [-] Task c6103430-c09a-432d-a4ca-44564a0a3d94 | ITER: 27 END: OK
2019-12-02 01:21:25.735 2270 INFO rally.task.runner [-] Task c6103430-c09a-432d-a4ca-44564a0a3d94 | ITER: 29 END: OK
2019-12-02 01:21:25.765 15 INFO rally.task.context [-] Task c6103430-c09a-432d-a4ca-44564a0a3d94 | Context cleanup@openstack cleanup() started
2019-12-02 01:21:25.769 15 RALLYDEBUG rally_openstack.cleanup.manager [-] Cleaning up neutron vip objects
2019-12-02 01:21:25.956 15 RALLYDEBUG rally_openstack.cleanup.manager [-] Cleaning up neutron health_monitor objects
2019-12-02 01:21:26.138 15 RALLYDEBUG rally_openstack.cleanup.manager [-] Cleaning up neutron pool objects
2019-12-02 01:21:26.317 15 RALLYDEBUG rally_openstack.cleanup.manager [-] Cleaning up neutron loadbalancer objects
2019-12-02 01:21:26.500 15 RALLYDEBUG rally_openstack.cleanup.manager [-] Cleaning up neutron floatingip objects
2019-12-02 01:21:26.691 15 RALLYDEBUG rally_openstack.cleanup.manager [-] Cleaning up neutron trunk objects
2019-12-02 01:21:26.852 15 DEBUG neutronclient.v2_0.client [-] Error message: {"message": "The resource could not be found.

\n\n\n", "code": "404 Not Found", "title": "Not Found"} _handle_fault_response /usr/lib/python2.7/site-packages/neutronclient/v2_0/client.py:259
2019-12-02 01:21:26.862 15 RALLYDEBUG rally_openstack.cleanup.manager [-] Cleaning up neutron port objects
2019-12-02 01:21:27.381 15 RALLYDEBUG rally_openstack.cleanup.manager [-] Cleaning up neutron subnet objects
2019-12-02 01:21:27.611 15 RALLYDEBUG rally_openstack.cleanup.manager [-] Cleaning up neutron network objects
2019-12-02 01:21:28.041 15 RALLYDEBUG rally_openstack.cleanup.manager [-] Deleting neutron.network object s_rally_8f58f9ff_vqowszRE (03723019-1f6a-470a-a766-004f4261dc7f)
2019-12-02 01:21:28.047 15 RALLYDEBUG rally_openstack.cleanup.manager [-] Deleting neutron.network object s_rally_8f58f9ff_0d8Zxa3p (096f9f2c-9b45-497c-875c-58e9520f579e)
2019-12-02 01:21:28.060 15 RALLYDEBUG rally_openstack.cleanup.manager [-] Deleting neutron.network object s_rally_8f58f9ff_LnMSgV5S (140baf77-fc08-42c3-a11b-38ebe3e7dcdf)
2019-12-02 01:21:28.069 15 RALLYDEBUG rally_openstack.cleanup.manager [-] Deleting neutron.network object s_rally_8f58f9ff_lUNndQcz (18216503-3143-4bdd-b343-b683e183fecc)
2019-12-02 01:21:28.084 15 RALLYDEBUG rally_openstack.cleanup.manager [-] Deleting neutron.network object s_rally_8f58f9ff_zL24iBam (212e6f24-90f3-4566-9453-5da01264b279)
2019-12-02 01:21:28.089 15 RALLYDEBUG rally_openstack.cleanup.manager [-] Deleting neutron.network object s_rally_8f58f9ff_7QWt08Kh (1bfdbe1f-aa5c-4b05-b840-85e30754ae03)
2019-12-02 01:21:28.089 15 RALLYDEBUG rally_openstack.cleanup.manager [-] Deleting neutron.network object s_rally_8f58f9ff_2vcQQ3m9 (2140d536-2064-427f-afb5-b656a6edbce4)
2019-12-02 01:21:28.099 15 RALLYDEBUG rally_openstack.cleanup.manager [-] Deleting neutron.network object s_rally_8f58f9ff_UbA06gjF (2444a04b-6c0c-40db-b78f-f6bdb0f61ede)
2019-12-02 01:21:28.157 15 RALLYDEBUG rally_openstack.cleanup.manager [-] Deleting neutron.network object s_rally_8f58f9ff_aZcWVKJ8 (2de31212-3465-41cd-8bb6-8a41213da551)
2019-12-02 01:21:28.164 15 RALLYDEBUG rally_openstack.cleanup.manager [-] Deleting neutron.network object s_rally_8f58f9ff_rWbIU1fY (2d08485f-7275-451f-adc1-fd75b941f9e9)
2019-12-02 01:21:28.174 15 RALLYDEBUG rally_openstack.cleanup.manager [-] Deleting neutron.network object s_rally_8f58f9ff_x0AxMSFR (306099ea-e7ed-461a-b2dc-b55a17b2afc5)
2019-12-02 01:21:28.175 15 RALLYDEBUG rally_openstack.cleanup.manager [-] Deleting neutron.network object s_rally_8f58f9ff_JPyWiWRn (2660edea-d3ef-4a27-ac55-49fe318fd0b1)
2019-12-02 01:21:28.212 15 RALLYDEBUG rally_openstack.cleanup.manager [-] Deleting neutron.network object s_rally_8f58f9ff_BSpcnMWY (42e85091-cbbb-4fa2-8469-4f32b27562f6)
2019-12-02 01:21:28.217 15 RALLYDEBUG rally_openstack.cleanup.manager [-] Deleting neutron.network object s_rally_8f58f9ff_AROpSvex (2c564a30-145d-46d6-b520-62d2a273a459)
2019-12-02 01:21:28.235 15 RALLYDEBUG rally_openstack.cleanup.manager [-] Deleting neutron.network object s_rally_8f58f9ff_zTmh8Nsa (4ec4bff2-d82b-44b3-a12a-4754ba8729ac)
2019-12-02 01:21:28.261 15 RALLYDEBUG rally_openstack.cleanup.manager [-] Deleting neutron.network object s_rally_8f58f9ff_cK7kwAFJ (47f14c32-4d34-46e9-852b-ac4475a29fdd)
2019-12-02 01:21:28.280 15 RALLYDEBUG rally_openstack.cleanup.manager [-] Deleting neutron.network object s_rally_8f58f9ff_rX5fh5aA (3ba1da50-d5c3-4c36-af64-62e34ca37414)
2019-12-02 01:21:28.287 15 RALLYDEBUG rally_openstack.cleanup.manager [-] Deleting neutron.network object s_rally_8f58f9ff_3F0hFYRL (30b49b47-9c25-469b-96f9-29d591bef27d)
2019-12-02 01:21:28.302 15 RALLYDEBUG rally_openstack.cleanup.manager [-] Deleting neutron.network object s_rally_8f58f9ff_wS3tYFbo (4bc70a02-e6df-401d-844b-13935aae220d)
2019-12-02 01:21:28.327 15 RALLYDEBUG rally_openstack.cleanup.manager [-] Deleting neutron.network object s_rally_8f58f9ff_tZGH3gMs (3c46cb53-48aa-4abc-ae06-10109a993fe9)
2019-12-02 01:21:32.853 15 RALLYDEBUG rally_openstack.cleanup.manager [-] Deleting neutron.network object s_rally_8f58f9ff_5V4mdjjN (56774fbc-e900-45c7-a72c-010c6fd019ce)
2019-12-02 01:21:34.167 15 RALLYDEBUG rally_openstack.cleanup.manager [-] Deleting neutron.network object s_rally_8f58f9ff_xmNnqJFd (5da0fd86-c482-42b8-9cbc-3764f92ed52b)
2019-12-02 01:21:34.233 15 RALLYDEBUG rally_openstack.cleanup.manager [-] Deleting neutron.network object s_rally_8f58f9ff_4rzisxQM (60990c65-ec5c-4126-a148-bd33da56dee2)
2019-12-02 01:21:34.283 15 RALLYDEBUG rally_openstack.cleanup.manager [-] Deleting neutron.network object s_rally_8f58f9ff_5YKDw0B8 (7254298e-952f-4cc0-be0e-3685bcd8def0)
2019-12-02 01:21:34.428 15 RALLYDEBUG rally_openstack.cleanup.manager [-] Deleting neutron.network object s_rally_8f58f9ff_LBuODb3d (8d4011bb-4703-4bb3-ae0d-ae37d0988bcd)
2019-12-02 01:21:34.505 15 RALLYDEBUG rally_openstack.cleanup.manager [-] Deleting neutron.network object s_rally_8f58f9ff_YPy6xS9b (95c9e230-2818-4325-89ec-b222856dcbea)
2019-12-02 01:21:38.661 15 RALLYDEBUG rally_openstack.cleanup.manager [-] Deleting neutron.network object s_rally_8f58f9ff_SFjfkzq7 (961320ad-72e4-43ad-a9a2-e821e64b43d6)
2019-12-02 01:21:38.669 15 RALLYDEBUG rally_openstack.cleanup.manager [-] Deleting neutron.network object s_rally_8f58f9ff_FNllSn4B (964e47e4-feb6-41e8-8708-c25dd4811160)
2019-12-02 01:21:38.674 15 RALLYDEBUG rally_openstack.cleanup.manager [-] Deleting neutron.network object s_rally_8f58f9ff_84zHphZF (9948c8be-7cd1-45fc-bd97-97054b7e7f96)
2019-12-02 01:21:38.679 15 RALLYDEBUG rally_openstack.cleanup.manager [-] Deleting neutron.network object s_rally_8f58f9ff_r9a22R8s (9bcea2aa-22da-486f-8019-8c323b1fe45e)
2019-12-02 01:21:38.731 15 RALLYDEBUG rally_openstack.cleanup.manager [-] Deleting neutron.network object s_rally_8f58f9ff_xr18ILGK (9e14338d-d31f-4596-86fd-8779cdf0c28c)
2019-12-02 01:21:40.504 15 RALLYDEBUG rally_openstack.cleanup.manager [-] Deleting neutron.network object s_rally_8f58f9ff_fwDYUYYj (ab8204c1-754f-4a7d-b899-2265ab19c7a4)
2019-12-02 01:21:40.655 15 RALLYDEBUG rally_openstack.cleanup.manager [-] Deleting neutron.network object s_rally_8f58f9ff_x1WLEPd4 (b700c4b4-5ec4-4d5f-bff8-b025dce11a96)
2019-12-02 01:21:41.061 15 RALLYDEBUG rally_openstack.cleanup.manager [-] Deleting neutron.network object s_rally_8f58f9ff_nHF23NE5 (d65046d6-00fd-4147-9872-5d521df5a5f9)
2019-12-02 01:21:41.065 15 RALLYDEBUG rally_openstack.cleanup.manager [-] Deleting neutron.network object s_rally_8f58f9ff_XDoqj8jz (d948f615-c714-46f3-a363-360eaaa422ee)
2019-12-02 01:21:41.116 15 RALLYDEBUG rally_openstack.cleanup.manager [-] Deleting neutron.network object s_rally_8f58f9ff_WTpNJf3c (dac64282-a256-4121-bea4-b968e82a921b)
2019-12-02 01:21:41.902 15 RALLYDEBUG rally_openstack.cleanup.manager [-] Deleting neutron.network object s_rally_8f58f9ff_gjnPqwuy (dc718986-0e7d-4c27-8584-8b2cc17e047d)
2019-12-02 01:21:43.152 15 RALLYDEBUG rally_openstack.cleanup.manager [-] Deleting neutron.network object s_rally_8f58f9ff_RoZbuNPW (e22f3287-0f03-4afc-8886-7f265d76e391)
2019-12-02 01:21:44.069 15 RALLYDEBUG rally_openstack.cleanup.manager [-] Deleting neutron.network object s_rally_8f58f9ff_disJA5E3 (e63ba53f-511c-4858-93f6-f8569795fce2)
2019-12-02 01:21:44.122 15 RALLYDEBUG rally_openstack.cleanup.manager [-] Deleting neutron.network object s_rally_8f58f9ff_2ljeo43a (f7a00fcd-8e55-4ab2-a2b5-ecc2dcff6a94)
2019-12-02 01:21:51.808 15 RALLYDEBUG rally_openstack.cleanup.manager [-] Cleaning up neutron router objects
2019-12-02 01:21:52.035 15 RALLYDEBUG rally_openstack.cleanup.manager [-] Cleaning up neutron security_group objects
2019-12-02 01:21:52.298 15 INFO rally.task.context [-] Task c6103430-c09a-432d-a4ca-44564a0a3d94 | Context cleanup@openstack cleanup() finished in 26.53 sec
2019-12-02 01:21:52.299 15 INFO rally.task.context [-] Task c6103430-c09a-432d-a4ca-44564a0a3d94 | Context quotas@openstack cleanup() started
2019-12-02 01:21:52.346 15 INFO rally.task.context [-] Task c6103430-c09a-432d-a4ca-44564a0a3d94 | Context quotas@openstack cleanup() finished in 47.12 msec
2019-12-02 01:21:52.347 15 INFO rally.task.context [-] Task c6103430-c09a-432d-a4ca-44564a0a3d94 | Context users@openstack cleanup() started
2019-12-02 01:21:53.818 15 INFO rally.task.context [-] Task c6103430-c09a-432d-a4ca-44564a0a3d94 | Context users@openstack cleanup() finished in 1.47 sec
2019-12-02 01:21:55.456 15 INFO rally.task.engine [-] Load duration is: 67.783994
2019-12-02 01:21:55.456 15 INFO rally.task.engine [-] Full runner duration is: 67.839918
2019-12-02 01:21:55.456 15 INFO rally.task.engine [-] Full duration is: 96.816164
2019-12-02 01:21:55.976 15 INFO rally.task.engine [-] Running workload: position = 0 config = { "version": 2, "title": "A cropped version of a bigger task.", "description": "Auto-generated task from a single workload (uuid=71c95638-61f5-4bec-90d8-417a9af085ca)", "subtasks": [ { "title": "NeutronNetworks.create_and_list_routers", "description": "Create and a given number of routers and list all routers.", "scenario": { "NeutronNetworks.create_and_list_routers": { "network_create_args": null, "subnet_create_args": null, "subnet_cidr_start": "1.1.0.0/30", "subnets_per_network": 2, "router_create_args": null } }, "contexts": { "users": { "tenants": 1, "users_per_tenant": 1 }, "quotas": { "neutron": { "network": -1, "subnet": -1, "router": -1 } } }, "runner": { "constant": { "times": 40, "concurrency": 20 } }, "hooks": [], "sla": { "failure_rate": { "max": 0 } } } ] }
2019-12-02 01:21:56.001 15 RALLYDEBUG rally_openstack.contexts.keystone.users [-] Creating 1 tenants using 20 threads
2019-12-02 01:21:56.282 15 RALLYDEBUG rally_openstack.contexts.keystone.users [-] Creating 1 users using 20 threads
2019-12-02 01:21:56.652 15 INFO rally.task.context [-] Task c6103430-c09a-432d-a4ca-44564a0a3d94 | Context users@openstack setup() finished in 0.65 sec
2019-12-02 01:21:56.977 15 INFO rally.task.context [-] Task c6103430-c09a-432d-a4ca-44564a0a3d94 | Context quotas@openstack setup() finished in 0.32 sec
2019-12-02 01:21:56.978 15 INFO rally.task.context [-] Task c6103430-c09a-432d-a4ca-44564a0a3d94 | Context cleanup@openstack setup() finished in 0.00 msec
2019-12-02 01:21:56.987 15 RALLYDEBUG rally.task.runner [-] Starting the constant runner (task UUID: c6103430-c09a-432d-a4ca-44564a0a3d94). timeout: 0 concurrency: 20 concurrency_per_worker: 1 times: 40 concurrency_overhead: 0 processes_to_start: 20 max_cpu_used: 88
2019-12-02 01:21:57.001 2671 RALLYDEBUG rally.task.runner [-] Starting a worker. concurrency: 1 args: {"network_create_args": null, "subnet_create_args": null, "subnet_cidr_start": "1.1.0.0/30", "subnets_per_network": 2, "router_create_args": null} times: 40 method_name: run timeout: 0 duration: None cls:
2019-12-02 01:21:57.004 2672 RALLYDEBUG rally.task.runner [-] Starting a worker. concurrency: 1 args: {"network_create_args": null, "subnet_create_args": null, "subnet_cidr_start": "1.1.0.0/30", "subnets_per_network": 2, "router_create_args": null} times: 40 method_name: run timeout: 0 duration: None cls:
2019-12-02 01:21:57.007 2673 RALLYDEBUG rally.task.runner [-] Starting a worker. concurrency: 1 args: {"network_create_args": null, "subnet_create_args": null, "subnet_cidr_start": "1.1.0.0/30", "subnets_per_network": 2, "router_create_args": null} times: 40 method_name: run timeout: 0 duration: None cls:
2019-12-02 01:21:57.008 2671 INFO rally.task.runner [-] Task c6103430-c09a-432d-a4ca-44564a0a3d94 | ITER: 1 START
2019-12-02 01:21:57.010 2672 INFO rally.task.runner [-] Task c6103430-c09a-432d-a4ca-44564a0a3d94 | ITER: 2 START
2019-12-02 01:21:57.013 2673 INFO rally.task.runner [-] Task c6103430-c09a-432d-a4ca-44564a0a3d94 | ITER: 3 START
2019-12-02 01:21:57.015 2674 RALLYDEBUG rally.task.runner [-] Starting a worker. concurrency: 1 args: {"network_create_args": null, "subnet_create_args": null, "subnet_cidr_start": "1.1.0.0/30", "subnets_per_network": 2, "router_create_args": null} times: 40 method_name: run timeout: 0 duration: None cls:
2019-12-02 01:21:57.015 2676 RALLYDEBUG rally.task.runner [-] Starting a worker. concurrency: 1 args: {"network_create_args": null, "subnet_create_args": null, "subnet_cidr_start": "1.1.0.0/30", "subnets_per_network": 2, "router_create_args": null} times: 40 method_name: run timeout: 0 duration: None cls:
2019-12-02 01:21:57.018 2680 RALLYDEBUG rally.task.runner [-] Starting a worker. concurrency: 1 args: {"network_create_args": null, "subnet_create_args": null, "subnet_cidr_start": "1.1.0.0/30", "subnets_per_network": 2, "router_create_args": null} times: 40 method_name: run timeout: 0 duration: None cls:
2019-12-02 01:21:57.021 2674 INFO rally.task.runner [-] Task c6103430-c09a-432d-a4ca-44564a0a3d94 | ITER: 4 START
2019-12-02 01:21:57.021 2683 RALLYDEBUG rally.task.runner [-] Starting a worker. concurrency: 1 args: {"network_create_args": null, "subnet_create_args": null, "subnet_cidr_start": "1.1.0.0/30", "subnets_per_network": 2, "router_create_args": null} times: 40 method_name: run timeout: 0 duration: None cls:
2019-12-02 01:21:57.024 2680 INFO rally.task.runner [-] Task c6103430-c09a-432d-a4ca-44564a0a3d94 | ITER: 6 START
2019-12-02 01:21:57.024 2684 RALLYDEBUG rally.task.runner [-] Starting a worker. concurrency: 1 args: {"network_create_args": null, "subnet_create_args": null, "subnet_cidr_start": "1.1.0.0/30", "subnets_per_network": 2, "router_create_args": null} times: 40 method_name: run timeout: 0 duration: None cls:
2019-12-02 01:21:57.025 2676 INFO rally.task.runner [-] Task c6103430-c09a-432d-a4ca-44564a0a3d94 | ITER: 5 START
2019-12-02 01:21:57.027 2683 INFO rally.task.runner [-] Task c6103430-c09a-432d-a4ca-44564a0a3d94 | ITER: 7 START
2019-12-02 01:21:57.027 2686 RALLYDEBUG rally.task.runner [-] Starting a worker. concurrency: 1 args: {"network_create_args": null, "subnet_create_args": null, "subnet_cidr_start": "1.1.0.0/30", "subnets_per_network": 2, "router_create_args": null} times: 40 method_name: run timeout: 0 duration: None cls:
2019-12-02 01:21:57.030 2684 INFO rally.task.runner [-] Task c6103430-c09a-432d-a4ca-44564a0a3d94 | ITER: 8 START
2019-12-02 01:21:57.030 2689 RALLYDEBUG rally.task.runner [-] Starting a worker. concurrency: 1 args: {"network_create_args": null, "subnet_create_args": null, "subnet_cidr_start": "1.1.0.0/30", "subnets_per_network": 2, "router_create_args": null} times: 40 method_name: run timeout: 0 duration: None cls:
2019-12-02 01:21:57.032 2686 INFO rally.task.runner [-] Task c6103430-c09a-432d-a4ca-44564a0a3d94 | ITER: 9 START
2019-12-02 01:21:57.033 2694 RALLYDEBUG rally.task.runner [-] Starting a worker. concurrency: 1 args: {"network_create_args": null, "subnet_create_args": null, "subnet_cidr_start": "1.1.0.0/30", "subnets_per_network": 2, "router_create_args": null} times: 40 method_name: run timeout: 0 duration: None cls:
2019-12-02 01:21:57.036 2689 INFO rally.task.runner [-] Task c6103430-c09a-432d-a4ca-44564a0a3d94 | ITER: 10 START
2019-12-02 01:21:57.037 2698 RALLYDEBUG rally.task.runner [-] Starting a worker. concurrency: 1 args: {"network_create_args": null, "subnet_create_args": null, "subnet_cidr_start": "1.1.0.0/30", "subnets_per_network": 2, "router_create_args": null} times: 40 method_name: run timeout: 0 duration: None cls:
2019-12-02 01:21:57.038 2694 INFO rally.task.runner [-] Task c6103430-c09a-432d-a4ca-44564a0a3d94 | ITER: 11 START
2019-12-02 01:21:57.040 2701 RALLYDEBUG rally.task.runner [-] Starting a worker. concurrency: 1 args: {"network_create_args": null, "subnet_create_args": null, "subnet_cidr_start": "1.1.0.0/30", "subnets_per_network": 2, "router_create_args": null} times: 40 method_name: run timeout: 0 duration: None cls:
2019-12-02 01:21:57.043 2698 INFO rally.task.runner [-] Task c6103430-c09a-432d-a4ca-44564a0a3d94 | ITER: 12 START
2019-12-02 01:21:57.043 2704 RALLYDEBUG rally.task.runner [-] Starting a worker. concurrency: 1 args: {"network_create_args": null, "subnet_create_args": null, "subnet_cidr_start": "1.1.0.0/30", "subnets_per_network": 2, "router_create_args": null} times: 40 method_name: run timeout: 0 duration: None cls:
2019-12-02 01:21:57.046 2701 INFO rally.task.runner [-] Task c6103430-c09a-432d-a4ca-44564a0a3d94 | ITER: 13 START
2019-12-02 01:21:57.048 2704 INFO rally.task.runner [-] Task c6103430-c09a-432d-a4ca-44564a0a3d94 | ITER: 14 START
2019-12-02 01:21:57.047 2707 RALLYDEBUG rally.task.runner [-] Starting a worker. concurrency: 1 args: {"network_create_args": null, "subnet_create_args": null, "subnet_cidr_start": "1.1.0.0/30", "subnets_per_network": 2, "router_create_args": null} times: 40 method_name: run timeout: 0 duration: None cls:
