2019-12-02 01:11:01.762 6 RALLYDEBUG rally.api [-] INFO logs from urllib3 and requests module are hide.
2019-12-02 01:11:01.762 6 RALLYDEBUG rally.api [-] urllib3 insecure warnings are hidden.
2019-12-02 01:11:01.763 6 RALLYDEBUG rally.api [-] ERROR log from boto module is hide.
2019-12-02 01:11:03.400 6 ERROR rally.cli.cliutils [-] Unexpected exception in CLI: DBRecordNotFound: Record for uuid or name is opnfv-rally not found in table envs
2019-12-02 01:11:03.400 6 ERROR rally.cli.cliutils
Traceback (most recent call last):
2019-12-02 01:11:03.400 6 ERROR rally.cli.cliutils
File "/usr/lib/python2.7/site-packages/rally/cli/cliutils.py", line 674, in run
2019-12-02 01:11:03.400 6 ERROR rally.cli.cliutils ret = fn(*fn_args, **fn_kwargs)
2019-12-02 01:11:03.400 6 ERROR rally.cli.cliutils File "", line 2, in destroy
2019-12-02 01:11:03.400 6 ERROR rally.cli.cliutils
File "/usr/lib/python2.7/site-packages/rally/cli/envutils.py", line 68, in default_from_global
2019-12-02 01:11:03.400 6 ERROR rally.cli.cliutils return f(*args, **kwargs)
2019-12-02 01:11:03.400 6 ERROR rally.cli.cliutils File "", line 2, in destroy
2019-12-02 01:11:03.400 6 ERROR rally.cli.cliutils
File "/usr/lib/python2.7/site-packages/rally/plugins/__init__.py", line 51, in ensure_plugins_are_loaded
2019-12-02 01:11:03.400 6 ERROR rally.cli.cliutils return f(*args, **kwargs)
2019-12-02 01:11:03.400 6 ERROR rally.cli.cliutils
File "/usr/lib/python2.7/site-packages/rally/cli/commands/deployment.py", line 157, in destroy
2019-12-02 01:11:03.400 6 ERROR rally.cli.cliutils api.deployment.destroy(deployment=deployment)
2019-12-02 01:11:03.400 6 ERROR rally.cli.cliutils
File "/usr/lib/python2.7/site-packages/rally/api.py", line 115, in destroy
2019-12-02 01:11:03.400 6 ERROR rally.cli.cliutils deploy = objects.Deployment.get(deployment)
2019-12-02 01:11:03.400 6 ERROR rally.cli.cliutils
File "/usr/lib/python2.7/site-packages/rally/common/objects/deploy.py", line 124, in get
2019-12-02 01:11:03.400 6 ERROR rally.cli.cliutils return Deployment(env_mgr.EnvManager.get(deploy))
2019-12-02 01:11:03.400 6 ERROR rally.cli.cliutils
File "/usr/lib/python2.7/site-packages/rally/env/env_mgr.py", line 212, in get
2019-12-02 01:11:03.400 6 ERROR rally.cli.cliutils return cls(db.env_get(uuid_or_name))
2019-12-02 01:11:03.400 6 ERROR rally.cli.cliutils
File "/usr/lib/python2.7/site-packages/rally/common/db/api.py", line 135, in wrapper
2019-12-02 01:11:03.400 6 ERROR rally.cli.cliutils result = f(session, *args, **kwargs)
2019-12-02 01:11:03.400 6 ERROR rally.cli.cliutils
File "/usr/lib/python2.7/site-packages/rally/common/db/api.py", line 521, in env_get
2019-12-02 01:11:03.400 6 ERROR rally.cli.cliutils criteria="uuid or name is %s" % uuid_or_name, table="envs")
2019-12-02 01:11:03.400 6 ERROR rally.cli.cliutils DBRecordNotFound: Record for uuid or name is opnfv-rally not found in table envs
2019-12-02 01:11:03.400 6 ERROR rally.cli.cliutils
2019-12-02 01:11:04.361 8 RALLYDEBUG rally.api [-] INFO logs from urllib3 and requests module are hide.
2019-12-02 01:11:04.361 8 RALLYDEBUG rally.api [-] urllib3 insecure warnings are hidden.
2019-12-02 01:11:04.361 8 RALLYDEBUG rally.api [-] ERROR log from boto module is hide.
2019-12-02 01:11:06.996 10 RALLYDEBUG rally.api [-] INFO logs from urllib3 and requests module are hide.
2019-12-02 01:11:06.996 10 RALLYDEBUG rally.api [-] urllib3 insecure warnings are hidden.
2019-12-02 01:11:06.996 10 RALLYDEBUG rally.api [-] ERROR log from boto module is hide.
2019-12-02 01:11:09.679 13 RALLYDEBUG rally.api [-] INFO logs from urllib3 and requests module are hide.
2019-12-02 01:11:09.679 13 RALLYDEBUG rally.api [-] urllib3 insecure warnings are hidden.
2019-12-02 01:11:09.679 13 RALLYDEBUG rally.api [-] ERROR log from boto module is hide.
2019-12-02 01:11:11.280 15 RALLYDEBUG rally.api [-] INFO logs from urllib3 and requests module are hide.
2019-12-02 01:11:11.280 15 RALLYDEBUG rally.api [-] urllib3 insecure warnings are hidden.
2019-12-02 01:11:11.280 15 RALLYDEBUG rally.api [-] ERROR log from boto module is hide.
2019-12-02 01:11:12.629 15 INFO rally.common.plugin.discover [-] Loading plugins from directories /root/.rally/plugins/*
2019-12-02 01:11:12.629 15 INFO rally.common.plugin.discover [-] Loaded module with plugins: /root/.rally/plugins/__init__.py
2019-12-02 01:11:12.631 15 INFO rally.common.plugin.discover [-] Loaded module with plugins: /root/.rally/plugins/trunk_scenario.py
2019-12-02 01:11:12.913 15 INFO rally.task.engine [-] Task c6103430-c09a-432d-a4ca-44564a0a3d94 | Starting: Task validation.
2019-12-02 01:11:12.970 15 INFO rally.task.engine [-] Task c6103430-c09a-432d-a4ca-44564a0a3d94 | Starting: Task validation of syntax.
2019-12-02 01:11:13.193 15 INFO rally.task.engine [-] Task c6103430-c09a-432d-a4ca-44564a0a3d94 | Completed: Task validation of syntax.
2019-12-02 01:11:13.193 15 INFO rally.task.engine [-] Task c6103430-c09a-432d-a4ca-44564a0a3d94 | Starting: Task validation of required platforms.
2019-12-02 01:11:13.261 15 INFO rally.task.engine [-] Task c6103430-c09a-432d-a4ca-44564a0a3d94 | Completed: Task validation of required platforms.
2019-12-02 01:11:13.261 15 INFO rally.task.engine [-] Task c6103430-c09a-432d-a4ca-44564a0a3d94 | Starting: Task validation of semantic.
2019-12-02 01:11:13.261 15 INFO rally.task.engine [-] Check health of the environment '7843bee4-49cc-41cf-a381-e43522e5986e'.
2019-12-02 01:11:13.644 15 INFO rally.task.engine [-] Platform existing@openstack (available: True): OK!
2019-12-02 01:11:13.666 15 RALLYDEBUG rally_openstack.contexts.keystone.users [-] Creating 1 tenants using 20 threads
2019-12-02 01:11:13.902 15 RALLYDEBUG rally_openstack.contexts.keystone.users [-] Creating 1 users using 20 threads
2019-12-02 01:11:14.268 15 INFO rally.task.context [-] Task c6103430-c09a-432d-a4ca-44564a0a3d94 | Context users@openstack setup() finished in 0.60 sec
2019-12-02 01:11:15.504 15 INFO rally.task.context [-] Task c6103430-c09a-432d-a4ca-44564a0a3d94 | Context users@openstack cleanup() started
2019-12-02 01:11:16.914 15 INFO rally.task.context [-] Task c6103430-c09a-432d-a4ca-44564a0a3d94 | Context users@openstack cleanup() finished in 1.41 sec
2019-12-02 01:11:16.914 15 INFO rally.task.engine [-] Task c6103430-c09a-432d-a4ca-44564a0a3d94 | Completed: Task validation of semantic.
2019-12-02 01:11:16.915 15 INFO rally.task.engine [-] Task c6103430-c09a-432d-a4ca-44564a0a3d94 | Completed: Task validation.
2019-12-02 01:11:16.915 15 INFO rally.api [-] Task c6103430-c09a-432d-a4ca-44564a0a3d94 input file is valid.
2019-12-02 01:11:16.915 15 INFO rally.api [-] Run Task c6103430-c09a-432d-a4ca-44564a0a3d94 against Deployment 7843bee4-49cc-41cf-a381-e43522e5986e
2019-12-02 01:11:16.916 15 INFO rally.task.engine [-] Task c6103430-c09a-432d-a4ca-44564a0a3d94 | Starting: Running task.
2019-12-02 01:11:17.121 15 INFO rally.task.engine [-] Running workload: position = 0 config = { "version": 2, "title": "A cropped version of a bigger task.", "description": "Auto-generated task from a single workload (uuid=b7993a90-a927-4886-9804-bbd0590867be)", "subtasks": [ { "title": "NeutronNetworks.create_and_list_networks", "description": "Check performance of list_networks action and ensure > network quotas are not exceeded", "scenario": { "NeutronNetworks.create_and_list_networks": {} }, "contexts": { "users": { "tenants": 1, "users_per_tenant": 1 }, "quotas": { "neutron": { "network": 119 } } }, "runner": { "constant": { "times": 100, "concurrency": 20 } }, "hooks": [], "sla": { "max_avg_duration_per_atomic": { "neutron.list_networks": 15 }, "failure_rate": { "max": 0 } } } ] }
2019-12-02 01:11:17.146 15 RALLYDEBUG rally_openstack.contexts.keystone.users [-] Creating 1 tenants using 20 threads
2019-12-02 01:11:17.446 15 RALLYDEBUG rally_openstack.contexts.keystone.users [-] Creating 1 users using 20 threads
2019-12-02 01:11:17.793 15 INFO rally.task.context [-] Task c6103430-c09a-432d-a4ca-44564a0a3d94 | Context users@openstack setup() finished in 0.65 sec
2019-12-02 01:11:18.109 15 INFO rally.task.context [-] Task c6103430-c09a-432d-a4ca-44564a0a3d94 | Context quotas@openstack setup() finished in 0.32 sec
2019-12-02 01:11:18.110 15 INFO rally.task.context [-] Task c6103430-c09a-432d-a4ca-44564a0a3d94 | Context cleanup@openstack setup() finished in 0.02 msec
2019-12-02 01:11:18.119 15 RALLYDEBUG rally.task.runner [-] Starting the constant runner (task UUID: c6103430-c09a-432d-a4ca-44564a0a3d94). timeout: 0 concurrency: 20 concurrency_per_worker: 1 times: 100 concurrency_overhead: 0 processes_to_start: 20 max_cpu_used: 88
2019-12-02 01:11:18.130 139 RALLYDEBUG rally.task.runner [-] Starting a worker. concurrency: 1 args: {} times: 100 method_name: run timeout: 0 duration: None cls:
2019-12-02 01:11:18.137 139 INFO rally.task.runner [-] Task c6103430-c09a-432d-a4ca-44564a0a3d94 | ITER: 1 START
2019-12-02 01:11:18.136 141 RALLYDEBUG rally.task.runner [-] Starting a worker. concurrency: 1 args: {} times: 100 method_name: run timeout: 0 duration: None cls:
2019-12-02 01:11:18.139 142 RALLYDEBUG rally.task.runner [-] Starting a worker. concurrency: 1 args: {} times: 100 method_name: run timeout: 0 duration: None cls:
2019-12-02 01:11:18.141 140 RALLYDEBUG rally.task.runner [-] Starting a worker. concurrency: 1 args: {} times: 100 method_name: run timeout: 0 duration: None cls:
2019-12-02 01:11:18.142 141 INFO rally.task.runner [-] Task c6103430-c09a-432d-a4ca-44564a0a3d94 | ITER: 2 START
2019-12-02 01:11:18.143 145 RALLYDEBUG rally.task.runner [-] Starting a worker. concurrency: 1 args: {} times: 100 method_name: run timeout: 0 duration: None cls:
2019-12-02 01:11:18.145 142 INFO rally.task.runner [-] Task c6103430-c09a-432d-a4ca-44564a0a3d94 | ITER: 3 START
2019-12-02 01:11:18.146 140 INFO rally.task.runner [-] Task c6103430-c09a-432d-a4ca-44564a0a3d94 | ITER: 4 START
2019-12-02 01:11:18.148 148 RALLYDEBUG rally.task.runner [-] Starting a worker. concurrency: 1 args: {} times: 100 method_name: run timeout: 0 duration: None cls:
2019-12-02 01:11:18.151 152 RALLYDEBUG rally.task.runner [-] Starting a worker. concurrency: 1 args: {} times: 100 method_name: run timeout: 0 duration: None cls:
2019-12-02 01:11:18.154 145 INFO rally.task.runner [-] Task c6103430-c09a-432d-a4ca-44564a0a3d94 | ITER: 5 START
2019-12-02 01:11:18.154 155 RALLYDEBUG rally.task.runner [-] Starting a worker. concurrency: 1 args: {} times: 100 method_name: run timeout: 0 duration: None cls:
2019-12-02 01:11:18.156 148 INFO rally.task.runner [-] Task c6103430-c09a-432d-a4ca-44564a0a3d94 | ITER: 6 START
2019-12-02 01:11:18.157 156 RALLYDEBUG rally.task.runner [-] Starting a worker. concurrency: 1 args: {} times: 100 method_name: run timeout: 0 duration: None cls:
2019-12-02 01:11:18.161 152 INFO rally.task.runner [-] Task c6103430-c09a-432d-a4ca-44564a0a3d94 | ITER: 7 START
2019-12-02 01:11:18.161 160 RALLYDEBUG rally.task.runner [-] Starting a worker. concurrency: 1 args: {} times: 100 method_name: run timeout: 0 duration: None cls:
2019-12-02 01:11:18.163 156 INFO rally.task.runner [-] Task c6103430-c09a-432d-a4ca-44564a0a3d94 | ITER: 9 START
2019-12-02 01:11:18.164 162 RALLYDEBUG rally.task.runner [-] Starting a worker. concurrency: 1 args: {} times: 100 method_name: run timeout: 0 duration: None cls:
2019-12-02 01:11:18.165 155 INFO rally.task.runner [-] Task c6103430-c09a-432d-a4ca-44564a0a3d94 | ITER: 8 START
2019-12-02 01:11:18.169 165 RALLYDEBUG rally.task.runner [-] Starting a worker. concurrency: 1 args: {} times: 100 method_name: run timeout: 0 duration: None cls:
2019-12-02 01:11:18.170 162 INFO rally.task.runner [-] Task c6103430-c09a-432d-a4ca-44564a0a3d94 | ITER: 11 START
2019-12-02 01:11:18.170 160 INFO rally.task.runner [-] Task c6103430-c09a-432d-a4ca-44564a0a3d94 | ITER: 10 START
2019-12-02 01:11:18.170 169 RALLYDEBUG rally.task.runner [-] Starting a worker. concurrency: 1 args: {} times: 100 method_name: run timeout: 0 duration: None cls:
2019-12-02 01:11:18.173 171 RALLYDEBUG rally.task.runner [-] Starting a worker. concurrency: 1 args: {} times: 100 method_name: run timeout: 0 duration: None cls:
2019-12-02 01:11:18.177 175 RALLYDEBUG rally.task.runner [-] Starting a worker. concurrency: 1 args: {} times: 100 method_name: run timeout: 0 duration: None cls:
2019-12-02 01:11:18.178 165 INFO rally.task.runner [-] Task c6103430-c09a-432d-a4ca-44564a0a3d94 | ITER: 12 START
2019-12-02 01:11:18.180 178 RALLYDEBUG rally.task.runner [-] Starting a worker. concurrency: 1 args: {} times: 100 method_name: run timeout: 0 duration: None cls:
2019-12-02 01:11:18.182 175 INFO rally.task.runner [-] Task c6103430-c09a-432d-a4ca-44564a0a3d94 | ITER: 15 START
2019-12-02 01:11:18.183 169 INFO rally.task.runner [-] Task c6103430-c09a-432d-a4ca-44564a0a3d94 | ITER: 13 START
2019-12-02 01:11:18.183 181 RALLYDEBUG rally.task.runner [-] Starting a worker. concurrency: 1 args: {} times: 100 method_name: run timeout: 0 duration: None cls:
2019-12-02 01:11:18.185 178 INFO rally.task.runner [-] Task c6103430-c09a-432d-a4ca-44564a0a3d94 | ITER: 16 START
2019-12-02 01:11:18.185 183 RALLYDEBUG rally.task.runner [-] Starting a worker. concurrency: 1 args: {} times: 100 method_name: run timeout: 0 duration: None cls:
2019-12-02 01:11:18.188 186 RALLYDEBUG rally.task.runner [-] Starting a worker. concurrency: 1 args: {} times: 100 method_name: run timeout: 0 duration: None cls:
2019-12-02 01:11:18.191 171 INFO rally.task.runner [-] Task c6103430-c09a-432d-a4ca-44564a0a3d94 | ITER: 14 START
2019-12-02 01:11:18.191 183 INFO rally.task.runner [-] Task c6103430-c09a-432d-a4ca-44564a0a3d94 | ITER: 18 START
2019-12-02 01:11:18.192 181 INFO rally.task.runner [-] Task c6103430-c09a-432d-a4ca-44564a0a3d94 | ITER: 17 START
2019-12-02 01:11:18.192 189 RALLYDEBUG rally.task.runner [-] Starting a worker. concurrency: 1 args: {} times: 100 method_name: run timeout: 0 duration: None cls:
2019-12-02 01:11:18.193 186 INFO rally.task.runner [-] Task c6103430-c09a-432d-a4ca-44564a0a3d94 | ITER: 19 START
2019-12-02 01:11:18.196 189 INFO rally.task.runner [-] Task c6103430-c09a-432d-a4ca-44564a0a3d94 | ITER: 20 START
2019-12-02 01:11:19.168 142 INFO rally.task.runner [-] Task c6103430-c09a-432d-a4ca-44564a0a3d94 | ITER: 3 END: OK
2019-12-02 01:11:19.173 142 INFO rally.task.runner [-] Task c6103430-c09a-432d-a4ca-44564a0a3d94 | ITER: 21 START
2019-12-02 01:11:20.042 141 INFO rally.task.runner [-] Task c6103430-c09a-432d-a4ca-44564a0a3d94 | ITER: 2 END: OK
2019-12-02 01:11:20.047 141 INFO rally.task.runner [-] Task c6103430-c09a-432d-a4ca-44564a0a3d94 | ITER: 22 START
2019-12-02 01:11:21.457 178 INFO rally.task.runner [-] Task c6103430-c09a-432d-a4ca-44564a0a3d94 | ITER: 16 END: OK
2019-12-02 01:11:21.462 178 INFO rally.task.runner [-] Task c6103430-c09a-432d-a4ca-44564a0a3d94 | ITER: 23 START
2019-12-02 01:11:22.501 140 INFO rally.task.runner [-] Task c6103430-c09a-432d-a4ca-44564a0a3d94 | ITER: 4 END: OK
2019-12-02 01:11:22.506 140 INFO rally.task.runner [-] Task c6103430-c09a-432d-a4ca-44564a0a3d94 | ITER: 24 START
2019-12-02 01:11:22.806 169 INFO rally.task.runner [-] Task c6103430-c09a-432d-a4ca-44564a0a3d94 | ITER: 13 END: OK
2019-12-02 01:11:22.811 169 INFO rally.task.runner [-] Task c6103430-c09a-432d-a4ca-44564a0a3d94 | ITER: 25 START
2019-12-02 01:11:22.855 162 INFO rally.task.runner [-] Task c6103430-c09a-432d-a4ca-44564a0a3d94 | ITER: 11 END: OK
2019-12-02 01:11:22.859 162 INFO rally.task.runner [-] Task c6103430-c09a-432d-a4ca-44564a0a3d94 | ITER: 26 START
2019-12-02 01:11:22.867 171 INFO rally.task.runner [-] Task c6103430-c09a-432d-a4ca-44564a0a3d94 | ITER: 14 END: OK
2019-12-02 01:11:22.872 171 INFO rally.task.runner [-] Task c6103430-c09a-432d-a4ca-44564a0a3d94 | ITER: 27 START
2019-12-02 01:11:23.004 189 INFO rally.task.runner [-] Task c6103430-c09a-432d-a4ca-44564a0a3d94 | ITER: 20 END: OK
2019-12-02 01:11:23.009 189 INFO rally.task.runner [-] Task c6103430-c09a-432d-a4ca-44564a0a3d94 | ITER: 28 START
2019-12-02 01:11:23.159 152 INFO rally.task.runner [-] Task c6103430-c09a-432d-a4ca-44564a0a3d94 | ITER: 7 END: OK
2019-12-02 01:11:23.164 152 INFO rally.task.runner [-] Task c6103430-c09a-432d-a4ca-44564a0a3d94 | ITER: 29 START
2019-12-02 01:11:23.167 156 INFO rally.task.runner [-] Task c6103430-c09a-432d-a4ca-44564a0a3d94 | ITER: 9 END: OK
2019-12-02 01:11:23.172 156 INFO rally.task.runner [-] Task c6103430-c09a-432d-a4ca-44564a0a3d94 | ITER: 30 START
2019-12-02 01:11:23.389 145 INFO rally.task.runner [-] Task c6103430-c09a-432d-a4ca-44564a0a3d94 | ITER: 5 END: OK
2019-12-02 01:11:23.394 145 INFO rally.task.runner [-] Task c6103430-c09a-432d-a4ca-44564a0a3d94 | ITER: 31 START
2019-12-02 01:11:23.408 155 INFO rally.task.runner [-] Task c6103430-c09a-432d-a4ca-44564a0a3d94 | ITER: 8 END: OK
2019-12-02 01:11:23.413 155 INFO rally.task.runner [-] Task c6103430-c09a-432d-a4ca-44564a0a3d94 | ITER: 32 START
2019-12-02 01:11:23.456 175 INFO rally.task.runner [-] Task c6103430-c09a-432d-a4ca-44564a0a3d94 | ITER: 15 END: OK
2019-12-02 01:11:23.461 175 INFO rally.task.runner [-] Task c6103430-c09a-432d-a4ca-44564a0a3d94 | ITER: 33 START
2019-12-02 01:11:23.572 148 INFO rally.task.runner [-] Task c6103430-c09a-432d-a4ca-44564a0a3d94 | ITER: 6 END: OK
2019-12-02 01:11:23.576 148 INFO rally.task.runner [-] Task c6103430-c09a-432d-a4ca-44564a0a3d94 | ITER: 34 START
2019-12-02 01:11:23.582 165 INFO rally.task.runner [-] Task c6103430-c09a-432d-a4ca-44564a0a3d94 | ITER: 12 END: OK
2019-12-02 01:11:23.587 165 INFO rally.task.runner [-] Task c6103430-c09a-432d-a4ca-44564a0a3d94 | ITER: 35 START
2019-12-02 01:11:23.630 160 INFO rally.task.runner [-] Task c6103430-c09a-432d-a4ca-44564a0a3d94 | ITER: 10 END: OK
2019-12-02 01:11:23.634 160 INFO rally.task.runner [-] Task c6103430-c09a-432d-a4ca-44564a0a3d94 | ITER: 36 START
2019-12-02 01:11:23.729 139 INFO rally.task.runner [-] Task c6103430-c09a-432d-a4ca-44564a0a3d94 | ITER: 1 END: OK
2019-12-02 01:11:23.734 139 INFO rally.task.runner [-] Task c6103430-c09a-432d-a4ca-44564a0a3d94 | ITER: 37 START
2019-12-02 01:11:23.928 142 INFO rally.task.runner [-] Task c6103430-c09a-432d-a4ca-44564a0a3d94 | ITER: 21 END: OK
2019-12-02 01:11:23.932 142 INFO rally.task.runner [-] Task c6103430-c09a-432d-a4ca-44564a0a3d94 | ITER: 38 START
2019-12-02 01:11:24.189 181 INFO rally.task.runner [-] Task c6103430-c09a-432d-a4ca-44564a0a3d94 | ITER: 17 END: OK
2019-12-02 01:11:24.194 181 INFO rally.task.runner [-] Task c6103430-c09a-432d-a4ca-44564a0a3d94 | ITER: 39 START
2019-12-02 01:11:24.526 186 INFO rally.task.runner [-] Task c6103430-c09a-432d-a4ca-44564a0a3d94 | ITER: 19 END: OK
2019-12-02 01:11:24.531 186 INFO rally.task.runner [-] Task c6103430-c09a-432d-a4ca-44564a0a3d94 | ITER: 40 START
2019-12-02 01:11:24.744 141 INFO rally.task.runner [-] Task c6103430-c09a-432d-a4ca-44564a0a3d94 | ITER: 22 END: OK
2019-12-02 01:11:24.748 141 INFO rally.task.runner [-] Task c6103430-c09a-432d-a4ca-44564a0a3d94 | ITER: 41 START
2019-12-02 01:11:25.436 183 INFO rally.task.runner [-] Task c6103430-c09a-432d-a4ca-44564a0a3d94 | ITER: 18 END: OK
2019-12-02 01:11:25.441 183 INFO rally.task.runner [-] Task c6103430-c09a-432d-a4ca-44564a0a3d94 | ITER: 42 START
2019-12-02 01:11:26.681 171 INFO rally.task.runner [-] Task c6103430-c09a-432d-a4ca-44564a0a3d94 | ITER: 27 END: OK
2019-12-02 01:11:26.685 171 INFO rally.task.runner [-] Task c6103430-c09a-432d-a4ca-44564a0a3d94 | ITER: 43 START
2019-12-02 01:11:26.740 169 INFO rally.task.runner [-] Task c6103430-c09a-432d-a4ca-44564a0a3d94 | ITER: 25 END: OK
2019-12-02 01:11:26.743 169 INFO rally.task.runner [-] Task c6103430-c09a-432d-a4ca-44564a0a3d94 | ITER: 44 START
2019-12-02 01:11:27.169 189 INFO rally.task.runner [-] Task c6103430-c09a-432d-a4ca-44564a0a3d94 | ITER: 28 END: OK
2019-12-02 01:11:27.172 189 INFO rally.task.runner [-] Task c6103430-c09a-432d-a4ca-44564a0a3d94 | ITER: 45 START
2019-12-02 01:11:27.224 175 INFO rally.task.runner [-] Task c6103430-c09a-432d-a4ca-44564a0a3d94 | ITER: 33 END: OK
2019-12-02 01:11:27.228 175 INFO rally.task.runner [-] Task c6103430-c09a-432d-a4ca-44564a0a3d94 | ITER: 46 START
2019-12-02 01:11:27.325 178 INFO rally.task.runner [-] Task c6103430-c09a-432d-a4ca-44564a0a3d94 | ITER: 23 END: OK
2019-12-02 01:11:27.329 178 INFO rally.task.runner [-] Task c6103430-c09a-432d-a4ca-44564a0a3d94 | ITER: 47 START
2019-12-02 01:11:27.706 160 INFO rally.task.runner [-] Task c6103430-c09a-432d-a4ca-44564a0a3d94 | ITER: 36 END: OK
2019-12-02 01:11:27.710 160 INFO rally.task.runner [-] Task c6103430-c09a-432d-a4ca-44564a0a3d94 | ITER: 48 START
2019-12-02 01:11:29.156 145 INFO rally.task.runner [-] Task c6103430-c09a-432d-a4ca-44564a0a3d94 | ITER: 31 END: OK
2019-12-02 01:11:29.157 141 INFO rally.task.runner [-] Task c6103430-c09a-432d-a4ca-44564a0a3d94 | ITER: 41 END: OK
2019-12-02 01:11:29.159 145 INFO rally.task.runner [-] Task c6103430-c09a-432d-a4ca-44564a0a3d94 | ITER: 49 START
2019-12-02 01:11:29.161 141 INFO rally.task.runner [-] Task c6103430-c09a-432d-a4ca-44564a0a3d94 | ITER: 50 START
2019-12-02 01:11:29.166 171 INFO rally.task.runner [-] Task c6103430-c09a-432d-a4ca-44564a0a3d94 | ITER: 43 END: OK
2019-12-02 01:11:29.167 140 INFO rally.task.runner [-] Task c6103430-c09a-432d-a4ca-44564a0a3d94 | ITER: 24 END: OK
2019-12-02 01:11:29.170 171 INFO rally.task.runner [-] Task c6103430-c09a-432d-a4ca-44564a0a3d94 | ITER: 51 START
2019-12-02 01:11:29.171 140 INFO rally.task.runner [-] Task c6103430-c09a-432d-a4ca-44564a0a3d94 | ITER: 52 START
2019-12-02 01:11:29.177 186 INFO rally.task.runner [-] Task c6103430-c09a-432d-a4ca-44564a0a3d94 | ITER: 40 END: OK
2019-12-02 01:11:29.180 186 INFO rally.task.runner [-] Task c6103430-c09a-432d-a4ca-44564a0a3d94 | ITER: 53 START
2019-12-02 01:11:29.193 152 INFO rally.task.runner [-] Task c6103430-c09a-432d-a4ca-44564a0a3d94 | ITER: 29 END: OK
2019-12-02 01:11:29.197 152 INFO rally.task.runner [-] Task c6103430-c09a-432d-a4ca-44564a0a3d94 | ITER: 54 START
2019-12-02 01:11:29.261 162 INFO rally.task.runner [-] Task c6103430-c09a-432d-a4ca-44564a0a3d94 | ITER: 26 END: OK
2019-12-02 01:11:29.265 162 INFO rally.task.runner [-] Task c6103430-c09a-432d-a4ca-44564a0a3d94 | ITER: 55 START
2019-12-02 01:11:29.274 156 INFO rally.task.runner [-] Task c6103430-c09a-432d-a4ca-44564a0a3d94 | ITER: 30 END: OK
2019-12-02 01:11:29.277 156 INFO rally.task.runner [-] Task c6103430-c09a-432d-a4ca-44564a0a3d94 | ITER: 56 START
2019-12-02 01:11:29.444 155 INFO rally.task.runner [-] Task c6103430-c09a-432d-a4ca-44564a0a3d94 | ITER: 32 END: OK
2019-12-02 01:11:29.448 155 INFO rally.task.runner [-] Task c6103430-c09a-432d-a4ca-44564a0a3d94 | ITER: 57 START
2019-12-02 01:11:29.691 148 INFO rally.task.runner [-] Task c6103430-c09a-432d-a4ca-44564a0a3d94 | ITER: 34 END: OK
2019-12-02 01:11:29.694 148 INFO rally.task.runner [-] Task c6103430-c09a-432d-a4ca-44564a0a3d94 | ITER: 58 START
2019-12-02 01:11:30.672 139 INFO rally.task.runner [-] Task c6103430-c09a-432d-a4ca-44564a0a3d94 | ITER: 37 END: OK
2019-12-02 01:11:30.675 139 INFO rally.task.runner [-] Task c6103430-c09a-432d-a4ca-44564a0a3d94 | ITER: 59 START
2019-12-02 01:11:30.703 181 INFO rally.task.runner [-] Task c6103430-c09a-432d-a4ca-44564a0a3d94 | ITER: 39 END: OK
2019-12-02 01:11:30.707 181 INFO rally.task.runner [-] Task c6103430-c09a-432d-a4ca-44564a0a3d94 | ITER: 60 START
2019-12-02 01:11:31.062 183 INFO rally.task.runner [-] Task c6103430-c09a-432d-a4ca-44564a0a3d94 | ITER: 42 END: OK
2019-12-02 01:11:31.065 183 INFO rally.task.runner [-] Task c6103430-c09a-432d-a4ca-44564a0a3d94 | ITER: 61 START
2019-12-02 01:11:31.717 165 INFO rally.task.runner [-] Task c6103430-c09a-432d-a4ca-44564a0a3d94 | ITER: 35 END: OK
2019-12-02 01:11:31.720 165 INFO rally.task.runner [-] Task c6103430-c09a-432d-a4ca-44564a0a3d94 | ITER: 62 START
2019-12-02 01:11:31.722 142 INFO rally.task.runner [-] Task c6103430-c09a-432d-a4ca-44564a0a3d94 | ITER: 38 END: OK
2019-12-02 01:11:31.725 142 INFO rally.task.runner [-] Task c6103430-c09a-432d-a4ca-44564a0a3d94 | ITER: 63 START
2019-12-02 01:11:31.814 189 INFO rally.task.runner [-] Task c6103430-c09a-432d-a4ca-44564a0a3d94 | ITER: 45 END: OK
2019-12-02 01:11:31.817 189 INFO rally.task.runner [-] Task c6103430-c09a-432d-a4ca-44564a0a3d94 | ITER: 64 START
2019-12-02 01:11:31.996 169 INFO rally.task.runner [-] Task c6103430-c09a-432d-a4ca-44564a0a3d94 | ITER: 44 END: OK
2019-12-02 01:11:32.000 169 INFO rally.task.runner [-] Task c6103430-c09a-432d-a4ca-44564a0a3d94 | ITER: 65 START
2019-12-02 01:11:34.092 155 INFO rally.task.runner [-] Task c6103430-c09a-432d-a4ca-44564a0a3d94 | ITER: 57 END: OK
2019-12-02 01:11:34.096 155 INFO rally.task.runner [-] Task c6103430-c09a-432d-a4ca-44564a0a3d94 | ITER: 66 START
2019-12-02 01:11:34.466 175 INFO rally.task.runner [-] Task c6103430-c09a-432d-a4ca-44564a0a3d94 | ITER: 46 END: OK
2019-12-02 01:11:34.470 175 INFO rally.task.runner [-] Task c6103430-c09a-432d-a4ca-44564a0a3d94 | ITER: 67 START
2019-12-02 01:11:34.480 178 INFO rally.task.runner [-] Task c6103430-c09a-432d-a4ca-44564a0a3d94 | ITER: 47 END: OK
2019-12-02 01:11:34.483 178 INFO rally.task.runner [-] Task c6103430-c09a-432d-a4ca-44564a0a3d94 | ITER: 68 START
2019-12-02 01:11:34.517 141 INFO rally.task.runner [-] Task c6103430-c09a-432d-a4ca-44564a0a3d94 | ITER: 50 END: OK
2019-12-02 01:11:34.521 141 INFO rally.task.runner [-] Task c6103430-c09a-432d-a4ca-44564a0a3d94 | ITER: 69 START
2019-12-02 01:11:34.561 160 INFO rally.task.runner [-] Task c6103430-c09a-432d-a4ca-44564a0a3d94 | ITER: 48 END: OK
2019-12-02 01:11:34.565 160 INFO rally.task.runner [-] Task c6103430-c09a-432d-a4ca-44564a0a3d94 | ITER: 70 START
2019-12-02 01:11:34.568 171 INFO rally.task.runner [-] Task c6103430-c09a-432d-a4ca-44564a0a3d94 | ITER: 51 END: OK
2019-12-02 01:11:34.572 171 INFO rally.task.runner [-] Task c6103430-c09a-432d-a4ca-44564a0a3d94 | ITER: 71 START
2019-12-02 01:11:34.666 152 INFO rally.task.runner [-] Task c6103430-c09a-432d-a4ca-44564a0a3d94 | ITER: 54 END: OK
2019-12-02 01:11:34.670 152 INFO rally.task.runner [-] Task c6103430-c09a-432d-a4ca-44564a0a3d94 | ITER: 72 START
2019-12-02 01:11:34.727 145 INFO rally.task.runner [-] Task c6103430-c09a-432d-a4ca-44564a0a3d94 | ITER: 49 END: OK
2019-12-02 01:11:34.731 145 INFO rally.task.runner [-] Task c6103430-c09a-432d-a4ca-44564a0a3d94 | ITER: 73 START
2019-12-02 01:11:34.739 140 INFO rally.task.runner [-] Task c6103430-c09a-432d-a4ca-44564a0a3d94 | ITER: 52 END: OK
2019-12-02 01:11:34.743 140 INFO rally.task.runner [-] Task c6103430-c09a-432d-a4ca-44564a0a3d94 | ITER: 74 START
2019-12-02 01:11:35.500 156 INFO rally.task.runner [-] Task c6103430-c09a-432d-a4ca-44564a0a3d94 | ITER: 56 END: OK
2019-12-02 01:11:35.504 156 INFO rally.task.runner [-] Task c6103430-c09a-432d-a4ca-44564a0a3d94 | ITER: 75 START
2019-12-02 01:11:35.798 162 INFO rally.task.runner [-] Task c6103430-c09a-432d-a4ca-44564a0a3d94 | ITER: 55 END: OK
2019-12-02 01:11:35.801 162 INFO rally.task.runner [-] Task c6103430-c09a-432d-a4ca-44564a0a3d94 | ITER: 76 START
2019-12-02 01:11:36.480 186 INFO rally.task.runner [-] Task c6103430-c09a-432d-a4ca-44564a0a3d94 | ITER: 53 END: OK
2019-12-02 01:11:36.484 186 INFO rally.task.runner [-] Task c6103430-c09a-432d-a4ca-44564a0a3d94 | ITER: 77 START
2019-12-02 01:11:36.485 169 INFO rally.task.runner [-] Task c6103430-c09a-432d-a4ca-44564a0a3d94 | ITER: 65 END: OK
2019-12-02 01:11:36.489 169 INFO rally.task.runner [-] Task c6103430-c09a-432d-a4ca-44564a0a3d94 | ITER: 78 START
2019-12-02 01:11:36.827 148 INFO rally.task.runner [-] Task c6103430-c09a-432d-a4ca-44564a0a3d94 | ITER: 58 END: OK
2019-12-02 01:11:36.831 148 INFO rally.task.runner [-] Task c6103430-c09a-432d-a4ca-44564a0a3d94 | ITER: 79 START
2019-12-02 01:11:36.875 139 INFO rally.task.runner [-] Task c6103430-c09a-432d-a4ca-44564a0a3d94 | ITER: 59 END: OK
2019-12-02 01:11:36.879 139 INFO rally.task.runner [-] Task c6103430-c09a-432d-a4ca-44564a0a3d94 | ITER: 80 START
2019-12-02 01:11:37.198 181 INFO rally.task.runner [-] Task c6103430-c09a-432d-a4ca-44564a0a3d94 | ITER: 60 END: OK
2019-12-02 01:11:37.201 181 INFO rally.task.runner [-] Task c6103430-c09a-432d-a4ca-44564a0a3d94 | ITER: 81 START
2019-12-02 01:11:37.595 189 INFO rally.task.runner [-] Task c6103430-c09a-432d-a4ca-44564a0a3d94 | ITER: 64 END: OK
2019-12-02 01:11:37.599 189 INFO rally.task.runner [-] Task c6103430-c09a-432d-a4ca-44564a0a3d94 | ITER: 82 START
2019-12-02 01:11:39.213 183 INFO rally.task.runner [-] Task c6103430-c09a-432d-a4ca-44564a0a3d94 | ITER: 61 END: OK
2019-12-02 01:11:39.217 183 INFO rally.task.runner [-] Task c6103430-c09a-432d-a4ca-44564a0a3d94 | ITER: 83 START
2019-12-02 01:11:39.615 165 INFO rally.task.runner [-] Task c6103430-c09a-432d-a4ca-44564a0a3d94 | ITER: 62 END: OK
2019-12-02 01:11:39.618 165 INFO rally.task.runner [-] Task c6103430-c09a-432d-a4ca-44564a0a3d94 | ITER: 84 START
2019-12-02 01:11:39.680 145 INFO rally.task.runner [-] Task c6103430-c09a-432d-a4ca-44564a0a3d94 | ITER: 73 END: OK
2019-12-02 01:11:39.683 145 INFO rally.task.runner [-] Task c6103430-c09a-432d-a4ca-44564a0a3d94 | ITER: 85 START
2019-12-02 01:11:40.277 155 INFO rally.task.runner [-] Task c6103430-c09a-432d-a4ca-44564a0a3d94 | ITER: 66 END: OK
2019-12-02 01:11:40.281 155 INFO rally.task.runner [-] Task c6103430-c09a-432d-a4ca-44564a0a3d94 | ITER: 86 START
2019-12-02 01:11:40.285 141 INFO rally.task.runner [-] Task c6103430-c09a-432d-a4ca-44564a0a3d94 | ITER: 69 END: OK
2019-12-02 01:11:40.288 141 INFO rally.task.runner [-] Task c6103430-c09a-432d-a4ca-44564a0a3d94 | ITER: 87 START
2019-12-02 01:11:40.347 162 INFO rally.task.runner [-] Task c6103430-c09a-432d-a4ca-44564a0a3d94 | ITER: 76 END: OK
2019-12-02 01:11:40.350 162 INFO rally.task.runner [-] Task c6103430-c09a-432d-a4ca-44564a0a3d94 | ITER: 88 START
2019-12-02 01:11:40.501 160 INFO rally.task.runner [-] Task c6103430-c09a-432d-a4ca-44564a0a3d94 | ITER: 70 END: OK
2019-12-02 01:11:40.505 160 INFO rally.task.runner [-] Task c6103430-c09a-432d-a4ca-44564a0a3d94 | ITER: 89 START
2019-12-02 01:11:40.710 178 INFO rally.task.runner [-] Task c6103430-c09a-432d-a4ca-44564a0a3d94 | ITER: 68 END: OK
2019-12-02 01:11:40.714 178 INFO rally.task.runner [-] Task c6103430-c09a-432d-a4ca-44564a0a3d94 | ITER: 90 START
2019-12-02 01:11:40.718 175 INFO rally.task.runner [-] Task c6103430-c09a-432d-a4ca-44564a0a3d94 | ITER: 67 END: OK
2019-12-02 01:11:40.721 175 INFO rally.task.runner [-] Task c6103430-c09a-432d-a4ca-44564a0a3d94 | ITER: 91 START
2019-12-02 01:11:40.778 169 INFO rally.task.runner [-] Task c6103430-c09a-432d-a4ca-44564a0a3d94 | ITER: 78 END: OK
2019-12-02 01:11:40.782 169 INFO rally.task.runner [-] Task c6103430-c09a-432d-a4ca-44564a0a3d94 | ITER: 92 START
2019-12-02 01:11:40.977 171 INFO rally.task.runner [-] Task c6103430-c09a-432d-a4ca-44564a0a3d94 | ITER: 71 END: OK
2019-12-02 01:11:40.980 171 INFO rally.task.runner [-] Task c6103430-c09a-432d-a4ca-44564a0a3d94 | ITER: 93 START
2019-12-02 01:11:41.002 152 INFO rally.task.runner [-] Task c6103430-c09a-432d-a4ca-44564a0a3d94 | ITER: 72 END: OK
2019-12-02 01:11:41.006 152 INFO rally.task.runner [-] Task c6103430-c09a-432d-a4ca-44564a0a3d94 | ITER: 94 START
2019-12-02 01:11:41.045 142 INFO rally.task.runner [-] Task c6103430-c09a-432d-a4ca-44564a0a3d94 | ITER: 63 END: OK
2019-12-02 01:11:41.048 142 INFO rally.task.runner [-] Task c6103430-c09a-432d-a4ca-44564a0a3d94 | ITER: 95 START
2019-12-02 01:11:41.841 156 INFO rally.task.runner [-] Task c6103430-c09a-432d-a4ca-44564a0a3d94 | ITER: 75 END: OK
2019-12-02 01:11:41.845 156 INFO rally.task.runner [-] Task c6103430-c09a-432d-a4ca-44564a0a3d94 | ITER: 96 START
2019-12-02 01:11:41.862 186 INFO rally.task.runner [-] Task c6103430-c09a-432d-a4ca-44564a0a3d94 | ITER: 77 END: OK
2019-12-02 01:11:41.865 186 INFO rally.task.runner [-] Task c6103430-c09a-432d-a4ca-44564a0a3d94 | ITER: 97 START
2019-12-02 01:11:42.371 140 INFO rally.task.runner [-] Task c6103430-c09a-432d-a4ca-44564a0a3d94 | ITER: 74 END: OK
2019-12-02 01:11:42.375 140 INFO rally.task.runner [-] Task c6103430-c09a-432d-a4ca-44564a0a3d94 | ITER: 98 START
2019-12-02 01:11:43.180 189 INFO rally.task.runner [-] Task c6103430-c09a-432d-a4ca-44564a0a3d94 | ITER: 82 END: OK
2019-12-02 01:11:43.183 189 INFO rally.task.runner [-] Task c6103430-c09a-432d-a4ca-44564a0a3d94 | ITER: 99 START
2019-12-02 01:11:44.059 181 INFO rally.task.runner [-] Task c6103430-c09a-432d-a4ca-44564a0a3d94 | ITER: 81 END: OK
2019-12-02 01:11:44.062 181 INFO rally.task.runner [-] Task c6103430-c09a-432d-a4ca-44564a0a3d94 | ITER: 100 START
2019-12-02 01:11:44.756 178 INFO rally.task.runner [-] Task c6103430-c09a-432d-a4ca-44564a0a3d94 | ITER: 90 END: OK
2019-12-02 01:11:45.358 139 INFO rally.task.runner [-] Task c6103430-c09a-432d-a4ca-44564a0a3d94 | ITER: 80 END: OK
2019-12-02 01:11:45.370 148 INFO rally.task.runner [-] Task c6103430-c09a-432d-a4ca-44564a0a3d94 | ITER: 79 END: OK
2019-12-02 01:11:45.772 141 INFO rally.task.runner [-] Task c6103430-c09a-432d-a4ca-44564a0a3d94 | ITER: 87 END: OK
2019-12-02 01:11:45.870 155 INFO rally.task.runner [-] Task c6103430-c09a-432d-a4ca-44564a0a3d94 | ITER: 86 END: OK
2019-12-02 01:11:45.947 165 INFO rally.task.runner [-] Task c6103430-c09a-432d-a4ca-44564a0a3d94 | ITER: 84 END: OK
2019-12-02 01:11:46.115 183 INFO rally.task.runner [-] Task c6103430-c09a-432d-a4ca-44564a0a3d94 | ITER: 83 END: OK
2019-12-02 01:11:46.303 169 INFO rally.task.runner [-] Task c6103430-c09a-432d-a4ca-44564a0a3d94 | ITER: 92 END: OK
2019-12-02 01:11:46.620 145 INFO rally.task.runner [-] Task c6103430-c09a-432d-a4ca-44564a0a3d94 | ITER: 85 END: OK
2019-12-02 01:11:47.544 171 INFO rally.task.runner [-] Task c6103430-c09a-432d-a4ca-44564a0a3d94 | ITER: 93 END: OK
2019-12-02 01:11:47.856 142 INFO rally.task.runner [-] Task c6103430-c09a-432d-a4ca-44564a0a3d94 | ITER: 95 END: OK
2019-12-02 01:11:47.863 162 INFO rally.task.runner [-] Task c6103430-c09a-432d-a4ca-44564a0a3d94 | ITER: 88 END: OK
2019-12-02 01:11:48.079 160 INFO rally.task.runner [-] Task c6103430-c09a-432d-a4ca-44564a0a3d94 | ITER: 89 END: OK
2019-12-02 01:11:48.793 189 INFO rally.task.runner [-] Task c6103430-c09a-432d-a4ca-44564a0a3d94 | ITER: 99 END: OK
2019-12-02 01:11:48.796 140 INFO rally.task.runner [-] Task c6103430-c09a-432d-a4ca-44564a0a3d94 | ITER: 98 END: OK
2019-12-02 01:11:48.801 181 INFO rally.task.runner [-] Task c6103430-c09a-432d-a4ca-44564a0a3d94 | ITER: 100 END: OK
2019-12-02 01:11:49.156 175 INFO rally.task.runner [-] Task c6103430-c09a-432d-a4ca-44564a0a3d94 | ITER: 91 END: OK
2019-12-02 01:11:49.347 152 INFO rally.task.runner [-] Task c6103430-c09a-432d-a4ca-44564a0a3d94 | ITER: 94 END: OK
2019-12-02 01:11:49.693 156 INFO rally.task.runner [-] Task c6103430-c09a-432d-a4ca-44564a0a3d94 | ITER: 96 END: OK
2019-12-02 01:11:50.036 186 INFO rally.task.runner [-] Task c6103430-c09a-432d-a4ca-44564a0a3d94 | ITER: 97 END: OK
2019-12-02 01:11:50.062 15 INFO rally.task.context [-] Task c6103430-c09a-432d-a4ca-44564a0a3d94 | Context cleanup@openstack cleanup() started
2019-12-02 01:11:50.065 15 RALLYDEBUG rally_openstack.cleanup.manager [-] Cleaning up neutron vip objects
2019-12-02 01:11:50.251 15 RALLYDEBUG rally_openstack.cleanup.manager [-] Cleaning up neutron health_monitor objects
2019-12-02 01:11:50.442 15 RALLYDEBUG rally_openstack.cleanup.manager [-] Cleaning up neutron pool objects
2019-12-02 01:11:50.626 15 RALLYDEBUG rally_openstack.cleanup.manager [-] Cleaning up neutron loadbalancer objects
2019-12-02 01:11:50.824 15 RALLYDEBUG rally_openstack.cleanup.manager [-] Cleaning up neutron floatingip objects
2019-12-02 01:11:51.010 15 RALLYDEBUG rally_openstack.cleanup.manager [-] Cleaning up neutron trunk objects
2019-12-02 01:11:51.170 15 DEBUG neutronclient.v2_0.client [-] Error message: {"message": "The resource could not be found.

\n\n\n", "code": "404 Not Found", "title": "Not Found"} _handle_fault_response /usr/lib/python2.7/site-packages/neutronclient/v2_0/client.py:259
2019-12-02 01:11:51.182 15 RALLYDEBUG rally_openstack.cleanup.manager [-] Cleaning up neutron port objects
2019-12-02 01:11:51.409 15 RALLYDEBUG rally_openstack.cleanup.manager [-] Cleaning up neutron subnet objects
2019-12-02 01:11:51.604 15 RALLYDEBUG rally_openstack.cleanup.manager [-] Cleaning up neutron network objects
2019-12-02 01:11:52.194 15 RALLYDEBUG rally_openstack.cleanup.manager [-] Deleting neutron.network object s_rally_b7993a90_iMhFk8jr (0a50efd8-5821-4fc4-9961-c1ccaca2960b)
2019-12-02 01:11:52.199 15 RALLYDEBUG rally_openstack.cleanup.manager [-] Deleting neutron.network object s_rally_b7993a90_dwCi0Jeb (110583ee-d581-43e0-a489-dd9967b7ec2e)
2019-12-02 01:11:52.200 15 RALLYDEBUG rally_openstack.cleanup.manager [-] Deleting neutron.network object s_rally_b7993a90_yUh3OnyG (0811052d-e128-44fc-8330-194584cdaa1b)
2019-12-02 01:11:52.195 15 RALLYDEBUG rally_openstack.cleanup.manager [-] Deleting neutron.network object s_rally_b7993a90_X9oTcRUS (037c1c23-2d85-46f0-9d34-750fc1ec20a9)
2019-12-02 01:11:52.207 15 RALLYDEBUG rally_openstack.cleanup.manager [-] Deleting neutron.network object s_rally_b7993a90_i4SOXiq3 (11de5869-ac2b-40aa-a4d0-da5356604b0a)
2019-12-02 01:11:52.212 15 RALLYDEBUG rally_openstack.cleanup.manager [-] Deleting neutron.network object s_rally_b7993a90_pqMGNv1b (070ec27e-f642-485f-84d5-fe5ff5fe5f55)
2019-12-02 01:11:52.221 15 RALLYDEBUG rally_openstack.cleanup.manager [-] Deleting neutron.network object s_rally_b7993a90_Cnj7QgG1 (14cdab09-949e-4b72-beb3-d4c6e2cc762b)
2019-12-02 01:11:52.247 15 RALLYDEBUG rally_openstack.cleanup.manager [-] Deleting neutron.network object s_rally_b7993a90_BSX7uTNk (0ccb91ef-5d48-498b-a35b-917a74d6ffde)
2019-12-02 01:11:52.265 15 RALLYDEBUG rally_openstack.cleanup.manager [-] Deleting neutron.network object s_rally_b7993a90_OceHzis9 (17f3506a-3fd4-4738-bae3-e2410704d6b2)
2019-12-02 01:11:52.280 15 RALLYDEBUG rally_openstack.cleanup.manager [-] Deleting neutron.network object s_rally_b7993a90_BVVwJ0CH (170c202a-9087-4386-ab66-02dbbb96bd21)
2019-12-02 01:11:52.290 15 RALLYDEBUG rally_openstack.cleanup.manager [-] Deleting neutron.network object s_rally_b7993a90_gxg1ooWA (1f7a830a-8c46-49a7-b9b4-da478d065660)
2019-12-02 01:11:52.313 15 RALLYDEBUG rally_openstack.cleanup.manager [-] Deleting neutron.network object s_rally_b7993a90_uN4sEA1u (24b193af-1af9-43c7-8c04-d45f3010be42)
2019-12-02 01:11:52.340 15 RALLYDEBUG rally_openstack.cleanup.manager [-] Deleting neutron.network object s_rally_b7993a90_wA8uJyQb (1dfb854f-dd65-47ad-a3e1-b221c67c2df3)
2019-12-02 01:11:52.365 15 RALLYDEBUG rally_openstack.cleanup.manager [-] Deleting neutron.network object s_rally_b7993a90_5SwxMcFc (384b714f-09f8-4ea7-9a38-ef2373cc484f)
2019-12-02 01:11:52.366 15 RALLYDEBUG rally_openstack.cleanup.manager [-] Deleting neutron.network object s_rally_b7993a90_xQjCc51B (2103f86e-800b-41a1-9394-c9461307cf95)
2019-12-02 01:11:52.376 15 RALLYDEBUG rally_openstack.cleanup.manager [-] Deleting neutron.network object s_rally_b7993a90_FRRdlqZi (2d19be0d-34b5-40c3-86b1-132ce7ff2246)
2019-12-02 01:11:52.375 15 RALLYDEBUG rally_openstack.cleanup.manager [-] Deleting neutron.network object s_rally_b7993a90_uZQYPukW (30fe7bc4-2c03-494f-a610-64cdeaedb22c)
2019-12-02 01:11:52.390 15 RALLYDEBUG rally_openstack.cleanup.manager [-] Deleting neutron.network object s_rally_b7993a90_NnhfusA4 (2dc0b9d6-a4f0-4064-82c3-84690fde0e21)
2019-12-02 01:11:52.434 15 RALLYDEBUG rally_openstack.cleanup.manager [-] Deleting neutron.network object s_rally_b7993a90_sphBV2MX (3481c8c2-3282-45d4-a2fc-4d933446eef6)
2019-12-02 01:11:52.438 15 RALLYDEBUG rally_openstack.cleanup.manager [-] Deleting neutron.network object s_rally_b7993a90_t24y5lWP (367b3136-61e7-40a6-a561-d424fd33864f)
2019-12-02 01:11:56.304 15 RALLYDEBUG rally_openstack.cleanup.manager [-] Deleting neutron.network object s_rally_b7993a90_ZnpJIKpr (39b1e6e3-e614-4c06-a07e-1c13e7961147)
2019-12-02 01:11:58.834 15 RALLYDEBUG rally_openstack.cleanup.manager [-] Deleting neutron.network object s_rally_b7993a90_4Ft99vTV (3d9017a1-f54b-4d4e-bdef-9ab1af6828fc)
2019-12-02 01:11:58.899 15 RALLYDEBUG rally_openstack.cleanup.manager [-] Deleting neutron.network object s_rally_b7993a90_kDWieY9U (4382b543-15ba-4fb6-acab-3dbe6efb9fe7)
2019-12-02 01:11:58.909 15 RALLYDEBUG rally_openstack.cleanup.manager [-] Deleting neutron.network object s_rally_b7993a90_SSOW7nSE (438e3af4-9a9b-4663-809c-23c9949f8473)
2019-12-02 01:11:59.386 15 RALLYDEBUG rally_openstack.cleanup.manager [-] Deleting neutron.network object s_rally_b7993a90_uRuBOA6u (45cb8978-eb8e-4c93-ae25-b8d852feab5a)
2019-12-02 01:11:59.394 15 RALLYDEBUG rally_openstack.cleanup.manager [-] Deleting neutron.network object s_rally_b7993a90_UZISDtpO (487f60d5-0584-4798-ab59-55b8053996e8)
2019-12-02 01:11:59.421 15 RALLYDEBUG rally_openstack.cleanup.manager [-] Deleting neutron.network object s_rally_b7993a90_0DJ2fysw (4a715648-03e1-47d0-bc18-0dc9044084f6)
2019-12-02 01:11:59.569 15 RALLYDEBUG rally_openstack.cleanup.manager [-] Deleting neutron.network object s_rally_b7993a90_DfAZblo5 (5009d51e-ffe0-4b4d-9b11-ca36f42eb0f2)
2019-12-02 01:11:59.704 15 RALLYDEBUG rally_openstack.cleanup.manager [-] Deleting neutron.network object s_rally_b7993a90_EmSH3ps7 (51e7fb1e-14bb-48fa-b84f-5277d92a9290)
2019-12-02 01:11:59.734 15 RALLYDEBUG rally_openstack.cleanup.manager [-] Deleting neutron.network object s_rally_b7993a90_4g2703UF (555318ad-a11c-47c0-a548-2320b90be13c)
2019-12-02 01:11:59.743 15 RALLYDEBUG rally_openstack.cleanup.manager [-] Deleting neutron.network object s_rally_b7993a90_TT04v4Ej (57e32e26-2e45-47f9-9049-18c95a56c98e)
2019-12-02 01:12:00.369 15 RALLYDEBUG rally_openstack.cleanup.manager [-] Deleting neutron.network object s_rally_b7993a90_ofcvLf3o (5afc1d42-71b0-4c38-a440-5f29ea51b9bf)
2019-12-02 01:12:00.401 15 RALLYDEBUG rally_openstack.cleanup.manager [-] Deleting neutron.network object s_rally_b7993a90_wnfOy7e9 (5d20c42a-c072-4d42-9f78-32c2e054d224)
2019-12-02 01:12:00.412 15 RALLYDEBUG rally_openstack.cleanup.manager [-] Deleting neutron.network object s_rally_b7993a90_s8INxhKH (5fe110d8-8e30-479e-bd07-6be6f90b3277)
2019-12-02 01:12:00.433 15 RALLYDEBUG rally_openstack.cleanup.manager [-] Deleting neutron.network object s_rally_b7993a90_g0aAC0HL (65fcca72-9fb5-439d-af22-84d8c12c095b)
2019-12-02 01:12:00.583 15 RALLYDEBUG rally_openstack.cleanup.manager [-] Deleting neutron.network object s_rally_b7993a90_yGkKdYau (6812372f-0999-4491-8bda-6ecf9589e65d)
2019-12-02 01:12:00.585 15 RALLYDEBUG rally_openstack.cleanup.manager [-] Deleting neutron.network object s_rally_b7993a90_OuRCBnbD (6654ac44-31a9-4b10-8380-d02449fc9dda)
2019-12-02 01:12:00.599 15 RALLYDEBUG rally_openstack.cleanup.manager [-] Deleting neutron.network object s_rally_b7993a90_bmsWoXeR (69d0ed3f-3e8e-4fe1-8330-02f8d795c722)
2019-12-02 01:12:00.632 15 RALLYDEBUG rally_openstack.cleanup.manager [-] Deleting neutron.network object s_rally_b7993a90_XBP31LtZ (6a37fa8b-3bf5-4193-b3c6-28526b907a1f)
2019-12-02 01:12:00.678 15 RALLYDEBUG rally_openstack.cleanup.manager [-] Deleting neutron.network object s_rally_b7993a90_LksydjA9 (6a4c42d7-058c-41b5-b009-cf3f574d9a6f)
2019-12-02 01:12:01.007 15 RALLYDEBUG rally_openstack.cleanup.manager [-] Deleting neutron.network object s_rally_b7993a90_EkA3xNXw (6aa69352-d5f2-47fc-a477-99a07fb5eff4)
2019-12-02 01:12:03.503 15 RALLYDEBUG rally_openstack.cleanup.manager [-] Deleting neutron.network object s_rally_b7993a90_k96OOR6H (6da0d240-61fd-4ec9-aaec-7282b0c4ec3d)
2019-12-02 01:12:03.546 15 RALLYDEBUG rally_openstack.cleanup.manager [-] Deleting neutron.network object s_rally_b7993a90_t4HSzVrr (6fbb567a-fde3-4246-8334-8401bad3441d)
2019-12-02 01:12:04.155 15 RALLYDEBUG rally_openstack.cleanup.manager [-] Deleting neutron.network object s_rally_b7993a90_jIe5gSLL (71393015-4aa7-43bd-bb0a-49d5d0ebfa7a)
2019-12-02 01:12:04.208 15 RALLYDEBUG rally_openstack.cleanup.manager [-] Deleting neutron.network object s_rally_b7993a90_d1JzZ4ud (7650e392-1ca8-4c5b-9f94-41d335b3fdf9)
2019-12-02 01:12:04.644 15 RALLYDEBUG rally_openstack.cleanup.manager [-] Deleting neutron.network object s_rally_b7993a90_7mJngXbe (7698a0fa-8c05-41b9-9dee-e617011a3282)
2019-12-02 01:12:05.774 15 RALLYDEBUG rally_openstack.cleanup.manager [-] Deleting neutron.network object s_rally_b7993a90_lIeQLRfd (7a87b85e-82f3-4f3c-a2f9-f29b0125a673)
2019-12-02 01:12:06.182 15 RALLYDEBUG rally_openstack.cleanup.manager [-] Deleting neutron.network object s_rally_b7993a90_tmW3DwaB (7d1da00c-de2b-4132-aed9-b09a692f73ac)
2019-12-02 01:12:06.211 15 RALLYDEBUG rally_openstack.cleanup.manager [-] Deleting neutron.network object s_rally_b7993a90_7SnsCM45 (7d6d940a-87d7-4a59-93b6-06925bf1cc3f)
2019-12-02 01:12:06.394 15 RALLYDEBUG rally_openstack.cleanup.manager [-] Deleting neutron.network object s_rally_b7993a90_P7cDrjLG (7def6525-ba93-4a2c-a175-a4c4b55f7822)
2019-12-02 01:12:06.525 15 RALLYDEBUG rally_openstack.cleanup.manager [-] Deleting neutron.network object s_rally_b7993a90_DXmUX5lq (7fd1e947-7c65-4df9-9d75-2cf9ffcf4ad4)
2019-12-02 01:12:06.568 15 RALLYDEBUG rally_openstack.cleanup.manager [-] Deleting neutron.network object s_rally_b7993a90_nM4CCIUh (80a4ae88-51a0-4bd7-9d19-5d306ad5444b)
2019-12-02 01:12:06.865 15 RALLYDEBUG rally_openstack.cleanup.manager [-] Deleting neutron.network object s_rally_b7993a90_9WzOoOlA (83772475-d5ad-4904-950a-d5b7871a61ed)
2019-12-02 01:12:07.192 15 RALLYDEBUG rally_openstack.cleanup.manager [-] Deleting neutron.network object s_rally_b7993a90_dxritg6r (87dcf93d-a363-448d-9412-20b52edf18ba)
2019-12-02 01:12:07.465 15 RALLYDEBUG rally_openstack.cleanup.manager [-] Deleting neutron.network object s_rally_b7993a90_OZXZXBCS (8bb5c785-ec89-4d57-ac2d-e2a0d694ef56)
2019-12-02 01:12:08.243 15 RALLYDEBUG rally_openstack.cleanup.manager [-] Deleting neutron.network object s_rally_b7993a90_32ro2oAz (8d44519f-4f22-47a4-81dc-60127e8040bc)
2019-12-02 01:12:08.279 15 RALLYDEBUG rally_openstack.cleanup.manager [-] Deleting neutron.network object s_rally_b7993a90_XhxnrVZo (8ef3af06-1f6e-47bf-822b-f4a08dfe5ebc)
2019-12-02 01:12:08.376 15 RALLYDEBUG rally_openstack.cleanup.manager [-] Deleting neutron.network object s_rally_b7993a90_0QJijxbW (92beb9db-345f-467a-b668-503cde6afab3)
2019-12-02 01:12:08.504 15 RALLYDEBUG rally_openstack.cleanup.manager [-] Deleting neutron.network object s_rally_b7993a90_tey2Trbm (9b45b70c-95a9-41b0-9eec-bb77345f26d6)
2019-12-02 01:12:09.081 15 RALLYDEBUG rally_openstack.cleanup.manager [-] Deleting neutron.network object s_rally_b7993a90_nagHF8Gx (a0f848e4-a0b5-4f80-8f36-9d8d19bd026c)
2019-12-02 01:12:09.719 15 RALLYDEBUG rally_openstack.cleanup.manager [-] Deleting neutron.network object s_rally_b7993a90_hPUnd1YZ (a775e2f2-fe27-4908-9539-0b5034ca3ce3)
2019-12-02 01:12:09.786 15 RALLYDEBUG rally_openstack.cleanup.manager [-] Deleting neutron.network object s_rally_b7993a90_xb40u3n8 (a8183e73-0f8d-4c85-87e6-de2960c369ae)
2019-12-02 01:12:09.819 15 RALLYDEBUG rally_openstack.cleanup.manager [-] Deleting neutron.network object s_rally_b7993a90_GOPoBzhM (aba39a96-8f5f-4f51-9ffc-1843dca85c2a)
2019-12-02 01:12:09.973 15 RALLYDEBUG rally_openstack.cleanup.manager [-] Deleting neutron.network object s_rally_b7993a90_eiSTgd2r (af473130-b057-41ca-ae0c-47b502101b07)
2019-12-02 01:12:10.023 15 RALLYDEBUG rally_openstack.cleanup.manager [-] Deleting neutron.network object s_rally_b7993a90_cY9t3TKT (b5775d56-83c9-4809-bb3f-2256ca7ece69)
2019-12-02 01:12:10.628 15 RALLYDEBUG rally_openstack.cleanup.manager [-] Deleting neutron.network object s_rally_b7993a90_GSaAXazX (b69b3532-1453-467e-b57e-eca5a9e91c4b)
2019-12-02 01:12:10.747 15 RALLYDEBUG rally_openstack.cleanup.manager [-] Deleting neutron.network object s_rally_b7993a90_7mrZqAyw (b6c27581-abfa-4564-aa72-e6b224179226)
2019-12-02 01:12:11.757 15 RALLYDEBUG rally_openstack.cleanup.manager [-] Deleting neutron.network object s_rally_b7993a90_XNTh8x6O (b81147b9-e137-4d52-bc02-8ec9d93b3b4b)
2019-12-02 01:12:12.750 15 RALLYDEBUG rally_openstack.cleanup.manager [-] Deleting neutron.network object s_rally_b7993a90_4shlE0Ek (bc7ab143-1521-49a0-9a8d-342592f0e61e)
2019-12-02 01:12:12.799 15 RALLYDEBUG rally_openstack.cleanup.manager [-] Deleting neutron.network object s_rally_b7993a90_FaZqHGUH (bc8382e3-ea07-41a9-8b65-42717ab7e6dd)
2019-12-02 01:12:12.895 15 RALLYDEBUG rally_openstack.cleanup.manager [-] Deleting neutron.network object s_rally_b7993a90_YSehGLML (c020eef5-6397-47cc-b11b-1c2ef8914cd6)
2019-12-02 01:12:13.002 15 RALLYDEBUG rally_openstack.cleanup.manager [-] Deleting neutron.network object s_rally_b7993a90_HYyZAI2l (c0f47f17-10c9-4a56-8739-c00bb72ef175)
2019-12-02 01:12:13.460 15 RALLYDEBUG rally_openstack.cleanup.manager [-] Deleting neutron.network object s_rally_b7993a90_9qZvQ5SG (c17971d6-6593-4fa2-bbd7-44231c96c28d)
2019-12-02 01:12:14.440 15 RALLYDEBUG rally_openstack.cleanup.manager [-] Deleting neutron.network object s_rally_b7993a90_dkPVuG8C (c3c533e3-2ea4-49b9-90c7-d4b22aa384ec)
2019-12-02 01:12:14.654 15 RALLYDEBUG rally_openstack.cleanup.manager [-] Deleting neutron.network object s_rally_b7993a90_dUQSlqK7 (c3da7d48-ccd9-475b-bcc7-871ed83b936a)
2019-12-02 01:12:14.711 15 RALLYDEBUG rally_openstack.cleanup.manager [-] Deleting neutron.network object s_rally_b7993a90_hzMNHptu (c6443bd2-e5e9-4432-8066-43ef34d717ed)
2019-12-02 01:12:15.028 15 RALLYDEBUG rally_openstack.cleanup.manager [-] Deleting neutron.network object s_rally_b7993a90_q1pAXHJj (c9f47d97-6568-4767-a836-a93ea47f2ef4)
2019-12-02 01:12:15.136 15 RALLYDEBUG rally_openstack.cleanup.manager [-] Deleting neutron.network object s_rally_b7993a90_EBgubsh9 (ce21b79a-8db3-4a4e-ae78-5f657dd4fef0)
2019-12-02 01:12:15.175 15 RALLYDEBUG rally_openstack.cleanup.manager [-] Deleting neutron.network object s_rally_b7993a90_KnBfCTIc (cf01cfa9-188e-44a9-927a-3097e128d871)
2019-12-02 01:12:15.532 15 RALLYDEBUG rally_openstack.cleanup.manager [-] Deleting neutron.network object s_rally_b7993a90_DhkSZO7q (d024d77d-6064-469e-95ea-7696d1e3979c)
