2019-12-02 01:53:30.180 15 RALLYDEBUG rally_openstack.cleanup.manager [-] Deleting neutron.port object s_rally_8a51f4e0_15fya7Nn (933688ab-41ce-4af1-9018-456fd814c29e)
2019-12-02 01:53:30.191 15 RALLYDEBUG rally_openstack.cleanup.manager [-] Deleting neutron.port object s_rally_8a51f4e0_oIHlQp6A (94be72d1-d68d-47ce-ab45-801501e98e0a)
2019-12-02 01:53:30.441 15 RALLYDEBUG rally_openstack.cleanup.manager [-] Deleting neutron.port object s_rally_8a51f4e0_UhtysD3i (95a14c17-694f-49ce-8260-5d3bbf562dee)
2019-12-02 01:53:30.685 15 RALLYDEBUG rally_openstack.cleanup.manager [-] Deleting neutron.port object s_rally_8a51f4e0_BHNMhnGV (9647154d-f884-4480-801d-64b69b40b91c)
2019-12-02 01:53:31.140 15 RALLYDEBUG rally_openstack.cleanup.manager [-] Deleting neutron.port object s_rally_8a51f4e0_RFj7TRDT (967ecb9e-85ed-424b-ba90-9c1cb80f8e12)
2019-12-02 01:53:31.723 15 RALLYDEBUG rally_openstack.cleanup.manager [-] Deleting neutron.port object s_rally_8a51f4e0_t0IKYe1W (98777562-d4ba-4a41-8de2-8d1f8e30bbb1)
2019-12-02 01:53:31.731 15 RALLYDEBUG rally_openstack.cleanup.manager [-] Deleting neutron.port object s_rally_8a51f4e0_66Sta9tf (9acb1c23-4c79-4c05-833c-f713813caa7b)
2019-12-02 01:53:32.168 15 RALLYDEBUG rally_openstack.cleanup.manager [-] Deleting neutron.port object s_rally_8a51f4e0_GIx4HY7G (9c50ad88-8aeb-4889-a5fd-a76b747d26e5)
2019-12-02 01:53:32.422 15 RALLYDEBUG rally_openstack.cleanup.manager [-] Deleting neutron.port object s_rally_8a51f4e0_RvKO1shn (9c539e1b-8089-465d-a1f1-bd875a872d81)
2019-12-02 01:53:32.466 15 RALLYDEBUG rally_openstack.cleanup.manager [-] Deleting neutron.port object s_rally_8a51f4e0_NBnz48U9 (9cbd912f-a316-4804-aa6c-0436b5cc9ba9)
2019-12-02 01:53:32.536 15 RALLYDEBUG rally_openstack.cleanup.manager [-] Deleting neutron.port object s_rally_8a51f4e0_Aa30snc4 (9e0c122d-8920-4acf-8a24-851f70855465)
2019-12-02 01:53:32.636 15 RALLYDEBUG rally_openstack.cleanup.manager [-] Deleting neutron.port object s_rally_8a51f4e0_0CdgrvjZ (9f73dd28-b493-41be-8653-d7ebe1800a09)
2019-12-02 01:53:32.950 15 RALLYDEBUG rally_openstack.cleanup.manager [-] Deleting neutron.port object s_rally_8a51f4e0_okV7iN1m (a4dde730-fbe3-41ea-a1d8-e9b48177ab57)
2019-12-02 01:53:33.409 15 RALLYDEBUG rally_openstack.cleanup.manager [-] Deleting neutron.port object s_rally_8a51f4e0_OmQWigOg (a5ed15a6-98c5-4030-9cbb-771ccd9aeee4)
2019-12-02 01:53:34.004 15 RALLYDEBUG rally_openstack.cleanup.manager [-] Deleting neutron.port object s_rally_8a51f4e0_dgxD9bUF (a644fa0e-9a05-4cc0-87ea-40eadfd22fcf)
2019-12-02 01:53:34.243 15 RALLYDEBUG rally_openstack.cleanup.manager [-] Deleting neutron.port object s_rally_8a51f4e0_3DgN3usO (a7465732-1547-44da-b771-c3b66a1adacb)
2019-12-02 01:53:34.802 15 RALLYDEBUG rally_openstack.cleanup.manager [-] Deleting neutron.port object s_rally_8a51f4e0_8RTDFDnV (a799f04f-5640-41d8-95b2-8091aae25b11)
2019-12-02 01:53:35.370 15 RALLYDEBUG rally_openstack.cleanup.manager [-] Deleting neutron.port object s_rally_8a51f4e0_3CNsp3Gn (a957b474-3dc6-4f0d-8480-6bb24b0bd623)
2019-12-02 01:53:35.741 15 RALLYDEBUG rally_openstack.cleanup.manager [-] Deleting neutron.port object s_rally_8a51f4e0_G1jgilJz (a9b20f79-1cbb-46c4-bdf2-3d3c050ee4c8)
2019-12-02 01:53:36.463 15 RALLYDEBUG rally_openstack.cleanup.manager [-] Deleting neutron.port object s_rally_8a51f4e0_cicFGIEh (aa4614c3-4ae9-495a-bd06-c2abccc6624c)
2019-12-02 01:53:36.715 15 RALLYDEBUG rally_openstack.cleanup.manager [-] Deleting neutron.port object s_rally_8a51f4e0_51vBYNNY (abee09bd-2a09-4a67-9e02-d3b978d071ec)
2019-12-02 01:53:36.774 15 RALLYDEBUG rally_openstack.cleanup.manager [-] Deleting neutron.port object s_rally_8a51f4e0_d8Qg0deQ (ac75c9df-a33c-461b-b2a9-852424ed9c8e)
2019-12-02 01:53:36.794 15 RALLYDEBUG rally_openstack.cleanup.manager [-] Deleting neutron.port object s_rally_8a51f4e0_iGQzStau (adf5c82f-f39a-4a76-a2ea-4dc13b9ca4e3)
2019-12-02 01:53:37.034 15 RALLYDEBUG rally_openstack.cleanup.manager [-] Deleting neutron.port object s_rally_8a51f4e0_rQW8aEYG (ae7d997b-6b86-489b-8bca-5f26fbc7f332)
2019-12-02 01:53:37.094 15 RALLYDEBUG rally_openstack.cleanup.manager [-] Deleting neutron.port object s_rally_8a51f4e0_cBSKpEiN (aecaf28a-3f07-4978-a4a0-dc777307f973)
2019-12-02 01:53:37.098 15 RALLYDEBUG rally_openstack.cleanup.manager [-] Deleting neutron.port object s_rally_8a51f4e0_Vpkgnwab (aed5ef28-9bf7-4e9d-97dd-65b42339210e)
2019-12-02 01:53:38.399 15 RALLYDEBUG rally_openstack.cleanup.manager [-] Deleting neutron.port object s_rally_8a51f4e0_nUlxYTaw (aed6aa41-d241-4c86-948d-807418e487e1)
2019-12-02 01:53:38.882 15 RALLYDEBUG rally_openstack.cleanup.manager [-] Deleting neutron.port object s_rally_8a51f4e0_4m66eJTG (aefa4b98-acec-41aa-bfe6-d186dfac0ce0)
2019-12-02 01:53:38.893 15 RALLYDEBUG rally_openstack.cleanup.manager [-] Deleting neutron.port object s_rally_8a51f4e0_g041C5W1 (b074df98-d2a5-413e-a4de-f58a79129667)
2019-12-02 01:53:38.944 15 RALLYDEBUG rally_openstack.cleanup.manager [-] Deleting neutron.port object s_rally_8a51f4e0_wnC3PZPn (b24c8a3f-3c6f-4945-9a97-320dadf8e2a4)
2019-12-02 01:53:38.997 15 RALLYDEBUG rally_openstack.cleanup.manager [-] Deleting neutron.port object s_rally_8a51f4e0_xU4GiiwP (b2ea5730-088e-4575-95e6-121d047af81e)
2019-12-02 01:53:39.080 15 RALLYDEBUG rally_openstack.cleanup.manager [-] Deleting neutron.port object s_rally_8a51f4e0_5wy1XLgU (b3359a9a-f483-4cd0-8db8-7cba17d70106)
2019-12-02 01:53:39.091 15 RALLYDEBUG rally_openstack.cleanup.manager [-] Deleting neutron.port object s_rally_8a51f4e0_fHTi8pAr (b40ea5d9-bbd0-4d88-88ff-f860080b2958)
2019-12-02 01:53:39.549 15 RALLYDEBUG rally_openstack.cleanup.manager [-] Deleting neutron.port object s_rally_8a51f4e0_mO2c0u7r (b4883f62-a3f3-4433-95c9-af38d3eb67ee)
2019-12-02 01:53:39.553 15 RALLYDEBUG rally_openstack.cleanup.manager [-] Deleting neutron.port object s_rally_8a51f4e0_bVO41kFK (b4f52809-6a36-4398-aef1-bc9a5509a0bd)
2019-12-02 01:53:40.404 15 RALLYDEBUG rally_openstack.cleanup.manager [-] Deleting neutron.port object s_rally_8a51f4e0_BOEPBwBv (b99655b8-e87a-4f1c-b163-13d6690d55f9)
2019-12-02 01:53:40.593 15 RALLYDEBUG rally_openstack.cleanup.manager [-] Deleting neutron.port object s_rally_8a51f4e0_uz8t0pzd (b9f8460f-1f96-4034-bbd1-4c54a18655a4)
2019-12-02 01:53:40.801 15 RALLYDEBUG rally_openstack.cleanup.manager [-] Deleting neutron.port object s_rally_8a51f4e0_3eiOeu98 (ba0f770b-c8df-4902-a598-4b056557d3bf)
2019-12-02 01:53:41.100 15 RALLYDEBUG rally_openstack.cleanup.manager [-] Deleting neutron.port object s_rally_8a51f4e0_knYrTWoy (ba6c299e-7dc8-4395-9b59-5c93b6327a46)
2019-12-02 01:53:41.133 15 RALLYDEBUG rally_openstack.cleanup.manager [-] Deleting neutron.port object s_rally_8a51f4e0_hjwoxDmc (bcb85e31-b1e4-4bb2-8fb7-76cedc552cdc)
2019-12-02 01:53:41.142 15 RALLYDEBUG rally_openstack.cleanup.manager [-] Deleting neutron.port object s_rally_8a51f4e0_gLcicswA (bd908203-dc30-46c2-bad2-ede7329c8c11)
2019-12-02 01:53:42.118 15 RALLYDEBUG rally_openstack.cleanup.manager [-] Deleting neutron.port object s_rally_8a51f4e0_7rLajSXq (be4b6468-14f4-4ffd-81b6-cdf02eab8cfc)
2019-12-02 01:53:42.270 15 RALLYDEBUG rally_openstack.cleanup.manager [-] Deleting neutron.port object s_rally_8a51f4e0_rZFbVOw8 (bfac6b86-6be7-4730-b0a7-ebebdd95925d)
2019-12-02 01:53:42.396 15 RALLYDEBUG rally_openstack.cleanup.manager [-] Deleting neutron.port object s_rally_8a51f4e0_ggl7Nnw1 (c072d3f8-b986-4827-8770-1d9350650442)
2019-12-02 01:53:42.588 15 RALLYDEBUG rally_openstack.cleanup.manager [-] Deleting neutron.port object s_rally_8a51f4e0_4gSezYIO (c086d970-37a2-437a-b198-447e6933ee94)
2019-12-02 01:53:42.834 15 RALLYDEBUG rally_openstack.cleanup.manager [-] Deleting neutron.port object s_rally_8a51f4e0_lkZFMfwV (c0b880b7-9005-4ac6-b5c7-c177f267a70e)
2019-12-02 01:53:42.940 15 RALLYDEBUG rally_openstack.cleanup.manager [-] Deleting neutron.port object s_rally_8a51f4e0_9n6KBg6y (c0f75ac4-ec16-42cc-9af1-0493e5141e5a)
2019-12-02 01:53:43.055 15 RALLYDEBUG rally_openstack.cleanup.manager [-] Deleting neutron.port object s_rally_8a51f4e0_i3EWgXrJ (c260d477-cbba-488f-86ca-ebe80f468244)
2019-12-02 01:53:43.088 15 RALLYDEBUG rally_openstack.cleanup.manager [-] Deleting neutron.port object s_rally_8a51f4e0_b8E9h8aE (c5fbb095-5d41-4129-a85b-0ccdfd208564)
2019-12-02 01:53:43.110 15 RALLYDEBUG rally_openstack.cleanup.manager [-] Deleting neutron.port object s_rally_8a51f4e0_dD54xPAn (c6af34d0-4458-4c55-969d-d699654ce8d8)
2019-12-02 01:53:43.117 15 RALLYDEBUG rally_openstack.cleanup.manager [-] Deleting neutron.port object s_rally_8a51f4e0_9HlmiRnW (c6fbf41c-5528-4967-809d-d20581fadbf1)
2019-12-02 01:53:43.248 15 RALLYDEBUG rally_openstack.cleanup.manager [-] Deleting neutron.port object s_rally_8a51f4e0_AWrBTaF9 (c744ec76-02a9-4340-9a78-e85fce1b6425)
2019-12-02 01:53:44.209 15 RALLYDEBUG rally_openstack.cleanup.manager [-] Deleting neutron.port object s_rally_8a51f4e0_MVLRcJC8 (ca269ccc-cdd5-42bf-9ba3-025b75fe9443)
2019-12-02 01:53:44.600 15 RALLYDEBUG rally_openstack.cleanup.manager [-] Deleting neutron.port object s_rally_8a51f4e0_ngJQtEuy (cb3145dc-2dd7-465e-88d8-81307f0ef923)
2019-12-02 01:53:44.930 15 RALLYDEBUG rally_openstack.cleanup.manager [-] Deleting neutron.port object s_rally_8a51f4e0_qHSoxqJZ (cd0049e4-7ac7-4922-90ad-2adec1bac05a)
2019-12-02 01:53:44.986 15 RALLYDEBUG rally_openstack.cleanup.manager [-] Deleting neutron.port object s_rally_8a51f4e0_FQrYVYr7 (cd5739d6-51b6-4919-930b-7e220e5e01ca)
2019-12-02 01:53:45.124 15 RALLYDEBUG rally_openstack.cleanup.manager [-] Deleting neutron.port object s_rally_8a51f4e0_W1o7Y4T0 (cd5fa60d-7a8a-4a18-b3a6-186862160d3f)
2019-12-02 01:53:45.156 15 RALLYDEBUG rally_openstack.cleanup.manager [-] Deleting neutron.port object s_rally_8a51f4e0_1pZ878au (cd61f7e0-1ff7-40bc-8e33-51c269b95486)
2019-12-02 01:53:45.205 15 RALLYDEBUG rally_openstack.cleanup.manager [-] Deleting neutron.port object s_rally_8a51f4e0_vO3UbeIl (ce9dbd55-8dd3-4e66-b0b7-9244f8ca95bb)
2019-12-02 01:53:45.837 15 RALLYDEBUG rally_openstack.cleanup.manager [-] Deleting neutron.port object s_rally_8a51f4e0_a90C4Wts (cebaf863-d687-447f-9dc2-85f7c686ec36)
2019-12-02 01:53:45.941 15 RALLYDEBUG rally_openstack.cleanup.manager [-] Deleting neutron.port object s_rally_8a51f4e0_rIYhLhWR (d127144d-4d1c-40a6-a652-b42e6b51e4a2)
2019-12-02 01:53:46.105 15 RALLYDEBUG rally_openstack.cleanup.manager [-] Deleting neutron.port object s_rally_8a51f4e0_MgjvlXjM (d514d43d-7326-4169-8ac2-a7c3032220fb)
2019-12-02 01:53:46.267 15 RALLYDEBUG rally_openstack.cleanup.manager [-] Deleting neutron.port object s_rally_8a51f4e0_Zm8pDRvb (d65b68ec-9497-4628-8ef8-f39507bc774f)
2019-12-02 01:53:47.189 15 RALLYDEBUG rally_openstack.cleanup.manager [-] Deleting neutron.port object s_rally_8a51f4e0_9i6wW3j8 (d7377bde-db4e-4563-bf20-c43038426c18)
2019-12-02 01:53:47.796 15 RALLYDEBUG rally_openstack.cleanup.manager [-] Deleting neutron.port object s_rally_8a51f4e0_c4mdbx0i (d8a2f735-dda4-47c7-8f09-675088985f01)
2019-12-02 01:53:47.847 15 RALLYDEBUG rally_openstack.cleanup.manager [-] Deleting neutron.port object s_rally_8a51f4e0_sEbU1paW (da6c1fb7-d5c3-4d7b-84ec-bf753d56ee98)
2019-12-02 01:53:48.390 15 RALLYDEBUG rally_openstack.cleanup.manager [-] Deleting neutron.port object s_rally_8a51f4e0_dx5V6Nki (db245f0c-3987-4169-802c-dd76fd495f9f)
2019-12-02 01:53:48.464 15 RALLYDEBUG rally_openstack.cleanup.manager [-] Deleting neutron.port object s_rally_8a51f4e0_DjRQFjZt (dc0e71fc-5f35-442a-9eaf-bd3946ff851e)
2019-12-02 01:53:48.567 15 RALLYDEBUG rally_openstack.cleanup.manager [-] Deleting neutron.port object s_rally_8a51f4e0_RxS8lhKi (dcaeee15-e935-41e2-8bf0-5c92d8009de3)
2019-12-02 01:53:48.857 15 RALLYDEBUG rally_openstack.cleanup.manager [-] Deleting neutron.port object s_rally_8a51f4e0_2csPiKca (dcb3e19d-7cb6-4f30-8787-d0a2a978f4cc)
2019-12-02 01:53:49.098 15 RALLYDEBUG rally_openstack.cleanup.manager [-] Deleting neutron.port object s_rally_8a51f4e0_aJXuViPO (dcd65dae-6b53-48f4-85e9-0b70eef02ff0)
2019-12-02 01:53:49.181 15 RALLYDEBUG rally_openstack.cleanup.manager [-] Deleting neutron.port object s_rally_8a51f4e0_r6CHGpLu (dd00d18f-6b56-4030-8f3e-a43121c191b6)
2019-12-02 01:53:49.191 15 RALLYDEBUG rally_openstack.cleanup.manager [-] Deleting neutron.port object s_rally_8a51f4e0_aHD6ruCf (de503832-ae55-40e9-87fe-d43c0c0242de)
2019-12-02 01:53:49.227 15 RALLYDEBUG rally_openstack.cleanup.manager [-] Deleting neutron.port object s_rally_8a51f4e0_SuN7a0y2 (df3dcd50-2ba0-4339-ac90-06f801b0ac10)
2019-12-02 01:53:49.275 15 RALLYDEBUG rally_openstack.cleanup.manager [-] Deleting neutron.port object s_rally_8a51f4e0_jbEvLEmq (df93d983-09d4-4a12-a6c5-ca2b369f4b0f)
2019-12-02 01:53:49.295 15 RALLYDEBUG rally_openstack.cleanup.manager [-] Deleting neutron.port object s_rally_8a51f4e0_xHP4KrRC (e07360bd-159f-423a-838a-42b6758e868f)
2019-12-02 01:53:49.464 15 RALLYDEBUG rally_openstack.cleanup.manager [-] Deleting neutron.port object s_rally_8a51f4e0_ssI6UEJM (e077de1e-8a20-4053-ba55-d6a236d05a2c)
2019-12-02 01:53:49.588 15 RALLYDEBUG rally_openstack.cleanup.manager [-] Deleting neutron.port object s_rally_8a51f4e0_WGcQKVn3 (e0c7ad36-d4ea-45c0-bf21-40b3a756a6bf)
2019-12-02 01:53:49.607 15 RALLYDEBUG rally_openstack.cleanup.manager [-] Deleting neutron.port object s_rally_8a51f4e0_vUDTbT8y (e208c9dc-4cdb-46fb-afa4-530537682474)
2019-12-02 01:53:50.426 15 RALLYDEBUG rally_openstack.cleanup.manager [-] Deleting neutron.port object s_rally_8a51f4e0_wt7UloUy (e32d076d-9da8-4168-a614-f95f9e0347c5)
2019-12-02 01:53:51.035 15 RALLYDEBUG rally_openstack.cleanup.manager [-] Deleting neutron.port object s_rally_8a51f4e0_LS59MVgj (e52631b4-a4c9-4f16-a210-6ddbaeab0b08)
2019-12-02 01:53:51.128 15 RALLYDEBUG rally_openstack.cleanup.manager [-] Deleting neutron.port object s_rally_8a51f4e0_7FNJA2xc (e6117d3f-5754-4c35-b58f-a8afb4086221)
2019-12-02 01:53:51.130 15 RALLYDEBUG rally_openstack.cleanup.manager [-] Deleting neutron.port object s_rally_8a51f4e0_YcNTmRF0 (e57e9cb9-1478-43a4-bfbb-20fc72af1174)
2019-12-02 01:53:51.243 15 RALLYDEBUG rally_openstack.cleanup.manager [-] Deleting neutron.port object s_rally_8a51f4e0_1I3YMdMM (e683324f-3308-4fc9-9b3e-22e9c07886bc)
2019-12-02 01:53:51.515 15 RALLYDEBUG rally_openstack.cleanup.manager [-] Deleting neutron.port object s_rally_8a51f4e0_Fe7f5zel (e6c219c0-dc7e-4747-a1ed-74f530bc9cd9)
2019-12-02 01:53:52.083 15 RALLYDEBUG rally_openstack.cleanup.manager [-] Deleting neutron.port object s_rally_8a51f4e0_SiF4mm02 (e6d94d01-5789-413e-9a8c-469d9b9596a2)
2019-12-02 01:53:52.791 15 RALLYDEBUG rally_openstack.cleanup.manager [-] Deleting neutron.port object s_rally_8a51f4e0_QYSGGNdc (e8198433-54f8-4f69-ab94-4511446b6e9d)
2019-12-02 01:53:53.306 15 RALLYDEBUG rally_openstack.cleanup.manager [-] Deleting neutron.port object s_rally_8a51f4e0_P0kndzwm (e9436c1a-0cd2-414d-a0a8-38289f69e0dd)
2019-12-02 01:53:53.710 15 RALLYDEBUG rally_openstack.cleanup.manager [-] Deleting neutron.port object s_rally_8a51f4e0_My8HVhM0 (eadeadc5-6d71-4543-802c-dae4658a50eb)
2019-12-02 01:53:53.786 15 RALLYDEBUG rally_openstack.cleanup.manager [-] Deleting neutron.port object s_rally_8a51f4e0_xa0ULrxP (ec59bf06-bb29-4531-81a3-fe8156fe38df)
2019-12-02 01:53:53.927 15 RALLYDEBUG rally_openstack.cleanup.manager [-] Deleting neutron.port object s_rally_8a51f4e0_odgmWtHT (ec72db2d-3e7d-4d74-bae8-52041fbc93c5)
2019-12-02 01:53:53.945 15 RALLYDEBUG rally_openstack.cleanup.manager [-] Deleting neutron.port object s_rally_8a51f4e0_CZPpGTQ7 (ede326d1-fd72-4608-a3b3-e1bc3d54bf8a)
2019-12-02 01:53:53.971 15 RALLYDEBUG rally_openstack.cleanup.manager [-] Deleting neutron.port object s_rally_8a51f4e0_IYpqsDxq (f16a2fcc-7dd6-409d-bdaf-f3c9ada92f18)
2019-12-02 01:53:54.068 15 RALLYDEBUG rally_openstack.cleanup.manager [-] Deleting neutron.port object s_rally_8a51f4e0_YxlJjgSV (f3226832-48e3-413d-9e5c-94bdf1ca9cce)
2019-12-02 01:53:54.305 15 RALLYDEBUG rally_openstack.cleanup.manager [-] Deleting neutron.port object s_rally_8a51f4e0_Y0m12xLe (f4eed6f9-72d7-4061-b17a-efd4d1d23151)
2019-12-02 01:53:54.554 15 RALLYDEBUG rally_openstack.cleanup.manager [-] Deleting neutron.port object s_rally_8a51f4e0_jJtTI0EO (f5836407-d807-4039-8bcc-204606d5ac32)
2019-12-02 01:53:54.588 15 RALLYDEBUG rally_openstack.cleanup.manager [-] Deleting neutron.port object s_rally_8a51f4e0_kC6p7JTc (f6740071-b814-4155-b4c7-8d14a396054d)
2019-12-02 01:53:54.599 15 RALLYDEBUG rally_openstack.cleanup.manager [-] Deleting neutron.port object s_rally_8a51f4e0_rjnRWknf (f7ad9198-59e4-4aa0-b65b-023acea00607)
2019-12-02 01:53:54.730 15 RALLYDEBUG rally_openstack.cleanup.manager [-] Deleting neutron.port object s_rally_8a51f4e0_uyaqaeZm (fca68e32-bb4b-4251-a3ac-1051afd950fa)
2019-12-02 01:53:55.038 15 RALLYDEBUG rally_openstack.cleanup.manager [-] Deleting neutron.port object s_rally_8a51f4e0_JuprWqho (fe53b206-63d6-4411-9b23-fc9e8c9df86a)
2019-12-02 01:53:55.552 15 RALLYDEBUG rally_openstack.cleanup.manager [-] Deleting neutron.port object s_rally_8a51f4e0_W5dQOgu2 (ff4b7c0e-afe2-4428-8b4d-de7a7b9a2933)
2019-12-02 01:53:55.674 15 RALLYDEBUG rally_openstack.cleanup.manager [-] Deleting neutron.port object s_rally_8a51f4e0_Mo81j9nN (ff8e94ed-3865-4243-87b0-0c240bee28d8)
2019-12-02 01:53:59.703 15 RALLYDEBUG rally_openstack.cleanup.manager [-] Cleaning up neutron subnet objects
2019-12-02 01:53:59.920 15 RALLYDEBUG rally_openstack.cleanup.manager [-] Cleaning up neutron network objects
2019-12-02 01:54:00.544 15 RALLYDEBUG rally_openstack.cleanup.manager [-] Deleting neutron.network object s_rally_8a51f4e0_ScALjnqJ (070884fe-21d2-4079-9a94-4259a8ce2370)
2019-12-02 01:54:00.549 15 RALLYDEBUG rally_openstack.cleanup.manager [-] Deleting neutron.network object s_rally_8a51f4e0_3sde6epe (15c3bb06-72cb-4848-9a3d-5e9645b1f476)
2019-12-02 01:54:00.563 15 RALLYDEBUG rally_openstack.cleanup.manager [-] Deleting neutron.network object s_rally_8a51f4e0_JXHVvpod (18d371da-5656-41c1-bd5b-e329d1d00f1a)
2019-12-02 01:54:00.573 15 RALLYDEBUG rally_openstack.cleanup.manager [-] Deleting neutron.network object s_rally_8a51f4e0_T4Au3DWW (1ec437bc-495f-4d4f-96bc-0b2147c921ab)
2019-12-02 01:54:00.577 15 RALLYDEBUG rally_openstack.cleanup.manager [-] Deleting neutron.network object s_rally_8a51f4e0_NqiNRjnu (292069b1-b33e-4625-afbd-1f8ecb68c995)
2019-12-02 01:54:00.587 15 RALLYDEBUG rally_openstack.cleanup.manager [-] Deleting neutron.network object s_rally_8a51f4e0_0qfZoTpx (2b8e418b-d480-4585-882c-3d0c2dac3760)
2019-12-02 01:54:00.596 15 RALLYDEBUG rally_openstack.cleanup.manager [-] Deleting neutron.network object s_rally_8a51f4e0_ceWYCubH (2e28b362-cec1-4651-874f-4a48de92c49b)
2019-12-02 01:54:00.632 15 RALLYDEBUG rally_openstack.cleanup.manager [-] Deleting neutron.network object s_rally_8a51f4e0_QSgOsFuQ (2e310bdc-9a87-4f5b-927d-d15ce1e26275)
2019-12-02 01:54:00.666 15 RALLYDEBUG rally_openstack.cleanup.manager [-] Deleting neutron.network object s_rally_8a51f4e0_mdvkRLxf (409af3ff-f0a2-476d-a9f5-583ca6f51363)
2019-12-02 01:54:00.676 15 RALLYDEBUG rally_openstack.cleanup.manager [-] Deleting neutron.network object s_rally_8a51f4e0_dTD6MM7B (3719e7cb-c96a-482f-a059-50a486a816f4)
2019-12-02 01:54:00.691 15 RALLYDEBUG rally_openstack.cleanup.manager [-] Deleting neutron.network object s_rally_8a51f4e0_mlOkFDMZ (3b1a63b7-621f-4fff-9eed-7dd4af73e350)
2019-12-02 01:54:00.714 15 RALLYDEBUG rally_openstack.cleanup.manager [-] Deleting neutron.network object s_rally_8a51f4e0_dPPt2t6Y (35b54f6d-78e0-4050-8eb5-9a6f57281565)
2019-12-02 01:54:00.725 15 RALLYDEBUG rally_openstack.cleanup.manager [-] Deleting neutron.network object s_rally_8a51f4e0_HRFEe8lT (4a6782ff-901a-4d04-b148-ff9abaa6c2d6)
2019-12-02 01:54:00.725 15 RALLYDEBUG rally_openstack.cleanup.manager [-] Deleting neutron.network object s_rally_8a51f4e0_1D3CCHVB (48dff54a-24ca-44b3-8810-c594089d7fa1)
2019-12-02 01:54:00.726 15 RALLYDEBUG rally_openstack.cleanup.manager [-] Deleting neutron.network object s_rally_8a51f4e0_xFnBUKZP (6fbf064e-3308-4d6a-90d3-6e4af2c7912e)
2019-12-02 01:54:00.728 15 RALLYDEBUG rally_openstack.cleanup.manager [-] Deleting neutron.network object s_rally_8a51f4e0_WsIdknGB (53423c36-0f43-4c9e-b129-acc6d754520c)
2019-12-02 01:54:00.740 15 RALLYDEBUG rally_openstack.cleanup.manager [-] Deleting neutron.network object s_rally_8a51f4e0_GIvgGnUC (436b1e6d-7a99-474c-ad5c-90ab3207f94b)
2019-12-02 01:54:00.745 15 RALLYDEBUG rally_openstack.cleanup.manager [-] Deleting neutron.network object s_rally_8a51f4e0_g1TUC1X9 (769adc66-d6a6-44d7-8f23-53079fa993ae)
2019-12-02 01:54:00.766 15 RALLYDEBUG rally_openstack.cleanup.manager [-] Deleting neutron.network object s_rally_8a51f4e0_xnUkaRQJ (70744fd3-233e-4005-90b6-d21e9d270629)
2019-12-02 01:54:00.766 15 RALLYDEBUG rally_openstack.cleanup.manager [-] Deleting neutron.network object s_rally_8a51f4e0_3NPVv7oL (8092d01c-84a5-43f3-93c8-f99cf2bf81d7)
2019-12-02 01:54:03.929 15 RALLYDEBUG rally_openstack.cleanup.manager [-] Deleting neutron.network object s_rally_8a51f4e0_naViZxXg (8993d6c6-bb46-478c-9df9-115f2896abd8)
2019-12-02 01:54:05.468 15 RALLYDEBUG rally_openstack.cleanup.manager [-] Deleting neutron.network object s_rally_8a51f4e0_8IdssJEO (8a9e2ca1-73c9-4386-8cec-4c9b8178db08)
2019-12-02 01:54:05.587 15 RALLYDEBUG rally_openstack.cleanup.manager [-] Deleting neutron.network object s_rally_8a51f4e0_g3GhS3Gt (8cce87f7-c221-47c2-9052-acf5e80a2e88)
2019-12-02 01:54:06.028 15 RALLYDEBUG rally_openstack.cleanup.manager [-] Deleting neutron.network object s_rally_8a51f4e0_fc8Psz6p (998f0cb2-34e0-4e4a-a299-94a53b1aef8b)
2019-12-02 01:54:06.095 15 RALLYDEBUG rally_openstack.cleanup.manager [-] Deleting neutron.network object s_rally_8a51f4e0_PItUWtn0 (a384ef93-4508-4fa3-aec4-1f23846afee3)
2019-12-02 01:54:06.488 15 RALLYDEBUG rally_openstack.cleanup.manager [-] Deleting neutron.network object s_rally_8a51f4e0_LfomNmOq (a9798611-bcee-49fb-a253-c05e03abbb06)
2019-12-02 01:54:06.492 15 RALLYDEBUG rally_openstack.cleanup.manager [-] Deleting neutron.network object s_rally_8a51f4e0_Ic0qZoC5 (bc404019-45e2-4216-95e9-dceab881fc1d)
2019-12-02 01:54:07.050 15 RALLYDEBUG rally_openstack.cleanup.manager [-] Deleting neutron.network object s_rally_8a51f4e0_cmDWWocm (bc598bc3-0a48-4951-b3be-7dc70e03e2d0)
2019-12-02 01:54:07.864 15 RALLYDEBUG rally_openstack.cleanup.manager [-] Deleting neutron.network object s_rally_8a51f4e0_nUMbquRp (bd0e0a4c-9c1a-4d0f-b481-d7196d8a30b0)
2019-12-02 01:54:08.558 15 RALLYDEBUG rally_openstack.cleanup.manager [-] Deleting neutron.network object s_rally_8a51f4e0_vHxZgF14 (bd1e47c1-29fe-40db-8c50-e80bdf7f118d)
2019-12-02 01:54:09.632 15 RALLYDEBUG rally_openstack.cleanup.manager [-] Deleting neutron.network object s_rally_8a51f4e0_0Ky7eueo (c2b2a220-53d5-4a6e-9bbd-6692a0ae9ae4)
2019-12-02 01:54:10.477 15 RALLYDEBUG rally_openstack.cleanup.manager [-] Deleting neutron.network object s_rally_8a51f4e0_9DulsI9t (c68b95b9-17d0-499a-80ff-78112933cd6f)
2019-12-02 01:54:10.501 15 RALLYDEBUG rally_openstack.cleanup.manager [-] Deleting neutron.network object s_rally_8a51f4e0_JMLEsU6L (d6c79c72-38b9-486d-8d1c-9ecb8c309077)
2019-12-02 01:54:10.527 15 RALLYDEBUG rally_openstack.cleanup.manager [-] Deleting neutron.network object s_rally_8a51f4e0_xUvQwQDt (d9f51dea-6c4f-4538-a670-b08135861817)
2019-12-02 01:54:10.569 15 RALLYDEBUG rally_openstack.cleanup.manager [-] Deleting neutron.network object s_rally_8a51f4e0_dYGhsapQ (e5772b89-e44e-4352-ae30-d7f5cd49566d)
2019-12-02 01:54:10.580 15 RALLYDEBUG rally_openstack.cleanup.manager [-] Deleting neutron.network object s_rally_8a51f4e0_lnaG5eMY (ed25c790-f3b5-4b5a-8147-96743ef247e3)
2019-12-02 01:54:10.625 15 RALLYDEBUG rally_openstack.cleanup.manager [-] Deleting neutron.network object s_rally_8a51f4e0_TgiyRru3 (f17633f3-0338-40b9-99d0-39c5ea65517a)
2019-12-02 01:54:10.665 15 RALLYDEBUG rally_openstack.cleanup.manager [-] Deleting neutron.network object s_rally_8a51f4e0_jYAseP7R (faeb762a-5637-4780-9012-7daf905fb6c1)
2019-12-02 01:54:10.668 15 RALLYDEBUG rally_openstack.cleanup.manager [-] Deleting neutron.network object s_rally_8a51f4e0_5ebvFAj5 (fa14a084-305a-4328-b5bc-f97a6962e460)
2019-12-02 01:54:10.762 15 RALLYDEBUG rally_openstack.cleanup.manager [-] Deleting neutron.network object s_rally_8a51f4e0_IPRSkPjk (fd90be91-84e9-4815-8c0b-1a83ef7ba315)
2019-12-02 01:54:15.704 15 RALLYDEBUG rally_openstack.cleanup.manager [-] Cleaning up neutron router objects
2019-12-02 01:54:15.943 15 RALLYDEBUG rally_openstack.cleanup.manager [-] Cleaning up neutron security_group objects
2019-12-02 01:54:16.186 15 INFO rally.task.context [-] Task c6103430-c09a-432d-a4ca-44564a0a3d94 | Context cleanup@openstack cleanup() finished in 1.18 min
2019-12-02 01:54:16.187 15 INFO rally.task.context [-] Task c6103430-c09a-432d-a4ca-44564a0a3d94 | Context quotas@openstack cleanup() started
2019-12-02 01:54:16.227 15 INFO rally.task.context [-] Task c6103430-c09a-432d-a4ca-44564a0a3d94 | Context quotas@openstack cleanup() finished in 40.46 msec
2019-12-02 01:54:16.228 15 INFO rally.task.context [-] Task c6103430-c09a-432d-a4ca-44564a0a3d94 | Context users@openstack cleanup() started
2019-12-02 01:54:17.461 15 INFO rally.task.context [-] Task c6103430-c09a-432d-a4ca-44564a0a3d94 | Context users@openstack cleanup() finished in 1.23 sec
2019-12-02 01:54:18.958 15 INFO rally.task.engine [-] Load duration is: 118.345227
2019-12-02 01:54:18.958 15 INFO rally.task.engine [-] Full runner duration is: 118.388867
2019-12-02 01:54:18.959 15 INFO rally.task.engine [-] Full duration is: 191.222974
2019-12-02 01:54:19.243 15 INFO rally.task.engine [-] Running workload: position = 2 config = { "version": 2, "title": "A cropped version of a bigger task.", "description": "Auto-generated task from a single workload (uuid=0ca1e064-4929-4286-aa40-247286afc5de)", "subtasks": [ { "title": "NeutronNetworks.create_and_delete_ports", "description": "Create and delete a port.", "scenario": { "NeutronNetworks.create_and_delete_ports": { "network_create_args": {}, "port_create_args": {}, "ports_per_network": 5 } }, "contexts": { "users": { "tenants": 1, "users_per_tenant": 1 }, "quotas": { "neutron": { "network": -1, "port": -1 } } }, "runner": { "constant": { "times": 40, "concurrency": 20 } }, "hooks": [], "sla": { "failure_rate": { "max": 0 } } } ] }
2019-12-02 01:54:19.270 15 RALLYDEBUG rally_openstack.contexts.keystone.users [-] Creating 1 tenants using 20 threads
2019-12-02 01:54:19.559 15 RALLYDEBUG rally_openstack.contexts.keystone.users [-] Creating 1 users using 20 threads
2019-12-02 01:54:19.919 15 INFO rally.task.context [-] Task c6103430-c09a-432d-a4ca-44564a0a3d94 | Context users@openstack setup() finished in 0.65 sec
2019-12-02 01:54:20.234 15 INFO rally.task.context [-] Task c6103430-c09a-432d-a4ca-44564a0a3d94 | Context quotas@openstack setup() finished in 0.31 sec
2019-12-02 01:54:20.235 15 INFO rally.task.context [-] Task c6103430-c09a-432d-a4ca-44564a0a3d94 | Context cleanup@openstack setup() finished in 0.01 msec
2019-12-02 01:54:20.244 15 RALLYDEBUG rally.task.runner [-] Starting the constant runner (task UUID: c6103430-c09a-432d-a4ca-44564a0a3d94). timeout: 0 concurrency: 20 concurrency_per_worker: 1 times: 40 concurrency_overhead: 0 processes_to_start: 20 max_cpu_used: 88
2019-12-02 01:54:20.258 4601 RALLYDEBUG rally.task.runner [-] Starting a worker. concurrency: 1 args: {"network_create_args": {}, "port_create_args": {}, "ports_per_network": 5} times: 40 method_name: run timeout: 0 duration: None cls:
2019-12-02 01:54:20.261 4602 RALLYDEBUG rally.task.runner [-] Starting a worker. concurrency: 1 args: {"network_create_args": {}, "port_create_args": {}, "ports_per_network": 5} times: 40 method_name: run timeout: 0 duration: None cls:
2019-12-02 01:54:20.264 4603 RALLYDEBUG rally.task.runner [-] Starting a worker. concurrency: 1 args: {"network_create_args": {}, "port_create_args": {}, "ports_per_network": 5} times: 40 method_name: run timeout: 0 duration: None cls:
2019-12-02 01:54:20.268 4602 INFO rally.task.runner [-] Task c6103430-c09a-432d-a4ca-44564a0a3d94 | ITER: 2 START
2019-12-02 01:54:20.268 4601 INFO rally.task.runner [-] Task c6103430-c09a-432d-a4ca-44564a0a3d94 | ITER: 1 START
2019-12-02 01:54:20.269 4602 WARNING rally_openstack.scenarios.neutron.utils [-] Running this scenario without either the 'network' or 'existing_network' context is deprecated
2019-12-02 01:54:20.269 4601 WARNING rally_openstack.scenarios.neutron.utils [-] Running this scenario without either the 'network' or 'existing_network' context is deprecated
2019-12-02 01:54:20.271 4605 RALLYDEBUG rally.task.runner [-] Starting a worker. concurrency: 1 args: {"network_create_args": {}, "port_create_args": {}, "ports_per_network": 5} times: 40 method_name: run timeout: 0 duration: None cls:
2019-12-02 01:54:20.273 4604 RALLYDEBUG rally.task.runner [-] Starting a worker. concurrency: 1 args: {"network_create_args": {}, "port_create_args": {}, "ports_per_network": 5} times: 40 method_name: run timeout: 0 duration: None cls:
2019-12-02 01:54:20.274 4608 RALLYDEBUG rally.task.runner [-] Starting a worker. concurrency: 1 args: {"network_create_args": {}, "port_create_args": {}, "ports_per_network": 5} times: 40 method_name: run timeout: 0 duration: None cls:
2019-12-02 01:54:20.275 4603 INFO rally.task.runner [-] Task c6103430-c09a-432d-a4ca-44564a0a3d94 | ITER: 3 START
2019-12-02 01:54:20.276 4603 WARNING rally_openstack.scenarios.neutron.utils [-] Running this scenario without either the 'network' or 'existing_network' context is deprecated
2019-12-02 01:54:20.277 4605 INFO rally.task.runner [-] Task c6103430-c09a-432d-a4ca-44564a0a3d94 | ITER: 4 START
2019-12-02 01:54:20.277 4613 RALLYDEBUG rally.task.runner [-] Starting a worker. concurrency: 1 args: {"network_create_args": {}, "port_create_args": {}, "ports_per_network": 5} times: 40 method_name: run timeout: 0 duration: None cls:
2019-12-02 01:54:20.279 4605 WARNING rally_openstack.scenarios.neutron.utils [-] Running this scenario without either the 'network' or 'existing_network' context is deprecated
2019-12-02 01:54:20.280 4604 INFO rally.task.runner [-] Task c6103430-c09a-432d-a4ca-44564a0a3d94 | ITER: 5 START
2019-12-02 01:54:20.281 4604 WARNING rally_openstack.scenarios.neutron.utils [-] Running this scenario without either the 'network' or 'existing_network' context is deprecated
2019-12-02 01:54:20.281 4614 RALLYDEBUG rally.task.runner [-] Starting a worker. concurrency: 1 args: {"network_create_args": {}, "port_create_args": {}, "ports_per_network": 5} times: 40 method_name: run timeout: 0 duration: None cls:
2019-12-02 01:54:20.284 4613 INFO rally.task.runner [-] Task c6103430-c09a-432d-a4ca-44564a0a3d94 | ITER: 7 START
2019-12-02 01:54:20.284 4616 RALLYDEBUG rally.task.runner [-] Starting a worker. concurrency: 1 args: {"network_create_args": {}, "port_create_args": {}, "ports_per_network": 5} times: 40 method_name: run timeout: 0 duration: None cls:
2019-12-02 01:54:20.285 4608 INFO rally.task.runner [-] Task c6103430-c09a-432d-a4ca-44564a0a3d94 | ITER: 6 START
2019-12-02 01:54:20.285 4613 WARNING rally_openstack.scenarios.neutron.utils [-] Running this scenario without either the 'network' or 'existing_network' context is deprecated
2019-12-02 01:54:20.286 4608 WARNING rally_openstack.scenarios.neutron.utils [-] Running this scenario without either the 'network' or 'existing_network' context is deprecated
2019-12-02 01:54:20.288 4614 INFO rally.task.runner [-] Task c6103430-c09a-432d-a4ca-44564a0a3d94 | ITER: 8 START
2019-12-02 01:54:20.287 4621 RALLYDEBUG rally.task.runner [-] Starting a worker. concurrency: 1 args: {"network_create_args": {}, "port_create_args": {}, "ports_per_network": 5} times: 40 method_name: run timeout: 0 duration: None cls:
2019-12-02 01:54:20.289 4614 WARNING rally_openstack.scenarios.neutron.utils [-] Running this scenario without either the 'network' or 'existing_network' context is deprecated
2019-12-02 01:54:20.290 4616 INFO rally.task.runner [-] Task c6103430-c09a-432d-a4ca-44564a0a3d94 | ITER: 9 START
2019-12-02 01:54:20.290 4624 RALLYDEBUG rally.task.runner [-] Starting a worker. concurrency: 1 args: {"network_create_args": {}, "port_create_args": {}, "ports_per_network": 5} times: 40 method_name: run timeout: 0 duration: None cls:
2019-12-02 01:54:20.291 4616 WARNING rally_openstack.scenarios.neutron.utils [-] Running this scenario without either the 'network' or 'existing_network' context is deprecated
2019-12-02 01:54:20.294 4626 RALLYDEBUG rally.task.runner [-] Starting a worker. concurrency: 1 args: {"network_create_args": {}, "port_create_args": {}, "ports_per_network": 5} times: 40 method_name: run timeout: 0 duration: None cls:
2019-12-02 01:54:20.295 4624 INFO rally.task.runner [-] Task c6103430-c09a-432d-a4ca-44564a0a3d94 | ITER: 11 START
2019-12-02 01:54:20.297 4624 WARNING rally_openstack.scenarios.neutron.utils [-] Running this scenario without either the 'network' or 'existing_network' context is deprecated
2019-12-02 01:54:20.296 4630 RALLYDEBUG rally.task.runner [-] Starting a worker. concurrency: 1 args: {"network_create_args": {}, "port_create_args": {}, "ports_per_network": 5} times: 40 method_name: run timeout: 0 duration: None cls:
2019-12-02 01:54:20.297 4621 INFO rally.task.runner [-] Task c6103430-c09a-432d-a4ca-44564a0a3d94 | ITER: 10 START
2019-12-02 01:54:20.298 4621 WARNING rally_openstack.scenarios.neutron.utils [-] Running this scenario without either the 'network' or 'existing_network' context is deprecated
2019-12-02 01:54:20.300 4626 INFO rally.task.runner [-] Task c6103430-c09a-432d-a4ca-44564a0a3d94 | ITER: 12 START
2019-12-02 01:54:20.300 4632 RALLYDEBUG rally.task.runner [-] Starting a worker. concurrency: 1 args: {"network_create_args": {}, "port_create_args": {}, "ports_per_network": 5} times: 40 method_name: run timeout: 0 duration: None cls:
2019-12-02 01:54:20.301 4626 WARNING rally_openstack.scenarios.neutron.utils [-] Running this scenario without either the 'network' or 'existing_network' context is deprecated
2019-12-02 01:54:20.303 4636 RALLYDEBUG rally.task.runner [-] Starting a worker. concurrency: 1 args: {"network_create_args": {}, "port_create_args": {}, "ports_per_network": 5} times: 40 method_name: run timeout: 0 duration: None cls:
2019-12-02 01:54:20.305 4630 INFO rally.task.runner [-] Task c6103430-c09a-432d-a4ca-44564a0a3d94 | ITER: 13 START
2019-12-02 01:54:20.306 4638 RALLYDEBUG rally.task.runner [-] Starting a worker. concurrency: 1 args: {"network_create_args": {}, "port_create_args": {}, "ports_per_network": 5} times: 40 method_name: run timeout: 0 duration: None cls:
2019-12-02 01:54:20.306 4630 WARNING rally_openstack.scenarios.neutron.utils [-] Running this scenario without either the 'network' or 'existing_network' context is deprecated
2019-12-02 01:54:20.309 4632 INFO rally.task.runner [-] Task c6103430-c09a-432d-a4ca-44564a0a3d94 | ITER: 14 START
2019-12-02 01:54:20.309 4642 RALLYDEBUG rally.task.runner [-] Starting a worker. concurrency: 1 args: {"network_create_args": {}, "port_create_args": {}, "ports_per_network": 5} times: 40 method_name: run timeout: 0 duration: None cls:
2019-12-02 01:54:20.310 4632 WARNING rally_openstack.scenarios.neutron.utils [-] Running this scenario without either the 'network' or 'existing_network' context is deprecated
2019-12-02 01:54:20.310 4636 INFO rally.task.runner [-] Task c6103430-c09a-432d-a4ca-44564a0a3d94 | ITER: 15 START
2019-12-02 01:54:20.311 4638 INFO rally.task.runner [-] Task c6103430-c09a-432d-a4ca-44564a0a3d94 | ITER: 16 START
2019-12-02 01:54:20.312 4636 WARNING rally_openstack.scenarios.neutron.utils [-] Running this scenario without either the 'network' or 'existing_network' context is deprecated
2019-12-02 01:54:20.312 4638 WARNING rally_openstack.scenarios.neutron.utils [-] Running this scenario without either the 'network' or 'existing_network' context is deprecated
2019-12-02 01:54:20.312 4644 RALLYDEBUG rally.task.runner [-] Starting a worker. concurrency: 1 args: {"network_create_args": {}, "port_create_args": {}, "ports_per_network": 5} times: 40 method_name: run timeout: 0 duration: None cls:
2019-12-02 01:54:20.315 4642 INFO rally.task.runner [-] Task c6103430-c09a-432d-a4ca-44564a0a3d94 | ITER: 17 START
2019-12-02 01:54:20.316 4642 WARNING rally_openstack.scenarios.neutron.utils [-] Running this scenario without either the 'network' or 'existing_network' context is deprecated
2019-12-02 01:54:20.317 4644 INFO rally.task.runner [-] Task c6103430-c09a-432d-a4ca-44564a0a3d94 | ITER: 18 START
2019-12-02 01:54:20.318 4644 WARNING rally_openstack.scenarios.neutron.utils [-] Running this scenario without either the 'network' or 'existing_network' context is deprecated
2019-12-02 01:54:20.317 4646 RALLYDEBUG rally.task.runner [-] Starting a worker. concurrency: 1 args: {"network_create_args": {}, "port_create_args": {}, "ports_per_network": 5} times: 40 method_name: run timeout: 0 duration: None cls:
2019-12-02 01:54:20.325 4646 INFO rally.task.runner [-] Task c6103430-c09a-432d-a4ca-44564a0a3d94 | ITER: 19 START
2019-12-02 01:54:20.326 4646 WARNING rally_openstack.scenarios.neutron.utils [-] Running this scenario without either the 'network' or 'existing_network' context is deprecated
2019-12-02 01:54:20.327 4650 RALLYDEBUG rally.task.runner [-] Starting a worker. concurrency: 1 args: {"network_create_args": {}, "port_create_args": {}, "ports_per_network": 5} times: 40 method_name: run timeout: 0 duration: None cls:
2019-12-02 01:54:20.333 4650 INFO rally.task.runner [-] Task c6103430-c09a-432d-a4ca-44564a0a3d94 | ITER: 20 START
2019-12-02 01:54:20.334 4650 WARNING rally_openstack.scenarios.neutron.utils [-] Running this scenario without either the 'network' or 'existing_network' context is deprecated
2019-12-02 01:55:18.244 4638 INFO rally.task.runner [-] Task c6103430-c09a-432d-a4ca-44564a0a3d94 | ITER: 16 END: OK
2019-12-02 01:55:18.253 4638 INFO rally.task.runner [-] Task c6103430-c09a-432d-a4ca-44564a0a3d94 | ITER: 21 START
2019-12-02 01:55:18.254 4638 WARNING rally_openstack.scenarios.neutron.utils [-] Running this scenario without either the 'network' or 'existing_network' context is deprecated
2019-12-02 01:55:18.313 4616 INFO rally.task.runner [-] Task c6103430-c09a-432d-a4ca-44564a0a3d94 | ITER: 9 END: OK
2019-12-02 01:55:18.321 4616 INFO rally.task.runner [-] Task c6103430-c09a-432d-a4ca-44564a0a3d94 | ITER: 22 START
2019-12-02 01:55:18.322 4616 WARNING rally_openstack.scenarios.neutron.utils [-] Running this scenario without either the 'network' or 'existing_network' context is deprecated
2019-12-02 01:55:19.498 4644 INFO rally.task.runner [-] Task c6103430-c09a-432d-a4ca-44564a0a3d94 | ITER: 18 END: OK
2019-12-02 01:55:19.506 4644 INFO rally.task.runner [-] Task c6103430-c09a-432d-a4ca-44564a0a3d94 | ITER: 23 START
2019-12-02 01:55:19.507 4644 WARNING rally_openstack.scenarios.neutron.utils [-] Running this scenario without either the 'network' or 'existing_network' context is deprecated
2019-12-02 01:55:20.223 4601 INFO rally.task.runner [-] Task c6103430-c09a-432d-a4ca-44564a0a3d94 | ITER: 1 END: OK
2019-12-02 01:55:20.231 4601 INFO rally.task.runner [-] Task c6103430-c09a-432d-a4ca-44564a0a3d94 | ITER: 24 START
2019-12-02 01:55:20.232 4601 WARNING rally_openstack.scenarios.neutron.utils [-] Running this scenario without either the 'network' or 'existing_network' context is deprecated
2019-12-02 01:55:20.564 4624 INFO rally.task.runner [-] Task c6103430-c09a-432d-a4ca-44564a0a3d94 | ITER: 11 END: OK
2019-12-02 01:55:20.572 4624 INFO rally.task.runner [-] Task c6103430-c09a-432d-a4ca-44564a0a3d94 | ITER: 25 START
2019-12-02 01:55:20.573 4624 WARNING rally_openstack.scenarios.neutron.utils [-] Running this scenario without either the 'network' or 'existing_network' context is deprecated
2019-12-02 01:55:21.831 4602 INFO rally.task.runner [-] Task c6103430-c09a-432d-a4ca-44564a0a3d94 | ITER: 2 END: OK
2019-12-02 01:55:21.839 4602 INFO rally.task.runner [-] Task c6103430-c09a-432d-a4ca-44564a0a3d94 | ITER: 26 START
2019-12-02 01:55:21.840 4602 WARNING rally_openstack.scenarios.neutron.utils [-] Running this scenario without either the 'network' or 'existing_network' context is deprecated
2019-12-02 01:55:21.855 4603 INFO rally.task.runner [-] Task c6103430-c09a-432d-a4ca-44564a0a3d94 | ITER: 3 END: OK
2019-12-02 01:55:21.862 4603 INFO rally.task.runner [-] Task c6103430-c09a-432d-a4ca-44564a0a3d94 | ITER: 27 START
2019-12-02 01:55:21.863 4603 WARNING rally_openstack.scenarios.neutron.utils [-] Running this scenario without either the 'network' or 'existing_network' context is deprecated
2019-12-02 01:55:21.872 4608 INFO rally.task.runner [-] Task c6103430-c09a-432d-a4ca-44564a0a3d94 | ITER: 6 END: OK
2019-12-02 01:55:21.880 4608 INFO rally.task.runner [-] Task c6103430-c09a-432d-a4ca-44564a0a3d94 | ITER: 28 START
2019-12-02 01:55:21.881 4608 WARNING rally_openstack.scenarios.neutron.utils [-] Running this scenario without either the 'network' or 'existing_network' context is deprecated
2019-12-02 01:55:23.260 4636 INFO rally.task.runner [-] Task c6103430-c09a-432d-a4ca-44564a0a3d94 | ITER: 15 END: OK
2019-12-02 01:55:23.267 4636 INFO rally.task.runner [-] Task c6103430-c09a-432d-a4ca-44564a0a3d94 | ITER: 29 START
2019-12-02 01:55:23.269 4636 WARNING rally_openstack.scenarios.neutron.utils [-] Running this scenario without either the 'network' or 'existing_network' context is deprecated
2019-12-02 01:55:23.416 4604 INFO rally.task.runner [-] Task c6103430-c09a-432d-a4ca-44564a0a3d94 | ITER: 5 END: OK
2019-12-02 01:55:23.424 4604 INFO rally.task.runner [-] Task c6103430-c09a-432d-a4ca-44564a0a3d94 | ITER: 30 START
2019-12-02 01:55:23.425 4604 WARNING rally_openstack.scenarios.neutron.utils [-] Running this scenario without either the 'network' or 'existing_network' context is deprecated
2019-12-02 01:55:24.424 4642 INFO rally.task.runner [-] Task c6103430-c09a-432d-a4ca-44564a0a3d94 | ITER: 17 END: OK
2019-12-02 01:55:24.434 4642 INFO rally.task.runner [-] Task c6103430-c09a-432d-a4ca-44564a0a3d94 | ITER: 31 START
2019-12-02 01:55:24.435 4642 WARNING rally_openstack.scenarios.neutron.utils [-] Running this scenario without either the 'network' or 'existing_network' context is deprecated
2019-12-02 01:55:24.740 4632 INFO rally.task.runner [-] Task c6103430-c09a-432d-a4ca-44564a0a3d94 | ITER: 14 END: OK
2019-12-02 01:55:24.748 4632 INFO rally.task.runner [-] Task c6103430-c09a-432d-a4ca-44564a0a3d94 | ITER: 32 START
2019-12-02 01:55:24.749 4632 WARNING rally_openstack.scenarios.neutron.utils [-] Running this scenario without either the 'network' or 'existing_network' context is deprecated
2019-12-02 01:55:25.195 4605 INFO rally.task.runner [-] Task c6103430-c09a-432d-a4ca-44564a0a3d94 | ITER: 4 END: OK
2019-12-02 01:55:25.202 4605 INFO rally.task.runner [-] Task c6103430-c09a-432d-a4ca-44564a0a3d94 | ITER: 33 START
2019-12-02 01:55:25.203 4605 WARNING rally_openstack.scenarios.neutron.utils [-] Running this scenario without either the 'network' or 'existing_network' context is deprecated
2019-12-02 01:55:25.264 4630 INFO rally.task.runner [-] Task c6103430-c09a-432d-a4ca-44564a0a3d94 | ITER: 13 END: OK
2019-12-02 01:55:25.272 4630 INFO rally.task.runner [-] Task c6103430-c09a-432d-a4ca-44564a0a3d94 | ITER: 34 START
2019-12-02 01:55:25.273 4630 WARNING rally_openstack.scenarios.neutron.utils [-] Running this scenario without either the 'network' or 'existing_network' context is deprecated
2019-12-02 01:55:25.526 4650 INFO rally.task.runner [-] Task c6103430-c09a-432d-a4ca-44564a0a3d94 | ITER: 20 END: OK
2019-12-02 01:55:25.534 4650 INFO rally.task.runner [-] Task c6103430-c09a-432d-a4ca-44564a0a3d94 | ITER: 35 START
2019-12-02 01:55:25.535 4650 WARNING rally_openstack.scenarios.neutron.utils [-] Running this scenario without either the 'network' or 'existing_network' context is deprecated
2019-12-02 01:55:26.220 4626 INFO rally.task.runner [-] Task c6103430-c09a-432d-a4ca-44564a0a3d94 | ITER: 12 END: OK
2019-12-02 01:55:26.227 4626 INFO rally.task.runner [-] Task c6103430-c09a-432d-a4ca-44564a0a3d94 | ITER: 36 START
2019-12-02 01:55:26.228 4626 WARNING rally_openstack.scenarios.neutron.utils [-] Running this scenario without either the 'network' or 'existing_network' context is deprecated
2019-12-02 01:55:26.342 4613 INFO rally.task.runner [-] Task c6103430-c09a-432d-a4ca-44564a0a3d94 | ITER: 7 END: OK
2019-12-02 01:55:26.349 4613 INFO rally.task.runner [-] Task c6103430-c09a-432d-a4ca-44564a0a3d94 | ITER: 37 START
2019-12-02 01:55:26.350 4613 WARNING rally_openstack.scenarios.neutron.utils [-] Running this scenario without either the 'network' or 'existing_network' context is deprecated
2019-12-02 01:55:29.212 4614 INFO rally.task.runner [-] Task c6103430-c09a-432d-a4ca-44564a0a3d94 | ITER: 8 END: OK
2019-12-02 01:55:29.221 4614 INFO rally.task.runner [-] Task c6103430-c09a-432d-a4ca-44564a0a3d94 | ITER: 38 START
2019-12-02 01:55:29.222 4614 WARNING rally_openstack.scenarios.neutron.utils [-] Running this scenario without either the 'network' or 'existing_network' context is deprecated
2019-12-02 01:55:31.299 4646 INFO rally.task.runner [-] Task c6103430-c09a-432d-a4ca-44564a0a3d94 | ITER: 19 END: OK
2019-12-02 01:55:31.307 4646 INFO rally.task.runner [-] Task c6103430-c09a-432d-a4ca-44564a0a3d94 | ITER: 39 START
2019-12-02 01:55:31.308 4646 WARNING rally_openstack.scenarios.neutron.utils [-] Running this scenario without either the 'network' or 'existing_network' context is deprecated
2019-12-02 01:55:34.464 4621 INFO rally.task.runner [-] Task c6103430-c09a-432d-a4ca-44564a0a3d94 | ITER: 10 END: OK
2019-12-02 01:55:34.472 4621 INFO rally.task.runner [-] Task c6103430-c09a-432d-a4ca-44564a0a3d94 | ITER: 40 START
2019-12-02 01:55:34.473 4621 WARNING rally_openstack.scenarios.neutron.utils [-] Running this scenario without either the 'network' or 'existing_network' context is deprecated
2019-12-02 01:56:15.658 4602 INFO rally.task.runner [-] Task c6103430-c09a-432d-a4ca-44564a0a3d94 | ITER: 26 END: OK
2019-12-02 01:56:16.157 4616 INFO rally.task.runner [-] Task c6103430-c09a-432d-a4ca-44564a0a3d94 | ITER: 22 END: OK
2019-12-02 01:56:23.215 4604 INFO rally.task.runner [-] Task c6103430-c09a-432d-a4ca-44564a0a3d94 | ITER: 30 END: OK
2019-12-02 01:56:25.120 4638 INFO rally.task.runner [-] Task c6103430-c09a-432d-a4ca-44564a0a3d94 | ITER: 21 END: OK
2019-12-02 01:56:25.204 4601 INFO rally.task.runner [-] Task c6103430-c09a-432d-a4ca-44564a0a3d94 | ITER: 24 END: OK
2019-12-02 01:56:25.611 4608 INFO rally.task.runner [-] Task c6103430-c09a-432d-a4ca-44564a0a3d94 | ITER: 28 END: OK
2019-12-02 01:56:26.317 4603 INFO rally.task.runner [-] Task c6103430-c09a-432d-a4ca-44564a0a3d94 | ITER: 27 END: OK
2019-12-02 01:56:27.507 4650 INFO rally.task.runner [-] Task c6103430-c09a-432d-a4ca-44564a0a3d94 | ITER: 35 END: OK
2019-12-02 01:56:27.658 4644 INFO rally.task.runner [-] Task c6103430-c09a-432d-a4ca-44564a0a3d94 | ITER: 23 END: OK
2019-12-02 01:56:28.067 4642 INFO rally.task.runner [-] Task c6103430-c09a-432d-a4ca-44564a0a3d94 | ITER: 31 END: OK
2019-12-02 01:56:28.936 4630 INFO rally.task.runner [-] Task c6103430-c09a-432d-a4ca-44564a0a3d94 | ITER: 34 END: OK
2019-12-02 01:56:29.154 4626 INFO rally.task.runner [-] Task c6103430-c09a-432d-a4ca-44564a0a3d94 | ITER: 36 END: OK
2019-12-02 01:56:29.453 4636 INFO rally.task.runner [-] Task c6103430-c09a-432d-a4ca-44564a0a3d94 | ITER: 29 END: OK
2019-12-02 01:56:29.603 4624 INFO rally.task.runner [-] Task c6103430-c09a-432d-a4ca-44564a0a3d94 | ITER: 25 END: OK
2019-12-02 01:56:30.071 4613 INFO rally.task.runner [-] Task c6103430-c09a-432d-a4ca-44564a0a3d94 | ITER: 37 END: OK
2019-12-02 01:56:30.449 4632 INFO rally.task.runner [-] Task c6103430-c09a-432d-a4ca-44564a0a3d94 | ITER: 32 END: OK
2019-12-02 01:56:30.537 4614 INFO rally.task.runner [-] Task c6103430-c09a-432d-a4ca-44564a0a3d94 | ITER: 38 END: OK
2019-12-02 01:56:31.541 4605 INFO rally.task.runner [-] Task c6103430-c09a-432d-a4ca-44564a0a3d94 | ITER: 33 END: OK
2019-12-02 01:56:31.543 4646 INFO rally.task.runner [-] Task c6103430-c09a-432d-a4ca-44564a0a3d94 | ITER: 39 END: OK
2019-12-02 01:56:31.549 4621 INFO rally.task.runner [-] Task c6103430-c09a-432d-a4ca-44564a0a3d94 | ITER: 40 END: OK
2019-12-02 01:56:31.574 15 INFO rally.task.context [-] Task c6103430-c09a-432d-a4ca-44564a0a3d94 | Context cleanup@openstack cleanup() started
2019-12-02 01:56:31.579 15 RALLYDEBUG rally_openstack.cleanup.manager [-] Cleaning up neutron vip objects
2019-12-02 01:56:31.762 15 RALLYDEBUG rally_openstack.cleanup.manager [-] Cleaning up neutron health_monitor objects
2019-12-02 01:56:31.957 15 RALLYDEBUG rally_openstack.cleanup.manager [-] Cleaning up neutron pool objects
2019-12-02 01:56:32.129 15 RALLYDEBUG rally_openstack.cleanup.manager [-] Cleaning up neutron loadbalancer objects
2019-12-02 01:56:32.315 15 RALLYDEBUG rally_openstack.cleanup.manager [-] Cleaning up neutron floatingip objects
2019-12-02 01:56:32.514 15 RALLYDEBUG rally_openstack.cleanup.manager [-] Cleaning up neutron trunk objects
2019-12-02 01:56:32.681 15 DEBUG neutronclient.v2_0.client [-] Error message: {"message": "The resource could not be found.

\n\n\n", "code": "404 Not Found", "title": "Not Found"} _handle_fault_response /usr/lib/python2.7/site-packages/neutronclient/v2_0/client.py:259
2019-12-02 01:56:32.691 15 RALLYDEBUG rally_openstack.cleanup.manager [-] Cleaning up neutron port objects
2019-12-02 01:56:32.917 15 RALLYDEBUG rally_openstack.cleanup.manager [-] Cleaning up neutron subnet objects
2019-12-02 01:56:33.336 15 RALLYDEBUG rally_openstack.cleanup.manager [-] Cleaning up neutron network objects
2019-12-02 01:56:33.758 15 RALLYDEBUG rally_openstack.cleanup.manager [-] Deleting neutron.network object s_rally_0ca1e064_n5RrEr31 (0867528d-97ff-46f7-85c6-94a1f5016550)
2019-12-02 01:56:33.761 15 RALLYDEBUG rally_openstack.cleanup.manager [-] Deleting neutron.network object s_rally_0ca1e064_vm8B1hJ8 (1d911948-a259-4a93-bd66-023ae2686389)
