2019-12-02 01:50:47.265 15 RALLYDEBUG rally_openstack.cleanup.manager [-] Deleting neutron.port object s_rally_4fea4e1f_i8ThpVMu (ec1da3f8-a785-44ac-9727-c085fe5ae497)
2019-12-02 01:50:47.358 15 RALLYDEBUG rally_openstack.cleanup.manager [-] Deleting neutron.port object s_rally_4fea4e1f_2QsMjvd8 (ed0da83d-d346-4f7c-9296-028f588ffb0b)
2019-12-02 01:50:47.729 15 RALLYDEBUG rally_openstack.cleanup.manager [-] Deleting neutron.port object s_rally_4fea4e1f_ZxUry7VM (edc128b7-1c91-4f67-9e33-908ce527e914)
2019-12-02 01:50:48.007 15 RALLYDEBUG rally_openstack.cleanup.manager [-] Deleting neutron.port object s_rally_4fea4e1f_QViUkrUI (edf4869f-3cb8-40cf-91a6-7fef6b753faa)
2019-12-02 01:50:48.056 15 RALLYDEBUG rally_openstack.cleanup.manager [-] Deleting neutron.port object s_rally_4fea4e1f_WXIywr9k (ee1da5dc-57c1-42b1-be76-fb4f2f160f9b)
2019-12-02 01:50:48.871 15 RALLYDEBUG rally_openstack.cleanup.manager [-] Deleting neutron.port object s_rally_4fea4e1f_cfIRRhTm (ee6fe97e-6212-4721-beef-dcbee5768a99)
2019-12-02 01:50:48.878 15 RALLYDEBUG rally_openstack.cleanup.manager [-] Deleting neutron.port object s_rally_4fea4e1f_vPanVejJ (eef224d0-463f-42bb-95db-71f0f27a4210)
2019-12-02 01:50:48.991 15 RALLYDEBUG rally_openstack.cleanup.manager [-] Deleting neutron.port object s_rally_4fea4e1f_i1CHqkuY (efa12ae1-a851-4073-8819-6d4ffab7b1f3)
2019-12-02 01:50:49.232 15 RALLYDEBUG rally_openstack.cleanup.manager [-] Deleting neutron.port object s_rally_4fea4e1f_YDC8VBw0 (f171a964-2cd7-4971-9e08-a8bb83972f30)
2019-12-02 01:50:49.622 15 RALLYDEBUG rally_openstack.cleanup.manager [-] Deleting neutron.port object s_rally_4fea4e1f_CX1JTWM4 (f2a31d7e-648b-47e5-a096-d8554e71b1cf)
2019-12-02 01:50:50.385 15 RALLYDEBUG rally_openstack.cleanup.manager [-] Deleting neutron.port object s_rally_4fea4e1f_1QFnQ1Gb (f30e2967-656a-4bf4-ac2f-acb21d4fb54e)
2019-12-02 01:50:50.450 15 RALLYDEBUG rally_openstack.cleanup.manager [-] Deleting neutron.port object s_rally_4fea4e1f_lFdg0eIP (f3c43d83-cca2-41ab-845e-73537b452d36)
2019-12-02 01:50:50.618 15 RALLYDEBUG rally_openstack.cleanup.manager [-] Deleting neutron.port object s_rally_4fea4e1f_v25bBMWe (f3eb18cd-a13a-4996-9052-c1e56c713c67)
2019-12-02 01:50:50.890 15 RALLYDEBUG rally_openstack.cleanup.manager [-] Deleting neutron.port object s_rally_4fea4e1f_YJo8IAAS (f5d0e3a5-4f18-4a62-9661-3b1c3db6936c)
2019-12-02 01:50:51.272 15 RALLYDEBUG rally_openstack.cleanup.manager [-] Deleting neutron.port object s_rally_4fea4e1f_NbwXSRG4 (f77126e7-2f0a-4420-afb9-72e4f737f9d0)
2019-12-02 01:50:51.364 15 RALLYDEBUG rally_openstack.cleanup.manager [-] Deleting neutron.port object s_rally_4fea4e1f_cu9RN42L (f7e45b07-fce0-4d14-a0fd-d408bf1b4436)
2019-12-02 01:50:51.458 15 RALLYDEBUG rally_openstack.cleanup.manager [-] Deleting neutron.port object s_rally_4fea4e1f_ibclsPT6 (f80e906b-885c-4900-b5a4-99af4c450fd4)
2019-12-02 01:50:51.512 15 RALLYDEBUG rally_openstack.cleanup.manager [-] Deleting neutron.port object s_rally_4fea4e1f_0nO2rKT6 (f89bab7f-d85f-455e-b397-08e5161b7635)
2019-12-02 01:50:51.622 15 RALLYDEBUG rally_openstack.cleanup.manager [-] Deleting neutron.port object s_rally_4fea4e1f_8DHrlr8s (faa3bbf1-db2f-47f6-bb4e-f6db8220cc2b)
2019-12-02 01:50:52.598 15 RALLYDEBUG rally_openstack.cleanup.manager [-] Deleting neutron.port object s_rally_4fea4e1f_wQmm2S3J (fae15efc-974f-4f46-8ebd-92f44ec6aa3f)
2019-12-02 01:50:52.860 15 RALLYDEBUG rally_openstack.cleanup.manager [-] Deleting neutron.port object s_rally_4fea4e1f_4U3OAcT5 (fb013576-7382-4992-b28c-2e8a6c9feba7)
2019-12-02 01:50:52.898 15 RALLYDEBUG rally_openstack.cleanup.manager [-] Deleting neutron.port object s_rally_4fea4e1f_aIgT1Usa (fc247b03-e506-402b-a833-fc5fde1a26c4)
2019-12-02 01:50:52.946 15 RALLYDEBUG rally_openstack.cleanup.manager [-] Deleting neutron.port object s_rally_4fea4e1f_qVhyXlqZ (fcc494ef-3981-4c6f-8373-5be075c3fa98)
2019-12-02 01:50:53.003 15 RALLYDEBUG rally_openstack.cleanup.manager [-] Deleting neutron.port object s_rally_4fea4e1f_iHp8T6e1 (fde0b8e3-642c-4cf3-aecc-724a5cad2dfa)
2019-12-02 01:50:57.804 15 RALLYDEBUG rally_openstack.cleanup.manager [-] Cleaning up neutron subnet objects
2019-12-02 01:50:58.028 15 RALLYDEBUG rally_openstack.cleanup.manager [-] Cleaning up neutron network objects
2019-12-02 01:50:58.378 15 RALLYDEBUG rally_openstack.cleanup.manager [-] Deleting neutron.network object s_rally_4fea4e1f_jqT4fnLz (39884710-187c-4f77-962b-e49cf4840fed)
2019-12-02 01:50:58.390 15 RALLYDEBUG rally_openstack.cleanup.manager [-] Deleting neutron.network object s_rally_4fea4e1f_A4Ohhr8c (4d088f12-5baa-46cd-9cbb-864367893ac2)
2019-12-02 01:50:58.395 15 RALLYDEBUG rally_openstack.cleanup.manager [-] Deleting neutron.network object s_rally_4fea4e1f_tEJuz3Vb (9a0c2550-181f-4bdf-8c33-51901533143f)
2019-12-02 01:50:58.406 15 RALLYDEBUG rally_openstack.cleanup.manager [-] Deleting neutron.network object s_rally_4fea4e1f_bjonEr3t (a1566b03-b6c3-4023-b0ed-87229818a4b4)
2019-12-02 01:50:58.418 15 RALLYDEBUG rally_openstack.cleanup.manager [-] Deleting neutron.network object s_rally_4fea4e1f_WPyfiHgL (a163f285-499e-4bcd-b19f-c92573e73994)
2019-12-02 01:50:58.432 15 RALLYDEBUG rally_openstack.cleanup.manager [-] Deleting neutron.network object s_rally_4fea4e1f_1dJjSTJ0 (ad419927-02c3-4cbc-b49e-068d20e31063)
2019-12-02 01:50:58.442 15 RALLYDEBUG rally_openstack.cleanup.manager [-] Deleting neutron.network object s_rally_4fea4e1f_dZHnHvQQ (b917e887-13a1-43ce-b85f-082d97de35e6)
2019-12-02 01:50:58.453 15 RALLYDEBUG rally_openstack.cleanup.manager [-] Deleting neutron.network object s_rally_4fea4e1f_UivIy9iM (ff40efa9-353f-4671-a576-54a3e65a5796)
2019-12-02 01:51:02.997 15 RALLYDEBUG rally_openstack.cleanup.manager [-] Cleaning up neutron router objects
2019-12-02 01:51:03.241 15 RALLYDEBUG rally_openstack.cleanup.manager [-] Cleaning up neutron security_group objects
2019-12-02 01:51:03.508 15 INFO rally.task.context [-] Task c6103430-c09a-432d-a4ca-44564a0a3d94 | Context cleanup@openstack cleanup() finished in 1.87 min
2019-12-02 01:51:03.509 15 INFO rally.task.context [-] Task c6103430-c09a-432d-a4ca-44564a0a3d94 | Context quotas@openstack cleanup() started
2019-12-02 01:51:03.549 15 INFO rally.task.context [-] Task c6103430-c09a-432d-a4ca-44564a0a3d94 | Context quotas@openstack cleanup() finished in 39.72 msec
2019-12-02 01:51:03.549 15 INFO rally.task.context [-] Task c6103430-c09a-432d-a4ca-44564a0a3d94 | Context users@openstack cleanup() started
2019-12-02 01:51:04.839 15 INFO rally.task.context [-] Task c6103430-c09a-432d-a4ca-44564a0a3d94 | Context users@openstack cleanup() finished in 1.29 sec
2019-12-02 01:51:05.870 15 INFO rally.task.engine [-] Load duration is: 185.71907
2019-12-02 01:51:05.871 15 INFO rally.task.engine [-] Full runner duration is: 185.76938
2019-12-02 01:51:05.871 15 INFO rally.task.engine [-] Full duration is: 300.15148
2019-12-02 01:51:06.215 15 INFO rally.task.engine [-] Running workload: position = 1 config = { "version": 2, "title": "A cropped version of a bigger task.", "description": "Auto-generated task from a single workload (uuid=8a51f4e0-92f3-45aa-9f6b-347132ca610e)", "subtasks": [ { "title": "NeutronNetworks.create_and_update_ports", "description": "Create and update a given number of ports.", "scenario": { "NeutronNetworks.create_and_update_ports": { "network_create_args": {}, "port_create_args": {}, "ports_per_network": 5, "port_update_args": { "admin_state_up": false, "device_id": "dummy_id", "device_owner": "dummy_owner", "name": "_port_updated" } } }, "contexts": { "users": { "tenants": 1, "users_per_tenant": 1 }, "quotas": { "neutron": { "network": -1, "port": -1 } } }, "runner": { "constant": { "times": 40, "concurrency": 20 } }, "hooks": [], "sla": { "failure_rate": { "max": 0 } } } ] }
2019-12-02 01:51:06.241 15 RALLYDEBUG rally_openstack.contexts.keystone.users [-] Creating 1 tenants using 20 threads
2019-12-02 01:51:06.535 15 RALLYDEBUG rally_openstack.contexts.keystone.users [-] Creating 1 users using 20 threads
2019-12-02 01:51:06.916 15 INFO rally.task.context [-] Task c6103430-c09a-432d-a4ca-44564a0a3d94 | Context users@openstack setup() finished in 0.68 sec
2019-12-02 01:51:07.240 15 INFO rally.task.context [-] Task c6103430-c09a-432d-a4ca-44564a0a3d94 | Context quotas@openstack setup() finished in 0.32 sec
2019-12-02 01:51:07.240 15 INFO rally.task.context [-] Task c6103430-c09a-432d-a4ca-44564a0a3d94 | Context cleanup@openstack setup() finished in 0.01 msec
2019-12-02 01:51:07.250 15 RALLYDEBUG rally.task.runner [-] Starting the constant runner (task UUID: c6103430-c09a-432d-a4ca-44564a0a3d94). timeout: 0 concurrency: 20 concurrency_per_worker: 1 times: 40 concurrency_overhead: 0 processes_to_start: 20 max_cpu_used: 88
2019-12-02 01:51:07.263 4199 RALLYDEBUG rally.task.runner [-] Starting a worker. concurrency: 1 args: {"network_create_args": {}, "port_create_args": {}, "ports_per_network": 5, "port_update_args": {"admin_state_up": false, "device_id": "dummy_id", "device_owner": "dummy_owner", "name": "_port_updated"}} times: 40 method_name: run timeout: 0 duration: None cls:
2019-12-02 01:51:07.266 4200 RALLYDEBUG rally.task.runner [-] Starting a worker. concurrency: 1 args: {"network_create_args": {}, "port_create_args": {}, "ports_per_network": 5, "port_update_args": {"admin_state_up": false, "device_id": "dummy_id", "device_owner": "dummy_owner", "name": "_port_updated"}} times: 40 method_name: run timeout: 0 duration: None cls:
2019-12-02 01:51:07.269 4201 RALLYDEBUG rally.task.runner [-] Starting a worker. concurrency: 1 args: {"network_create_args": {}, "port_create_args": {}, "ports_per_network": 5, "port_update_args": {"admin_state_up": false, "device_id": "dummy_id", "device_owner": "dummy_owner", "name": "_port_updated"}} times: 40 method_name: run timeout: 0 duration: None cls:
2019-12-02 01:51:07.270 4199 INFO rally.task.runner [-] Task c6103430-c09a-432d-a4ca-44564a0a3d94 | ITER: 1 START
2019-12-02 01:51:07.271 4199 WARNING rally_openstack.scenarios.neutron.utils [-] Running this scenario without either the 'network' or 'existing_network' context is deprecated
2019-12-02 01:51:07.272 4202 RALLYDEBUG rally.task.runner [-] Starting a worker. concurrency: 1 args: {"network_create_args": {}, "port_create_args": {}, "ports_per_network": 5, "port_update_args": {"admin_state_up": false, "device_id": "dummy_id", "device_owner": "dummy_owner", "name": "_port_updated"}} times: 40 method_name: run timeout: 0 duration: None cls:
2019-12-02 01:51:07.273 4200 INFO rally.task.runner [-] Task c6103430-c09a-432d-a4ca-44564a0a3d94 | ITER: 2 START
2019-12-02 01:51:07.274 4200 WARNING rally_openstack.scenarios.neutron.utils [-] Running this scenario without either the 'network' or 'existing_network' context is deprecated
2019-12-02 01:51:07.279 4203 RALLYDEBUG rally.task.runner [-] Starting a worker. concurrency: 1 args: {"network_create_args": {}, "port_create_args": {}, "ports_per_network": 5, "port_update_args": {"admin_state_up": false, "device_id": "dummy_id", "device_owner": "dummy_owner", "name": "_port_updated"}} times: 40 method_name: run timeout: 0 duration: None cls:
2019-12-02 01:51:07.279 4206 RALLYDEBUG rally.task.runner [-] Starting a worker. concurrency: 1 args: {"network_create_args": {}, "port_create_args": {}, "ports_per_network": 5, "port_update_args": {"admin_state_up": false, "device_id": "dummy_id", "device_owner": "dummy_owner", "name": "_port_updated"}} times: 40 method_name: run timeout: 0 duration: None cls:
2019-12-02 01:51:07.280 4201 INFO rally.task.runner [-] Task c6103430-c09a-432d-a4ca-44564a0a3d94 | ITER: 3 START
2019-12-02 01:51:07.281 4201 WARNING rally_openstack.scenarios.neutron.utils [-] Running this scenario without either the 'network' or 'existing_network' context is deprecated
2019-12-02 01:51:07.282 4210 RALLYDEBUG rally.task.runner [-] Starting a worker. concurrency: 1 args: {"network_create_args": {}, "port_create_args": {}, "ports_per_network": 5, "port_update_args": {"admin_state_up": false, "device_id": "dummy_id", "device_owner": "dummy_owner", "name": "_port_updated"}} times: 40 method_name: run timeout: 0 duration: None cls:
2019-12-02 01:51:07.285 4202 INFO rally.task.runner [-] Task c6103430-c09a-432d-a4ca-44564a0a3d94 | ITER: 4 START
2019-12-02 01:51:07.285 4213 RALLYDEBUG rally.task.runner [-] Starting a worker. concurrency: 1 args: {"network_create_args": {}, "port_create_args": {}, "ports_per_network": 5, "port_update_args": {"admin_state_up": false, "device_id": "dummy_id", "device_owner": "dummy_owner", "name": "_port_updated"}} times: 40 method_name: run timeout: 0 duration: None cls:
2019-12-02 01:51:07.286 4202 WARNING rally_openstack.scenarios.neutron.utils [-] Running this scenario without either the 'network' or 'existing_network' context is deprecated
2019-12-02 01:51:07.287 4206 INFO rally.task.runner [-] Task c6103430-c09a-432d-a4ca-44564a0a3d94 | ITER: 6 START
2019-12-02 01:51:07.288 4206 WARNING rally_openstack.scenarios.neutron.utils [-] Running this scenario without either the 'network' or 'existing_network' context is deprecated
2019-12-02 01:51:07.288 4210 INFO rally.task.runner [-] Task c6103430-c09a-432d-a4ca-44564a0a3d94 | ITER: 7 START
2019-12-02 01:51:07.289 4203 INFO rally.task.runner [-] Task c6103430-c09a-432d-a4ca-44564a0a3d94 | ITER: 5 START
2019-12-02 01:51:07.289 4215 RALLYDEBUG rally.task.runner [-] Starting a worker. concurrency: 1 args: {"network_create_args": {}, "port_create_args": {}, "ports_per_network": 5, "port_update_args": {"admin_state_up": false, "device_id": "dummy_id", "device_owner": "dummy_owner", "name": "_port_updated"}} times: 40 method_name: run timeout: 0 duration: None cls:
2019-12-02 01:51:07.290 4210 WARNING rally_openstack.scenarios.neutron.utils [-] Running this scenario without either the 'network' or 'existing_network' context is deprecated
2019-12-02 01:51:07.290 4203 WARNING rally_openstack.scenarios.neutron.utils [-] Running this scenario without either the 'network' or 'existing_network' context is deprecated
2019-12-02 01:51:07.292 4213 INFO rally.task.runner [-] Task c6103430-c09a-432d-a4ca-44564a0a3d94 | ITER: 8 START
2019-12-02 01:51:07.291 4217 RALLYDEBUG rally.task.runner [-] Starting a worker. concurrency: 1 args: {"network_create_args": {}, "port_create_args": {}, "ports_per_network": 5, "port_update_args": {"admin_state_up": false, "device_id": "dummy_id", "device_owner": "dummy_owner", "name": "_port_updated"}} times: 40 method_name: run timeout: 0 duration: None cls:
2019-12-02 01:51:07.293 4213 WARNING rally_openstack.scenarios.neutron.utils [-] Running this scenario without either the 'network' or 'existing_network' context is deprecated
2019-12-02 01:51:07.294 4221 RALLYDEBUG rally.task.runner [-] Starting a worker. concurrency: 1 args: {"network_create_args": {}, "port_create_args": {}, "ports_per_network": 5, "port_update_args": {"admin_state_up": false, "device_id": "dummy_id", "device_owner": "dummy_owner", "name": "_port_updated"}} times: 40 method_name: run timeout: 0 duration: None cls:
2019-12-02 01:51:07.295 4215 INFO rally.task.runner [-] Task c6103430-c09a-432d-a4ca-44564a0a3d94 | ITER: 9 START
2019-12-02 01:51:07.296 4215 WARNING rally_openstack.scenarios.neutron.utils [-] Running this scenario without either the 'network' or 'existing_network' context is deprecated
2019-12-02 01:51:07.298 4217 INFO rally.task.runner [-] Task c6103430-c09a-432d-a4ca-44564a0a3d94 | ITER: 10 START
2019-12-02 01:51:07.299 4217 WARNING rally_openstack.scenarios.neutron.utils [-] Running this scenario without either the 'network' or 'existing_network' context is deprecated
2019-12-02 01:51:07.298 4224 RALLYDEBUG rally.task.runner [-] Starting a worker. concurrency: 1 args: {"network_create_args": {}, "port_create_args": {}, "ports_per_network": 5, "port_update_args": {"admin_state_up": false, "device_id": "dummy_id", "device_owner": "dummy_owner", "name": "_port_updated"}} times: 40 method_name: run timeout: 0 duration: None cls:
2019-12-02 01:51:07.301 4227 RALLYDEBUG rally.task.runner [-] Starting a worker. concurrency: 1 args: {"network_create_args": {}, "port_create_args": {}, "ports_per_network": 5, "port_update_args": {"admin_state_up": false, "device_id": "dummy_id", "device_owner": "dummy_owner", "name": "_port_updated"}} times: 40 method_name: run timeout: 0 duration: None cls:
2019-12-02 01:51:07.305 4221 INFO rally.task.runner [-] Task c6103430-c09a-432d-a4ca-44564a0a3d94 | ITER: 11 START
2019-12-02 01:51:07.304 4231 RALLYDEBUG rally.task.runner [-] Starting a worker. concurrency: 1 args: {"network_create_args": {}, "port_create_args": {}, "ports_per_network": 5, "port_update_args": {"admin_state_up": false, "device_id": "dummy_id", "device_owner": "dummy_owner", "name": "_port_updated"}} times: 40 method_name: run timeout: 0 duration: None cls:
2019-12-02 01:51:07.305 4224 INFO rally.task.runner [-] Task c6103430-c09a-432d-a4ca-44564a0a3d94 | ITER: 12 START
2019-12-02 01:51:07.306 4221 WARNING rally_openstack.scenarios.neutron.utils [-] Running this scenario without either the 'network' or 'existing_network' context is deprecated
2019-12-02 01:51:07.306 4224 WARNING rally_openstack.scenarios.neutron.utils [-] Running this scenario without either the 'network' or 'existing_network' context is deprecated
2019-12-02 01:51:07.307 4227 INFO rally.task.runner [-] Task c6103430-c09a-432d-a4ca-44564a0a3d94 | ITER: 13 START
2019-12-02 01:51:07.308 4227 WARNING rally_openstack.scenarios.neutron.utils [-] Running this scenario without either the 'network' or 'existing_network' context is deprecated
2019-12-02 01:51:07.308 4234 RALLYDEBUG rally.task.runner [-] Starting a worker. concurrency: 1 args: {"network_create_args": {}, "port_create_args": {}, "ports_per_network": 5, "port_update_args": {"admin_state_up": false, "device_id": "dummy_id", "device_owner": "dummy_owner", "name": "_port_updated"}} times: 40 method_name: run timeout: 0 duration: None cls:
2019-12-02 01:51:07.310 4231 INFO rally.task.runner [-] Task c6103430-c09a-432d-a4ca-44564a0a3d94 | ITER: 14 START
2019-12-02 01:51:07.310 4235 RALLYDEBUG rally.task.runner [-] Starting a worker. concurrency: 1 args: {"network_create_args": {}, "port_create_args": {}, "ports_per_network": 5, "port_update_args": {"admin_state_up": false, "device_id": "dummy_id", "device_owner": "dummy_owner", "name": "_port_updated"}} times: 40 method_name: run timeout: 0 duration: None cls:
2019-12-02 01:51:07.312 4231 WARNING rally_openstack.scenarios.neutron.utils [-] Running this scenario without either the 'network' or 'existing_network' context is deprecated
2019-12-02 01:51:07.313 4241 RALLYDEBUG rally.task.runner [-] Starting a worker. concurrency: 1 args: {"network_create_args": {}, "port_create_args": {}, "ports_per_network": 5, "port_update_args": {"admin_state_up": false, "device_id": "dummy_id", "device_owner": "dummy_owner", "name": "_port_updated"}} times: 40 method_name: run timeout: 0 duration: None cls:
2019-12-02 01:51:07.314 4234 INFO rally.task.runner [-] Task c6103430-c09a-432d-a4ca-44564a0a3d94 | ITER: 15 START
2019-12-02 01:51:07.315 4234 WARNING rally_openstack.scenarios.neutron.utils [-] Running this scenario without either the 'network' or 'existing_network' context is deprecated
2019-12-02 01:51:07.317 4235 INFO rally.task.runner [-] Task c6103430-c09a-432d-a4ca-44564a0a3d94 | ITER: 16 START
2019-12-02 01:51:07.316 4243 RALLYDEBUG rally.task.runner [-] Starting a worker. concurrency: 1 args: {"network_create_args": {}, "port_create_args": {}, "ports_per_network": 5, "port_update_args": {"admin_state_up": false, "device_id": "dummy_id", "device_owner": "dummy_owner", "name": "_port_updated"}} times: 40 method_name: run timeout: 0 duration: None cls:
2019-12-02 01:51:07.318 4235 WARNING rally_openstack.scenarios.neutron.utils [-] Running this scenario without either the 'network' or 'existing_network' context is deprecated
2019-12-02 01:51:07.319 4241 INFO rally.task.runner [-] Task c6103430-c09a-432d-a4ca-44564a0a3d94 | ITER: 17 START
2019-12-02 01:51:07.319 4245 RALLYDEBUG rally.task.runner [-] Starting a worker. concurrency: 1 args: {"network_create_args": {}, "port_create_args": {}, "ports_per_network": 5, "port_update_args": {"admin_state_up": false, "device_id": "dummy_id", "device_owner": "dummy_owner", "name": "_port_updated"}} times: 40 method_name: run timeout: 0 duration: None cls:
2019-12-02 01:51:07.320 4241 WARNING rally_openstack.scenarios.neutron.utils [-] Running this scenario without either the 'network' or 'existing_network' context is deprecated
2019-12-02 01:51:07.322 4248 RALLYDEBUG rally.task.runner [-] Starting a worker. concurrency: 1 args: {"network_create_args": {}, "port_create_args": {}, "ports_per_network": 5, "port_update_args": {"admin_state_up": false, "device_id": "dummy_id", "device_owner": "dummy_owner", "name": "_port_updated"}} times: 40 method_name: run timeout: 0 duration: None cls:
2019-12-02 01:51:07.323 4243 INFO rally.task.runner [-] Task c6103430-c09a-432d-a4ca-44564a0a3d94 | ITER: 18 START
2019-12-02 01:51:07.324 4245 INFO rally.task.runner [-] Task c6103430-c09a-432d-a4ca-44564a0a3d94 | ITER: 19 START
2019-12-02 01:51:07.325 4243 WARNING rally_openstack.scenarios.neutron.utils [-] Running this scenario without either the 'network' or 'existing_network' context is deprecated
2019-12-02 01:51:07.326 4245 WARNING rally_openstack.scenarios.neutron.utils [-] Running this scenario without either the 'network' or 'existing_network' context is deprecated
2019-12-02 01:51:07.327 4248 INFO rally.task.runner [-] Task c6103430-c09a-432d-a4ca-44564a0a3d94 | ITER: 20 START
2019-12-02 01:51:07.328 4248 WARNING rally_openstack.scenarios.neutron.utils [-] Running this scenario without either the 'network' or 'existing_network' context is deprecated
2019-12-02 01:51:49.609 4248 INFO rally.task.runner [-] Task c6103430-c09a-432d-a4ca-44564a0a3d94 | ITER: 20 END: OK
2019-12-02 01:51:49.617 4248 INFO rally.task.runner [-] Task c6103430-c09a-432d-a4ca-44564a0a3d94 | ITER: 21 START
2019-12-02 01:51:49.619 4248 WARNING rally_openstack.scenarios.neutron.utils [-] Running this scenario without either the 'network' or 'existing_network' context is deprecated
2019-12-02 01:51:58.667 4210 INFO rally.task.runner [-] Task c6103430-c09a-432d-a4ca-44564a0a3d94 | ITER: 7 END: OK
2019-12-02 01:51:58.674 4210 INFO rally.task.runner [-] Task c6103430-c09a-432d-a4ca-44564a0a3d94 | ITER: 22 START
2019-12-02 01:51:58.674 4210 WARNING rally_openstack.scenarios.neutron.utils [-] Running this scenario without either the 'network' or 'existing_network' context is deprecated
2019-12-02 01:51:58.881 4243 INFO rally.task.runner [-] Task c6103430-c09a-432d-a4ca-44564a0a3d94 | ITER: 18 END: OK
2019-12-02 01:51:58.890 4243 INFO rally.task.runner [-] Task c6103430-c09a-432d-a4ca-44564a0a3d94 | ITER: 23 START
2019-12-02 01:51:58.891 4243 WARNING rally_openstack.scenarios.neutron.utils [-] Running this scenario without either the 'network' or 'existing_network' context is deprecated
2019-12-02 01:52:01.181 4200 INFO rally.task.runner [-] Task c6103430-c09a-432d-a4ca-44564a0a3d94 | ITER: 2 END: OK
2019-12-02 01:52:01.189 4200 INFO rally.task.runner [-] Task c6103430-c09a-432d-a4ca-44564a0a3d94 | ITER: 24 START
2019-12-02 01:52:01.190 4200 WARNING rally_openstack.scenarios.neutron.utils [-] Running this scenario without either the 'network' or 'existing_network' context is deprecated
2019-12-02 01:52:03.019 4202 INFO rally.task.runner [-] Task c6103430-c09a-432d-a4ca-44564a0a3d94 | ITER: 4 END: OK
2019-12-02 01:52:03.025 4202 INFO rally.task.runner [-] Task c6103430-c09a-432d-a4ca-44564a0a3d94 | ITER: 25 START
2019-12-02 01:52:03.026 4202 WARNING rally_openstack.scenarios.neutron.utils [-] Running this scenario without either the 'network' or 'existing_network' context is deprecated
2019-12-02 01:52:04.093 4221 INFO rally.task.runner [-] Task c6103430-c09a-432d-a4ca-44564a0a3d94 | ITER: 11 END: OK
2019-12-02 01:52:04.099 4221 INFO rally.task.runner [-] Task c6103430-c09a-432d-a4ca-44564a0a3d94 | ITER: 26 START
2019-12-02 01:52:04.101 4221 WARNING rally_openstack.scenarios.neutron.utils [-] Running this scenario without either the 'network' or 'existing_network' context is deprecated
2019-12-02 01:52:04.636 4245 INFO rally.task.runner [-] Task c6103430-c09a-432d-a4ca-44564a0a3d94 | ITER: 19 END: OK
2019-12-02 01:52:04.644 4245 INFO rally.task.runner [-] Task c6103430-c09a-432d-a4ca-44564a0a3d94 | ITER: 27 START
2019-12-02 01:52:04.645 4245 WARNING rally_openstack.scenarios.neutron.utils [-] Running this scenario without either the 'network' or 'existing_network' context is deprecated
2019-12-02 01:52:05.541 4206 INFO rally.task.runner [-] Task c6103430-c09a-432d-a4ca-44564a0a3d94 | ITER: 6 END: OK
2019-12-02 01:52:05.548 4206 INFO rally.task.runner [-] Task c6103430-c09a-432d-a4ca-44564a0a3d94 | ITER: 28 START
2019-12-02 01:52:05.550 4206 WARNING rally_openstack.scenarios.neutron.utils [-] Running this scenario without either the 'network' or 'existing_network' context is deprecated
2019-12-02 01:52:05.822 4201 INFO rally.task.runner [-] Task c6103430-c09a-432d-a4ca-44564a0a3d94 | ITER: 3 END: OK
2019-12-02 01:52:05.828 4201 INFO rally.task.runner [-] Task c6103430-c09a-432d-a4ca-44564a0a3d94 | ITER: 29 START
2019-12-02 01:52:05.829 4201 WARNING rally_openstack.scenarios.neutron.utils [-] Running this scenario without either the 'network' or 'existing_network' context is deprecated
2019-12-02 01:52:05.898 4231 INFO rally.task.runner [-] Task c6103430-c09a-432d-a4ca-44564a0a3d94 | ITER: 14 END: OK
2019-12-02 01:52:05.905 4231 INFO rally.task.runner [-] Task c6103430-c09a-432d-a4ca-44564a0a3d94 | ITER: 30 START
2019-12-02 01:52:05.906 4231 WARNING rally_openstack.scenarios.neutron.utils [-] Running this scenario without either the 'network' or 'existing_network' context is deprecated
2019-12-02 01:52:05.935 4213 INFO rally.task.runner [-] Task c6103430-c09a-432d-a4ca-44564a0a3d94 | ITER: 8 END: OK
2019-12-02 01:52:05.943 4213 INFO rally.task.runner [-] Task c6103430-c09a-432d-a4ca-44564a0a3d94 | ITER: 31 START
2019-12-02 01:52:05.945 4213 WARNING rally_openstack.scenarios.neutron.utils [-] Running this scenario without either the 'network' or 'existing_network' context is deprecated
2019-12-02 01:52:06.387 4241 INFO rally.task.runner [-] Task c6103430-c09a-432d-a4ca-44564a0a3d94 | ITER: 17 END: OK
2019-12-02 01:52:06.394 4241 INFO rally.task.runner [-] Task c6103430-c09a-432d-a4ca-44564a0a3d94 | ITER: 32 START
2019-12-02 01:52:06.395 4241 WARNING rally_openstack.scenarios.neutron.utils [-] Running this scenario without either the 'network' or 'existing_network' context is deprecated
2019-12-02 01:52:06.723 4217 INFO rally.task.runner [-] Task c6103430-c09a-432d-a4ca-44564a0a3d94 | ITER: 10 END: OK
2019-12-02 01:52:06.730 4217 INFO rally.task.runner [-] Task c6103430-c09a-432d-a4ca-44564a0a3d94 | ITER: 33 START
2019-12-02 01:52:06.731 4217 WARNING rally_openstack.scenarios.neutron.utils [-] Running this scenario without either the 'network' or 'existing_network' context is deprecated
2019-12-02 01:52:07.756 4235 INFO rally.task.runner [-] Task c6103430-c09a-432d-a4ca-44564a0a3d94 | ITER: 16 END: OK
2019-12-02 01:52:07.763 4235 INFO rally.task.runner [-] Task c6103430-c09a-432d-a4ca-44564a0a3d94 | ITER: 34 START
2019-12-02 01:52:07.764 4235 WARNING rally_openstack.scenarios.neutron.utils [-] Running this scenario without either the 'network' or 'existing_network' context is deprecated
2019-12-02 01:52:08.067 4203 INFO rally.task.runner [-] Task c6103430-c09a-432d-a4ca-44564a0a3d94 | ITER: 5 END: OK
2019-12-02 01:52:08.075 4203 INFO rally.task.runner [-] Task c6103430-c09a-432d-a4ca-44564a0a3d94 | ITER: 35 START
2019-12-02 01:52:08.076 4203 WARNING rally_openstack.scenarios.neutron.utils [-] Running this scenario without either the 'network' or 'existing_network' context is deprecated
2019-12-02 01:52:09.893 4224 INFO rally.task.runner [-] Task c6103430-c09a-432d-a4ca-44564a0a3d94 | ITER: 12 END: OK
2019-12-02 01:52:09.901 4224 INFO rally.task.runner [-] Task c6103430-c09a-432d-a4ca-44564a0a3d94 | ITER: 36 START
2019-12-02 01:52:09.902 4224 WARNING rally_openstack.scenarios.neutron.utils [-] Running this scenario without either the 'network' or 'existing_network' context is deprecated
2019-12-02 01:52:09.937 4199 INFO rally.task.runner [-] Task c6103430-c09a-432d-a4ca-44564a0a3d94 | ITER: 1 END: OK
2019-12-02 01:52:09.944 4199 INFO rally.task.runner [-] Task c6103430-c09a-432d-a4ca-44564a0a3d94 | ITER: 37 START
2019-12-02 01:52:09.945 4199 WARNING rally_openstack.scenarios.neutron.utils [-] Running this scenario without either the 'network' or 'existing_network' context is deprecated
2019-12-02 01:52:11.378 4234 INFO rally.task.runner [-] Task c6103430-c09a-432d-a4ca-44564a0a3d94 | ITER: 15 END: OK
2019-12-02 01:52:11.385 4234 INFO rally.task.runner [-] Task c6103430-c09a-432d-a4ca-44564a0a3d94 | ITER: 38 START
2019-12-02 01:52:11.387 4234 WARNING rally_openstack.scenarios.neutron.utils [-] Running this scenario without either the 'network' or 'existing_network' context is deprecated
2019-12-02 01:52:14.084 4215 INFO rally.task.runner [-] Task c6103430-c09a-432d-a4ca-44564a0a3d94 | ITER: 9 END: OK
2019-12-02 01:52:14.093 4215 INFO rally.task.runner [-] Task c6103430-c09a-432d-a4ca-44564a0a3d94 | ITER: 39 START
2019-12-02 01:52:14.094 4215 WARNING rally_openstack.scenarios.neutron.utils [-] Running this scenario without either the 'network' or 'existing_network' context is deprecated
2019-12-02 01:52:14.288 4227 INFO rally.task.runner [-] Task c6103430-c09a-432d-a4ca-44564a0a3d94 | ITER: 13 END: OK
2019-12-02 01:52:14.298 4227 INFO rally.task.runner [-] Task c6103430-c09a-432d-a4ca-44564a0a3d94 | ITER: 40 START
2019-12-02 01:52:14.299 4227 WARNING rally_openstack.scenarios.neutron.utils [-] Running this scenario without either the 'network' or 'existing_network' context is deprecated
2019-12-02 01:52:51.179 4200 INFO rally.task.runner [-] Task c6103430-c09a-432d-a4ca-44564a0a3d94 | ITER: 24 END: OK
2019-12-02 01:52:52.199 4248 INFO rally.task.runner [-] Task c6103430-c09a-432d-a4ca-44564a0a3d94 | ITER: 21 END: OK
2019-12-02 01:52:56.034 4235 INFO rally.task.runner [-] Task c6103430-c09a-432d-a4ca-44564a0a3d94 | ITER: 34 END: OK
2019-12-02 01:52:57.430 4243 INFO rally.task.runner [-] Task c6103430-c09a-432d-a4ca-44564a0a3d94 | ITER: 23 END: OK
2019-12-02 01:52:57.931 4199 INFO rally.task.runner [-] Task c6103430-c09a-432d-a4ca-44564a0a3d94 | ITER: 37 END: OK
2019-12-02 01:53:00.338 4202 INFO rally.task.runner [-] Task c6103430-c09a-432d-a4ca-44564a0a3d94 | ITER: 25 END: OK
2019-12-02 01:53:00.542 4210 INFO rally.task.runner [-] Task c6103430-c09a-432d-a4ca-44564a0a3d94 | ITER: 22 END: OK
2019-12-02 01:53:00.952 4221 INFO rally.task.runner [-] Task c6103430-c09a-432d-a4ca-44564a0a3d94 | ITER: 26 END: OK
2019-12-02 01:53:01.088 4217 INFO rally.task.runner [-] Task c6103430-c09a-432d-a4ca-44564a0a3d94 | ITER: 33 END: OK
2019-12-02 01:53:02.878 4245 INFO rally.task.runner [-] Task c6103430-c09a-432d-a4ca-44564a0a3d94 | ITER: 27 END: OK
2019-12-02 01:53:03.133 4213 INFO rally.task.runner [-] Task c6103430-c09a-432d-a4ca-44564a0a3d94 | ITER: 31 END: OK
2019-12-02 01:53:03.265 4231 INFO rally.task.runner [-] Task c6103430-c09a-432d-a4ca-44564a0a3d94 | ITER: 30 END: OK
2019-12-02 01:53:03.639 4206 INFO rally.task.runner [-] Task c6103430-c09a-432d-a4ca-44564a0a3d94 | ITER: 28 END: OK
2019-12-02 01:53:03.797 4201 INFO rally.task.runner [-] Task c6103430-c09a-432d-a4ca-44564a0a3d94 | ITER: 29 END: OK
2019-12-02 01:53:03.941 4203 INFO rally.task.runner [-] Task c6103430-c09a-432d-a4ca-44564a0a3d94 | ITER: 35 END: OK
2019-12-02 01:53:03.995 4224 INFO rally.task.runner [-] Task c6103430-c09a-432d-a4ca-44564a0a3d94 | ITER: 36 END: OK
2019-12-02 01:53:04.270 4241 INFO rally.task.runner [-] Task c6103430-c09a-432d-a4ca-44564a0a3d94 | ITER: 32 END: OK
2019-12-02 01:53:04.495 4215 INFO rally.task.runner [-] Task c6103430-c09a-432d-a4ca-44564a0a3d94 | ITER: 39 END: OK
2019-12-02 01:53:05.596 4234 INFO rally.task.runner [-] Task c6103430-c09a-432d-a4ca-44564a0a3d94 | ITER: 38 END: OK
2019-12-02 01:53:05.616 4227 INFO rally.task.runner [-] Task c6103430-c09a-432d-a4ca-44564a0a3d94 | ITER: 40 END: OK
2019-12-02 01:53:05.638 15 INFO rally.task.context [-] Task c6103430-c09a-432d-a4ca-44564a0a3d94 | Context cleanup@openstack cleanup() started
2019-12-02 01:53:05.642 15 RALLYDEBUG rally_openstack.cleanup.manager [-] Cleaning up neutron vip objects
2019-12-02 01:53:05.870 15 RALLYDEBUG rally_openstack.cleanup.manager [-] Cleaning up neutron health_monitor objects
2019-12-02 01:53:06.092 15 RALLYDEBUG rally_openstack.cleanup.manager [-] Cleaning up neutron pool objects
2019-12-02 01:53:06.301 15 RALLYDEBUG rally_openstack.cleanup.manager [-] Cleaning up neutron loadbalancer objects
2019-12-02 01:53:06.473 15 RALLYDEBUG rally_openstack.cleanup.manager [-] Cleaning up neutron floatingip objects
2019-12-02 01:53:06.707 15 RALLYDEBUG rally_openstack.cleanup.manager [-] Cleaning up neutron trunk objects
2019-12-02 01:53:06.881 15 DEBUG neutronclient.v2_0.client [-] Error message: {"message": "The resource could not be found.

\n\n\n", "code": "404 Not Found", "title": "Not Found"} _handle_fault_response /usr/lib/python2.7/site-packages/neutronclient/v2_0/client.py:259
2019-12-02 01:53:06.890 15 RALLYDEBUG rally_openstack.cleanup.manager [-] Cleaning up neutron port objects
2019-12-02 01:53:07.918 15 RALLYDEBUG rally_openstack.cleanup.manager [-] Deleting neutron.port object s_rally_8a51f4e0_m7lIwNGg (008f9337-30b7-4d45-a4ab-52cd35d649b8)
2019-12-02 01:53:07.928 15 RALLYDEBUG rally_openstack.cleanup.manager [-] Deleting neutron.port object s_rally_8a51f4e0_4XeOw1u3 (00d62626-b9d9-4d37-8b21-b45df283433b)
2019-12-02 01:53:07.929 15 RALLYDEBUG rally_openstack.cleanup.manager [-] Deleting neutron.port object s_rally_8a51f4e0_uoStvrkK (043afe12-b74c-4b7e-bc72-537ffe33bbd2)
2019-12-02 01:53:07.930 15 RALLYDEBUG rally_openstack.cleanup.manager [-] Deleting neutron.port object s_rally_8a51f4e0_jbMm0ptm (039a1503-6c54-46e1-a017-38da6af4e120)
2019-12-02 01:53:07.930 15 RALLYDEBUG rally_openstack.cleanup.manager [-] Deleting neutron.port object s_rally_8a51f4e0_TAw2Lu2v (02c19276-e5d5-4b78-b351-471734e8bef0)
2019-12-02 01:53:07.936 15 RALLYDEBUG rally_openstack.cleanup.manager [-] Deleting neutron.port object s_rally_8a51f4e0_3Q4cF8gJ (00889ffb-e25c-4ec4-b877-f57458cc8c01)
2019-12-02 01:53:07.945 15 RALLYDEBUG rally_openstack.cleanup.manager [-] Deleting neutron.port object s_rally_8a51f4e0_6nxDozz7 (0517e082-90f4-4864-a30e-6c545093c6c6)
2019-12-02 01:53:07.953 15 RALLYDEBUG rally_openstack.cleanup.manager [-] Deleting neutron.port object s_rally_8a51f4e0_B4njRoI5 (0672df9e-7b2a-4982-9847-70d9c9086a4c)
2019-12-02 01:53:07.957 15 RALLYDEBUG rally_openstack.cleanup.manager [-] Deleting neutron.port object s_rally_8a51f4e0_tleCqpNO (08531068-eab4-499e-bbc3-1478e0868620)
2019-12-02 01:53:07.965 15 RALLYDEBUG rally_openstack.cleanup.manager [-] Deleting neutron.port object s_rally_8a51f4e0_iUzTmXhN (0a073d09-e617-40e7-b8cf-8e5d467d5871)
2019-12-02 01:53:07.977 15 RALLYDEBUG rally_openstack.cleanup.manager [-] Deleting neutron.port object s_rally_8a51f4e0_1NxnWL7S (0a5557c7-9e4d-466d-a17f-8be01c4a1512)
2019-12-02 01:53:07.980 15 RALLYDEBUG rally_openstack.cleanup.manager [-] Deleting neutron.port object s_rally_8a51f4e0_YiUW3HIL (0b2710ac-e716-4e1a-848d-57ed12e10cab)
2019-12-02 01:53:08.059 15 RALLYDEBUG rally_openstack.cleanup.manager [-] Deleting neutron.port object s_rally_8a51f4e0_igAKnsEz (0fe4ac74-05ce-4a65-8fc4-c2c55c953425)
2019-12-02 01:53:08.072 15 RALLYDEBUG rally_openstack.cleanup.manager [-] Deleting neutron.port object s_rally_8a51f4e0_TbIY3CDN (12d367f5-a7e1-4a69-b893-7eea71bed5e7)
2019-12-02 01:53:08.084 15 RALLYDEBUG rally_openstack.cleanup.manager [-] Deleting neutron.port object s_rally_8a51f4e0_2iWZKJ0Q (10b03034-60fb-4c73-b032-1891ba1bccc1)
2019-12-02 01:53:08.095 15 RALLYDEBUG rally_openstack.cleanup.manager [-] Deleting neutron.port object s_rally_8a51f4e0_hUb24TXt (0fac4cdc-234f-4142-87da-61411894e73c)
2019-12-02 01:53:08.114 15 RALLYDEBUG rally_openstack.cleanup.manager [-] Deleting neutron.port object s_rally_8a51f4e0_bqYANG5t (123ff879-98a2-4a7c-a934-e07fe9c08457)
2019-12-02 01:53:08.124 15 RALLYDEBUG rally_openstack.cleanup.manager [-] Deleting neutron.port object s_rally_8a51f4e0_7vZyKZS4 (1720e929-9c02-4fa9-a734-06aabd3a9481)
2019-12-02 01:53:08.156 15 RALLYDEBUG rally_openstack.cleanup.manager [-] Deleting neutron.port object s_rally_8a51f4e0_1HZw67zu (13c33a38-d1f9-400b-87ad-4f47ce396c38)
2019-12-02 01:53:08.188 15 RALLYDEBUG rally_openstack.cleanup.manager [-] Deleting neutron.port object s_rally_8a51f4e0_FKJFaFlA (140e96e3-2d36-47fc-ae40-88b6cfdeae9e)
2019-12-02 01:53:10.902 15 RALLYDEBUG rally_openstack.cleanup.manager [-] Deleting neutron.port object s_rally_8a51f4e0_pCBxqn9B (1781949d-9df9-48a3-8cee-a5eb3c07f22f)
2019-12-02 01:53:11.520 15 RALLYDEBUG rally_openstack.cleanup.manager [-] Deleting neutron.port object s_rally_8a51f4e0_kJjlQ9Kh (1a5a0f4d-5e00-4c48-8332-adf29a2f1526)
2019-12-02 01:53:11.556 15 RALLYDEBUG rally_openstack.cleanup.manager [-] Deleting neutron.port object s_rally_8a51f4e0_2pjC3BeY (1d0df016-2362-41bd-8315-cdf8d3fd3da8)
2019-12-02 01:53:12.183 15 RALLYDEBUG rally_openstack.cleanup.manager [-] Deleting neutron.port object s_rally_8a51f4e0_8lAXFA32 (1e790c24-d333-4782-98c7-d752caaeb889)
2019-12-02 01:53:12.918 15 RALLYDEBUG rally_openstack.cleanup.manager [-] Deleting neutron.port object s_rally_8a51f4e0_38EyajuK (2109e0d6-cde6-47d9-9f38-78a981134093)
2019-12-02 01:53:12.965 15 RALLYDEBUG rally_openstack.cleanup.manager [-] Deleting neutron.port object s_rally_8a51f4e0_bE7TvYCD (21d397f8-0fd5-4194-ac38-06aa37d53a22)
2019-12-02 01:53:13.302 15 RALLYDEBUG rally_openstack.cleanup.manager [-] Deleting neutron.port object s_rally_8a51f4e0_XEFpmlhF (26878622-d0db-49b5-8772-22fee6457303)
2019-12-02 01:53:13.408 15 RALLYDEBUG rally_openstack.cleanup.manager [-] Deleting neutron.port object s_rally_8a51f4e0_VyyyIQWH (28d627ef-0c83-44c5-be2b-ae8c45ebbeb9)
2019-12-02 01:53:13.416 15 RALLYDEBUG rally_openstack.cleanup.manager [-] Deleting neutron.port object s_rally_8a51f4e0_xyk8AcIB (2b089c26-c331-428c-a999-3ff98bbeab78)
2019-12-02 01:53:13.674 15 RALLYDEBUG rally_openstack.cleanup.manager [-] Deleting neutron.port object s_rally_8a51f4e0_3T1ZPz8V (2c740a26-04df-430f-8a49-d820aeb36368)
2019-12-02 01:53:14.589 15 RALLYDEBUG rally_openstack.cleanup.manager [-] Deleting neutron.port object s_rally_8a51f4e0_0rw3fnLK (2e5ee507-4a9a-41e9-8818-d1bd344e22ad)
2019-12-02 01:53:14.686 15 RALLYDEBUG rally_openstack.cleanup.manager [-] Deleting neutron.port object s_rally_8a51f4e0_hFV5Np1t (2f7d0d9c-1479-4d64-8f8f-1f89ee5162e9)
2019-12-02 01:53:14.886 15 RALLYDEBUG rally_openstack.cleanup.manager [-] Deleting neutron.port object s_rally_8a51f4e0_OV6P0FzS (30811ef7-164a-485e-a37f-18510440aa10)
2019-12-02 01:53:15.196 15 RALLYDEBUG rally_openstack.cleanup.manager [-] Deleting neutron.port object s_rally_8a51f4e0_hIVNe1NX (32ac0cf2-68f1-45cc-a33c-9221749cfba8)
2019-12-02 01:53:15.204 15 RALLYDEBUG rally_openstack.cleanup.manager [-] Deleting neutron.port object s_rally_8a51f4e0_o4fBTTcp (35587676-ed82-4219-b8a4-82c858c6023d)
2019-12-02 01:53:15.204 15 RALLYDEBUG rally_openstack.cleanup.manager [-] Deleting neutron.port object s_rally_8a51f4e0_M3DKZXXG (3267774c-caab-41b1-9722-8fc2a78e0668)
2019-12-02 01:53:15.208 15 RALLYDEBUG rally_openstack.cleanup.manager [-] Deleting neutron.port object s_rally_8a51f4e0_kFYBTO9W (349a2303-57af-4290-a769-ed273b5155af)
2019-12-02 01:53:15.212 15 RALLYDEBUG rally_openstack.cleanup.manager [-] Deleting neutron.port object s_rally_8a51f4e0_TxIDTIFF (359eca09-d568-42ef-aedc-ee4cbedbfeee)
2019-12-02 01:53:15.240 15 RALLYDEBUG rally_openstack.cleanup.manager [-] Deleting neutron.port object s_rally_8a51f4e0_Nc6pE7DN (36bb8cff-f495-4713-b2c7-3cb721f418b3)
2019-12-02 01:53:15.248 15 RALLYDEBUG rally_openstack.cleanup.manager [-] Deleting neutron.port object s_rally_8a51f4e0_WVfkz4TW (38192749-6019-491c-a3c1-b99a5ecec965)
2019-12-02 01:53:15.356 15 RALLYDEBUG rally_openstack.cleanup.manager [-] Deleting neutron.port object s_rally_8a51f4e0_tKXffWP0 (39fb0802-4717-4798-8ea5-ff38416d121c)
2019-12-02 01:53:15.434 15 RALLYDEBUG rally_openstack.cleanup.manager [-] Deleting neutron.port object s_rally_8a51f4e0_KLaLDcl6 (3aa7a371-9295-4cd8-ae63-fcec3e7ec382)
2019-12-02 01:53:15.522 15 RALLYDEBUG rally_openstack.cleanup.manager [-] Deleting neutron.port object s_rally_8a51f4e0_cyBMEAee (3ba797ac-7721-427a-8bec-8a35eaf230d3)
2019-12-02 01:53:15.779 15 RALLYDEBUG rally_openstack.cleanup.manager [-] Deleting neutron.port object s_rally_8a51f4e0_sGqtJ2LZ (3bce7a7d-3b6a-4702-898f-d2d9fa9b3c8c)
2019-12-02 01:53:16.457 15 RALLYDEBUG rally_openstack.cleanup.manager [-] Deleting neutron.port object s_rally_8a51f4e0_44RzmvFo (3d7bdd91-6a4a-403b-a17a-a259ed11543c)
2019-12-02 01:53:17.366 15 RALLYDEBUG rally_openstack.cleanup.manager [-] Deleting neutron.port object s_rally_8a51f4e0_QZDtRBIg (3f1f9bfe-9f47-4b5c-8ac4-68c1f3b2f590)
2019-12-02 01:53:17.844 15 RALLYDEBUG rally_openstack.cleanup.manager [-] Deleting neutron.port object s_rally_8a51f4e0_6v0PQuFw (4010b2a3-bce3-4b5d-bccf-a7cd24fae5c5)
2019-12-02 01:53:17.925 15 RALLYDEBUG rally_openstack.cleanup.manager [-] Deleting neutron.port object s_rally_8a51f4e0_fibIfnaT (40e41539-bbb3-4c84-86e1-6bc29613561d)
2019-12-02 01:53:18.991 15 RALLYDEBUG rally_openstack.cleanup.manager [-] Deleting neutron.port object s_rally_8a51f4e0_8MnmVC4O (41837cc5-8651-4875-952d-d218c851becb)
2019-12-02 01:53:19.034 15 RALLYDEBUG rally_openstack.cleanup.manager [-] Deleting neutron.port object s_rally_8a51f4e0_BTHai3fz (42a24df2-fc75-4758-a71d-f956e29f9988)
2019-12-02 01:53:19.038 15 RALLYDEBUG rally_openstack.cleanup.manager [-] Deleting neutron.port object s_rally_8a51f4e0_C7nbeeTx (4354bf0e-696a-47f5-a61e-38f28425df11)
2019-12-02 01:53:19.066 15 RALLYDEBUG rally_openstack.cleanup.manager [-] Deleting neutron.port object s_rally_8a51f4e0_c6D0bDKK (4383a7a1-296c-440b-87b5-5266b8b295a5)
2019-12-02 01:53:19.089 15 RALLYDEBUG rally_openstack.cleanup.manager [-] Deleting neutron.port object s_rally_8a51f4e0_p1HmXheW (451f059e-75bf-480f-b3ad-31eed1f9122e)
2019-12-02 01:53:19.093 15 RALLYDEBUG rally_openstack.cleanup.manager [-] Deleting neutron.port object s_rally_8a51f4e0_7RgA2pbk (45a3678e-6c9b-4bd9-be4c-c2491afad4bc)
2019-12-02 01:53:19.450 15 RALLYDEBUG rally_openstack.cleanup.manager [-] Deleting neutron.port object s_rally_8a51f4e0_0R8XBV0y (46f6f827-e07e-456a-bf89-c24c383758f8)
2019-12-02 01:53:19.522 15 RALLYDEBUG rally_openstack.cleanup.manager [-] Deleting neutron.port object s_rally_8a51f4e0_8F6knJoA (49476495-a5ae-4194-b2ba-a1df1ed5dc95)
2019-12-02 01:53:19.538 15 RALLYDEBUG rally_openstack.cleanup.manager [-] Deleting neutron.port object s_rally_8a51f4e0_TATVVVkn (4ca01af3-db61-4ace-ab94-06de77c741f8)
2019-12-02 01:53:19.548 15 RALLYDEBUG rally_openstack.cleanup.manager [-] Deleting neutron.port object s_rally_8a51f4e0_GkeYsH7D (4e749bad-ea2e-4091-98b9-798b0b2b29fd)
2019-12-02 01:53:20.157 15 RALLYDEBUG rally_openstack.cleanup.manager [-] Deleting neutron.port object s_rally_8a51f4e0_gpHKA0Yp (4fe3c92b-533c-40dd-aed3-13c69d331f1a)
2019-12-02 01:53:20.803 15 RALLYDEBUG rally_openstack.cleanup.manager [-] Deleting neutron.port object s_rally_8a51f4e0_9D5qdmoU (520a019e-74f1-404e-a949-ae9295c8654a)
2019-12-02 01:53:21.881 15 RALLYDEBUG rally_openstack.cleanup.manager [-] Deleting neutron.port object s_rally_8a51f4e0_4N7S6eFO (551d578f-0d40-47e8-a1ff-0663398fc8d5)
2019-12-02 01:53:21.926 15 RALLYDEBUG rally_openstack.cleanup.manager [-] Deleting neutron.port object s_rally_8a51f4e0_LVWNGVi0 (55d1b8b2-8630-4f26-b119-acfed94b2131)
2019-12-02 01:53:22.064 15 RALLYDEBUG rally_openstack.cleanup.manager [-] Deleting neutron.port object s_rally_8a51f4e0_DStZkyCK (56d6eff1-df8d-419c-9d57-2a6272de7c61)
2019-12-02 01:53:22.097 15 RALLYDEBUG rally_openstack.cleanup.manager [-] Deleting neutron.port object s_rally_8a51f4e0_hi2ashsF (58e3b701-b94e-4579-8d2f-2b8a44e0daef)
2019-12-02 01:53:22.154 15 RALLYDEBUG rally_openstack.cleanup.manager [-] Deleting neutron.port object s_rally_8a51f4e0_vJkPUL2F (5ad9dd22-65d1-4fad-b747-54178f62fa14)
2019-12-02 01:53:22.198 15 RALLYDEBUG rally_openstack.cleanup.manager [-] Deleting neutron.port object s_rally_8a51f4e0_Zvpxj5au (5c3bd27e-2a55-4a64-b5b7-175b381444e0)
2019-12-02 01:53:22.227 15 RALLYDEBUG rally_openstack.cleanup.manager [-] Deleting neutron.port object s_rally_8a51f4e0_5GtGgJkH (5c5270f5-da09-4015-a1d3-4602905c25b7)
2019-12-02 01:53:22.233 15 RALLYDEBUG rally_openstack.cleanup.manager [-] Deleting neutron.port object s_rally_8a51f4e0_fSJjAa3h (5d130cea-7725-43af-bdca-0e0b6f200015)
2019-12-02 01:53:22.926 15 RALLYDEBUG rally_openstack.cleanup.manager [-] Deleting neutron.port object s_rally_8a51f4e0_dNKiDliu (630d98bb-eb36-457a-8575-2f2584889cef)
2019-12-02 01:53:23.244 15 RALLYDEBUG rally_openstack.cleanup.manager [-] Deleting neutron.port object s_rally_8a51f4e0_dDvgkfLy (640143cf-d9f6-45e7-b502-f3ec36e695ad)
2019-12-02 01:53:23.245 15 RALLYDEBUG rally_openstack.cleanup.manager [-] Deleting neutron.port object s_rally_8a51f4e0_FqzYaCWr (64a6eef0-9570-4c8f-b4f5-f276a4c3fe09)
2019-12-02 01:53:23.318 15 RALLYDEBUG rally_openstack.cleanup.manager [-] Deleting neutron.port object s_rally_8a51f4e0_UVg1YSj8 (67fbcaed-c822-4c9f-b758-ccaeae16a0d8)
2019-12-02 01:53:23.723 15 RALLYDEBUG rally_openstack.cleanup.manager [-] Deleting neutron.port object s_rally_8a51f4e0_ZqXmCHSB (6915fcfe-dae2-42f6-afc0-de14e464c763)
2019-12-02 01:53:23.933 15 RALLYDEBUG rally_openstack.cleanup.manager [-] Deleting neutron.port object s_rally_8a51f4e0_qu34Wc6M (698f3408-de62-4c8d-a7de-2029c3c703a7)
2019-12-02 01:53:24.382 15 RALLYDEBUG rally_openstack.cleanup.manager [-] Deleting neutron.port object s_rally_8a51f4e0_646HZmm9 (6c85e1c8-08ab-4a45-81b1-d97f6b437e3c)
2019-12-02 01:53:24.767 15 RALLYDEBUG rally_openstack.cleanup.manager [-] Deleting neutron.port object s_rally_8a51f4e0_dHU6HHf6 (6cc449bf-f89a-4868-a827-6770832f0738)
2019-12-02 01:53:25.041 15 RALLYDEBUG rally_openstack.cleanup.manager [-] Deleting neutron.port object s_rally_8a51f4e0_1QEpVZNK (71c9fda7-2db7-4d6e-9b02-d469f25d78dc)
2019-12-02 01:53:25.626 15 RALLYDEBUG rally_openstack.cleanup.manager [-] Deleting neutron.port object s_rally_8a51f4e0_rg2aPuFv (71cc60eb-1674-4c4a-9b52-a0f259b0a91d)
2019-12-02 01:53:25.706 15 RALLYDEBUG rally_openstack.cleanup.manager [-] Deleting neutron.port object s_rally_8a51f4e0_NJKGU7V7 (7256e912-1a29-4da9-9c26-34ab7c1e580c)
2019-12-02 01:53:25.730 15 RALLYDEBUG rally_openstack.cleanup.manager [-] Deleting neutron.port object s_rally_8a51f4e0_IXe99sgm (73a3e3c7-c104-4d3e-b938-7c643a179d9f)
2019-12-02 01:53:25.778 15 RALLYDEBUG rally_openstack.cleanup.manager [-] Deleting neutron.port object s_rally_8a51f4e0_Tu7lsOBK (73e1f21f-c0ae-4fdf-ba67-1b2301b99a81)
2019-12-02 01:53:25.865 15 RALLYDEBUG rally_openstack.cleanup.manager [-] Deleting neutron.port object s_rally_8a51f4e0_82EDTYIb (74da5eef-4908-4613-80f7-6523f98f4d21)
2019-12-02 01:53:25.987 15 RALLYDEBUG rally_openstack.cleanup.manager [-] Deleting neutron.port object s_rally_8a51f4e0_lOZzx5kS (76f4f6a8-fb0e-4215-a1b5-ca672f875577)
2019-12-02 01:53:26.905 15 RALLYDEBUG rally_openstack.cleanup.manager [-] Deleting neutron.port object s_rally_8a51f4e0_uOfTLGdA (7992f7b5-b399-4050-9c98-f4cfa676a5d5)
2019-12-02 01:53:26.995 15 RALLYDEBUG rally_openstack.cleanup.manager [-] Deleting neutron.port object s_rally_8a51f4e0_aemI2RxE (7a7b9c68-385d-4b6e-b5d4-3f5c2e9251fe)
2019-12-02 01:53:27.059 15 RALLYDEBUG rally_openstack.cleanup.manager [-] Deleting neutron.port object s_rally_8a51f4e0_7Ik7QVs1 (7cd7eca4-a7ab-4db5-9543-ce2faf8be2cb)
2019-12-02 01:53:27.347 15 RALLYDEBUG rally_openstack.cleanup.manager [-] Deleting neutron.port object s_rally_8a51f4e0_qMMugstv (7d153934-7977-43af-9e2e-b9b61d548b90)
2019-12-02 01:53:27.931 15 RALLYDEBUG rally_openstack.cleanup.manager [-] Deleting neutron.port object s_rally_8a51f4e0_RgfaOzhX (7dadfff0-a024-40d7-973b-e2aa0a16e296)
2019-12-02 01:53:28.065 15 RALLYDEBUG rally_openstack.cleanup.manager [-] Deleting neutron.port object s_rally_8a51f4e0_keW9Ilh4 (7f90b195-0a82-48f3-8f2f-e447de81f281)
2019-12-02 01:53:28.839 15 RALLYDEBUG rally_openstack.cleanup.manager [-] Deleting neutron.port object s_rally_8a51f4e0_x1spXG2i (7ff6d1cc-22a9-4483-aa1b-146644d17352)
2019-12-02 01:53:28.850 15 RALLYDEBUG rally_openstack.cleanup.manager [-] Deleting neutron.port object s_rally_8a51f4e0_gvxkTn9z (8204c609-2b27-44fa-bf19-b98712e4183e)
2019-12-02 01:53:28.905 15 RALLYDEBUG rally_openstack.cleanup.manager [-] Deleting neutron.port object s_rally_8a51f4e0_sKZKYoWP (85d8e9b1-dfc4-4b6a-a0dd-9ceb1bf3b79c)
2019-12-02 01:53:28.926 15 RALLYDEBUG rally_openstack.cleanup.manager [-] Deleting neutron.port object s_rally_8a51f4e0_X29rFtoa (88bcf258-6a47-4bb6-9ac2-c4cf8185851e)
2019-12-02 01:53:28.977 15 RALLYDEBUG rally_openstack.cleanup.manager [-] Deleting neutron.port object s_rally_8a51f4e0_JoJkvcrG (8c50d751-4d5f-47a7-b14e-1f6c95c0826b)
2019-12-02 01:53:28.983 15 RALLYDEBUG rally_openstack.cleanup.manager [-] Deleting neutron.port object s_rally_8a51f4e0_YQqrTa2K (898fd9bc-32e8-4fed-a66f-742124833972)
2019-12-02 01:53:29.024 15 RALLYDEBUG rally_openstack.cleanup.manager [-] Deleting neutron.port object s_rally_8a51f4e0_oTb2oWZC (8e30ca26-c0f5-4c7d-915a-7e868b196398)
2019-12-02 01:53:30.065 15 RALLYDEBUG rally_openstack.cleanup.manager [-] Deleting neutron.port object s_rally_8a51f4e0_09ClyTia (90176a30-5e64-4408-89eb-9b855fc76506)
2019-12-02 01:53:30.130 15 RALLYDEBUG rally_openstack.cleanup.manager [-] Deleting neutron.port object s_rally_8a51f4e0_zR6yFTdV (90f97958-991e-47f0-8146-ac911303e042)
