2019-12-02 01:56:33.768 15 RALLYDEBUG rally_openstack.cleanup.manager [-] Deleting neutron.network object s_rally_0ca1e064_or63DXPK (24ea4112-df11-4d6c-90aa-7476c18fad74)
2019-12-02 01:56:33.769 15 RALLYDEBUG rally_openstack.cleanup.manager [-] Deleting neutron.network object s_rally_0ca1e064_Jx0ImqHp (1aa561f3-4b8c-4a3c-a571-95bd5a8974a6)
2019-12-02 01:56:33.792 15 RALLYDEBUG rally_openstack.cleanup.manager [-] Deleting neutron.network object s_rally_0ca1e064_gChKhvYp (4b91be3f-3333-4c7c-9939-b5ed12600645)
2019-12-02 01:56:33.797 15 RALLYDEBUG rally_openstack.cleanup.manager [-] Deleting neutron.network object s_rally_0ca1e064_SIxKQ5V4 (351f7df9-ebfd-415f-aa4f-626f3e0eebb0)
2019-12-02 01:56:33.803 15 RALLYDEBUG rally_openstack.cleanup.manager [-] Deleting neutron.network object s_rally_0ca1e064_MDqa9NdJ (4d8bceed-1dcc-4723-b954-66fb78a52397)
2019-12-02 01:56:33.834 15 RALLYDEBUG rally_openstack.cleanup.manager [-] Deleting neutron.network object s_rally_0ca1e064_qdCEGMhM (5161f157-c098-4545-819f-b1266f8a7a65)
2019-12-02 01:56:33.858 15 RALLYDEBUG rally_openstack.cleanup.manager [-] Deleting neutron.network object s_rally_0ca1e064_puulp6JT (51e99205-69fe-4245-b575-8197845b7104)
2019-12-02 01:56:33.874 15 RALLYDEBUG rally_openstack.cleanup.manager [-] Deleting neutron.network object s_rally_0ca1e064_bB3xSbWQ (4ddd73bb-48a5-4b3b-9ea6-7da8b64c136f)
2019-12-02 01:56:33.911 15 RALLYDEBUG rally_openstack.cleanup.manager [-] Deleting neutron.network object s_rally_0ca1e064_kQm6blvo (612cb8cc-c292-4838-99ce-dd7e2b13577b)
2019-12-02 01:56:33.927 15 RALLYDEBUG rally_openstack.cleanup.manager [-] Deleting neutron.network object s_rally_0ca1e064_MPLEKZO2 (666f513e-b2ca-4927-9fc4-f4a180783e2d)
2019-12-02 01:56:33.931 15 RALLYDEBUG rally_openstack.cleanup.manager [-] Deleting neutron.network object s_rally_0ca1e064_1cn2HdsS (54dc140e-8d5a-4908-b1c9-fef6381e01d5)
2019-12-02 01:56:33.945 15 RALLYDEBUG rally_openstack.cleanup.manager [-] Deleting neutron.network object s_rally_0ca1e064_K9vSY0aq (52e4cc93-273c-4fb6-8728-86904c227519)
2019-12-02 01:56:33.951 15 RALLYDEBUG rally_openstack.cleanup.manager [-] Deleting neutron.network object s_rally_0ca1e064_FphDshBe (8a4bb0d3-121b-4c42-a763-d5894ea1c878)
2019-12-02 01:56:33.958 15 RALLYDEBUG rally_openstack.cleanup.manager [-] Deleting neutron.network object s_rally_0ca1e064_5D4tolXd (71e165cb-b7d9-4d73-b65d-3e9b79609b86)
2019-12-02 01:56:33.965 15 RALLYDEBUG rally_openstack.cleanup.manager [-] Deleting neutron.network object s_rally_0ca1e064_JekUed6q (5db6e9ee-cdf9-44b6-8778-9e746f65779e)
2019-12-02 01:56:33.971 15 RALLYDEBUG rally_openstack.cleanup.manager [-] Deleting neutron.network object s_rally_0ca1e064_sWe6S5Aa (6866cffd-d913-44ba-acc8-6a3bec007c88)
2019-12-02 01:56:33.973 15 RALLYDEBUG rally_openstack.cleanup.manager [-] Deleting neutron.network object s_rally_0ca1e064_ljezdk7F (7e02d033-7386-42c4-9d49-7c6a9bce07a9)
2019-12-02 01:56:34.020 15 RALLYDEBUG rally_openstack.cleanup.manager [-] Deleting neutron.network object s_rally_0ca1e064_fd5wP4lx (8459741a-ea51-4c8a-8903-c0a6276cc4b2)
2019-12-02 01:56:37.532 15 RALLYDEBUG rally_openstack.cleanup.manager [-] Deleting neutron.network object s_rally_0ca1e064_2N4WAHvN (8b06383e-a494-4151-9f3c-4775cb84b823)
2019-12-02 01:56:38.927 15 RALLYDEBUG rally_openstack.cleanup.manager [-] Deleting neutron.network object s_rally_0ca1e064_WdVAO6Tz (8b259774-5a63-4e71-8cd3-f94d149855fe)
2019-12-02 01:56:39.184 15 RALLYDEBUG rally_openstack.cleanup.manager [-] Deleting neutron.network object s_rally_0ca1e064_uaX5yJ9E (8de9b5c4-d166-40b0-988f-30910962b702)
2019-12-02 01:56:39.795 15 RALLYDEBUG rally_openstack.cleanup.manager [-] Deleting neutron.network object s_rally_0ca1e064_s7AXl5Xj (9233f4d3-b960-42d0-99ab-0f259ee257c1)
2019-12-02 01:56:41.067 15 RALLYDEBUG rally_openstack.cleanup.manager [-] Deleting neutron.network object s_rally_0ca1e064_Zwoc0BKM (931b9cfd-06c4-4a35-aae7-eb8d748053ba)
2019-12-02 01:56:41.101 15 RALLYDEBUG rally_openstack.cleanup.manager [-] Deleting neutron.network object s_rally_0ca1e064_mBbny7aL (9fa3f433-9348-4a35-9453-39debac86d20)
2019-12-02 01:56:41.106 15 RALLYDEBUG rally_openstack.cleanup.manager [-] Deleting neutron.network object s_rally_0ca1e064_voBvbVhE (a2abc8e8-4c37-4016-9468-7fe140b956e9)
2019-12-02 01:56:41.126 15 RALLYDEBUG rally_openstack.cleanup.manager [-] Deleting neutron.network object s_rally_0ca1e064_lVZvalLW (a4ac6283-f63a-4cc2-935a-a745f3d15dd7)
2019-12-02 01:56:41.180 15 RALLYDEBUG rally_openstack.cleanup.manager [-] Deleting neutron.network object s_rally_0ca1e064_neA5JTTS (a64b0eee-f396-4395-b398-8fbb5e26ae3a)
2019-12-02 01:56:41.558 15 RALLYDEBUG rally_openstack.cleanup.manager [-] Deleting neutron.network object s_rally_0ca1e064_XZcdY8mF (ab0a97f5-a960-40e0-9b19-cad9f40ca88b)
2019-12-02 01:56:41.627 15 RALLYDEBUG rally_openstack.cleanup.manager [-] Deleting neutron.network object s_rally_0ca1e064_3bAFFp9e (be49cd4b-8c5e-4f86-9a86-c60fe8c70edd)
2019-12-02 01:56:41.647 15 RALLYDEBUG rally_openstack.cleanup.manager [-] Deleting neutron.network object s_rally_0ca1e064_eD0u4tVt (bf35af07-fcf6-4931-9c2e-f7e65b1446cc)
2019-12-02 01:56:41.766 15 RALLYDEBUG rally_openstack.cleanup.manager [-] Deleting neutron.network object s_rally_0ca1e064_EZqzBJ6E (c12ecd30-b6cb-463b-b861-5e29e1c2ac3b)
2019-12-02 01:56:42.132 15 RALLYDEBUG rally_openstack.cleanup.manager [-] Deleting neutron.network object s_rally_0ca1e064_CiINpwx3 (d0059329-eda4-4635-bc83-4e8418a77064)
2019-12-02 01:56:42.214 15 RALLYDEBUG rally_openstack.cleanup.manager [-] Deleting neutron.network object s_rally_0ca1e064_kPxaiPPp (e3ae4dce-1cab-4724-a500-314d7270b239)
2019-12-02 01:56:42.230 15 RALLYDEBUG rally_openstack.cleanup.manager [-] Deleting neutron.network object s_rally_0ca1e064_PKHXYlNb (e7902625-9db8-45c9-a6c9-1d4d79139925)
2019-12-02 01:56:42.241 15 RALLYDEBUG rally_openstack.cleanup.manager [-] Deleting neutron.network object s_rally_0ca1e064_5nUWg8J2 (eec1deb0-6305-4d33-99e9-cf3b349549b3)
2019-12-02 01:56:42.571 15 RALLYDEBUG rally_openstack.cleanup.manager [-] Deleting neutron.network object s_rally_0ca1e064_ij2Ao48w (f1668907-72ab-4be3-83dd-eb54c7e58cad)
2019-12-02 01:56:42.576 15 RALLYDEBUG rally_openstack.cleanup.manager [-] Deleting neutron.network object s_rally_0ca1e064_Zm0MNKYS (f840e378-b2e0-4321-a7fd-2c4583518b03)
2019-12-02 01:56:42.623 15 RALLYDEBUG rally_openstack.cleanup.manager [-] Deleting neutron.network object s_rally_0ca1e064_mK3BebTR (fed2b1ec-6858-4652-b96e-265f23d1f571)
2019-12-02 01:56:49.798 15 RALLYDEBUG rally_openstack.cleanup.manager [-] Cleaning up neutron router objects
2019-12-02 01:56:50.035 15 RALLYDEBUG rally_openstack.cleanup.manager [-] Cleaning up neutron security_group objects
2019-12-02 01:56:50.287 15 INFO rally.task.context [-] Task c6103430-c09a-432d-a4ca-44564a0a3d94 | Context cleanup@openstack cleanup() finished in 18.71 sec
2019-12-02 01:56:50.288 15 INFO rally.task.context [-] Task c6103430-c09a-432d-a4ca-44564a0a3d94 | Context quotas@openstack cleanup() started
2019-12-02 01:56:50.335 15 INFO rally.task.context [-] Task c6103430-c09a-432d-a4ca-44564a0a3d94 | Context quotas@openstack cleanup() finished in 46.60 msec
2019-12-02 01:56:50.335 15 INFO rally.task.context [-] Task c6103430-c09a-432d-a4ca-44564a0a3d94 | Context users@openstack cleanup() started
2019-12-02 01:56:51.541 15 INFO rally.task.context [-] Task c6103430-c09a-432d-a4ca-44564a0a3d94 | Context users@openstack cleanup() finished in 1.21 sec
2019-12-02 01:56:51.958 15 INFO rally.task.engine [-] Load duration is: 131.280436
2019-12-02 01:56:51.958 15 INFO rally.task.engine [-] Full runner duration is: 131.330171
2019-12-02 01:56:51.959 15 INFO rally.task.engine [-] Full duration is: 152.276324
2019-12-02 01:56:52.383 15 INFO rally.task.engine [-] Running workload: position = 0 config = { "version": 2, "title": "A cropped version of a bigger task.", "description": "Auto-generated task from a single workload (uuid=5cb1aae9-f777-4bda-bec4-9cc4dfd94e7e)", "subtasks": [ { "title": "Quotas.neutron_update", "description": "Update quotas for neutron.", "scenario": { "Quotas.neutron_update": { "max_quota": 1024 } }, "contexts": { "users": { "tenants": 20, "users_per_tenant": 1 } }, "runner": { "constant": { "times": 40, "concurrency": 20 } }, "hooks": [], "sla": { "failure_rate": { "max": 0 } } } ] }
2019-12-02 01:56:52.410 15 RALLYDEBUG rally_openstack.contexts.keystone.users [-] Creating 20 tenants using 20 threads
2019-12-02 01:56:54.746 15 RALLYDEBUG rally_openstack.contexts.keystone.users [-] Creating 20 users using 20 threads
2019-12-02 01:56:58.234 15 INFO rally.task.context [-] Task c6103430-c09a-432d-a4ca-44564a0a3d94 | Context users@openstack setup() finished in 5.82 sec
2019-12-02 01:56:58.234 15 INFO rally.task.context [-] Task c6103430-c09a-432d-a4ca-44564a0a3d94 | Context admin_cleanup@openstack setup() finished in 0.00 msec
2019-12-02 01:56:58.243 15 RALLYDEBUG rally.task.runner [-] Starting the constant runner (task UUID: c6103430-c09a-432d-a4ca-44564a0a3d94). timeout: 0 concurrency: 20 concurrency_per_worker: 1 times: 40 concurrency_overhead: 0 processes_to_start: 20 max_cpu_used: 88
2019-12-02 01:56:58.258 5003 RALLYDEBUG rally.task.runner [-] Starting a worker. concurrency: 1 args: {"max_quota": 1024} times: 40 method_name: run timeout: 0 duration: None cls:
2019-12-02 01:56:58.261 5004 RALLYDEBUG rally.task.runner [-] Starting a worker. concurrency: 1 args: {"max_quota": 1024} times: 40 method_name: run timeout: 0 duration: None cls:
2019-12-02 01:56:58.264 5005 RALLYDEBUG rally.task.runner [-] Starting a worker. concurrency: 1 args: {"max_quota": 1024} times: 40 method_name: run timeout: 0 duration: None cls:
2019-12-02 01:56:58.269 5003 INFO rally.task.runner [-] Task c6103430-c09a-432d-a4ca-44564a0a3d94 | ITER: 1 START
2019-12-02 01:56:58.271 5007 RALLYDEBUG rally.task.runner [-] Starting a worker. concurrency: 1 args: {"max_quota": 1024} times: 40 method_name: run timeout: 0 duration: None cls:
2019-12-02 01:56:58.273 5004 INFO rally.task.runner [-] Task c6103430-c09a-432d-a4ca-44564a0a3d94 | ITER: 2 START
2019-12-02 01:56:58.274 5008 RALLYDEBUG rally.task.runner [-] Starting a worker. concurrency: 1 args: {"max_quota": 1024} times: 40 method_name: run timeout: 0 duration: None cls:
2019-12-02 01:56:58.276 5005 INFO rally.task.runner [-] Task c6103430-c09a-432d-a4ca-44564a0a3d94 | ITER: 3 START
2019-12-02 01:56:58.277 5011 RALLYDEBUG rally.task.runner [-] Starting a worker. concurrency: 1 args: {"max_quota": 1024} times: 40 method_name: run timeout: 0 duration: None cls:
2019-12-02 01:56:58.279 5006 RALLYDEBUG rally.task.runner [-] Starting a worker. concurrency: 1 args: {"max_quota": 1024} times: 40 method_name: run timeout: 0 duration: None cls:
2019-12-02 01:56:58.281 5013 RALLYDEBUG rally.task.runner [-] Starting a worker. concurrency: 1 args: {"max_quota": 1024} times: 40 method_name: run timeout: 0 duration: None cls:
2019-12-02 01:56:58.282 5007 INFO rally.task.runner [-] Task c6103430-c09a-432d-a4ca-44564a0a3d94 | ITER: 4 START
2019-12-02 01:56:58.284 5017 RALLYDEBUG rally.task.runner [-] Starting a worker. concurrency: 1 args: {"max_quota": 1024} times: 40 method_name: run timeout: 0 duration: None cls:
2019-12-02 01:56:58.288 5008 INFO rally.task.runner [-] Task c6103430-c09a-432d-a4ca-44564a0a3d94 | ITER: 5 START
2019-12-02 01:56:58.289 5006 INFO rally.task.runner [-] Task c6103430-c09a-432d-a4ca-44564a0a3d94 | ITER: 7 START
2019-12-02 01:56:58.290 5011 INFO rally.task.runner [-] Task c6103430-c09a-432d-a4ca-44564a0a3d94 | ITER: 6 START
2019-12-02 01:56:58.290 5021 RALLYDEBUG rally.task.runner [-] Starting a worker. concurrency: 1 args: {"max_quota": 1024} times: 40 method_name: run timeout: 0 duration: None cls:
2019-12-02 01:56:58.290 5018 RALLYDEBUG rally.task.runner [-] Starting a worker. concurrency: 1 args: {"max_quota": 1024} times: 40 method_name: run timeout: 0 duration: None cls:
2019-12-02 01:56:58.293 5023 RALLYDEBUG rally.task.runner [-] Starting a worker. concurrency: 1 args: {"max_quota": 1024} times: 40 method_name: run timeout: 0 duration: None cls:
2019-12-02 01:56:58.297 5028 RALLYDEBUG rally.task.runner [-] Starting a worker. concurrency: 1 args: {"max_quota": 1024} times: 40 method_name: run timeout: 0 duration: None cls:
2019-12-02 01:56:58.298 5017 INFO rally.task.runner [-] Task c6103430-c09a-432d-a4ca-44564a0a3d94 | ITER: 9 START
2019-12-02 01:56:58.300 5013 INFO rally.task.runner [-] Task c6103430-c09a-432d-a4ca-44564a0a3d94 | ITER: 8 START
2019-12-02 01:56:58.300 5031 RALLYDEBUG rally.task.runner [-] Starting a worker. concurrency: 1 args: {"max_quota": 1024} times: 40 method_name: run timeout: 0 duration: None cls:
2019-12-02 01:56:58.301 5021 INFO rally.task.runner [-] Task c6103430-c09a-432d-a4ca-44564a0a3d94 | ITER: 10 START
2019-12-02 01:56:58.301 5018 INFO rally.task.runner [-] Task c6103430-c09a-432d-a4ca-44564a0a3d94 | ITER: 11 START
2019-12-02 01:56:58.302 5033 RALLYDEBUG rally.task.runner [-] Starting a worker. concurrency: 1 args: {"max_quota": 1024} times: 40 method_name: run timeout: 0 duration: None cls:
2019-12-02 01:56:58.304 5023 INFO rally.task.runner [-] Task c6103430-c09a-432d-a4ca-44564a0a3d94 | ITER: 12 START
2019-12-02 01:56:58.306 5035 RALLYDEBUG rally.task.runner [-] Starting a worker. concurrency: 1 args: {"max_quota": 1024} times: 40 method_name: run timeout: 0 duration: None cls:
2019-12-02 01:56:58.308 5028 INFO rally.task.runner [-] Task c6103430-c09a-432d-a4ca-44564a0a3d94 | ITER: 13 START
2019-12-02 01:56:58.309 5040 RALLYDEBUG rally.task.runner [-] Starting a worker. concurrency: 1 args: {"max_quota": 1024} times: 40 method_name: run timeout: 0 duration: None cls:
2019-12-02 01:56:58.311 5031 INFO rally.task.runner [-] Task c6103430-c09a-432d-a4ca-44564a0a3d94 | ITER: 14 START
2019-12-02 01:56:58.311 5044 RALLYDEBUG rally.task.runner [-] Starting a worker. concurrency: 1 args: {"max_quota": 1024} times: 40 method_name: run timeout: 0 duration: None cls:
2019-12-02 01:56:58.312 5033 INFO rally.task.runner [-] Task c6103430-c09a-432d-a4ca-44564a0a3d94 | ITER: 15 START
2019-12-02 01:56:58.314 5046 RALLYDEBUG rally.task.runner [-] Starting a worker. concurrency: 1 args: {"max_quota": 1024} times: 40 method_name: run timeout: 0 duration: None cls:
2019-12-02 01:56:58.317 5035 INFO rally.task.runner [-] Task c6103430-c09a-432d-a4ca-44564a0a3d94 | ITER: 16 START
2019-12-02 01:56:58.317 5048 RALLYDEBUG rally.task.runner [-] Starting a worker. concurrency: 1 args: {"max_quota": 1024} times: 40 method_name: run timeout: 0 duration: None cls:
2019-12-02 01:56:58.321 5044 INFO rally.task.runner [-] Task c6103430-c09a-432d-a4ca-44564a0a3d94 | ITER: 18 START
2019-12-02 01:56:58.321 5040 INFO rally.task.runner [-] Task c6103430-c09a-432d-a4ca-44564a0a3d94 | ITER: 17 START
2019-12-02 01:56:58.324 5046 INFO rally.task.runner [-] Task c6103430-c09a-432d-a4ca-44564a0a3d94 | ITER: 19 START
2019-12-02 01:56:58.328 5048 INFO rally.task.runner [-] Task c6103430-c09a-432d-a4ca-44564a0a3d94 | ITER: 20 START
2019-12-02 01:56:58.825 5003 INFO rally.task.runner [-] Task c6103430-c09a-432d-a4ca-44564a0a3d94 | ITER: 1 END: OK
2019-12-02 01:56:58.835 5003 INFO rally.task.runner [-] Task c6103430-c09a-432d-a4ca-44564a0a3d94 | ITER: 21 START
2019-12-02 01:56:59.051 5005 INFO rally.task.runner [-] Task c6103430-c09a-432d-a4ca-44564a0a3d94 | ITER: 3 END: OK
2019-12-02 01:56:59.062 5005 INFO rally.task.runner [-] Task c6103430-c09a-432d-a4ca-44564a0a3d94 | ITER: 22 START
2019-12-02 01:56:59.064 5004 INFO rally.task.runner [-] Task c6103430-c09a-432d-a4ca-44564a0a3d94 | ITER: 2 END: OK
2019-12-02 01:56:59.074 5004 INFO rally.task.runner [-] Task c6103430-c09a-432d-a4ca-44564a0a3d94 | ITER: 23 START
2019-12-02 01:56:59.134 5006 INFO rally.task.runner [-] Task c6103430-c09a-432d-a4ca-44564a0a3d94 | ITER: 7 END: OK
2019-12-02 01:56:59.143 5006 INFO rally.task.runner [-] Task c6103430-c09a-432d-a4ca-44564a0a3d94 | ITER: 24 START
2019-12-02 01:56:59.474 5007 INFO rally.task.runner [-] Task c6103430-c09a-432d-a4ca-44564a0a3d94 | ITER: 4 END: OK
2019-12-02 01:56:59.483 5007 INFO rally.task.runner [-] Task c6103430-c09a-432d-a4ca-44564a0a3d94 | ITER: 25 START
2019-12-02 01:57:00.121 5008 INFO rally.task.runner [-] Task c6103430-c09a-432d-a4ca-44564a0a3d94 | ITER: 5 END: OK
2019-12-02 01:57:00.131 5008 INFO rally.task.runner [-] Task c6103430-c09a-432d-a4ca-44564a0a3d94 | ITER: 26 START
2019-12-02 01:57:00.233 5013 INFO rally.task.runner [-] Task c6103430-c09a-432d-a4ca-44564a0a3d94 | ITER: 8 END: OK
2019-12-02 01:57:00.242 5013 INFO rally.task.runner [-] Task c6103430-c09a-432d-a4ca-44564a0a3d94 | ITER: 27 START
2019-12-02 01:57:00.506 5018 INFO rally.task.runner [-] Task c6103430-c09a-432d-a4ca-44564a0a3d94 | ITER: 11 END: OK
2019-12-02 01:57:00.516 5018 INFO rally.task.runner [-] Task c6103430-c09a-432d-a4ca-44564a0a3d94 | ITER: 28 START
2019-12-02 01:57:00.697 5011 INFO rally.task.runner [-] Task c6103430-c09a-432d-a4ca-44564a0a3d94 | ITER: 6 END: OK
2019-12-02 01:57:00.707 5011 INFO rally.task.runner [-] Task c6103430-c09a-432d-a4ca-44564a0a3d94 | ITER: 29 START
2019-12-02 01:57:00.732 5033 INFO rally.task.runner [-] Task c6103430-c09a-432d-a4ca-44564a0a3d94 | ITER: 15 END: OK
2019-12-02 01:57:00.741 5033 INFO rally.task.runner [-] Task c6103430-c09a-432d-a4ca-44564a0a3d94 | ITER: 30 START
2019-12-02 01:57:00.821 5048 INFO rally.task.runner [-] Task c6103430-c09a-432d-a4ca-44564a0a3d94 | ITER: 20 END: OK
2019-12-02 01:57:00.830 5048 INFO rally.task.runner [-] Task c6103430-c09a-432d-a4ca-44564a0a3d94 | ITER: 31 START
2019-12-02 01:57:00.857 5040 INFO rally.task.runner [-] Task c6103430-c09a-432d-a4ca-44564a0a3d94 | ITER: 17 END: OK
2019-12-02 01:57:00.865 5040 INFO rally.task.runner [-] Task c6103430-c09a-432d-a4ca-44564a0a3d94 | ITER: 32 START
2019-12-02 01:57:00.966 5028 INFO rally.task.runner [-] Task c6103430-c09a-432d-a4ca-44564a0a3d94 | ITER: 13 END: OK
2019-12-02 01:57:00.974 5028 INFO rally.task.runner [-] Task c6103430-c09a-432d-a4ca-44564a0a3d94 | ITER: 33 START
2019-12-02 01:57:01.035 5044 INFO rally.task.runner [-] Task c6103430-c09a-432d-a4ca-44564a0a3d94 | ITER: 18 END: OK
2019-12-02 01:57:01.044 5044 INFO rally.task.runner [-] Task c6103430-c09a-432d-a4ca-44564a0a3d94 | ITER: 34 START
2019-12-02 01:57:01.100 5017 INFO rally.task.runner [-] Task c6103430-c09a-432d-a4ca-44564a0a3d94 | ITER: 9 END: OK
2019-12-02 01:57:01.111 5017 INFO rally.task.runner [-] Task c6103430-c09a-432d-a4ca-44564a0a3d94 | ITER: 35 START
2019-12-02 01:57:01.203 5035 INFO rally.task.runner [-] Task c6103430-c09a-432d-a4ca-44564a0a3d94 | ITER: 16 END: OK
2019-12-02 01:57:01.213 5035 INFO rally.task.runner [-] Task c6103430-c09a-432d-a4ca-44564a0a3d94 | ITER: 36 START
2019-12-02 01:57:01.249 5031 INFO rally.task.runner [-] Task c6103430-c09a-432d-a4ca-44564a0a3d94 | ITER: 14 END: OK
2019-12-02 01:57:01.259 5031 INFO rally.task.runner [-] Task c6103430-c09a-432d-a4ca-44564a0a3d94 | ITER: 37 START
2019-12-02 01:57:01.297 5021 INFO rally.task.runner [-] Task c6103430-c09a-432d-a4ca-44564a0a3d94 | ITER: 10 END: OK
2019-12-02 01:57:01.305 5046 INFO rally.task.runner [-] Task c6103430-c09a-432d-a4ca-44564a0a3d94 | ITER: 19 END: OK
2019-12-02 01:57:01.306 5021 INFO rally.task.runner [-] Task c6103430-c09a-432d-a4ca-44564a0a3d94 | ITER: 38 START
2019-12-02 01:57:01.314 5046 INFO rally.task.runner [-] Task c6103430-c09a-432d-a4ca-44564a0a3d94 | ITER: 39 START
2019-12-02 01:57:01.374 5023 INFO rally.task.runner [-] Task c6103430-c09a-432d-a4ca-44564a0a3d94 | ITER: 12 END: OK
2019-12-02 01:57:01.383 5023 INFO rally.task.runner [-] Task c6103430-c09a-432d-a4ca-44564a0a3d94 | ITER: 40 START
2019-12-02 01:57:01.565 5004 INFO rally.task.runner [-] Task c6103430-c09a-432d-a4ca-44564a0a3d94 | ITER: 23 END: OK
2019-12-02 01:57:01.683 5005 INFO rally.task.runner [-] Task c6103430-c09a-432d-a4ca-44564a0a3d94 | ITER: 22 END: OK
2019-12-02 01:57:01.695 5003 INFO rally.task.runner [-] Task c6103430-c09a-432d-a4ca-44564a0a3d94 | ITER: 21 END: OK
2019-12-02 01:57:01.789 5006 INFO rally.task.runner [-] Task c6103430-c09a-432d-a4ca-44564a0a3d94 | ITER: 24 END: OK
2019-12-02 01:57:01.801 5007 INFO rally.task.runner [-] Task c6103430-c09a-432d-a4ca-44564a0a3d94 | ITER: 25 END: OK
2019-12-02 01:57:02.126 5008 INFO rally.task.runner [-] Task c6103430-c09a-432d-a4ca-44564a0a3d94 | ITER: 26 END: OK
2019-12-02 01:57:02.230 5013 INFO rally.task.runner [-] Task c6103430-c09a-432d-a4ca-44564a0a3d94 | ITER: 27 END: OK
2019-12-02 01:57:02.238 5018 INFO rally.task.runner [-] Task c6103430-c09a-432d-a4ca-44564a0a3d94 | ITER: 28 END: OK
2019-12-02 01:57:02.409 5011 INFO rally.task.runner [-] Task c6103430-c09a-432d-a4ca-44564a0a3d94 | ITER: 29 END: OK
2019-12-02 01:57:02.488 5033 INFO rally.task.runner [-] Task c6103430-c09a-432d-a4ca-44564a0a3d94 | ITER: 30 END: OK
2019-12-02 01:57:02.519 5048 INFO rally.task.runner [-] Task c6103430-c09a-432d-a4ca-44564a0a3d94 | ITER: 31 END: OK
2019-12-02 01:57:02.540 5028 INFO rally.task.runner [-] Task c6103430-c09a-432d-a4ca-44564a0a3d94 | ITER: 33 END: OK
2019-12-02 01:57:02.622 5040 INFO rally.task.runner [-] Task c6103430-c09a-432d-a4ca-44564a0a3d94 | ITER: 32 END: OK
2019-12-02 01:57:02.657 5017 INFO rally.task.runner [-] Task c6103430-c09a-432d-a4ca-44564a0a3d94 | ITER: 35 END: OK
2019-12-02 01:57:02.667 5031 INFO rally.task.runner [-] Task c6103430-c09a-432d-a4ca-44564a0a3d94 | ITER: 37 END: OK
2019-12-02 01:57:02.756 5044 INFO rally.task.runner [-] Task c6103430-c09a-432d-a4ca-44564a0a3d94 | ITER: 34 END: OK
2019-12-02 01:57:02.762 5021 INFO rally.task.runner [-] Task c6103430-c09a-432d-a4ca-44564a0a3d94 | ITER: 38 END: OK
2019-12-02 01:57:02.767 5046 INFO rally.task.runner [-] Task c6103430-c09a-432d-a4ca-44564a0a3d94 | ITER: 39 END: OK
2019-12-02 01:57:02.773 5035 INFO rally.task.runner [-] Task c6103430-c09a-432d-a4ca-44564a0a3d94 | ITER: 36 END: OK
2019-12-02 01:57:02.779 5023 INFO rally.task.runner [-] Task c6103430-c09a-432d-a4ca-44564a0a3d94 | ITER: 40 END: OK
2019-12-02 01:57:02.804 15 INFO rally.task.context [-] Task c6103430-c09a-432d-a4ca-44564a0a3d94 | Context admin_cleanup@openstack cleanup() started
2019-12-02 01:57:02.807 15 RALLYDEBUG rally_openstack.cleanup.manager [-] Cleaning up neutron quota objects
2019-12-02 01:57:03.492 15 INFO rally.task.context [-] Task c6103430-c09a-432d-a4ca-44564a0a3d94 | Context admin_cleanup@openstack cleanup() finished in 0.69 sec
2019-12-02 01:57:03.493 15 INFO rally.task.context [-] Task c6103430-c09a-432d-a4ca-44564a0a3d94 | Context users@openstack cleanup() started
2019-12-02 01:57:20.551 15 INFO rally.task.context [-] Task c6103430-c09a-432d-a4ca-44564a0a3d94 | Context users@openstack cleanup() finished in 17.06 sec
2019-12-02 01:57:20.650 15 INFO rally.task.engine [-] Load duration is: 4.509009
2019-12-02 01:57:20.651 15 INFO rally.task.engine [-] Full runner duration is: 4.560969
2019-12-02 01:57:20.651 15 INFO rally.task.engine [-] Full duration is: 28.143415
2019-12-02 01:57:21.008 15 INFO rally.task.engine [-] Task c6103430-c09a-432d-a4ca-44564a0a3d94 | Completed: Running task.
2019-12-02 01:57:22.443 5163 RALLYDEBUG rally.api [-] INFO logs from urllib3 and requests module are hide.
2019-12-02 01:57:22.443 5163 RALLYDEBUG rally.api [-] urllib3 insecure warnings are hidden.
2019-12-02 01:57:22.443 5163 RALLYDEBUG rally.api [-] ERROR log from boto module is hide.
2019-12-02 01:57:23.163 5164 RALLYDEBUG rally.api [-] INFO logs from urllib3 and requests module are hide.
2019-12-02 01:57:23.164 5164 RALLYDEBUG rally.api [-] urllib3 insecure warnings are hidden.
2019-12-02 01:57:23.164 5164 RALLYDEBUG rally.api [-] ERROR log from boto module is hide.
2019-12-02 01:57:24.095 5165 RALLYDEBUG rally.api [-] INFO logs from urllib3 and requests module are hide.
2019-12-02 01:57:24.095 5165 RALLYDEBUG rally.api [-] urllib3 insecure warnings are hidden.
2019-12-02 01:57:24.095 5165 RALLYDEBUG rally.api [-] ERROR log from boto module is hide.
2019-12-02 01:57:25.265 5165 INFO rally.common.plugin.discover [-] Loading plugins from directories /root/.rally/plugins/*
2019-12-02 01:57:25.265 5165 INFO rally.common.plugin.discover [-] Loaded module with plugins: /root/.rally/plugins/__init__.py
2019-12-02 01:57:25.267 5165 INFO rally.common.plugin.discover [-] Loaded module with plugins: /root/.rally/plugins/trunk_scenario.py
2019-12-02 01:57:25.463 5165 INFO rally.api [-] Building 'json' report for the following task(s): 'c6103430-c09a-432d-a4ca-44564a0a3d94'.
2019-12-02 01:57:25.606 5165 INFO rally.api [-] The report has been successfully built.
2019-12-02 01:57:26.716 5167 RALLYDEBUG rally.api [-] INFO logs from urllib3 and requests module are hide.
2019-12-02 01:57:26.716 5167 RALLYDEBUG rally.api [-] urllib3 insecure warnings are hidden.
2019-12-02 01:57:26.716 5167 RALLYDEBUG rally.api [-] ERROR log from boto module is hide.
2019-12-02 01:57:27.897 5167 INFO rally.common.plugin.discover [-] Loading plugins from directories /root/.rally/plugins/*
2019-12-02 01:57:27.897 5167 INFO rally.common.plugin.discover [-] Loaded module with plugins: /root/.rally/plugins/__init__.py
2019-12-02 01:57:27.899 5167 INFO rally.common.plugin.discover [-] Loaded module with plugins: /root/.rally/plugins/trunk_scenario.py
2019-12-02 01:57:28.103 5167 INFO rally.api [-] Building 'html' report for the following task(s): 'c6103430-c09a-432d-a4ca-44564a0a3d94'.
2019-12-02 01:57:28.374 5167 INFO rally.api [-] The report has been successfully built.
2019-12-02 01:57:29.113 5169 RALLYDEBUG rally.api [-] INFO logs from urllib3 and requests module are hide.
2019-12-02 01:57:29.113 5169 RALLYDEBUG rally.api [-] urllib3 insecure warnings are hidden.
2019-12-02 01:57:29.113 5169 RALLYDEBUG rally.api [-] ERROR log from boto module is hide.
2019-12-02 01:57:30.625 5169 INFO rally.common.plugin.discover [-] Loading plugins from directories /root/.rally/plugins/*
2019-12-02 01:57:30.625 5169 INFO rally.common.plugin.discover [-] Loaded module with plugins: /root/.rally/plugins/__init__.py
2019-12-02 01:57:30.627 5169 INFO rally.common.plugin.discover [-] Loaded module with plugins: /root/.rally/plugins/trunk_scenario.py
2019-12-02 01:57:30.828 5169 INFO rally.api [-] Building 'junit-xml' report for the following task(s): 'c6103430-c09a-432d-a4ca-44564a0a3d94'.
2019-12-02 01:57:30.832 5169 INFO rally.api [-] The report has been successfully built.