2019-12-01 15:34:10.236 15 INFO rally.task.engine [-] Load duration is: 159.167032
2019-12-01 15:34:10.236 15 INFO rally.task.engine [-] Full runner duration is: 159.213316
2019-12-01 15:34:10.236 15 INFO rally.task.engine [-] Full duration is: 354.689865
2019-12-01 15:34:10.348 15 INFO rally.task.engine [-] Running workload: position = 2 config = { "version": 2, "title": "A cropped version of a bigger task.", "description": "Auto-generated task from a single workload (uuid=bbc4a0b8-20cb-4d51-881f-2ca4064dd493)", "subtasks": [ { "title": "NeutronNetworks.create_and_delete_subnets", "description": "Create and delete a given number of subnets.", "scenario": { "NeutronNetworks.create_and_delete_subnets": { "network_create_args": {}, "subnet_create_args": {}, "subnet_cidr_start": "1.1.0.0/30", "subnets_per_network": 2 } }, "contexts": { "users": { "tenants": 1, "users_per_tenant": 1 }, "quotas": { "neutron": { "network": -1, "subnet": -1 } } }, "runner": { "constant": { "times": 40, "concurrency": 20 } }, "hooks": [], "sla": { "failure_rate": { "max": 0 } } } ] }
2019-12-01 15:34:10.364 15 RALLYDEBUG rally_openstack.contexts.keystone.users [-] Creating 1 tenants using 20 threads
2019-12-01 15:34:10.739 15 RALLYDEBUG rally_openstack.contexts.keystone.users [-] Creating 1 users using 20 threads
2019-12-01 15:34:11.166 15 INFO rally.task.context [-] Task e8308a21-9548-4aa9-b03f-255ec06cc208 | Context users@openstack setup() finished in 0.80 sec
2019-12-01 15:34:11.517 15 INFO rally.task.context [-] Task e8308a21-9548-4aa9-b03f-255ec06cc208 | Context quotas@openstack setup() finished in 0.35 sec
2019-12-01 15:34:11.518 15 INFO rally.task.context [-] Task e8308a21-9548-4aa9-b03f-255ec06cc208 | Context cleanup@openstack setup() finished in 0.00 msec
2019-12-01 15:34:11.527 15 RALLYDEBUG rally.task.runner [-] Starting the constant runner (task UUID: e8308a21-9548-4aa9-b03f-255ec06cc208). timeout: 0 concurrency: 20 concurrency_per_worker: 1 times: 40 concurrency_overhead: 0 processes_to_start: 20 max_cpu_used: 88
2019-12-01 15:34:11.543 2269 RALLYDEBUG rally.task.runner [-] Starting a worker. concurrency: 1 args: {"network_create_args": {}, "subnet_create_args": {}, "subnet_cidr_start": "1.1.0.0/30", "subnets_per_network": 2} times: 40 method_name: run timeout: 0 duration: None cls:
2019-12-01 15:34:11.547 2270 RALLYDEBUG rally.task.runner [-] Starting a worker. concurrency: 1 args: {"network_create_args": {}, "subnet_create_args": {}, "subnet_cidr_start": "1.1.0.0/30", "subnets_per_network": 2} times: 40 method_name: run timeout: 0 duration: None cls:
2019-12-01 15:34:11.550 2269 INFO rally.task.runner [-] Task e8308a21-9548-4aa9-b03f-255ec06cc208 | ITER: 1 START
2019-12-01 15:34:11.550 2271 RALLYDEBUG rally.task.runner [-] Starting a worker. concurrency: 1 args: {"network_create_args": {}, "subnet_create_args": {}, "subnet_cidr_start": "1.1.0.0/30", "subnets_per_network": 2} times: 40 method_name: run timeout: 0 duration: None cls:
2019-12-01 15:34:11.551 2269 WARNING rally_openstack.scenarios.neutron.utils [-] Running this scenario without either the 'network' or 'existing_network' context is deprecated
2019-12-01 15:34:11.553 2272 RALLYDEBUG rally.task.runner [-] Starting a worker. concurrency: 1 args: {"network_create_args": {}, "subnet_create_args": {}, "subnet_cidr_start": "1.1.0.0/30", "subnets_per_network": 2} times: 40 method_name: run timeout: 0 duration: None cls:
2019-12-01 15:34:11.553 2270 INFO rally.task.runner [-] Task e8308a21-9548-4aa9-b03f-255ec06cc208 | ITER: 2 START
2019-12-01 15:34:11.555 2270 WARNING rally_openstack.scenarios.neutron.utils [-] Running this scenario without either the 'network' or 'existing_network' context is deprecated
2019-12-01 15:34:11.555 2274 RALLYDEBUG rally.task.runner [-] Starting a worker. concurrency: 1 args: {"network_create_args": {}, "subnet_create_args": {}, "subnet_cidr_start": "1.1.0.0/30", "subnets_per_network": 2} times: 40 method_name: run timeout: 0 duration: None cls:
2019-12-01 15:34:11.556 2271 INFO rally.task.runner [-] Task e8308a21-9548-4aa9-b03f-255ec06cc208 | ITER: 3 START
2019-12-01 15:34:11.557 2271 WARNING rally_openstack.scenarios.neutron.utils [-] Running this scenario without either the 'network' or 'existing_network' context is deprecated
2019-12-01 15:34:11.558 2276 RALLYDEBUG rally.task.runner [-] Starting a worker. concurrency: 1 args: {"network_create_args": {}, "subnet_create_args": {}, "subnet_cidr_start": "1.1.0.0/30", "subnets_per_network": 2} times: 40 method_name: run timeout: 0 duration: None cls:
2019-12-01 15:34:11.559 2272 INFO rally.task.runner [-] Task e8308a21-9548-4aa9-b03f-255ec06cc208 | ITER: 4 START
2019-12-01 15:34:11.560 2272 WARNING rally_openstack.scenarios.neutron.utils [-] Running this scenario without either the 'network' or 'existing_network' context is deprecated
2019-12-01 15:34:11.561 2274 INFO rally.task.runner [-] Task e8308a21-9548-4aa9-b03f-255ec06cc208 | ITER: 5 START
2019-12-01 15:34:11.561 2279 RALLYDEBUG rally.task.runner [-] Starting a worker. concurrency: 1 args: {"network_create_args": {}, "subnet_create_args": {}, "subnet_cidr_start": "1.1.0.0/30", "subnets_per_network": 2} times: 40 method_name: run timeout: 0 duration: None cls:
2019-12-01 15:34:11.562 2274 WARNING rally_openstack.scenarios.neutron.utils [-] Running this scenario without either the 'network' or 'existing_network' context is deprecated
2019-12-01 15:34:11.565 2276 INFO rally.task.runner [-] Task e8308a21-9548-4aa9-b03f-255ec06cc208 | ITER: 6 START
2019-12-01 15:34:11.564 2282 RALLYDEBUG rally.task.runner [-] Starting a worker. concurrency: 1 args: {"network_create_args": {}, "subnet_create_args": {}, "subnet_cidr_start": "1.1.0.0/30", "subnets_per_network": 2} times: 40 method_name: run timeout: 0 duration: None cls:
2019-12-01 15:34:11.566 2276 WARNING rally_openstack.scenarios.neutron.utils [-] Running this scenario without either the 'network' or 'existing_network' context is deprecated
2019-12-01 15:34:11.568 2279 INFO rally.task.runner [-] Task e8308a21-9548-4aa9-b03f-255ec06cc208 | ITER: 7 START
2019-12-01 15:34:11.567 2286 RALLYDEBUG rally.task.runner [-] Starting a worker. concurrency: 1 args: {"network_create_args": {}, "subnet_create_args": {}, "subnet_cidr_start": "1.1.0.0/30", "subnets_per_network": 2} times: 40 method_name: run timeout: 0 duration: None cls:
2019-12-01 15:34:11.569 2279 WARNING rally_openstack.scenarios.neutron.utils [-] Running this scenario without either the 'network' or 'existing_network' context is deprecated
2019-12-01 15:34:11.570 2289 RALLYDEBUG rally.task.runner [-] Starting a worker. concurrency: 1 args: {"network_create_args": {}, "subnet_create_args": {}, "subnet_cidr_start": "1.1.0.0/30", "subnets_per_network": 2} times: 40 method_name: run timeout: 0 duration: None cls:
2019-12-01 15:34:11.571 2282 INFO rally.task.runner [-] Task e8308a21-9548-4aa9-b03f-255ec06cc208 | ITER: 8 START
2019-12-01 15:34:11.572 2282 WARNING rally_openstack.scenarios.neutron.utils [-] Running this scenario without either the 'network' or 'existing_network' context is deprecated
2019-12-01 15:34:11.573 2286 INFO rally.task.runner [-] Task e8308a21-9548-4aa9-b03f-255ec06cc208 | ITER: 9 START
2019-12-01 15:34:11.573 2292 RALLYDEBUG rally.task.runner [-] Starting a worker. concurrency: 1 args: {"network_create_args": {}, "subnet_create_args": {}, "subnet_cidr_start": "1.1.0.0/30", "subnets_per_network": 2} times: 40 method_name: run timeout: 0 duration: None cls:
2019-12-01 15:34:11.574 2286 WARNING rally_openstack.scenarios.neutron.utils [-] Running this scenario without either the 'network' or 'existing_network' context is deprecated
2019-12-01 15:34:11.576 2289 INFO rally.task.runner [-] Task e8308a21-9548-4aa9-b03f-255ec06cc208 | ITER: 10 START
2019-12-01 15:34:11.576 2295 RALLYDEBUG rally.task.runner [-] Starting a worker. concurrency: 1 args: {"network_create_args": {}, "subnet_create_args": {}, "subnet_cidr_start": "1.1.0.0/30", "subnets_per_network": 2} times: 40 method_name: run timeout: 0 duration: None cls:
2019-12-01 15:34:11.577 2289 WARNING rally_openstack.scenarios.neutron.utils [-] Running this scenario without either the 'network' or 'existing_network' context is deprecated
2019-12-01 15:34:11.580 2292 INFO rally.task.runner [-] Task e8308a21-9548-4aa9-b03f-255ec06cc208 | ITER: 11 START
2019-12-01 15:34:11.579 2299 RALLYDEBUG rally.task.runner [-] Starting a worker. concurrency: 1 args: {"network_create_args": {}, "subnet_create_args": {}, "subnet_cidr_start": "1.1.0.0/30", "subnets_per_network": 2} times: 40 method_name: run timeout: 0 duration: None cls:
2019-12-01 15:34:11.581 2292 WARNING rally_openstack.scenarios.neutron.utils [-] Running this scenario without either the 'network' or 'existing_network' context is deprecated
2019-12-01 15:34:11.583 2295 INFO rally.task.runner [-] Task e8308a21-9548-4aa9-b03f-255ec06cc208 | ITER: 12 START
2019-12-01 15:34:11.583 2302 RALLYDEBUG rally.task.runner [-] Starting a worker. concurrency: 1 args: {"network_create_args": {}, "subnet_create_args": {}, "subnet_cidr_start": "1.1.0.0/30", "subnets_per_network": 2} times: 40 method_name: run timeout: 0 duration: None cls:
2019-12-01 15:34:11.584 2295 WARNING rally_openstack.scenarios.neutron.utils [-] Running this scenario without either the 'network' or 'existing_network' context is deprecated
2019-12-01 15:34:11.586 2299 INFO rally.task.runner [-] Task e8308a21-9548-4aa9-b03f-255ec06cc208 | ITER: 13 START
2019-12-01 15:34:11.586 2307 RALLYDEBUG rally.task.runner [-] Starting a worker. concurrency: 1 args: {"network_create_args": {}, "subnet_create_args": {}, "subnet_cidr_start": "1.1.0.0/30", "subnets_per_network": 2} times: 40 method_name: run timeout: 0 duration: None cls:
2019-12-01 15:34:11.586 2303 RALLYDEBUG rally.task.runner [-] Starting a worker. concurrency: 1 args: {"network_create_args": {}, "subnet_create_args": {}, "subnet_cidr_start": "1.1.0.0/30", "subnets_per_network": 2} times: 40 method_name: run timeout: 0 duration: None cls:
2019-12-01 15:34:11.587 2299 WARNING rally_openstack.scenarios.neutron.utils [-] Running this scenario without either the 'network' or 'existing_network' context is deprecated
2019-12-01 15:34:11.589 2302 INFO rally.task.runner [-] Task e8308a21-9548-4aa9-b03f-255ec06cc208 | ITER: 14 START
2019-12-01 15:34:11.590 2307 INFO rally.task.runner [-] Task e8308a21-9548-4aa9-b03f-255ec06cc208 | ITER: 15 START
2019-12-01 15:34:11.590 2302 WARNING rally_openstack.scenarios.neutron.utils [-] Running this scenario without either the 'network' or 'existing_network' context is deprecated
2019-12-01 15:34:11.590 2310 RALLYDEBUG rally.task.runner [-] Starting a worker. concurrency: 1 args: {"network_create_args": {}, "subnet_create_args": {}, "subnet_cidr_start": "1.1.0.0/30", "subnets_per_network": 2} times: 40 method_name: run timeout: 0 duration: None cls:
2019-12-01 15:34:11.591 2307 WARNING rally_openstack.scenarios.neutron.utils [-] Running this scenario without either the 'network' or 'existing_network' context is deprecated
2019-12-01 15:34:11.592 2303 INFO rally.task.runner [-] Task e8308a21-9548-4aa9-b03f-255ec06cc208 | ITER: 16 START
2019-12-01 15:34:11.593 2303 WARNING rally_openstack.scenarios.neutron.utils [-] Running this scenario without either the 'network' or 'existing_network' context is deprecated
2019-12-01 15:34:11.594 2312 RALLYDEBUG rally.task.runner [-] Starting a worker. concurrency: 1 args: {"network_create_args": {}, "subnet_create_args": {}, "subnet_cidr_start": "1.1.0.0/30", "subnets_per_network": 2} times: 40 method_name: run timeout: 0 duration: None cls:
2019-12-01 15:34:11.595 2310 INFO rally.task.runner [-] Task e8308a21-9548-4aa9-b03f-255ec06cc208 | ITER: 17 START
2019-12-01 15:34:11.596 2310 WARNING rally_openstack.scenarios.neutron.utils [-] Running this scenario without either the 'network' or 'existing_network' context is deprecated
2019-12-01 15:34:11.596 2317 RALLYDEBUG rally.task.runner [-] Starting a worker. concurrency: 1 args: {"network_create_args": {}, "subnet_create_args": {}, "subnet_cidr_start": "1.1.0.0/30", "subnets_per_network": 2} times: 40 method_name: run timeout: 0 duration: None cls:
2019-12-01 15:34:11.597 2320 RALLYDEBUG rally.task.runner [-] Starting a worker. concurrency: 1 args: {"network_create_args": {}, "subnet_create_args": {}, "subnet_cidr_start": "1.1.0.0/30", "subnets_per_network": 2} times: 40 method_name: run timeout: 0 duration: None cls:
2019-12-01 15:34:11.600 2312 INFO rally.task.runner [-] Task e8308a21-9548-4aa9-b03f-255ec06cc208 | ITER: 18 START
2019-12-01 15:34:11.601 2312 WARNING rally_openstack.scenarios.neutron.utils [-] Running this scenario without either the 'network' or 'existing_network' context is deprecated
2019-12-01 15:34:11.602 2317 INFO rally.task.runner [-] Task e8308a21-9548-4aa9-b03f-255ec06cc208 | ITER: 19 START
2019-12-01 15:34:11.603 2317 WARNING rally_openstack.scenarios.neutron.utils [-] Running this scenario without either the 'network' or 'existing_network' context is deprecated
2019-12-01 15:34:11.603 2320 INFO rally.task.runner [-] Task e8308a21-9548-4aa9-b03f-255ec06cc208 | ITER: 20 START
2019-12-01 15:34:11.604 2320 WARNING rally_openstack.scenarios.neutron.utils [-] Running this scenario without either the 'network' or 'existing_network' context is deprecated
2019-12-01 15:34:12.589 2269 RALLYDEBUG rally_openstack.wrappers.network [-] CIDR generated: 1.1.4.96/30
2019-12-01 15:34:12.707 2271 RALLYDEBUG rally_openstack.wrappers.network [-] CIDR generated: 1.1.4.100/30
2019-12-01 15:34:13.648 2274 RALLYDEBUG rally_openstack.wrappers.network [-] CIDR generated: 1.1.4.104/30
2019-12-01 15:34:13.747 2286 RALLYDEBUG rally_openstack.wrappers.network [-] CIDR generated: 1.1.4.108/30
2019-12-01 15:34:13.787 2310 RALLYDEBUG rally_openstack.wrappers.network [-] CIDR generated: 1.1.4.112/30
2019-12-01 15:34:13.970 2302 RALLYDEBUG rally_openstack.wrappers.network [-] CIDR generated: 1.1.4.116/30
2019-12-01 15:34:14.010 2270 RALLYDEBUG rally_openstack.wrappers.network [-] CIDR generated: 1.1.4.120/30
2019-12-01 15:34:14.213 2303 RALLYDEBUG rally_openstack.wrappers.network [-] CIDR generated: 1.1.4.124/30
2019-12-01 15:34:14.939 2271 RALLYDEBUG rally_openstack.wrappers.network [-] CIDR generated: 1.1.4.128/30
2019-12-01 15:34:15.262 2274 RALLYDEBUG rally_openstack.wrappers.network [-] CIDR generated: 1.1.4.132/30
2019-12-01 15:34:15.346 2270 RALLYDEBUG rally_openstack.wrappers.network [-] CIDR generated: 1.1.4.136/30
2019-12-01 15:34:16.292 2272 RALLYDEBUG rally_openstack.wrappers.network [-] CIDR generated: 1.1.4.140/30
2019-12-01 15:34:16.546 2307 RALLYDEBUG rally_openstack.wrappers.network [-] CIDR generated: 1.1.4.144/30
2019-12-01 15:34:16.550 2276 RALLYDEBUG rally_openstack.wrappers.network [-] CIDR generated: 1.1.4.148/30
2019-12-01 15:34:16.712 2289 RALLYDEBUG rally_openstack.wrappers.network [-] CIDR generated: 1.1.4.152/30
2019-12-01 15:34:16.719 2292 RALLYDEBUG rally_openstack.wrappers.network [-] CIDR generated: 1.1.4.156/30
2019-12-01 15:34:16.792 2279 RALLYDEBUG rally_openstack.wrappers.network [-] CIDR generated: 1.1.4.160/30
2019-12-01 15:34:17.072 2320 RALLYDEBUG rally_openstack.wrappers.network [-] CIDR generated: 1.1.4.164/30
2019-12-01 15:34:17.085 2317 RALLYDEBUG rally_openstack.wrappers.network [-] CIDR generated: 1.1.4.168/30
2019-12-01 15:34:17.091 2299 RALLYDEBUG rally_openstack.wrappers.network [-] CIDR generated: 1.1.4.172/30
2019-12-01 15:34:17.155 2282 RALLYDEBUG rally_openstack.wrappers.network [-] CIDR generated: 1.1.4.176/30
2019-12-01 15:34:17.237 2295 RALLYDEBUG rally_openstack.wrappers.network [-] CIDR generated: 1.1.4.180/30
2019-12-01 15:34:17.341 2312 RALLYDEBUG rally_openstack.wrappers.network [-] CIDR generated: 1.1.4.184/30
2019-12-01 15:34:19.059 2269 RALLYDEBUG rally_openstack.wrappers.network [-] CIDR generated: 1.1.4.188/30
2019-12-01 15:34:19.648 2310 RALLYDEBUG rally_openstack.wrappers.network [-] CIDR generated: 1.1.4.192/30
2019-12-01 15:34:19.684 2286 RALLYDEBUG rally_openstack.wrappers.network [-] CIDR generated: 1.1.4.196/30
2019-12-01 15:34:19.807 2302 RALLYDEBUG rally_openstack.wrappers.network [-] CIDR generated: 1.1.4.200/30
2019-12-01 15:34:19.854 2303 RALLYDEBUG rally_openstack.wrappers.network [-] CIDR generated: 1.1.4.204/30
2019-12-01 15:34:24.087 2272 RALLYDEBUG rally_openstack.wrappers.network [-] CIDR generated: 1.1.4.208/30
2019-12-01 15:34:25.476 2276 RALLYDEBUG rally_openstack.wrappers.network [-] CIDR generated: 1.1.4.212/30
2019-12-01 15:34:25.493 2307 RALLYDEBUG rally_openstack.wrappers.network [-] CIDR generated: 1.1.4.216/30
2019-12-01 15:34:25.535 2279 RALLYDEBUG rally_openstack.wrappers.network [-] CIDR generated: 1.1.4.220/30
2019-12-01 15:34:25.675 2289 RALLYDEBUG rally_openstack.wrappers.network [-] CIDR generated: 1.1.4.224/30
2019-12-01 15:34:25.779 2292 RALLYDEBUG rally_openstack.wrappers.network [-] CIDR generated: 1.1.4.228/30
2019-12-01 15:34:26.117 2317 RALLYDEBUG rally_openstack.wrappers.network [-] CIDR generated: 1.1.4.232/30
2019-12-01 15:34:26.240 2299 RALLYDEBUG rally_openstack.wrappers.network [-] CIDR generated: 1.1.4.236/30
2019-12-01 15:34:26.374 2282 RALLYDEBUG rally_openstack.wrappers.network [-] CIDR generated: 1.1.4.240/30
2019-12-01 15:34:26.488 2320 RALLYDEBUG rally_openstack.wrappers.network [-] CIDR generated: 1.1.4.244/30
2019-12-01 15:34:26.498 2312 RALLYDEBUG rally_openstack.wrappers.network [-] CIDR generated: 1.1.4.248/30
2019-12-01 15:34:26.526 2295 RALLYDEBUG rally_openstack.wrappers.network [-] CIDR generated: 1.1.4.252/30
2019-12-01 15:34:27.791 2271 INFO rally.task.runner [-] Task e8308a21-9548-4aa9-b03f-255ec06cc208 | ITER: 3 END: OK
2019-12-01 15:34:27.796 2271 INFO rally.task.runner [-] Task e8308a21-9548-4aa9-b03f-255ec06cc208 | ITER: 21 START
2019-12-01 15:34:27.796 2271 WARNING rally_openstack.scenarios.neutron.utils [-] Running this scenario without either the 'network' or 'existing_network' context is deprecated
2019-12-01 15:34:33.159 2271 RALLYDEBUG rally_openstack.wrappers.network [-] CIDR generated: 1.1.5.0/30
2019-12-01 15:34:36.048 2271 RALLYDEBUG rally_openstack.wrappers.network [-] CIDR generated: 1.1.5.4/30
2019-12-01 15:34:37.157 2270 INFO rally.task.runner [-] Task e8308a21-9548-4aa9-b03f-255ec06cc208 | ITER: 2 END: OK
2019-12-01 15:34:37.162 2270 INFO rally.task.runner [-] Task e8308a21-9548-4aa9-b03f-255ec06cc208 | ITER: 22 START
2019-12-01 15:34:37.161 2274 INFO rally.task.runner [-] Task e8308a21-9548-4aa9-b03f-255ec06cc208 | ITER: 5 END: OK
2019-12-01 15:34:37.163 2270 WARNING rally_openstack.scenarios.neutron.utils [-] Running this scenario without either the 'network' or 'existing_network' context is deprecated
2019-12-01 15:34:37.171 2274 INFO rally.task.runner [-] Task e8308a21-9548-4aa9-b03f-255ec06cc208 | ITER: 23 START
2019-12-01 15:34:37.173 2274 WARNING rally_openstack.scenarios.neutron.utils [-] Running this scenario without either the 'network' or 'existing_network' context is deprecated
2019-12-01 15:34:37.202 2272 INFO rally.task.runner [-] Task e8308a21-9548-4aa9-b03f-255ec06cc208 | ITER: 4 END: OK
2019-12-01 15:34:37.207 2272 INFO rally.task.runner [-] Task e8308a21-9548-4aa9-b03f-255ec06cc208 | ITER: 24 START
2019-12-01 15:34:37.208 2272 WARNING rally_openstack.scenarios.neutron.utils [-] Running this scenario without either the 'network' or 'existing_network' context is deprecated
2019-12-01 15:34:38.365 2274 RALLYDEBUG rally_openstack.wrappers.network [-] CIDR generated: 1.1.5.8/30
2019-12-01 15:34:40.479 2276 INFO rally.task.runner [-] Task e8308a21-9548-4aa9-b03f-255ec06cc208 | ITER: 6 END: OK
2019-12-01 15:34:40.489 2276 INFO rally.task.runner [-] Task e8308a21-9548-4aa9-b03f-255ec06cc208 | ITER: 25 START
2019-12-01 15:34:40.490 2276 WARNING rally_openstack.scenarios.neutron.utils [-] Running this scenario without either the 'network' or 'existing_network' context is deprecated
2019-12-01 15:34:41.025 2279 INFO rally.task.runner [-] Task e8308a21-9548-4aa9-b03f-255ec06cc208 | ITER: 7 END: OK
2019-12-01 15:34:41.034 2279 INFO rally.task.runner [-] Task e8308a21-9548-4aa9-b03f-255ec06cc208 | ITER: 26 START
2019-12-01 15:34:41.035 2279 WARNING rally_openstack.scenarios.neutron.utils [-] Running this scenario without either the 'network' or 'existing_network' context is deprecated
2019-12-01 15:34:41.654 2270 RALLYDEBUG rally_openstack.wrappers.network [-] CIDR generated: 1.1.5.12/30
2019-12-01 15:34:41.836 2272 RALLYDEBUG rally_openstack.wrappers.network [-] CIDR generated: 1.1.5.16/30
2019-12-01 15:34:42.418 2307 INFO rally.task.runner [-] Task e8308a21-9548-4aa9-b03f-255ec06cc208 | ITER: 15 END: OK
2019-12-01 15:34:42.425 2307 INFO rally.task.runner [-] Task e8308a21-9548-4aa9-b03f-255ec06cc208 | ITER: 27 START
2019-12-01 15:34:42.425 2307 WARNING rally_openstack.scenarios.neutron.utils [-] Running this scenario without either the 'network' or 'existing_network' context is deprecated
2019-12-01 15:34:42.481 2289 INFO rally.task.runner [-] Task e8308a21-9548-4aa9-b03f-255ec06cc208 | ITER: 10 END: OK
2019-12-01 15:34:42.488 2289 INFO rally.task.runner [-] Task e8308a21-9548-4aa9-b03f-255ec06cc208 | ITER: 28 START
2019-12-01 15:34:42.489 2289 WARNING rally_openstack.scenarios.neutron.utils [-] Running this scenario without either the 'network' or 'existing_network' context is deprecated
2019-12-01 15:34:42.639 2279 RALLYDEBUG rally_openstack.wrappers.network [-] CIDR generated: 1.1.5.20/30
2019-12-01 15:34:43.807 2307 RALLYDEBUG rally_openstack.wrappers.network [-] CIDR generated: 1.1.5.24/30
2019-12-01 15:34:44.281 2270 RALLYDEBUG rally_openstack.wrappers.network [-] CIDR generated: 1.1.5.28/30
2019-12-01 15:34:44.291 2292 INFO rally.task.runner [-] Task e8308a21-9548-4aa9-b03f-255ec06cc208 | ITER: 11 END: OK
2019-12-01 15:34:44.299 2292 INFO rally.task.runner [-] Task e8308a21-9548-4aa9-b03f-255ec06cc208 | ITER: 29 START
2019-12-01 15:34:44.301 2292 WARNING rally_openstack.scenarios.neutron.utils [-] Running this scenario without either the 'network' or 'existing_network' context is deprecated
2019-12-01 15:34:44.365 2272 RALLYDEBUG rally_openstack.wrappers.network [-] CIDR generated: 1.1.5.32/30
2019-12-01 15:34:44.884 2276 RALLYDEBUG rally_openstack.wrappers.network [-] CIDR generated: 1.1.5.36/30
2019-12-01 15:34:45.403 2292 RALLYDEBUG rally_openstack.wrappers.network [-] CIDR generated: 1.1.5.40/30
2019-12-01 15:34:45.426 2317 INFO rally.task.runner [-] Task e8308a21-9548-4aa9-b03f-255ec06cc208 | ITER: 19 END: OK
2019-12-01 15:34:45.434 2317 INFO rally.task.runner [-] Task e8308a21-9548-4aa9-b03f-255ec06cc208 | ITER: 30 START
2019-12-01 15:34:45.435 2317 WARNING rally_openstack.scenarios.neutron.utils [-] Running this scenario without either the 'network' or 'existing_network' context is deprecated
2019-12-01 15:34:46.711 2299 INFO rally.task.runner [-] Task e8308a21-9548-4aa9-b03f-255ec06cc208 | ITER: 13 END: OK
2019-12-01 15:34:46.720 2299 INFO rally.task.runner [-] Task e8308a21-9548-4aa9-b03f-255ec06cc208 | ITER: 31 START
2019-12-01 15:34:46.722 2299 WARNING rally_openstack.scenarios.neutron.utils [-] Running this scenario without either the 'network' or 'existing_network' context is deprecated
2019-12-01 15:34:46.913 2317 RALLYDEBUG rally_openstack.wrappers.network [-] CIDR generated: 1.1.5.44/30
2019-12-01 15:34:47.050 2274 RALLYDEBUG rally_openstack.wrappers.network [-] CIDR generated: 1.1.5.48/30
2019-12-01 15:34:47.053 2310 INFO rally.task.runner [-] Task e8308a21-9548-4aa9-b03f-255ec06cc208 | ITER: 17 END: OK
2019-12-01 15:34:47.059 2310 INFO rally.task.runner [-] Task e8308a21-9548-4aa9-b03f-255ec06cc208 | ITER: 32 START
2019-12-01 15:34:47.060 2310 WARNING rally_openstack.scenarios.neutron.utils [-] Running this scenario without either the 'network' or 'existing_network' context is deprecated
2019-12-01 15:34:47.230 2286 INFO rally.task.runner [-] Task e8308a21-9548-4aa9-b03f-255ec06cc208 | ITER: 9 END: OK
2019-12-01 15:34:47.230 2269 INFO rally.task.runner [-] Task e8308a21-9548-4aa9-b03f-255ec06cc208 | ITER: 1 END: OK
2019-12-01 15:34:47.242 2286 INFO rally.task.runner [-] Task e8308a21-9548-4aa9-b03f-255ec06cc208 | ITER: 33 START
2019-12-01 15:34:47.242 2269 INFO rally.task.runner [-] Task e8308a21-9548-4aa9-b03f-255ec06cc208 | ITER: 34 START
2019-12-01 15:34:47.244 2269 WARNING rally_openstack.scenarios.neutron.utils [-] Running this scenario without either the 'network' or 'existing_network' context is deprecated
2019-12-01 15:34:47.244 2286 WARNING rally_openstack.scenarios.neutron.utils [-] Running this scenario without either the 'network' or 'existing_network' context is deprecated
2019-12-01 15:34:47.349 2302 INFO rally.task.runner [-] Task e8308a21-9548-4aa9-b03f-255ec06cc208 | ITER: 14 END: OK
2019-12-01 15:34:47.357 2302 INFO rally.task.runner [-] Task e8308a21-9548-4aa9-b03f-255ec06cc208 | ITER: 35 START
2019-12-01 15:34:47.358 2302 WARNING rally_openstack.scenarios.neutron.utils [-] Running this scenario without either the 'network' or 'existing_network' context is deprecated
2019-12-01 15:34:47.433 2303 INFO rally.task.runner [-] Task e8308a21-9548-4aa9-b03f-255ec06cc208 | ITER: 16 END: OK
2019-12-01 15:34:47.442 2303 INFO rally.task.runner [-] Task e8308a21-9548-4aa9-b03f-255ec06cc208 | ITER: 36 START
2019-12-01 15:34:47.444 2303 WARNING rally_openstack.scenarios.neutron.utils [-] Running this scenario without either the 'network' or 'existing_network' context is deprecated
2019-12-01 15:34:47.493 2276 RALLYDEBUG rally_openstack.wrappers.network [-] CIDR generated: 1.1.5.52/30
2019-12-01 15:34:47.498 2289 RALLYDEBUG rally_openstack.wrappers.network [-] CIDR generated: 1.1.5.56/30
2019-12-01 15:34:50.012 2320 INFO rally.task.runner [-] Task e8308a21-9548-4aa9-b03f-255ec06cc208 | ITER: 20 END: OK
2019-12-01 15:34:50.020 2320 INFO rally.task.runner [-] Task e8308a21-9548-4aa9-b03f-255ec06cc208 | ITER: 37 START
2019-12-01 15:34:50.021 2320 WARNING rally_openstack.scenarios.neutron.utils [-] Running this scenario without either the 'network' or 'existing_network' context is deprecated
2019-12-01 15:34:50.027 2302 RALLYDEBUG rally_openstack.wrappers.network [-] CIDR generated: 1.1.5.60/30
2019-12-01 15:34:50.101 2286 RALLYDEBUG rally_openstack.wrappers.network [-] CIDR generated: 1.1.5.64/30
2019-12-01 15:34:50.119 2299 RALLYDEBUG rally_openstack.wrappers.network [-] CIDR generated: 1.1.5.68/30
2019-12-01 15:34:50.506 2279 RALLYDEBUG rally_openstack.wrappers.network [-] CIDR generated: 1.1.5.72/30
2019-12-01 15:34:50.510 2310 RALLYDEBUG rally_openstack.wrappers.network [-] CIDR generated: 1.1.5.76/30
2019-12-01 15:34:50.514 2303 RALLYDEBUG rally_openstack.wrappers.network [-] CIDR generated: 1.1.5.80/30
2019-12-01 15:34:50.515 2269 RALLYDEBUG rally_openstack.wrappers.network [-] CIDR generated: 1.1.5.84/30
2019-12-01 15:34:50.893 2312 INFO rally.task.runner [-] Task e8308a21-9548-4aa9-b03f-255ec06cc208 | ITER: 18 END: OK
2019-12-01 15:34:50.900 2312 INFO rally.task.runner [-] Task e8308a21-9548-4aa9-b03f-255ec06cc208 | ITER: 38 START
2019-12-01 15:34:50.901 2312 WARNING rally_openstack.scenarios.neutron.utils [-] Running this scenario without either the 'network' or 'existing_network' context is deprecated
2019-12-01 15:34:51.030 2307 RALLYDEBUG rally_openstack.wrappers.network [-] CIDR generated: 1.1.5.88/30
2019-12-01 15:34:51.708 2295 INFO rally.task.runner [-] Task e8308a21-9548-4aa9-b03f-255ec06cc208 | ITER: 12 END: OK
2019-12-01 15:34:51.716 2295 INFO rally.task.runner [-] Task e8308a21-9548-4aa9-b03f-255ec06cc208 | ITER: 39 START
2019-12-01 15:34:51.717 2295 WARNING rally_openstack.scenarios.neutron.utils [-] Running this scenario without either the 'network' or 'existing_network' context is deprecated
2019-12-01 15:34:51.967 2292 RALLYDEBUG rally_openstack.wrappers.network [-] CIDR generated: 1.1.5.92/30
2019-12-01 15:34:52.356 2317 RALLYDEBUG rally_openstack.wrappers.network [-] CIDR generated: 1.1.5.96/30
2019-12-01 15:34:52.458 2320 RALLYDEBUG rally_openstack.wrappers.network [-] CIDR generated: 1.1.5.100/30
2019-12-01 15:34:53.287 2295 RALLYDEBUG rally_openstack.wrappers.network [-] CIDR generated: 1.1.5.104/30
2019-12-01 15:34:53.764 2302 RALLYDEBUG rally_openstack.wrappers.network [-] CIDR generated: 1.1.5.108/30
2019-12-01 15:34:53.782 2286 RALLYDEBUG rally_openstack.wrappers.network [-] CIDR generated: 1.1.5.112/30
2019-12-01 15:34:56.339 2289 RALLYDEBUG rally_openstack.wrappers.network [-] CIDR generated: 1.1.5.116/30
2019-12-01 15:34:57.215 2312 RALLYDEBUG rally_openstack.wrappers.network [-] CIDR generated: 1.1.5.120/30
2019-12-01 15:34:58.042 2312 RALLYDEBUG rally_openstack.wrappers.network [-] CIDR generated: 1.1.5.124/30
2019-12-01 15:35:00.172 2271 INFO rally.task.runner [-] Task e8308a21-9548-4aa9-b03f-255ec06cc208 | ITER: 21 END: OK
2019-12-01 15:35:00.180 2271 INFO rally.task.runner [-] Task e8308a21-9548-4aa9-b03f-255ec06cc208 | ITER: 40 START
2019-12-01 15:35:00.181 2271 WARNING rally_openstack.scenarios.neutron.utils [-] Running this scenario without either the 'network' or 'existing_network' context is deprecated
2019-12-01 15:35:01.351 2269 RALLYDEBUG rally_openstack.wrappers.network [-] CIDR generated: 1.1.5.128/30
2019-12-01 15:35:01.437 2303 RALLYDEBUG rally_openstack.wrappers.network [-] CIDR generated: 1.1.5.132/30
2019-12-01 15:35:01.441 2299 RALLYDEBUG rally_openstack.wrappers.network [-] CIDR generated: 1.1.5.136/30
2019-12-01 15:35:01.577 2310 RALLYDEBUG rally_openstack.wrappers.network [-] CIDR generated: 1.1.5.140/30
2019-12-01 15:35:02.183 2282 INFO rally.task.runner [-] Task e8308a21-9548-4aa9-b03f-255ec06cc208 | ITER: 8 END: OK
2019-12-01 15:35:02.632 2320 RALLYDEBUG rally_openstack.wrappers.network [-] CIDR generated: 1.1.5.144/30
2019-12-01 15:35:02.709 2295 RALLYDEBUG rally_openstack.wrappers.network [-] CIDR generated: 1.1.5.148/30
2019-12-01 15:35:02.798 2271 RALLYDEBUG rally_openstack.wrappers.network [-] CIDR generated: 1.1.5.152/30
2019-12-01 15:35:03.757 2274 INFO rally.task.runner [-] Task e8308a21-9548-4aa9-b03f-255ec06cc208 | ITER: 23 END: OK
2019-12-01 15:35:05.480 2276 INFO rally.task.runner [-] Task e8308a21-9548-4aa9-b03f-255ec06cc208 | ITER: 25 END: OK
2019-12-01 15:35:14.644 2272 INFO rally.task.runner [-] Task e8308a21-9548-4aa9-b03f-255ec06cc208 | ITER: 24 END: OK
2019-12-01 15:35:14.672 2292 INFO rally.task.runner [-] Task e8308a21-9548-4aa9-b03f-255ec06cc208 | ITER: 29 END: OK
2019-12-01 15:35:14.677 2312 INFO rally.task.runner [-] Task e8308a21-9548-4aa9-b03f-255ec06cc208 | ITER: 38 END: OK
2019-12-01 15:35:14.680 2289 INFO rally.task.runner [-] Task e8308a21-9548-4aa9-b03f-255ec06cc208 | ITER: 28 END: OK
2019-12-01 15:35:14.698 2271 RALLYDEBUG rally_openstack.wrappers.network [-] CIDR generated: 1.1.5.156/30
2019-12-01 15:35:14.740 2270 INFO rally.task.runner [-] Task e8308a21-9548-4aa9-b03f-255ec06cc208 | ITER: 22 END: OK
2019-12-01 15:35:23.905 2279 INFO rally.task.runner [-] Task e8308a21-9548-4aa9-b03f-255ec06cc208 | ITER: 26 END: OK
2019-12-01 15:35:28.532 2307 INFO rally.task.runner [-] Task e8308a21-9548-4aa9-b03f-255ec06cc208 | ITER: 27 END: OK
2019-12-01 15:35:28.556 2317 INFO rally.task.runner [-] Task e8308a21-9548-4aa9-b03f-255ec06cc208 | ITER: 30 END: OK
2019-12-01 15:35:29.481 2302 INFO rally.task.runner [-] Task e8308a21-9548-4aa9-b03f-255ec06cc208 | ITER: 35 END: OK
2019-12-01 15:35:29.489 2286 INFO rally.task.runner [-] Task e8308a21-9548-4aa9-b03f-255ec06cc208 | ITER: 33 END: OK
2019-12-01 15:35:30.810 2271 INFO rally.task.runner [-] Task e8308a21-9548-4aa9-b03f-255ec06cc208 | ITER: 40 END: OK
2019-12-01 15:35:34.736 2295 INFO rally.task.runner [-] Task e8308a21-9548-4aa9-b03f-255ec06cc208 | ITER: 39 END: OK
2019-12-01 15:35:34.988 2269 INFO rally.task.runner [-] Task e8308a21-9548-4aa9-b03f-255ec06cc208 | ITER: 34 END: OK
2019-12-01 15:35:35.103 2303 INFO rally.task.runner [-] Task e8308a21-9548-4aa9-b03f-255ec06cc208 | ITER: 36 END: OK
2019-12-01 15:35:35.110 2320 INFO rally.task.runner [-] Task e8308a21-9548-4aa9-b03f-255ec06cc208 | ITER: 37 END: OK
2019-12-01 15:35:35.164 2310 INFO rally.task.runner [-] Task e8308a21-9548-4aa9-b03f-255ec06cc208 | ITER: 32 END: OK
2019-12-01 15:35:35.167 2299 INFO rally.task.runner [-] Task e8308a21-9548-4aa9-b03f-255ec06cc208 | ITER: 31 END: OK
2019-12-01 15:35:35.193 15 INFO rally.task.context [-] Task e8308a21-9548-4aa9-b03f-255ec06cc208 | Context cleanup@openstack cleanup() started
2019-12-01 15:35:35.198 15 RALLYDEBUG rally_openstack.cleanup.manager [-] Cleaning up neutron vip objects
2019-12-01 15:35:35.447 15 RALLYDEBUG rally_openstack.cleanup.manager [-] Cleaning up neutron health_monitor objects
2019-12-01 15:35:35.653 15 RALLYDEBUG rally_openstack.cleanup.manager [-] Cleaning up neutron pool objects
2019-12-01 15:35:35.855 15 RALLYDEBUG rally_openstack.cleanup.manager [-] Cleaning up neutron loadbalancer objects
2019-12-01 15:35:36.049 15 RALLYDEBUG rally_openstack.cleanup.manager [-] Cleaning up neutron floatingip objects
2019-12-01 15:35:36.249 15 RALLYDEBUG rally_openstack.cleanup.manager [-] Cleaning up neutron trunk objects
2019-12-01 15:35:36.456 15 DEBUG neutronclient.v2_0.client [-] Error message: {"message": "The resource could not be found.

\n\n\n", "code": "404 Not Found", "title": "Not Found"} _handle_fault_response /usr/lib/python2.7/site-packages/neutronclient/v2_0/client.py:259
2019-12-01 15:35:36.465 15 RALLYDEBUG rally_openstack.cleanup.manager [-] Cleaning up neutron port objects
2019-12-01 15:35:36.909 15 RALLYDEBUG rally_openstack.cleanup.manager [-] Cleaning up neutron subnet objects
2019-12-01 15:35:37.167 15 RALLYDEBUG rally_openstack.cleanup.manager [-] Cleaning up neutron network objects
2019-12-01 15:35:37.620 15 RALLYDEBUG rally_openstack.cleanup.manager [-] Deleting neutron.network object s_rally_bbc4a0b8_nha8ftlv (0b466cfa-b17a-414b-9f97-93857929ff0d)
2019-12-01 15:35:37.628 15 RALLYDEBUG rally_openstack.cleanup.manager [-] Deleting neutron.network object s_rally_bbc4a0b8_EIz8aaZ3 (22ee6176-b30e-471b-9656-e9c0a1317268)
2019-12-01 15:35:37.632 15 RALLYDEBUG rally_openstack.cleanup.manager [-] Deleting neutron.network object s_rally_bbc4a0b8_MYSCOo11 (0ba46486-e5f6-4f8d-8a6e-2f23ba357236)
2019-12-01 15:35:37.637 15 RALLYDEBUG rally_openstack.cleanup.manager [-] Deleting neutron.network object s_rally_bbc4a0b8_UBH4AUO5 (24a047ff-81f1-4b93-b304-ab03b908b98c)
2019-12-01 15:35:37.642 15 RALLYDEBUG rally_openstack.cleanup.manager [-] Deleting neutron.network object s_rally_bbc4a0b8_cq0xZcRA (2755378b-eed9-4f4b-b609-9f957e18e8b4)
2019-12-01 15:35:37.648 15 RALLYDEBUG rally_openstack.cleanup.manager [-] Deleting neutron.network object s_rally_bbc4a0b8_UCPqqgqF (2d8460b1-0cbe-471e-b45a-6434ae4f7443)
2019-12-01 15:35:37.679 15 RALLYDEBUG rally_openstack.cleanup.manager [-] Deleting neutron.network object s_rally_bbc4a0b8_2WgHm8P3 (2d8e994d-1fd6-4f90-b184-2511e909055c)
2019-12-01 15:35:37.731 15 RALLYDEBUG rally_openstack.cleanup.manager [-] Deleting neutron.network object s_rally_bbc4a0b8_axMwkOjD (34d25a2f-5470-4fc7-9cce-b0babeace210)
2019-12-01 15:35:37.748 15 RALLYDEBUG rally_openstack.cleanup.manager [-] Deleting neutron.network object s_rally_bbc4a0b8_J0AmQb1F (391501ce-5efc-4d36-88d5-23f272e7e387)
2019-12-01 15:35:37.752 15 RALLYDEBUG rally_openstack.cleanup.manager [-] Deleting neutron.network object s_rally_bbc4a0b8_ARjbl8qR (3adc24c6-7c34-4f50-b909-781a839ed1d8)
2019-12-01 15:35:37.769 15 RALLYDEBUG rally_openstack.cleanup.manager [-] Deleting neutron.network object s_rally_bbc4a0b8_ClfRo7MI (35023b23-b491-4534-981c-7967c7e1fdfd)
2019-12-01 15:35:37.769 15 RALLYDEBUG rally_openstack.cleanup.manager [-] Deleting neutron.network object s_rally_bbc4a0b8_ITr4XGes (39345de5-0423-47a5-b286-e59f39b2ac26)
2019-12-01 15:35:37.779 15 RALLYDEBUG rally_openstack.cleanup.manager [-] Deleting neutron.network object s_rally_bbc4a0b8_ilFRxmyl (429d20cc-e63b-4be6-83a3-a16ebef0ba43)
2019-12-01 15:35:37.787 15 RALLYDEBUG rally_openstack.cleanup.manager [-] Deleting neutron.network object s_rally_bbc4a0b8_TjUbPI0S (4c2afbea-2a16-4d98-a2c4-a4c5b1c9b147)
2019-12-01 15:35:37.790 15 RALLYDEBUG rally_openstack.cleanup.manager [-] Deleting neutron.network object s_rally_bbc4a0b8_oUqtBmvc (5922bbc9-8b43-4763-88bd-75f1b59cdccc)
2019-12-01 15:35:37.800 15 RALLYDEBUG rally_openstack.cleanup.manager [-] Deleting neutron.network object s_rally_bbc4a0b8_tbzyICpS (67a95d21-a09c-46a4-8892-d2d4aaaabae4)
2019-12-01 15:35:37.843 15 RALLYDEBUG rally_openstack.cleanup.manager [-] Deleting neutron.network object s_rally_bbc4a0b8_MHMabeNZ (70e86641-d35a-445a-8b63-2bfdeceeca24)
2019-12-01 15:35:37.832 15 RALLYDEBUG rally_openstack.cleanup.manager [-] Deleting neutron.network object s_rally_bbc4a0b8_PAz5VN9t (5265b836-310a-4dbd-bed1-6eec811009e4)
2019-12-01 15:35:37.851 15 RALLYDEBUG rally_openstack.cleanup.manager [-] Deleting neutron.network object s_rally_bbc4a0b8_GM9A5TfT (7940d9ff-3a80-4f6b-b034-c607bf40be8d)
2019-12-01 15:35:37.881 15 RALLYDEBUG rally_openstack.cleanup.manager [-] Deleting neutron.network object s_rally_bbc4a0b8_W0BRmhkE (7acbf61d-ea84-4fe4-9510-b7b2ee7e6e2b)
2019-12-01 15:35:42.616 15 RALLYDEBUG rally_openstack.cleanup.manager [-] Deleting neutron.network object s_rally_bbc4a0b8_bIKp2veh (8175c1c5-ac9b-42d2-a3bd-cbf61275de78)
2019-12-01 15:35:43.604 15 RALLYDEBUG rally_openstack.cleanup.manager [-] Deleting neutron.network object s_rally_bbc4a0b8_nOxuk70K (8522f066-bb32-4965-9100-eae926cb88b1)
2019-12-01 15:35:44.045 15 RALLYDEBUG rally_openstack.cleanup.manager [-] Deleting neutron.network object s_rally_bbc4a0b8_gzAMqiXQ (92c52e54-c950-432e-b674-fdb5e20e6f3d)
2019-12-01 15:35:44.186 15 RALLYDEBUG rally_openstack.cleanup.manager [-] Deleting neutron.network object s_rally_bbc4a0b8_rFkXkbtD (9b6442d8-be28-457f-b9d1-6d3a0ef114a5)
2019-12-01 15:35:44.240 15 RALLYDEBUG rally_openstack.cleanup.manager [-] Deleting neutron.network object s_rally_bbc4a0b8_hcGKflpL (a4fff114-2e21-41c5-9b1c-8953f024da0d)
2019-12-01 15:35:44.282 15 RALLYDEBUG rally_openstack.cleanup.manager [-] Deleting neutron.network object s_rally_bbc4a0b8_ASIPmUus (c0ef3657-62bc-4bc9-b033-159652bca7bb)
2019-12-01 15:35:44.315 15 RALLYDEBUG rally_openstack.cleanup.manager [-] Deleting neutron.network object s_rally_bbc4a0b8_zhxZH239 (c4508a3f-618e-46a8-82cb-80cc92bb964d)
2019-12-01 15:35:45.022 15 RALLYDEBUG rally_openstack.cleanup.manager [-] Deleting neutron.network object s_rally_bbc4a0b8_CarNzSrh (c58d064c-c042-45c1-b822-b6393fc93ed3)
2019-12-01 15:35:45.379 15 RALLYDEBUG rally_openstack.cleanup.manager [-] Deleting neutron.network object s_rally_bbc4a0b8_ruXJQ2l9 (c5c6b960-98b7-414f-a489-1da601827d77)
2019-12-01 15:35:45.387 15 RALLYDEBUG rally_openstack.cleanup.manager [-] Deleting neutron.network object s_rally_bbc4a0b8_NHL43pAg (c8320b54-a9c9-4dbb-a9e9-bbb7fc5bdd9a)
2019-12-01 15:35:45.399 15 RALLYDEBUG rally_openstack.cleanup.manager [-] Deleting neutron.network object s_rally_bbc4a0b8_lO2vR3G1 (ccf565d4-29fe-4c7e-85e4-2143649aa741)
2019-12-01 15:35:45.468 15 RALLYDEBUG rally_openstack.cleanup.manager [-] Deleting neutron.network object s_rally_bbc4a0b8_otgmWoye (cdd40767-9c85-4534-8c75-31a40cd690cc)
2019-12-01 15:35:45.515 15 RALLYDEBUG rally_openstack.cleanup.manager [-] Deleting neutron.network object s_rally_bbc4a0b8_gn3ceox6 (d5477680-2f54-4fa2-a58e-c1caf01c0b32)
2019-12-01 15:35:46.743 15 RALLYDEBUG rally_openstack.cleanup.manager [-] Deleting neutron.network object s_rally_bbc4a0b8_0u2FmDfL (dae19601-e0e6-48ed-845f-ba39bec9253f)
2019-12-01 15:35:47.628 15 RALLYDEBUG rally_openstack.cleanup.manager [-] Deleting neutron.network object s_rally_bbc4a0b8_NQ8pIB5F (e2d91f8a-6017-4d66-bfa5-e841343a9969)
2019-12-01 15:35:48.533 15 RALLYDEBUG rally_openstack.cleanup.manager [-] Deleting neutron.network object s_rally_bbc4a0b8_M9PVc1TE (ed0a343b-175b-481f-9ef8-cf975d79acb0)
2019-12-01 15:35:48.550 15 RALLYDEBUG rally_openstack.cleanup.manager [-] Deleting neutron.network object s_rally_bbc4a0b8_mKMfH9OP (f6014d8f-2d45-4822-8a7d-071638a8352d)
2019-12-01 15:35:49.121 15 RALLYDEBUG rally_openstack.cleanup.manager [-] Deleting neutron.network object s_rally_bbc4a0b8_XLXaQ0Cy (f70b5754-c2cd-4112-979a-0d91da4fe76d)
2019-12-01 15:35:50.056 15 RALLYDEBUG rally_openstack.cleanup.manager [-] Deleting neutron.network object s_rally_bbc4a0b8_um7JE32z (f79de36e-fbf4-4e8d-bc28-4d1c3128e2e3)
2019-12-01 15:35:50.061 15 RALLYDEBUG rally_openstack.cleanup.manager [-] Deleting neutron.network object s_rally_bbc4a0b8_fJOAJeLX (fe9e09a9-ba3e-4fa3-8bb4-7ca70701da78)
2019-12-01 15:35:58.152 15 RALLYDEBUG rally_openstack.cleanup.manager [-] Cleaning up neutron router objects
2019-12-01 15:35:58.545 15 RALLYDEBUG rally_openstack.cleanup.manager [-] Cleaning up neutron security_group objects
2019-12-01 15:35:58.857 15 INFO rally.task.context [-] Task e8308a21-9548-4aa9-b03f-255ec06cc208 | Context cleanup@openstack cleanup() finished in 23.66 sec
2019-12-01 15:35:58.857 15 INFO rally.task.context [-] Task e8308a21-9548-4aa9-b03f-255ec06cc208 | Context quotas@openstack cleanup() started
2019-12-01 15:35:58.904 15 INFO rally.task.context [-] Task e8308a21-9548-4aa9-b03f-255ec06cc208 | Context quotas@openstack cleanup() finished in 46.87 msec
2019-12-01 15:35:58.905 15 INFO rally.task.context [-] Task e8308a21-9548-4aa9-b03f-255ec06cc208 | Context users@openstack cleanup() started
2019-12-01 15:36:00.287 15 INFO rally.task.context [-] Task e8308a21-9548-4aa9-b03f-255ec06cc208 | Context users@openstack cleanup() finished in 1.38 sec
2019-12-01 15:36:00.808 15 INFO rally.task.engine [-] Load duration is: 83.616629
2019-12-01 15:36:00.809 15 INFO rally.task.engine [-] Full runner duration is: 83.665521
2019-12-01 15:36:00.809 15 INFO rally.task.engine [-] Full duration is: 109.928133
2019-12-01 15:36:00.918 15 INFO rally.task.engine [-] Running workload: position = 0 config = { "version": 2, "title": "A cropped version of a bigger task.", "description": "Auto-generated task from a single workload (uuid=987ba52a-bc4e-4447-936c-8427dd949381)", "subtasks": [ { "title": "NeutronNetworks.create_and_list_routers", "description": "Create and a given number of routers and list all routers.", "scenario": { "NeutronNetworks.create_and_list_routers": { "network_create_args": null, "subnet_create_args": null, "subnet_cidr_start": "1.1.0.0/30", "subnets_per_network": 2, "router_create_args": null } }, "contexts": { "users": { "tenants": 1, "users_per_tenant": 1 }, "quotas": { "neutron": { "network": -1, "subnet": -1, "router": -1 } } }, "runner": { "constant": { "times": 40, "concurrency": 20 } }, "hooks": [], "sla": { "failure_rate": { "max": 0 } } } ] }
2019-12-01 15:36:00.933 15 RALLYDEBUG rally_openstack.contexts.keystone.users [-] Creating 1 tenants using 20 threads
2019-12-01 15:36:01.396 15 RALLYDEBUG rally_openstack.contexts.keystone.users [-] Creating 1 users using 20 threads
2019-12-01 15:36:01.828 15 INFO rally.task.context [-] Task e8308a21-9548-4aa9-b03f-255ec06cc208 | Context users@openstack setup() finished in 0.89 sec
2019-12-01 15:36:02.219 15 INFO rally.task.context [-] Task e8308a21-9548-4aa9-b03f-255ec06cc208 | Context quotas@openstack setup() finished in 0.39 sec
2019-12-01 15:36:02.219 15 INFO rally.task.context [-] Task e8308a21-9548-4aa9-b03f-255ec06cc208 | Context cleanup@openstack setup() finished in 0.00 msec
2019-12-01 15:36:02.229 15 RALLYDEBUG rally.task.runner [-] Starting the constant runner (task UUID: e8308a21-9548-4aa9-b03f-255ec06cc208). timeout: 0 concurrency: 20 concurrency_per_worker: 1 times: 40 concurrency_overhead: 0 processes_to_start: 20 max_cpu_used: 88
2019-12-01 15:36:02.244 2671 RALLYDEBUG rally.task.runner [-] Starting a worker. concurrency: 1 args: {"network_create_args": null, "subnet_create_args": null, "subnet_cidr_start": "1.1.0.0/30", "subnets_per_network": 2, "router_create_args": null} times: 40 method_name: run timeout: 0 duration: None cls:
2019-12-01 15:36:02.248 2672 RALLYDEBUG rally.task.runner [-] Starting a worker. concurrency: 1 args: {"network_create_args": null, "subnet_create_args": null, "subnet_cidr_start": "1.1.0.0/30", "subnets_per_network": 2, "router_create_args": null} times: 40 method_name: run timeout: 0 duration: None cls:
2019-12-01 15:36:02.250 2671 INFO rally.task.runner [-] Task e8308a21-9548-4aa9-b03f-255ec06cc208 | ITER: 1 START
2019-12-01 15:36:02.251 2673 RALLYDEBUG rally.task.runner [-] Starting a worker. concurrency: 1 args: {"network_create_args": null, "subnet_create_args": null, "subnet_cidr_start": "1.1.0.0/30", "subnets_per_network": 2, "router_create_args": null} times: 40 method_name: run timeout: 0 duration: None cls:
2019-12-01 15:36:02.254 2672 INFO rally.task.runner [-] Task e8308a21-9548-4aa9-b03f-255ec06cc208 | ITER: 2 START
2019-12-01 15:36:02.255 2674 RALLYDEBUG rally.task.runner [-] Starting a worker. concurrency: 1 args: {"network_create_args": null, "subnet_create_args": null, "subnet_cidr_start": "1.1.0.0/30", "subnets_per_network": 2, "router_create_args": null} times: 40 method_name: run timeout: 0 duration: None cls:
2019-12-01 15:36:02.257 2673 INFO rally.task.runner [-] Task e8308a21-9548-4aa9-b03f-255ec06cc208 | ITER: 3 START
2019-12-01 15:36:02.258 2677 RALLYDEBUG rally.task.runner [-] Starting a worker. concurrency: 1 args: {"network_create_args": null, "subnet_create_args": null, "subnet_cidr_start": "1.1.0.0/30", "subnets_per_network": 2, "router_create_args": null} times: 40 method_name: run timeout: 0 duration: None cls:
2019-12-01 15:36:02.261 2674 INFO rally.task.runner [-] Task e8308a21-9548-4aa9-b03f-255ec06cc208 | ITER: 4 START
2019-12-01 15:36:02.261 2680 RALLYDEBUG rally.task.runner [-] Starting a worker. concurrency: 1 args: {"network_create_args": null, "subnet_create_args": null, "subnet_cidr_start": "1.1.0.0/30", "subnets_per_network": 2, "router_create_args": null} times: 40 method_name: run timeout: 0 duration: None cls:
2019-12-01 15:36:02.264 2677 INFO rally.task.runner [-] Task e8308a21-9548-4aa9-b03f-255ec06cc208 | ITER: 5 START
2019-12-01 15:36:02.264 2683 RALLYDEBUG rally.task.runner [-] Starting a worker. concurrency: 1 args: {"network_create_args": null, "subnet_create_args": null, "subnet_cidr_start": "1.1.0.0/30", "subnets_per_network": 2, "router_create_args": null} times: 40 method_name: run timeout: 0 duration: None cls:
2019-12-01 15:36:02.267 2680 INFO rally.task.runner [-] Task e8308a21-9548-4aa9-b03f-255ec06cc208 | ITER: 6 START
2019-12-01 15:36:02.267 2684 RALLYDEBUG rally.task.runner [-] Starting a worker. concurrency: 1 args: {"network_create_args": null, "subnet_create_args": null, "subnet_cidr_start": "1.1.0.0/30", "subnets_per_network": 2, "router_create_args": null} times: 40 method_name: run timeout: 0 duration: None cls:
2019-12-01 15:36:02.270 2683 INFO rally.task.runner [-] Task e8308a21-9548-4aa9-b03f-255ec06cc208 | ITER: 7 START
2019-12-01 15:36:02.269 2687 RALLYDEBUG rally.task.runner [-] Starting a worker. concurrency: 1 args: {"network_create_args": null, "subnet_create_args": null, "subnet_cidr_start": "1.1.0.0/30", "subnets_per_network": 2, "router_create_args": null} times: 40 method_name: run timeout: 0 duration: None cls:
2019-12-01 15:36:02.273 2684 INFO rally.task.runner [-] Task e8308a21-9548-4aa9-b03f-255ec06cc208 | ITER: 8 START
2019-12-01 15:36:02.272 2691 RALLYDEBUG rally.task.runner [-] Starting a worker. concurrency: 1 args: {"network_create_args": null, "subnet_create_args": null, "subnet_cidr_start": "1.1.0.0/30", "subnets_per_network": 2, "router_create_args": null} times: 40 method_name: run timeout: 0 duration: None cls:
2019-12-01 15:36:02.275 2687 INFO rally.task.runner [-] Task e8308a21-9548-4aa9-b03f-255ec06cc208 | ITER: 9 START
2019-12-01 15:36:02.276 2694 RALLYDEBUG rally.task.runner [-] Starting a worker. concurrency: 1 args: {"network_create_args": null, "subnet_create_args": null, "subnet_cidr_start": "1.1.0.0/30", "subnets_per_network": 2, "router_create_args": null} times: 40 method_name: run timeout: 0 duration: None cls:
2019-12-01 15:36:02.278 2691 INFO rally.task.runner [-] Task e8308a21-9548-4aa9-b03f-255ec06cc208 | ITER: 10 START
2019-12-01 15:36:02.278 2697 RALLYDEBUG rally.task.runner [-] Starting a worker. concurrency: 1 args: {"network_create_args": null, "subnet_create_args": null, "subnet_cidr_start": "1.1.0.0/30", "subnets_per_network": 2, "router_create_args": null} times: 40 method_name: run timeout: 0 duration: None cls:
2019-12-01 15:36:02.282 2694 INFO rally.task.runner [-] Task e8308a21-9548-4aa9-b03f-255ec06cc208 | ITER: 11 START
2019-12-01 15:36:02.281 2700 RALLYDEBUG rally.task.runner [-] Starting a worker. concurrency: 1 args: {"network_create_args": null, "subnet_create_args": null, "subnet_cidr_start": "1.1.0.0/30", "subnets_per_network": 2, "router_create_args": null} times: 40 method_name: run timeout: 0 duration: None cls:
2019-12-01 15:36:02.282 2703 RALLYDEBUG rally.task.runner [-] Starting a worker. concurrency: 1 args: {"network_create_args": null, "subnet_create_args": null, "subnet_cidr_start": "1.1.0.0/30", "subnets_per_network": 2, "router_create_args": null} times: 40 method_name: run timeout: 0 duration: None cls:
2019-12-01 15:36:02.284 2697 INFO rally.task.runner [-] Task e8308a21-9548-4aa9-b03f-255ec06cc208 | ITER: 12 START
2019-12-01 15:36:02.286 2703 INFO rally.task.runner [-] Task e8308a21-9548-4aa9-b03f-255ec06cc208 | ITER: 14 START
2019-12-01 15:36:02.287 2700 INFO rally.task.runner [-] Task e8308a21-9548-4aa9-b03f-255ec06cc208 | ITER: 13 START
2019-12-01 15:36:02.287 2705 RALLYDEBUG rally.task.runner [-] Starting a worker. concurrency: 1 args: {"network_create_args": null, "subnet_create_args": null, "subnet_cidr_start": "1.1.0.0/30", "subnets_per_network": 2, "router_create_args": null} times: 40 method_name: run timeout: 0 duration: None cls:
