2019-12-01 15:42:38.773 15 RALLYDEBUG rally_openstack.cleanup.manager [-] Deleting neutron.network object s_rally_987ba52a_9MHsnPJL (82107395-c4cb-417a-8a45-fa47fd092ab7)
2019-12-01 15:42:41.952 15 RALLYDEBUG rally_openstack.cleanup.manager [-] Deleting neutron.network object s_rally_987ba52a_ifhCx8TD (874b4c71-45aa-4b23-ae3f-1d8c63ac54e0)
2019-12-01 15:42:42.778 15 RALLYDEBUG rally_openstack.cleanup.manager [-] Deleting neutron.network object s_rally_987ba52a_DkxkEaQX (98b8f305-8b0d-4bf2-8c25-ef65b0e77101)
2019-12-01 15:42:43.562 15 RALLYDEBUG rally_openstack.cleanup.manager [-] Deleting neutron.network object s_rally_987ba52a_dtSAJvch (99f041f7-841e-41c7-a96a-9e3aa09b42de)
2019-12-01 15:42:43.576 15 RALLYDEBUG rally_openstack.cleanup.manager [-] Deleting neutron.network object s_rally_987ba52a_3grbJntl (b7cb1745-be70-4112-ab7e-0586051bcacd)
2019-12-01 15:42:43.580 15 RALLYDEBUG rally_openstack.cleanup.manager [-] Deleting neutron.network object s_rally_987ba52a_4wvh5yLT (c197cd25-3dc3-451d-8f81-f38392d693c6)
2019-12-01 15:42:43.641 15 RALLYDEBUG rally_openstack.cleanup.manager [-] Deleting neutron.network object s_rally_987ba52a_4XEcqEzn (c1dba892-e5ff-4839-b8ba-5a14433006e8)
2019-12-01 15:42:43.704 15 RALLYDEBUG rally_openstack.cleanup.manager [-] Deleting neutron.network object s_rally_987ba52a_oH8SUNZc (c3c109f1-9645-4ab2-8355-a7ce7098ed4c)
2019-12-01 15:42:43.714 15 RALLYDEBUG rally_openstack.cleanup.manager [-] Deleting neutron.network object s_rally_987ba52a_uUpzTzic (c5b9b2bc-4af0-4a89-8c2a-bf087641e6f2)
2019-12-01 15:42:43.971 15 RALLYDEBUG rally_openstack.cleanup.manager [-] Deleting neutron.network object s_rally_987ba52a_DQ7imYWb (c97a3c3b-d78e-4e78-a145-a411d044b167)
2019-12-01 15:42:44.457 15 RALLYDEBUG rally_openstack.cleanup.manager [-] Deleting neutron.network object s_rally_987ba52a_7XK1bvaM (ccd8b9e9-a092-4044-98ae-419ebdb99f51)
2019-12-01 15:42:44.467 15 RALLYDEBUG rally_openstack.cleanup.manager [-] Deleting neutron.network object s_rally_987ba52a_rvHUxxIa (cd17b074-0a47-4f88-aecf-c88cddca47c9)
2019-12-01 15:42:44.632 15 RALLYDEBUG rally_openstack.cleanup.manager [-] Deleting neutron.network object s_rally_987ba52a_cyvaWD0P (d1bb532a-3660-47ad-9164-c9ffac204d6d)
2019-12-01 15:42:44.637 15 RALLYDEBUG rally_openstack.cleanup.manager [-] Deleting neutron.network object s_rally_987ba52a_uFlHQcCS (d47da064-5f7f-4a7c-b88d-27270f8daa9e)
2019-12-01 15:42:44.659 15 RALLYDEBUG rally_openstack.cleanup.manager [-] Deleting neutron.network object s_rally_987ba52a_iBZCaKAp (e14dd666-80c5-4d6c-9359-7db1ecd2a075)
2019-12-01 15:42:44.728 15 RALLYDEBUG rally_openstack.cleanup.manager [-] Deleting neutron.network object s_rally_987ba52a_6zxEncBF (ea13d465-efc8-411f-9c01-0a7bd1d209ce)
2019-12-01 15:42:44.815 15 RALLYDEBUG rally_openstack.cleanup.manager [-] Deleting neutron.network object s_rally_987ba52a_JIidiAoZ (ec174646-8e32-4358-aa2b-73e4e08bfcda)
2019-12-01 15:42:44.932 15 RALLYDEBUG rally_openstack.cleanup.manager [-] Deleting neutron.network object s_rally_987ba52a_mbAikRG3 (f57aa791-34f0-4817-9fc2-a32743a4a0dd)
2019-12-01 15:42:53.534 15 RALLYDEBUG rally_openstack.cleanup.manager [-] Cleaning up neutron router objects
2019-12-01 15:42:54.118 15 RALLYDEBUG rally_openstack.cleanup.manager [-] Deleting neutron.router object s_rally_987ba52a_F2bpyuom (008f30fe-124a-44c7-b8a7-ad143ff8c437)
2019-12-01 15:42:54.126 15 RALLYDEBUG rally_openstack.cleanup.manager [-] Deleting neutron.router object s_rally_987ba52a_uMWGVWyH (079914d7-568d-409f-be75-41692e78e6d0)
2019-12-01 15:42:54.136 15 RALLYDEBUG rally_openstack.cleanup.manager [-] Deleting neutron.router object s_rally_987ba52a_cUn6ogwc (0b0fa58f-3948-48b8-ad8b-ab253673d9d5)
2019-12-01 15:42:54.142 15 RALLYDEBUG rally_openstack.cleanup.manager [-] Deleting neutron.router object s_rally_987ba52a_cT9kM5W9 (0bba2805-b9de-4d2b-b138-934671475305)
2019-12-01 15:42:54.148 15 RALLYDEBUG rally_openstack.cleanup.manager [-] Deleting neutron.router object s_rally_987ba52a_5qVtW6hV (0c011e82-f229-41ec-8469-ea14b71b4d05)
2019-12-01 15:42:54.164 15 RALLYDEBUG rally_openstack.cleanup.manager [-] Deleting neutron.router object s_rally_987ba52a_f0TCBYiM (112b9ada-f068-471d-b476-3c9a212a8407)
2019-12-01 15:42:54.172 15 RALLYDEBUG rally_openstack.cleanup.manager [-] Deleting neutron.router object s_rally_987ba52a_6YissyIh (13b6c3ba-71e5-405d-801c-ad5ab1714619)
2019-12-01 15:42:54.247 15 RALLYDEBUG rally_openstack.cleanup.manager [-] Deleting neutron.router object s_rally_987ba52a_Zp6LQQCz (1cf82db4-b8c1-4947-aaec-5194f5a55821)
2019-12-01 15:42:54.249 15 RALLYDEBUG rally_openstack.cleanup.manager [-] Deleting neutron.router object s_rally_987ba52a_7DIxIlwp (20bd92a4-f377-4749-b96b-85c3c3700661)
2019-12-01 15:42:54.268 15 RALLYDEBUG rally_openstack.cleanup.manager [-] Deleting neutron.router object s_rally_987ba52a_iYeNlRNt (1e57eb13-5dea-4209-96a0-e48a7d682358)
2019-12-01 15:42:54.272 15 RALLYDEBUG rally_openstack.cleanup.manager [-] Deleting neutron.router object s_rally_987ba52a_ALICTErz (22da946a-d720-4573-9ad4-380fe9cb1f90)
2019-12-01 15:42:54.279 15 RALLYDEBUG rally_openstack.cleanup.manager [-] Deleting neutron.router object s_rally_987ba52a_VrWL2lGy (1cef0c63-2980-4d01-85a8-0005599c5dfe)
2019-12-01 15:42:54.292 15 RALLYDEBUG rally_openstack.cleanup.manager [-] Deleting neutron.router object s_rally_987ba52a_JQASZ5dC (26b15462-5370-426c-9d9b-60bf75580434)
2019-12-01 15:42:54.304 15 RALLYDEBUG rally_openstack.cleanup.manager [-] Deleting neutron.router object s_rally_987ba52a_OKVummZn (269514b4-4ef3-4a96-bdd7-ab56f22240b9)
2019-12-01 15:42:54.310 15 RALLYDEBUG rally_openstack.cleanup.manager [-] Deleting neutron.router object s_rally_987ba52a_KXguZu8w (23ef3c46-5858-4dcd-a3e8-7cb2efc604e5)
2019-12-01 15:42:54.314 15 RALLYDEBUG rally_openstack.cleanup.manager [-] Deleting neutron.router object s_rally_987ba52a_1TyipaVO (2e673d29-b125-40f7-9671-592b69c22b9c)
2019-12-01 15:42:54.309 15 RALLYDEBUG rally_openstack.cleanup.manager [-] Deleting neutron.router object s_rally_987ba52a_2fH9v6So (24094796-852f-422d-b5d3-1f68f11a2a49)
2019-12-01 15:42:54.316 15 RALLYDEBUG rally_openstack.cleanup.manager [-] Deleting neutron.router object s_rally_987ba52a_8e0260Ve (30e2a9b8-d52b-437f-bede-8be572468ba1)
2019-12-01 15:42:54.334 15 RALLYDEBUG rally_openstack.cleanup.manager [-] Deleting neutron.router object s_rally_987ba52a_ZmK6Q8Dg (27e6cbb3-a25b-4512-aea8-e6d6127a0ab1)
2019-12-01 15:42:54.365 15 RALLYDEBUG rally_openstack.cleanup.manager [-] Deleting neutron.router object s_rally_987ba52a_vU40O0Rl (331825c2-19e0-4199-aa88-32f9d0a5349a)
2019-12-01 15:43:05.928 15 RALLYDEBUG rally_openstack.cleanup.manager [-] Deleting neutron.router object s_rally_987ba52a_WabZmiDn (3c092853-6054-4a3e-a401-3aeb0e799a8b)
2019-12-01 15:43:05.937 15 RALLYDEBUG rally_openstack.cleanup.manager [-] Deleting neutron.router object s_rally_987ba52a_8j6wvL93 (3f149a50-a886-405e-a52a-9a3a3591b6b0)
2019-12-01 15:43:05.955 15 RALLYDEBUG rally_openstack.cleanup.manager [-] Deleting neutron.router object s_rally_987ba52a_RyMb3ADo (43b830c6-d3a5-4a40-acaf-f5aa5590114a)
2019-12-01 15:43:05.969 15 RALLYDEBUG rally_openstack.cleanup.manager [-] Deleting neutron.router object s_rally_987ba52a_PCNetKJY (4591ae2f-85a1-4ef9-8d8e-738ded29493c)
2019-12-01 15:43:05.990 15 RALLYDEBUG rally_openstack.cleanup.manager [-] Deleting neutron.router object s_rally_987ba52a_4SQm4Us0 (461a891a-34a0-4da3-91ff-977654151bc1)
2019-12-01 15:43:06.275 15 RALLYDEBUG rally_openstack.cleanup.manager [-] Deleting neutron.router object s_rally_987ba52a_2dNrP4AY (4839a9f9-e111-4fa8-9caa-e6bd6c7e28c3)
2019-12-01 15:43:06.283 15 RALLYDEBUG rally_openstack.cleanup.manager [-] Deleting neutron.router object s_rally_987ba52a_kxntZoY4 (500f7063-747f-4c29-84fc-dd078d4a7d14)
2019-12-01 15:43:06.481 15 RALLYDEBUG rally_openstack.cleanup.manager [-] Deleting neutron.router object s_rally_987ba52a_cAxVmOyf (50f7041d-a7b5-4cb6-a9a6-580a0c9f7ef3)
2019-12-01 15:43:12.146 15 RALLYDEBUG rally_openstack.cleanup.manager [-] Deleting neutron.router object s_rally_987ba52a_x3YpLu0w (58941653-350b-43e1-85f8-f28f7b0c5819)
2019-12-01 15:43:12.159 15 RALLYDEBUG rally_openstack.cleanup.manager [-] Deleting neutron.router object s_rally_987ba52a_xFdbyJUn (5a05282b-a708-412e-ba2f-d5692bd79203)
2019-12-01 15:43:12.866 15 RALLYDEBUG rally_openstack.cleanup.manager [-] Deleting neutron.router object s_rally_987ba52a_44Z06Cui (6069c1dc-84bf-4583-b0fb-a64443d53504)
2019-12-01 15:43:12.924 15 RALLYDEBUG rally_openstack.cleanup.manager [-] Deleting neutron.router object s_rally_987ba52a_DISkZPiH (60f136fc-18bc-4f90-8d60-6784de4ce4c4)
2019-12-01 15:43:14.410 15 RALLYDEBUG rally_openstack.cleanup.manager [-] Deleting neutron.router object s_rally_987ba52a_batvlabJ (64ef69ee-6fab-4c82-a513-b4f9ff31c728)
2019-12-01 15:43:14.507 15 RALLYDEBUG rally_openstack.cleanup.manager [-] Deleting neutron.router object s_rally_987ba52a_lyC1OL8W (70972343-751a-4784-8f98-be0d4d911e20)
2019-12-01 15:43:14.518 15 RALLYDEBUG rally_openstack.cleanup.manager [-] Deleting neutron.router object s_rally_987ba52a_gEvBi2h5 (718a9f4e-4a1a-497e-8a8a-5bccf968538d)
2019-12-01 15:43:14.550 15 RALLYDEBUG rally_openstack.cleanup.manager [-] Deleting neutron.router object s_rally_987ba52a_VKT3cr2b (72db5743-d349-4fad-8682-49b76ecb9648)
2019-12-01 15:43:15.459 15 RALLYDEBUG rally_openstack.cleanup.manager [-] Deleting neutron.router object s_rally_987ba52a_2gy3GWbc (7578751b-c73e-4b96-8554-45fa421acc2c)
2019-12-01 15:43:15.630 15 RALLYDEBUG rally_openstack.cleanup.manager [-] Deleting neutron.router object s_rally_987ba52a_XhqbIluk (765a2188-2ba9-484c-9e6b-ce5da6258fe8)
2019-12-01 15:43:16.434 15 RALLYDEBUG rally_openstack.cleanup.manager [-] Deleting neutron.router object s_rally_987ba52a_hGTfztQW (76920438-7f62-46d4-9d9d-e3576a68cd90)
2019-12-01 15:43:16.440 15 RALLYDEBUG rally_openstack.cleanup.manager [-] Deleting neutron.router object s_rally_987ba52a_9PPOWR4W (786b2a07-1dcc-4373-ab21-1dc06119df25)
2019-12-01 15:43:16.551 15 RALLYDEBUG rally_openstack.cleanup.manager [-] Deleting neutron.router object s_rally_987ba52a_AoVs0IOZ (7fc168ef-0e41-4032-85e2-5e602c497370)
2019-12-01 15:43:16.871 15 RALLYDEBUG rally_openstack.cleanup.manager [-] Deleting neutron.router object s_rally_987ba52a_V0SAAY3C (80047c58-78b5-4511-ada5-1601ed82e952)
2019-12-01 15:43:17.027 15 RALLYDEBUG rally_openstack.cleanup.manager [-] Deleting neutron.router object s_rally_987ba52a_jvaJI2p7 (805974a0-28df-472a-a022-e34b733e1c94)
2019-12-01 15:43:17.198 15 RALLYDEBUG rally_openstack.cleanup.manager [-] Deleting neutron.router object s_rally_987ba52a_HY661kOC (81fec30b-42a7-4835-8c4c-02c6f59660bf)
2019-12-01 15:43:18.291 15 RALLYDEBUG rally_openstack.cleanup.manager [-] Deleting neutron.router object s_rally_987ba52a_EhSXCyS9 (85573c4d-f344-4be6-ae45-f7f3a90dcd57)
2019-12-01 15:43:21.004 15 RALLYDEBUG rally_openstack.cleanup.manager [-] Deleting neutron.router object s_rally_987ba52a_MAJim1Gq (8650848b-6e39-431c-86e0-60760b10b0e6)
2019-12-01 15:43:22.152 15 RALLYDEBUG rally_openstack.cleanup.manager [-] Deleting neutron.router object s_rally_987ba52a_tnm3TV0M (8b7f9631-2492-48c7-80e5-01b63421270b)
2019-12-01 15:43:25.657 15 RALLYDEBUG rally_openstack.cleanup.manager [-] Deleting neutron.router object s_rally_987ba52a_yJrvfmAG (8e76bdf1-b46f-4855-bb08-dae254112ef5)
2019-12-01 15:43:25.670 15 RALLYDEBUG rally_openstack.cleanup.manager [-] Deleting neutron.router object s_rally_987ba52a_TMIiUn2B (920acbfc-0060-4a2d-99cf-4520a2a4b010)
2019-12-01 15:43:26.310 15 RALLYDEBUG rally_openstack.cleanup.manager [-] Deleting neutron.router object s_rally_987ba52a_vVnwExs6 (94b16769-cfa4-49e5-992b-5109b2e0707e)
2019-12-01 15:43:27.802 15 RALLYDEBUG rally_openstack.cleanup.manager [-] Deleting neutron.router object s_rally_987ba52a_c8db7Kyf (970fe7fb-32ef-4867-ae62-9036ba1e2511)
2019-12-01 15:43:27.911 15 RALLYDEBUG rally_openstack.cleanup.manager [-] Deleting neutron.router object s_rally_987ba52a_Gy0Tq2fE (9730af34-441a-4370-a9d6-eb8df43c91a3)
2019-12-01 15:43:27.941 15 RALLYDEBUG rally_openstack.cleanup.manager [-] Deleting neutron.router object s_rally_987ba52a_tE5mseVS (a0233614-a8df-43c8-97ea-8172310f9b14)
2019-12-01 15:43:27.945 15 RALLYDEBUG rally_openstack.cleanup.manager [-] Deleting neutron.router object s_rally_987ba52a_nMBqBfEi (a6a12392-4bad-4c06-bdb5-1535a683cd1c)
2019-12-01 15:43:28.080 15 RALLYDEBUG rally_openstack.cleanup.manager [-] Deleting neutron.router object s_rally_987ba52a_7r5dNVQE (a79a2eb4-ebcd-413d-ab34-a82cb917de44)
2019-12-01 15:43:28.653 15 RALLYDEBUG rally_openstack.cleanup.manager [-] Deleting neutron.router object s_rally_987ba52a_5NvN4sFA (a9f464c0-dcd3-41d4-8c63-7dab409da968)
2019-12-01 15:43:28.741 15 RALLYDEBUG rally_openstack.cleanup.manager [-] Deleting neutron.router object s_rally_987ba52a_w32OgIA9 (ab412228-972f-4645-9bcc-fe6b77a411b7)
2019-12-01 15:43:28.970 15 RALLYDEBUG rally_openstack.cleanup.manager [-] Deleting neutron.router object s_rally_987ba52a_AtVG8C2d (b19d9c6b-fa19-4a95-a600-2c79b88d9ced)
2019-12-01 15:43:29.041 15 RALLYDEBUG rally_openstack.cleanup.manager [-] Deleting neutron.router object s_rally_987ba52a_1eivs9tw (b3259ba0-482e-4073-bca4-b8df502ac639)
2019-12-01 15:43:31.670 15 RALLYDEBUG rally_openstack.cleanup.manager [-] Deleting neutron.router object s_rally_987ba52a_87zPkE22 (b65e6036-a7cd-47ce-b7de-059ea8c951b0)
2019-12-01 15:43:31.717 15 RALLYDEBUG rally_openstack.cleanup.manager [-] Deleting neutron.router object s_rally_987ba52a_NKr8YHoZ (ba2a4002-6d42-43bf-8550-f67be946656c)
2019-12-01 15:43:32.351 15 RALLYDEBUG rally_openstack.cleanup.manager [-] Deleting neutron.router object s_rally_987ba52a_dJq540Y1 (be176080-15b1-434d-b2b9-8db47923006b)
2019-12-01 15:43:32.593 15 RALLYDEBUG rally_openstack.cleanup.manager [-] Deleting neutron.router object s_rally_987ba52a_Z5ZdtvXc (bed26e6c-0d19-4910-b217-dbb749a0784d)
2019-12-01 15:43:33.419 15 RALLYDEBUG rally_openstack.cleanup.manager [-] Deleting neutron.router object s_rally_987ba52a_oBbPADjP (cb24eff4-ed5d-4cd9-99ae-4fde8e6fa9af)
2019-12-01 15:43:35.401 15 RALLYDEBUG rally_openstack.cleanup.manager [-] Deleting neutron.router object s_rally_987ba52a_gU2ifzfr (cc054a7e-045f-4fbb-b8a2-0b6093a13a0d)
2019-12-01 15:43:35.455 15 RALLYDEBUG rally_openstack.cleanup.manager [-] Deleting neutron.router object s_rally_987ba52a_NE35xYVb (cebba2e6-3637-4134-bed3-edd8bd804fd0)
2019-12-01 15:43:37.349 15 RALLYDEBUG rally_openstack.cleanup.manager [-] Deleting neutron.router object s_rally_987ba52a_1FjYzMyN (d27d7f53-a548-45ad-8e58-246944bd2646)
2019-12-01 15:43:38.023 15 RALLYDEBUG rally_openstack.cleanup.manager [-] Deleting neutron.router object s_rally_987ba52a_Cdb4NerN (d64c36f2-a926-4aef-8bdd-aef37cbd2fc9)
2019-12-01 15:43:38.747 15 RALLYDEBUG rally_openstack.cleanup.manager [-] Deleting neutron.router object s_rally_987ba52a_rRG2qgoO (da301904-3bf9-40cb-bccc-ea397e8d455c)
2019-12-01 15:43:39.318 15 RALLYDEBUG rally_openstack.cleanup.manager [-] Deleting neutron.router object s_rally_987ba52a_ceXJS2zT (dd1d30ec-2403-44bd-9b19-b26971f7dc41)
2019-12-01 15:43:41.199 15 RALLYDEBUG rally_openstack.cleanup.manager [-] Deleting neutron.router object s_rally_987ba52a_noN7UXsb (e59d258f-8381-4cea-8eaf-ec2545a79611)
2019-12-01 15:43:41.280 15 RALLYDEBUG rally_openstack.cleanup.manager [-] Deleting neutron.router object s_rally_987ba52a_ZhIZdiHO (e6a7613f-7df5-4afe-b2a9-41f56b69d7d4)
2019-12-01 15:43:41.414 15 RALLYDEBUG rally_openstack.cleanup.manager [-] Deleting neutron.router object s_rally_987ba52a_zmWGuUHx (e8f8a450-47a0-4a0e-811a-b102978c4094)
2019-12-01 15:43:42.997 15 RALLYDEBUG rally_openstack.cleanup.manager [-] Deleting neutron.router object s_rally_987ba52a_cCZjeezu (eb48a710-a49b-45d1-9e2b-396c05ef8ca4)
2019-12-01 15:43:43.206 15 RALLYDEBUG rally_openstack.cleanup.manager [-] Deleting neutron.router object s_rally_987ba52a_f9OudQyG (ee652705-ba79-442b-9cfd-7b9208f26902)
2019-12-01 15:43:43.402 15 RALLYDEBUG rally_openstack.cleanup.manager [-] Deleting neutron.router object s_rally_987ba52a_0VknYuWy (f43fc5b4-adfd-4f4f-ad70-2040a3acc494)
2019-12-01 15:43:43.406 15 RALLYDEBUG rally_openstack.cleanup.manager [-] Deleting neutron.router object s_rally_987ba52a_5dYDfZOM (f5797856-f1a5-48d5-8881-37abfdc73cb2)
2019-12-01 15:43:44.849 15 RALLYDEBUG rally_openstack.cleanup.manager [-] Deleting neutron.router object s_rally_987ba52a_TRpwOD59 (f69ff20e-6a94-4b66-975b-e6c4a2a26b1f)
2019-12-01 15:43:44.890 15 RALLYDEBUG rally_openstack.cleanup.manager [-] Deleting neutron.router object s_rally_987ba52a_BGJw8hyr (f915d6fc-4570-42c2-a39b-e32177f2c135)
2019-12-01 15:43:45.529 15 RALLYDEBUG rally_openstack.cleanup.manager [-] Deleting neutron.router object s_rally_987ba52a_bqmTw9N1 (fb50908c-4a90-4acc-a614-f2eed8e4bede)
2019-12-01 15:43:55.668 15 RALLYDEBUG rally_openstack.cleanup.manager [-] Cleaning up neutron security_group objects
2019-12-01 15:43:56.001 15 INFO rally.task.context [-] Task e8308a21-9548-4aa9-b03f-255ec06cc208 | Context cleanup@openstack cleanup() finished in 3.54 min
2019-12-01 15:43:56.002 15 INFO rally.task.context [-] Task e8308a21-9548-4aa9-b03f-255ec06cc208 | Context quotas@openstack cleanup() started
2019-12-01 15:43:56.115 15 INFO rally.task.context [-] Task e8308a21-9548-4aa9-b03f-255ec06cc208 | Context quotas@openstack cleanup() finished in 0.11 sec
2019-12-01 15:43:56.116 15 INFO rally.task.context [-] Task e8308a21-9548-4aa9-b03f-255ec06cc208 | Context users@openstack cleanup() started
2019-12-01 15:43:57.495 15 INFO rally.task.context [-] Task e8308a21-9548-4aa9-b03f-255ec06cc208 | Context users@openstack cleanup() finished in 1.38 sec
2019-12-01 15:43:58.836 15 INFO rally.task.engine [-] Load duration is: 261.328468
2019-12-01 15:43:58.836 15 INFO rally.task.engine [-] Full runner duration is: 261.378042
2019-12-01 15:43:58.836 15 INFO rally.task.engine [-] Full duration is: 476.563211
2019-12-01 15:43:59.023 15 INFO rally.task.engine [-] Running workload: position = 1 config = { "version": 2, "title": "A cropped version of a bigger task.", "description": "Auto-generated task from a single workload (uuid=21cc5756-b6fd-4921-867f-6c5c75dc4dd6)", "subtasks": [ { "title": "NeutronNetworks.create_and_update_routers", "description": "Create and update a given number of routers.", "scenario": { "NeutronNetworks.create_and_update_routers": { "network_create_args": {}, "subnet_create_args": {}, "subnet_cidr_start": "1.1.0.0/30", "subnets_per_network": 2, "router_create_args": {}, "router_update_args": { "admin_state_up": false, "name": "_router_updated" } } }, "contexts": { "users": { "tenants": 1, "users_per_tenant": 1 }, "quotas": { "neutron": { "network": -1, "subnet": -1, "router": -1 } } }, "runner": { "constant": { "times": 40, "concurrency": 20 } }, "hooks": [], "sla": { "failure_rate": { "max": 0 } } } ] }
2019-12-01 15:43:59.040 15 RALLYDEBUG rally_openstack.contexts.keystone.users [-] Creating 1 tenants using 20 threads
2019-12-01 15:43:59.350 15 RALLYDEBUG rally_openstack.contexts.keystone.users [-] Creating 1 users using 20 threads
2019-12-01 15:43:59.791 15 INFO rally.task.context [-] Task e8308a21-9548-4aa9-b03f-255ec06cc208 | Context users@openstack setup() finished in 0.75 sec
2019-12-01 15:44:00.197 15 INFO rally.task.context [-] Task e8308a21-9548-4aa9-b03f-255ec06cc208 | Context quotas@openstack setup() finished in 0.41 sec
2019-12-01 15:44:00.198 15 INFO rally.task.context [-] Task e8308a21-9548-4aa9-b03f-255ec06cc208 | Context cleanup@openstack setup() finished in 0.01 msec
2019-12-01 15:44:00.207 15 RALLYDEBUG rally.task.runner [-] Starting the constant runner (task UUID: e8308a21-9548-4aa9-b03f-255ec06cc208). timeout: 0 concurrency: 20 concurrency_per_worker: 1 times: 40 concurrency_overhead: 0 processes_to_start: 20 max_cpu_used: 88
2019-12-01 15:44:00.221 3073 RALLYDEBUG rally.task.runner [-] Starting a worker. concurrency: 1 args: {"network_create_args": {}, "subnet_create_args": {}, "subnet_cidr_start": "1.1.0.0/30", "subnets_per_network": 2, "router_create_args": {}, "router_update_args": {"admin_state_up": false, "name": "_router_updated"}} times: 40 method_name: run timeout: 0 duration: None cls:
2019-12-01 15:44:00.224 3074 RALLYDEBUG rally.task.runner [-] Starting a worker. concurrency: 1 args: {"network_create_args": {}, "subnet_create_args": {}, "subnet_cidr_start": "1.1.0.0/30", "subnets_per_network": 2, "router_create_args": {}, "router_update_args": {"admin_state_up": false, "name": "_router_updated"}} times: 40 method_name: run timeout: 0 duration: None cls:
2019-12-01 15:44:00.226 3075 RALLYDEBUG rally.task.runner [-] Starting a worker. concurrency: 1 args: {"network_create_args": {}, "subnet_create_args": {}, "subnet_cidr_start": "1.1.0.0/30", "subnets_per_network": 2, "router_create_args": {}, "router_update_args": {"admin_state_up": false, "name": "_router_updated"}} times: 40 method_name: run timeout: 0 duration: None cls:
2019-12-01 15:44:00.228 3073 INFO rally.task.runner [-] Task e8308a21-9548-4aa9-b03f-255ec06cc208 | ITER: 1 START
2019-12-01 15:44:00.229 3076 RALLYDEBUG rally.task.runner [-] Starting a worker. concurrency: 1 args: {"network_create_args": {}, "subnet_create_args": {}, "subnet_cidr_start": "1.1.0.0/30", "subnets_per_network": 2, "router_create_args": {}, "router_update_args": {"admin_state_up": false, "name": "_router_updated"}} times: 40 method_name: run timeout: 0 duration: None cls:
2019-12-01 15:44:00.230 3074 INFO rally.task.runner [-] Task e8308a21-9548-4aa9-b03f-255ec06cc208 | ITER: 2 START
2019-12-01 15:44:00.232 3077 RALLYDEBUG rally.task.runner [-] Starting a worker. concurrency: 1 args: {"network_create_args": {}, "subnet_create_args": {}, "subnet_cidr_start": "1.1.0.0/30", "subnets_per_network": 2, "router_create_args": {}, "router_update_args": {"admin_state_up": false, "name": "_router_updated"}} times: 40 method_name: run timeout: 0 duration: None cls:
2019-12-01 15:44:00.233 3075 INFO rally.task.runner [-] Task e8308a21-9548-4aa9-b03f-255ec06cc208 | ITER: 3 START
2019-12-01 15:44:00.235 3080 RALLYDEBUG rally.task.runner [-] Starting a worker. concurrency: 1 args: {"network_create_args": {}, "subnet_create_args": {}, "subnet_cidr_start": "1.1.0.0/30", "subnets_per_network": 2, "router_create_args": {}, "router_update_args": {"admin_state_up": false, "name": "_router_updated"}} times: 40 method_name: run timeout: 0 duration: None cls:
2019-12-01 15:44:00.236 3076 INFO rally.task.runner [-] Task e8308a21-9548-4aa9-b03f-255ec06cc208 | ITER: 4 START
2019-12-01 15:44:00.238 3077 INFO rally.task.runner [-] Task e8308a21-9548-4aa9-b03f-255ec06cc208 | ITER: 5 START
2019-12-01 15:44:00.238 3083 RALLYDEBUG rally.task.runner [-] Starting a worker. concurrency: 1 args: {"network_create_args": {}, "subnet_create_args": {}, "subnet_cidr_start": "1.1.0.0/30", "subnets_per_network": 2, "router_create_args": {}, "router_update_args": {"admin_state_up": false, "name": "_router_updated"}} times: 40 method_name: run timeout: 0 duration: None cls:
2019-12-01 15:44:00.241 3080 INFO rally.task.runner [-] Task e8308a21-9548-4aa9-b03f-255ec06cc208 | ITER: 6 START
2019-12-01 15:44:00.241 3087 RALLYDEBUG rally.task.runner [-] Starting a worker. concurrency: 1 args: {"network_create_args": {}, "subnet_create_args": {}, "subnet_cidr_start": "1.1.0.0/30", "subnets_per_network": 2, "router_create_args": {}, "router_update_args": {"admin_state_up": false, "name": "_router_updated"}} times: 40 method_name: run timeout: 0 duration: None cls:
2019-12-01 15:44:00.244 3090 RALLYDEBUG rally.task.runner [-] Starting a worker. concurrency: 1 args: {"network_create_args": {}, "subnet_create_args": {}, "subnet_cidr_start": "1.1.0.0/30", "subnets_per_network": 2, "router_create_args": {}, "router_update_args": {"admin_state_up": false, "name": "_router_updated"}} times: 40 method_name: run timeout: 0 duration: None cls:
2019-12-01 15:44:00.245 3083 INFO rally.task.runner [-] Task e8308a21-9548-4aa9-b03f-255ec06cc208 | ITER: 7 START
2019-12-01 15:44:00.247 3087 INFO rally.task.runner [-] Task e8308a21-9548-4aa9-b03f-255ec06cc208 | ITER: 8 START
2019-12-01 15:44:00.247 3093 RALLYDEBUG rally.task.runner [-] Starting a worker. concurrency: 1 args: {"network_create_args": {}, "subnet_create_args": {}, "subnet_cidr_start": "1.1.0.0/30", "subnets_per_network": 2, "router_create_args": {}, "router_update_args": {"admin_state_up": false, "name": "_router_updated"}} times: 40 method_name: run timeout: 0 duration: None cls:
2019-12-01 15:44:00.250 3090 INFO rally.task.runner [-] Task e8308a21-9548-4aa9-b03f-255ec06cc208 | ITER: 9 START
2019-12-01 15:44:00.250 3096 RALLYDEBUG rally.task.runner [-] Starting a worker. concurrency: 1 args: {"network_create_args": {}, "subnet_create_args": {}, "subnet_cidr_start": "1.1.0.0/30", "subnets_per_network": 2, "router_create_args": {}, "router_update_args": {"admin_state_up": false, "name": "_router_updated"}} times: 40 method_name: run timeout: 0 duration: None cls:
2019-12-01 15:44:00.253 3093 INFO rally.task.runner [-] Task e8308a21-9548-4aa9-b03f-255ec06cc208 | ITER: 10 START
2019-12-01 15:44:00.252 3099 RALLYDEBUG rally.task.runner [-] Starting a worker. concurrency: 1 args: {"network_create_args": {}, "subnet_create_args": {}, "subnet_cidr_start": "1.1.0.0/30", "subnets_per_network": 2, "router_create_args": {}, "router_update_args": {"admin_state_up": false, "name": "_router_updated"}} times: 40 method_name: run timeout: 0 duration: None cls:
2019-12-01 15:44:00.256 3096 INFO rally.task.runner [-] Task e8308a21-9548-4aa9-b03f-255ec06cc208 | ITER: 11 START
2019-12-01 15:44:00.256 3102 RALLYDEBUG rally.task.runner [-] Starting a worker. concurrency: 1 args: {"network_create_args": {}, "subnet_create_args": {}, "subnet_cidr_start": "1.1.0.0/30", "subnets_per_network": 2, "router_create_args": {}, "router_update_args": {"admin_state_up": false, "name": "_router_updated"}} times: 40 method_name: run timeout: 0 duration: None cls:
2019-12-01 15:44:00.259 3099 INFO rally.task.runner [-] Task e8308a21-9548-4aa9-b03f-255ec06cc208 | ITER: 12 START
2019-12-01 15:44:00.258 3105 RALLYDEBUG rally.task.runner [-] Starting a worker. concurrency: 1 args: {"network_create_args": {}, "subnet_create_args": {}, "subnet_cidr_start": "1.1.0.0/30", "subnets_per_network": 2, "router_create_args": {}, "router_update_args": {"admin_state_up": false, "name": "_router_updated"}} times: 40 method_name: run timeout: 0 duration: None cls:
2019-12-01 15:44:00.261 3109 RALLYDEBUG rally.task.runner [-] Starting a worker. concurrency: 1 args: {"network_create_args": {}, "subnet_create_args": {}, "subnet_cidr_start": "1.1.0.0/30", "subnets_per_network": 2, "router_create_args": {}, "router_update_args": {"admin_state_up": false, "name": "_router_updated"}} times: 40 method_name: run timeout: 0 duration: None cls:
2019-12-01 15:44:00.262 3102 INFO rally.task.runner [-] Task e8308a21-9548-4aa9-b03f-255ec06cc208 | ITER: 13 START
2019-12-01 15:44:00.264 3105 INFO rally.task.runner [-] Task e8308a21-9548-4aa9-b03f-255ec06cc208 | ITER: 14 START
2019-12-01 15:44:00.265 3112 RALLYDEBUG rally.task.runner [-] Starting a worker. concurrency: 1 args: {"network_create_args": {}, "subnet_create_args": {}, "subnet_cidr_start": "1.1.0.0/30", "subnets_per_network": 2, "router_create_args": {}, "router_update_args": {"admin_state_up": false, "name": "_router_updated"}} times: 40 method_name: run timeout: 0 duration: None cls:
2019-12-01 15:44:00.267 3109 INFO rally.task.runner [-] Task e8308a21-9548-4aa9-b03f-255ec06cc208 | ITER: 15 START
2019-12-01 15:44:00.267 3114 RALLYDEBUG rally.task.runner [-] Starting a worker. concurrency: 1 args: {"network_create_args": {}, "subnet_create_args": {}, "subnet_cidr_start": "1.1.0.0/30", "subnets_per_network": 2, "router_create_args": {}, "router_update_args": {"admin_state_up": false, "name": "_router_updated"}} times: 40 method_name: run timeout: 0 duration: None cls:
2019-12-01 15:44:00.270 3117 RALLYDEBUG rally.task.runner [-] Starting a worker. concurrency: 1 args: {"network_create_args": {}, "subnet_create_args": {}, "subnet_cidr_start": "1.1.0.0/30", "subnets_per_network": 2, "router_create_args": {}, "router_update_args": {"admin_state_up": false, "name": "_router_updated"}} times: 40 method_name: run timeout: 0 duration: None cls:
2019-12-01 15:44:00.271 3112 INFO rally.task.runner [-] Task e8308a21-9548-4aa9-b03f-255ec06cc208 | ITER: 16 START
2019-12-01 15:44:00.272 3121 RALLYDEBUG rally.task.runner [-] Starting a worker. concurrency: 1 args: {"network_create_args": {}, "subnet_create_args": {}, "subnet_cidr_start": "1.1.0.0/30", "subnets_per_network": 2, "router_create_args": {}, "router_update_args": {"admin_state_up": false, "name": "_router_updated"}} times: 40 method_name: run timeout: 0 duration: None cls:
2019-12-01 15:44:00.273 3114 INFO rally.task.runner [-] Task e8308a21-9548-4aa9-b03f-255ec06cc208 | ITER: 17 START
2019-12-01 15:44:00.275 3122 RALLYDEBUG rally.task.runner [-] Starting a worker. concurrency: 1 args: {"network_create_args": {}, "subnet_create_args": {}, "subnet_cidr_start": "1.1.0.0/30", "subnets_per_network": 2, "router_create_args": {}, "router_update_args": {"admin_state_up": false, "name": "_router_updated"}} times: 40 method_name: run timeout: 0 duration: None cls:
2019-12-01 15:44:00.276 3117 INFO rally.task.runner [-] Task e8308a21-9548-4aa9-b03f-255ec06cc208 | ITER: 18 START
2019-12-01 15:44:00.277 3121 INFO rally.task.runner [-] Task e8308a21-9548-4aa9-b03f-255ec06cc208 | ITER: 19 START
2019-12-01 15:44:00.280 3122 INFO rally.task.runner [-] Task e8308a21-9548-4aa9-b03f-255ec06cc208 | ITER: 20 START
2019-12-01 15:44:01.715 3073 RALLYDEBUG rally_openstack.wrappers.network [-] CIDR generated: 1.1.6.224/30
2019-12-01 15:44:01.952 3080 RALLYDEBUG rally_openstack.wrappers.network [-] CIDR generated: 1.1.6.228/30
2019-12-01 15:44:02.270 3090 RALLYDEBUG rally_openstack.wrappers.network [-] CIDR generated: 1.1.6.232/30
2019-12-01 15:44:02.359 3075 RALLYDEBUG rally_openstack.wrappers.network [-] CIDR generated: 1.1.6.236/30
2019-12-01 15:44:02.391 3087 RALLYDEBUG rally_openstack.wrappers.network [-] CIDR generated: 1.1.6.240/30
2019-12-01 15:44:02.527 3109 RALLYDEBUG rally_openstack.wrappers.network [-] CIDR generated: 1.1.6.244/30
2019-12-01 15:44:02.636 3096 RALLYDEBUG rally_openstack.wrappers.network [-] CIDR generated: 1.1.6.248/30
2019-12-01 15:44:02.637 3102 RALLYDEBUG rally_openstack.wrappers.network [-] CIDR generated: 1.1.6.252/30
2019-12-01 15:44:03.806 3073 RALLYDEBUG rally_openstack.wrappers.network [-] CIDR generated: 1.1.7.0/30
2019-12-01 15:44:03.854 3075 RALLYDEBUG rally_openstack.wrappers.network [-] CIDR generated: 1.1.7.4/30
2019-12-01 15:44:03.947 3083 RALLYDEBUG rally_openstack.wrappers.network [-] CIDR generated: 1.1.7.8/30
2019-12-01 15:44:04.021 3077 RALLYDEBUG rally_openstack.wrappers.network [-] CIDR generated: 1.1.7.12/30
2019-12-01 15:44:04.028 3099 RALLYDEBUG rally_openstack.wrappers.network [-] CIDR generated: 1.1.7.16/30
2019-12-01 15:44:04.089 3093 RALLYDEBUG rally_openstack.wrappers.network [-] CIDR generated: 1.1.7.20/30
2019-12-01 15:44:04.129 3117 RALLYDEBUG rally_openstack.wrappers.network [-] CIDR generated: 1.1.7.24/30
2019-12-01 15:44:04.177 3112 RALLYDEBUG rally_openstack.wrappers.network [-] CIDR generated: 1.1.7.28/30
2019-12-01 15:44:04.640 3122 RALLYDEBUG rally_openstack.wrappers.network [-] CIDR generated: 1.1.7.32/30
2019-12-01 15:44:04.687 3114 RALLYDEBUG rally_openstack.wrappers.network [-] CIDR generated: 1.1.7.36/30
2019-12-01 15:44:04.791 3105 RALLYDEBUG rally_openstack.wrappers.network [-] CIDR generated: 1.1.7.40/30
2019-12-01 15:44:04.834 3121 RALLYDEBUG rally_openstack.wrappers.network [-] CIDR generated: 1.1.7.44/30
2019-12-01 15:44:06.706 3076 RALLYDEBUG rally_openstack.wrappers.network [-] CIDR generated: 1.1.7.48/30
2019-12-01 15:44:06.753 3074 RALLYDEBUG rally_openstack.wrappers.network [-] CIDR generated: 1.1.7.52/30
2019-12-01 15:44:07.582 3080 RALLYDEBUG rally_openstack.wrappers.network [-] CIDR generated: 1.1.7.56/30
2019-12-01 15:44:07.641 3090 RALLYDEBUG rally_openstack.wrappers.network [-] CIDR generated: 1.1.7.60/30
2019-12-01 15:44:07.698 3087 RALLYDEBUG rally_openstack.wrappers.network [-] CIDR generated: 1.1.7.64/30
2019-12-01 15:44:07.734 3109 RALLYDEBUG rally_openstack.wrappers.network [-] CIDR generated: 1.1.7.68/30
2019-12-01 15:44:07.749 3102 RALLYDEBUG rally_openstack.wrappers.network [-] CIDR generated: 1.1.7.72/30
2019-12-01 15:44:07.795 3096 RALLYDEBUG rally_openstack.wrappers.network [-] CIDR generated: 1.1.7.76/30
2019-12-01 15:44:13.444 3083 RALLYDEBUG rally_openstack.wrappers.network [-] CIDR generated: 1.1.7.80/30
2019-12-01 15:44:13.775 3077 RALLYDEBUG rally_openstack.wrappers.network [-] CIDR generated: 1.1.7.84/30
2019-12-01 15:44:13.863 3099 RALLYDEBUG rally_openstack.wrappers.network [-] CIDR generated: 1.1.7.88/30
2019-12-01 15:44:13.944 3117 RALLYDEBUG rally_openstack.wrappers.network [-] CIDR generated: 1.1.7.92/30
2019-12-01 15:44:14.035 3093 RALLYDEBUG rally_openstack.wrappers.network [-] CIDR generated: 1.1.7.96/30
2019-12-01 15:44:14.259 3112 RALLYDEBUG rally_openstack.wrappers.network [-] CIDR generated: 1.1.7.100/30
2019-12-01 15:44:14.353 3105 RALLYDEBUG rally_openstack.wrappers.network [-] CIDR generated: 1.1.7.104/30
2019-12-01 15:44:14.361 3114 RALLYDEBUG rally_openstack.wrappers.network [-] CIDR generated: 1.1.7.108/30
2019-12-01 15:44:14.665 3122 RALLYDEBUG rally_openstack.wrappers.network [-] CIDR generated: 1.1.7.112/30
2019-12-01 15:44:14.711 3121 RALLYDEBUG rally_openstack.wrappers.network [-] CIDR generated: 1.1.7.116/30
2019-12-01 15:44:15.872 3074 RALLYDEBUG rally_openstack.wrappers.network [-] CIDR generated: 1.1.7.120/30
2019-12-01 15:44:15.903 3076 RALLYDEBUG rally_openstack.wrappers.network [-] CIDR generated: 1.1.7.124/30
2019-12-01 15:45:23.282 3075 INFO rally.task.runner [-] Task e8308a21-9548-4aa9-b03f-255ec06cc208 | ITER: 3 END: OK
2019-12-01 15:45:23.290 3075 INFO rally.task.runner [-] Task e8308a21-9548-4aa9-b03f-255ec06cc208 | ITER: 21 START
2019-12-01 15:45:24.509 3075 RALLYDEBUG rally_openstack.wrappers.network [-] CIDR generated: 1.1.7.128/30
2019-12-01 15:45:34.948 3075 RALLYDEBUG rally_openstack.wrappers.network [-] CIDR generated: 1.1.7.132/30
2019-12-01 15:45:54.619 3073 INFO rally.task.runner [-] Task e8308a21-9548-4aa9-b03f-255ec06cc208 | ITER: 1 END: OK
2019-12-01 15:45:54.625 3073 INFO rally.task.runner [-] Task e8308a21-9548-4aa9-b03f-255ec06cc208 | ITER: 22 START
2019-12-01 15:45:56.291 3073 RALLYDEBUG rally_openstack.wrappers.network [-] CIDR generated: 1.1.7.136/30
2019-12-01 15:45:56.645 3083 INFO rally.task.runner [-] Task e8308a21-9548-4aa9-b03f-255ec06cc208 | ITER: 7 END: OK
2019-12-01 15:45:56.652 3083 INFO rally.task.runner [-] Task e8308a21-9548-4aa9-b03f-255ec06cc208 | ITER: 23 START
2019-12-01 15:45:57.847 3083 RALLYDEBUG rally_openstack.wrappers.network [-] CIDR generated: 1.1.7.140/30
2019-12-01 15:45:58.134 3077 INFO rally.task.runner [-] Task e8308a21-9548-4aa9-b03f-255ec06cc208 | ITER: 5 END: OK
2019-12-01 15:45:58.142 3077 INFO rally.task.runner [-] Task e8308a21-9548-4aa9-b03f-255ec06cc208 | ITER: 24 START
2019-12-01 15:45:58.575 3122 INFO rally.task.runner [-] Task e8308a21-9548-4aa9-b03f-255ec06cc208 | ITER: 20 END: OK
2019-12-01 15:45:58.582 3122 INFO rally.task.runner [-] Task e8308a21-9548-4aa9-b03f-255ec06cc208 | ITER: 25 START
2019-12-01 15:45:59.129 3077 RALLYDEBUG rally_openstack.wrappers.network [-] CIDR generated: 1.1.7.144/30
2019-12-01 15:45:59.560 3122 RALLYDEBUG rally_openstack.wrappers.network [-] CIDR generated: 1.1.7.148/30
2019-12-01 15:46:05.885 3076 INFO rally.task.runner [-] Task e8308a21-9548-4aa9-b03f-255ec06cc208 | ITER: 4 END: OK
2019-12-01 15:46:05.892 3076 INFO rally.task.runner [-] Task e8308a21-9548-4aa9-b03f-255ec06cc208 | ITER: 26 START
2019-12-01 15:46:08.604 3073 RALLYDEBUG rally_openstack.wrappers.network [-] CIDR generated: 1.1.7.152/30
2019-12-01 15:46:09.111 3083 RALLYDEBUG rally_openstack.wrappers.network [-] CIDR generated: 1.1.7.156/30
2019-12-01 15:46:10.043 3077 RALLYDEBUG rally_openstack.wrappers.network [-] CIDR generated: 1.1.7.160/30
2019-12-01 15:46:10.687 3076 RALLYDEBUG rally_openstack.wrappers.network [-] CIDR generated: 1.1.7.164/30
2019-12-01 15:46:10.718 3122 RALLYDEBUG rally_openstack.wrappers.network [-] CIDR generated: 1.1.7.168/30
2019-12-01 15:46:12.440 3076 RALLYDEBUG rally_openstack.wrappers.network [-] CIDR generated: 1.1.7.172/30
2019-12-01 15:46:20.995 3099 INFO rally.task.runner [-] Task e8308a21-9548-4aa9-b03f-255ec06cc208 | ITER: 12 END: OK
2019-12-01 15:46:21.002 3099 INFO rally.task.runner [-] Task e8308a21-9548-4aa9-b03f-255ec06cc208 | ITER: 27 START
2019-12-01 15:46:26.456 3099 RALLYDEBUG rally_openstack.wrappers.network [-] CIDR generated: 1.1.7.176/30
2019-12-01 15:46:27.632 3112 INFO rally.task.runner [-] Task e8308a21-9548-4aa9-b03f-255ec06cc208 | ITER: 16 END: OK
2019-12-01 15:46:27.640 3112 INFO rally.task.runner [-] Task e8308a21-9548-4aa9-b03f-255ec06cc208 | ITER: 28 START
2019-12-01 15:46:28.053 3099 RALLYDEBUG rally_openstack.wrappers.network [-] CIDR generated: 1.1.7.180/30
2019-12-01 15:46:28.383 3112 RALLYDEBUG rally_openstack.wrappers.network [-] CIDR generated: 1.1.7.184/30
2019-12-01 15:46:32.337 3109 INFO rally.task.runner [-] Task e8308a21-9548-4aa9-b03f-255ec06cc208 | ITER: 15 END: OK
2019-12-01 15:46:32.344 3109 INFO rally.task.runner [-] Task e8308a21-9548-4aa9-b03f-255ec06cc208 | ITER: 29 START
2019-12-01 15:46:35.042 3096 INFO rally.task.runner [-] Task e8308a21-9548-4aa9-b03f-255ec06cc208 | ITER: 11 END: OK
2019-12-01 15:46:35.048 3096 INFO rally.task.runner [-] Task e8308a21-9548-4aa9-b03f-255ec06cc208 | ITER: 30 START
2019-12-01 15:46:36.925 3090 INFO rally.task.runner [-] Task e8308a21-9548-4aa9-b03f-255ec06cc208 | ITER: 9 END: OK
2019-12-01 15:46:36.931 3090 INFO rally.task.runner [-] Task e8308a21-9548-4aa9-b03f-255ec06cc208 | ITER: 31 START
2019-12-01 15:46:37.001 3080 INFO rally.task.runner [-] Task e8308a21-9548-4aa9-b03f-255ec06cc208 | ITER: 6 END: OK
2019-12-01 15:46:37.008 3080 INFO rally.task.runner [-] Task e8308a21-9548-4aa9-b03f-255ec06cc208 | ITER: 32 START
2019-12-01 15:46:37.593 3109 RALLYDEBUG rally_openstack.wrappers.network [-] CIDR generated: 1.1.7.188/30
2019-12-01 15:46:38.063 3080 RALLYDEBUG rally_openstack.wrappers.network [-] CIDR generated: 1.1.7.192/30
2019-12-01 15:46:38.316 3087 INFO rally.task.runner [-] Task e8308a21-9548-4aa9-b03f-255ec06cc208 | ITER: 8 END: OK
2019-12-01 15:46:38.323 3087 INFO rally.task.runner [-] Task e8308a21-9548-4aa9-b03f-255ec06cc208 | ITER: 33 START
2019-12-01 15:46:38.388 3102 INFO rally.task.runner [-] Task e8308a21-9548-4aa9-b03f-255ec06cc208 | ITER: 13 END: OK
2019-12-01 15:46:38.396 3102 INFO rally.task.runner [-] Task e8308a21-9548-4aa9-b03f-255ec06cc208 | ITER: 34 START
2019-12-01 15:46:39.840 3109 RALLYDEBUG rally_openstack.wrappers.network [-] CIDR generated: 1.1.7.196/30
2019-12-01 15:46:39.846 3087 RALLYDEBUG rally_openstack.wrappers.network [-] CIDR generated: 1.1.7.200/30
2019-12-01 15:46:39.872 3102 RALLYDEBUG rally_openstack.wrappers.network [-] CIDR generated: 1.1.7.204/30
2019-12-01 15:46:39.986 3112 RALLYDEBUG rally_openstack.wrappers.network [-] CIDR generated: 1.1.7.208/30
2019-12-01 15:46:40.591 3096 RALLYDEBUG rally_openstack.wrappers.network [-] CIDR generated: 1.1.7.212/30
2019-12-01 15:46:41.473 3090 RALLYDEBUG rally_openstack.wrappers.network [-] CIDR generated: 1.1.7.216/30
2019-12-01 15:46:43.856 3093 INFO rally.task.runner [-] Task e8308a21-9548-4aa9-b03f-255ec06cc208 | ITER: 10 END: OK
2019-12-01 15:46:43.863 3093 INFO rally.task.runner [-] Task e8308a21-9548-4aa9-b03f-255ec06cc208 | ITER: 35 START
2019-12-01 15:46:44.517 3121 INFO rally.task.runner [-] Task e8308a21-9548-4aa9-b03f-255ec06cc208 | ITER: 19 END: OK
2019-12-01 15:46:44.523 3121 INFO rally.task.runner [-] Task e8308a21-9548-4aa9-b03f-255ec06cc208 | ITER: 36 START
2019-12-01 15:46:44.636 3096 RALLYDEBUG rally_openstack.wrappers.network [-] CIDR generated: 1.1.7.220/30
2019-12-01 15:46:45.247 3117 INFO rally.task.runner [-] Task e8308a21-9548-4aa9-b03f-255ec06cc208 | ITER: 18 END: OK
2019-12-01 15:46:45.253 3117 INFO rally.task.runner [-] Task e8308a21-9548-4aa9-b03f-255ec06cc208 | ITER: 37 START
2019-12-01 15:46:45.462 3080 RALLYDEBUG rally_openstack.wrappers.network [-] CIDR generated: 1.1.7.224/30
2019-12-01 15:46:45.495 3090 RALLYDEBUG rally_openstack.wrappers.network [-] CIDR generated: 1.1.7.228/30
2019-12-01 15:46:46.379 3117 RALLYDEBUG rally_openstack.wrappers.network [-] CIDR generated: 1.1.7.232/30
2019-12-01 15:46:46.643 3102 RALLYDEBUG rally_openstack.wrappers.network [-] CIDR generated: 1.1.7.236/30
2019-12-01 15:46:46.774 3087 RALLYDEBUG rally_openstack.wrappers.network [-] CIDR generated: 1.1.7.240/30
2019-12-01 15:46:46.852 3074 DEBUG neutronclient.v2_0.client [-] Error message: 504 Gateway Time-out

504 Gateway Time-out


nginx
_handle_fault_response /usr/lib/python2.7/site-packages/neutronclient/v2_0/client.py:259
2019-12-01 15:46:46.860 3074 ERROR rally.task.runner [-] Iteration 2 raised Exception: NeutronClientException: 504 Gateway Time-out

504 Gateway Time-out


nginx
2019-12-01 15:46:46.860 3074 ERROR rally.task.runner
Traceback (most recent call last):
2019-12-01 15:46:46.860 3074 ERROR rally.task.runner
File "/usr/lib/python2.7/site-packages/rally/task/runner.py", line 71, in _run_scenario_once
2019-12-01 15:46:46.860 3074 ERROR rally.task.runner getattr(scenario_inst, method_name)(**scenario_kwargs)
2019-12-01 15:46:46.860 3074 ERROR rally.task.runner
File "/usr/lib/python2.7/site-packages/rally_openstack/scenarios/neutron/network.py", line 324, in run
2019-12-01 15:46:46.860 3074 ERROR rally.task.runner subnets_per_network, router_create_args)
2019-12-01 15:46:46.860 3074 ERROR rally.task.runner
File "/usr/lib/python2.7/site-packages/rally_openstack/scenarios/neutron/utils.py", line 385, in _create_network_structure
2019-12-01 15:46:46.860 3074 ERROR rally.task.runner router = self._create_router(router_create_args or {})
2019-12-01 15:46:46.860 3074 ERROR rally.task.runner
File "/usr/lib/python2.7/site-packages/rally/task/atomic.py", line 91, in func_atomic_actions
2019-12-01 15:46:46.860 3074 ERROR rally.task.runner f = func(self, *args, **kwargs)
2019-12-01 15:46:46.860 3074 ERROR rally.task.runner
File "/usr/lib/python2.7/site-packages/rally_openstack/scenarios/neutron/utils.py", line 215, in _create_router
2019-12-01 15:46:46.860 3074 ERROR rally.task.runner {"router": router_create_args})
2019-12-01 15:46:46.860 3074 ERROR rally.task.runner
File "/usr/lib/python2.7/site-packages/neutronclient/v2_0/client.py", line 885, in create_router
2019-12-01 15:46:46.860 3074 ERROR rally.task.runner return self.post(self.routers_path, body=body)
2019-12-01 15:46:46.860 3074 ERROR rally.task.runner
File "/usr/lib/python2.7/site-packages/neutronclient/v2_0/client.py", line 359, in post
2019-12-01 15:46:46.860 3074 ERROR rally.task.runner headers=headers, params=params)
2019-12-01 15:46:46.860 3074 ERROR rally.task.runner
File "/usr/lib/python2.7/site-packages/neutronclient/v2_0/client.py", line 294, in do_request
2019-12-01 15:46:46.860 3074 ERROR rally.task.runner self._handle_fault_response(status_code, replybody, resp)
2019-12-01 15:46:46.860 3074 ERROR rally.task.runner
File "/usr/lib/python2.7/site-packages/neutronclient/v2_0/client.py", line 269, in _handle_fault_response
2019-12-01 15:46:46.860 3074 ERROR rally.task.runner exception_handler_v20(status_code, error_body)
2019-12-01 15:46:46.860 3074 ERROR rally.task.runner
File "/usr/lib/python2.7/site-packages/neutronclient/v2_0/client.py", line 93, in exception_handler_v20
2019-12-01 15:46:46.860 3074 ERROR rally.task.runner request_ids=request_ids)
2019-12-01 15:46:46.860 3074 ERROR rally.task.runner NeutronClientException:
2019-12-01 15:46:46.860 3074 ERROR rally.task.runner 504 Gateway Time-out
2019-12-01 15:46:46.860 3074 ERROR rally.task.runner
2019-12-01 15:46:46.860 3074 ERROR rally.task.runner

504 Gateway Time-out

2019-12-01 15:46:46.860 3074 ERROR rally.task.runner
nginx
2019-12-01 15:46:46.860 3074 ERROR rally.task.runner
2019-12-01 15:46:46.860 3074 ERROR rally.task.runner
2019-12-01 15:46:46.860 3074 ERROR rally.task.runner
2019-12-01 15:46:46.860 3074 ERROR rally.task.runner
2019-12-01 15:46:46.862 3074 INFO rally.task.runner [-] Task e8308a21-9548-4aa9-b03f-255ec06cc208 | ITER: 2 END: Error NeutronClientException: 504 Gateway Time-out

504 Gateway Time-out


nginx
2019-12-01 15:46:46.868 3074 INFO rally.task.runner [-] Task e8308a21-9548-4aa9-b03f-255ec06cc208 | ITER: 38 START
2019-12-01 15:46:47.519 3093 RALLYDEBUG rally_openstack.wrappers.network [-] CIDR generated: 1.1.7.244/30
2019-12-01 15:46:48.291 3121 RALLYDEBUG rally_openstack.wrappers.network [-] CIDR generated: 1.1.7.248/30
2019-12-01 15:46:50.537 3093 RALLYDEBUG rally_openstack.wrappers.network [-] CIDR generated: 1.1.7.252/30
2019-12-01 15:46:50.763 3074 RALLYDEBUG rally_openstack.wrappers.network [-] CIDR generated: 1.1.8.0/30
2019-12-01 15:46:51.128 3121 RALLYDEBUG rally_openstack.wrappers.network [-] CIDR generated: 1.1.8.4/30
2019-12-01 15:46:53.017 3074 RALLYDEBUG rally_openstack.wrappers.network [-] CIDR generated: 1.1.8.8/30
2019-12-01 15:46:54.252 3117 RALLYDEBUG rally_openstack.wrappers.network [-] CIDR generated: 1.1.8.12/30
2019-12-01 15:46:56.473 3114 INFO rally.task.runner [-] Task e8308a21-9548-4aa9-b03f-255ec06cc208 | ITER: 17 END: OK
2019-12-01 15:46:56.480 3114 INFO rally.task.runner [-] Task e8308a21-9548-4aa9-b03f-255ec06cc208 | ITER: 39 START
2019-12-01 15:46:57.349 3105 INFO rally.task.runner [-] Task e8308a21-9548-4aa9-b03f-255ec06cc208 | ITER: 14 END: OK
2019-12-01 15:46:57.357 3105 INFO rally.task.runner [-] Task e8308a21-9548-4aa9-b03f-255ec06cc208 | ITER: 40 START
2019-12-01 15:47:00.265 3114 RALLYDEBUG rally_openstack.wrappers.network [-] CIDR generated: 1.1.8.16/30
2019-12-01 15:47:01.612 3105 RALLYDEBUG rally_openstack.wrappers.network [-] CIDR generated: 1.1.8.20/30
2019-12-01 15:47:05.307 3114 RALLYDEBUG rally_openstack.wrappers.network [-] CIDR generated: 1.1.8.24/30
2019-12-01 15:47:05.817 3105 RALLYDEBUG rally_openstack.wrappers.network [-] CIDR generated: 1.1.8.28/30
2019-12-01 15:47:10.013 3073 DEBUG neutronclient.v2_0.client [-] Error message: 504 Gateway Time-out

504 Gateway Time-out


nginx
_handle_fault_response /usr/lib/python2.7/site-packages/neutronclient/v2_0/client.py:259
2019-12-01 15:47:10.020 3073 ERROR rally.task.runner [-] Iteration 22 raised Exception: NeutronClientException: 504 Gateway Time-out

504 Gateway Time-out


nginx
2019-12-01 15:47:10.020 3073 ERROR rally.task.runner
Traceback (most recent call last):
2019-12-01 15:47:10.020 3073 ERROR rally.task.runner
File "/usr/lib/python2.7/site-packages/rally/task/runner.py", line 71, in _run_scenario_once
2019-12-01 15:47:10.020 3073 ERROR rally.task.runner getattr(scenario_inst, method_name)(**scenario_kwargs)
2019-12-01 15:47:10.020 3073 ERROR rally.task.runner
File "/usr/lib/python2.7/site-packages/rally_openstack/scenarios/neutron/network.py", line 324, in run
2019-12-01 15:47:10.020 3073 ERROR rally.task.runner subnets_per_network, router_create_args)
2019-12-01 15:47:10.020 3073 ERROR rally.task.runner
File "/usr/lib/python2.7/site-packages/rally_openstack/scenarios/neutron/utils.py", line 385, in _create_network_structure
2019-12-01 15:47:10.020 3073 ERROR rally.task.runner router = self._create_router(router_create_args or {})
2019-12-01 15:47:10.020 3073 ERROR rally.task.runner
File "/usr/lib/python2.7/site-packages/rally/task/atomic.py", line 91, in func_atomic_actions
2019-12-01 15:47:10.020 3073 ERROR rally.task.runner f = func(self, *args, **kwargs)
2019-12-01 15:47:10.020 3073 ERROR rally.task.runner
File "/usr/lib/python2.7/site-packages/rally_openstack/scenarios/neutron/utils.py", line 215, in _create_router
2019-12-01 15:47:10.020 3073 ERROR rally.task.runner {"router": router_create_args})
2019-12-01 15:47:10.020 3073 ERROR rally.task.runner
File "/usr/lib/python2.7/site-packages/neutronclient/v2_0/client.py", line 885, in create_router
2019-12-01 15:47:10.020 3073 ERROR rally.task.runner return self.post(self.routers_path, body=body)
2019-12-01 15:47:10.020 3073 ERROR rally.task.runner
File "/usr/lib/python2.7/site-packages/neutronclient/v2_0/client.py", line 359, in post
2019-12-01 15:47:10.020 3073 ERROR rally.task.runner headers=headers, params=params)
2019-12-01 15:47:10.020 3073 ERROR rally.task.runner
File "/usr/lib/python2.7/site-packages/neutronclient/v2_0/client.py", line 294, in do_request
2019-12-01 15:47:10.020 3073 ERROR rally.task.runner self._handle_fault_response(status_code, replybody, resp)
2019-12-01 15:47:10.020 3073 ERROR rally.task.runner
File "/usr/lib/python2.7/site-packages/neutronclient/v2_0/client.py", line 269, in _handle_fault_response
2019-12-01 15:47:10.020 3073 ERROR rally.task.runner exception_handler_v20(status_code, error_body)
2019-12-01 15:47:10.020 3073 ERROR rally.task.runner
File "/usr/lib/python2.7/site-packages/neutronclient/v2_0/client.py", line 93, in exception_handler_v20
2019-12-01 15:47:10.020 3073 ERROR rally.task.runner request_ids=request_ids)
2019-12-01 15:47:10.020 3073 ERROR rally.task.runner NeutronClientException:
2019-12-01 15:47:10.020 3073 ERROR rally.task.runner 504 Gateway Time-out
2019-12-01 15:47:10.020 3073 ERROR rally.task.runner
2019-12-01 15:47:10.020 3073 ERROR rally.task.runner

504 Gateway Time-out

2019-12-01 15:47:10.020 3073 ERROR rally.task.runner
nginx
2019-12-01 15:47:10.020 3073 ERROR rally.task.runner
2019-12-01 15:47:10.020 3073 ERROR rally.task.runner
2019-12-01 15:47:10.020 3073 ERROR rally.task.runner
2019-12-01 15:47:10.020 3073 ERROR rally.task.runner
2019-12-01 15:47:10.022 3073 INFO rally.task.runner [-] Task e8308a21-9548-4aa9-b03f-255ec06cc208 | ITER: 22 END: Error NeutronClientException: 504 Gateway Time-out

