2019-12-01 15:23:22.901 6 RALLYDEBUG rally.api [-] INFO logs from urllib3 and requests module are hide.
2019-12-01 15:23:22.901 6 RALLYDEBUG rally.api [-] urllib3 insecure warnings are hidden.
2019-12-01 15:23:22.901 6 RALLYDEBUG rally.api [-] ERROR log from boto module is hide.
2019-12-01 15:23:24.192 6 ERROR rally.cli.cliutils [-] Unexpected exception in CLI: DBRecordNotFound: Record for uuid or name is opnfv-rally not found in table envs
2019-12-01 15:23:24.192 6 ERROR rally.cli.cliutils
Traceback (most recent call last):
2019-12-01 15:23:24.192 6 ERROR rally.cli.cliutils
File "/usr/lib/python2.7/site-packages/rally/cli/cliutils.py", line 674, in run
2019-12-01 15:23:24.192 6 ERROR rally.cli.cliutils ret = fn(*fn_args, **fn_kwargs)
2019-12-01 15:23:24.192 6 ERROR rally.cli.cliutils File "", line 2, in destroy
2019-12-01 15:23:24.192 6 ERROR rally.cli.cliutils
File "/usr/lib/python2.7/site-packages/rally/cli/envutils.py", line 68, in default_from_global
2019-12-01 15:23:24.192 6 ERROR rally.cli.cliutils return f(*args, **kwargs)
2019-12-01 15:23:24.192 6 ERROR rally.cli.cliutils File "", line 2, in destroy
2019-12-01 15:23:24.192 6 ERROR rally.cli.cliutils
File "/usr/lib/python2.7/site-packages/rally/plugins/__init__.py", line 51, in ensure_plugins_are_loaded
2019-12-01 15:23:24.192 6 ERROR rally.cli.cliutils return f(*args, **kwargs)
2019-12-01 15:23:24.192 6 ERROR rally.cli.cliutils
File "/usr/lib/python2.7/site-packages/rally/cli/commands/deployment.py", line 157, in destroy
2019-12-01 15:23:24.192 6 ERROR rally.cli.cliutils api.deployment.destroy(deployment=deployment)
2019-12-01 15:23:24.192 6 ERROR rally.cli.cliutils
File "/usr/lib/python2.7/site-packages/rally/api.py", line 115, in destroy
2019-12-01 15:23:24.192 6 ERROR rally.cli.cliutils deploy = objects.Deployment.get(deployment)
2019-12-01 15:23:24.192 6 ERROR rally.cli.cliutils
File "/usr/lib/python2.7/site-packages/rally/common/objects/deploy.py", line 124, in get
2019-12-01 15:23:24.192 6 ERROR rally.cli.cliutils return Deployment(env_mgr.EnvManager.get(deploy))
2019-12-01 15:23:24.192 6 ERROR rally.cli.cliutils
File "/usr/lib/python2.7/site-packages/rally/env/env_mgr.py", line 212, in get
2019-12-01 15:23:24.192 6 ERROR rally.cli.cliutils return cls(db.env_get(uuid_or_name))
2019-12-01 15:23:24.192 6 ERROR rally.cli.cliutils
File "/usr/lib/python2.7/site-packages/rally/common/db/api.py", line 135, in wrapper
2019-12-01 15:23:24.192 6 ERROR rally.cli.cliutils result = f(session, *args, **kwargs)
2019-12-01 15:23:24.192 6 ERROR rally.cli.cliutils
File "/usr/lib/python2.7/site-packages/rally/common/db/api.py", line 521, in env_get
2019-12-01 15:23:24.192 6 ERROR rally.cli.cliutils criteria="uuid or name is %s" % uuid_or_name, table="envs")
2019-12-01 15:23:24.192 6 ERROR rally.cli.cliutils DBRecordNotFound: Record for uuid or name is opnfv-rally not found in table envs
2019-12-01 15:23:24.192 6 ERROR rally.cli.cliutils
2019-12-01 15:23:24.995 8 RALLYDEBUG rally.api [-] INFO logs from urllib3 and requests module are hide.
2019-12-01 15:23:24.995 8 RALLYDEBUG rally.api [-] urllib3 insecure warnings are hidden.
2019-12-01 15:23:24.995 8 RALLYDEBUG rally.api [-] ERROR log from boto module is hide.
2019-12-01 15:23:27.197 10 RALLYDEBUG rally.api [-] INFO logs from urllib3 and requests module are hide.
2019-12-01 15:23:27.197 10 RALLYDEBUG rally.api [-] urllib3 insecure warnings are hidden.
2019-12-01 15:23:27.197 10 RALLYDEBUG rally.api [-] ERROR log from boto module is hide.
2019-12-01 15:23:29.740 13 RALLYDEBUG rally.api [-] INFO logs from urllib3 and requests module are hide.
2019-12-01 15:23:29.740 13 RALLYDEBUG rally.api [-] urllib3 insecure warnings are hidden.
2019-12-01 15:23:29.740 13 RALLYDEBUG rally.api [-] ERROR log from boto module is hide.
2019-12-01 15:23:31.088 15 RALLYDEBUG rally.api [-] INFO logs from urllib3 and requests module are hide.
2019-12-01 15:23:31.088 15 RALLYDEBUG rally.api [-] urllib3 insecure warnings are hidden.
2019-12-01 15:23:31.088 15 RALLYDEBUG rally.api [-] ERROR log from boto module is hide.
2019-12-01 15:23:32.342 15 INFO rally.common.plugin.discover [-] Loading plugins from directories /root/.rally/plugins/*
2019-12-01 15:23:32.342 15 INFO rally.common.plugin.discover [-] Loaded module with plugins: /root/.rally/plugins/__init__.py
2019-12-01 15:23:32.345 15 INFO rally.common.plugin.discover [-] Loaded module with plugins: /root/.rally/plugins/trunk_scenario.py
2019-12-01 15:23:32.517 15 INFO rally.task.engine [-] Task e8308a21-9548-4aa9-b03f-255ec06cc208 | Starting: Task validation.
2019-12-01 15:23:32.529 15 INFO rally.task.engine [-] Task e8308a21-9548-4aa9-b03f-255ec06cc208 | Starting: Task validation of syntax.
2019-12-01 15:23:32.686 15 INFO rally.task.engine [-] Task e8308a21-9548-4aa9-b03f-255ec06cc208 | Completed: Task validation of syntax.
2019-12-01 15:23:32.686 15 INFO rally.task.engine [-] Task e8308a21-9548-4aa9-b03f-255ec06cc208 | Starting: Task validation of required platforms.
2019-12-01 15:23:32.753 15 INFO rally.task.engine [-] Task e8308a21-9548-4aa9-b03f-255ec06cc208 | Completed: Task validation of required platforms.
2019-12-01 15:23:32.753 15 INFO rally.task.engine [-] Task e8308a21-9548-4aa9-b03f-255ec06cc208 | Starting: Task validation of semantic.
2019-12-01 15:23:32.753 15 INFO rally.task.engine [-] Check health of the environment 'b4e1a74f-a6fb-42f8-94d5-8639313b59a9'.
2019-12-01 15:23:33.141 15 INFO rally.task.engine [-] Platform existing@openstack (available: True): OK!
2019-12-01 15:23:33.155 15 RALLYDEBUG rally_openstack.contexts.keystone.users [-] Creating 1 tenants using 20 threads
2019-12-01 15:23:33.431 15 RALLYDEBUG rally_openstack.contexts.keystone.users [-] Creating 1 users using 20 threads
2019-12-01 15:23:33.848 15 INFO rally.task.context [-] Task e8308a21-9548-4aa9-b03f-255ec06cc208 | Context users@openstack setup() finished in 0.69 sec
2019-12-01 15:23:35.302 15 INFO rally.task.context [-] Task e8308a21-9548-4aa9-b03f-255ec06cc208 | Context users@openstack cleanup() started
2019-12-01 15:23:36.916 15 INFO rally.task.context [-] Task e8308a21-9548-4aa9-b03f-255ec06cc208 | Context users@openstack cleanup() finished in 1.61 sec
2019-12-01 15:23:36.916 15 INFO rally.task.engine [-] Task e8308a21-9548-4aa9-b03f-255ec06cc208 | Completed: Task validation of semantic.
2019-12-01 15:23:36.916 15 INFO rally.task.engine [-] Task e8308a21-9548-4aa9-b03f-255ec06cc208 | Completed: Task validation.
2019-12-01 15:23:36.917 15 INFO rally.api [-] Task e8308a21-9548-4aa9-b03f-255ec06cc208 input file is valid.
2019-12-01 15:23:36.917 15 INFO rally.api [-] Run Task e8308a21-9548-4aa9-b03f-255ec06cc208 against Deployment b4e1a74f-a6fb-42f8-94d5-8639313b59a9
2019-12-01 15:23:36.917 15 INFO rally.task.engine [-] Task e8308a21-9548-4aa9-b03f-255ec06cc208 | Starting: Running task.
2019-12-01 15:23:36.962 15 INFO rally.task.engine [-] Running workload: position = 0 config = { "version": 2, "title": "A cropped version of a bigger task.", "description": "Auto-generated task from a single workload (uuid=db2c9035-fa32-4d0f-af55-2bec3e81ca03)", "subtasks": [ { "title": "NeutronNetworks.create_and_list_networks", "description": "Check performance of list_networks action and ensure > network quotas are not exceeded", "scenario": { "NeutronNetworks.create_and_list_networks": {} }, "contexts": { "users": { "tenants": 1, "users_per_tenant": 1 }, "quotas": { "neutron": { "network": 119 } } }, "runner": { "constant": { "times": 100, "concurrency": 20 } }, "hooks": [], "sla": { "max_avg_duration_per_atomic": { "neutron.list_networks": 15 }, "failure_rate": { "max": 0 } } } ] }
2019-12-01 15:23:36.975 15 RALLYDEBUG rally_openstack.contexts.keystone.users [-] Creating 1 tenants using 20 threads
2019-12-01 15:23:37.339 15 RALLYDEBUG rally_openstack.contexts.keystone.users [-] Creating 1 users using 20 threads
2019-12-01 15:23:37.808 15 INFO rally.task.context [-] Task e8308a21-9548-4aa9-b03f-255ec06cc208 | Context users@openstack setup() finished in 0.83 sec
2019-12-01 15:23:38.197 15 INFO rally.task.context [-] Task e8308a21-9548-4aa9-b03f-255ec06cc208 | Context quotas@openstack setup() finished in 0.39 sec
2019-12-01 15:23:38.198 15 INFO rally.task.context [-] Task e8308a21-9548-4aa9-b03f-255ec06cc208 | Context cleanup@openstack setup() finished in 0.01 msec
2019-12-01 15:23:38.213 15 RALLYDEBUG rally.task.runner [-] Starting the constant runner (task UUID: e8308a21-9548-4aa9-b03f-255ec06cc208). timeout: 0 concurrency: 20 concurrency_per_worker: 1 times: 100 concurrency_overhead: 0 processes_to_start: 20 max_cpu_used: 88
2019-12-01 15:23:38.227 139 RALLYDEBUG rally.task.runner [-] Starting a worker. concurrency: 1 args: {} times: 100 method_name: run timeout: 0 duration: None cls:
2019-12-01 15:23:38.229 140 RALLYDEBUG rally.task.runner [-] Starting a worker. concurrency: 1 args: {} times: 100 method_name: run timeout: 0 duration: None cls:
2019-12-01 15:23:38.231 141 RALLYDEBUG rally.task.runner [-] Starting a worker. concurrency: 1 args: {} times: 100 method_name: run timeout: 0 duration: None cls:
2019-12-01 15:23:38.234 139 INFO rally.task.runner [-] Task e8308a21-9548-4aa9-b03f-255ec06cc208 | ITER: 1 START
2019-12-01 15:23:38.233 142 RALLYDEBUG rally.task.runner [-] Starting a worker. concurrency: 1 args: {} times: 100 method_name: run timeout: 0 duration: None cls:
2019-12-01 15:23:38.235 140 INFO rally.task.runner [-] Task e8308a21-9548-4aa9-b03f-255ec06cc208 | ITER: 2 START
2019-12-01 15:23:38.236 143 RALLYDEBUG rally.task.runner [-] Starting a worker. concurrency: 1 args: {} times: 100 method_name: run timeout: 0 duration: None cls:
2019-12-01 15:23:38.237 141 INFO rally.task.runner [-] Task e8308a21-9548-4aa9-b03f-255ec06cc208 | ITER: 3 START
2019-12-01 15:23:38.241 142 INFO rally.task.runner [-] Task e8308a21-9548-4aa9-b03f-255ec06cc208 | ITER: 4 START
2019-12-01 15:23:38.242 143 INFO rally.task.runner [-] Task e8308a21-9548-4aa9-b03f-255ec06cc208 | ITER: 5 START
2019-12-01 15:23:38.242 150 RALLYDEBUG rally.task.runner [-] Starting a worker. concurrency: 1 args: {} times: 100 method_name: run timeout: 0 duration: None cls:
2019-12-01 15:23:38.241 147 RALLYDEBUG rally.task.runner [-] Starting a worker. concurrency: 1 args: {} times: 100 method_name: run timeout: 0 duration: None cls:
2019-12-01 15:23:38.245 153 RALLYDEBUG rally.task.runner [-] Starting a worker. concurrency: 1 args: {} times: 100 method_name: run timeout: 0 duration: None cls:
2019-12-01 15:23:38.247 147 INFO rally.task.runner [-] Task e8308a21-9548-4aa9-b03f-255ec06cc208 | ITER: 7 START
2019-12-01 15:23:38.247 150 INFO rally.task.runner [-] Task e8308a21-9548-4aa9-b03f-255ec06cc208 | ITER: 6 START
2019-12-01 15:23:38.247 157 RALLYDEBUG rally.task.runner [-] Starting a worker. concurrency: 1 args: {} times: 100 method_name: run timeout: 0 duration: None cls:
2019-12-01 15:23:38.251 153 INFO rally.task.runner [-] Task e8308a21-9548-4aa9-b03f-255ec06cc208 | ITER: 8 START
2019-12-01 15:23:38.250 158 RALLYDEBUG rally.task.runner [-] Starting a worker. concurrency: 1 args: {} times: 100 method_name: run timeout: 0 duration: None cls:
2019-12-01 15:23:38.253 157 INFO rally.task.runner [-] Task e8308a21-9548-4aa9-b03f-255ec06cc208 | ITER: 9 START
2019-12-01 15:23:38.253 163 RALLYDEBUG rally.task.runner [-] Starting a worker. concurrency: 1 args: {} times: 100 method_name: run timeout: 0 duration: None cls:
2019-12-01 15:23:38.256 158 INFO rally.task.runner [-] Task e8308a21-9548-4aa9-b03f-255ec06cc208 | ITER: 10 START
2019-12-01 15:23:38.256 166 RALLYDEBUG rally.task.runner [-] Starting a worker. concurrency: 1 args: {} times: 100 method_name: run timeout: 0 duration: None cls:
2019-12-01 15:23:38.257 169 RALLYDEBUG rally.task.runner [-] Starting a worker. concurrency: 1 args: {} times: 100 method_name: run timeout: 0 duration: None cls:
2019-12-01 15:23:38.259 163 INFO rally.task.runner [-] Task e8308a21-9548-4aa9-b03f-255ec06cc208 | ITER: 11 START
2019-12-01 15:23:38.261 169 INFO rally.task.runner [-] Task e8308a21-9548-4aa9-b03f-255ec06cc208 | ITER: 13 START
2019-12-01 15:23:38.262 166 INFO rally.task.runner [-] Task e8308a21-9548-4aa9-b03f-255ec06cc208 | ITER: 12 START
2019-12-01 15:23:38.262 172 RALLYDEBUG rally.task.runner [-] Starting a worker. concurrency: 1 args: {} times: 100 method_name: run timeout: 0 duration: None cls:
2019-12-01 15:23:38.265 175 RALLYDEBUG rally.task.runner [-] Starting a worker. concurrency: 1 args: {} times: 100 method_name: run timeout: 0 duration: None cls:
2019-12-01 15:23:38.267 172 INFO rally.task.runner [-] Task e8308a21-9548-4aa9-b03f-255ec06cc208 | ITER: 14 START
2019-12-01 15:23:38.267 180 RALLYDEBUG rally.task.runner [-] Starting a worker. concurrency: 1 args: {} times: 100 method_name: run timeout: 0 duration: None cls:
2019-12-01 15:23:38.269 181 RALLYDEBUG rally.task.runner [-] Starting a worker. concurrency: 1 args: {} times: 100 method_name: run timeout: 0 duration: None cls:
2019-12-01 15:23:38.270 175 INFO rally.task.runner [-] Task e8308a21-9548-4aa9-b03f-255ec06cc208 | ITER: 15 START
2019-12-01 15:23:38.271 184 RALLYDEBUG rally.task.runner [-] Starting a worker. concurrency: 1 args: {} times: 100 method_name: run timeout: 0 duration: None cls:
2019-12-01 15:23:38.272 180 INFO rally.task.runner [-] Task e8308a21-9548-4aa9-b03f-255ec06cc208 | ITER: 16 START
2019-12-01 15:23:38.275 181 INFO rally.task.runner [-] Task e8308a21-9548-4aa9-b03f-255ec06cc208 | ITER: 17 START
2019-12-01 15:23:38.275 187 RALLYDEBUG rally.task.runner [-] Starting a worker. concurrency: 1 args: {} times: 100 method_name: run timeout: 0 duration: None cls:
2019-12-01 15:23:38.276 190 RALLYDEBUG rally.task.runner [-] Starting a worker. concurrency: 1 args: {} times: 100 method_name: run timeout: 0 duration: None cls:
2019-12-01 15:23:38.278 184 INFO rally.task.runner [-] Task e8308a21-9548-4aa9-b03f-255ec06cc208 | ITER: 18 START
2019-12-01 15:23:38.282 190 INFO rally.task.runner [-] Task e8308a21-9548-4aa9-b03f-255ec06cc208 | ITER: 20 START
2019-12-01 15:23:38.282 187 INFO rally.task.runner [-] Task e8308a21-9548-4aa9-b03f-255ec06cc208 | ITER: 19 START
2019-12-01 15:23:41.629 140 INFO rally.task.runner [-] Task e8308a21-9548-4aa9-b03f-255ec06cc208 | ITER: 2 END: OK
2019-12-01 15:23:41.634 140 INFO rally.task.runner [-] Task e8308a21-9548-4aa9-b03f-255ec06cc208 | ITER: 21 START
2019-12-01 15:23:42.031 139 INFO rally.task.runner [-] Task e8308a21-9548-4aa9-b03f-255ec06cc208 | ITER: 1 END: OK
2019-12-01 15:23:42.036 139 INFO rally.task.runner [-] Task e8308a21-9548-4aa9-b03f-255ec06cc208 | ITER: 22 START
2019-12-01 15:23:42.330 147 INFO rally.task.runner [-] Task e8308a21-9548-4aa9-b03f-255ec06cc208 | ITER: 7 END: OK
2019-12-01 15:23:42.335 147 INFO rally.task.runner [-] Task e8308a21-9548-4aa9-b03f-255ec06cc208 | ITER: 23 START
2019-12-01 15:23:42.594 157 INFO rally.task.runner [-] Task e8308a21-9548-4aa9-b03f-255ec06cc208 | ITER: 9 END: OK
2019-12-01 15:23:42.599 157 INFO rally.task.runner [-] Task e8308a21-9548-4aa9-b03f-255ec06cc208 | ITER: 24 START
2019-12-01 15:23:42.799 143 INFO rally.task.runner [-] Task e8308a21-9548-4aa9-b03f-255ec06cc208 | ITER: 5 END: OK
2019-12-01 15:23:42.804 143 INFO rally.task.runner [-] Task e8308a21-9548-4aa9-b03f-255ec06cc208 | ITER: 25 START
2019-12-01 15:23:42.906 141 INFO rally.task.runner [-] Task e8308a21-9548-4aa9-b03f-255ec06cc208 | ITER: 3 END: OK
2019-12-01 15:23:42.910 141 INFO rally.task.runner [-] Task e8308a21-9548-4aa9-b03f-255ec06cc208 | ITER: 26 START
2019-12-01 15:23:42.913 169 INFO rally.task.runner [-] Task e8308a21-9548-4aa9-b03f-255ec06cc208 | ITER: 13 END: OK
2019-12-01 15:23:42.918 169 INFO rally.task.runner [-] Task e8308a21-9548-4aa9-b03f-255ec06cc208 | ITER: 27 START
2019-12-01 15:23:43.020 153 INFO rally.task.runner [-] Task e8308a21-9548-4aa9-b03f-255ec06cc208 | ITER: 8 END: OK
2019-12-01 15:23:43.025 153 INFO rally.task.runner [-] Task e8308a21-9548-4aa9-b03f-255ec06cc208 | ITER: 28 START
2019-12-01 15:23:43.050 150 INFO rally.task.runner [-] Task e8308a21-9548-4aa9-b03f-255ec06cc208 | ITER: 6 END: OK
2019-12-01 15:23:43.055 150 INFO rally.task.runner [-] Task e8308a21-9548-4aa9-b03f-255ec06cc208 | ITER: 29 START
2019-12-01 15:23:43.261 158 INFO rally.task.runner [-] Task e8308a21-9548-4aa9-b03f-255ec06cc208 | ITER: 10 END: OK
2019-12-01 15:23:43.266 158 INFO rally.task.runner [-] Task e8308a21-9548-4aa9-b03f-255ec06cc208 | ITER: 30 START
2019-12-01 15:23:43.411 184 INFO rally.task.runner [-] Task e8308a21-9548-4aa9-b03f-255ec06cc208 | ITER: 18 END: OK
2019-12-01 15:23:43.416 184 INFO rally.task.runner [-] Task e8308a21-9548-4aa9-b03f-255ec06cc208 | ITER: 31 START
2019-12-01 15:23:43.450 142 INFO rally.task.runner [-] Task e8308a21-9548-4aa9-b03f-255ec06cc208 | ITER: 4 END: OK
2019-12-01 15:23:43.455 142 INFO rally.task.runner [-] Task e8308a21-9548-4aa9-b03f-255ec06cc208 | ITER: 32 START
2019-12-01 15:23:43.465 180 INFO rally.task.runner [-] Task e8308a21-9548-4aa9-b03f-255ec06cc208 | ITER: 16 END: OK
2019-12-01 15:23:43.470 180 INFO rally.task.runner [-] Task e8308a21-9548-4aa9-b03f-255ec06cc208 | ITER: 33 START
2019-12-01 15:23:43.473 181 INFO rally.task.runner [-] Task e8308a21-9548-4aa9-b03f-255ec06cc208 | ITER: 17 END: OK
2019-12-01 15:23:43.478 181 INFO rally.task.runner [-] Task e8308a21-9548-4aa9-b03f-255ec06cc208 | ITER: 34 START
2019-12-01 15:23:43.623 190 INFO rally.task.runner [-] Task e8308a21-9548-4aa9-b03f-255ec06cc208 | ITER: 20 END: OK
2019-12-01 15:23:43.626 172 INFO rally.task.runner [-] Task e8308a21-9548-4aa9-b03f-255ec06cc208 | ITER: 14 END: OK
2019-12-01 15:23:43.628 190 INFO rally.task.runner [-] Task e8308a21-9548-4aa9-b03f-255ec06cc208 | ITER: 35 START
2019-12-01 15:23:43.631 172 INFO rally.task.runner [-] Task e8308a21-9548-4aa9-b03f-255ec06cc208 | ITER: 36 START
2019-12-01 15:23:43.688 175 INFO rally.task.runner [-] Task e8308a21-9548-4aa9-b03f-255ec06cc208 | ITER: 15 END: OK
2019-12-01 15:23:43.693 175 INFO rally.task.runner [-] Task e8308a21-9548-4aa9-b03f-255ec06cc208 | ITER: 37 START
2019-12-01 15:23:44.091 187 INFO rally.task.runner [-] Task e8308a21-9548-4aa9-b03f-255ec06cc208 | ITER: 19 END: OK
2019-12-01 15:23:44.096 187 INFO rally.task.runner [-] Task e8308a21-9548-4aa9-b03f-255ec06cc208 | ITER: 38 START
2019-12-01 15:23:44.188 166 INFO rally.task.runner [-] Task e8308a21-9548-4aa9-b03f-255ec06cc208 | ITER: 12 END: OK
2019-12-01 15:23:44.193 166 INFO rally.task.runner [-] Task e8308a21-9548-4aa9-b03f-255ec06cc208 | ITER: 39 START
2019-12-01 15:23:44.326 163 INFO rally.task.runner [-] Task e8308a21-9548-4aa9-b03f-255ec06cc208 | ITER: 11 END: OK
2019-12-01 15:23:44.330 163 INFO rally.task.runner [-] Task e8308a21-9548-4aa9-b03f-255ec06cc208 | ITER: 40 START
2019-12-01 15:23:47.110 180 INFO rally.task.runner [-] Task e8308a21-9548-4aa9-b03f-255ec06cc208 | ITER: 33 END: OK
2019-12-01 15:23:47.113 157 INFO rally.task.runner [-] Task e8308a21-9548-4aa9-b03f-255ec06cc208 | ITER: 24 END: OK
2019-12-01 15:23:47.114 180 INFO rally.task.runner [-] Task e8308a21-9548-4aa9-b03f-255ec06cc208 | ITER: 41 START
2019-12-01 15:23:47.117 157 INFO rally.task.runner [-] Task e8308a21-9548-4aa9-b03f-255ec06cc208 | ITER: 42 START
2019-12-01 15:23:50.907 163 INFO rally.task.runner [-] Task e8308a21-9548-4aa9-b03f-255ec06cc208 | ITER: 40 END: OK
2019-12-01 15:23:50.908 169 INFO rally.task.runner [-] Task e8308a21-9548-4aa9-b03f-255ec06cc208 | ITER: 27 END: OK
2019-12-01 15:23:50.911 163 INFO rally.task.runner [-] Task e8308a21-9548-4aa9-b03f-255ec06cc208 | ITER: 43 START
2019-12-01 15:23:50.912 169 INFO rally.task.runner [-] Task e8308a21-9548-4aa9-b03f-255ec06cc208 | ITER: 44 START
2019-12-01 15:23:50.914 147 INFO rally.task.runner [-] Task e8308a21-9548-4aa9-b03f-255ec06cc208 | ITER: 23 END: OK
2019-12-01 15:23:50.916 141 INFO rally.task.runner [-] Task e8308a21-9548-4aa9-b03f-255ec06cc208 | ITER: 26 END: OK
2019-12-01 15:23:50.917 147 INFO rally.task.runner [-] Task e8308a21-9548-4aa9-b03f-255ec06cc208 | ITER: 45 START
2019-12-01 15:23:50.919 190 INFO rally.task.runner [-] Task e8308a21-9548-4aa9-b03f-255ec06cc208 | ITER: 35 END: OK
2019-12-01 15:23:50.920 141 INFO rally.task.runner [-] Task e8308a21-9548-4aa9-b03f-255ec06cc208 | ITER: 46 START
2019-12-01 15:23:50.922 190 INFO rally.task.runner [-] Task e8308a21-9548-4aa9-b03f-255ec06cc208 | ITER: 47 START
2019-12-01 15:23:50.936 158 INFO rally.task.runner [-] Task e8308a21-9548-4aa9-b03f-255ec06cc208 | ITER: 30 END: OK
2019-12-01 15:23:50.940 158 INFO rally.task.runner [-] Task e8308a21-9548-4aa9-b03f-255ec06cc208 | ITER: 48 START
2019-12-01 15:23:50.941 150 INFO rally.task.runner [-] Task e8308a21-9548-4aa9-b03f-255ec06cc208 | ITER: 29 END: OK
2019-12-01 15:23:50.944 150 INFO rally.task.runner [-] Task e8308a21-9548-4aa9-b03f-255ec06cc208 | ITER: 49 START
2019-12-01 15:23:50.997 140 INFO rally.task.runner [-] Task e8308a21-9548-4aa9-b03f-255ec06cc208 | ITER: 21 END: OK
2019-12-01 15:23:51.001 140 INFO rally.task.runner [-] Task e8308a21-9548-4aa9-b03f-255ec06cc208 | ITER: 50 START
2019-12-01 15:23:51.018 142 INFO rally.task.runner [-] Task e8308a21-9548-4aa9-b03f-255ec06cc208 | ITER: 32 END: OK
2019-12-01 15:23:51.022 142 INFO rally.task.runner [-] Task e8308a21-9548-4aa9-b03f-255ec06cc208 | ITER: 51 START
2019-12-01 15:23:51.102 153 INFO rally.task.runner [-] Task e8308a21-9548-4aa9-b03f-255ec06cc208 | ITER: 28 END: OK
2019-12-01 15:23:51.106 153 INFO rally.task.runner [-] Task e8308a21-9548-4aa9-b03f-255ec06cc208 | ITER: 52 START
2019-12-01 15:23:51.241 139 INFO rally.task.runner [-] Task e8308a21-9548-4aa9-b03f-255ec06cc208 | ITER: 22 END: OK
2019-12-01 15:23:51.245 139 INFO rally.task.runner [-] Task e8308a21-9548-4aa9-b03f-255ec06cc208 | ITER: 53 START
2019-12-01 15:23:51.247 143 INFO rally.task.runner [-] Task e8308a21-9548-4aa9-b03f-255ec06cc208 | ITER: 25 END: OK
2019-12-01 15:23:51.251 143 INFO rally.task.runner [-] Task e8308a21-9548-4aa9-b03f-255ec06cc208 | ITER: 54 START
2019-12-01 15:23:51.455 181 INFO rally.task.runner [-] Task e8308a21-9548-4aa9-b03f-255ec06cc208 | ITER: 34 END: OK
2019-12-01 15:23:51.459 181 INFO rally.task.runner [-] Task e8308a21-9548-4aa9-b03f-255ec06cc208 | ITER: 55 START
2019-12-01 15:23:51.567 175 INFO rally.task.runner [-] Task e8308a21-9548-4aa9-b03f-255ec06cc208 | ITER: 37 END: OK
2019-12-01 15:23:51.570 175 INFO rally.task.runner [-] Task e8308a21-9548-4aa9-b03f-255ec06cc208 | ITER: 56 START
2019-12-01 15:23:52.011 184 INFO rally.task.runner [-] Task e8308a21-9548-4aa9-b03f-255ec06cc208 | ITER: 31 END: OK
2019-12-01 15:23:52.015 184 INFO rally.task.runner [-] Task e8308a21-9548-4aa9-b03f-255ec06cc208 | ITER: 57 START
2019-12-01 15:23:52.017 187 INFO rally.task.runner [-] Task e8308a21-9548-4aa9-b03f-255ec06cc208 | ITER: 38 END: OK
2019-12-01 15:23:52.021 187 INFO rally.task.runner [-] Task e8308a21-9548-4aa9-b03f-255ec06cc208 | ITER: 58 START
2019-12-01 15:23:52.464 172 INFO rally.task.runner [-] Task e8308a21-9548-4aa9-b03f-255ec06cc208 | ITER: 36 END: OK
2019-12-01 15:23:52.467 172 INFO rally.task.runner [-] Task e8308a21-9548-4aa9-b03f-255ec06cc208 | ITER: 59 START
2019-12-01 15:23:52.722 166 INFO rally.task.runner [-] Task e8308a21-9548-4aa9-b03f-255ec06cc208 | ITER: 39 END: OK
2019-12-01 15:23:52.726 166 INFO rally.task.runner [-] Task e8308a21-9548-4aa9-b03f-255ec06cc208 | ITER: 60 START
2019-12-01 15:23:52.955 157 INFO rally.task.runner [-] Task e8308a21-9548-4aa9-b03f-255ec06cc208 | ITER: 42 END: OK
2019-12-01 15:23:52.959 157 INFO rally.task.runner [-] Task e8308a21-9548-4aa9-b03f-255ec06cc208 | ITER: 61 START
2019-12-01 15:23:53.944 180 INFO rally.task.runner [-] Task e8308a21-9548-4aa9-b03f-255ec06cc208 | ITER: 41 END: OK
2019-12-01 15:23:53.948 180 INFO rally.task.runner [-] Task e8308a21-9548-4aa9-b03f-255ec06cc208 | ITER: 62 START
2019-12-01 15:23:55.553 169 INFO rally.task.runner [-] Task e8308a21-9548-4aa9-b03f-255ec06cc208 | ITER: 44 END: OK
2019-12-01 15:23:55.557 169 INFO rally.task.runner [-] Task e8308a21-9548-4aa9-b03f-255ec06cc208 | ITER: 63 START
2019-12-01 15:23:55.841 190 INFO rally.task.runner [-] Task e8308a21-9548-4aa9-b03f-255ec06cc208 | ITER: 47 END: OK
2019-12-01 15:23:55.845 190 INFO rally.task.runner [-] Task e8308a21-9548-4aa9-b03f-255ec06cc208 | ITER: 64 START
2019-12-01 15:23:56.138 141 INFO rally.task.runner [-] Task e8308a21-9548-4aa9-b03f-255ec06cc208 | ITER: 46 END: OK
2019-12-01 15:23:56.140 181 INFO rally.task.runner [-] Task e8308a21-9548-4aa9-b03f-255ec06cc208 | ITER: 55 END: OK
2019-12-01 15:23:56.142 141 INFO rally.task.runner [-] Task e8308a21-9548-4aa9-b03f-255ec06cc208 | ITER: 65 START
2019-12-01 15:23:56.143 181 INFO rally.task.runner [-] Task e8308a21-9548-4aa9-b03f-255ec06cc208 | ITER: 66 START
2019-12-01 15:23:56.386 153 INFO rally.task.runner [-] Task e8308a21-9548-4aa9-b03f-255ec06cc208 | ITER: 52 END: OK
2019-12-01 15:23:56.390 153 INFO rally.task.runner [-] Task e8308a21-9548-4aa9-b03f-255ec06cc208 | ITER: 67 START
2019-12-01 15:23:56.537 139 INFO rally.task.runner [-] Task e8308a21-9548-4aa9-b03f-255ec06cc208 | ITER: 53 END: OK
2019-12-01 15:23:56.541 139 INFO rally.task.runner [-] Task e8308a21-9548-4aa9-b03f-255ec06cc208 | ITER: 68 START
2019-12-01 15:23:57.145 147 INFO rally.task.runner [-] Task e8308a21-9548-4aa9-b03f-255ec06cc208 | ITER: 45 END: OK
2019-12-01 15:23:57.149 147 INFO rally.task.runner [-] Task e8308a21-9548-4aa9-b03f-255ec06cc208 | ITER: 69 START
2019-12-01 15:23:57.159 158 INFO rally.task.runner [-] Task e8308a21-9548-4aa9-b03f-255ec06cc208 | ITER: 48 END: OK
2019-12-01 15:23:57.162 158 INFO rally.task.runner [-] Task e8308a21-9548-4aa9-b03f-255ec06cc208 | ITER: 70 START
2019-12-01 15:23:57.186 140 INFO rally.task.runner [-] Task e8308a21-9548-4aa9-b03f-255ec06cc208 | ITER: 50 END: OK
2019-12-01 15:23:57.190 140 INFO rally.task.runner [-] Task e8308a21-9548-4aa9-b03f-255ec06cc208 | ITER: 71 START
2019-12-01 15:23:57.222 166 INFO rally.task.runner [-] Task e8308a21-9548-4aa9-b03f-255ec06cc208 | ITER: 60 END: OK
2019-12-01 15:23:57.226 166 INFO rally.task.runner [-] Task e8308a21-9548-4aa9-b03f-255ec06cc208 | ITER: 72 START
2019-12-01 15:23:57.462 157 INFO rally.task.runner [-] Task e8308a21-9548-4aa9-b03f-255ec06cc208 | ITER: 61 END: OK
2019-12-01 15:23:57.466 157 INFO rally.task.runner [-] Task e8308a21-9548-4aa9-b03f-255ec06cc208 | ITER: 73 START
2019-12-01 15:23:57.581 163 INFO rally.task.runner [-] Task e8308a21-9548-4aa9-b03f-255ec06cc208 | ITER: 43 END: OK
2019-12-01 15:23:57.584 163 INFO rally.task.runner [-] Task e8308a21-9548-4aa9-b03f-255ec06cc208 | ITER: 74 START
2019-12-01 15:23:57.858 175 INFO rally.task.runner [-] Task e8308a21-9548-4aa9-b03f-255ec06cc208 | ITER: 56 END: OK
2019-12-01 15:23:57.861 175 INFO rally.task.runner [-] Task e8308a21-9548-4aa9-b03f-255ec06cc208 | ITER: 75 START
2019-12-01 15:23:58.268 143 INFO rally.task.runner [-] Task e8308a21-9548-4aa9-b03f-255ec06cc208 | ITER: 54 END: OK
2019-12-01 15:23:58.272 143 INFO rally.task.runner [-] Task e8308a21-9548-4aa9-b03f-255ec06cc208 | ITER: 76 START
2019-12-01 15:23:58.626 184 INFO rally.task.runner [-] Task e8308a21-9548-4aa9-b03f-255ec06cc208 | ITER: 57 END: OK
2019-12-01 15:23:58.630 184 INFO rally.task.runner [-] Task e8308a21-9548-4aa9-b03f-255ec06cc208 | ITER: 77 START
2019-12-01 15:23:59.017 187 INFO rally.task.runner [-] Task e8308a21-9548-4aa9-b03f-255ec06cc208 | ITER: 58 END: OK
2019-12-01 15:23:59.020 187 INFO rally.task.runner [-] Task e8308a21-9548-4aa9-b03f-255ec06cc208 | ITER: 78 START
2019-12-01 15:23:59.482 142 INFO rally.task.runner [-] Task e8308a21-9548-4aa9-b03f-255ec06cc208 | ITER: 51 END: OK
2019-12-01 15:23:59.486 142 INFO rally.task.runner [-] Task e8308a21-9548-4aa9-b03f-255ec06cc208 | ITER: 79 START
2019-12-01 15:23:59.821 172 INFO rally.task.runner [-] Task e8308a21-9548-4aa9-b03f-255ec06cc208 | ITER: 59 END: OK
2019-12-01 15:23:59.825 172 INFO rally.task.runner [-] Task e8308a21-9548-4aa9-b03f-255ec06cc208 | ITER: 80 START
2019-12-01 15:24:00.212 169 INFO rally.task.runner [-] Task e8308a21-9548-4aa9-b03f-255ec06cc208 | ITER: 63 END: OK
2019-12-01 15:24:00.215 169 INFO rally.task.runner [-] Task e8308a21-9548-4aa9-b03f-255ec06cc208 | ITER: 81 START
2019-12-01 15:24:01.771 180 INFO rally.task.runner [-] Task e8308a21-9548-4aa9-b03f-255ec06cc208 | ITER: 62 END: OK
2019-12-01 15:24:01.775 180 INFO rally.task.runner [-] Task e8308a21-9548-4aa9-b03f-255ec06cc208 | ITER: 82 START
2019-12-01 15:24:01.843 139 INFO rally.task.runner [-] Task e8308a21-9548-4aa9-b03f-255ec06cc208 | ITER: 68 END: OK
2019-12-01 15:24:01.847 139 INFO rally.task.runner [-] Task e8308a21-9548-4aa9-b03f-255ec06cc208 | ITER: 83 START
2019-12-01 15:24:02.379 150 INFO rally.task.runner [-] Task e8308a21-9548-4aa9-b03f-255ec06cc208 | ITER: 49 END: OK
2019-12-01 15:24:02.383 150 INFO rally.task.runner [-] Task e8308a21-9548-4aa9-b03f-255ec06cc208 | ITER: 84 START
2019-12-01 15:24:02.971 153 INFO rally.task.runner [-] Task e8308a21-9548-4aa9-b03f-255ec06cc208 | ITER: 67 END: OK
2019-12-01 15:24:02.975 153 INFO rally.task.runner [-] Task e8308a21-9548-4aa9-b03f-255ec06cc208 | ITER: 85 START
2019-12-01 15:24:03.139 190 INFO rally.task.runner [-] Task e8308a21-9548-4aa9-b03f-255ec06cc208 | ITER: 64 END: OK
2019-12-01 15:24:03.143 190 INFO rally.task.runner [-] Task e8308a21-9548-4aa9-b03f-255ec06cc208 | ITER: 86 START
2019-12-01 15:24:03.862 140 INFO rally.task.runner [-] Task e8308a21-9548-4aa9-b03f-255ec06cc208 | ITER: 71 END: OK
2019-12-01 15:24:03.866 140 INFO rally.task.runner [-] Task e8308a21-9548-4aa9-b03f-255ec06cc208 | ITER: 87 START
2019-12-01 15:24:03.987 158 INFO rally.task.runner [-] Task e8308a21-9548-4aa9-b03f-255ec06cc208 | ITER: 70 END: OK
2019-12-01 15:24:03.991 158 INFO rally.task.runner [-] Task e8308a21-9548-4aa9-b03f-255ec06cc208 | ITER: 88 START
2019-12-01 15:24:04.040 147 INFO rally.task.runner [-] Task e8308a21-9548-4aa9-b03f-255ec06cc208 | ITER: 69 END: OK
2019-12-01 15:24:04.044 147 INFO rally.task.runner [-] Task e8308a21-9548-4aa9-b03f-255ec06cc208 | ITER: 89 START
2019-12-01 15:24:04.468 166 INFO rally.task.runner [-] Task e8308a21-9548-4aa9-b03f-255ec06cc208 | ITER: 72 END: OK
2019-12-01 15:24:04.471 166 INFO rally.task.runner [-] Task e8308a21-9548-4aa9-b03f-255ec06cc208 | ITER: 90 START
2019-12-01 15:24:04.526 163 INFO rally.task.runner [-] Task e8308a21-9548-4aa9-b03f-255ec06cc208 | ITER: 74 END: OK
2019-12-01 15:24:04.530 163 INFO rally.task.runner [-] Task e8308a21-9548-4aa9-b03f-255ec06cc208 | ITER: 91 START
2019-12-01 15:24:04.878 172 INFO rally.task.runner [-] Task e8308a21-9548-4aa9-b03f-255ec06cc208 | ITER: 80 END: OK
2019-12-01 15:24:04.881 172 INFO rally.task.runner [-] Task e8308a21-9548-4aa9-b03f-255ec06cc208 | ITER: 92 START
2019-12-01 15:24:05.014 184 INFO rally.task.runner [-] Task e8308a21-9548-4aa9-b03f-255ec06cc208 | ITER: 77 END: OK
2019-12-01 15:24:05.018 184 INFO rally.task.runner [-] Task e8308a21-9548-4aa9-b03f-255ec06cc208 | ITER: 93 START
2019-12-01 15:24:05.287 187 INFO rally.task.runner [-] Task e8308a21-9548-4aa9-b03f-255ec06cc208 | ITER: 78 END: OK
2019-12-01 15:24:05.291 187 INFO rally.task.runner [-] Task e8308a21-9548-4aa9-b03f-255ec06cc208 | ITER: 94 START
2019-12-01 15:24:06.016 181 INFO rally.task.runner [-] Task e8308a21-9548-4aa9-b03f-255ec06cc208 | ITER: 66 END: OK
2019-12-01 15:24:06.020 181 INFO rally.task.runner [-] Task e8308a21-9548-4aa9-b03f-255ec06cc208 | ITER: 95 START
2019-12-01 15:24:06.262 150 INFO rally.task.runner [-] Task e8308a21-9548-4aa9-b03f-255ec06cc208 | ITER: 84 END: OK
2019-12-01 15:24:06.266 150 INFO rally.task.runner [-] Task e8308a21-9548-4aa9-b03f-255ec06cc208 | ITER: 96 START
2019-12-01 15:24:06.284 139 INFO rally.task.runner [-] Task e8308a21-9548-4aa9-b03f-255ec06cc208 | ITER: 83 END: OK
2019-12-01 15:24:06.291 139 INFO rally.task.runner [-] Task e8308a21-9548-4aa9-b03f-255ec06cc208 | ITER: 97 START
2019-12-01 15:24:06.297 175 INFO rally.task.runner [-] Task e8308a21-9548-4aa9-b03f-255ec06cc208 | ITER: 75 END: OK
2019-12-01 15:24:06.301 175 INFO rally.task.runner [-] Task e8308a21-9548-4aa9-b03f-255ec06cc208 | ITER: 98 START
2019-12-01 15:24:06.622 180 INFO rally.task.runner [-] Task e8308a21-9548-4aa9-b03f-255ec06cc208 | ITER: 82 END: OK
2019-12-01 15:24:06.630 180 INFO rally.task.runner [-] Task e8308a21-9548-4aa9-b03f-255ec06cc208 | ITER: 99 START
2019-12-01 15:24:06.650 169 INFO rally.task.runner [-] Task e8308a21-9548-4aa9-b03f-255ec06cc208 | ITER: 81 END: OK
2019-12-01 15:24:06.654 169 INFO rally.task.runner [-] Task e8308a21-9548-4aa9-b03f-255ec06cc208 | ITER: 100 START
2019-12-01 15:24:06.851 143 INFO rally.task.runner [-] Task e8308a21-9548-4aa9-b03f-255ec06cc208 | ITER: 76 END: OK
2019-12-01 15:24:07.166 157 INFO rally.task.runner [-] Task e8308a21-9548-4aa9-b03f-255ec06cc208 | ITER: 73 END: OK
2019-12-01 15:24:07.309 147 INFO rally.task.runner [-] Task e8308a21-9548-4aa9-b03f-255ec06cc208 | ITER: 89 END: OK
2019-12-01 15:24:07.980 141 INFO rally.task.runner [-] Task e8308a21-9548-4aa9-b03f-255ec06cc208 | ITER: 65 END: OK
2019-12-01 15:24:09.431 163 INFO rally.task.runner [-] Task e8308a21-9548-4aa9-b03f-255ec06cc208 | ITER: 91 END: OK
2019-12-01 15:24:09.467 184 INFO rally.task.runner [-] Task e8308a21-9548-4aa9-b03f-255ec06cc208 | ITER: 93 END: OK
2019-12-01 15:24:09.548 142 INFO rally.task.runner [-] Task e8308a21-9548-4aa9-b03f-255ec06cc208 | ITER: 79 END: OK
2019-12-01 15:24:09.786 187 INFO rally.task.runner [-] Task e8308a21-9548-4aa9-b03f-255ec06cc208 | ITER: 94 END: OK
2019-12-01 15:24:09.895 166 INFO rally.task.runner [-] Task e8308a21-9548-4aa9-b03f-255ec06cc208 | ITER: 90 END: OK
2019-12-01 15:24:10.323 181 INFO rally.task.runner [-] Task e8308a21-9548-4aa9-b03f-255ec06cc208 | ITER: 95 END: OK
2019-12-01 15:24:10.687 153 INFO rally.task.runner [-] Task e8308a21-9548-4aa9-b03f-255ec06cc208 | ITER: 85 END: OK
2019-12-01 15:24:10.969 139 INFO rally.task.runner [-] Task e8308a21-9548-4aa9-b03f-255ec06cc208 | ITER: 97 END: OK
2019-12-01 15:24:11.019 190 INFO rally.task.runner [-] Task e8308a21-9548-4aa9-b03f-255ec06cc208 | ITER: 86 END: OK
2019-12-01 15:24:11.166 175 INFO rally.task.runner [-] Task e8308a21-9548-4aa9-b03f-255ec06cc208 | ITER: 98 END: OK
2019-12-01 15:24:11.895 140 INFO rally.task.runner [-] Task e8308a21-9548-4aa9-b03f-255ec06cc208 | ITER: 87 END: OK
2019-12-01 15:24:11.999 180 INFO rally.task.runner [-] Task e8308a21-9548-4aa9-b03f-255ec06cc208 | ITER: 99 END: OK
2019-12-01 15:24:12.160 158 INFO rally.task.runner [-] Task e8308a21-9548-4aa9-b03f-255ec06cc208 | ITER: 88 END: OK
2019-12-01 15:24:12.172 169 INFO rally.task.runner [-] Task e8308a21-9548-4aa9-b03f-255ec06cc208 | ITER: 100 END: OK
2019-12-01 15:24:12.577 172 INFO rally.task.runner [-] Task e8308a21-9548-4aa9-b03f-255ec06cc208 | ITER: 92 END: OK
2019-12-01 15:24:12.579 150 INFO rally.task.runner [-] Task e8308a21-9548-4aa9-b03f-255ec06cc208 | ITER: 96 END: OK
2019-12-01 15:24:12.598 15 INFO rally.task.context [-] Task e8308a21-9548-4aa9-b03f-255ec06cc208 | Context cleanup@openstack cleanup() started
2019-12-01 15:24:12.602 15 RALLYDEBUG rally_openstack.cleanup.manager [-] Cleaning up neutron vip objects
2019-12-01 15:24:12.813 15 RALLYDEBUG rally_openstack.cleanup.manager [-] Cleaning up neutron health_monitor objects
2019-12-01 15:24:13.013 15 RALLYDEBUG rally_openstack.cleanup.manager [-] Cleaning up neutron pool objects
2019-12-01 15:24:13.212 15 RALLYDEBUG rally_openstack.cleanup.manager [-] Cleaning up neutron loadbalancer objects
2019-12-01 15:24:13.419 15 RALLYDEBUG rally_openstack.cleanup.manager [-] Cleaning up neutron floatingip objects
2019-12-01 15:24:13.647 15 RALLYDEBUG rally_openstack.cleanup.manager [-] Cleaning up neutron trunk objects
2019-12-01 15:24:13.846 15 DEBUG neutronclient.v2_0.client [-] Error message: {"message": "The resource could not be found.

\n\n\n", "code": "404 Not Found", "title": "Not Found"} _handle_fault_response /usr/lib/python2.7/site-packages/neutronclient/v2_0/client.py:259
2019-12-01 15:24:13.856 15 RALLYDEBUG rally_openstack.cleanup.manager [-] Cleaning up neutron port objects
2019-12-01 15:24:14.084 15 RALLYDEBUG rally_openstack.cleanup.manager [-] Cleaning up neutron subnet objects
2019-12-01 15:24:14.320 15 RALLYDEBUG rally_openstack.cleanup.manager [-] Cleaning up neutron network objects
2019-12-01 15:24:14.983 15 RALLYDEBUG rally_openstack.cleanup.manager [-] Deleting neutron.network object s_rally_db2c9035_c60UlSl3 (0777a776-6dad-405f-8970-b9baba07d054)
2019-12-01 15:24:14.988 15 RALLYDEBUG rally_openstack.cleanup.manager [-] Deleting neutron.network object s_rally_db2c9035_Km4KD4y5 (01f47291-ecb4-4308-af4a-33e716e52eee)
2019-12-01 15:24:14.992 15 RALLYDEBUG rally_openstack.cleanup.manager [-] Deleting neutron.network object s_rally_db2c9035_eFFSaW6w (0854b2ad-29b6-40a5-8ab3-7ec803b7b7ee)
2019-12-01 15:24:14.994 15 RALLYDEBUG rally_openstack.cleanup.manager [-] Deleting neutron.network object s_rally_db2c9035_Jhib7fhA (02f3e7fb-4076-4ef4-89b7-4a0f86a4cb78)
2019-12-01 15:24:15.005 15 RALLYDEBUG rally_openstack.cleanup.manager [-] Deleting neutron.network object s_rally_db2c9035_LNohADek (034b5db2-026e-4f89-a568-6988e8fdd5b8)
2019-12-01 15:24:15.007 15 RALLYDEBUG rally_openstack.cleanup.manager [-] Deleting neutron.network object s_rally_db2c9035_8S51JtM3 (07e729cb-c100-473b-8ef1-b7a059d72ce5)
2019-12-01 15:24:15.035 15 RALLYDEBUG rally_openstack.cleanup.manager [-] Deleting neutron.network object s_rally_db2c9035_d5Vj3166 (08f7a00b-2c4d-4dbf-836c-5ca26dd2df8f)
2019-12-01 15:24:15.058 15 RALLYDEBUG rally_openstack.cleanup.manager [-] Deleting neutron.network object s_rally_db2c9035_sirT5dG3 (0ff893ed-925e-4219-9ff3-cc5aa4b73a1c)
2019-12-01 15:24:15.060 15 RALLYDEBUG rally_openstack.cleanup.manager [-] Deleting neutron.network object s_rally_db2c9035_9Ds48nYD (0e6d2d3d-c808-403a-9fb5-599f4b0c9f74)
2019-12-01 15:24:15.077 15 RALLYDEBUG rally_openstack.cleanup.manager [-] Deleting neutron.network object s_rally_db2c9035_cqgd7xJP (134ae29c-a7a5-49c7-84ce-6c71c84bf693)
2019-12-01 15:24:15.085 15 RALLYDEBUG rally_openstack.cleanup.manager [-] Deleting neutron.network object s_rally_db2c9035_XCzNVakS (18c05bb9-a063-478f-91b3-720a04209380)
2019-12-01 15:24:15.095 15 RALLYDEBUG rally_openstack.cleanup.manager [-] Deleting neutron.network object s_rally_db2c9035_UFJUnDgE (1592b5c1-5310-4a86-9c13-f128a45b4131)
2019-12-01 15:24:15.096 15 RALLYDEBUG rally_openstack.cleanup.manager [-] Deleting neutron.network object s_rally_db2c9035_XILjLM07 (0a65f844-dc34-4762-975a-69e414fdb604)
2019-12-01 15:24:15.109 15 RALLYDEBUG rally_openstack.cleanup.manager [-] Deleting neutron.network object s_rally_db2c9035_hkypIFYY (20224a76-2eb4-473d-bf60-ae2ba1b78648)
2019-12-01 15:24:15.109 15 RALLYDEBUG rally_openstack.cleanup.manager [-] Deleting neutron.network object s_rally_db2c9035_qdYTY7PX (1b4e9607-3107-40d0-aaf5-dcdd57f91f86)
2019-12-01 15:24:15.118 15 RALLYDEBUG rally_openstack.cleanup.manager [-] Deleting neutron.network object s_rally_db2c9035_50K4IEMd (1195f86b-f2a7-42cc-8727-111f3f41c0cb)
2019-12-01 15:24:15.127 15 RALLYDEBUG rally_openstack.cleanup.manager [-] Deleting neutron.network object s_rally_db2c9035_PP82oFt5 (226270dc-a372-4d33-83c8-df09b321965b)
2019-12-01 15:24:15.134 15 RALLYDEBUG rally_openstack.cleanup.manager [-] Deleting neutron.network object s_rally_db2c9035_PsDEy8Ew (1ab74706-cf94-4e46-ad54-a437276e3614)
2019-12-01 15:24:15.150 15 RALLYDEBUG rally_openstack.cleanup.manager [-] Deleting neutron.network object s_rally_db2c9035_FmrBx886 (24b7fa89-bb4a-4b0f-a797-9aea70f6c478)
2019-12-01 15:24:15.167 15 RALLYDEBUG rally_openstack.cleanup.manager [-] Deleting neutron.network object s_rally_db2c9035_yvSQOKxM (245cc8db-6b96-46ee-9c3f-b776c9567efa)
2019-12-01 15:24:20.823 15 RALLYDEBUG rally_openstack.cleanup.manager [-] Deleting neutron.network object s_rally_db2c9035_UqHtOheZ (24f4bb35-d8aa-47e1-a8a8-2b5588fc8123)
2019-12-01 15:24:20.858 15 RALLYDEBUG rally_openstack.cleanup.manager [-] Deleting neutron.network object s_rally_db2c9035_Y9zo6kv2 (2962b625-3616-4bf2-90b4-fbe263517125)
2019-12-01 15:24:20.866 15 RALLYDEBUG rally_openstack.cleanup.manager [-] Deleting neutron.network object s_rally_db2c9035_SITAh09K (2a8a05ae-f654-47b6-bb8f-cdf92b1cc178)
2019-12-01 15:24:21.573 15 RALLYDEBUG rally_openstack.cleanup.manager [-] Deleting neutron.network object s_rally_db2c9035_dLeJX3PU (2fcf4726-7ba3-4ce4-a50a-74ff55af45b8)
2019-12-01 15:24:21.590 15 RALLYDEBUG rally_openstack.cleanup.manager [-] Deleting neutron.network object s_rally_db2c9035_ElDiP2a0 (380f64a4-e3d3-400b-9eba-fb0e6110492d)
2019-12-01 15:24:21.883 15 RALLYDEBUG rally_openstack.cleanup.manager [-] Deleting neutron.network object s_rally_db2c9035_YKqNidyS (3c5a48b6-141f-4154-91eb-4637f9b734c7)
2019-12-01 15:24:21.929 15 RALLYDEBUG rally_openstack.cleanup.manager [-] Deleting neutron.network object s_rally_db2c9035_niJ4zruR (3fabe458-18b8-4e79-bc5f-c657399bdc3e)
2019-12-01 15:24:22.396 15 RALLYDEBUG rally_openstack.cleanup.manager [-] Deleting neutron.network object s_rally_db2c9035_lzmUWQ2p (3fcdb390-7cc2-4461-a780-8aa7f84d63c1)
2019-12-01 15:24:22.631 15 RALLYDEBUG rally_openstack.cleanup.manager [-] Deleting neutron.network object s_rally_db2c9035_PEHrl1GZ (4273e2de-e5e0-4a12-a13c-1a3bc0aeb9fb)
2019-12-01 15:24:22.842 15 RALLYDEBUG rally_openstack.cleanup.manager [-] Deleting neutron.network object s_rally_db2c9035_neb5NBGv (434530e3-1fae-4980-a22b-68e0491b167d)
2019-12-01 15:24:22.909 15 RALLYDEBUG rally_openstack.cleanup.manager [-] Deleting neutron.network object s_rally_db2c9035_ScFEj6k7 (440e69a1-ffbb-4955-977f-b8f53f088b88)
2019-12-01 15:24:23.227 15 RALLYDEBUG rally_openstack.cleanup.manager [-] Deleting neutron.network object s_rally_db2c9035_8Q7Js56e (4584cf9c-3ba8-49e9-9609-6b1d01090f72)
2019-12-01 15:24:23.232 15 RALLYDEBUG rally_openstack.cleanup.manager [-] Deleting neutron.network object s_rally_db2c9035_nkBeTBbF (4685c134-1752-49cb-b806-0d81566ce064)
2019-12-01 15:24:23.273 15 RALLYDEBUG rally_openstack.cleanup.manager [-] Deleting neutron.network object s_rally_db2c9035_F5DtsrX3 (46c5393d-beae-4349-a36a-58f71f27db8a)
2019-12-01 15:24:23.287 15 RALLYDEBUG rally_openstack.cleanup.manager [-] Deleting neutron.network object s_rally_db2c9035_WR2vDam9 (46d9f99c-355d-4d12-8c5b-df916f29da0e)
2019-12-01 15:24:23.339 15 RALLYDEBUG rally_openstack.cleanup.manager [-] Deleting neutron.network object s_rally_db2c9035_x9X8dmyq (48908942-60a8-4723-bd20-50c49bde5715)
2019-12-01 15:24:23.362 15 RALLYDEBUG rally_openstack.cleanup.manager [-] Deleting neutron.network object s_rally_db2c9035_HuJJs39n (49f23309-ea1a-409f-bd16-7d27b8953898)
2019-12-01 15:24:23.373 15 RALLYDEBUG rally_openstack.cleanup.manager [-] Deleting neutron.network object s_rally_db2c9035_g5IrtMjV (4a92bac1-bdfe-4554-b61b-872ed095f162)
2019-12-01 15:24:24.263 15 RALLYDEBUG rally_openstack.cleanup.manager [-] Deleting neutron.network object s_rally_db2c9035_LiXi9Cbv (4b115c58-b423-4759-8a8a-df8847d858fd)
2019-12-01 15:24:24.459 15 RALLYDEBUG rally_openstack.cleanup.manager [-] Deleting neutron.network object s_rally_db2c9035_3NllcsrZ (502101a1-b53f-418e-8c35-825ad8af7a69)
2019-12-01 15:24:25.286 15 RALLYDEBUG rally_openstack.cleanup.manager [-] Deleting neutron.network object s_rally_db2c9035_dFeWmjKs (5136d147-c2ef-4828-8a95-3afe80517034)
2019-12-01 15:24:25.787 15 RALLYDEBUG rally_openstack.cleanup.manager [-] Deleting neutron.network object s_rally_db2c9035_vyYHCweO (53996685-9d8a-4daf-b8d0-2d80179a6f3f)
2019-12-01 15:24:27.034 15 RALLYDEBUG rally_openstack.cleanup.manager [-] Deleting neutron.network object s_rally_db2c9035_RvVEaFK3 (56c622bc-92e2-490b-a6a3-9019f5f69eab)
2019-12-01 15:24:27.041 15 RALLYDEBUG rally_openstack.cleanup.manager [-] Deleting neutron.network object s_rally_db2c9035_yg5JmmVU (58ebc55c-09b2-41ca-befc-ec6b68ff2008)
2019-12-01 15:24:27.511 15 RALLYDEBUG rally_openstack.cleanup.manager [-] Deleting neutron.network object s_rally_db2c9035_apLo9Ie7 (5ae0b044-742f-4fc5-8a12-90c5fde3d260)
2019-12-01 15:24:27.563 15 RALLYDEBUG rally_openstack.cleanup.manager [-] Deleting neutron.network object s_rally_db2c9035_bdIZjRLU (5ccb8da9-13e8-41ca-bd96-3be8ffe4e9dc)
2019-12-01 15:24:27.794 15 RALLYDEBUG rally_openstack.cleanup.manager [-] Deleting neutron.network object s_rally_db2c9035_qRu2N8Xp (60beea0f-d51f-4723-ae0c-14fa68163cbc)
2019-12-01 15:24:28.128 15 RALLYDEBUG rally_openstack.cleanup.manager [-] Deleting neutron.network object s_rally_db2c9035_yoXraqDV (61979ef6-90ca-486c-9aee-68ad21b0a663)
2019-12-01 15:24:28.463 15 RALLYDEBUG rally_openstack.cleanup.manager [-] Deleting neutron.network object s_rally_db2c9035_PfWRvgBV (6200029e-58a6-402e-8f2c-3e81d8a4c518)
2019-12-01 15:24:29.763 15 RALLYDEBUG rally_openstack.cleanup.manager [-] Deleting neutron.network object s_rally_db2c9035_cfS7kPf0 (64b448ec-1507-4903-ba6e-99699e2b065c)
2019-12-01 15:24:29.768 15 RALLYDEBUG rally_openstack.cleanup.manager [-] Deleting neutron.network object s_rally_db2c9035_roPnZGUA (6834366d-4ceb-44bc-885d-65dfaf89a15a)
2019-12-01 15:24:29.847 15 RALLYDEBUG rally_openstack.cleanup.manager [-] Deleting neutron.network object s_rally_db2c9035_lD01s81C (6b276819-9816-4c32-8f20-a54eb3c0fd85)
2019-12-01 15:24:30.266 15 RALLYDEBUG rally_openstack.cleanup.manager [-] Deleting neutron.network object s_rally_db2c9035_GHpzcsr1 (72771a0e-5956-4a53-bc70-7bf93ef1dc86)
2019-12-01 15:24:30.275 15 RALLYDEBUG rally_openstack.cleanup.manager [-] Deleting neutron.network object s_rally_db2c9035_XFLpEKyW (76ff5f54-57e9-4800-9b05-1d163aa590b9)
2019-12-01 15:24:30.285 15 RALLYDEBUG rally_openstack.cleanup.manager [-] Deleting neutron.network object s_rally_db2c9035_s6TsdimR (770275c0-996a-4c46-9ccc-7a454f35c0d4)
2019-12-01 15:24:30.296 15 RALLYDEBUG rally_openstack.cleanup.manager [-] Deleting neutron.network object s_rally_db2c9035_bcERaYjM (7a025c8d-8aa2-4132-b918-25f49db1bec9)
2019-12-01 15:24:30.331 15 RALLYDEBUG rally_openstack.cleanup.manager [-] Deleting neutron.network object s_rally_db2c9035_MXzhyluw (7ce21c3b-4ae7-4e11-8379-92c871ac8598)
2019-12-01 15:24:30.356 15 RALLYDEBUG rally_openstack.cleanup.manager [-] Deleting neutron.network object s_rally_db2c9035_oCVWoZ45 (819037fb-e27e-4b75-bfc7-3bd7b8e5febe)
2019-12-01 15:24:30.398 15 RALLYDEBUG rally_openstack.cleanup.manager [-] Deleting neutron.network object s_rally_db2c9035_FPv9NE7f (82c7b08f-0721-48a9-9b0f-27ac26d78637)
2019-12-01 15:24:30.649 15 RALLYDEBUG rally_openstack.cleanup.manager [-] Deleting neutron.network object s_rally_db2c9035_kdZLhcMk (8a5385cb-ac08-42f8-841b-691b7e37b681)
2019-12-01 15:24:31.826 15 RALLYDEBUG rally_openstack.cleanup.manager [-] Deleting neutron.network object s_rally_db2c9035_rYwBKX7Z (8c202317-e9d3-4b4e-8e9a-ea395b1b4a9c)
2019-12-01 15:24:32.048 15 RALLYDEBUG rally_openstack.cleanup.manager [-] Deleting neutron.network object s_rally_db2c9035_zbkieL9d (918bd03b-d364-46fe-b993-1ea94c064496)
2019-12-01 15:24:32.062 15 RALLYDEBUG rally_openstack.cleanup.manager [-] Deleting neutron.network object s_rally_db2c9035_ISZ2sOml (932effda-76ca-4ef8-8c27-bbf38ca3f9a6)
2019-12-01 15:24:33.062 15 RALLYDEBUG rally_openstack.cleanup.manager [-] Deleting neutron.network object s_rally_db2c9035_R5qvssqZ (9349a256-7dea-4e1a-b906-56f78b33437c)
2019-12-01 15:24:33.086 15 RALLYDEBUG rally_openstack.cleanup.manager [-] Deleting neutron.network object s_rally_db2c9035_5R0kKXSO (9629cd8f-4795-4ab4-9983-118005914828)
2019-12-01 15:24:33.771 15 RALLYDEBUG rally_openstack.cleanup.manager [-] Deleting neutron.network object s_rally_db2c9035_pxZHxcEU (9bd032c4-dcb8-40d0-83df-848c149e1efb)
2019-12-01 15:24:34.112 15 RALLYDEBUG rally_openstack.cleanup.manager [-] Deleting neutron.network object s_rally_db2c9035_zGYBLjXv (a1fb00ea-1c35-4546-b15e-af87bbe6216f)
2019-12-01 15:24:34.144 15 RALLYDEBUG rally_openstack.cleanup.manager [-] Deleting neutron.network object s_rally_db2c9035_kByfJqtX (a9d6356c-f83e-4b1e-be27-cfc9a9d02dc3)
2019-12-01 15:24:34.248 15 RALLYDEBUG rally_openstack.cleanup.manager [-] Deleting neutron.network object s_rally_db2c9035_QifS3IlL (b27f65f8-6e25-454d-a496-c5a70022f72a)
2019-12-01 15:24:36.151 15 RALLYDEBUG rally_openstack.cleanup.manager [-] Deleting neutron.network object s_rally_db2c9035_ATGgrqtm (b439cdca-44b5-4865-8a71-b386fc1e8162)
2019-12-01 15:24:36.156 15 RALLYDEBUG rally_openstack.cleanup.manager [-] Deleting neutron.network object s_rally_db2c9035_NBzkqbA8 (b4aedcd5-7403-4db1-9697-632d25816ce6)
2019-12-01 15:24:36.195 15 RALLYDEBUG rally_openstack.cleanup.manager [-] Deleting neutron.network object s_rally_db2c9035_VIbxkfdR (bb1595ee-70fa-4946-957f-59f66e0dffad)
2019-12-01 15:24:36.785 15 RALLYDEBUG rally_openstack.cleanup.manager [-] Deleting neutron.network object s_rally_db2c9035_owaCvyvy (be5c4eb7-efe7-4fcd-a48e-e6ebb39d6830)
2019-12-01 15:24:36.869 15 RALLYDEBUG rally_openstack.cleanup.manager [-] Deleting neutron.network object s_rally_db2c9035_e5s3tKci (bfd54cc0-b256-42e4-9fb6-6dc63050530a)
2019-12-01 15:24:36.895 15 RALLYDEBUG rally_openstack.cleanup.manager [-] Deleting neutron.network object s_rally_db2c9035_FfAmvHlt (c07b12f8-55c5-4d98-becc-784a01f7b9bc)
2019-12-01 15:24:37.228 15 RALLYDEBUG rally_openstack.cleanup.manager [-] Deleting neutron.network object s_rally_db2c9035_vxfA7Lcj (c1624bca-6716-466f-abde-26fc7d60a843)
2019-12-01 15:24:37.322 15 RALLYDEBUG rally_openstack.cleanup.manager [-] Deleting neutron.network object s_rally_db2c9035_xmxOeDtK (c26387d0-e8f3-4cf4-a37d-662c52754f2f)
2019-12-01 15:24:37.355 15 RALLYDEBUG rally_openstack.cleanup.manager [-] Deleting neutron.network object s_rally_db2c9035_RW45C5hu (c46c7ce6-e263-4e1f-89be-81842a737163)
2019-12-01 15:24:37.377 15 RALLYDEBUG rally_openstack.cleanup.manager [-] Deleting neutron.network object s_rally_db2c9035_VhXQmfyB (c729cff3-4570-45b3-a1b2-0861f55bdcf7)
2019-12-01 15:24:37.442 15 RALLYDEBUG rally_openstack.cleanup.manager [-] Deleting neutron.network object s_rally_db2c9035_RTYxOWZb (c733497b-09f8-478a-b823-35a0e68ea1c9)
