2019-11-30 15:46:49.380 3488 RALLYDEBUG rally.task.runner [-] Starting a worker. concurrency: 1 args: {"network_create_args": {}, "subnet_create_args": {}, "subnet_cidr_start": "1.1.0.0/30", "subnets_per_network": 2, "router_create_args": {}} times: 40 method_name: run timeout: 0 duration: None cls:
2019-11-30 15:46:49.381 3481 INFO rally.task.runner [-] Task dd256fdf-7d72-4117-83c9-3deda0bac34c | ITER: 6 START
2019-11-30 15:46:49.383 3491 RALLYDEBUG rally.task.runner [-] Starting a worker. concurrency: 1 args: {"network_create_args": {}, "subnet_create_args": {}, "subnet_cidr_start": "1.1.0.0/30", "subnets_per_network": 2, "router_create_args": {}} times: 40 method_name: run timeout: 0 duration: None cls:
2019-11-30 15:46:49.384 3485 INFO rally.task.runner [-] Task dd256fdf-7d72-4117-83c9-3deda0bac34c | ITER: 7 START
2019-11-30 15:46:49.386 3488 INFO rally.task.runner [-] Task dd256fdf-7d72-4117-83c9-3deda0bac34c | ITER: 8 START
2019-11-30 15:46:49.385 3494 RALLYDEBUG rally.task.runner [-] Starting a worker. concurrency: 1 args: {"network_create_args": {}, "subnet_create_args": {}, "subnet_cidr_start": "1.1.0.0/30", "subnets_per_network": 2, "router_create_args": {}} times: 40 method_name: run timeout: 0 duration: None cls:
2019-11-30 15:46:49.388 3497 RALLYDEBUG rally.task.runner [-] Starting a worker. concurrency: 1 args: {"network_create_args": {}, "subnet_create_args": {}, "subnet_cidr_start": "1.1.0.0/30", "subnets_per_network": 2, "router_create_args": {}} times: 40 method_name: run timeout: 0 duration: None cls:
2019-11-30 15:46:49.389 3491 INFO rally.task.runner [-] Task dd256fdf-7d72-4117-83c9-3deda0bac34c | ITER: 9 START
2019-11-30 15:46:49.391 3500 RALLYDEBUG rally.task.runner [-] Starting a worker. concurrency: 1 args: {"network_create_args": {}, "subnet_create_args": {}, "subnet_cidr_start": "1.1.0.0/30", "subnets_per_network": 2, "router_create_args": {}} times: 40 method_name: run timeout: 0 duration: None cls:
2019-11-30 15:46:49.392 3494 INFO rally.task.runner [-] Task dd256fdf-7d72-4117-83c9-3deda0bac34c | ITER: 10 START
2019-11-30 15:46:49.394 3497 INFO rally.task.runner [-] Task dd256fdf-7d72-4117-83c9-3deda0bac34c | ITER: 11 START
2019-11-30 15:46:49.394 3503 RALLYDEBUG rally.task.runner [-] Starting a worker. concurrency: 1 args: {"network_create_args": {}, "subnet_create_args": {}, "subnet_cidr_start": "1.1.0.0/30", "subnets_per_network": 2, "router_create_args": {}} times: 40 method_name: run timeout: 0 duration: None cls:
2019-11-30 15:46:49.397 3500 INFO rally.task.runner [-] Task dd256fdf-7d72-4117-83c9-3deda0bac34c | ITER: 12 START
2019-11-30 15:46:49.397 3506 RALLYDEBUG rally.task.runner [-] Starting a worker. concurrency: 1 args: {"network_create_args": {}, "subnet_create_args": {}, "subnet_cidr_start": "1.1.0.0/30", "subnets_per_network": 2, "router_create_args": {}} times: 40 method_name: run timeout: 0 duration: None cls:
2019-11-30 15:46:49.399 3509 RALLYDEBUG rally.task.runner [-] Starting a worker. concurrency: 1 args: {"network_create_args": {}, "subnet_create_args": {}, "subnet_cidr_start": "1.1.0.0/30", "subnets_per_network": 2, "router_create_args": {}} times: 40 method_name: run timeout: 0 duration: None cls:
2019-11-30 15:46:49.400 3512 RALLYDEBUG rally.task.runner [-] Starting a worker. concurrency: 1 args: {"network_create_args": {}, "subnet_create_args": {}, "subnet_cidr_start": "1.1.0.0/30", "subnets_per_network": 2, "router_create_args": {}} times: 40 method_name: run timeout: 0 duration: None cls:
2019-11-30 15:46:49.401 3503 INFO rally.task.runner [-] Task dd256fdf-7d72-4117-83c9-3deda0bac34c | ITER: 13 START
2019-11-30 15:46:49.403 3506 INFO rally.task.runner [-] Task dd256fdf-7d72-4117-83c9-3deda0bac34c | ITER: 14 START
2019-11-30 15:46:49.405 3509 INFO rally.task.runner [-] Task dd256fdf-7d72-4117-83c9-3deda0bac34c | ITER: 15 START
2019-11-30 15:46:49.405 3512 INFO rally.task.runner [-] Task dd256fdf-7d72-4117-83c9-3deda0bac34c | ITER: 16 START
2019-11-30 15:46:49.405 3515 RALLYDEBUG rally.task.runner [-] Starting a worker. concurrency: 1 args: {"network_create_args": {}, "subnet_create_args": {}, "subnet_cidr_start": "1.1.0.0/30", "subnets_per_network": 2, "router_create_args": {}} times: 40 method_name: run timeout: 0 duration: None cls:
2019-11-30 15:46:49.406 3517 RALLYDEBUG rally.task.runner [-] Starting a worker. concurrency: 1 args: {"network_create_args": {}, "subnet_create_args": {}, "subnet_cidr_start": "1.1.0.0/30", "subnets_per_network": 2, "router_create_args": {}} times: 40 method_name: run timeout: 0 duration: None cls:
2019-11-30 15:46:49.410 3521 RALLYDEBUG rally.task.runner [-] Starting a worker. concurrency: 1 args: {"network_create_args": {}, "subnet_create_args": {}, "subnet_cidr_start": "1.1.0.0/30", "subnets_per_network": 2, "router_create_args": {}} times: 40 method_name: run timeout: 0 duration: None cls:
2019-11-30 15:46:49.411 3515 INFO rally.task.runner [-] Task dd256fdf-7d72-4117-83c9-3deda0bac34c | ITER: 17 START
2019-11-30 15:46:49.413 3517 INFO rally.task.runner [-] Task dd256fdf-7d72-4117-83c9-3deda0bac34c | ITER: 18 START
2019-11-30 15:46:49.413 3526 RALLYDEBUG rally.task.runner [-] Starting a worker. concurrency: 1 args: {"network_create_args": {}, "subnet_create_args": {}, "subnet_cidr_start": "1.1.0.0/30", "subnets_per_network": 2, "router_create_args": {}} times: 40 method_name: run timeout: 0 duration: None cls:
2019-11-30 15:46:49.416 3521 INFO rally.task.runner [-] Task dd256fdf-7d72-4117-83c9-3deda0bac34c | ITER: 19 START
2019-11-30 15:46:49.419 3526 INFO rally.task.runner [-] Task dd256fdf-7d72-4117-83c9-3deda0bac34c | ITER: 20 START
2019-11-30 15:46:51.181 3477 RALLYDEBUG rally_openstack.wrappers.network [-] CIDR generated: 1.1.8.32/30
2019-11-30 15:46:51.386 3475 RALLYDEBUG rally_openstack.wrappers.network [-] CIDR generated: 1.1.8.36/30
2019-11-30 15:46:51.677 3485 RALLYDEBUG rally_openstack.wrappers.network [-] CIDR generated: 1.1.8.40/30
2019-11-30 15:46:51.764 3476 RALLYDEBUG rally_openstack.wrappers.network [-] CIDR generated: 1.1.8.44/30
2019-11-30 15:46:51.926 3479 RALLYDEBUG rally_openstack.wrappers.network [-] CIDR generated: 1.1.8.48/30
2019-11-30 15:46:52.034 3488 RALLYDEBUG rally_openstack.wrappers.network [-] CIDR generated: 1.1.8.52/30
2019-11-30 15:46:52.553 3481 RALLYDEBUG rally_openstack.wrappers.network [-] CIDR generated: 1.1.8.56/30
2019-11-30 15:46:52.554 3515 RALLYDEBUG rally_openstack.wrappers.network [-] CIDR generated: 1.1.8.60/30
2019-11-30 15:46:52.602 3497 RALLYDEBUG rally_openstack.wrappers.network [-] CIDR generated: 1.1.8.64/30
2019-11-30 15:46:52.604 3478 RALLYDEBUG rally_openstack.wrappers.network [-] CIDR generated: 1.1.8.68/30
2019-11-30 15:46:52.652 3503 RALLYDEBUG rally_openstack.wrappers.network [-] CIDR generated: 1.1.8.72/30
2019-11-30 15:46:52.890 3506 RALLYDEBUG rally_openstack.wrappers.network [-] CIDR generated: 1.1.8.76/30
2019-11-30 15:46:53.150 3509 RALLYDEBUG rally_openstack.wrappers.network [-] CIDR generated: 1.1.8.80/30
2019-11-30 15:46:53.152 3526 RALLYDEBUG rally_openstack.wrappers.network [-] CIDR generated: 1.1.8.84/30
2019-11-30 15:46:53.773 3491 RALLYDEBUG rally_openstack.wrappers.network [-] CIDR generated: 1.1.8.88/30
2019-11-30 15:46:53.825 3512 RALLYDEBUG rally_openstack.wrappers.network [-] CIDR generated: 1.1.8.92/30
2019-11-30 15:46:54.257 3500 RALLYDEBUG rally_openstack.wrappers.network [-] CIDR generated: 1.1.8.96/30
2019-11-30 15:46:54.314 3517 RALLYDEBUG rally_openstack.wrappers.network [-] CIDR generated: 1.1.8.100/30
2019-11-30 15:46:55.244 3494 RALLYDEBUG rally_openstack.wrappers.network [-] CIDR generated: 1.1.8.104/30
2019-11-30 15:46:55.322 3521 RALLYDEBUG rally_openstack.wrappers.network [-] CIDR generated: 1.1.8.108/30
2019-11-30 15:46:57.227 3485 RALLYDEBUG rally_openstack.wrappers.network [-] CIDR generated: 1.1.8.112/30
2019-11-30 15:46:57.234 3476 RALLYDEBUG rally_openstack.wrappers.network [-] CIDR generated: 1.1.8.116/30
2019-11-30 15:46:57.674 3477 RALLYDEBUG rally_openstack.wrappers.network [-] CIDR generated: 1.1.8.120/30
2019-11-30 15:46:57.697 3475 RALLYDEBUG rally_openstack.wrappers.network [-] CIDR generated: 1.1.8.124/30
2019-11-30 15:46:58.195 3478 RALLYDEBUG rally_openstack.wrappers.network [-] CIDR generated: 1.1.8.128/30
2019-11-30 15:46:58.211 3479 RALLYDEBUG rally_openstack.wrappers.network [-] CIDR generated: 1.1.8.132/30
2019-11-30 15:46:58.286 3488 RALLYDEBUG rally_openstack.wrappers.network [-] CIDR generated: 1.1.8.136/30
2019-11-30 15:46:58.314 3515 RALLYDEBUG rally_openstack.wrappers.network [-] CIDR generated: 1.1.8.140/30
2019-11-30 15:46:58.365 3481 RALLYDEBUG rally_openstack.wrappers.network [-] CIDR generated: 1.1.8.144/30
2019-11-30 15:46:58.443 3497 RALLYDEBUG rally_openstack.wrappers.network [-] CIDR generated: 1.1.8.148/30
2019-11-30 15:46:58.604 3526 RALLYDEBUG rally_openstack.wrappers.network [-] CIDR generated: 1.1.8.152/30
2019-11-30 15:46:58.618 3509 RALLYDEBUG rally_openstack.wrappers.network [-] CIDR generated: 1.1.8.156/30
2019-11-30 15:46:58.636 3512 RALLYDEBUG rally_openstack.wrappers.network [-] CIDR generated: 1.1.8.160/30
2019-11-30 15:46:59.005 3506 RALLYDEBUG rally_openstack.wrappers.network [-] CIDR generated: 1.1.8.164/30
2019-11-30 15:46:59.393 3503 RALLYDEBUG rally_openstack.wrappers.network [-] CIDR generated: 1.1.8.168/30
2019-11-30 15:46:59.446 3521 RALLYDEBUG rally_openstack.wrappers.network [-] CIDR generated: 1.1.8.172/30
2019-11-30 15:47:00.444 3491 RALLYDEBUG rally_openstack.wrappers.network [-] CIDR generated: 1.1.8.176/30
2019-11-30 15:47:01.063 3500 RALLYDEBUG rally_openstack.wrappers.network [-] CIDR generated: 1.1.8.180/30
2019-11-30 15:47:01.164 3517 RALLYDEBUG rally_openstack.wrappers.network [-] CIDR generated: 1.1.8.184/30
2019-11-30 15:47:01.777 3494 RALLYDEBUG rally_openstack.wrappers.network [-] CIDR generated: 1.1.8.188/30
2019-11-30 15:49:27.209 3521 INFO rally.task.runner [-] Task dd256fdf-7d72-4117-83c9-3deda0bac34c | ITER: 19 END: OK
2019-11-30 15:49:27.220 3521 INFO rally.task.runner [-] Task dd256fdf-7d72-4117-83c9-3deda0bac34c | ITER: 21 START
2019-11-30 15:49:29.421 3521 RALLYDEBUG rally_openstack.wrappers.network [-] CIDR generated: 1.1.8.192/30
2019-11-30 15:49:39.228 3521 RALLYDEBUG rally_openstack.wrappers.network [-] CIDR generated: 1.1.8.196/30
2019-11-30 15:49:51.033 3512 INFO rally.task.runner [-] Task dd256fdf-7d72-4117-83c9-3deda0bac34c | ITER: 16 END: OK
2019-11-30 15:49:51.042 3512 INFO rally.task.runner [-] Task dd256fdf-7d72-4117-83c9-3deda0bac34c | ITER: 22 START
2019-11-30 15:49:52.818 3512 RALLYDEBUG rally_openstack.wrappers.network [-] CIDR generated: 1.1.8.200/30
2019-11-30 15:49:54.641 3500 INFO rally.task.runner [-] Task dd256fdf-7d72-4117-83c9-3deda0bac34c | ITER: 12 END: OK
2019-11-30 15:49:54.650 3500 INFO rally.task.runner [-] Task dd256fdf-7d72-4117-83c9-3deda0bac34c | ITER: 23 START
2019-11-30 15:49:55.308 3477 INFO rally.task.runner [-] Task dd256fdf-7d72-4117-83c9-3deda0bac34c | ITER: 3 END: OK
2019-11-30 15:49:55.318 3477 INFO rally.task.runner [-] Task dd256fdf-7d72-4117-83c9-3deda0bac34c | ITER: 24 START
2019-11-30 15:49:56.776 3500 RALLYDEBUG rally_openstack.wrappers.network [-] CIDR generated: 1.1.8.204/30
2019-11-30 15:49:56.781 3517 INFO rally.task.runner [-] Task dd256fdf-7d72-4117-83c9-3deda0bac34c | ITER: 18 END: OK
2019-11-30 15:49:56.789 3517 INFO rally.task.runner [-] Task dd256fdf-7d72-4117-83c9-3deda0bac34c | ITER: 25 START
2019-11-30 15:49:57.381 3477 RALLYDEBUG rally_openstack.wrappers.network [-] CIDR generated: 1.1.8.208/30
2019-11-30 15:50:00.849 3509 INFO rally.task.runner [-] Task dd256fdf-7d72-4117-83c9-3deda0bac34c | ITER: 15 END: OK
2019-11-30 15:50:00.857 3509 INFO rally.task.runner [-] Task dd256fdf-7d72-4117-83c9-3deda0bac34c | ITER: 26 START
2019-11-30 15:50:01.380 3512 RALLYDEBUG rally_openstack.wrappers.network [-] CIDR generated: 1.1.8.212/30
2019-11-30 15:50:01.423 3517 RALLYDEBUG rally_openstack.wrappers.network [-] CIDR generated: 1.1.8.216/30
2019-11-30 15:50:01.628 3503 INFO rally.task.runner [-] Task dd256fdf-7d72-4117-83c9-3deda0bac34c | ITER: 13 END: OK
2019-11-30 15:50:01.637 3503 INFO rally.task.runner [-] Task dd256fdf-7d72-4117-83c9-3deda0bac34c | ITER: 27 START
2019-11-30 15:50:02.928 3476 INFO rally.task.runner [-] Task dd256fdf-7d72-4117-83c9-3deda0bac34c | ITER: 2 END: OK
2019-11-30 15:50:02.934 3476 INFO rally.task.runner [-] Task dd256fdf-7d72-4117-83c9-3deda0bac34c | ITER: 28 START
2019-11-30 15:50:03.304 3491 INFO rally.task.runner [-] Task dd256fdf-7d72-4117-83c9-3deda0bac34c | ITER: 9 END: OK
2019-11-30 15:50:03.311 3491 INFO rally.task.runner [-] Task dd256fdf-7d72-4117-83c9-3deda0bac34c | ITER: 29 START
2019-11-30 15:50:03.645 3509 RALLYDEBUG rally_openstack.wrappers.network [-] CIDR generated: 1.1.8.220/30
2019-11-30 15:50:03.890 3497 INFO rally.task.runner [-] Task dd256fdf-7d72-4117-83c9-3deda0bac34c | ITER: 11 END: OK
2019-11-30 15:50:03.899 3497 INFO rally.task.runner [-] Task dd256fdf-7d72-4117-83c9-3deda0bac34c | ITER: 30 START
2019-11-30 15:50:04.039 3500 RALLYDEBUG rally_openstack.wrappers.network [-] CIDR generated: 1.1.8.224/30
2019-11-30 15:50:04.319 3477 RALLYDEBUG rally_openstack.wrappers.network [-] CIDR generated: 1.1.8.228/30
2019-11-30 15:50:05.008 3503 RALLYDEBUG rally_openstack.wrappers.network [-] CIDR generated: 1.1.8.232/30
2019-11-30 15:50:05.868 3481 INFO rally.task.runner [-] Task dd256fdf-7d72-4117-83c9-3deda0bac34c | ITER: 6 END: OK
2019-11-30 15:50:05.880 3481 INFO rally.task.runner [-] Task dd256fdf-7d72-4117-83c9-3deda0bac34c | ITER: 31 START
2019-11-30 15:50:05.892 3476 RALLYDEBUG rally_openstack.wrappers.network [-] CIDR generated: 1.1.8.236/30
2019-11-30 15:50:05.894 3517 RALLYDEBUG rally_openstack.wrappers.network [-] CIDR generated: 1.1.8.240/30
2019-11-30 15:50:05.964 3506 INFO rally.task.runner [-] Task dd256fdf-7d72-4117-83c9-3deda0bac34c | ITER: 14 END: OK
2019-11-30 15:50:05.971 3506 INFO rally.task.runner [-] Task dd256fdf-7d72-4117-83c9-3deda0bac34c | ITER: 32 START
2019-11-30 15:50:06.131 3491 RALLYDEBUG rally_openstack.wrappers.network [-] CIDR generated: 1.1.8.244/30
2019-11-30 15:50:07.046 3497 RALLYDEBUG rally_openstack.wrappers.network [-] CIDR generated: 1.1.8.248/30
2019-11-30 15:50:08.000 3478 INFO rally.task.runner [-] Task dd256fdf-7d72-4117-83c9-3deda0bac34c | ITER: 4 END: OK
2019-11-30 15:50:08.011 3478 INFO rally.task.runner [-] Task dd256fdf-7d72-4117-83c9-3deda0bac34c | ITER: 33 START
2019-11-30 15:50:09.135 3506 RALLYDEBUG rally_openstack.wrappers.network [-] CIDR generated: 1.1.8.252/30
2019-11-30 15:50:09.158 3488 INFO rally.task.runner [-] Task dd256fdf-7d72-4117-83c9-3deda0bac34c | ITER: 8 END: OK
2019-11-30 15:50:09.160 3479 INFO rally.task.runner [-] Task dd256fdf-7d72-4117-83c9-3deda0bac34c | ITER: 5 END: OK
2019-11-30 15:50:09.168 3488 INFO rally.task.runner [-] Task dd256fdf-7d72-4117-83c9-3deda0bac34c | ITER: 34 START
2019-11-30 15:50:09.169 3479 INFO rally.task.runner [-] Task dd256fdf-7d72-4117-83c9-3deda0bac34c | ITER: 35 START
2019-11-30 15:50:09.379 3503 RALLYDEBUG rally_openstack.wrappers.network [-] CIDR generated: 1.1.9.0/30
2019-11-30 15:50:09.773 3476 RALLYDEBUG rally_openstack.wrappers.network [-] CIDR generated: 1.1.9.4/30
2019-11-30 15:50:09.789 3491 RALLYDEBUG rally_openstack.wrappers.network [-] CIDR generated: 1.1.9.8/30
2019-11-30 15:50:09.826 3481 RALLYDEBUG rally_openstack.wrappers.network [-] CIDR generated: 1.1.9.12/30
2019-11-30 15:50:10.935 3509 RALLYDEBUG rally_openstack.wrappers.network [-] CIDR generated: 1.1.9.16/30
2019-11-30 15:50:11.086 3494 INFO rally.task.runner [-] Task dd256fdf-7d72-4117-83c9-3deda0bac34c | ITER: 10 END: OK
2019-11-30 15:50:11.094 3494 INFO rally.task.runner [-] Task dd256fdf-7d72-4117-83c9-3deda0bac34c | ITER: 36 START
2019-11-30 15:50:11.821 3481 RALLYDEBUG rally_openstack.wrappers.network [-] CIDR generated: 1.1.9.20/30
2019-11-30 15:50:12.084 3494 RALLYDEBUG rally_openstack.wrappers.network [-] CIDR generated: 1.1.9.24/30
2019-11-30 15:50:12.654 3478 RALLYDEBUG rally_openstack.wrappers.network [-] CIDR generated: 1.1.9.28/30
2019-11-30 15:50:12.667 3475 INFO rally.task.runner [-] Task dd256fdf-7d72-4117-83c9-3deda0bac34c | ITER: 1 END: OK
2019-11-30 15:50:12.676 3475 INFO rally.task.runner [-] Task dd256fdf-7d72-4117-83c9-3deda0bac34c | ITER: 37 START
2019-11-30 15:50:13.315 3478 RALLYDEBUG rally_openstack.wrappers.network [-] CIDR generated: 1.1.9.32/30
2019-11-30 15:50:14.561 3479 RALLYDEBUG rally_openstack.wrappers.network [-] CIDR generated: 1.1.9.36/30
2019-11-30 15:50:14.680 3485 INFO rally.task.runner [-] Task dd256fdf-7d72-4117-83c9-3deda0bac34c | ITER: 7 END: OK
2019-11-30 15:50:14.687 3485 INFO rally.task.runner [-] Task dd256fdf-7d72-4117-83c9-3deda0bac34c | ITER: 38 START
2019-11-30 15:50:14.872 3488 RALLYDEBUG rally_openstack.wrappers.network [-] CIDR generated: 1.1.9.40/30
2019-11-30 15:50:15.899 3479 RALLYDEBUG rally_openstack.wrappers.network [-] CIDR generated: 1.1.9.44/30
2019-11-30 15:50:16.091 3497 RALLYDEBUG rally_openstack.wrappers.network [-] CIDR generated: 1.1.9.48/30
2019-11-30 15:50:16.333 3488 RALLYDEBUG rally_openstack.wrappers.network [-] CIDR generated: 1.1.9.52/30
2019-11-30 15:50:18.783 3515 INFO rally.task.runner [-] Task dd256fdf-7d72-4117-83c9-3deda0bac34c | ITER: 17 END: OK
2019-11-30 15:50:18.789 3515 INFO rally.task.runner [-] Task dd256fdf-7d72-4117-83c9-3deda0bac34c | ITER: 39 START
2019-11-30 15:50:18.818 3475 RALLYDEBUG rally_openstack.wrappers.network [-] CIDR generated: 1.1.9.56/30
2019-11-30 15:50:19.103 3506 RALLYDEBUG rally_openstack.wrappers.network [-] CIDR generated: 1.1.9.60/30
2019-11-30 15:50:19.532 3485 RALLYDEBUG rally_openstack.wrappers.network [-] CIDR generated: 1.1.9.64/30
2019-11-30 15:50:20.374 3515 RALLYDEBUG rally_openstack.wrappers.network [-] CIDR generated: 1.1.9.68/30
2019-11-30 15:50:21.248 3494 RALLYDEBUG rally_openstack.wrappers.network [-] CIDR generated: 1.1.9.72/30
2019-11-30 15:50:21.339 3475 RALLYDEBUG rally_openstack.wrappers.network [-] CIDR generated: 1.1.9.76/30
2019-11-30 15:50:22.553 3485 RALLYDEBUG rally_openstack.wrappers.network [-] CIDR generated: 1.1.9.80/30
2019-11-30 15:50:27.519 3515 RALLYDEBUG rally_openstack.wrappers.network [-] CIDR generated: 1.1.9.84/30
2019-11-30 15:50:39.649 3526 INFO rally.task.runner [-] Task dd256fdf-7d72-4117-83c9-3deda0bac34c | ITER: 20 END: OK
2019-11-30 15:50:39.658 3526 INFO rally.task.runner [-] Task dd256fdf-7d72-4117-83c9-3deda0bac34c | ITER: 40 START
2019-11-30 15:50:41.859 3526 RALLYDEBUG rally_openstack.wrappers.network [-] CIDR generated: 1.1.9.88/30
2019-11-30 15:50:50.371 3526 RALLYDEBUG rally_openstack.wrappers.network [-] CIDR generated: 1.1.9.92/30
2019-11-30 15:52:35.757 3521 INFO rally.task.runner [-] Task dd256fdf-7d72-4117-83c9-3deda0bac34c | ITER: 21 END: OK
2019-11-30 15:52:37.575 3512 INFO rally.task.runner [-] Task dd256fdf-7d72-4117-83c9-3deda0bac34c | ITER: 22 END: OK
2019-11-30 15:52:52.810 3517 INFO rally.task.runner [-] Task dd256fdf-7d72-4117-83c9-3deda0bac34c | ITER: 25 END: OK
2019-11-30 15:53:03.127 3477 INFO rally.task.runner [-] Task dd256fdf-7d72-4117-83c9-3deda0bac34c | ITER: 24 END: OK
2019-11-30 15:53:03.201 3509 INFO rally.task.runner [-] Task dd256fdf-7d72-4117-83c9-3deda0bac34c | ITER: 26 END: OK
2019-11-30 15:53:04.015 3497 INFO rally.task.runner [-] Task dd256fdf-7d72-4117-83c9-3deda0bac34c | ITER: 30 END: OK
2019-11-30 15:53:04.167 3503 INFO rally.task.runner [-] Task dd256fdf-7d72-4117-83c9-3deda0bac34c | ITER: 27 END: OK
2019-11-30 15:53:04.166 3491 INFO rally.task.runner [-] Task dd256fdf-7d72-4117-83c9-3deda0bac34c | ITER: 29 END: OK
2019-11-30 15:53:04.375 3476 INFO rally.task.runner [-] Task dd256fdf-7d72-4117-83c9-3deda0bac34c | ITER: 28 END: OK
2019-11-30 15:53:07.739 3488 INFO rally.task.runner [-] Task dd256fdf-7d72-4117-83c9-3deda0bac34c | ITER: 34 END: OK
2019-11-30 15:53:07.754 3478 INFO rally.task.runner [-] Task dd256fdf-7d72-4117-83c9-3deda0bac34c | ITER: 33 END: OK
2019-11-30 15:53:07.828 3481 INFO rally.task.runner [-] Task dd256fdf-7d72-4117-83c9-3deda0bac34c | ITER: 31 END: OK
2019-11-30 15:53:08.543 3500 INFO rally.task.runner [-] Task dd256fdf-7d72-4117-83c9-3deda0bac34c | ITER: 23 END: OK
2019-11-30 15:53:08.738 3506 INFO rally.task.runner [-] Task dd256fdf-7d72-4117-83c9-3deda0bac34c | ITER: 32 END: OK
2019-11-30 15:53:09.263 3485 INFO rally.task.runner [-] Task dd256fdf-7d72-4117-83c9-3deda0bac34c | ITER: 38 END: OK
2019-11-30 15:53:09.281 3479 INFO rally.task.runner [-] Task dd256fdf-7d72-4117-83c9-3deda0bac34c | ITER: 35 END: OK
2019-11-30 15:53:09.285 3475 INFO rally.task.runner [-] Task dd256fdf-7d72-4117-83c9-3deda0bac34c | ITER: 37 END: OK
2019-11-30 15:53:10.563 3494 INFO rally.task.runner [-] Task dd256fdf-7d72-4117-83c9-3deda0bac34c | ITER: 36 END: OK
2019-11-30 15:53:12.022 3515 INFO rally.task.runner [-] Task dd256fdf-7d72-4117-83c9-3deda0bac34c | ITER: 39 END: OK
2019-11-30 15:53:17.660 3526 INFO rally.task.runner [-] Task dd256fdf-7d72-4117-83c9-3deda0bac34c | ITER: 40 END: OK
2019-11-30 15:53:17.682 15 INFO rally.task.context [-] Task dd256fdf-7d72-4117-83c9-3deda0bac34c | Context cleanup@openstack cleanup() started
2019-11-30 15:53:17.687 15 RALLYDEBUG rally_openstack.cleanup.manager [-] Cleaning up neutron vip objects
2019-11-30 15:53:17.927 15 RALLYDEBUG rally_openstack.cleanup.manager [-] Cleaning up neutron health_monitor objects
2019-11-30 15:53:18.271 15 RALLYDEBUG rally_openstack.cleanup.manager [-] Cleaning up neutron pool objects
2019-11-30 15:53:18.460 15 RALLYDEBUG rally_openstack.cleanup.manager [-] Cleaning up neutron loadbalancer objects
2019-11-30 15:53:18.673 15 RALLYDEBUG rally_openstack.cleanup.manager [-] Cleaning up neutron floatingip objects
2019-11-30 15:53:18.889 15 RALLYDEBUG rally_openstack.cleanup.manager [-] Cleaning up neutron trunk objects
2019-11-30 15:53:19.069 15 DEBUG neutronclient.v2_0.client [-] Error message: {"message": "The resource could not be found.

\n\n\n", "code": "404 Not Found", "title": "Not Found"} _handle_fault_response /usr/lib/python2.7/site-packages/neutronclient/v2_0/client.py:259
2019-11-30 15:53:19.079 15 RALLYDEBUG rally_openstack.cleanup.manager [-] Cleaning up neutron port objects
2019-11-30 15:53:19.722 15 RALLYDEBUG rally_openstack.cleanup.manager [-] Cleaning up neutron subnet objects
2019-11-30 15:53:20.219 15 RALLYDEBUG rally_openstack.cleanup.manager [-] Deleting neutron.subnet object s_rally_fcf88bd9_F3G0mIYG (07f372f4-0fae-4c51-94c3-5e39e3df4122)
2019-11-30 15:53:20.226 15 RALLYDEBUG rally_openstack.cleanup.manager [-] Deleting neutron.subnet object s_rally_fcf88bd9_X8peIjvZ (0ed44c13-a0f1-4eae-abe1-ed023f8d0794)
2019-11-30 15:53:20.239 15 RALLYDEBUG rally_openstack.cleanup.manager [-] Deleting neutron.subnet object s_rally_fcf88bd9_qTSoAZtI (1078edd5-8c08-4c09-8f39-d9dd39b4ab9b)
2019-11-30 15:53:20.245 15 RALLYDEBUG rally_openstack.cleanup.manager [-] Deleting neutron.subnet object s_rally_fcf88bd9_sggHCiYe (1151fd09-3b58-4fa1-a0a5-8f49176c3b4c)
2019-11-30 15:53:20.259 15 RALLYDEBUG rally_openstack.cleanup.manager [-] Deleting neutron.subnet object s_rally_fcf88bd9_oC1mv2uh (1a4b1dce-2164-4b89-a94a-15c578e12221)
2019-11-30 15:53:20.267 15 RALLYDEBUG rally_openstack.cleanup.manager [-] Deleting neutron.subnet object s_rally_fcf88bd9_DOs49wAL (1fcb4d51-b311-4c9c-a15b-218396dfb144)
2019-11-30 15:53:20.268 15 RALLYDEBUG rally_openstack.cleanup.manager [-] Deleting neutron.subnet object s_rally_fcf88bd9_bXy3oGSt (17574321-e5f1-4d64-bd10-98c2c79e1f42)
2019-11-30 15:53:20.330 15 RALLYDEBUG rally_openstack.cleanup.manager [-] Deleting neutron.subnet object s_rally_fcf88bd9_hBKb9v9B (22769614-995a-47cb-a600-a2972d6436b4)
2019-11-30 15:53:20.354 15 RALLYDEBUG rally_openstack.cleanup.manager [-] Deleting neutron.subnet object s_rally_fcf88bd9_Abd0mzuW (2dfd9248-c1cf-4933-80fa-160fda21fa25)
2019-11-30 15:53:20.356 15 RALLYDEBUG rally_openstack.cleanup.manager [-] Deleting neutron.subnet object s_rally_fcf88bd9_oqZ46hQH (2799ee12-e259-4a42-8938-c1bea5513d6a)
2019-11-30 15:53:20.357 15 RALLYDEBUG rally_openstack.cleanup.manager [-] Deleting neutron.subnet object s_rally_fcf88bd9_9gUKO2FE (2cc0d9cc-0e26-4538-b333-8f38dea67baa)
2019-11-30 15:53:20.370 15 RALLYDEBUG rally_openstack.cleanup.manager [-] Deleting neutron.subnet object s_rally_fcf88bd9_5eX4BHKp (2c7ca0aa-b9b8-45fe-b082-c86901bd7389)
2019-11-30 15:53:20.394 15 RALLYDEBUG rally_openstack.cleanup.manager [-] Deleting neutron.subnet object s_rally_fcf88bd9_dAYAO1ZW (2fb469e7-aac2-4083-9b77-f07e6aee7010)
2019-11-30 15:53:20.387 15 RALLYDEBUG rally_openstack.cleanup.manager [-] Deleting neutron.subnet object s_rally_fcf88bd9_H6xZVrsF (273947de-0fd2-4752-9af4-711aad39b728)
2019-11-30 15:53:20.411 15 RALLYDEBUG rally_openstack.cleanup.manager [-] Deleting neutron.subnet object s_rally_fcf88bd9_usww0OUp (2e0fa775-068f-4011-ba11-4f1052248158)
2019-11-30 15:53:20.413 15 RALLYDEBUG rally_openstack.cleanup.manager [-] Deleting neutron.subnet object s_rally_fcf88bd9_IoBMaNKr (321cb858-a8eb-48d2-8268-5827ded6c506)
2019-11-30 15:53:20.417 15 RALLYDEBUG rally_openstack.cleanup.manager [-] Deleting neutron.subnet object s_rally_fcf88bd9_4SxHvlMS (35ce070b-e18b-4f3c-a9b5-50044cabc8ec)
2019-11-30 15:53:20.419 15 RALLYDEBUG rally_openstack.cleanup.manager [-] Deleting neutron.subnet object s_rally_fcf88bd9_F5jXJLK6 (36696d45-a5e1-46bb-9063-d2454d44019f)
2019-11-30 15:53:20.447 15 RALLYDEBUG rally_openstack.cleanup.manager [-] Deleting neutron.subnet object s_rally_fcf88bd9_Sf7GMCuR (36d8f731-4c41-4484-b88c-549260cb1450)
2019-11-30 15:53:20.449 15 RALLYDEBUG rally_openstack.cleanup.manager [-] Deleting neutron.subnet object s_rally_fcf88bd9_lM42YM3C (3904eeee-f687-4a5d-b2a4-e013c4863f8e)
2019-11-30 15:53:28.877 15 RALLYDEBUG rally_openstack.cleanup.manager [-] Deleting neutron.subnet object s_rally_fcf88bd9_6oiZDb7R (3b7360fb-d8d9-42da-a238-78c95a55cf46)
2019-11-30 15:53:28.910 15 RALLYDEBUG rally_openstack.cleanup.manager [-] Deleting neutron.subnet object s_rally_fcf88bd9_1l8rvWmK (3f395083-7e54-49ff-b5d1-b670718e441c)
2019-11-30 15:53:29.335 15 RALLYDEBUG rally_openstack.cleanup.manager [-] Deleting neutron.subnet object s_rally_fcf88bd9_syIqnFlx (4078d286-e402-4e5c-a483-e4eaf5395f00)
2019-11-30 15:53:30.880 15 RALLYDEBUG rally_openstack.cleanup.manager [-] Deleting neutron.subnet object s_rally_fcf88bd9_s1oubue0 (42276d72-634c-409a-94fe-118458d86d00)
2019-11-30 15:53:30.888 15 RALLYDEBUG rally_openstack.cleanup.manager [-] Deleting neutron.subnet object s_rally_fcf88bd9_hxI9op3p (464eaba2-6c4a-4825-9942-36053c6ae6e5)
2019-11-30 15:53:30.892 15 RALLYDEBUG rally_openstack.cleanup.manager [-] Deleting neutron.subnet object s_rally_fcf88bd9_eageSfOS (4a7d4433-357d-4229-977b-bc2268ca8503)
2019-11-30 15:53:30.972 15 RALLYDEBUG rally_openstack.cleanup.manager [-] Deleting neutron.subnet object s_rally_fcf88bd9_7LB5wbfB (510328f9-3e02-4f36-8994-a098b4d063a7)
2019-11-30 15:53:32.862 15 RALLYDEBUG rally_openstack.cleanup.manager [-] Deleting neutron.subnet object s_rally_fcf88bd9_Z76e4jpw (539b37e4-4b23-4ef3-9d21-a0911ef27c44)
2019-11-30 15:53:35.673 15 RALLYDEBUG rally_openstack.cleanup.manager [-] Deleting neutron.subnet object s_rally_fcf88bd9_RrV6y9ay (5e1f40ee-82df-44c6-b18d-57e81ebdd4c0)
2019-11-30 15:53:36.063 15 RALLYDEBUG rally_openstack.cleanup.manager [-] Deleting neutron.subnet object s_rally_fcf88bd9_mrq3v2Ax (61588ca7-caf3-4de9-af8f-2b8a04aadc76)
2019-11-30 15:53:36.148 15 RALLYDEBUG rally_openstack.cleanup.manager [-] Deleting neutron.subnet object s_rally_fcf88bd9_DsBg2F5S (67230fe9-48b9-491a-beed-37f60298a59b)
2019-11-30 15:53:37.274 15 RALLYDEBUG rally_openstack.cleanup.manager [-] Deleting neutron.subnet object s_rally_fcf88bd9_IETr19Bb (6abe6630-42b5-4ef2-b904-c6c18750df5d)
2019-11-30 15:53:37.452 15 RALLYDEBUG rally_openstack.cleanup.manager [-] Deleting neutron.subnet object s_rally_fcf88bd9_BVsNfGpR (6dae8e48-4a07-42f0-a2fa-dcea0da41455)
2019-11-30 15:53:37.515 15 RALLYDEBUG rally_openstack.cleanup.manager [-] Deleting neutron.subnet object s_rally_fcf88bd9_bcm9PFEU (73753332-5dbb-46eb-86ab-a8ef57c5bd3b)
2019-11-30 15:53:37.598 15 RALLYDEBUG rally_openstack.cleanup.manager [-] Deleting neutron.subnet object s_rally_fcf88bd9_ccYSFr0u (748a13e5-b896-4bb7-9651-b3a29a7d6b24)
2019-11-30 15:53:37.776 15 RALLYDEBUG rally_openstack.cleanup.manager [-] Deleting neutron.subnet object s_rally_fcf88bd9_ketmGZGK (797ffe1c-33e6-4fa6-b25a-9adfd8528bce)
2019-11-30 15:53:37.884 15 RALLYDEBUG rally_openstack.cleanup.manager [-] Deleting neutron.subnet object s_rally_fcf88bd9_cNmljeKa (7a151786-0251-4f52-98a8-da88c507087d)
2019-11-30 15:53:38.281 15 RALLYDEBUG rally_openstack.cleanup.manager [-] Deleting neutron.subnet object s_rally_fcf88bd9_TsUmuA4a (7b69c5e1-f153-4479-91da-c3481e7bfe11)
2019-11-30 15:53:38.342 15 RALLYDEBUG rally_openstack.cleanup.manager [-] Deleting neutron.subnet object s_rally_fcf88bd9_CW9G1blV (7b9b6106-71cb-48a2-a877-bcfee1b901b5)
2019-11-30 15:53:38.463 15 RALLYDEBUG rally_openstack.cleanup.manager [-] Deleting neutron.subnet object s_rally_fcf88bd9_ddUiw3Rl (8233ce81-65d4-434e-935f-7b0a43e96e61)
2019-11-30 15:53:38.521 15 RALLYDEBUG rally_openstack.cleanup.manager [-] Deleting neutron.subnet object s_rally_fcf88bd9_9g8ykn9H (84e01c62-d7af-4aa4-98fa-87a419f44b29)
2019-11-30 15:53:38.605 15 RALLYDEBUG rally_openstack.cleanup.manager [-] Deleting neutron.subnet object s_rally_fcf88bd9_CxfdU7ff (86414070-869e-46db-a629-78976df6503d)
2019-11-30 15:53:42.166 15 RALLYDEBUG rally_openstack.cleanup.manager [-] Deleting neutron.subnet object s_rally_fcf88bd9_pis59Zeg (8b7de74a-1e33-441b-b76d-b5f05010cbc4)
2019-11-30 15:53:42.207 15 RALLYDEBUG rally_openstack.cleanup.manager [-] Deleting neutron.subnet object s_rally_fcf88bd9_xxvNz0bE (8e50c55e-71cb-4663-bfb1-dd1388ea1bc1)
2019-11-30 15:53:42.803 15 RALLYDEBUG rally_openstack.cleanup.manager [-] Deleting neutron.subnet object s_rally_fcf88bd9_pb8fczOF (8eacef17-8e75-48bd-9bf2-1690b09a9fd1)
2019-11-30 15:53:43.092 15 RALLYDEBUG rally_openstack.cleanup.manager [-] Deleting neutron.subnet object s_rally_fcf88bd9_zh9yzIuw (928d03dd-1340-43b5-a368-61e9b6a1d3ad)
2019-11-30 15:53:45.846 15 RALLYDEBUG rally_openstack.cleanup.manager [-] Deleting neutron.subnet object s_rally_fcf88bd9_m8fP7KiR (953a4b89-d946-44cd-a85e-0cdd22a5ac4f)
2019-11-30 15:53:46.500 15 RALLYDEBUG rally_openstack.cleanup.manager [-] Deleting neutron.subnet object s_rally_fcf88bd9_x4fKKi2j (988169c9-4610-4a65-9c4d-26742c24e338)
2019-11-30 15:53:46.524 15 RALLYDEBUG rally_openstack.cleanup.manager [-] Deleting neutron.subnet object s_rally_fcf88bd9_U9vRnTfS (a24269bb-31e9-4933-b1fd-2721dbb39600)
2019-11-30 15:53:47.616 15 RALLYDEBUG rally_openstack.cleanup.manager [-] Deleting neutron.subnet object s_rally_fcf88bd9_NyQwo40y (a459fef4-36c4-46ad-9883-218a77ff1b5d)
2019-11-30 15:53:48.287 15 RALLYDEBUG rally_openstack.cleanup.manager [-] Deleting neutron.subnet object s_rally_fcf88bd9_Asw8HNDB (a4b8ff45-0224-49a9-93a3-053bef89c247)
2019-11-30 15:53:48.437 15 RALLYDEBUG rally_openstack.cleanup.manager [-] Deleting neutron.subnet object s_rally_fcf88bd9_tRJGVaR0 (a70ea7de-f64a-406d-b262-5487a577d53a)
2019-11-30 15:53:49.221 15 RALLYDEBUG rally_openstack.cleanup.manager [-] Deleting neutron.subnet object s_rally_fcf88bd9_wBwdLU7X (a8657515-6e3c-4602-ad93-926b70156956)
2019-11-30 15:53:49.354 15 RALLYDEBUG rally_openstack.cleanup.manager [-] Deleting neutron.subnet object s_rally_fcf88bd9_NT78z83U (a8b93798-a653-4097-a46f-a39b252d08d2)
2019-11-30 15:53:49.390 15 RALLYDEBUG rally_openstack.cleanup.manager [-] Deleting neutron.subnet object s_rally_fcf88bd9_ILQLL6dZ (ab4856e6-b990-44ab-9fd1-ac0425bc9b90)
2019-11-30 15:53:49.401 15 RALLYDEBUG rally_openstack.cleanup.manager [-] Deleting neutron.subnet object s_rally_fcf88bd9_jpM9uw5U (ac32c940-cb4d-4821-b0e0-5589d429e061)
2019-11-30 15:53:49.680 15 RALLYDEBUG rally_openstack.cleanup.manager [-] Deleting neutron.subnet object s_rally_fcf88bd9_9dmcIBhL (b056a593-5947-49b5-9ffb-54ce4830b569)
2019-11-30 15:53:51.910 15 RALLYDEBUG rally_openstack.cleanup.manager [-] Deleting neutron.subnet object s_rally_fcf88bd9_0aldPgmL (b1d3cc33-7569-4f26-a447-b5c8bf20078e)
2019-11-30 15:53:52.031 15 RALLYDEBUG rally_openstack.cleanup.manager [-] Deleting neutron.subnet object s_rally_fcf88bd9_uujMugCU (b7b25a77-17af-46bc-bc2b-aacae5ae6701)
2019-11-30 15:53:52.053 15 RALLYDEBUG rally_openstack.cleanup.manager [-] Deleting neutron.subnet object s_rally_fcf88bd9_YUJgerQd (b9590590-7b02-4bb0-8826-4166fa3f9ebd)
2019-11-30 15:53:52.138 15 RALLYDEBUG rally_openstack.cleanup.manager [-] Deleting neutron.subnet object s_rally_fcf88bd9_0fEJAoO7 (bc615dc0-2cdd-47bd-9bad-cb75ce3b925c)
2019-11-30 15:53:52.337 15 RALLYDEBUG rally_openstack.cleanup.manager [-] Deleting neutron.subnet object s_rally_fcf88bd9_1X9kKkAG (bf44a8ff-48b6-4f5e-ad47-ffb01a0e4bfd)
2019-11-30 15:53:52.597 15 RALLYDEBUG rally_openstack.cleanup.manager [-] Deleting neutron.subnet object s_rally_fcf88bd9_Oek8k76I (c08ec558-8134-4beb-aa3b-0dda22bdaccd)
2019-11-30 15:53:52.702 15 RALLYDEBUG rally_openstack.cleanup.manager [-] Deleting neutron.subnet object s_rally_fcf88bd9_qwL3FvDS (c0ed4911-5a70-4ea7-8740-544427051765)
2019-11-30 15:53:54.606 15 RALLYDEBUG rally_openstack.cleanup.manager [-] Deleting neutron.subnet object s_rally_fcf88bd9_vw1xte80 (c2ac01f5-84f1-43e4-ab14-a9922b8b0fb0)
2019-11-30 15:53:56.860 15 RALLYDEBUG rally_openstack.cleanup.manager [-] Deleting neutron.subnet object s_rally_fcf88bd9_PMbUqV20 (c828a8a8-558b-4003-ad33-be6d1f85241e)
2019-11-30 15:53:57.488 15 RALLYDEBUG rally_openstack.cleanup.manager [-] Deleting neutron.subnet object s_rally_fcf88bd9_cMYQyqTx (cc54c03c-2f82-4d93-b23e-1f70283da94c)
2019-11-30 15:53:59.392 15 RALLYDEBUG rally_openstack.cleanup.manager [-] Deleting neutron.subnet object s_rally_fcf88bd9_1BdOljoC (ce3812cd-619d-47fa-a598-911a454b7d65)
2019-11-30 15:53:59.554 15 RALLYDEBUG rally_openstack.cleanup.manager [-] Deleting neutron.subnet object s_rally_fcf88bd9_kHgolOl2 (dc8e0d06-cf63-409c-8822-502ce3673300)
2019-11-30 15:53:59.629 15 RALLYDEBUG rally_openstack.cleanup.manager [-] Deleting neutron.subnet object s_rally_fcf88bd9_mcupYOjp (e0d642ba-8aaa-4c53-8a25-b5c6c24ea660)
2019-11-30 15:53:59.890 15 RALLYDEBUG rally_openstack.cleanup.manager [-] Deleting neutron.subnet object s_rally_fcf88bd9_16uC3Lk4 (e225761b-1133-4ded-b068-c67779a81127)
2019-11-30 15:54:01.204 15 RALLYDEBUG rally_openstack.cleanup.manager [-] Deleting neutron.subnet object s_rally_fcf88bd9_zGXbA1OB (e3525510-0a5a-4f31-b694-762e4d9e9f12)
2019-11-30 15:54:01.809 15 RALLYDEBUG rally_openstack.cleanup.manager [-] Deleting neutron.subnet object s_rally_fcf88bd9_MpyRqXmU (e5e8f9a7-6f33-46c2-a1f9-fc7bfcbdb9da)
2019-11-30 15:54:01.992 15 RALLYDEBUG rally_openstack.cleanup.manager [-] Deleting neutron.subnet object s_rally_fcf88bd9_ZmjCt8lK (e7c8a57e-d565-4b0b-9350-1c6fb53ad4eb)
2019-11-30 15:54:02.081 15 RALLYDEBUG rally_openstack.cleanup.manager [-] Deleting neutron.subnet object s_rally_fcf88bd9_UC6EoA7q (eb4d9916-d3b2-4f5c-82bc-71831b0cee9c)
2019-11-30 15:54:03.435 15 RALLYDEBUG rally_openstack.cleanup.manager [-] Deleting neutron.subnet object s_rally_fcf88bd9_OfiNoNCq (ed0201db-f2d2-4923-9c5d-7424362d8005)
2019-11-30 15:54:03.439 15 RALLYDEBUG rally_openstack.cleanup.manager [-] Deleting neutron.subnet object s_rally_fcf88bd9_LxZIpYjN (f2118c08-ecae-43a0-8113-45b7fcdbccff)
2019-11-30 15:54:05.580 15 RALLYDEBUG rally_openstack.cleanup.manager [-] Deleting neutron.subnet object s_rally_fcf88bd9_x1bCqGu7 (f528cb9f-0409-44ec-b911-5af6d8b31d6f)
2019-11-30 15:54:05.620 15 RALLYDEBUG rally_openstack.cleanup.manager [-] Deleting neutron.subnet object s_rally_fcf88bd9_9Or55oJw (f6dbcbff-5614-4ae5-9fc5-4b80b6952e33)
2019-11-30 15:54:05.788 15 RALLYDEBUG rally_openstack.cleanup.manager [-] Deleting neutron.subnet object s_rally_fcf88bd9_HEhLHhzN (fd4ad36e-6a58-4a83-a2e9-39ba4e1ba580)
2019-11-30 15:54:14.940 15 RALLYDEBUG rally_openstack.cleanup.manager [-] Cleaning up neutron network objects
2019-11-30 15:54:15.400 15 RALLYDEBUG rally_openstack.cleanup.manager [-] Deleting neutron.network object s_rally_fcf88bd9_R5RHInoQ (006ce78b-b334-4c8d-b36a-6de0447d229a)
2019-11-30 15:54:15.405 15 RALLYDEBUG rally_openstack.cleanup.manager [-] Deleting neutron.network object s_rally_fcf88bd9_lDHJeTRB (0779046b-3c64-4f0e-9e02-b0e870b09db4)
2019-11-30 15:54:15.418 15 RALLYDEBUG rally_openstack.cleanup.manager [-] Deleting neutron.network object s_rally_fcf88bd9_kt3Cxved (08369cfa-ea80-4c1a-a104-5f90a873807d)
2019-11-30 15:54:15.423 15 RALLYDEBUG rally_openstack.cleanup.manager [-] Deleting neutron.network object s_rally_fcf88bd9_PCn0PX4N (1578c724-f2be-42e5-86d5-c4171c5e05fe)
2019-11-30 15:54:15.436 15 RALLYDEBUG rally_openstack.cleanup.manager [-] Deleting neutron.network object s_rally_fcf88bd9_gV8M8SYP (15d2dc84-5a0f-4d0c-8a0b-f3b9e72c8362)
2019-11-30 15:54:15.439 15 RALLYDEBUG rally_openstack.cleanup.manager [-] Deleting neutron.network object s_rally_fcf88bd9_95WFuAWU (18d57945-2e3c-435a-b7d7-2424cae60c8f)
2019-11-30 15:54:15.451 15 RALLYDEBUG rally_openstack.cleanup.manager [-] Deleting neutron.network object s_rally_fcf88bd9_KGTLwGP9 (1a720fe5-6c19-4da6-a0cd-6b832d24b37f)
2019-11-30 15:54:15.491 15 RALLYDEBUG rally_openstack.cleanup.manager [-] Deleting neutron.network object s_rally_fcf88bd9_TW2HGyxS (27a0ffc8-b9da-48de-afc3-a07e076afe70)
2019-11-30 15:54:15.526 15 RALLYDEBUG rally_openstack.cleanup.manager [-] Deleting neutron.network object s_rally_fcf88bd9_UdUsdzFq (2c8b3a86-c9ca-40f6-89bd-d53cb898a102)
2019-11-30 15:54:15.546 15 RALLYDEBUG rally_openstack.cleanup.manager [-] Deleting neutron.network object s_rally_fcf88bd9_9D1WqgdM (2a63e28f-3f70-4365-9cef-e9e63f33a57d)
2019-11-30 15:54:15.550 15 RALLYDEBUG rally_openstack.cleanup.manager [-] Deleting neutron.network object s_rally_fcf88bd9_Ft27VQkT (593457c6-40d2-4d32-9568-f287b33a4169)
2019-11-30 15:54:15.551 15 RALLYDEBUG rally_openstack.cleanup.manager [-] Deleting neutron.network object s_rally_fcf88bd9_HvIvXcPt (5a20c0dd-a0ed-4724-b67d-6f55a4b0a398)
2019-11-30 15:54:15.570 15 RALLYDEBUG rally_openstack.cleanup.manager [-] Deleting neutron.network object s_rally_fcf88bd9_cp3uEyUq (4d07d183-ae8f-432f-90c8-7f0df5a4edfe)
2019-11-30 15:54:15.577 15 RALLYDEBUG rally_openstack.cleanup.manager [-] Deleting neutron.network object s_rally_fcf88bd9_DK20OGHW (666e8718-5aee-46ca-9771-5c45291e1298)
2019-11-30 15:54:15.595 15 RALLYDEBUG rally_openstack.cleanup.manager [-] Deleting neutron.network object s_rally_fcf88bd9_mnpW7ElR (6362bec1-87d9-44b7-afc7-14731234e7f4)
2019-11-30 15:54:15.597 15 RALLYDEBUG rally_openstack.cleanup.manager [-] Deleting neutron.network object s_rally_fcf88bd9_3pH6RgH2 (66018cab-e265-4aae-a869-d687916d22c0)
2019-11-30 15:54:15.599 15 RALLYDEBUG rally_openstack.cleanup.manager [-] Deleting neutron.network object s_rally_fcf88bd9_785F2QIe (51cf4cbd-ac94-425a-bde4-e48a8d8c41d3)
2019-11-30 15:54:15.605 15 RALLYDEBUG rally_openstack.cleanup.manager [-] Deleting neutron.network object s_rally_fcf88bd9_3yY6dSZv (57c3a8be-e639-44ab-a723-f45c7d9df021)
2019-11-30 15:54:15.621 15 RALLYDEBUG rally_openstack.cleanup.manager [-] Deleting neutron.network object s_rally_fcf88bd9_SCTGXpHS (8b8d9f4c-6497-42ef-8806-84f6434eb624)
2019-11-30 15:54:15.629 15 RALLYDEBUG rally_openstack.cleanup.manager [-] Deleting neutron.network object s_rally_fcf88bd9_U6KsfDhg (78b46753-460d-44cb-b2c3-f12e2d9b346b)
2019-11-30 15:54:20.804 15 RALLYDEBUG rally_openstack.cleanup.manager [-] Deleting neutron.network object s_rally_fcf88bd9_9tQ5lf7T (9a6ed88f-3137-4dd9-a057-d2758f01a063)
2019-11-30 15:54:21.629 15 RALLYDEBUG rally_openstack.cleanup.manager [-] Deleting neutron.network object s_rally_fcf88bd9_6ZD9DLch (9d940448-61cc-43fb-a685-609ee90d7268)
2019-11-30 15:54:21.633 15 RALLYDEBUG rally_openstack.cleanup.manager [-] Deleting neutron.network object s_rally_fcf88bd9_Hz8IwFtz (9df9f3ec-52fb-4152-a723-ba95be1f0b1e)
2019-11-30 15:54:23.154 15 RALLYDEBUG rally_openstack.cleanup.manager [-] Deleting neutron.network object s_rally_fcf88bd9_F8jdJChO (a20e200d-69b9-4694-a796-d055af1e3bbe)
2019-11-30 15:54:23.443 15 RALLYDEBUG rally_openstack.cleanup.manager [-] Deleting neutron.network object s_rally_fcf88bd9_lXPpfCbg (aee42573-b631-4357-be56-881fc92a41e0)
2019-11-30 15:54:23.475 15 RALLYDEBUG rally_openstack.cleanup.manager [-] Deleting neutron.network object s_rally_fcf88bd9_acbnzzzD (b091844a-a29a-4387-a9cd-1e047eaaa572)
2019-11-30 15:54:25.907 15 RALLYDEBUG rally_openstack.cleanup.manager [-] Deleting neutron.network object s_rally_fcf88bd9_JhTapYJy (b55a52a1-d1a0-4667-a65c-27f5f5aaf158)
2019-11-30 15:54:26.055 15 RALLYDEBUG rally_openstack.cleanup.manager [-] Deleting neutron.network object s_rally_fcf88bd9_grpvCKOd (c3f6aea0-8e29-459a-8a37-36424f284aeb)
2019-11-30 15:54:26.078 15 RALLYDEBUG rally_openstack.cleanup.manager [-] Deleting neutron.network object s_rally_fcf88bd9_lA3b9DRz (c845202d-fb31-4f61-9ccf-e992db70753a)
2019-11-30 15:54:27.302 15 RALLYDEBUG rally_openstack.cleanup.manager [-] Deleting neutron.network object s_rally_fcf88bd9_oqY429gc (caa6e153-2c61-4b57-b0d1-0f2576883be7)
2019-11-30 15:54:28.749 15 RALLYDEBUG rally_openstack.cleanup.manager [-] Deleting neutron.network object s_rally_fcf88bd9_tgSgo9Hf (cf4bc23c-9b34-4d1f-b2eb-24899b929d0f)
2019-11-30 15:54:29.366 15 RALLYDEBUG rally_openstack.cleanup.manager [-] Deleting neutron.network object s_rally_fcf88bd9_5wOU4ccX (d183c7b8-d798-4482-a047-cc9afe5c134e)
2019-11-30 15:54:29.851 15 RALLYDEBUG rally_openstack.cleanup.manager [-] Deleting neutron.network object s_rally_fcf88bd9_6ZDA0nfx (d7e260cf-d4a7-48c3-99aa-35aee81bb099)
2019-11-30 15:54:31.569 15 RALLYDEBUG rally_openstack.cleanup.manager [-] Deleting neutron.network object s_rally_fcf88bd9_H8koCHdc (dc1eb5ea-5f91-4d39-9e93-4ab0667864c0)
2019-11-30 15:54:31.851 15 RALLYDEBUG rally_openstack.cleanup.manager [-] Deleting neutron.network object s_rally_fcf88bd9_IiJptYSg (e45b7dcc-aa68-48c8-8327-47596524997b)
2019-11-30 15:54:32.099 15 RALLYDEBUG rally_openstack.cleanup.manager [-] Deleting neutron.network object s_rally_fcf88bd9_lVVLDviP (e4ad10e2-9408-4b9e-9bbe-b92c8d322ead)
2019-11-30 15:54:32.107 15 RALLYDEBUG rally_openstack.cleanup.manager [-] Deleting neutron.network object s_rally_fcf88bd9_LN2Noopc (e938b656-b42e-44ef-8a1f-0d75a573c9d0)
2019-11-30 15:54:32.271 15 RALLYDEBUG rally_openstack.cleanup.manager [-] Deleting neutron.network object s_rally_fcf88bd9_8hGUeeWB (f1947a26-dfaf-4202-9330-d1e981259e44)
2019-11-30 15:54:32.381 15 RALLYDEBUG rally_openstack.cleanup.manager [-] Deleting neutron.network object s_rally_fcf88bd9_2tmXb1DA (f354e750-3c38-48b8-9dea-9335bb19cec3)
2019-11-30 15:54:32.390 15 RALLYDEBUG rally_openstack.cleanup.manager [-] Deleting neutron.network object s_rally_fcf88bd9_HmEr1cU7 (fa1ffeb8-4299-4218-ac95-4f60c4bfd62b)
2019-11-30 15:54:38.930 15 RALLYDEBUG rally_openstack.cleanup.manager [-] Cleaning up neutron router objects
2019-11-30 15:54:39.214 15 RALLYDEBUG rally_openstack.cleanup.manager [-] Cleaning up neutron security_group objects
2019-11-30 15:54:39.584 15 INFO rally.task.context [-] Task dd256fdf-7d72-4117-83c9-3deda0bac34c | Context cleanup@openstack cleanup() finished in 1.37 min
2019-11-30 15:54:39.585 15 INFO rally.task.context [-] Task dd256fdf-7d72-4117-83c9-3deda0bac34c | Context quotas@openstack cleanup() started
2019-11-30 15:54:39.696 15 INFO rally.task.context [-] Task dd256fdf-7d72-4117-83c9-3deda0bac34c | Context quotas@openstack cleanup() finished in 0.11 sec
2019-11-30 15:54:39.697 15 INFO rally.task.context [-] Task dd256fdf-7d72-4117-83c9-3deda0bac34c | Context users@openstack cleanup() started
2019-11-30 15:54:41.020 15 INFO rally.task.context [-] Task dd256fdf-7d72-4117-83c9-3deda0bac34c | Context users@openstack cleanup() finished in 1.32 sec
2019-11-30 15:54:41.964 15 INFO rally.task.engine [-] Load duration is: 388.29027
2019-11-30 15:54:41.964 15 INFO rally.task.engine [-] Full runner duration is: 388.338754
2019-11-30 15:54:41.964 15 INFO rally.task.engine [-] Full duration is: 472.84499
2019-11-30 15:54:42.091 15 INFO rally.task.engine [-] Running workload: position = 0 config = { "version": 2, "title": "A cropped version of a bigger task.", "description": "Auto-generated task from a single workload (uuid=84d508b7-e9f2-47fb-8119-908c2a2d3b9b)", "subtasks": [ { "title": "NeutronNetworks.create_and_list_ports", "description": "Check performance of list ports action and ensure > network quotas are not exceeded", "scenario": { "NeutronNetworks.create_and_list_ports": { "network_create_args": null, "port_create_args": null, "ports_per_network": 50 } }, "contexts": { "users": { "tenants": 1, "users_per_tenant": 1 }, "quotas": { "neutron": { "network": -1, "subnet": -1, "router": -1, "port": 811 } } }, "runner": { "constant": { "times": 8, "concurrency": 4 } }, "hooks": [], "sla": { "max_avg_duration_per_atomic": { "neutron.list_ports": 15 }, "failure_rate": { "max": 0 } } } ] }
2019-11-30 15:54:42.105 15 RALLYDEBUG rally_openstack.contexts.keystone.users [-] Creating 1 tenants using 20 threads
2019-11-30 15:54:42.403 15 RALLYDEBUG rally_openstack.contexts.keystone.users [-] Creating 1 users using 20 threads
2019-11-30 15:54:42.837 15 INFO rally.task.context [-] Task dd256fdf-7d72-4117-83c9-3deda0bac34c | Context users@openstack setup() finished in 0.73 sec
2019-11-30 15:54:43.230 15 INFO rally.task.context [-] Task dd256fdf-7d72-4117-83c9-3deda0bac34c | Context quotas@openstack setup() finished in 0.39 sec
2019-11-30 15:54:43.230 15 INFO rally.task.context [-] Task dd256fdf-7d72-4117-83c9-3deda0bac34c | Context cleanup@openstack setup() finished in 0.11 msec
2019-11-30 15:54:43.240 15 RALLYDEBUG rally.task.runner [-] Starting the constant runner (task UUID: dd256fdf-7d72-4117-83c9-3deda0bac34c). timeout: 0 concurrency: 4 concurrency_per_worker: 1 times: 8 concurrency_overhead: 0 processes_to_start: 4 max_cpu_used: 88
2019-11-30 15:54:43.256 3877 RALLYDEBUG rally.task.runner [-] Starting a worker. concurrency: 1 args: {"network_create_args": null, "port_create_args": null, "ports_per_network": 50} times: 8 method_name: run timeout: 0 duration: None cls:
2019-11-30 15:54:43.258 3878 RALLYDEBUG rally.task.runner [-] Starting a worker. concurrency: 1 args: {"network_create_args": null, "port_create_args": null, "ports_per_network": 50} times: 8 method_name: run timeout: 0 duration: None cls:
2019-11-30 15:54:43.261 3879 RALLYDEBUG rally.task.runner [-] Starting a worker. concurrency: 1 args: {"network_create_args": null, "port_create_args": null, "ports_per_network": 50} times: 8 method_name: run timeout: 0 duration: None cls:
2019-11-30 15:54:43.262 3877 INFO rally.task.runner [-] Task dd256fdf-7d72-4117-83c9-3deda0bac34c | ITER: 1 START
2019-11-30 15:54:43.264 3877 WARNING rally_openstack.scenarios.neutron.utils [-] Running this scenario without either the 'network' or 'existing_network' context is deprecated
2019-11-30 15:54:43.264 3880 RALLYDEBUG rally.task.runner [-] Starting a worker. concurrency: 1 args: {"network_create_args": null, "port_create_args": null, "ports_per_network": 50} times: 8 method_name: run timeout: 0 duration: None cls:
2019-11-30 15:54:43.265 3878 INFO rally.task.runner [-] Task dd256fdf-7d72-4117-83c9-3deda0bac34c | ITER: 2 START
2019-11-30 15:54:43.266 3878 WARNING rally_openstack.scenarios.neutron.utils [-] Running this scenario without either the 'network' or 'existing_network' context is deprecated
2019-11-30 15:54:43.267 3879 INFO rally.task.runner [-] Task dd256fdf-7d72-4117-83c9-3deda0bac34c | ITER: 3 START
2019-11-30 15:54:43.268 3879 WARNING rally_openstack.scenarios.neutron.utils [-] Running this scenario without either the 'network' or 'existing_network' context is deprecated
2019-11-30 15:54:43.270 3880 INFO rally.task.runner [-] Task dd256fdf-7d72-4117-83c9-3deda0bac34c | ITER: 4 START
2019-11-30 15:54:43.271 3880 WARNING rally_openstack.scenarios.neutron.utils [-] Running this scenario without either the 'network' or 'existing_network' context is deprecated
2019-11-30 15:56:33.723 3879 INFO rally.task.runner [-] Task dd256fdf-7d72-4117-83c9-3deda0bac34c | ITER: 3 END: OK
2019-11-30 15:56:33.729 3879 INFO rally.task.runner [-] Task dd256fdf-7d72-4117-83c9-3deda0bac34c | ITER: 5 START
2019-11-30 15:56:33.730 3879 WARNING rally_openstack.scenarios.neutron.utils [-] Running this scenario without either the 'network' or 'existing_network' context is deprecated
2019-11-30 15:56:37.140 3877 INFO rally.task.runner [-] Task dd256fdf-7d72-4117-83c9-3deda0bac34c | ITER: 1 END: OK
2019-11-30 15:56:37.145 3877 INFO rally.task.runner [-] Task dd256fdf-7d72-4117-83c9-3deda0bac34c | ITER: 6 START
2019-11-30 15:56:37.146 3877 WARNING rally_openstack.scenarios.neutron.utils [-] Running this scenario without either the 'network' or 'existing_network' context is deprecated
2019-11-30 15:56:37.154 3880 INFO rally.task.runner [-] Task dd256fdf-7d72-4117-83c9-3deda0bac34c | ITER: 4 END: OK
2019-11-30 15:56:37.161 3880 INFO rally.task.runner [-] Task dd256fdf-7d72-4117-83c9-3deda0bac34c | ITER: 7 START
2019-11-30 15:56:37.162 3880 WARNING rally_openstack.scenarios.neutron.utils [-] Running this scenario without either the 'network' or 'existing_network' context is deprecated
2019-11-30 15:56:37.162 3878 INFO rally.task.runner [-] Task dd256fdf-7d72-4117-83c9-3deda0bac34c | ITER: 2 END: OK
2019-11-30 15:56:37.167 3878 INFO rally.task.runner [-] Task dd256fdf-7d72-4117-83c9-3deda0bac34c | ITER: 8 START
2019-11-30 15:56:37.168 3878 WARNING rally_openstack.scenarios.neutron.utils [-] Running this scenario without either the 'network' or 'existing_network' context is deprecated
2019-11-30 15:57:44.870 3880 INFO rally.task.runner [-] Task dd256fdf-7d72-4117-83c9-3deda0bac34c | ITER: 7 END: OK
2019-11-30 15:57:45.105 3878 INFO rally.task.runner [-] Task dd256fdf-7d72-4117-83c9-3deda0bac34c | ITER: 8 END: OK
