2019-11-30 15:19:56.696 6 RALLYDEBUG rally.api [-] INFO logs from urllib3 and requests module are hide.
2019-11-30 15:19:56.697 6 RALLYDEBUG rally.api [-] urllib3 insecure warnings are hidden.
2019-11-30 15:19:56.697 6 RALLYDEBUG rally.api [-] ERROR log from boto module is hide.
2019-11-30 15:19:57.981 6 ERROR rally.cli.cliutils [-] Unexpected exception in CLI: DBRecordNotFound: Record for uuid or name is opnfv-rally not found in table envs
2019-11-30 15:19:57.981 6 ERROR rally.cli.cliutils
Traceback (most recent call last):
2019-11-30 15:19:57.981 6 ERROR rally.cli.cliutils
File "/usr/lib/python2.7/site-packages/rally/cli/cliutils.py", line 674, in run
2019-11-30 15:19:57.981 6 ERROR rally.cli.cliutils ret = fn(*fn_args, **fn_kwargs)
2019-11-30 15:19:57.981 6 ERROR rally.cli.cliutils File "", line 2, in destroy
2019-11-30 15:19:57.981 6 ERROR rally.cli.cliutils
File "/usr/lib/python2.7/site-packages/rally/cli/envutils.py", line 68, in default_from_global
2019-11-30 15:19:57.981 6 ERROR rally.cli.cliutils return f(*args, **kwargs)
2019-11-30 15:19:57.981 6 ERROR rally.cli.cliutils File "", line 2, in destroy
2019-11-30 15:19:57.981 6 ERROR rally.cli.cliutils
File "/usr/lib/python2.7/site-packages/rally/plugins/__init__.py", line 51, in ensure_plugins_are_loaded
2019-11-30 15:19:57.981 6 ERROR rally.cli.cliutils return f(*args, **kwargs)
2019-11-30 15:19:57.981 6 ERROR rally.cli.cliutils
File "/usr/lib/python2.7/site-packages/rally/cli/commands/deployment.py", line 157, in destroy
2019-11-30 15:19:57.981 6 ERROR rally.cli.cliutils api.deployment.destroy(deployment=deployment)
2019-11-30 15:19:57.981 6 ERROR rally.cli.cliutils
File "/usr/lib/python2.7/site-packages/rally/api.py", line 115, in destroy
2019-11-30 15:19:57.981 6 ERROR rally.cli.cliutils deploy = objects.Deployment.get(deployment)
2019-11-30 15:19:57.981 6 ERROR rally.cli.cliutils
File "/usr/lib/python2.7/site-packages/rally/common/objects/deploy.py", line 124, in get
2019-11-30 15:19:57.981 6 ERROR rally.cli.cliutils return Deployment(env_mgr.EnvManager.get(deploy))
2019-11-30 15:19:57.981 6 ERROR rally.cli.cliutils
File "/usr/lib/python2.7/site-packages/rally/env/env_mgr.py", line 212, in get
2019-11-30 15:19:57.981 6 ERROR rally.cli.cliutils return cls(db.env_get(uuid_or_name))
2019-11-30 15:19:57.981 6 ERROR rally.cli.cliutils
File "/usr/lib/python2.7/site-packages/rally/common/db/api.py", line 135, in wrapper
2019-11-30 15:19:57.981 6 ERROR rally.cli.cliutils result = f(session, *args, **kwargs)
2019-11-30 15:19:57.981 6 ERROR rally.cli.cliutils
File "/usr/lib/python2.7/site-packages/rally/common/db/api.py", line 521, in env_get
2019-11-30 15:19:57.981 6 ERROR rally.cli.cliutils criteria="uuid or name is %s" % uuid_or_name, table="envs")
2019-11-30 15:19:57.981 6 ERROR rally.cli.cliutils DBRecordNotFound: Record for uuid or name is opnfv-rally not found in table envs
2019-11-30 15:19:57.981 6 ERROR rally.cli.cliutils
2019-11-30 15:19:58.743 8 RALLYDEBUG rally.api [-] INFO logs from urllib3 and requests module are hide.
2019-11-30 15:19:58.743 8 RALLYDEBUG rally.api [-] urllib3 insecure warnings are hidden.
2019-11-30 15:19:58.743 8 RALLYDEBUG rally.api [-] ERROR log from boto module is hide.
2019-11-30 15:20:00.834 10 RALLYDEBUG rally.api [-] INFO logs from urllib3 and requests module are hide.
2019-11-30 15:20:00.834 10 RALLYDEBUG rally.api [-] urllib3 insecure warnings are hidden.
2019-11-30 15:20:00.834 10 RALLYDEBUG rally.api [-] ERROR log from boto module is hide.
2019-11-30 15:20:03.370 13 RALLYDEBUG rally.api [-] INFO logs from urllib3 and requests module are hide.
2019-11-30 15:20:03.370 13 RALLYDEBUG rally.api [-] urllib3 insecure warnings are hidden.
2019-11-30 15:20:03.370 13 RALLYDEBUG rally.api [-] ERROR log from boto module is hide.
2019-11-30 15:20:04.681 15 RALLYDEBUG rally.api [-] INFO logs from urllib3 and requests module are hide.
2019-11-30 15:20:04.682 15 RALLYDEBUG rally.api [-] urllib3 insecure warnings are hidden.
2019-11-30 15:20:04.682 15 RALLYDEBUG rally.api [-] ERROR log from boto module is hide.
2019-11-30 15:20:05.936 15 INFO rally.common.plugin.discover [-] Loading plugins from directories /root/.rally/plugins/*
2019-11-30 15:20:05.937 15 INFO rally.common.plugin.discover [-] Loaded module with plugins: /root/.rally/plugins/__init__.py
2019-11-30 15:20:05.941 15 INFO rally.common.plugin.discover [-] Loaded module with plugins: /root/.rally/plugins/trunk_scenario.py
2019-11-30 15:20:06.110 15 INFO rally.task.engine [-] Task dd256fdf-7d72-4117-83c9-3deda0bac34c | Starting: Task validation.
2019-11-30 15:20:06.121 15 INFO rally.task.engine [-] Task dd256fdf-7d72-4117-83c9-3deda0bac34c | Starting: Task validation of syntax.
2019-11-30 15:20:06.272 15 INFO rally.task.engine [-] Task dd256fdf-7d72-4117-83c9-3deda0bac34c | Completed: Task validation of syntax.
2019-11-30 15:20:06.272 15 INFO rally.task.engine [-] Task dd256fdf-7d72-4117-83c9-3deda0bac34c | Starting: Task validation of required platforms.
2019-11-30 15:20:06.344 15 INFO rally.task.engine [-] Task dd256fdf-7d72-4117-83c9-3deda0bac34c | Completed: Task validation of required platforms.
2019-11-30 15:20:06.344 15 INFO rally.task.engine [-] Task dd256fdf-7d72-4117-83c9-3deda0bac34c | Starting: Task validation of semantic.
2019-11-30 15:20:06.344 15 INFO rally.task.engine [-] Check health of the environment '1556b0dd-b91c-4896-a2c9-459a3d85bc25'.
2019-11-30 15:20:06.739 15 INFO rally.task.engine [-] Platform existing@openstack (available: True): OK!
2019-11-30 15:20:06.751 15 RALLYDEBUG rally_openstack.contexts.keystone.users [-] Creating 1 tenants using 20 threads
2019-11-30 15:20:07.035 15 RALLYDEBUG rally_openstack.contexts.keystone.users [-] Creating 1 users using 20 threads
2019-11-30 15:20:07.469 15 INFO rally.task.context [-] Task dd256fdf-7d72-4117-83c9-3deda0bac34c | Context users@openstack setup() finished in 0.72 sec
2019-11-30 15:20:08.970 15 INFO rally.task.context [-] Task dd256fdf-7d72-4117-83c9-3deda0bac34c | Context users@openstack cleanup() started
2019-11-30 15:20:10.578 15 INFO rally.task.context [-] Task dd256fdf-7d72-4117-83c9-3deda0bac34c | Context users@openstack cleanup() finished in 1.61 sec
2019-11-30 15:20:10.578 15 INFO rally.task.engine [-] Task dd256fdf-7d72-4117-83c9-3deda0bac34c | Completed: Task validation of semantic.
2019-11-30 15:20:10.579 15 INFO rally.task.engine [-] Task dd256fdf-7d72-4117-83c9-3deda0bac34c | Completed: Task validation.
2019-11-30 15:20:10.579 15 INFO rally.api [-] Task dd256fdf-7d72-4117-83c9-3deda0bac34c input file is valid.
2019-11-30 15:20:10.579 15 INFO rally.api [-] Run Task dd256fdf-7d72-4117-83c9-3deda0bac34c against Deployment 1556b0dd-b91c-4896-a2c9-459a3d85bc25
2019-11-30 15:20:10.580 15 INFO rally.task.engine [-] Task dd256fdf-7d72-4117-83c9-3deda0bac34c | Starting: Running task.
2019-11-30 15:20:10.624 15 INFO rally.task.engine [-] Running workload: position = 0 config = { "version": 2, "title": "A cropped version of a bigger task.", "description": "Auto-generated task from a single workload (uuid=0be588c8-924f-4f59-81f4-8bf8d55c491a)", "subtasks": [ { "title": "NeutronNetworks.create_and_list_networks", "description": "Check performance of list_networks action and ensure > network quotas are not exceeded", "scenario": { "NeutronNetworks.create_and_list_networks": {} }, "contexts": { "users": { "tenants": 1, "users_per_tenant": 1 }, "quotas": { "neutron": { "network": 119 } } }, "runner": { "constant": { "times": 100, "concurrency": 20 } }, "hooks": [], "sla": { "max_avg_duration_per_atomic": { "neutron.list_networks": 15 }, "failure_rate": { "max": 0 } } } ] }
2019-11-30 15:20:10.637 15 RALLYDEBUG rally_openstack.contexts.keystone.users [-] Creating 1 tenants using 20 threads
2019-11-30 15:20:10.968 15 RALLYDEBUG rally_openstack.contexts.keystone.users [-] Creating 1 users using 20 threads
2019-11-30 15:20:11.420 15 INFO rally.task.context [-] Task dd256fdf-7d72-4117-83c9-3deda0bac34c | Context users@openstack setup() finished in 0.78 sec
2019-11-30 15:20:11.793 15 INFO rally.task.context [-] Task dd256fdf-7d72-4117-83c9-3deda0bac34c | Context quotas@openstack setup() finished in 0.37 sec
2019-11-30 15:20:11.794 15 INFO rally.task.context [-] Task dd256fdf-7d72-4117-83c9-3deda0bac34c | Context cleanup@openstack setup() finished in 0.13 msec
2019-11-30 15:20:11.810 15 RALLYDEBUG rally.task.runner [-] Starting the constant runner (task UUID: dd256fdf-7d72-4117-83c9-3deda0bac34c). timeout: 0 concurrency: 20 concurrency_per_worker: 1 times: 100 concurrency_overhead: 0 processes_to_start: 20 max_cpu_used: 88
2019-11-30 15:20:11.823 139 RALLYDEBUG rally.task.runner [-] Starting a worker. concurrency: 1 args: {} times: 100 method_name: run timeout: 0 duration: None cls:
2019-11-30 15:20:11.826 140 RALLYDEBUG rally.task.runner [-] Starting a worker. concurrency: 1 args: {} times: 100 method_name: run timeout: 0 duration: None cls:
2019-11-30 15:20:11.828 141 RALLYDEBUG rally.task.runner [-] Starting a worker. concurrency: 1 args: {} times: 100 method_name: run timeout: 0 duration: None cls:
2019-11-30 15:20:11.829 139 INFO rally.task.runner [-] Task dd256fdf-7d72-4117-83c9-3deda0bac34c | ITER: 1 START
2019-11-30 15:20:11.830 142 RALLYDEBUG rally.task.runner [-] Starting a worker. concurrency: 1 args: {} times: 100 method_name: run timeout: 0 duration: None cls:
2019-11-30 15:20:11.832 140 INFO rally.task.runner [-] Task dd256fdf-7d72-4117-83c9-3deda0bac34c | ITER: 2 START
2019-11-30 15:20:11.832 143 RALLYDEBUG rally.task.runner [-] Starting a worker. concurrency: 1 args: {} times: 100 method_name: run timeout: 0 duration: None cls:
2019-11-30 15:20:11.833 141 INFO rally.task.runner [-] Task dd256fdf-7d72-4117-83c9-3deda0bac34c | ITER: 3 START
2019-11-30 15:20:11.836 142 INFO rally.task.runner [-] Task dd256fdf-7d72-4117-83c9-3deda0bac34c | ITER: 4 START
2019-11-30 15:20:11.835 146 RALLYDEBUG rally.task.runner [-] Starting a worker. concurrency: 1 args: {} times: 100 method_name: run timeout: 0 duration: None cls:
2019-11-30 15:20:11.837 143 INFO rally.task.runner [-] Task dd256fdf-7d72-4117-83c9-3deda0bac34c | ITER: 5 START
2019-11-30 15:20:11.838 150 RALLYDEBUG rally.task.runner [-] Starting a worker. concurrency: 1 args: {} times: 100 method_name: run timeout: 0 duration: None cls:
2019-11-30 15:20:11.841 146 INFO rally.task.runner [-] Task dd256fdf-7d72-4117-83c9-3deda0bac34c | ITER: 6 START
2019-11-30 15:20:11.841 153 RALLYDEBUG rally.task.runner [-] Starting a worker. concurrency: 1 args: {} times: 100 method_name: run timeout: 0 duration: None cls:
2019-11-30 15:20:11.843 150 INFO rally.task.runner [-] Task dd256fdf-7d72-4117-83c9-3deda0bac34c | ITER: 7 START
2019-11-30 15:20:11.847 153 INFO rally.task.runner [-] Task dd256fdf-7d72-4117-83c9-3deda0bac34c | ITER: 8 START
2019-11-30 15:20:11.850 163 RALLYDEBUG rally.task.runner [-] Starting a worker. concurrency: 1 args: {} times: 100 method_name: run timeout: 0 duration: None cls:
2019-11-30 15:20:11.849 157 RALLYDEBUG rally.task.runner [-] Starting a worker. concurrency: 1 args: {} times: 100 method_name: run timeout: 0 duration: None cls:
2019-11-30 15:20:11.849 160 RALLYDEBUG rally.task.runner [-] Starting a worker. concurrency: 1 args: {} times: 100 method_name: run timeout: 0 duration: None cls:
2019-11-30 15:20:11.852 166 RALLYDEBUG rally.task.runner [-] Starting a worker. concurrency: 1 args: {} times: 100 method_name: run timeout: 0 duration: None cls:
2019-11-30 15:20:11.853 167 RALLYDEBUG rally.task.runner [-] Starting a worker. concurrency: 1 args: {} times: 100 method_name: run timeout: 0 duration: None cls:
2019-11-30 15:20:11.854 163 INFO rally.task.runner [-] Task dd256fdf-7d72-4117-83c9-3deda0bac34c | ITER: 9 START
2019-11-30 15:20:11.856 157 INFO rally.task.runner [-] Task dd256fdf-7d72-4117-83c9-3deda0bac34c | ITER: 10 START
2019-11-30 15:20:11.857 167 INFO rally.task.runner [-] Task dd256fdf-7d72-4117-83c9-3deda0bac34c | ITER: 13 START
2019-11-30 15:20:11.858 166 INFO rally.task.runner [-] Task dd256fdf-7d72-4117-83c9-3deda0bac34c | ITER: 12 START
2019-11-30 15:20:11.857 168 RALLYDEBUG rally.task.runner [-] Starting a worker. concurrency: 1 args: {} times: 100 method_name: run timeout: 0 duration: None cls:
2019-11-30 15:20:11.858 160 INFO rally.task.runner [-] Task dd256fdf-7d72-4117-83c9-3deda0bac34c | ITER: 11 START
2019-11-30 15:20:11.859 172 RALLYDEBUG rally.task.runner [-] Starting a worker. concurrency: 1 args: {} times: 100 method_name: run timeout: 0 duration: None cls:
2019-11-30 15:20:11.863 180 RALLYDEBUG rally.task.runner [-] Starting a worker. concurrency: 1 args: {} times: 100 method_name: run timeout: 0 duration: None cls:
2019-11-30 15:20:11.864 172 INFO rally.task.runner [-] Task dd256fdf-7d72-4117-83c9-3deda0bac34c | ITER: 15 START
2019-11-30 15:20:11.864 168 INFO rally.task.runner [-] Task dd256fdf-7d72-4117-83c9-3deda0bac34c | ITER: 14 START
2019-11-30 15:20:11.865 181 RALLYDEBUG rally.task.runner [-] Starting a worker. concurrency: 1 args: {} times: 100 method_name: run timeout: 0 duration: None cls:
2019-11-30 15:20:11.868 184 RALLYDEBUG rally.task.runner [-] Starting a worker. concurrency: 1 args: {} times: 100 method_name: run timeout: 0 duration: None cls:
2019-11-30 15:20:11.871 187 RALLYDEBUG rally.task.runner [-] Starting a worker. concurrency: 1 args: {} times: 100 method_name: run timeout: 0 duration: None cls:
2019-11-30 15:20:11.874 190 RALLYDEBUG rally.task.runner [-] Starting a worker. concurrency: 1 args: {} times: 100 method_name: run timeout: 0 duration: None cls:
2019-11-30 15:20:11.868 180 INFO rally.task.runner [-] Task dd256fdf-7d72-4117-83c9-3deda0bac34c | ITER: 16 START
2019-11-30 15:20:11.871 181 INFO rally.task.runner [-] Task dd256fdf-7d72-4117-83c9-3deda0bac34c | ITER: 17 START
2019-11-30 15:20:11.880 187 INFO rally.task.runner [-] Task dd256fdf-7d72-4117-83c9-3deda0bac34c | ITER: 19 START
2019-11-30 15:20:11.880 184 INFO rally.task.runner [-] Task dd256fdf-7d72-4117-83c9-3deda0bac34c | ITER: 18 START
2019-11-30 15:20:11.882 190 INFO rally.task.runner [-] Task dd256fdf-7d72-4117-83c9-3deda0bac34c | ITER: 20 START
2019-11-30 15:20:14.923 143 INFO rally.task.runner [-] Task dd256fdf-7d72-4117-83c9-3deda0bac34c | ITER: 5 END: OK
2019-11-30 15:20:14.926 143 INFO rally.task.runner [-] Task dd256fdf-7d72-4117-83c9-3deda0bac34c | ITER: 21 START
2019-11-30 15:20:15.018 139 INFO rally.task.runner [-] Task dd256fdf-7d72-4117-83c9-3deda0bac34c | ITER: 1 END: OK
2019-11-30 15:20:15.023 139 INFO rally.task.runner [-] Task dd256fdf-7d72-4117-83c9-3deda0bac34c | ITER: 22 START
2019-11-30 15:20:15.109 141 INFO rally.task.runner [-] Task dd256fdf-7d72-4117-83c9-3deda0bac34c | ITER: 3 END: OK
2019-11-30 15:20:15.114 141 INFO rally.task.runner [-] Task dd256fdf-7d72-4117-83c9-3deda0bac34c | ITER: 23 START
2019-11-30 15:20:15.394 140 INFO rally.task.runner [-] Task dd256fdf-7d72-4117-83c9-3deda0bac34c | ITER: 2 END: OK
2019-11-30 15:20:15.398 140 INFO rally.task.runner [-] Task dd256fdf-7d72-4117-83c9-3deda0bac34c | ITER: 24 START
2019-11-30 15:20:15.553 153 INFO rally.task.runner [-] Task dd256fdf-7d72-4117-83c9-3deda0bac34c | ITER: 8 END: OK
2019-11-30 15:20:15.557 153 INFO rally.task.runner [-] Task dd256fdf-7d72-4117-83c9-3deda0bac34c | ITER: 25 START
2019-11-30 15:20:15.656 163 INFO rally.task.runner [-] Task dd256fdf-7d72-4117-83c9-3deda0bac34c | ITER: 9 END: OK
2019-11-30 15:20:15.660 163 INFO rally.task.runner [-] Task dd256fdf-7d72-4117-83c9-3deda0bac34c | ITER: 26 START
2019-11-30 15:20:16.413 142 INFO rally.task.runner [-] Task dd256fdf-7d72-4117-83c9-3deda0bac34c | ITER: 4 END: OK
2019-11-30 15:20:16.418 142 INFO rally.task.runner [-] Task dd256fdf-7d72-4117-83c9-3deda0bac34c | ITER: 27 START
2019-11-30 15:20:16.764 166 INFO rally.task.runner [-] Task dd256fdf-7d72-4117-83c9-3deda0bac34c | ITER: 12 END: OK
2019-11-30 15:20:16.768 166 INFO rally.task.runner [-] Task dd256fdf-7d72-4117-83c9-3deda0bac34c | ITER: 28 START
2019-11-30 15:20:16.786 180 INFO rally.task.runner [-] Task dd256fdf-7d72-4117-83c9-3deda0bac34c | ITER: 16 END: OK
2019-11-30 15:20:16.791 180 INFO rally.task.runner [-] Task dd256fdf-7d72-4117-83c9-3deda0bac34c | ITER: 29 START
2019-11-30 15:20:16.915 160 INFO rally.task.runner [-] Task dd256fdf-7d72-4117-83c9-3deda0bac34c | ITER: 11 END: OK
2019-11-30 15:20:16.920 160 INFO rally.task.runner [-] Task dd256fdf-7d72-4117-83c9-3deda0bac34c | ITER: 30 START
2019-11-30 15:20:16.922 167 INFO rally.task.runner [-] Task dd256fdf-7d72-4117-83c9-3deda0bac34c | ITER: 13 END: OK
2019-11-30 15:20:16.926 167 INFO rally.task.runner [-] Task dd256fdf-7d72-4117-83c9-3deda0bac34c | ITER: 31 START
2019-11-30 15:20:17.108 146 INFO rally.task.runner [-] Task dd256fdf-7d72-4117-83c9-3deda0bac34c | ITER: 6 END: OK
2019-11-30 15:20:17.113 146 INFO rally.task.runner [-] Task dd256fdf-7d72-4117-83c9-3deda0bac34c | ITER: 32 START
2019-11-30 15:20:17.163 157 INFO rally.task.runner [-] Task dd256fdf-7d72-4117-83c9-3deda0bac34c | ITER: 10 END: OK
2019-11-30 15:20:17.168 157 INFO rally.task.runner [-] Task dd256fdf-7d72-4117-83c9-3deda0bac34c | ITER: 33 START
2019-11-30 15:20:17.225 181 INFO rally.task.runner [-] Task dd256fdf-7d72-4117-83c9-3deda0bac34c | ITER: 17 END: OK
2019-11-30 15:20:17.229 181 INFO rally.task.runner [-] Task dd256fdf-7d72-4117-83c9-3deda0bac34c | ITER: 34 START
2019-11-30 15:20:17.331 172 INFO rally.task.runner [-] Task dd256fdf-7d72-4117-83c9-3deda0bac34c | ITER: 15 END: OK
2019-11-30 15:20:17.335 172 INFO rally.task.runner [-] Task dd256fdf-7d72-4117-83c9-3deda0bac34c | ITER: 35 START
2019-11-30 15:20:17.363 187 INFO rally.task.runner [-] Task dd256fdf-7d72-4117-83c9-3deda0bac34c | ITER: 19 END: OK
2019-11-30 15:20:17.368 187 INFO rally.task.runner [-] Task dd256fdf-7d72-4117-83c9-3deda0bac34c | ITER: 36 START
2019-11-30 15:20:17.508 150 INFO rally.task.runner [-] Task dd256fdf-7d72-4117-83c9-3deda0bac34c | ITER: 7 END: OK
2019-11-30 15:20:17.513 150 INFO rally.task.runner [-] Task dd256fdf-7d72-4117-83c9-3deda0bac34c | ITER: 37 START
2019-11-30 15:20:17.574 184 INFO rally.task.runner [-] Task dd256fdf-7d72-4117-83c9-3deda0bac34c | ITER: 18 END: OK
2019-11-30 15:20:17.578 184 INFO rally.task.runner [-] Task dd256fdf-7d72-4117-83c9-3deda0bac34c | ITER: 38 START
2019-11-30 15:20:17.838 190 INFO rally.task.runner [-] Task dd256fdf-7d72-4117-83c9-3deda0bac34c | ITER: 20 END: OK
2019-11-30 15:20:17.842 190 INFO rally.task.runner [-] Task dd256fdf-7d72-4117-83c9-3deda0bac34c | ITER: 39 START
2019-11-30 15:20:18.271 168 INFO rally.task.runner [-] Task dd256fdf-7d72-4117-83c9-3deda0bac34c | ITER: 14 END: OK
2019-11-30 15:20:18.276 168 INFO rally.task.runner [-] Task dd256fdf-7d72-4117-83c9-3deda0bac34c | ITER: 40 START
2019-11-30 15:20:20.268 166 INFO rally.task.runner [-] Task dd256fdf-7d72-4117-83c9-3deda0bac34c | ITER: 28 END: OK
2019-11-30 15:20:20.272 166 INFO rally.task.runner [-] Task dd256fdf-7d72-4117-83c9-3deda0bac34c | ITER: 41 START
2019-11-30 15:20:21.067 139 INFO rally.task.runner [-] Task dd256fdf-7d72-4117-83c9-3deda0bac34c | ITER: 22 END: OK
2019-11-30 15:20:21.070 139 INFO rally.task.runner [-] Task dd256fdf-7d72-4117-83c9-3deda0bac34c | ITER: 42 START
2019-11-30 15:20:21.180 141 INFO rally.task.runner [-] Task dd256fdf-7d72-4117-83c9-3deda0bac34c | ITER: 23 END: OK
2019-11-30 15:20:21.184 141 INFO rally.task.runner [-] Task dd256fdf-7d72-4117-83c9-3deda0bac34c | ITER: 43 START
2019-11-30 15:20:21.374 146 INFO rally.task.runner [-] Task dd256fdf-7d72-4117-83c9-3deda0bac34c | ITER: 32 END: OK
2019-11-30 15:20:21.378 146 INFO rally.task.runner [-] Task dd256fdf-7d72-4117-83c9-3deda0bac34c | ITER: 44 START
2019-11-30 15:20:21.414 172 INFO rally.task.runner [-] Task dd256fdf-7d72-4117-83c9-3deda0bac34c | ITER: 35 END: OK
2019-11-30 15:20:21.418 172 INFO rally.task.runner [-] Task dd256fdf-7d72-4117-83c9-3deda0bac34c | ITER: 45 START
2019-11-30 15:20:21.608 143 INFO rally.task.runner [-] Task dd256fdf-7d72-4117-83c9-3deda0bac34c | ITER: 21 END: OK
2019-11-30 15:20:21.612 143 INFO rally.task.runner [-] Task dd256fdf-7d72-4117-83c9-3deda0bac34c | ITER: 46 START
2019-11-30 15:20:21.725 163 INFO rally.task.runner [-] Task dd256fdf-7d72-4117-83c9-3deda0bac34c | ITER: 26 END: OK
2019-11-30 15:20:21.729 163 INFO rally.task.runner [-] Task dd256fdf-7d72-4117-83c9-3deda0bac34c | ITER: 47 START
2019-11-30 15:20:21.802 140 INFO rally.task.runner [-] Task dd256fdf-7d72-4117-83c9-3deda0bac34c | ITER: 24 END: OK
2019-11-30 15:20:21.806 140 INFO rally.task.runner [-] Task dd256fdf-7d72-4117-83c9-3deda0bac34c | ITER: 48 START
2019-11-30 15:20:21.843 153 INFO rally.task.runner [-] Task dd256fdf-7d72-4117-83c9-3deda0bac34c | ITER: 25 END: OK
2019-11-30 15:20:21.847 153 INFO rally.task.runner [-] Task dd256fdf-7d72-4117-83c9-3deda0bac34c | ITER: 49 START
2019-11-30 15:20:21.942 142 INFO rally.task.runner [-] Task dd256fdf-7d72-4117-83c9-3deda0bac34c | ITER: 27 END: OK
2019-11-30 15:20:21.946 142 INFO rally.task.runner [-] Task dd256fdf-7d72-4117-83c9-3deda0bac34c | ITER: 50 START
2019-11-30 15:20:22.013 181 INFO rally.task.runner [-] Task dd256fdf-7d72-4117-83c9-3deda0bac34c | ITER: 34 END: OK
2019-11-30 15:20:22.017 181 INFO rally.task.runner [-] Task dd256fdf-7d72-4117-83c9-3deda0bac34c | ITER: 51 START
2019-11-30 15:20:22.197 184 INFO rally.task.runner [-] Task dd256fdf-7d72-4117-83c9-3deda0bac34c | ITER: 38 END: OK
2019-11-30 15:20:22.200 184 INFO rally.task.runner [-] Task dd256fdf-7d72-4117-83c9-3deda0bac34c | ITER: 52 START
2019-11-30 15:20:22.388 168 INFO rally.task.runner [-] Task dd256fdf-7d72-4117-83c9-3deda0bac34c | ITER: 40 END: OK
2019-11-30 15:20:22.392 168 INFO rally.task.runner [-] Task dd256fdf-7d72-4117-83c9-3deda0bac34c | ITER: 53 START
2019-11-30 15:20:22.460 180 INFO rally.task.runner [-] Task dd256fdf-7d72-4117-83c9-3deda0bac34c | ITER: 29 END: OK
2019-11-30 15:20:22.464 180 INFO rally.task.runner [-] Task dd256fdf-7d72-4117-83c9-3deda0bac34c | ITER: 54 START
2019-11-30 15:20:23.043 167 INFO rally.task.runner [-] Task dd256fdf-7d72-4117-83c9-3deda0bac34c | ITER: 31 END: OK
2019-11-30 15:20:23.047 167 INFO rally.task.runner [-] Task dd256fdf-7d72-4117-83c9-3deda0bac34c | ITER: 55 START
2019-11-30 15:20:23.148 160 INFO rally.task.runner [-] Task dd256fdf-7d72-4117-83c9-3deda0bac34c | ITER: 30 END: OK
2019-11-30 15:20:23.152 160 INFO rally.task.runner [-] Task dd256fdf-7d72-4117-83c9-3deda0bac34c | ITER: 56 START
2019-11-30 15:20:23.471 157 INFO rally.task.runner [-] Task dd256fdf-7d72-4117-83c9-3deda0bac34c | ITER: 33 END: OK
2019-11-30 15:20:23.475 157 INFO rally.task.runner [-] Task dd256fdf-7d72-4117-83c9-3deda0bac34c | ITER: 57 START
2019-11-30 15:20:23.511 166 INFO rally.task.runner [-] Task dd256fdf-7d72-4117-83c9-3deda0bac34c | ITER: 41 END: OK
2019-11-30 15:20:23.515 166 INFO rally.task.runner [-] Task dd256fdf-7d72-4117-83c9-3deda0bac34c | ITER: 58 START
2019-11-30 15:20:25.063 190 INFO rally.task.runner [-] Task dd256fdf-7d72-4117-83c9-3deda0bac34c | ITER: 39 END: OK
2019-11-30 15:20:25.067 190 INFO rally.task.runner [-] Task dd256fdf-7d72-4117-83c9-3deda0bac34c | ITER: 59 START
2019-11-30 15:20:25.166 150 INFO rally.task.runner [-] Task dd256fdf-7d72-4117-83c9-3deda0bac34c | ITER: 37 END: OK
2019-11-30 15:20:25.169 150 INFO rally.task.runner [-] Task dd256fdf-7d72-4117-83c9-3deda0bac34c | ITER: 60 START
2019-11-30 15:20:26.031 187 INFO rally.task.runner [-] Task dd256fdf-7d72-4117-83c9-3deda0bac34c | ITER: 36 END: OK
2019-11-30 15:20:26.035 187 INFO rally.task.runner [-] Task dd256fdf-7d72-4117-83c9-3deda0bac34c | ITER: 61 START
2019-11-30 15:20:26.100 139 INFO rally.task.runner [-] Task dd256fdf-7d72-4117-83c9-3deda0bac34c | ITER: 42 END: OK
2019-11-30 15:20:26.104 139 INFO rally.task.runner [-] Task dd256fdf-7d72-4117-83c9-3deda0bac34c | ITER: 62 START
2019-11-30 15:20:26.255 141 INFO rally.task.runner [-] Task dd256fdf-7d72-4117-83c9-3deda0bac34c | ITER: 43 END: OK
2019-11-30 15:20:26.256 172 INFO rally.task.runner [-] Task dd256fdf-7d72-4117-83c9-3deda0bac34c | ITER: 45 END: OK
2019-11-30 15:20:26.258 141 INFO rally.task.runner [-] Task dd256fdf-7d72-4117-83c9-3deda0bac34c | ITER: 63 START
2019-11-30 15:20:26.260 172 INFO rally.task.runner [-] Task dd256fdf-7d72-4117-83c9-3deda0bac34c | ITER: 64 START
2019-11-30 15:20:26.308 140 INFO rally.task.runner [-] Task dd256fdf-7d72-4117-83c9-3deda0bac34c | ITER: 48 END: OK
2019-11-30 15:20:26.312 140 INFO rally.task.runner [-] Task dd256fdf-7d72-4117-83c9-3deda0bac34c | ITER: 65 START
2019-11-30 15:20:26.760 142 INFO rally.task.runner [-] Task dd256fdf-7d72-4117-83c9-3deda0bac34c | ITER: 50 END: OK
2019-11-30 15:20:26.763 142 INFO rally.task.runner [-] Task dd256fdf-7d72-4117-83c9-3deda0bac34c | ITER: 66 START
2019-11-30 15:20:26.884 163 INFO rally.task.runner [-] Task dd256fdf-7d72-4117-83c9-3deda0bac34c | ITER: 47 END: OK
2019-11-30 15:20:26.887 163 INFO rally.task.runner [-] Task dd256fdf-7d72-4117-83c9-3deda0bac34c | ITER: 67 START
2019-11-30 15:20:26.952 146 INFO rally.task.runner [-] Task dd256fdf-7d72-4117-83c9-3deda0bac34c | ITER: 44 END: OK
2019-11-30 15:20:26.956 146 INFO rally.task.runner [-] Task dd256fdf-7d72-4117-83c9-3deda0bac34c | ITER: 68 START
2019-11-30 15:20:27.339 160 INFO rally.task.runner [-] Task dd256fdf-7d72-4117-83c9-3deda0bac34c | ITER: 56 END: OK
2019-11-30 15:20:27.343 160 INFO rally.task.runner [-] Task dd256fdf-7d72-4117-83c9-3deda0bac34c | ITER: 69 START
2019-11-30 15:20:27.703 180 INFO rally.task.runner [-] Task dd256fdf-7d72-4117-83c9-3deda0bac34c | ITER: 54 END: OK
2019-11-30 15:20:27.706 180 INFO rally.task.runner [-] Task dd256fdf-7d72-4117-83c9-3deda0bac34c | ITER: 70 START
2019-11-30 15:20:28.129 184 INFO rally.task.runner [-] Task dd256fdf-7d72-4117-83c9-3deda0bac34c | ITER: 52 END: OK
2019-11-30 15:20:28.132 184 INFO rally.task.runner [-] Task dd256fdf-7d72-4117-83c9-3deda0bac34c | ITER: 71 START
2019-11-30 15:20:28.211 166 INFO rally.task.runner [-] Task dd256fdf-7d72-4117-83c9-3deda0bac34c | ITER: 58 END: OK
2019-11-30 15:20:28.214 166 INFO rally.task.runner [-] Task dd256fdf-7d72-4117-83c9-3deda0bac34c | ITER: 72 START
2019-11-30 15:20:28.230 167 INFO rally.task.runner [-] Task dd256fdf-7d72-4117-83c9-3deda0bac34c | ITER: 55 END: OK
2019-11-30 15:20:28.233 167 INFO rally.task.runner [-] Task dd256fdf-7d72-4117-83c9-3deda0bac34c | ITER: 73 START
2019-11-30 15:20:28.366 157 INFO rally.task.runner [-] Task dd256fdf-7d72-4117-83c9-3deda0bac34c | ITER: 57 END: OK
2019-11-30 15:20:28.369 157 INFO rally.task.runner [-] Task dd256fdf-7d72-4117-83c9-3deda0bac34c | ITER: 74 START
2019-11-30 15:20:28.376 153 INFO rally.task.runner [-] Task dd256fdf-7d72-4117-83c9-3deda0bac34c | ITER: 49 END: OK
2019-11-30 15:20:28.380 153 INFO rally.task.runner [-] Task dd256fdf-7d72-4117-83c9-3deda0bac34c | ITER: 75 START
2019-11-30 15:20:28.756 168 INFO rally.task.runner [-] Task dd256fdf-7d72-4117-83c9-3deda0bac34c | ITER: 53 END: OK
2019-11-30 15:20:28.760 168 INFO rally.task.runner [-] Task dd256fdf-7d72-4117-83c9-3deda0bac34c | ITER: 76 START
2019-11-30 15:20:29.050 181 INFO rally.task.runner [-] Task dd256fdf-7d72-4117-83c9-3deda0bac34c | ITER: 51 END: OK
2019-11-30 15:20:29.054 181 INFO rally.task.runner [-] Task dd256fdf-7d72-4117-83c9-3deda0bac34c | ITER: 77 START
2019-11-30 15:20:30.976 143 INFO rally.task.runner [-] Task dd256fdf-7d72-4117-83c9-3deda0bac34c | ITER: 46 END: OK
2019-11-30 15:20:30.979 150 INFO rally.task.runner [-] Task dd256fdf-7d72-4117-83c9-3deda0bac34c | ITER: 60 END: OK
2019-11-30 15:20:30.980 143 INFO rally.task.runner [-] Task dd256fdf-7d72-4117-83c9-3deda0bac34c | ITER: 78 START
2019-11-30 15:20:30.982 150 INFO rally.task.runner [-] Task dd256fdf-7d72-4117-83c9-3deda0bac34c | ITER: 79 START
2019-11-30 15:20:31.442 190 INFO rally.task.runner [-] Task dd256fdf-7d72-4117-83c9-3deda0bac34c | ITER: 59 END: OK
2019-11-30 15:20:31.446 190 INFO rally.task.runner [-] Task dd256fdf-7d72-4117-83c9-3deda0bac34c | ITER: 80 START
2019-11-30 15:20:31.468 141 INFO rally.task.runner [-] Task dd256fdf-7d72-4117-83c9-3deda0bac34c | ITER: 63 END: OK
2019-11-30 15:20:31.471 141 INFO rally.task.runner [-] Task dd256fdf-7d72-4117-83c9-3deda0bac34c | ITER: 81 START
2019-11-30 15:20:31.646 139 INFO rally.task.runner [-] Task dd256fdf-7d72-4117-83c9-3deda0bac34c | ITER: 62 END: OK
2019-11-30 15:20:31.650 139 INFO rally.task.runner [-] Task dd256fdf-7d72-4117-83c9-3deda0bac34c | ITER: 82 START
2019-11-30 15:20:32.012 142 INFO rally.task.runner [-] Task dd256fdf-7d72-4117-83c9-3deda0bac34c | ITER: 66 END: OK
2019-11-30 15:20:32.016 142 INFO rally.task.runner [-] Task dd256fdf-7d72-4117-83c9-3deda0bac34c | ITER: 83 START
2019-11-30 15:20:32.053 187 INFO rally.task.runner [-] Task dd256fdf-7d72-4117-83c9-3deda0bac34c | ITER: 61 END: OK
2019-11-30 15:20:32.057 187 INFO rally.task.runner [-] Task dd256fdf-7d72-4117-83c9-3deda0bac34c | ITER: 84 START
2019-11-30 15:20:32.274 140 INFO rally.task.runner [-] Task dd256fdf-7d72-4117-83c9-3deda0bac34c | ITER: 65 END: OK
2019-11-30 15:20:32.278 140 INFO rally.task.runner [-] Task dd256fdf-7d72-4117-83c9-3deda0bac34c | ITER: 85 START
2019-11-30 15:20:32.657 172 INFO rally.task.runner [-] Task dd256fdf-7d72-4117-83c9-3deda0bac34c | ITER: 64 END: OK
2019-11-30 15:20:32.660 172 INFO rally.task.runner [-] Task dd256fdf-7d72-4117-83c9-3deda0bac34c | ITER: 86 START
2019-11-30 15:20:32.686 163 INFO rally.task.runner [-] Task dd256fdf-7d72-4117-83c9-3deda0bac34c | ITER: 67 END: OK
2019-11-30 15:20:32.690 163 INFO rally.task.runner [-] Task dd256fdf-7d72-4117-83c9-3deda0bac34c | ITER: 87 START
2019-11-30 15:20:32.700 180 INFO rally.task.runner [-] Task dd256fdf-7d72-4117-83c9-3deda0bac34c | ITER: 70 END: OK
2019-11-30 15:20:32.704 180 INFO rally.task.runner [-] Task dd256fdf-7d72-4117-83c9-3deda0bac34c | ITER: 88 START
2019-11-30 15:20:32.738 146 INFO rally.task.runner [-] Task dd256fdf-7d72-4117-83c9-3deda0bac34c | ITER: 68 END: OK
2019-11-30 15:20:32.742 146 INFO rally.task.runner [-] Task dd256fdf-7d72-4117-83c9-3deda0bac34c | ITER: 89 START
2019-11-30 15:20:33.954 184 INFO rally.task.runner [-] Task dd256fdf-7d72-4117-83c9-3deda0bac34c | ITER: 71 END: OK
2019-11-30 15:20:33.957 184 INFO rally.task.runner [-] Task dd256fdf-7d72-4117-83c9-3deda0bac34c | ITER: 90 START
2019-11-30 15:20:34.170 157 INFO rally.task.runner [-] Task dd256fdf-7d72-4117-83c9-3deda0bac34c | ITER: 74 END: OK
2019-11-30 15:20:34.173 157 INFO rally.task.runner [-] Task dd256fdf-7d72-4117-83c9-3deda0bac34c | ITER: 91 START
2019-11-30 15:20:34.397 160 INFO rally.task.runner [-] Task dd256fdf-7d72-4117-83c9-3deda0bac34c | ITER: 69 END: OK
2019-11-30 15:20:34.401 160 INFO rally.task.runner [-] Task dd256fdf-7d72-4117-83c9-3deda0bac34c | ITER: 92 START
2019-11-30 15:20:34.656 153 INFO rally.task.runner [-] Task dd256fdf-7d72-4117-83c9-3deda0bac34c | ITER: 75 END: OK
2019-11-30 15:20:34.660 153 INFO rally.task.runner [-] Task dd256fdf-7d72-4117-83c9-3deda0bac34c | ITER: 93 START
2019-11-30 15:20:35.209 166 INFO rally.task.runner [-] Task dd256fdf-7d72-4117-83c9-3deda0bac34c | ITER: 72 END: OK
2019-11-30 15:20:35.213 166 INFO rally.task.runner [-] Task dd256fdf-7d72-4117-83c9-3deda0bac34c | ITER: 94 START
2019-11-30 15:20:35.335 167 INFO rally.task.runner [-] Task dd256fdf-7d72-4117-83c9-3deda0bac34c | ITER: 73 END: OK
2019-11-30 15:20:35.339 167 INFO rally.task.runner [-] Task dd256fdf-7d72-4117-83c9-3deda0bac34c | ITER: 95 START
2019-11-30 15:20:36.184 190 INFO rally.task.runner [-] Task dd256fdf-7d72-4117-83c9-3deda0bac34c | ITER: 80 END: OK
2019-11-30 15:20:36.188 190 INFO rally.task.runner [-] Task dd256fdf-7d72-4117-83c9-3deda0bac34c | ITER: 96 START
2019-11-30 15:20:36.318 181 INFO rally.task.runner [-] Task dd256fdf-7d72-4117-83c9-3deda0bac34c | ITER: 77 END: OK
2019-11-30 15:20:36.322 181 INFO rally.task.runner [-] Task dd256fdf-7d72-4117-83c9-3deda0bac34c | ITER: 97 START
2019-11-30 15:20:36.498 168 INFO rally.task.runner [-] Task dd256fdf-7d72-4117-83c9-3deda0bac34c | ITER: 76 END: OK
2019-11-30 15:20:36.502 168 INFO rally.task.runner [-] Task dd256fdf-7d72-4117-83c9-3deda0bac34c | ITER: 98 START
2019-11-30 15:20:37.136 150 INFO rally.task.runner [-] Task dd256fdf-7d72-4117-83c9-3deda0bac34c | ITER: 79 END: OK
2019-11-30 15:20:37.140 150 INFO rally.task.runner [-] Task dd256fdf-7d72-4117-83c9-3deda0bac34c | ITER: 99 START
2019-11-30 15:20:37.881 142 INFO rally.task.runner [-] Task dd256fdf-7d72-4117-83c9-3deda0bac34c | ITER: 83 END: OK
2019-11-30 15:20:37.885 142 INFO rally.task.runner [-] Task dd256fdf-7d72-4117-83c9-3deda0bac34c | ITER: 100 START
2019-11-30 15:20:38.146 139 INFO rally.task.runner [-] Task dd256fdf-7d72-4117-83c9-3deda0bac34c | ITER: 82 END: OK
2019-11-30 15:20:38.707 187 INFO rally.task.runner [-] Task dd256fdf-7d72-4117-83c9-3deda0bac34c | ITER: 84 END: OK
2019-11-30 15:20:38.761 140 INFO rally.task.runner [-] Task dd256fdf-7d72-4117-83c9-3deda0bac34c | ITER: 85 END: OK
2019-11-30 15:20:38.956 163 INFO rally.task.runner [-] Task dd256fdf-7d72-4117-83c9-3deda0bac34c | ITER: 87 END: OK
2019-11-30 15:20:38.957 172 INFO rally.task.runner [-] Task dd256fdf-7d72-4117-83c9-3deda0bac34c | ITER: 86 END: OK
2019-11-30 15:20:39.062 143 INFO rally.task.runner [-] Task dd256fdf-7d72-4117-83c9-3deda0bac34c | ITER: 78 END: OK
2019-11-30 15:20:39.080 141 INFO rally.task.runner [-] Task dd256fdf-7d72-4117-83c9-3deda0bac34c | ITER: 81 END: OK
2019-11-30 15:20:39.366 146 INFO rally.task.runner [-] Task dd256fdf-7d72-4117-83c9-3deda0bac34c | ITER: 89 END: OK
2019-11-30 15:20:39.834 184 INFO rally.task.runner [-] Task dd256fdf-7d72-4117-83c9-3deda0bac34c | ITER: 90 END: OK
2019-11-30 15:20:40.025 180 INFO rally.task.runner [-] Task dd256fdf-7d72-4117-83c9-3deda0bac34c | ITER: 88 END: OK
2019-11-30 15:20:40.404 157 INFO rally.task.runner [-] Task dd256fdf-7d72-4117-83c9-3deda0bac34c | ITER: 91 END: OK
2019-11-30 15:20:40.753 153 INFO rally.task.runner [-] Task dd256fdf-7d72-4117-83c9-3deda0bac34c | ITER: 93 END: OK
2019-11-30 15:20:40.997 160 INFO rally.task.runner [-] Task dd256fdf-7d72-4117-83c9-3deda0bac34c | ITER: 92 END: OK
2019-11-30 15:20:41.243 168 INFO rally.task.runner [-] Task dd256fdf-7d72-4117-83c9-3deda0bac34c | ITER: 98 END: OK
2019-11-30 15:20:41.410 150 INFO rally.task.runner [-] Task dd256fdf-7d72-4117-83c9-3deda0bac34c | ITER: 99 END: OK
2019-11-30 15:20:41.627 167 INFO rally.task.runner [-] Task dd256fdf-7d72-4117-83c9-3deda0bac34c | ITER: 95 END: OK
2019-11-30 15:20:41.982 166 INFO rally.task.runner [-] Task dd256fdf-7d72-4117-83c9-3deda0bac34c | ITER: 94 END: OK
2019-11-30 15:20:42.561 181 INFO rally.task.runner [-] Task dd256fdf-7d72-4117-83c9-3deda0bac34c | ITER: 97 END: OK
2019-11-30 15:20:42.569 190 INFO rally.task.runner [-] Task dd256fdf-7d72-4117-83c9-3deda0bac34c | ITER: 96 END: OK
2019-11-30 15:20:42.929 142 INFO rally.task.runner [-] Task dd256fdf-7d72-4117-83c9-3deda0bac34c | ITER: 100 END: OK
2019-11-30 15:20:42.952 15 INFO rally.task.context [-] Task dd256fdf-7d72-4117-83c9-3deda0bac34c | Context cleanup@openstack cleanup() started
2019-11-30 15:20:42.956 15 RALLYDEBUG rally_openstack.cleanup.manager [-] Cleaning up neutron vip objects
2019-11-30 15:20:43.181 15 RALLYDEBUG rally_openstack.cleanup.manager [-] Cleaning up neutron health_monitor objects
2019-11-30 15:20:43.437 15 RALLYDEBUG rally_openstack.cleanup.manager [-] Cleaning up neutron pool objects
2019-11-30 15:20:43.650 15 RALLYDEBUG rally_openstack.cleanup.manager [-] Cleaning up neutron loadbalancer objects
2019-11-30 15:20:43.856 15 RALLYDEBUG rally_openstack.cleanup.manager [-] Cleaning up neutron floatingip objects
2019-11-30 15:20:44.085 15 RALLYDEBUG rally_openstack.cleanup.manager [-] Cleaning up neutron trunk objects
2019-11-30 15:20:44.291 15 DEBUG neutronclient.v2_0.client [-] Error message: {"message": "The resource could not be found.

\n\n\n", "code": "404 Not Found", "title": "Not Found"} _handle_fault_response /usr/lib/python2.7/site-packages/neutronclient/v2_0/client.py:259
2019-11-30 15:20:44.302 15 RALLYDEBUG rally_openstack.cleanup.manager [-] Cleaning up neutron port objects
2019-11-30 15:20:44.552 15 RALLYDEBUG rally_openstack.cleanup.manager [-] Cleaning up neutron subnet objects
2019-11-30 15:20:44.794 15 RALLYDEBUG rally_openstack.cleanup.manager [-] Cleaning up neutron network objects
2019-11-30 15:20:45.503 15 RALLYDEBUG rally_openstack.cleanup.manager [-] Deleting neutron.network object s_rally_0be588c8_vBrJTOz2 (028c464c-b229-4811-9d08-995c84a27df2)
2019-11-30 15:20:45.508 15 RALLYDEBUG rally_openstack.cleanup.manager [-] Deleting neutron.network object s_rally_0be588c8_LqnAe3hD (079f50dc-4265-4802-a6e6-5344d0013cc6)
2019-11-30 15:20:45.510 15 RALLYDEBUG rally_openstack.cleanup.manager [-] Deleting neutron.network object s_rally_0be588c8_sDjiugy1 (14239a81-3d1a-497f-88d2-575b60af058c)
2019-11-30 15:20:45.512 15 RALLYDEBUG rally_openstack.cleanup.manager [-] Deleting neutron.network object s_rally_0be588c8_M6AMn5rk (0ac34462-6b26-454d-bf39-08e77215ab16)
2019-11-30 15:20:45.518 15 RALLYDEBUG rally_openstack.cleanup.manager [-] Deleting neutron.network object s_rally_0be588c8_YDByRlTM (12c5d7d5-37fa-4b73-87ee-18df92ea8c83)
2019-11-30 15:20:45.532 15 RALLYDEBUG rally_openstack.cleanup.manager [-] Deleting neutron.network object s_rally_0be588c8_SptUsIEX (174f2fe9-f1dd-4268-a420-6ff67ed34338)
2019-11-30 15:20:45.541 15 RALLYDEBUG rally_openstack.cleanup.manager [-] Deleting neutron.network object s_rally_0be588c8_2sfxgIy4 (02bca23e-8bb7-48f2-80dd-faa5f012ea8b)
2019-11-30 15:20:45.569 15 RALLYDEBUG rally_openstack.cleanup.manager [-] Deleting neutron.network object s_rally_0be588c8_ETCxLjMv (17db74e3-4436-4d2a-a057-f233f435ddfb)
2019-11-30 15:20:45.570 15 RALLYDEBUG rally_openstack.cleanup.manager [-] Deleting neutron.network object s_rally_0be588c8_P1phQPFj (19d8a2d1-33f4-43dd-b217-6cb787dfb5bb)
2019-11-30 15:20:45.584 15 RALLYDEBUG rally_openstack.cleanup.manager [-] Deleting neutron.network object s_rally_0be588c8_UEt5XhU5 (1ca685eb-94e9-4a99-a81b-36b2b1a769fb)
2019-11-30 15:20:45.589 15 RALLYDEBUG rally_openstack.cleanup.manager [-] Deleting neutron.network object s_rally_0be588c8_aDCIIM8N (1c7c28b3-6c6d-4b24-9268-a3a5ab71a9e6)
2019-11-30 15:20:45.592 15 RALLYDEBUG rally_openstack.cleanup.manager [-] Deleting neutron.network object s_rally_0be588c8_63Us8d77 (1aed7f66-60a8-4f56-b5fe-7001b549a900)
2019-11-30 15:20:45.615 15 RALLYDEBUG rally_openstack.cleanup.manager [-] Deleting neutron.network object s_rally_0be588c8_Q62FI8Ef (1d26a4ff-5a2e-404a-b643-4055c6e65eee)
2019-11-30 15:20:45.646 15 RALLYDEBUG rally_openstack.cleanup.manager [-] Deleting neutron.network object s_rally_0be588c8_zVm5D5bZ (1e75dc78-df7d-4c62-87ba-425a27a78f22)
2019-11-30 15:20:45.665 15 RALLYDEBUG rally_openstack.cleanup.manager [-] Deleting neutron.network object s_rally_0be588c8_4VObD89W (1e3c6624-ec5e-4c26-8cb2-bc7250a1fb74)
2019-11-30 15:20:45.702 15 RALLYDEBUG rally_openstack.cleanup.manager [-] Deleting neutron.network object s_rally_0be588c8_JbDO5Qrm (2d2ae242-c3e2-4f1f-aac4-d0b4d6681ccf)
2019-11-30 15:20:45.716 15 RALLYDEBUG rally_openstack.cleanup.manager [-] Deleting neutron.network object s_rally_0be588c8_ZNFhZTNR (2df64ccf-5b56-4d28-b008-6325a7629e0f)
2019-11-30 15:20:45.733 15 RALLYDEBUG rally_openstack.cleanup.manager [-] Deleting neutron.network object s_rally_0be588c8_VJocVwhd (36394d7e-e18e-4b79-bf6b-9f60f1be320f)
2019-11-30 15:20:45.735 15 RALLYDEBUG rally_openstack.cleanup.manager [-] Deleting neutron.network object s_rally_0be588c8_YzR4PfhZ (2602e36b-ceac-4a8a-b3bd-9323a42f72bf)
2019-11-30 15:20:45.740 15 RALLYDEBUG rally_openstack.cleanup.manager [-] Deleting neutron.network object s_rally_0be588c8_Fq3w2glf (2e8c5083-0d32-4a58-8aa1-0bc61177dd20)
2019-11-30 15:20:48.380 15 RALLYDEBUG rally_openstack.cleanup.manager [-] Deleting neutron.network object s_rally_0be588c8_sKHsxM5T (378979f0-c56d-4c9a-83b0-7f4a18b1d8e1)
2019-11-30 15:20:50.806 15 RALLYDEBUG rally_openstack.cleanup.manager [-] Deleting neutron.network object s_rally_0be588c8_JJKBXr0O (3801ccb5-f80b-4fdb-82d3-04f6c0a007fd)
2019-11-30 15:20:51.144 15 RALLYDEBUG rally_openstack.cleanup.manager [-] Deleting neutron.network object s_rally_0be588c8_MS78O7h5 (3a4ae637-311a-4c42-921f-5cc7c43b6511)
2019-11-30 15:20:51.569 15 RALLYDEBUG rally_openstack.cleanup.manager [-] Deleting neutron.network object s_rally_0be588c8_h6MnpGwk (3fe6ed32-5b96-467f-b322-75a6f34042d4)
2019-11-30 15:20:51.746 15 RALLYDEBUG rally_openstack.cleanup.manager [-] Deleting neutron.network object s_rally_0be588c8_RDekJw0w (41743dc2-abe6-4237-a92a-b224c54594e3)
2019-11-30 15:20:51.991 15 RALLYDEBUG rally_openstack.cleanup.manager [-] Deleting neutron.network object s_rally_0be588c8_KcTqQRBB (438b30d0-9861-4261-8ad4-3c3fde9d5201)
2019-11-30 15:20:52.627 15 RALLYDEBUG rally_openstack.cleanup.manager [-] Deleting neutron.network object s_rally_0be588c8_PuA2i8qO (47d561dc-e40e-4611-84e7-c61e2d543ac8)
2019-11-30 15:20:52.671 15 RALLYDEBUG rally_openstack.cleanup.manager [-] Deleting neutron.network object s_rally_0be588c8_fesOZxYK (495c3a31-80db-4715-b995-67729e8518fa)
2019-11-30 15:20:52.788 15 RALLYDEBUG rally_openstack.cleanup.manager [-] Deleting neutron.network object s_rally_0be588c8_k0HEfQ1o (4aaae427-4ee8-488e-aba7-71a9248db272)
2019-11-30 15:20:52.875 15 RALLYDEBUG rally_openstack.cleanup.manager [-] Deleting neutron.network object s_rally_0be588c8_UL84MEgQ (4b585ead-e8f3-4e98-bc00-a3477b013c80)
2019-11-30 15:20:52.949 15 RALLYDEBUG rally_openstack.cleanup.manager [-] Deleting neutron.network object s_rally_0be588c8_XVO11cPy (4b93dacf-962f-4377-ab1e-ba48146d96b6)
2019-11-30 15:20:53.012 15 RALLYDEBUG rally_openstack.cleanup.manager [-] Deleting neutron.network object s_rally_0be588c8_5JjhGKqZ (4cde4c13-33ab-44a4-93c0-8159726fe17c)
2019-11-30 15:20:53.019 15 RALLYDEBUG rally_openstack.cleanup.manager [-] Deleting neutron.network object s_rally_0be588c8_CUeKiiz0 (4ec68112-1ade-4ce0-9535-37bac7c8a579)
2019-11-30 15:20:53.800 15 RALLYDEBUG rally_openstack.cleanup.manager [-] Deleting neutron.network object s_rally_0be588c8_iMav6Gph (4ec791b2-19e7-4866-93fb-fe396cf07273)
2019-11-30 15:20:54.454 15 RALLYDEBUG rally_openstack.cleanup.manager [-] Deleting neutron.network object s_rally_0be588c8_Ss8F7aAX (4ed8789c-0f41-449b-8a53-0cb2f7c04fac)
2019-11-30 15:20:54.481 15 RALLYDEBUG rally_openstack.cleanup.manager [-] Deleting neutron.network object s_rally_0be588c8_zBWdamKx (51111f38-b159-4f81-b728-59899e297019)
2019-11-30 15:20:54.564 15 RALLYDEBUG rally_openstack.cleanup.manager [-] Deleting neutron.network object s_rally_0be588c8_Iy5vEJUt (545efeb5-9c22-4773-b79d-248c3cf8431b)
2019-11-30 15:20:55.299 15 RALLYDEBUG rally_openstack.cleanup.manager [-] Deleting neutron.network object s_rally_0be588c8_HLBsCcT1 (55f35a75-637c-4b85-9c4f-d9eaabcd86be)
2019-11-30 15:20:55.465 15 RALLYDEBUG rally_openstack.cleanup.manager [-] Deleting neutron.network object s_rally_0be588c8_BtqvmRcD (592105f0-316b-4494-98e5-c9fabc760923)
2019-11-30 15:20:56.011 15 RALLYDEBUG rally_openstack.cleanup.manager [-] Deleting neutron.network object s_rally_0be588c8_XXJF7Zz4 (5992d84d-39f4-467c-8474-0c5996aa6742)
2019-11-30 15:20:56.144 15 RALLYDEBUG rally_openstack.cleanup.manager [-] Deleting neutron.network object s_rally_0be588c8_IGvgpOEJ (5a16e93c-67ef-4a5f-aa55-93920a56a286)
2019-11-30 15:20:56.152 15 RALLYDEBUG rally_openstack.cleanup.manager [-] Deleting neutron.network object s_rally_0be588c8_GCvmcjOv (5c6cd885-41e1-47b9-aaee-87c9ac660eef)
2019-11-30 15:20:56.314 15 RALLYDEBUG rally_openstack.cleanup.manager [-] Deleting neutron.network object s_rally_0be588c8_CA0X4fqn (5de9c8ff-36d9-49bb-8a43-2ef55df708ba)
2019-11-30 15:20:56.405 15 RALLYDEBUG rally_openstack.cleanup.manager [-] Deleting neutron.network object s_rally_0be588c8_3EyHL5Yx (618cc33a-d99d-4a93-8db5-3c5c2dba76e3)
2019-11-30 15:20:57.267 15 RALLYDEBUG rally_openstack.cleanup.manager [-] Deleting neutron.network object s_rally_0be588c8_sM2gZ71V (6219aefa-386b-488b-8bb0-1f565a9bf4dd)
2019-11-30 15:20:58.073 15 RALLYDEBUG rally_openstack.cleanup.manager [-] Deleting neutron.network object s_rally_0be588c8_91N9TK9R (63289166-7f75-4306-a92c-194481e5f866)
2019-11-30 15:20:59.556 15 RALLYDEBUG rally_openstack.cleanup.manager [-] Deleting neutron.network object s_rally_0be588c8_oAi6Szte (65e556b7-153b-4e26-8596-77a220fca7a4)
2019-11-30 15:21:00.057 15 RALLYDEBUG rally_openstack.cleanup.manager [-] Deleting neutron.network object s_rally_0be588c8_2xmOumun (66483b96-6a78-4102-ba14-808c6246282a)
2019-11-30 15:21:00.300 15 RALLYDEBUG rally_openstack.cleanup.manager [-] Deleting neutron.network object s_rally_0be588c8_OJIonoP0 (67e545ee-696c-4020-99dc-c12a8fdd32e8)
2019-11-30 15:21:00.307 15 RALLYDEBUG rally_openstack.cleanup.manager [-] Deleting neutron.network object s_rally_0be588c8_RtPsAovk (69290595-d688-4fd6-a06d-e6d6e9a6d35b)
2019-11-30 15:21:00.989 15 RALLYDEBUG rally_openstack.cleanup.manager [-] Deleting neutron.network object s_rally_0be588c8_ac7KYOdD (6ec42063-9da4-4893-be49-2595192c0279)
2019-11-30 15:21:01.888 15 RALLYDEBUG rally_openstack.cleanup.manager [-] Deleting neutron.network object s_rally_0be588c8_tTsRLJSR (70fcd62f-9d4a-4e63-b13e-2044672a4c1c)
2019-11-30 15:21:02.311 15 RALLYDEBUG rally_openstack.cleanup.manager [-] Deleting neutron.network object s_rally_0be588c8_VmDvvQkB (76638899-d9b8-4399-b896-c2c888b940d0)
2019-11-30 15:21:02.355 15 RALLYDEBUG rally_openstack.cleanup.manager [-] Deleting neutron.network object s_rally_0be588c8_y6jVHbVx (7afb08a6-daac-4c40-95d9-d3c6f601eac0)
2019-11-30 15:21:02.380 15 RALLYDEBUG rally_openstack.cleanup.manager [-] Deleting neutron.network object s_rally_0be588c8_6h8XVp4I (7bb26d13-57d2-4952-b100-617848704e4b)
2019-11-30 15:21:02.561 15 RALLYDEBUG rally_openstack.cleanup.manager [-] Deleting neutron.network object s_rally_0be588c8_m1ls3k02 (810e99b7-c4af-47ca-bad1-e39e06ed6725)
2019-11-30 15:21:03.031 15 RALLYDEBUG rally_openstack.cleanup.manager [-] Deleting neutron.network object s_rally_0be588c8_YqNN3IhB (851179ba-32ba-4496-b1df-275340af91f0)
2019-11-30 15:21:03.447 15 RALLYDEBUG rally_openstack.cleanup.manager [-] Deleting neutron.network object s_rally_0be588c8_jnZ5Nqd0 (88620642-bf6f-4ffc-ab91-d8504d13968b)
2019-11-30 15:21:03.457 15 RALLYDEBUG rally_openstack.cleanup.manager [-] Deleting neutron.network object s_rally_0be588c8_DHGGrywc (8bceef32-09f0-4263-b53a-4b5c4317d409)
2019-11-30 15:21:03.596 15 RALLYDEBUG rally_openstack.cleanup.manager [-] Deleting neutron.network object s_rally_0be588c8_vq2QyTzR (8f62762f-49e1-4dc1-a6a6-8b99e3f7f109)
2019-11-30 15:21:03.731 15 RALLYDEBUG rally_openstack.cleanup.manager [-] Deleting neutron.network object s_rally_0be588c8_gSJx5AWD (996823a4-8ab1-4498-adfe-1d467082628e)
2019-11-30 15:21:03.759 15 RALLYDEBUG rally_openstack.cleanup.manager [-] Deleting neutron.network object s_rally_0be588c8_G6ZvSD5L (99c230f2-2f4d-450f-9c73-8635af25a1e7)
2019-11-30 15:21:03.791 15 RALLYDEBUG rally_openstack.cleanup.manager [-] Deleting neutron.network object s_rally_0be588c8_0BQwyPcC (9a423d54-7720-466e-a604-35db17458725)
2019-11-30 15:21:04.531 15 RALLYDEBUG rally_openstack.cleanup.manager [-] Deleting neutron.network object s_rally_0be588c8_yaTN1UG9 (a0d7de76-670e-4c44-a196-af8fc746d688)
2019-11-30 15:21:04.990 15 RALLYDEBUG rally_openstack.cleanup.manager [-] Deleting neutron.network object s_rally_0be588c8_72eXTOSf (a24b98f4-d5e8-4e4f-b241-f79ea923b4bb)
2019-11-30 15:21:05.121 15 RALLYDEBUG rally_openstack.cleanup.manager [-] Deleting neutron.network object s_rally_0be588c8_wJMx5YhR (a9b37754-5ac6-484e-b707-a26f40ebad64)
2019-11-30 15:21:05.868 15 RALLYDEBUG rally_openstack.cleanup.manager [-] Deleting neutron.network object s_rally_0be588c8_lUTkuvEW (ad117104-4760-48f7-9be9-d83c18faed70)
2019-11-30 15:21:06.419 15 RALLYDEBUG rally_openstack.cleanup.manager [-] Deleting neutron.network object s_rally_0be588c8_HaB07PGW (adfae498-a040-46ef-b089-1b9ab836ce8a)
2019-11-30 15:21:06.751 15 RALLYDEBUG rally_openstack.cleanup.manager [-] Deleting neutron.network object s_rally_0be588c8_x0Zz5vMN (b1178dbd-d28d-48ca-ae10-5df8bee06532)
2019-11-30 15:21:07.047 15 RALLYDEBUG rally_openstack.cleanup.manager [-] Deleting neutron.network object s_rally_0be588c8_USafvetH (b9552b18-fb71-4ad3-b72f-fba6bae6bce5)
2019-11-30 15:21:08.690 15 RALLYDEBUG rally_openstack.cleanup.manager [-] Deleting neutron.network object s_rally_0be588c8_roVnUGRT (b9c84214-12fb-4d05-8d5d-7da149471c25)
2019-11-30 15:21:08.767 15 RALLYDEBUG rally_openstack.cleanup.manager [-] Deleting neutron.network object s_rally_0be588c8_xseZnOgA (bd56e422-ca12-4c34-bcd4-6c4f86d7a168)
2019-11-30 15:21:08.972 15 RALLYDEBUG rally_openstack.cleanup.manager [-] Deleting neutron.network object s_rally_0be588c8_0uADweiN (bd98dc23-4368-4008-a8f6-28397fe6c250)
2019-11-30 15:21:08.979 15 RALLYDEBUG rally_openstack.cleanup.manager [-] Deleting neutron.network object s_rally_0be588c8_6PpzbDbn (bdcd28e1-fb48-4473-83e5-da1779868080)
2019-11-30 15:21:09.096 15 RALLYDEBUG rally_openstack.cleanup.manager [-] Deleting neutron.network object s_rally_0be588c8_3XR1f4JL (be8fc946-3fea-4880-91c3-e6a955401c71)
2019-11-30 15:21:09.112 15 RALLYDEBUG rally_openstack.cleanup.manager [-] Deleting neutron.network object s_rally_0be588c8_dy5bQ0Z7 (beafe17d-6896-49c0-a309-02a6a1137fa7)
2019-11-30 15:21:09.635 15 RALLYDEBUG rally_openstack.cleanup.manager [-] Deleting neutron.network object s_rally_0be588c8_oC23ikdK (c26bedb9-b9ba-4dae-b978-de878870af79)
2019-11-30 15:21:09.678 15 RALLYDEBUG rally_openstack.cleanup.manager [-] Deleting neutron.network object s_rally_0be588c8_isZUmLLm (c4a3b922-fb76-453f-b964-a6af3f99fb0a)
2019-11-30 15:21:10.340 15 RALLYDEBUG rally_openstack.cleanup.manager [-] Deleting neutron.network object s_rally_0be588c8_NNKsIcP4 (c8a7c289-6ddc-4f7f-9e14-1aa5b4c8d14c)
2019-11-30 15:21:10.492 15 RALLYDEBUG rally_openstack.cleanup.manager [-] Deleting neutron.network object s_rally_0be588c8_rrq7qJrN (cbd13ac2-0a53-498e-a188-ce45d484e3cb)
