2019-11-30 15:59:21.120 15 RALLYDEBUG rally_openstack.cleanup.manager [-] Deleting neutron.port object s_rally_84d508b7_uA10g6pl (c5736663-4009-47f0-92af-6049e03ebdb9)
2019-11-30 15:59:21.552 15 RALLYDEBUG rally_openstack.cleanup.manager [-] Deleting neutron.port object s_rally_84d508b7_eD1rRhPY (c585d927-ba76-472a-a895-ece5a5c961ec)
2019-11-30 15:59:22.044 15 RALLYDEBUG rally_openstack.cleanup.manager [-] Deleting neutron.port object s_rally_84d508b7_4m2luOR7 (c5c70126-5f99-449f-870c-949e322f35c5)
2019-11-30 15:59:22.626 15 RALLYDEBUG rally_openstack.cleanup.manager [-] Deleting neutron.port object s_rally_84d508b7_ebwvMofc (c665269c-1c1b-4e56-b34e-1db2ee09fb92)
2019-11-30 15:59:22.633 15 RALLYDEBUG rally_openstack.cleanup.manager [-] Deleting neutron.port object s_rally_84d508b7_Cd8PLM6s (c6854c46-8487-458a-a186-a85b33279834)
2019-11-30 15:59:22.752 15 RALLYDEBUG rally_openstack.cleanup.manager [-] Deleting neutron.port object s_rally_84d508b7_fMHxdQP5 (c7b188ef-f9db-4868-9b05-6effba23e004)
2019-11-30 15:59:22.814 15 RALLYDEBUG rally_openstack.cleanup.manager [-] Deleting neutron.port object s_rally_84d508b7_4NwLESLT (c843b86d-d86b-494c-aab0-a4f51ae97aa0)
2019-11-30 15:59:22.934 15 RALLYDEBUG rally_openstack.cleanup.manager [-] Deleting neutron.port object s_rally_84d508b7_p9to15IW (c8d82de8-3df4-488f-8a20-80cc78fee05f)
2019-11-30 15:59:22.942 15 RALLYDEBUG rally_openstack.cleanup.manager [-] Deleting neutron.port object s_rally_84d508b7_gy4WycNj (ca216b21-e9bf-49a5-ae86-6a332583b964)
2019-11-30 15:59:22.951 15 RALLYDEBUG rally_openstack.cleanup.manager [-] Deleting neutron.port object s_rally_84d508b7_HYqkUHM9 (ca4c9e2b-fac5-46bc-80d6-79be61e2a8fd)
2019-11-30 15:59:23.412 15 RALLYDEBUG rally_openstack.cleanup.manager [-] Deleting neutron.port object s_rally_84d508b7_gMErfTSk (cad8a9f8-bae1-4fe7-b31e-8187f5b3f9d4)
2019-11-30 15:59:25.183 15 RALLYDEBUG rally_openstack.cleanup.manager [-] Deleting neutron.port object s_rally_84d508b7_sHdyAnVV (cb853597-c0bf-42d2-bce0-dd4c885bd1de)
2019-11-30 15:59:25.748 15 RALLYDEBUG rally_openstack.cleanup.manager [-] Deleting neutron.port object s_rally_84d508b7_ycujyEzm (cb9ac8bb-78fd-43ea-8b9e-6eb7501ffd18)
2019-11-30 15:59:25.802 15 RALLYDEBUG rally_openstack.cleanup.manager [-] Deleting neutron.port object s_rally_84d508b7_jk6LSaz5 (cc05f2be-0207-4f4c-ab51-c67f237f085e)
2019-11-30 15:59:25.825 15 RALLYDEBUG rally_openstack.cleanup.manager [-] Deleting neutron.port object s_rally_84d508b7_PUnNsn4H (cc3c926d-5620-4a4d-9281-73f3b8a649c7)
2019-11-30 15:59:26.015 15 RALLYDEBUG rally_openstack.cleanup.manager [-] Deleting neutron.port object s_rally_84d508b7_KpTisMNW (cd3be927-8ff6-4379-bd64-d4259043f5b7)
2019-11-30 15:59:26.020 15 RALLYDEBUG rally_openstack.cleanup.manager [-] Deleting neutron.port object s_rally_84d508b7_KY8hAlxp (cdb15dc6-ecd6-4ddb-a424-4cecf4e9c7b7)
2019-11-30 15:59:26.024 15 RALLYDEBUG rally_openstack.cleanup.manager [-] Deleting neutron.port object s_rally_84d508b7_xULnrhOV (ce0e8298-604f-4224-a15d-046000993e87)
2019-11-30 15:59:26.553 15 RALLYDEBUG rally_openstack.cleanup.manager [-] Deleting neutron.port object s_rally_84d508b7_55JjPTmi (cefb22a1-9014-499e-a9c1-0d6af2c0eb0a)
2019-11-30 15:59:26.574 15 RALLYDEBUG rally_openstack.cleanup.manager [-] Deleting neutron.port object s_rally_84d508b7_CDizDYla (cf1d7c58-c327-40a7-b4f6-c0e0c79c8ae0)
2019-11-30 15:59:26.893 15 RALLYDEBUG rally_openstack.cleanup.manager [-] Deleting neutron.port object s_rally_84d508b7_qa5Qk2oe (d03e9e86-515e-4d6c-ba90-6eaa1bbb33c7)
2019-11-30 15:59:27.007 15 RALLYDEBUG rally_openstack.cleanup.manager [-] Deleting neutron.port object s_rally_84d508b7_ezIKjMBh (d13a9685-0c85-43c5-bd86-97f37016cc44)
2019-11-30 15:59:27.075 15 RALLYDEBUG rally_openstack.cleanup.manager [-] Deleting neutron.port object s_rally_84d508b7_6qdr0s5R (d1c76fc5-78de-4b93-af1e-bc4d4817db4e)
2019-11-30 15:59:27.080 15 RALLYDEBUG rally_openstack.cleanup.manager [-] Deleting neutron.port object s_rally_84d508b7_pa80UmbF (d250a99f-a901-4892-8259-b37c7c17d391)
2019-11-30 15:59:27.084 15 RALLYDEBUG rally_openstack.cleanup.manager [-] Deleting neutron.port object s_rally_84d508b7_mdGSreyw (d2546856-96a6-40fa-9af0-a2fe051c0ca3)
2019-11-30 15:59:27.359 15 RALLYDEBUG rally_openstack.cleanup.manager [-] Deleting neutron.port object s_rally_84d508b7_dhVtcQLY (d290e05a-17f8-4ae2-9247-0d8c2d0ea09f)
2019-11-30 15:59:27.426 15 RALLYDEBUG rally_openstack.cleanup.manager [-] Deleting neutron.port object s_rally_84d508b7_4Pu4bvkO (d29d4b73-7be3-4567-aa2b-b7397273b816)
2019-11-30 15:59:27.999 15 RALLYDEBUG rally_openstack.cleanup.manager [-] Deleting neutron.port object s_rally_84d508b7_vGEZwkAd (d383d393-58a7-4b67-8664-51447978dcdc)
2019-11-30 15:59:28.609 15 RALLYDEBUG rally_openstack.cleanup.manager [-] Deleting neutron.port object s_rally_84d508b7_8aLWVT19 (d3b2e53e-bfac-4e9d-a674-4bd080936b2a)
2019-11-30 15:59:28.759 15 RALLYDEBUG rally_openstack.cleanup.manager [-] Deleting neutron.port object s_rally_84d508b7_QdXehmKb (d3f4e7ae-a56a-487c-8e7c-a2c6759e9226)
2019-11-30 15:59:29.097 15 RALLYDEBUG rally_openstack.cleanup.manager [-] Deleting neutron.port object s_rally_84d508b7_It5BTmyE (d41002cc-8abe-4d6d-8d37-5fb1138a03df)
2019-11-30 15:59:29.125 15 RALLYDEBUG rally_openstack.cleanup.manager [-] Deleting neutron.port object s_rally_84d508b7_eDoJZjCl (d52dc68d-ea3f-49ee-937a-c40fe2ea2704)
2019-11-30 15:59:29.624 15 RALLYDEBUG rally_openstack.cleanup.manager [-] Deleting neutron.port object s_rally_84d508b7_v9uNFxqO (d652101f-d452-47b8-9c1d-92d2fe0477f7)
2019-11-30 15:59:29.748 15 RALLYDEBUG rally_openstack.cleanup.manager [-] Deleting neutron.port object s_rally_84d508b7_IbX9cEuu (d68608e1-b8ac-4c23-9839-a717e8edf758)
2019-11-30 15:59:29.826 15 RALLYDEBUG rally_openstack.cleanup.manager [-] Deleting neutron.port object s_rally_84d508b7_oOr6H4n0 (d7237aaf-0180-43c0-bc65-5d76e735cf8d)
2019-11-30 15:59:30.618 15 RALLYDEBUG rally_openstack.cleanup.manager [-] Deleting neutron.port object s_rally_84d508b7_pSUxeyj4 (d72db576-01de-48b4-b6e4-428498df0e91)
2019-11-30 15:59:30.667 15 RALLYDEBUG rally_openstack.cleanup.manager [-] Deleting neutron.port object s_rally_84d508b7_XutfTUoO (d74f7284-0bfe-4c31-aae7-7ead90b4953a)
2019-11-30 15:59:30.833 15 RALLYDEBUG rally_openstack.cleanup.manager [-] Deleting neutron.port object s_rally_84d508b7_Ar5S2WYR (d8ad67dc-c9a6-4abc-84cb-2c13df78e36d)
2019-11-30 15:59:30.894 15 RALLYDEBUG rally_openstack.cleanup.manager [-] Deleting neutron.port object s_rally_84d508b7_p6WHUBON (d8bfeb70-1fe7-4103-8613-f5a38fb6f59c)
2019-11-30 15:59:32.449 15 RALLYDEBUG rally_openstack.cleanup.manager [-] Deleting neutron.port object s_rally_84d508b7_Ft8FYgSR (d8c1d4cc-db4c-4d33-9a8a-4d3c2d20c0d0)
2019-11-30 15:59:32.472 15 RALLYDEBUG rally_openstack.cleanup.manager [-] Deleting neutron.port object s_rally_84d508b7_WkchulOh (dbaee1b1-2953-4e17-ab3f-2041b76e01a3)
2019-11-30 15:59:32.571 15 RALLYDEBUG rally_openstack.cleanup.manager [-] Deleting neutron.port object s_rally_84d508b7_KRE2oHmS (dc753247-4e34-4946-be39-9274abea33c4)
2019-11-30 15:59:33.017 15 RALLYDEBUG rally_openstack.cleanup.manager [-] Deleting neutron.port object s_rally_84d508b7_19TJimD8 (dc824051-40bf-4663-acb4-465d1a29d9b7)
2019-11-30 15:59:34.065 15 RALLYDEBUG rally_openstack.cleanup.manager [-] Deleting neutron.port object s_rally_84d508b7_d3pVcsLV (dd88ea4f-0d01-4b2c-a406-44969b1c7099)
2019-11-30 15:59:34.495 15 RALLYDEBUG rally_openstack.cleanup.manager [-] Deleting neutron.port object s_rally_84d508b7_SbLQkrAA (dd91eef9-9ea0-4280-ae56-494ddff4aeb6)
2019-11-30 15:59:34.536 15 RALLYDEBUG rally_openstack.cleanup.manager [-] Deleting neutron.port object s_rally_84d508b7_5sTo9aZl (de0c6f66-cf84-4e00-976c-1fc8794c75f3)
2019-11-30 15:59:34.640 15 RALLYDEBUG rally_openstack.cleanup.manager [-] Deleting neutron.port object s_rally_84d508b7_HGf7A6CR (de9488d8-9656-407c-9d05-cfa6d99fe641)
2019-11-30 15:59:34.888 15 RALLYDEBUG rally_openstack.cleanup.manager [-] Deleting neutron.port object s_rally_84d508b7_GZLVlVnk (decc2b49-6de5-45d9-9993-72396c67479a)
2019-11-30 15:59:34.916 15 RALLYDEBUG rally_openstack.cleanup.manager [-] Deleting neutron.port object s_rally_84d508b7_MYtVboQW (df295849-532d-47cb-b11d-d0be632aa930)
2019-11-30 15:59:35.013 15 RALLYDEBUG rally_openstack.cleanup.manager [-] Deleting neutron.port object s_rally_84d508b7_F2AoNZAM (e16582d8-a204-44f7-ab32-6c1451635269)
2019-11-30 15:59:35.014 15 RALLYDEBUG rally_openstack.cleanup.manager [-] Deleting neutron.port object s_rally_84d508b7_QqiZC3wx (e0634471-8434-47af-9c9f-e676f636d656)
2019-11-30 15:59:35.225 15 RALLYDEBUG rally_openstack.cleanup.manager [-] Deleting neutron.port object s_rally_84d508b7_FYPEXvvl (e39c3872-3341-4195-b7e6-87cac007304b)
2019-11-30 15:59:35.266 15 RALLYDEBUG rally_openstack.cleanup.manager [-] Deleting neutron.port object s_rally_84d508b7_zRCqqXDz (e40c36c0-ef9e-4c80-ab79-b40178c74e38)
2019-11-30 15:59:35.340 15 RALLYDEBUG rally_openstack.cleanup.manager [-] Deleting neutron.port object s_rally_84d508b7_090HLwLH (e4ac6b56-0cfc-4120-a9fe-8281b27f3ce2)
2019-11-30 15:59:35.482 15 RALLYDEBUG rally_openstack.cleanup.manager [-] Deleting neutron.port object s_rally_84d508b7_eDyesUGq (e4e2aedc-86e2-41cd-ab91-45451ac8448d)
2019-11-30 15:59:35.665 15 RALLYDEBUG rally_openstack.cleanup.manager [-] Deleting neutron.port object s_rally_84d508b7_tUBRi63J (e5228d5f-c326-474e-bba9-40acba27327b)
2019-11-30 15:59:35.933 15 RALLYDEBUG rally_openstack.cleanup.manager [-] Deleting neutron.port object s_rally_84d508b7_uWLghsQK (e57bddb1-5399-4123-8950-5d947b264cdf)
2019-11-30 15:59:36.540 15 RALLYDEBUG rally_openstack.cleanup.manager [-] Deleting neutron.port object s_rally_84d508b7_vchu4Aa6 (e6b043e6-9e92-499b-b1a7-92e97d3e0e0a)
2019-11-30 15:59:36.629 15 RALLYDEBUG rally_openstack.cleanup.manager [-] Deleting neutron.port object s_rally_84d508b7_5wM6jaO2 (e84e70f8-cf6c-4534-8e4f-8194cce765b2)
2019-11-30 15:59:37.454 15 RALLYDEBUG rally_openstack.cleanup.manager [-] Deleting neutron.port object s_rally_84d508b7_MCLOk9W8 (e8c885c5-44eb-4aba-a68f-bcdc5f4aa4a3)
2019-11-30 15:59:37.763 15 RALLYDEBUG rally_openstack.cleanup.manager [-] Deleting neutron.port object s_rally_84d508b7_o0ma96c0 (e96fcce3-3c8a-4354-87cc-e42009587480)
2019-11-30 15:59:37.914 15 RALLYDEBUG rally_openstack.cleanup.manager [-] Deleting neutron.port object s_rally_84d508b7_8yYKowfs (ea13e3cd-bbcf-43c2-8c7c-c11913f1a3f6)
2019-11-30 15:59:37.970 15 RALLYDEBUG rally_openstack.cleanup.manager [-] Deleting neutron.port object s_rally_84d508b7_T5UyXQot (ebc5bc97-cc80-464c-a3ee-e6be6cf3b2a3)
2019-11-30 15:59:38.120 15 RALLYDEBUG rally_openstack.cleanup.manager [-] Deleting neutron.port object s_rally_84d508b7_MnO7AWcn (ebd689fc-1284-4862-98a3-3de2734ef4a2)
2019-11-30 15:59:38.194 15 RALLYDEBUG rally_openstack.cleanup.manager [-] Deleting neutron.port object s_rally_84d508b7_GbJFhadR (ece6d667-723d-46dc-8260-fe66927fbd62)
2019-11-30 15:59:38.203 15 RALLYDEBUG rally_openstack.cleanup.manager [-] Deleting neutron.port object s_rally_84d508b7_nb2bCWiJ (ecfe5b08-7c62-447e-b5b2-f6566255981a)
2019-11-30 15:59:38.698 15 RALLYDEBUG rally_openstack.cleanup.manager [-] Deleting neutron.port object s_rally_84d508b7_TxQ4niVp (ed1b7959-8ca1-4f37-8dad-47e25c4f4b22)
2019-11-30 15:59:38.713 15 RALLYDEBUG rally_openstack.cleanup.manager [-] Deleting neutron.port object s_rally_84d508b7_2Cwfr8SR (edc0e253-0046-4f27-bea7-2bab20376d93)
2019-11-30 15:59:38.923 15 RALLYDEBUG rally_openstack.cleanup.manager [-] Deleting neutron.port object s_rally_84d508b7_XlUo2c8Q (edf2fa78-895a-445a-9da6-14072035f077)
2019-11-30 15:59:39.314 15 RALLYDEBUG rally_openstack.cleanup.manager [-] Deleting neutron.port object s_rally_84d508b7_KBucUUXS (ee5645cf-a1e3-48aa-b5f1-0de53ca1240b)
2019-11-30 15:59:39.769 15 RALLYDEBUG rally_openstack.cleanup.manager [-] Deleting neutron.port object s_rally_84d508b7_Gxj3522i (eec39881-3f2f-4cbe-8050-ea80da53d79b)
2019-11-30 15:59:40.165 15 RALLYDEBUG rally_openstack.cleanup.manager [-] Deleting neutron.port object s_rally_84d508b7_hUjRd2ju (ef362854-76d7-4612-b315-9ec7c0523e4c)
2019-11-30 15:59:40.816 15 RALLYDEBUG rally_openstack.cleanup.manager [-] Deleting neutron.port object s_rally_84d508b7_SFcnWAxL (ef8c9f0c-40f1-48f9-9e90-72fa16facf4c)
2019-11-30 15:59:41.682 15 RALLYDEBUG rally_openstack.cleanup.manager [-] Deleting neutron.port object s_rally_84d508b7_5Lsd1SV3 (efe0a2fd-705c-46ea-9433-73c3202c9421)
2019-11-30 15:59:42.305 15 RALLYDEBUG rally_openstack.cleanup.manager [-] Deleting neutron.port object s_rally_84d508b7_9YIC243v (f0923a4b-b3e8-4161-8531-a789606a62e6)
2019-11-30 15:59:42.518 15 RALLYDEBUG rally_openstack.cleanup.manager [-] Deleting neutron.port object s_rally_84d508b7_H5ed9WCe (f0d3a9a7-5e35-44fc-a2ec-5325dd7c8f9f)
2019-11-30 15:59:42.597 15 RALLYDEBUG rally_openstack.cleanup.manager [-] Deleting neutron.port object s_rally_84d508b7_bpekwfL2 (f0d6ad14-572b-4377-9685-e2ff2dbe90ba)
2019-11-30 15:59:42.766 15 RALLYDEBUG rally_openstack.cleanup.manager [-] Deleting neutron.port object s_rally_84d508b7_Ks6V1p6r (f164f1b5-4aac-4f92-bc2b-7cdff5873edc)
2019-11-30 15:59:42.801 15 RALLYDEBUG rally_openstack.cleanup.manager [-] Deleting neutron.port object s_rally_84d508b7_1veM2k6X (f1c3a867-9953-400a-b03b-379bae9884bc)
2019-11-30 15:59:42.844 15 RALLYDEBUG rally_openstack.cleanup.manager [-] Deleting neutron.port object s_rally_84d508b7_ge3UWkWo (f2c01a51-f78b-4400-be4c-1c69ad2d3ba7)
2019-11-30 15:59:42.911 15 RALLYDEBUG rally_openstack.cleanup.manager [-] Deleting neutron.port object s_rally_84d508b7_lYLFZRFp (f2c632cb-7afa-4994-925e-203888c1d3e7)
2019-11-30 15:59:42.922 15 RALLYDEBUG rally_openstack.cleanup.manager [-] Deleting neutron.port object s_rally_84d508b7_B3PIF9aM (f3b3037b-1b3f-4b8d-b33f-7e88275adfde)
2019-11-30 15:59:42.994 15 RALLYDEBUG rally_openstack.cleanup.manager [-] Deleting neutron.port object s_rally_84d508b7_OdIxkDjg (f40cece6-ac67-48c6-905c-21b3f3b46e25)
2019-11-30 15:59:43.444 15 RALLYDEBUG rally_openstack.cleanup.manager [-] Deleting neutron.port object s_rally_84d508b7_sbHz4ptz (f41ea052-e71a-4895-96de-932943f8a3c9)
2019-11-30 15:59:43.551 15 RALLYDEBUG rally_openstack.cleanup.manager [-] Deleting neutron.port object s_rally_84d508b7_DWvu16ZH (f45a377b-ea81-4329-9be8-c7b1f905f7f1)
2019-11-30 15:59:44.569 15 RALLYDEBUG rally_openstack.cleanup.manager [-] Deleting neutron.port object s_rally_84d508b7_Q9qoZ6A9 (f524e245-f7ac-4b7a-ac80-9999f15a7b27)
2019-11-30 15:59:45.338 15 RALLYDEBUG rally_openstack.cleanup.manager [-] Deleting neutron.port object s_rally_84d508b7_xVYd5P4z (f580ae86-d723-4ad4-a85b-5f1e50a7bab6)
2019-11-30 15:59:45.901 15 RALLYDEBUG rally_openstack.cleanup.manager [-] Deleting neutron.port object s_rally_84d508b7_l6zaeYP8 (f5b98b5f-2bbc-448c-a5da-c6c9a02de2a4)
2019-11-30 15:59:45.965 15 RALLYDEBUG rally_openstack.cleanup.manager [-] Deleting neutron.port object s_rally_84d508b7_Dx9XhfHT (f651bf46-5df9-41d3-8614-b7fce3144030)
2019-11-30 15:59:46.072 15 RALLYDEBUG rally_openstack.cleanup.manager [-] Deleting neutron.port object s_rally_84d508b7_FF4HL4uE (f6a19d3e-2f3e-4228-b0a9-7135e3899aa9)
2019-11-30 15:59:46.267 15 RALLYDEBUG rally_openstack.cleanup.manager [-] Deleting neutron.port object s_rally_84d508b7_0yaoHgKt (f6c754c6-da2c-42eb-ace6-1846dbdcf7f0)
2019-11-30 15:59:46.555 15 RALLYDEBUG rally_openstack.cleanup.manager [-] Deleting neutron.port object s_rally_84d508b7_PxdAGmzM (f6faf514-b14a-46c7-8c0d-024331fb40d5)
2019-11-30 15:59:46.793 15 RALLYDEBUG rally_openstack.cleanup.manager [-] Deleting neutron.port object s_rally_84d508b7_SHoo9NHO (f7d16c28-cdb6-4812-94ea-65f995baff6d)
2019-11-30 15:59:46.898 15 RALLYDEBUG rally_openstack.cleanup.manager [-] Deleting neutron.port object s_rally_84d508b7_RAlroiYs (f8097f5e-3a28-4fc4-85b0-38cad6ea1354)
2019-11-30 15:59:46.971 15 RALLYDEBUG rally_openstack.cleanup.manager [-] Deleting neutron.port object s_rally_84d508b7_ohLKvu7M (f81afff7-3016-4981-ba84-6081a7cf5a86)
2019-11-30 15:59:47.086 15 RALLYDEBUG rally_openstack.cleanup.manager [-] Deleting neutron.port object s_rally_84d508b7_6P4iDl9m (f912150f-ec6e-4868-aff5-e9c2043f23b3)
2019-11-30 15:59:47.128 15 RALLYDEBUG rally_openstack.cleanup.manager [-] Deleting neutron.port object s_rally_84d508b7_KgB9CYGS (f937a14e-daf1-4a04-8951-4300267ec020)
2019-11-30 15:59:47.250 15 RALLYDEBUG rally_openstack.cleanup.manager [-] Deleting neutron.port object s_rally_84d508b7_oZmbjF0E (f93b5397-4e6a-48ae-bf41-5e3a1345ae36)
2019-11-30 15:59:47.346 15 RALLYDEBUG rally_openstack.cleanup.manager [-] Deleting neutron.port object s_rally_84d508b7_mB1eVaIF (f97ce454-5603-44b9-b025-bfd6ff4a8538)
2019-11-30 15:59:48.534 15 RALLYDEBUG rally_openstack.cleanup.manager [-] Deleting neutron.port object s_rally_84d508b7_OMm8fBli (fa3254ff-2c6b-49bf-8832-2fb6904d707b)
2019-11-30 15:59:48.773 15 RALLYDEBUG rally_openstack.cleanup.manager [-] Deleting neutron.port object s_rally_84d508b7_kwWBdM5Q (fabaf2ea-2f57-459d-beb0-ce9135020bc7)
2019-11-30 15:59:50.191 15 RALLYDEBUG rally_openstack.cleanup.manager [-] Deleting neutron.port object s_rally_84d508b7_zVKtESf5 (fafa30be-1c58-4ed6-ac54-79e7e5a64ff2)
2019-11-30 15:59:50.205 15 RALLYDEBUG rally_openstack.cleanup.manager [-] Deleting neutron.port object s_rally_84d508b7_hc6wD45f (fb721e43-2096-4182-9304-5be4801e1e33)
2019-11-30 15:59:50.262 15 RALLYDEBUG rally_openstack.cleanup.manager [-] Deleting neutron.port object s_rally_84d508b7_VA2qIbvz (fb733dd0-4a22-4b52-9d23-3b572d91a111)
2019-11-30 15:59:50.274 15 RALLYDEBUG rally_openstack.cleanup.manager [-] Deleting neutron.port object s_rally_84d508b7_U4AOUZvJ (fc5be39d-bc3b-4a0e-91eb-59c7805a3fa3)
2019-11-30 15:59:50.292 15 RALLYDEBUG rally_openstack.cleanup.manager [-] Deleting neutron.port object s_rally_84d508b7_1BrBCd6W (fddae809-91d9-49ab-afd8-c40c87eeea1a)
2019-11-30 15:59:50.350 15 RALLYDEBUG rally_openstack.cleanup.manager [-] Deleting neutron.port object s_rally_84d508b7_kFW5fEHF (fe7676a7-db6d-4cd2-bc4c-fd5137ee6cc6)
2019-11-30 15:59:50.597 15 RALLYDEBUG rally_openstack.cleanup.manager [-] Deleting neutron.port object s_rally_84d508b7_PG1dQcJm (fe8e45a6-18bc-431e-b908-cee92e139ad3)
2019-11-30 15:59:50.688 15 RALLYDEBUG rally_openstack.cleanup.manager [-] Deleting neutron.port object s_rally_84d508b7_RBTu47x5 (ff6b991c-9a7d-4e13-b229-614cc8ca10b5)
2019-11-30 15:59:51.066 15 RALLYDEBUG rally_openstack.cleanup.manager [-] Deleting neutron.port object s_rally_84d508b7_o3wzXFU2 (ffc70191-7395-47f4-b967-5e25ef3236e7)
2019-11-30 15:59:51.261 15 RALLYDEBUG rally_openstack.cleanup.manager [-] Deleting neutron.port object s_rally_84d508b7_UBfp1WY4 (ffebef29-bfaa-4f35-a0c7-d4172cd1d924)
2019-11-30 15:59:55.292 15 RALLYDEBUG rally_openstack.cleanup.manager [-] Cleaning up neutron subnet objects
2019-11-30 15:59:55.517 15 RALLYDEBUG rally_openstack.cleanup.manager [-] Cleaning up neutron network objects
2019-11-30 15:59:56.003 15 RALLYDEBUG rally_openstack.cleanup.manager [-] Deleting neutron.network object s_rally_84d508b7_ws4WtGQl (1d94dcd2-c722-4806-8332-c9c123a556a0)
2019-11-30 15:59:56.011 15 RALLYDEBUG rally_openstack.cleanup.manager [-] Deleting neutron.network object s_rally_84d508b7_0qZqmxN2 (25aa4f39-1390-4862-b5c7-9c3147841f11)
2019-11-30 15:59:56.020 15 RALLYDEBUG rally_openstack.cleanup.manager [-] Deleting neutron.network object s_rally_84d508b7_ZwbezHMR (733d8449-cfa8-4f17-bdd5-13b25c0c2d5b)
2019-11-30 15:59:56.032 15 RALLYDEBUG rally_openstack.cleanup.manager [-] Deleting neutron.network object s_rally_84d508b7_BcMW5k9T (7480e905-7e60-487e-96f2-e96e18be024c)
2019-11-30 15:59:56.045 15 RALLYDEBUG rally_openstack.cleanup.manager [-] Deleting neutron.network object s_rally_84d508b7_koCwzb5l (aa975c11-76f7-4d1f-b4ff-d1df63fe72e9)
2019-11-30 15:59:56.048 15 RALLYDEBUG rally_openstack.cleanup.manager [-] Deleting neutron.network object s_rally_84d508b7_cvI9NQDo (925dfc22-e14f-4667-a8ae-16a758fc679f)
2019-11-30 15:59:56.058 15 RALLYDEBUG rally_openstack.cleanup.manager [-] Deleting neutron.network object s_rally_84d508b7_srr17B1X (b82b5b5f-6de3-44ea-9ae6-a067b0c9a6c5)
2019-11-30 15:59:56.079 15 RALLYDEBUG rally_openstack.cleanup.manager [-] Deleting neutron.network object s_rally_84d508b7_YuTWzKJM (d47608c8-83e8-480b-aff4-848e211d8e91)
2019-11-30 16:00:00.003 15 RALLYDEBUG rally_openstack.cleanup.manager [-] Cleaning up neutron router objects
2019-11-30 16:00:00.303 15 RALLYDEBUG rally_openstack.cleanup.manager [-] Cleaning up neutron security_group objects
2019-11-30 16:00:00.629 15 INFO rally.task.context [-] Task dd256fdf-7d72-4117-83c9-3deda0bac34c | Context cleanup@openstack cleanup() finished in 1.96 min
2019-11-30 16:00:00.630 15 INFO rally.task.context [-] Task dd256fdf-7d72-4117-83c9-3deda0bac34c | Context quotas@openstack cleanup() started
2019-11-30 16:00:00.748 15 INFO rally.task.context [-] Task dd256fdf-7d72-4117-83c9-3deda0bac34c | Context quotas@openstack cleanup() finished in 0.12 sec
2019-11-30 16:00:00.749 15 INFO rally.task.context [-] Task dd256fdf-7d72-4117-83c9-3deda0bac34c | Context users@openstack cleanup() started
2019-11-30 16:00:02.417 15 INFO rally.task.context [-] Task dd256fdf-7d72-4117-83c9-3deda0bac34c | Context users@openstack cleanup() finished in 1.67 sec
2019-11-30 16:00:03.315 15 INFO rally.task.engine [-] Load duration is: 199.764094
2019-11-30 16:00:03.316 15 INFO rally.task.engine [-] Full runner duration is: 199.819471
2019-11-30 16:00:03.316 15 INFO rally.task.engine [-] Full duration is: 320.312739
2019-11-30 16:00:03.395 15 INFO rally.task.engine [-] Running workload: position = 1 config = { "version": 2, "title": "A cropped version of a bigger task.", "description": "Auto-generated task from a single workload (uuid=354b031e-63c1-4576-89ce-96b7ff36fccf)", "subtasks": [ { "title": "NeutronNetworks.create_and_update_ports", "description": "Create and update a given number of ports.", "scenario": { "NeutronNetworks.create_and_update_ports": { "network_create_args": {}, "port_create_args": {}, "ports_per_network": 5, "port_update_args": { "admin_state_up": false, "device_id": "dummy_id", "device_owner": "dummy_owner", "name": "_port_updated" } } }, "contexts": { "users": { "tenants": 1, "users_per_tenant": 1 }, "quotas": { "neutron": { "network": -1, "port": -1 } } }, "runner": { "constant": { "times": 40, "concurrency": 20 } }, "hooks": [], "sla": { "failure_rate": { "max": 0 } } } ] }
2019-11-30 16:00:03.415 15 RALLYDEBUG rally_openstack.contexts.keystone.users [-] Creating 1 tenants using 20 threads
2019-11-30 16:00:03.762 15 RALLYDEBUG rally_openstack.contexts.keystone.users [-] Creating 1 users using 20 threads
2019-11-30 16:00:04.182 15 INFO rally.task.context [-] Task dd256fdf-7d72-4117-83c9-3deda0bac34c | Context users@openstack setup() finished in 0.77 sec
2019-11-30 16:00:04.564 15 INFO rally.task.context [-] Task dd256fdf-7d72-4117-83c9-3deda0bac34c | Context quotas@openstack setup() finished in 0.38 sec
2019-11-30 16:00:04.564 15 INFO rally.task.context [-] Task dd256fdf-7d72-4117-83c9-3deda0bac34c | Context cleanup@openstack setup() finished in 0.01 msec
2019-11-30 16:00:04.574 15 RALLYDEBUG rally.task.runner [-] Starting the constant runner (task UUID: dd256fdf-7d72-4117-83c9-3deda0bac34c). timeout: 0 concurrency: 20 concurrency_per_worker: 1 times: 40 concurrency_overhead: 0 processes_to_start: 20 max_cpu_used: 88
2019-11-30 16:00:04.588 4199 RALLYDEBUG rally.task.runner [-] Starting a worker. concurrency: 1 args: {"network_create_args": {}, "port_create_args": {}, "ports_per_network": 5, "port_update_args": {"admin_state_up": false, "device_id": "dummy_id", "device_owner": "dummy_owner", "name": "_port_updated"}} times: 40 method_name: run timeout: 0 duration: None cls:
2019-11-30 16:00:04.591 4200 RALLYDEBUG rally.task.runner [-] Starting a worker. concurrency: 1 args: {"network_create_args": {}, "port_create_args": {}, "ports_per_network": 5, "port_update_args": {"admin_state_up": false, "device_id": "dummy_id", "device_owner": "dummy_owner", "name": "_port_updated"}} times: 40 method_name: run timeout: 0 duration: None cls:
2019-11-30 16:00:04.593 4201 RALLYDEBUG rally.task.runner [-] Starting a worker. concurrency: 1 args: {"network_create_args": {}, "port_create_args": {}, "ports_per_network": 5, "port_update_args": {"admin_state_up": false, "device_id": "dummy_id", "device_owner": "dummy_owner", "name": "_port_updated"}} times: 40 method_name: run timeout: 0 duration: None cls:
2019-11-30 16:00:04.595 4199 INFO rally.task.runner [-] Task dd256fdf-7d72-4117-83c9-3deda0bac34c | ITER: 1 START
2019-11-30 16:00:04.596 4199 WARNING rally_openstack.scenarios.neutron.utils [-] Running this scenario without either the 'network' or 'existing_network' context is deprecated
2019-11-30 16:00:04.596 4202 RALLYDEBUG rally.task.runner [-] Starting a worker. concurrency: 1 args: {"network_create_args": {}, "port_create_args": {}, "ports_per_network": 5, "port_update_args": {"admin_state_up": false, "device_id": "dummy_id", "device_owner": "dummy_owner", "name": "_port_updated"}} times: 40 method_name: run timeout: 0 duration: None cls:
2019-11-30 16:00:04.598 4200 INFO rally.task.runner [-] Task dd256fdf-7d72-4117-83c9-3deda0bac34c | ITER: 2 START
2019-11-30 16:00:04.599 4200 WARNING rally_openstack.scenarios.neutron.utils [-] Running this scenario without either the 'network' or 'existing_network' context is deprecated
2019-11-30 16:00:04.600 4201 INFO rally.task.runner [-] Task dd256fdf-7d72-4117-83c9-3deda0bac34c | ITER: 3 START
2019-11-30 16:00:04.599 4203 RALLYDEBUG rally.task.runner [-] Starting a worker. concurrency: 1 args: {"network_create_args": {}, "port_create_args": {}, "ports_per_network": 5, "port_update_args": {"admin_state_up": false, "device_id": "dummy_id", "device_owner": "dummy_owner", "name": "_port_updated"}} times: 40 method_name: run timeout: 0 duration: None cls:
2019-11-30 16:00:04.601 4201 WARNING rally_openstack.scenarios.neutron.utils [-] Running this scenario without either the 'network' or 'existing_network' context is deprecated
2019-11-30 16:00:04.602 4206 RALLYDEBUG rally.task.runner [-] Starting a worker. concurrency: 1 args: {"network_create_args": {}, "port_create_args": {}, "ports_per_network": 5, "port_update_args": {"admin_state_up": false, "device_id": "dummy_id", "device_owner": "dummy_owner", "name": "_port_updated"}} times: 40 method_name: run timeout: 0 duration: None cls:
2019-11-30 16:00:04.603 4202 INFO rally.task.runner [-] Task dd256fdf-7d72-4117-83c9-3deda0bac34c | ITER: 4 START
2019-11-30 16:00:04.604 4202 WARNING rally_openstack.scenarios.neutron.utils [-] Running this scenario without either the 'network' or 'existing_network' context is deprecated
2019-11-30 16:00:04.604 4209 RALLYDEBUG rally.task.runner [-] Starting a worker. concurrency: 1 args: {"network_create_args": {}, "port_create_args": {}, "ports_per_network": 5, "port_update_args": {"admin_state_up": false, "device_id": "dummy_id", "device_owner": "dummy_owner", "name": "_port_updated"}} times: 40 method_name: run timeout: 0 duration: None cls:
2019-11-30 16:00:04.606 4203 INFO rally.task.runner [-] Task dd256fdf-7d72-4117-83c9-3deda0bac34c | ITER: 5 START
2019-11-30 16:00:04.607 4203 WARNING rally_openstack.scenarios.neutron.utils [-] Running this scenario without either the 'network' or 'existing_network' context is deprecated
2019-11-30 16:00:04.608 4206 INFO rally.task.runner [-] Task dd256fdf-7d72-4117-83c9-3deda0bac34c | ITER: 6 START
2019-11-30 16:00:04.607 4212 RALLYDEBUG rally.task.runner [-] Starting a worker. concurrency: 1 args: {"network_create_args": {}, "port_create_args": {}, "ports_per_network": 5, "port_update_args": {"admin_state_up": false, "device_id": "dummy_id", "device_owner": "dummy_owner", "name": "_port_updated"}} times: 40 method_name: run timeout: 0 duration: None cls:
2019-11-30 16:00:04.609 4206 WARNING rally_openstack.scenarios.neutron.utils [-] Running this scenario without either the 'network' or 'existing_network' context is deprecated
2019-11-30 16:00:04.611 4209 INFO rally.task.runner [-] Task dd256fdf-7d72-4117-83c9-3deda0bac34c | ITER: 7 START
2019-11-30 16:00:04.610 4215 RALLYDEBUG rally.task.runner [-] Starting a worker. concurrency: 1 args: {"network_create_args": {}, "port_create_args": {}, "ports_per_network": 5, "port_update_args": {"admin_state_up": false, "device_id": "dummy_id", "device_owner": "dummy_owner", "name": "_port_updated"}} times: 40 method_name: run timeout: 0 duration: None cls:
2019-11-30 16:00:04.612 4209 WARNING rally_openstack.scenarios.neutron.utils [-] Running this scenario without either the 'network' or 'existing_network' context is deprecated
2019-11-30 16:00:04.613 4218 RALLYDEBUG rally.task.runner [-] Starting a worker. concurrency: 1 args: {"network_create_args": {}, "port_create_args": {}, "ports_per_network": 5, "port_update_args": {"admin_state_up": false, "device_id": "dummy_id", "device_owner": "dummy_owner", "name": "_port_updated"}} times: 40 method_name: run timeout: 0 duration: None cls:
2019-11-30 16:00:04.614 4212 INFO rally.task.runner [-] Task dd256fdf-7d72-4117-83c9-3deda0bac34c | ITER: 8 START
2019-11-30 16:00:04.615 4212 WARNING rally_openstack.scenarios.neutron.utils [-] Running this scenario without either the 'network' or 'existing_network' context is deprecated
2019-11-30 16:00:04.616 4215 INFO rally.task.runner [-] Task dd256fdf-7d72-4117-83c9-3deda0bac34c | ITER: 9 START
2019-11-30 16:00:04.616 4221 RALLYDEBUG rally.task.runner [-] Starting a worker. concurrency: 1 args: {"network_create_args": {}, "port_create_args": {}, "ports_per_network": 5, "port_update_args": {"admin_state_up": false, "device_id": "dummy_id", "device_owner": "dummy_owner", "name": "_port_updated"}} times: 40 method_name: run timeout: 0 duration: None cls:
2019-11-30 16:00:04.617 4215 WARNING rally_openstack.scenarios.neutron.utils [-] Running this scenario without either the 'network' or 'existing_network' context is deprecated
2019-11-30 16:00:04.619 4218 INFO rally.task.runner [-] Task dd256fdf-7d72-4117-83c9-3deda0bac34c | ITER: 10 START
2019-11-30 16:00:04.619 4224 RALLYDEBUG rally.task.runner [-] Starting a worker. concurrency: 1 args: {"network_create_args": {}, "port_create_args": {}, "ports_per_network": 5, "port_update_args": {"admin_state_up": false, "device_id": "dummy_id", "device_owner": "dummy_owner", "name": "_port_updated"}} times: 40 method_name: run timeout: 0 duration: None cls:
2019-11-30 16:00:04.620 4218 WARNING rally_openstack.scenarios.neutron.utils [-] Running this scenario without either the 'network' or 'existing_network' context is deprecated
2019-11-30 16:00:04.621 4228 RALLYDEBUG rally.task.runner [-] Starting a worker. concurrency: 1 args: {"network_create_args": {}, "port_create_args": {}, "ports_per_network": 5, "port_update_args": {"admin_state_up": false, "device_id": "dummy_id", "device_owner": "dummy_owner", "name": "_port_updated"}} times: 40 method_name: run timeout: 0 duration: None cls:
2019-11-30 16:00:04.623 4221 INFO rally.task.runner [-] Task dd256fdf-7d72-4117-83c9-3deda0bac34c | ITER: 11 START
2019-11-30 16:00:04.624 4221 WARNING rally_openstack.scenarios.neutron.utils [-] Running this scenario without either the 'network' or 'existing_network' context is deprecated
2019-11-30 16:00:04.624 4231 RALLYDEBUG rally.task.runner [-] Starting a worker. concurrency: 1 args: {"network_create_args": {}, "port_create_args": {}, "ports_per_network": 5, "port_update_args": {"admin_state_up": false, "device_id": "dummy_id", "device_owner": "dummy_owner", "name": "_port_updated"}} times: 40 method_name: run timeout: 0 duration: None cls:
2019-11-30 16:00:04.625 4224 INFO rally.task.runner [-] Task dd256fdf-7d72-4117-83c9-3deda0bac34c | ITER: 12 START
2019-11-30 16:00:04.627 4224 WARNING rally_openstack.scenarios.neutron.utils [-] Running this scenario without either the 'network' or 'existing_network' context is deprecated
2019-11-30 16:00:04.627 4228 INFO rally.task.runner [-] Task dd256fdf-7d72-4117-83c9-3deda0bac34c | ITER: 13 START
2019-11-30 16:00:04.628 4228 WARNING rally_openstack.scenarios.neutron.utils [-] Running this scenario without either the 'network' or 'existing_network' context is deprecated
2019-11-30 16:00:04.629 4233 RALLYDEBUG rally.task.runner [-] Starting a worker. concurrency: 1 args: {"network_create_args": {}, "port_create_args": {}, "ports_per_network": 5, "port_update_args": {"admin_state_up": false, "device_id": "dummy_id", "device_owner": "dummy_owner", "name": "_port_updated"}} times: 40 method_name: run timeout: 0 duration: None cls:
2019-11-30 16:00:04.630 4231 INFO rally.task.runner [-] Task dd256fdf-7d72-4117-83c9-3deda0bac34c | ITER: 14 START
2019-11-30 16:00:04.631 4231 WARNING rally_openstack.scenarios.neutron.utils [-] Running this scenario without either the 'network' or 'existing_network' context is deprecated
2019-11-30 16:00:04.631 4237 RALLYDEBUG rally.task.runner [-] Starting a worker. concurrency: 1 args: {"network_create_args": {}, "port_create_args": {}, "ports_per_network": 5, "port_update_args": {"admin_state_up": false, "device_id": "dummy_id", "device_owner": "dummy_owner", "name": "_port_updated"}} times: 40 method_name: run timeout: 0 duration: None cls:
2019-11-30 16:00:04.634 4241 RALLYDEBUG rally.task.runner [-] Starting a worker. concurrency: 1 args: {"network_create_args": {}, "port_create_args": {}, "ports_per_network": 5, "port_update_args": {"admin_state_up": false, "device_id": "dummy_id", "device_owner": "dummy_owner", "name": "_port_updated"}} times: 40 method_name: run timeout: 0 duration: None cls:
2019-11-30 16:00:04.635 4233 INFO rally.task.runner [-] Task dd256fdf-7d72-4117-83c9-3deda0bac34c | ITER: 15 START
2019-11-30 16:00:04.636 4233 WARNING rally_openstack.scenarios.neutron.utils [-] Running this scenario without either the 'network' or 'existing_network' context is deprecated
2019-11-30 16:00:04.637 4237 INFO rally.task.runner [-] Task dd256fdf-7d72-4117-83c9-3deda0bac34c | ITER: 16 START
2019-11-30 16:00:04.637 4244 RALLYDEBUG rally.task.runner [-] Starting a worker. concurrency: 1 args: {"network_create_args": {}, "port_create_args": {}, "ports_per_network": 5, "port_update_args": {"admin_state_up": false, "device_id": "dummy_id", "device_owner": "dummy_owner", "name": "_port_updated"}} times: 40 method_name: run timeout: 0 duration: None cls:
2019-11-30 16:00:04.638 4237 WARNING rally_openstack.scenarios.neutron.utils [-] Running this scenario without either the 'network' or 'existing_network' context is deprecated
2019-11-30 16:00:04.637 4245 RALLYDEBUG rally.task.runner [-] Starting a worker. concurrency: 1 args: {"network_create_args": {}, "port_create_args": {}, "ports_per_network": 5, "port_update_args": {"admin_state_up": false, "device_id": "dummy_id", "device_owner": "dummy_owner", "name": "_port_updated"}} times: 40 method_name: run timeout: 0 duration: None cls:
2019-11-30 16:00:04.640 4241 INFO rally.task.runner [-] Task dd256fdf-7d72-4117-83c9-3deda0bac34c | ITER: 17 START
2019-11-30 16:00:04.640 4248 RALLYDEBUG rally.task.runner [-] Starting a worker. concurrency: 1 args: {"network_create_args": {}, "port_create_args": {}, "ports_per_network": 5, "port_update_args": {"admin_state_up": false, "device_id": "dummy_id", "device_owner": "dummy_owner", "name": "_port_updated"}} times: 40 method_name: run timeout: 0 duration: None cls:
2019-11-30 16:00:04.641 4241 WARNING rally_openstack.scenarios.neutron.utils [-] Running this scenario without either the 'network' or 'existing_network' context is deprecated
2019-11-30 16:00:04.642 4244 INFO rally.task.runner [-] Task dd256fdf-7d72-4117-83c9-3deda0bac34c | ITER: 18 START
2019-11-30 16:00:04.643 4245 INFO rally.task.runner [-] Task dd256fdf-7d72-4117-83c9-3deda0bac34c | ITER: 19 START
2019-11-30 16:00:04.643 4244 WARNING rally_openstack.scenarios.neutron.utils [-] Running this scenario without either the 'network' or 'existing_network' context is deprecated
2019-11-30 16:00:04.644 4245 WARNING rally_openstack.scenarios.neutron.utils [-] Running this scenario without either the 'network' or 'existing_network' context is deprecated
2019-11-30 16:00:04.645 4248 INFO rally.task.runner [-] Task dd256fdf-7d72-4117-83c9-3deda0bac34c | ITER: 20 START
2019-11-30 16:00:04.646 4248 WARNING rally_openstack.scenarios.neutron.utils [-] Running this scenario without either the 'network' or 'existing_network' context is deprecated
2019-11-30 16:01:09.174 4199 INFO rally.task.runner [-] Task dd256fdf-7d72-4117-83c9-3deda0bac34c | ITER: 1 END: OK
2019-11-30 16:01:09.182 4199 INFO rally.task.runner [-] Task dd256fdf-7d72-4117-83c9-3deda0bac34c | ITER: 21 START
2019-11-30 16:01:09.182 4199 WARNING rally_openstack.scenarios.neutron.utils [-] Running this scenario without either the 'network' or 'existing_network' context is deprecated
2019-11-30 16:01:09.244 4202 INFO rally.task.runner [-] Task dd256fdf-7d72-4117-83c9-3deda0bac34c | ITER: 4 END: OK
2019-11-30 16:01:09.246 4203 INFO rally.task.runner [-] Task dd256fdf-7d72-4117-83c9-3deda0bac34c | ITER: 5 END: OK
2019-11-30 16:01:09.253 4202 INFO rally.task.runner [-] Task dd256fdf-7d72-4117-83c9-3deda0bac34c | ITER: 22 START
2019-11-30 16:01:09.254 4202 WARNING rally_openstack.scenarios.neutron.utils [-] Running this scenario without either the 'network' or 'existing_network' context is deprecated
2019-11-30 16:01:09.256 4203 INFO rally.task.runner [-] Task dd256fdf-7d72-4117-83c9-3deda0bac34c | ITER: 23 START
2019-11-30 16:01:09.257 4203 WARNING rally_openstack.scenarios.neutron.utils [-] Running this scenario without either the 'network' or 'existing_network' context is deprecated
2019-11-30 16:01:09.424 4244 INFO rally.task.runner [-] Task dd256fdf-7d72-4117-83c9-3deda0bac34c | ITER: 18 END: OK
2019-11-30 16:01:09.431 4244 INFO rally.task.runner [-] Task dd256fdf-7d72-4117-83c9-3deda0bac34c | ITER: 24 START
2019-11-30 16:01:09.433 4244 WARNING rally_openstack.scenarios.neutron.utils [-] Running this scenario without either the 'network' or 'existing_network' context is deprecated
2019-11-30 16:01:17.864 4218 INFO rally.task.runner [-] Task dd256fdf-7d72-4117-83c9-3deda0bac34c | ITER: 10 END: OK
2019-11-30 16:01:17.871 4218 INFO rally.task.runner [-] Task dd256fdf-7d72-4117-83c9-3deda0bac34c | ITER: 25 START
2019-11-30 16:01:17.872 4218 WARNING rally_openstack.scenarios.neutron.utils [-] Running this scenario without either the 'network' or 'existing_network' context is deprecated
2019-11-30 16:01:17.933 4200 INFO rally.task.runner [-] Task dd256fdf-7d72-4117-83c9-3deda0bac34c | ITER: 2 END: OK
2019-11-30 16:01:17.942 4200 INFO rally.task.runner [-] Task dd256fdf-7d72-4117-83c9-3deda0bac34c | ITER: 26 START
2019-11-30 16:01:17.943 4200 WARNING rally_openstack.scenarios.neutron.utils [-] Running this scenario without either the 'network' or 'existing_network' context is deprecated
2019-11-30 16:01:17.957 4201 INFO rally.task.runner [-] Task dd256fdf-7d72-4117-83c9-3deda0bac34c | ITER: 3 END: OK
2019-11-30 16:01:17.964 4201 INFO rally.task.runner [-] Task dd256fdf-7d72-4117-83c9-3deda0bac34c | ITER: 27 START
2019-11-30 16:01:17.965 4201 WARNING rally_openstack.scenarios.neutron.utils [-] Running this scenario without either the 'network' or 'existing_network' context is deprecated
2019-11-30 16:01:17.967 4231 INFO rally.task.runner [-] Task dd256fdf-7d72-4117-83c9-3deda0bac34c | ITER: 14 END: OK
2019-11-30 16:01:17.973 4231 INFO rally.task.runner [-] Task dd256fdf-7d72-4117-83c9-3deda0bac34c | ITER: 28 START
2019-11-30 16:01:17.974 4231 WARNING rally_openstack.scenarios.neutron.utils [-] Running this scenario without either the 'network' or 'existing_network' context is deprecated
2019-11-30 16:01:20.554 4215 INFO rally.task.runner [-] Task dd256fdf-7d72-4117-83c9-3deda0bac34c | ITER: 9 END: OK
2019-11-30 16:01:20.562 4215 INFO rally.task.runner [-] Task dd256fdf-7d72-4117-83c9-3deda0bac34c | ITER: 29 START
2019-11-30 16:01:20.563 4215 WARNING rally_openstack.scenarios.neutron.utils [-] Running this scenario without either the 'network' or 'existing_network' context is deprecated
2019-11-30 16:01:20.686 4248 INFO rally.task.runner [-] Task dd256fdf-7d72-4117-83c9-3deda0bac34c | ITER: 20 END: OK
2019-11-30 16:01:20.693 4248 INFO rally.task.runner [-] Task dd256fdf-7d72-4117-83c9-3deda0bac34c | ITER: 30 START
2019-11-30 16:01:20.694 4248 WARNING rally_openstack.scenarios.neutron.utils [-] Running this scenario without either the 'network' or 'existing_network' context is deprecated
2019-11-30 16:01:22.487 4228 INFO rally.task.runner [-] Task dd256fdf-7d72-4117-83c9-3deda0bac34c | ITER: 13 END: OK
2019-11-30 16:01:22.494 4228 INFO rally.task.runner [-] Task dd256fdf-7d72-4117-83c9-3deda0bac34c | ITER: 31 START
2019-11-30 16:01:22.495 4228 WARNING rally_openstack.scenarios.neutron.utils [-] Running this scenario without either the 'network' or 'existing_network' context is deprecated
2019-11-30 16:01:34.946 4224 INFO rally.task.runner [-] Task dd256fdf-7d72-4117-83c9-3deda0bac34c | ITER: 12 END: OK
2019-11-30 16:01:34.954 4224 INFO rally.task.runner [-] Task dd256fdf-7d72-4117-83c9-3deda0bac34c | ITER: 32 START
2019-11-30 16:01:34.955 4224 WARNING rally_openstack.scenarios.neutron.utils [-] Running this scenario without either the 'network' or 'existing_network' context is deprecated
2019-11-30 16:01:34.997 4237 INFO rally.task.runner [-] Task dd256fdf-7d72-4117-83c9-3deda0bac34c | ITER: 16 END: OK
2019-11-30 16:01:35.009 4237 INFO rally.task.runner [-] Task dd256fdf-7d72-4117-83c9-3deda0bac34c | ITER: 33 START
2019-11-30 16:01:35.010 4237 WARNING rally_openstack.scenarios.neutron.utils [-] Running this scenario without either the 'network' or 'existing_network' context is deprecated
2019-11-30 16:01:35.310 4209 INFO rally.task.runner [-] Task dd256fdf-7d72-4117-83c9-3deda0bac34c | ITER: 7 END: OK
2019-11-30 16:01:35.319 4209 INFO rally.task.runner [-] Task dd256fdf-7d72-4117-83c9-3deda0bac34c | ITER: 34 START
2019-11-30 16:01:35.320 4209 WARNING rally_openstack.scenarios.neutron.utils [-] Running this scenario without either the 'network' or 'existing_network' context is deprecated
2019-11-30 16:01:35.510 4241 INFO rally.task.runner [-] Task dd256fdf-7d72-4117-83c9-3deda0bac34c | ITER: 17 END: OK
2019-11-30 16:01:35.520 4241 INFO rally.task.runner [-] Task dd256fdf-7d72-4117-83c9-3deda0bac34c | ITER: 35 START
2019-11-30 16:01:35.520 4241 WARNING rally_openstack.scenarios.neutron.utils [-] Running this scenario without either the 'network' or 'existing_network' context is deprecated
2019-11-30 16:01:35.590 4245 INFO rally.task.runner [-] Task dd256fdf-7d72-4117-83c9-3deda0bac34c | ITER: 19 END: OK
2019-11-30 16:01:35.597 4221 INFO rally.task.runner [-] Task dd256fdf-7d72-4117-83c9-3deda0bac34c | ITER: 11 END: OK
2019-11-30 16:01:35.599 4245 INFO rally.task.runner [-] Task dd256fdf-7d72-4117-83c9-3deda0bac34c | ITER: 36 START
2019-11-30 16:01:35.600 4245 WARNING rally_openstack.scenarios.neutron.utils [-] Running this scenario without either the 'network' or 'existing_network' context is deprecated
2019-11-30 16:01:35.606 4221 INFO rally.task.runner [-] Task dd256fdf-7d72-4117-83c9-3deda0bac34c | ITER: 37 START
2019-11-30 16:01:35.607 4221 WARNING rally_openstack.scenarios.neutron.utils [-] Running this scenario without either the 'network' or 'existing_network' context is deprecated
2019-11-30 16:01:35.636 4233 INFO rally.task.runner [-] Task dd256fdf-7d72-4117-83c9-3deda0bac34c | ITER: 15 END: OK
2019-11-30 16:01:35.645 4233 INFO rally.task.runner [-] Task dd256fdf-7d72-4117-83c9-3deda0bac34c | ITER: 38 START
2019-11-30 16:01:35.646 4233 WARNING rally_openstack.scenarios.neutron.utils [-] Running this scenario without either the 'network' or 'existing_network' context is deprecated
2019-11-30 16:01:35.702 4206 INFO rally.task.runner [-] Task dd256fdf-7d72-4117-83c9-3deda0bac34c | ITER: 6 END: OK
2019-11-30 16:01:35.708 4206 INFO rally.task.runner [-] Task dd256fdf-7d72-4117-83c9-3deda0bac34c | ITER: 39 START
2019-11-30 16:01:35.710 4206 WARNING rally_openstack.scenarios.neutron.utils [-] Running this scenario without either the 'network' or 'existing_network' context is deprecated
2019-11-30 16:01:35.739 4212 INFO rally.task.runner [-] Task dd256fdf-7d72-4117-83c9-3deda0bac34c | ITER: 8 END: OK
2019-11-30 16:01:35.745 4212 INFO rally.task.runner [-] Task dd256fdf-7d72-4117-83c9-3deda0bac34c | ITER: 40 START
2019-11-30 16:01:35.746 4212 WARNING rally_openstack.scenarios.neutron.utils [-] Running this scenario without either the 'network' or 'existing_network' context is deprecated
2019-11-30 16:02:02.352 4228 INFO rally.task.runner [-] Task dd256fdf-7d72-4117-83c9-3deda0bac34c | ITER: 31 END: OK
2019-11-30 16:02:06.863 4244 INFO rally.task.runner [-] Task dd256fdf-7d72-4117-83c9-3deda0bac34c | ITER: 24 END: OK
2019-11-30 16:02:08.078 4203 INFO rally.task.runner [-] Task dd256fdf-7d72-4117-83c9-3deda0bac34c | ITER: 23 END: OK
2019-11-30 16:02:09.815 4199 INFO rally.task.runner [-] Task dd256fdf-7d72-4117-83c9-3deda0bac34c | ITER: 21 END: OK
2019-11-30 16:02:12.648 4218 INFO rally.task.runner [-] Task dd256fdf-7d72-4117-83c9-3deda0bac34c | ITER: 25 END: OK
2019-11-30 16:02:13.602 4202 INFO rally.task.runner [-] Task dd256fdf-7d72-4117-83c9-3deda0bac34c | ITER: 22 END: OK
2019-11-30 16:02:17.103 4200 INFO rally.task.runner [-] Task dd256fdf-7d72-4117-83c9-3deda0bac34c | ITER: 26 END: OK
2019-11-30 16:02:17.107 4248 INFO rally.task.runner [-] Task dd256fdf-7d72-4117-83c9-3deda0bac34c | ITER: 30 END: OK
2019-11-30 16:02:17.126 4201 INFO rally.task.runner [-] Task dd256fdf-7d72-4117-83c9-3deda0bac34c | ITER: 27 END: OK
2019-11-30 16:02:18.439 4224 INFO rally.task.runner [-] Task dd256fdf-7d72-4117-83c9-3deda0bac34c | ITER: 32 END: OK
2019-11-30 16:02:19.629 4231 INFO rally.task.runner [-] Task dd256fdf-7d72-4117-83c9-3deda0bac34c | ITER: 28 END: OK
2019-11-30 16:02:22.362 4215 INFO rally.task.runner [-] Task dd256fdf-7d72-4117-83c9-3deda0bac34c | ITER: 29 END: OK
2019-11-30 16:02:22.774 4237 INFO rally.task.runner [-] Task dd256fdf-7d72-4117-83c9-3deda0bac34c | ITER: 33 END: OK
2019-11-30 16:02:22.806 4241 INFO rally.task.runner [-] Task dd256fdf-7d72-4117-83c9-3deda0bac34c | ITER: 35 END: OK
2019-11-30 16:02:22.886 4233 INFO rally.task.runner [-] Task dd256fdf-7d72-4117-83c9-3deda0bac34c | ITER: 38 END: OK
2019-11-30 16:02:23.747 4206 INFO rally.task.runner [-] Task dd256fdf-7d72-4117-83c9-3deda0bac34c | ITER: 39 END: OK
2019-11-30 16:02:23.757 4212 INFO rally.task.runner [-] Task dd256fdf-7d72-4117-83c9-3deda0bac34c | ITER: 40 END: OK
2019-11-30 16:02:24.397 4221 INFO rally.task.runner [-] Task dd256fdf-7d72-4117-83c9-3deda0bac34c | ITER: 37 END: OK
2019-11-30 16:02:24.473 4245 INFO rally.task.runner [-] Task dd256fdf-7d72-4117-83c9-3deda0bac34c | ITER: 36 END: OK
2019-11-30 16:02:24.475 4209 INFO rally.task.runner [-] Task dd256fdf-7d72-4117-83c9-3deda0bac34c | ITER: 34 END: OK
2019-11-30 16:02:24.505 15 INFO rally.task.context [-] Task dd256fdf-7d72-4117-83c9-3deda0bac34c | Context cleanup@openstack cleanup() started
2019-11-30 16:02:24.509 15 RALLYDEBUG rally_openstack.cleanup.manager [-] Cleaning up neutron vip objects
2019-11-30 16:02:24.742 15 RALLYDEBUG rally_openstack.cleanup.manager [-] Cleaning up neutron health_monitor objects
2019-11-30 16:02:25.002 15 RALLYDEBUG rally_openstack.cleanup.manager [-] Cleaning up neutron pool objects
2019-11-30 16:02:25.216 15 RALLYDEBUG rally_openstack.cleanup.manager [-] Cleaning up neutron loadbalancer objects
2019-11-30 16:02:25.423 15 RALLYDEBUG rally_openstack.cleanup.manager [-] Cleaning up neutron floatingip objects
2019-11-30 16:02:25.635 15 RALLYDEBUG rally_openstack.cleanup.manager [-] Cleaning up neutron trunk objects
2019-11-30 16:02:25.839 15 DEBUG neutronclient.v2_0.client [-] Error message: {"message": "The resource could not be found.

\n\n\n", "code": "404 Not Found", "title": "Not Found"} _handle_fault_response /usr/lib/python2.7/site-packages/neutronclient/v2_0/client.py:259
2019-11-30 16:02:25.848 15 RALLYDEBUG rally_openstack.cleanup.manager [-] Cleaning up neutron port objects
2019-11-30 16:02:26.649 15 RALLYDEBUG rally_openstack.cleanup.manager [-] Deleting neutron.port object s_rally_354b031e_4WooRGEr (0116f3e8-7729-4abd-9ce3-f742ac802a89)
2019-11-30 16:02:26.657 15 RALLYDEBUG rally_openstack.cleanup.manager [-] Deleting neutron.port object s_rally_354b031e_xIDOntbD (011a67aa-86da-4999-88c9-fd2e3991af94)
2019-11-30 16:02:26.664 15 RALLYDEBUG rally_openstack.cleanup.manager [-] Deleting neutron.port object s_rally_354b031e_8Czb6fd5 (02efbe5d-3a70-43cb-925e-51f7bd8cd862)
2019-11-30 16:02:26.676 15 RALLYDEBUG rally_openstack.cleanup.manager [-] Deleting neutron.port object s_rally_354b031e_LkUZj9nG (03aa7d86-1e80-47a6-9b4f-6b1b4f0b1de0)
2019-11-30 16:02:26.683 15 RALLYDEBUG rally_openstack.cleanup.manager [-] Deleting neutron.port object s_rally_354b031e_Y1TlYclN (0435bf52-0eae-47de-aea3-37fa1597271c)
2019-11-30 16:02:26.679 15 RALLYDEBUG rally_openstack.cleanup.manager [-] Deleting neutron.port object s_rally_354b031e_9blw5zx6 (00865702-2e34-42dc-9573-6d6b1cd12758)
2019-11-30 16:02:26.690 15 RALLYDEBUG rally_openstack.cleanup.manager [-] Deleting neutron.port object s_rally_354b031e_EuzlOj0W (0538a282-7538-4def-9099-c0844f2e038c)
2019-11-30 16:02:26.746 15 RALLYDEBUG rally_openstack.cleanup.manager [-] Deleting neutron.port object s_rally_354b031e_Vcpfiyim (05d7715c-dc24-4bb2-adfc-f0a084f587ec)
2019-11-30 16:02:26.773 15 RALLYDEBUG rally_openstack.cleanup.manager [-] Deleting neutron.port object s_rally_354b031e_2xqXKI5y (09df4504-0669-43e8-80a1-cf8b5a178391)
2019-11-30 16:02:26.784 15 RALLYDEBUG rally_openstack.cleanup.manager [-] Deleting neutron.port object s_rally_354b031e_K2IbNwlB (0759d686-5a90-408c-8715-52d3467db239)
2019-11-30 16:02:26.785 15 RALLYDEBUG rally_openstack.cleanup.manager [-] Deleting neutron.port object s_rally_354b031e_UvCgFnpO (0613ce47-f205-46f0-9650-c973372c8275)
