2019-11-30 15:29:53.706 15 INFO rally.task.engine [-] Load duration is: 141.257543
2019-11-30 15:29:53.706 15 INFO rally.task.engine [-] Full runner duration is: 141.306322
2019-11-30 15:29:53.706 15 INFO rally.task.engine [-] Full duration is: 314.392008
2019-11-30 15:29:53.815 15 INFO rally.task.engine [-] Running workload: position = 2 config = { "version": 2, "title": "A cropped version of a bigger task.", "description": "Auto-generated task from a single workload (uuid=6b47dd34-3b32-477f-a03b-b23fede2af1d)", "subtasks": [ { "title": "NeutronNetworks.create_and_delete_subnets", "description": "Create and delete a given number of subnets.", "scenario": { "NeutronNetworks.create_and_delete_subnets": { "network_create_args": {}, "subnet_create_args": {}, "subnet_cidr_start": "1.1.0.0/30", "subnets_per_network": 2 } }, "contexts": { "users": { "tenants": 1, "users_per_tenant": 1 }, "quotas": { "neutron": { "network": -1, "subnet": -1 } } }, "runner": { "constant": { "times": 40, "concurrency": 20 } }, "hooks": [], "sla": { "failure_rate": { "max": 0 } } } ] }
2019-11-30 15:29:53.829 15 RALLYDEBUG rally_openstack.contexts.keystone.users [-] Creating 1 tenants using 20 threads
2019-11-30 15:29:54.163 15 RALLYDEBUG rally_openstack.contexts.keystone.users [-] Creating 1 users using 20 threads
2019-11-30 15:29:54.589 15 INFO rally.task.context [-] Task dd256fdf-7d72-4117-83c9-3deda0bac34c | Context users@openstack setup() finished in 0.76 sec
2019-11-30 15:29:54.950 15 INFO rally.task.context [-] Task dd256fdf-7d72-4117-83c9-3deda0bac34c | Context quotas@openstack setup() finished in 0.36 sec
2019-11-30 15:29:54.950 15 INFO rally.task.context [-] Task dd256fdf-7d72-4117-83c9-3deda0bac34c | Context cleanup@openstack setup() finished in 0.01 msec
2019-11-30 15:29:54.960 15 RALLYDEBUG rally.task.runner [-] Starting the constant runner (task UUID: dd256fdf-7d72-4117-83c9-3deda0bac34c). timeout: 0 concurrency: 20 concurrency_per_worker: 1 times: 40 concurrency_overhead: 0 processes_to_start: 20 max_cpu_used: 88
2019-11-30 15:29:54.974 2269 RALLYDEBUG rally.task.runner [-] Starting a worker. concurrency: 1 args: {"network_create_args": {}, "subnet_create_args": {}, "subnet_cidr_start": "1.1.0.0/30", "subnets_per_network": 2} times: 40 method_name: run timeout: 0 duration: None cls:
2019-11-30 15:29:54.977 2270 RALLYDEBUG rally.task.runner [-] Starting a worker. concurrency: 1 args: {"network_create_args": {}, "subnet_create_args": {}, "subnet_cidr_start": "1.1.0.0/30", "subnets_per_network": 2} times: 40 method_name: run timeout: 0 duration: None cls:
2019-11-30 15:29:54.978 2271 RALLYDEBUG rally.task.runner [-] Starting a worker. concurrency: 1 args: {"network_create_args": {}, "subnet_create_args": {}, "subnet_cidr_start": "1.1.0.0/30", "subnets_per_network": 2} times: 40 method_name: run timeout: 0 duration: None cls:
2019-11-30 15:29:54.981 2269 INFO rally.task.runner [-] Task dd256fdf-7d72-4117-83c9-3deda0bac34c | ITER: 1 START
2019-11-30 15:29:54.982 2269 WARNING rally_openstack.scenarios.neutron.utils [-] Running this scenario without either the 'network' or 'existing_network' context is deprecated
2019-11-30 15:29:54.982 2272 RALLYDEBUG rally.task.runner [-] Starting a worker. concurrency: 1 args: {"network_create_args": {}, "subnet_create_args": {}, "subnet_cidr_start": "1.1.0.0/30", "subnets_per_network": 2} times: 40 method_name: run timeout: 0 duration: None cls:
2019-11-30 15:29:54.983 2270 INFO rally.task.runner [-] Task dd256fdf-7d72-4117-83c9-3deda0bac34c | ITER: 2 START
2019-11-30 15:29:54.984 2270 WARNING rally_openstack.scenarios.neutron.utils [-] Running this scenario without either the 'network' or 'existing_network' context is deprecated
2019-11-30 15:29:54.984 2271 INFO rally.task.runner [-] Task dd256fdf-7d72-4117-83c9-3deda0bac34c | ITER: 3 START
2019-11-30 15:29:54.985 2273 RALLYDEBUG rally.task.runner [-] Starting a worker. concurrency: 1 args: {"network_create_args": {}, "subnet_create_args": {}, "subnet_cidr_start": "1.1.0.0/30", "subnets_per_network": 2} times: 40 method_name: run timeout: 0 duration: None cls:
2019-11-30 15:29:54.986 2271 WARNING rally_openstack.scenarios.neutron.utils [-] Running this scenario without either the 'network' or 'existing_network' context is deprecated
2019-11-30 15:29:54.988 2272 INFO rally.task.runner [-] Task dd256fdf-7d72-4117-83c9-3deda0bac34c | ITER: 4 START
2019-11-30 15:29:54.987 2276 RALLYDEBUG rally.task.runner [-] Starting a worker. concurrency: 1 args: {"network_create_args": {}, "subnet_create_args": {}, "subnet_cidr_start": "1.1.0.0/30", "subnets_per_network": 2} times: 40 method_name: run timeout: 0 duration: None cls:
2019-11-30 15:29:54.989 2272 WARNING rally_openstack.scenarios.neutron.utils [-] Running this scenario without either the 'network' or 'existing_network' context is deprecated
2019-11-30 15:29:54.991 2273 INFO rally.task.runner [-] Task dd256fdf-7d72-4117-83c9-3deda0bac34c | ITER: 5 START
2019-11-30 15:29:54.990 2279 RALLYDEBUG rally.task.runner [-] Starting a worker. concurrency: 1 args: {"network_create_args": {}, "subnet_create_args": {}, "subnet_cidr_start": "1.1.0.0/30", "subnets_per_network": 2} times: 40 method_name: run timeout: 0 duration: None cls:
2019-11-30 15:29:54.992 2273 WARNING rally_openstack.scenarios.neutron.utils [-] Running this scenario without either the 'network' or 'existing_network' context is deprecated
2019-11-30 15:29:54.993 2276 INFO rally.task.runner [-] Task dd256fdf-7d72-4117-83c9-3deda0bac34c | ITER: 6 START
2019-11-30 15:29:54.993 2282 RALLYDEBUG rally.task.runner [-] Starting a worker. concurrency: 1 args: {"network_create_args": {}, "subnet_create_args": {}, "subnet_cidr_start": "1.1.0.0/30", "subnets_per_network": 2} times: 40 method_name: run timeout: 0 duration: None cls:
2019-11-30 15:29:54.994 2276 WARNING rally_openstack.scenarios.neutron.utils [-] Running this scenario without either the 'network' or 'existing_network' context is deprecated
2019-11-30 15:29:54.996 2285 RALLYDEBUG rally.task.runner [-] Starting a worker. concurrency: 1 args: {"network_create_args": {}, "subnet_create_args": {}, "subnet_cidr_start": "1.1.0.0/30", "subnets_per_network": 2} times: 40 method_name: run timeout: 0 duration: None cls:
2019-11-30 15:29:54.996 2279 INFO rally.task.runner [-] Task dd256fdf-7d72-4117-83c9-3deda0bac34c | ITER: 7 START
2019-11-30 15:29:54.998 2279 WARNING rally_openstack.scenarios.neutron.utils [-] Running this scenario without either the 'network' or 'existing_network' context is deprecated
2019-11-30 15:29:54.998 2288 RALLYDEBUG rally.task.runner [-] Starting a worker. concurrency: 1 args: {"network_create_args": {}, "subnet_create_args": {}, "subnet_cidr_start": "1.1.0.0/30", "subnets_per_network": 2} times: 40 method_name: run timeout: 0 duration: None cls:
2019-11-30 15:29:54.999 2282 INFO rally.task.runner [-] Task dd256fdf-7d72-4117-83c9-3deda0bac34c | ITER: 8 START
2019-11-30 15:29:55.000 2282 WARNING rally_openstack.scenarios.neutron.utils [-] Running this scenario without either the 'network' or 'existing_network' context is deprecated
2019-11-30 15:29:55.001 2291 RALLYDEBUG rally.task.runner [-] Starting a worker. concurrency: 1 args: {"network_create_args": {}, "subnet_create_args": {}, "subnet_cidr_start": "1.1.0.0/30", "subnets_per_network": 2} times: 40 method_name: run timeout: 0 duration: None cls:
2019-11-30 15:29:55.002 2285 INFO rally.task.runner [-] Task dd256fdf-7d72-4117-83c9-3deda0bac34c | ITER: 9 START
2019-11-30 15:29:55.003 2285 WARNING rally_openstack.scenarios.neutron.utils [-] Running this scenario without either the 'network' or 'existing_network' context is deprecated
2019-11-30 15:29:55.004 2294 RALLYDEBUG rally.task.runner [-] Starting a worker. concurrency: 1 args: {"network_create_args": {}, "subnet_create_args": {}, "subnet_cidr_start": "1.1.0.0/30", "subnets_per_network": 2} times: 40 method_name: run timeout: 0 duration: None cls:
2019-11-30 15:29:55.005 2297 RALLYDEBUG rally.task.runner [-] Starting a worker. concurrency: 1 args: {"network_create_args": {}, "subnet_create_args": {}, "subnet_cidr_start": "1.1.0.0/30", "subnets_per_network": 2} times: 40 method_name: run timeout: 0 duration: None cls:
2019-11-30 15:29:55.005 2288 INFO rally.task.runner [-] Task dd256fdf-7d72-4117-83c9-3deda0bac34c | ITER: 10 START
2019-11-30 15:29:55.006 2288 WARNING rally_openstack.scenarios.neutron.utils [-] Running this scenario without either the 'network' or 'existing_network' context is deprecated
2019-11-30 15:29:55.007 2291 INFO rally.task.runner [-] Task dd256fdf-7d72-4117-83c9-3deda0bac34c | ITER: 11 START
2019-11-30 15:29:55.008 2291 WARNING rally_openstack.scenarios.neutron.utils [-] Running this scenario without either the 'network' or 'existing_network' context is deprecated
2019-11-30 15:29:55.010 2294 INFO rally.task.runner [-] Task dd256fdf-7d72-4117-83c9-3deda0bac34c | ITER: 12 START
2019-11-30 15:29:55.010 2297 INFO rally.task.runner [-] Task dd256fdf-7d72-4117-83c9-3deda0bac34c | ITER: 13 START
2019-11-30 15:29:55.010 2300 RALLYDEBUG rally.task.runner [-] Starting a worker. concurrency: 1 args: {"network_create_args": {}, "subnet_create_args": {}, "subnet_cidr_start": "1.1.0.0/30", "subnets_per_network": 2} times: 40 method_name: run timeout: 0 duration: None cls:
2019-11-30 15:29:55.011 2297 WARNING rally_openstack.scenarios.neutron.utils [-] Running this scenario without either the 'network' or 'existing_network' context is deprecated
2019-11-30 15:29:55.011 2294 WARNING rally_openstack.scenarios.neutron.utils [-] Running this scenario without either the 'network' or 'existing_network' context is deprecated
2019-11-30 15:29:55.012 2303 RALLYDEBUG rally.task.runner [-] Starting a worker. concurrency: 1 args: {"network_create_args": {}, "subnet_create_args": {}, "subnet_cidr_start": "1.1.0.0/30", "subnets_per_network": 2} times: 40 method_name: run timeout: 0 duration: None cls:
2019-11-30 15:29:55.014 2306 RALLYDEBUG rally.task.runner [-] Starting a worker. concurrency: 1 args: {"network_create_args": {}, "subnet_create_args": {}, "subnet_cidr_start": "1.1.0.0/30", "subnets_per_network": 2} times: 40 method_name: run timeout: 0 duration: None cls:
2019-11-30 15:29:55.016 2300 INFO rally.task.runner [-] Task dd256fdf-7d72-4117-83c9-3deda0bac34c | ITER: 14 START
2019-11-30 15:29:55.017 2300 WARNING rally_openstack.scenarios.neutron.utils [-] Running this scenario without either the 'network' or 'existing_network' context is deprecated
2019-11-30 15:29:55.018 2303 INFO rally.task.runner [-] Task dd256fdf-7d72-4117-83c9-3deda0bac34c | ITER: 15 START
2019-11-30 15:29:55.019 2303 WARNING rally_openstack.scenarios.neutron.utils [-] Running this scenario without either the 'network' or 'existing_network' context is deprecated
2019-11-30 15:29:55.019 2306 INFO rally.task.runner [-] Task dd256fdf-7d72-4117-83c9-3deda0bac34c | ITER: 16 START
2019-11-30 15:29:55.019 2311 RALLYDEBUG rally.task.runner [-] Starting a worker. concurrency: 1 args: {"network_create_args": {}, "subnet_create_args": {}, "subnet_cidr_start": "1.1.0.0/30", "subnets_per_network": 2} times: 40 method_name: run timeout: 0 duration: None cls:
2019-11-30 15:29:55.020 2306 WARNING rally_openstack.scenarios.neutron.utils [-] Running this scenario without either the 'network' or 'existing_network' context is deprecated
2019-11-30 15:29:55.021 2312 RALLYDEBUG rally.task.runner [-] Starting a worker. concurrency: 1 args: {"network_create_args": {}, "subnet_create_args": {}, "subnet_cidr_start": "1.1.0.0/30", "subnets_per_network": 2} times: 40 method_name: run timeout: 0 duration: None cls:
2019-11-30 15:29:55.024 2316 RALLYDEBUG rally.task.runner [-] Starting a worker. concurrency: 1 args: {"network_create_args": {}, "subnet_create_args": {}, "subnet_cidr_start": "1.1.0.0/30", "subnets_per_network": 2} times: 40 method_name: run timeout: 0 duration: None cls:
2019-11-30 15:29:55.025 2311 INFO rally.task.runner [-] Task dd256fdf-7d72-4117-83c9-3deda0bac34c | ITER: 17 START
2019-11-30 15:29:55.025 2311 WARNING rally_openstack.scenarios.neutron.utils [-] Running this scenario without either the 'network' or 'existing_network' context is deprecated
2019-11-30 15:29:55.027 2312 INFO rally.task.runner [-] Task dd256fdf-7d72-4117-83c9-3deda0bac34c | ITER: 18 START
2019-11-30 15:29:55.027 2320 RALLYDEBUG rally.task.runner [-] Starting a worker. concurrency: 1 args: {"network_create_args": {}, "subnet_create_args": {}, "subnet_cidr_start": "1.1.0.0/30", "subnets_per_network": 2} times: 40 method_name: run timeout: 0 duration: None cls:
2019-11-30 15:29:55.029 2312 WARNING rally_openstack.scenarios.neutron.utils [-] Running this scenario without either the 'network' or 'existing_network' context is deprecated
2019-11-30 15:29:55.030 2316 INFO rally.task.runner [-] Task dd256fdf-7d72-4117-83c9-3deda0bac34c | ITER: 19 START
2019-11-30 15:29:55.031 2316 WARNING rally_openstack.scenarios.neutron.utils [-] Running this scenario without either the 'network' or 'existing_network' context is deprecated
2019-11-30 15:29:55.033 2320 INFO rally.task.runner [-] Task dd256fdf-7d72-4117-83c9-3deda0bac34c | ITER: 20 START
2019-11-30 15:29:55.034 2320 WARNING rally_openstack.scenarios.neutron.utils [-] Running this scenario without either the 'network' or 'existing_network' context is deprecated
2019-11-30 15:29:56.442 2279 RALLYDEBUG rally_openstack.wrappers.network [-] CIDR generated: 1.1.4.96/30
2019-11-30 15:29:56.783 2271 RALLYDEBUG rally_openstack.wrappers.network [-] CIDR generated: 1.1.4.100/30
2019-11-30 15:29:56.822 2282 RALLYDEBUG rally_openstack.wrappers.network [-] CIDR generated: 1.1.4.104/30
2019-11-30 15:29:57.383 2312 RALLYDEBUG rally_openstack.wrappers.network [-] CIDR generated: 1.1.4.108/30
2019-11-30 15:29:57.428 2320 RALLYDEBUG rally_openstack.wrappers.network [-] CIDR generated: 1.1.4.112/30
2019-11-30 15:29:57.544 2316 RALLYDEBUG rally_openstack.wrappers.network [-] CIDR generated: 1.1.4.116/30
2019-11-30 15:29:57.586 2269 RALLYDEBUG rally_openstack.wrappers.network [-] CIDR generated: 1.1.4.120/30
2019-11-30 15:29:57.612 2270 RALLYDEBUG rally_openstack.wrappers.network [-] CIDR generated: 1.1.4.124/30
2019-11-30 15:29:57.703 2311 RALLYDEBUG rally_openstack.wrappers.network [-] CIDR generated: 1.1.4.128/30
2019-11-30 15:29:57.883 2294 RALLYDEBUG rally_openstack.wrappers.network [-] CIDR generated: 1.1.4.132/30
2019-11-30 15:29:58.936 2269 RALLYDEBUG rally_openstack.wrappers.network [-] CIDR generated: 1.1.4.136/30
2019-11-30 15:29:58.951 2270 RALLYDEBUG rally_openstack.wrappers.network [-] CIDR generated: 1.1.4.140/30
2019-11-30 15:29:59.967 2273 RALLYDEBUG rally_openstack.wrappers.network [-] CIDR generated: 1.1.4.144/30
2019-11-30 15:30:00.009 2272 RALLYDEBUG rally_openstack.wrappers.network [-] CIDR generated: 1.1.4.148/30
2019-11-30 15:30:00.043 2276 RALLYDEBUG rally_openstack.wrappers.network [-] CIDR generated: 1.1.4.152/30
2019-11-30 15:30:00.086 2306 RALLYDEBUG rally_openstack.wrappers.network [-] CIDR generated: 1.1.4.156/30
2019-11-30 15:30:00.483 2285 RALLYDEBUG rally_openstack.wrappers.network [-] CIDR generated: 1.1.4.160/30
2019-11-30 15:30:00.806 2300 RALLYDEBUG rally_openstack.wrappers.network [-] CIDR generated: 1.1.4.164/30
2019-11-30 15:30:01.415 2291 RALLYDEBUG rally_openstack.wrappers.network [-] CIDR generated: 1.1.4.168/30
2019-11-30 15:30:01.549 2297 RALLYDEBUG rally_openstack.wrappers.network [-] CIDR generated: 1.1.4.172/30
2019-11-30 15:30:01.550 2303 RALLYDEBUG rally_openstack.wrappers.network [-] CIDR generated: 1.1.4.176/30
2019-11-30 15:30:01.676 2288 RALLYDEBUG rally_openstack.wrappers.network [-] CIDR generated: 1.1.4.180/30
2019-11-30 15:30:04.077 2279 RALLYDEBUG rally_openstack.wrappers.network [-] CIDR generated: 1.1.4.184/30
2019-11-30 15:30:04.129 2282 RALLYDEBUG rally_openstack.wrappers.network [-] CIDR generated: 1.1.4.188/30
2019-11-30 15:30:04.146 2271 RALLYDEBUG rally_openstack.wrappers.network [-] CIDR generated: 1.1.4.192/30
2019-11-30 15:30:04.244 2320 RALLYDEBUG rally_openstack.wrappers.network [-] CIDR generated: 1.1.4.196/30
2019-11-30 15:30:04.250 2312 RALLYDEBUG rally_openstack.wrappers.network [-] CIDR generated: 1.1.4.200/30
2019-11-30 15:30:04.300 2294 RALLYDEBUG rally_openstack.wrappers.network [-] CIDR generated: 1.1.4.204/30
2019-11-30 15:30:04.303 2311 RALLYDEBUG rally_openstack.wrappers.network [-] CIDR generated: 1.1.4.208/30
2019-11-30 15:30:04.321 2316 RALLYDEBUG rally_openstack.wrappers.network [-] CIDR generated: 1.1.4.212/30
2019-11-30 15:30:07.313 2273 RALLYDEBUG rally_openstack.wrappers.network [-] CIDR generated: 1.1.4.216/30
2019-11-30 15:30:07.370 2306 RALLYDEBUG rally_openstack.wrappers.network [-] CIDR generated: 1.1.4.220/30
2019-11-30 15:30:07.431 2276 RALLYDEBUG rally_openstack.wrappers.network [-] CIDR generated: 1.1.4.224/30
2019-11-30 15:30:07.464 2272 RALLYDEBUG rally_openstack.wrappers.network [-] CIDR generated: 1.1.4.228/30
2019-11-30 15:30:07.728 2285 RALLYDEBUG rally_openstack.wrappers.network [-] CIDR generated: 1.1.4.232/30
2019-11-30 15:30:07.814 2300 RALLYDEBUG rally_openstack.wrappers.network [-] CIDR generated: 1.1.4.236/30
2019-11-30 15:30:09.219 2303 RALLYDEBUG rally_openstack.wrappers.network [-] CIDR generated: 1.1.4.240/30
2019-11-30 15:30:09.240 2297 RALLYDEBUG rally_openstack.wrappers.network [-] CIDR generated: 1.1.4.244/30
2019-11-30 15:30:09.282 2291 RALLYDEBUG rally_openstack.wrappers.network [-] CIDR generated: 1.1.4.248/30
2019-11-30 15:30:09.284 2288 RALLYDEBUG rally_openstack.wrappers.network [-] CIDR generated: 1.1.4.252/30
2019-11-30 15:30:15.916 2316 INFO rally.task.runner [-] Task dd256fdf-7d72-4117-83c9-3deda0bac34c | ITER: 19 END: OK
2019-11-30 15:30:15.921 2316 INFO rally.task.runner [-] Task dd256fdf-7d72-4117-83c9-3deda0bac34c | ITER: 21 START
2019-11-30 15:30:15.921 2316 WARNING rally_openstack.scenarios.neutron.utils [-] Running this scenario without either the 'network' or 'existing_network' context is deprecated
2019-11-30 15:30:16.359 2294 INFO rally.task.runner [-] Task dd256fdf-7d72-4117-83c9-3deda0bac34c | ITER: 12 END: OK
2019-11-30 15:30:16.364 2294 INFO rally.task.runner [-] Task dd256fdf-7d72-4117-83c9-3deda0bac34c | ITER: 22 START
2019-11-30 15:30:16.365 2294 WARNING rally_openstack.scenarios.neutron.utils [-] Running this scenario without either the 'network' or 'existing_network' context is deprecated
2019-11-30 15:30:19.439 2270 INFO rally.task.runner [-] Task dd256fdf-7d72-4117-83c9-3deda0bac34c | ITER: 2 END: OK
2019-11-30 15:30:19.444 2270 INFO rally.task.runner [-] Task dd256fdf-7d72-4117-83c9-3deda0bac34c | ITER: 23 START
2019-11-30 15:30:19.444 2270 WARNING rally_openstack.scenarios.neutron.utils [-] Running this scenario without either the 'network' or 'existing_network' context is deprecated
2019-11-30 15:30:19.971 2316 RALLYDEBUG rally_openstack.wrappers.network [-] CIDR generated: 1.1.5.0/30
2019-11-30 15:30:20.017 2294 RALLYDEBUG rally_openstack.wrappers.network [-] CIDR generated: 1.1.5.4/30
2019-11-30 15:30:22.501 2272 INFO rally.task.runner [-] Task dd256fdf-7d72-4117-83c9-3deda0bac34c | ITER: 4 END: OK
2019-11-30 15:30:22.512 2272 INFO rally.task.runner [-] Task dd256fdf-7d72-4117-83c9-3deda0bac34c | ITER: 24 START
2019-11-30 15:30:22.514 2272 WARNING rally_openstack.scenarios.neutron.utils [-] Running this scenario without either the 'network' or 'existing_network' context is deprecated
2019-11-30 15:30:22.579 2270 RALLYDEBUG rally_openstack.wrappers.network [-] CIDR generated: 1.1.5.8/30
2019-11-30 15:30:24.666 2316 RALLYDEBUG rally_openstack.wrappers.network [-] CIDR generated: 1.1.5.12/30
2019-11-30 15:30:24.675 2282 INFO rally.task.runner [-] Task dd256fdf-7d72-4117-83c9-3deda0bac34c | ITER: 8 END: OK
2019-11-30 15:30:24.684 2282 INFO rally.task.runner [-] Task dd256fdf-7d72-4117-83c9-3deda0bac34c | ITER: 25 START
2019-11-30 15:30:24.685 2282 WARNING rally_openstack.scenarios.neutron.utils [-] Running this scenario without either the 'network' or 'existing_network' context is deprecated
2019-11-30 15:30:24.959 2279 INFO rally.task.runner [-] Task dd256fdf-7d72-4117-83c9-3deda0bac34c | ITER: 7 END: OK
2019-11-30 15:30:24.970 2279 INFO rally.task.runner [-] Task dd256fdf-7d72-4117-83c9-3deda0bac34c | ITER: 26 START
2019-11-30 15:30:24.971 2279 WARNING rally_openstack.scenarios.neutron.utils [-] Running this scenario without either the 'network' or 'existing_network' context is deprecated
2019-11-30 15:30:25.154 2311 INFO rally.task.runner [-] Task dd256fdf-7d72-4117-83c9-3deda0bac34c | ITER: 17 END: OK
2019-11-30 15:30:25.164 2311 INFO rally.task.runner [-] Task dd256fdf-7d72-4117-83c9-3deda0bac34c | ITER: 27 START
2019-11-30 15:30:25.164 2312 INFO rally.task.runner [-] Task dd256fdf-7d72-4117-83c9-3deda0bac34c | ITER: 18 END: OK
2019-11-30 15:30:25.166 2311 WARNING rally_openstack.scenarios.neutron.utils [-] Running this scenario without either the 'network' or 'existing_network' context is deprecated
2019-11-30 15:30:25.173 2312 INFO rally.task.runner [-] Task dd256fdf-7d72-4117-83c9-3deda0bac34c | ITER: 28 START
2019-11-30 15:30:25.174 2271 INFO rally.task.runner [-] Task dd256fdf-7d72-4117-83c9-3deda0bac34c | ITER: 3 END: OK
2019-11-30 15:30:25.175 2312 WARNING rally_openstack.scenarios.neutron.utils [-] Running this scenario without either the 'network' or 'existing_network' context is deprecated
2019-11-30 15:30:25.175 2320 INFO rally.task.runner [-] Task dd256fdf-7d72-4117-83c9-3deda0bac34c | ITER: 20 END: OK
2019-11-30 15:30:25.182 2271 INFO rally.task.runner [-] Task dd256fdf-7d72-4117-83c9-3deda0bac34c | ITER: 29 START
2019-11-30 15:30:25.183 2271 WARNING rally_openstack.scenarios.neutron.utils [-] Running this scenario without either the 'network' or 'existing_network' context is deprecated
2019-11-30 15:30:25.184 2320 INFO rally.task.runner [-] Task dd256fdf-7d72-4117-83c9-3deda0bac34c | ITER: 30 START
2019-11-30 15:30:25.185 2320 WARNING rally_openstack.scenarios.neutron.utils [-] Running this scenario without either the 'network' or 'existing_network' context is deprecated
2019-11-30 15:30:25.555 2276 INFO rally.task.runner [-] Task dd256fdf-7d72-4117-83c9-3deda0bac34c | ITER: 6 END: OK
2019-11-30 15:30:25.562 2276 INFO rally.task.runner [-] Task dd256fdf-7d72-4117-83c9-3deda0bac34c | ITER: 31 START
2019-11-30 15:30:25.562 2276 WARNING rally_openstack.scenarios.neutron.utils [-] Running this scenario without either the 'network' or 'existing_network' context is deprecated
2019-11-30 15:30:25.588 2306 INFO rally.task.runner [-] Task dd256fdf-7d72-4117-83c9-3deda0bac34c | ITER: 16 END: OK
2019-11-30 15:30:25.589 2285 INFO rally.task.runner [-] Task dd256fdf-7d72-4117-83c9-3deda0bac34c | ITER: 9 END: OK
2019-11-30 15:30:25.595 2306 INFO rally.task.runner [-] Task dd256fdf-7d72-4117-83c9-3deda0bac34c | ITER: 32 START
2019-11-30 15:30:25.595 2285 INFO rally.task.runner [-] Task dd256fdf-7d72-4117-83c9-3deda0bac34c | ITER: 33 START
2019-11-30 15:30:25.597 2285 WARNING rally_openstack.scenarios.neutron.utils [-] Running this scenario without either the 'network' or 'existing_network' context is deprecated
2019-11-30 15:30:25.598 2306 WARNING rally_openstack.scenarios.neutron.utils [-] Running this scenario without either the 'network' or 'existing_network' context is deprecated
2019-11-30 15:30:25.782 2279 RALLYDEBUG rally_openstack.wrappers.network [-] CIDR generated: 1.1.5.16/30
2019-11-30 15:30:25.969 2312 RALLYDEBUG rally_openstack.wrappers.network [-] CIDR generated: 1.1.5.20/30
2019-11-30 15:30:26.074 2311 RALLYDEBUG rally_openstack.wrappers.network [-] CIDR generated: 1.1.5.24/30
2019-11-30 15:30:26.310 2276 RALLYDEBUG rally_openstack.wrappers.network [-] CIDR generated: 1.1.5.28/30
2019-11-30 15:30:27.051 2294 RALLYDEBUG rally_openstack.wrappers.network [-] CIDR generated: 1.1.5.32/30
2019-11-30 15:30:27.365 2272 RALLYDEBUG rally_openstack.wrappers.network [-] CIDR generated: 1.1.5.36/30
2019-11-30 15:30:27.708 2297 INFO rally.task.runner [-] Task dd256fdf-7d72-4117-83c9-3deda0bac34c | ITER: 13 END: OK
2019-11-30 15:30:27.715 2297 INFO rally.task.runner [-] Task dd256fdf-7d72-4117-83c9-3deda0bac34c | ITER: 34 START
2019-11-30 15:30:27.716 2297 WARNING rally_openstack.scenarios.neutron.utils [-] Running this scenario without either the 'network' or 'existing_network' context is deprecated
2019-11-30 15:30:27.803 2288 INFO rally.task.runner [-] Task dd256fdf-7d72-4117-83c9-3deda0bac34c | ITER: 10 END: OK
2019-11-30 15:30:27.811 2288 INFO rally.task.runner [-] Task dd256fdf-7d72-4117-83c9-3deda0bac34c | ITER: 35 START
2019-11-30 15:30:27.812 2288 WARNING rally_openstack.scenarios.neutron.utils [-] Running this scenario without either the 'network' or 'existing_network' context is deprecated
2019-11-30 15:30:28.696 2297 RALLYDEBUG rally_openstack.wrappers.network [-] CIDR generated: 1.1.5.40/30
2019-11-30 15:30:28.708 2288 RALLYDEBUG rally_openstack.wrappers.network [-] CIDR generated: 1.1.5.44/30
2019-11-30 15:30:28.729 2272 RALLYDEBUG rally_openstack.wrappers.network [-] CIDR generated: 1.1.5.48/30
2019-11-30 15:30:30.456 2282 RALLYDEBUG rally_openstack.wrappers.network [-] CIDR generated: 1.1.5.52/30
2019-11-30 15:30:30.651 2271 RALLYDEBUG rally_openstack.wrappers.network [-] CIDR generated: 1.1.5.56/30
2019-11-30 15:30:30.744 2320 RALLYDEBUG rally_openstack.wrappers.network [-] CIDR generated: 1.1.5.60/30
2019-11-30 15:30:31.213 2285 RALLYDEBUG rally_openstack.wrappers.network [-] CIDR generated: 1.1.5.64/30
2019-11-30 15:30:31.607 2306 RALLYDEBUG rally_openstack.wrappers.network [-] CIDR generated: 1.1.5.68/30
2019-11-30 15:30:32.060 2270 RALLYDEBUG rally_openstack.wrappers.network [-] CIDR generated: 1.1.5.72/30
2019-11-30 15:30:32.612 2269 INFO rally.task.runner [-] Task dd256fdf-7d72-4117-83c9-3deda0bac34c | ITER: 1 END: OK
2019-11-30 15:30:32.621 2269 INFO rally.task.runner [-] Task dd256fdf-7d72-4117-83c9-3deda0bac34c | ITER: 36 START
2019-11-30 15:30:32.622 2269 WARNING rally_openstack.scenarios.neutron.utils [-] Running this scenario without either the 'network' or 'existing_network' context is deprecated
2019-11-30 15:30:32.877 2273 INFO rally.task.runner [-] Task dd256fdf-7d72-4117-83c9-3deda0bac34c | ITER: 5 END: OK
2019-11-30 15:30:32.885 2273 INFO rally.task.runner [-] Task dd256fdf-7d72-4117-83c9-3deda0bac34c | ITER: 37 START
2019-11-30 15:30:32.886 2273 WARNING rally_openstack.scenarios.neutron.utils [-] Running this scenario without either the 'network' or 'existing_network' context is deprecated
2019-11-30 15:30:33.007 2300 INFO rally.task.runner [-] Task dd256fdf-7d72-4117-83c9-3deda0bac34c | ITER: 14 END: OK
2019-11-30 15:30:33.016 2300 INFO rally.task.runner [-] Task dd256fdf-7d72-4117-83c9-3deda0bac34c | ITER: 38 START
2019-11-30 15:30:33.017 2300 WARNING rally_openstack.scenarios.neutron.utils [-] Running this scenario without either the 'network' or 'existing_network' context is deprecated
2019-11-30 15:30:33.775 2276 RALLYDEBUG rally_openstack.wrappers.network [-] CIDR generated: 1.1.5.76/30
2019-11-30 15:30:33.776 2279 RALLYDEBUG rally_openstack.wrappers.network [-] CIDR generated: 1.1.5.80/30
2019-11-30 15:30:33.780 2282 RALLYDEBUG rally_openstack.wrappers.network [-] CIDR generated: 1.1.5.84/30
2019-11-30 15:30:33.899 2311 RALLYDEBUG rally_openstack.wrappers.network [-] CIDR generated: 1.1.5.88/30
2019-11-30 15:30:34.108 2312 RALLYDEBUG rally_openstack.wrappers.network [-] CIDR generated: 1.1.5.92/30
2019-11-30 15:30:34.378 2269 RALLYDEBUG rally_openstack.wrappers.network [-] CIDR generated: 1.1.5.96/30
2019-11-30 15:30:34.413 2297 RALLYDEBUG rally_openstack.wrappers.network [-] CIDR generated: 1.1.5.100/30
2019-11-30 15:30:34.490 2288 RALLYDEBUG rally_openstack.wrappers.network [-] CIDR generated: 1.1.5.104/30
2019-11-30 15:30:35.655 2271 RALLYDEBUG rally_openstack.wrappers.network [-] CIDR generated: 1.1.5.108/30
2019-11-30 15:30:35.810 2320 RALLYDEBUG rally_openstack.wrappers.network [-] CIDR generated: 1.1.5.112/30
2019-11-30 15:30:37.237 2273 RALLYDEBUG rally_openstack.wrappers.network [-] CIDR generated: 1.1.5.116/30
2019-11-30 15:30:37.386 2300 RALLYDEBUG rally_openstack.wrappers.network [-] CIDR generated: 1.1.5.120/30
2019-11-30 15:30:37.603 2285 RALLYDEBUG rally_openstack.wrappers.network [-] CIDR generated: 1.1.5.124/30
2019-11-30 15:30:38.981 2306 RALLYDEBUG rally_openstack.wrappers.network [-] CIDR generated: 1.1.5.128/30
2019-11-30 15:30:39.510 2300 RALLYDEBUG rally_openstack.wrappers.network [-] CIDR generated: 1.1.5.132/30
2019-11-30 15:30:39.530 2273 RALLYDEBUG rally_openstack.wrappers.network [-] CIDR generated: 1.1.5.136/30
2019-11-30 15:30:39.583 2303 INFO rally.task.runner [-] Task dd256fdf-7d72-4117-83c9-3deda0bac34c | ITER: 15 END: OK
2019-11-30 15:30:39.591 2303 INFO rally.task.runner [-] Task dd256fdf-7d72-4117-83c9-3deda0bac34c | ITER: 39 START
2019-11-30 15:30:39.592 2303 WARNING rally_openstack.scenarios.neutron.utils [-] Running this scenario without either the 'network' or 'existing_network' context is deprecated
2019-11-30 15:30:41.631 2291 INFO rally.task.runner [-] Task dd256fdf-7d72-4117-83c9-3deda0bac34c | ITER: 11 END: OK
2019-11-30 15:30:41.637 2291 INFO rally.task.runner [-] Task dd256fdf-7d72-4117-83c9-3deda0bac34c | ITER: 40 START
2019-11-30 15:30:41.638 2291 WARNING rally_openstack.scenarios.neutron.utils [-] Running this scenario without either the 'network' or 'existing_network' context is deprecated
2019-11-30 15:30:43.712 2269 RALLYDEBUG rally_openstack.wrappers.network [-] CIDR generated: 1.1.5.140/30
2019-11-30 15:30:44.622 2303 RALLYDEBUG rally_openstack.wrappers.network [-] CIDR generated: 1.1.5.144/30
2019-11-30 15:30:45.869 2291 RALLYDEBUG rally_openstack.wrappers.network [-] CIDR generated: 1.1.5.148/30
2019-11-30 15:30:47.082 2294 INFO rally.task.runner [-] Task dd256fdf-7d72-4117-83c9-3deda0bac34c | ITER: 22 END: OK
2019-11-30 15:30:49.868 2303 RALLYDEBUG rally_openstack.wrappers.network [-] CIDR generated: 1.1.5.152/30
2019-11-30 15:30:50.015 2270 INFO rally.task.runner [-] Task dd256fdf-7d72-4117-83c9-3deda0bac34c | ITER: 23 END: OK
2019-11-30 15:30:51.358 2291 RALLYDEBUG rally_openstack.wrappers.network [-] CIDR generated: 1.1.5.156/30
2019-11-30 15:30:54.791 2316 INFO rally.task.runner [-] Task dd256fdf-7d72-4117-83c9-3deda0bac34c | ITER: 21 END: OK
2019-11-30 15:30:55.517 2272 INFO rally.task.runner [-] Task dd256fdf-7d72-4117-83c9-3deda0bac34c | ITER: 24 END: OK
2019-11-30 15:30:57.778 2279 INFO rally.task.runner [-] Task dd256fdf-7d72-4117-83c9-3deda0bac34c | ITER: 26 END: OK
2019-11-30 15:30:58.165 2285 INFO rally.task.runner [-] Task dd256fdf-7d72-4117-83c9-3deda0bac34c | ITER: 33 END: OK
2019-11-30 15:30:58.292 2282 INFO rally.task.runner [-] Task dd256fdf-7d72-4117-83c9-3deda0bac34c | ITER: 25 END: OK
2019-11-30 15:30:59.445 2320 INFO rally.task.runner [-] Task dd256fdf-7d72-4117-83c9-3deda0bac34c | ITER: 30 END: OK
2019-11-30 15:30:59.461 2312 INFO rally.task.runner [-] Task dd256fdf-7d72-4117-83c9-3deda0bac34c | ITER: 28 END: OK
2019-11-30 15:30:59.482 2311 INFO rally.task.runner [-] Task dd256fdf-7d72-4117-83c9-3deda0bac34c | ITER: 27 END: OK
2019-11-30 15:30:59.517 2276 INFO rally.task.runner [-] Task dd256fdf-7d72-4117-83c9-3deda0bac34c | ITER: 31 END: OK
2019-11-30 15:30:59.574 2288 INFO rally.task.runner [-] Task dd256fdf-7d72-4117-83c9-3deda0bac34c | ITER: 35 END: OK
2019-11-30 15:30:59.577 2273 INFO rally.task.runner [-] Task dd256fdf-7d72-4117-83c9-3deda0bac34c | ITER: 37 END: OK
2019-11-30 15:30:59.606 2300 INFO rally.task.runner [-] Task dd256fdf-7d72-4117-83c9-3deda0bac34c | ITER: 38 END: OK
2019-11-30 15:30:59.612 2271 INFO rally.task.runner [-] Task dd256fdf-7d72-4117-83c9-3deda0bac34c | ITER: 29 END: OK
2019-11-30 15:30:59.614 2297 INFO rally.task.runner [-] Task dd256fdf-7d72-4117-83c9-3deda0bac34c | ITER: 34 END: OK
2019-11-30 15:31:00.543 2303 INFO rally.task.runner [-] Task dd256fdf-7d72-4117-83c9-3deda0bac34c | ITER: 39 END: OK
2019-11-30 15:31:00.672 2306 INFO rally.task.runner [-] Task dd256fdf-7d72-4117-83c9-3deda0bac34c | ITER: 32 END: OK
2019-11-30 15:31:01.558 2269 INFO rally.task.runner [-] Task dd256fdf-7d72-4117-83c9-3deda0bac34c | ITER: 36 END: OK
2019-11-30 15:31:02.428 2291 INFO rally.task.runner [-] Task dd256fdf-7d72-4117-83c9-3deda0bac34c | ITER: 40 END: OK
2019-11-30 15:31:02.449 15 INFO rally.task.context [-] Task dd256fdf-7d72-4117-83c9-3deda0bac34c | Context cleanup@openstack cleanup() started
2019-11-30 15:31:02.452 15 RALLYDEBUG rally_openstack.cleanup.manager [-] Cleaning up neutron vip objects
2019-11-30 15:31:02.675 15 RALLYDEBUG rally_openstack.cleanup.manager [-] Cleaning up neutron health_monitor objects
2019-11-30 15:31:02.981 15 RALLYDEBUG rally_openstack.cleanup.manager [-] Cleaning up neutron pool objects
2019-11-30 15:31:03.192 15 RALLYDEBUG rally_openstack.cleanup.manager [-] Cleaning up neutron loadbalancer objects
2019-11-30 15:31:03.414 15 RALLYDEBUG rally_openstack.cleanup.manager [-] Cleaning up neutron floatingip objects
2019-11-30 15:31:03.645 15 RALLYDEBUG rally_openstack.cleanup.manager [-] Cleaning up neutron trunk objects
2019-11-30 15:31:03.847 15 DEBUG neutronclient.v2_0.client [-] Error message: {"message": "The resource could not be found.

\n\n\n", "code": "404 Not Found", "title": "Not Found"} _handle_fault_response /usr/lib/python2.7/site-packages/neutronclient/v2_0/client.py:259
2019-11-30 15:31:03.856 15 RALLYDEBUG rally_openstack.cleanup.manager [-] Cleaning up neutron port objects
2019-11-30 15:31:04.319 15 RALLYDEBUG rally_openstack.cleanup.manager [-] Cleaning up neutron subnet objects
2019-11-30 15:31:04.592 15 RALLYDEBUG rally_openstack.cleanup.manager [-] Cleaning up neutron network objects
2019-11-30 15:31:05.092 15 RALLYDEBUG rally_openstack.cleanup.manager [-] Deleting neutron.network object s_rally_6b47dd34_NaAgVPiM (03ed2144-b140-4a67-9ff4-d355f6d27888)
2019-11-30 15:31:05.097 15 RALLYDEBUG rally_openstack.cleanup.manager [-] Deleting neutron.network object s_rally_6b47dd34_qXLFn5FW (0a2a1586-8fc9-4677-b05d-eebb6cb7fa40)
2019-11-30 15:31:05.103 15 RALLYDEBUG rally_openstack.cleanup.manager [-] Deleting neutron.network object s_rally_6b47dd34_Rv1pFi16 (0aaf192e-1c0d-4923-a570-4e173a79d3d0)
2019-11-30 15:31:05.112 15 RALLYDEBUG rally_openstack.cleanup.manager [-] Deleting neutron.network object s_rally_6b47dd34_9XXaQYzd (0ce96118-36d1-47a6-b8d2-0ddd3c6c6dc7)
2019-11-30 15:31:05.119 15 RALLYDEBUG rally_openstack.cleanup.manager [-] Deleting neutron.network object s_rally_6b47dd34_gvS3boLt (0ebbf48f-cbe1-4ac4-9f1c-16651d282a5d)
2019-11-30 15:31:05.131 15 RALLYDEBUG rally_openstack.cleanup.manager [-] Deleting neutron.network object s_rally_6b47dd34_6qOgij6d (136f42a2-f7c8-4734-8054-e0ef81b69526)
2019-11-30 15:31:05.161 15 RALLYDEBUG rally_openstack.cleanup.manager [-] Deleting neutron.network object s_rally_6b47dd34_E2iJEp6d (23219f59-e9a3-4dcb-9d0d-46778c1fc058)
2019-11-30 15:31:05.166 15 RALLYDEBUG rally_openstack.cleanup.manager [-] Deleting neutron.network object s_rally_6b47dd34_N626yJbW (1be5259d-876b-4251-adb3-14bc1027a76b)
2019-11-30 15:31:05.168 15 RALLYDEBUG rally_openstack.cleanup.manager [-] Deleting neutron.network object s_rally_6b47dd34_xWRvU7QK (2e5f36cc-161c-4e51-ae21-280093316813)
2019-11-30 15:31:05.203 15 RALLYDEBUG rally_openstack.cleanup.manager [-] Deleting neutron.network object s_rally_6b47dd34_QZ5hS5Io (32980794-3389-4a01-9896-b14bc160c039)
2019-11-30 15:31:05.220 15 RALLYDEBUG rally_openstack.cleanup.manager [-] Deleting neutron.network object s_rally_6b47dd34_V89xyAbU (32e86bc2-723e-420f-a8ca-ded0be530d4e)
2019-11-30 15:31:05.232 15 RALLYDEBUG rally_openstack.cleanup.manager [-] Deleting neutron.network object s_rally_6b47dd34_0beYMa23 (352d0693-ae58-4d94-a20e-fa6e87c61cd8)
2019-11-30 15:31:05.242 15 RALLYDEBUG rally_openstack.cleanup.manager [-] Deleting neutron.network object s_rally_6b47dd34_Civ8vAV9 (44c3ae8f-ed3d-4cd0-bfed-7d31eec9c8e1)
2019-11-30 15:31:05.275 15 RALLYDEBUG rally_openstack.cleanup.manager [-] Deleting neutron.network object s_rally_6b47dd34_YoqNp84g (45175eac-f7a0-47dd-ab86-fc3449ba86f2)
2019-11-30 15:31:05.289 15 RALLYDEBUG rally_openstack.cleanup.manager [-] Deleting neutron.network object s_rally_6b47dd34_u5ou3KWY (4e65f6a8-2969-498e-b795-c43b0002c09f)
2019-11-30 15:31:05.290 15 RALLYDEBUG rally_openstack.cleanup.manager [-] Deleting neutron.network object s_rally_6b47dd34_tBUZo2tM (56daeb85-d43b-4f71-abc0-96963031bc68)
2019-11-30 15:31:05.292 15 RALLYDEBUG rally_openstack.cleanup.manager [-] Deleting neutron.network object s_rally_6b47dd34_ZeVHsJI1 (523c183b-dc9e-46d1-9c5c-eb3c26305b8e)
2019-11-30 15:31:05.306 15 RALLYDEBUG rally_openstack.cleanup.manager [-] Deleting neutron.network object s_rally_6b47dd34_ZYiv8FSx (620a2c54-af96-4cd1-a79a-42e349b06d93)
2019-11-30 15:31:05.335 15 RALLYDEBUG rally_openstack.cleanup.manager [-] Deleting neutron.network object s_rally_6b47dd34_hRR2u5J5 (695eaefd-b04b-4981-aa50-73adedc02f2e)
2019-11-30 15:31:05.362 15 RALLYDEBUG rally_openstack.cleanup.manager [-] Deleting neutron.network object s_rally_6b47dd34_4xa6ZtUO (5f79836b-bb7f-4b39-a8ec-861cd66a40d0)
2019-11-30 15:31:11.383 15 RALLYDEBUG rally_openstack.cleanup.manager [-] Deleting neutron.network object s_rally_6b47dd34_tU0ceM4M (6b4e9669-9ce4-46a4-bc06-7943dc81d653)
2019-11-30 15:31:11.479 15 RALLYDEBUG rally_openstack.cleanup.manager [-] Deleting neutron.network object s_rally_6b47dd34_H3IbUp3e (732ad92e-334b-4ed1-9c3c-fcefa097d936)
2019-11-30 15:31:11.690 15 RALLYDEBUG rally_openstack.cleanup.manager [-] Deleting neutron.network object s_rally_6b47dd34_PhkGQF2q (73df9c06-5d38-4654-bcac-fbfdf9e233f7)
2019-11-30 15:31:12.380 15 RALLYDEBUG rally_openstack.cleanup.manager [-] Deleting neutron.network object s_rally_6b47dd34_y4N2rW2Y (842ad489-77b4-4082-bfd0-0028773417bd)
2019-11-30 15:31:12.388 15 RALLYDEBUG rally_openstack.cleanup.manager [-] Deleting neutron.network object s_rally_6b47dd34_WzjsVFIu (8ef25ca1-a250-4fe1-bd57-258f284901fe)
2019-11-30 15:31:12.504 15 RALLYDEBUG rally_openstack.cleanup.manager [-] Deleting neutron.network object s_rally_6b47dd34_yyHyD0Tj (93d726dc-66db-4a10-852d-5b33663784a3)
2019-11-30 15:31:15.714 15 RALLYDEBUG rally_openstack.cleanup.manager [-] Deleting neutron.network object s_rally_6b47dd34_K9oSmuHp (9c088ab1-2a03-41ac-8e2f-d5ebea1d515d)
2019-11-30 15:31:15.992 15 RALLYDEBUG rally_openstack.cleanup.manager [-] Deleting neutron.network object s_rally_6b47dd34_hNKszRKD (aeb9f001-aa2a-4044-88ac-54cfcdedc309)
2019-11-30 15:31:16.058 15 RALLYDEBUG rally_openstack.cleanup.manager [-] Deleting neutron.network object s_rally_6b47dd34_XukreXb2 (b74044f3-d589-4be6-9c05-2ec24b4c3fe2)
2019-11-30 15:31:16.172 15 RALLYDEBUG rally_openstack.cleanup.manager [-] Deleting neutron.network object s_rally_6b47dd34_M7bxqKHm (b9bb84c2-b1a8-443c-a2e9-24f1780f77e4)
2019-11-30 15:31:16.183 15 RALLYDEBUG rally_openstack.cleanup.manager [-] Deleting neutron.network object s_rally_6b47dd34_Szo63Gwc (c6c53984-5d91-4c0e-83e4-f7b0997511a8)
2019-11-30 15:31:16.373 15 RALLYDEBUG rally_openstack.cleanup.manager [-] Deleting neutron.network object s_rally_6b47dd34_LxSKuToE (d0902259-04fc-406d-baa2-95a040e9b6fb)
2019-11-30 15:31:16.432 15 RALLYDEBUG rally_openstack.cleanup.manager [-] Deleting neutron.network object s_rally_6b47dd34_UqC7s1cJ (d124f7d8-508c-41bf-b4fb-61edaf9cc7b9)
2019-11-30 15:31:16.700 15 RALLYDEBUG rally_openstack.cleanup.manager [-] Deleting neutron.network object s_rally_6b47dd34_7ow73XaB (d3a0ab59-8463-4695-99e9-8062c2ede340)
2019-11-30 15:31:17.793 15 RALLYDEBUG rally_openstack.cleanup.manager [-] Deleting neutron.network object s_rally_6b47dd34_OkP6eIHz (d42bc0da-366d-4b85-b762-553db14f5079)
2019-11-30 15:31:18.184 15 RALLYDEBUG rally_openstack.cleanup.manager [-] Deleting neutron.network object s_rally_6b47dd34_exS5TQ4g (dc190070-8bad-463d-a7b1-a81796bc9b95)
2019-11-30 15:31:18.189 15 RALLYDEBUG rally_openstack.cleanup.manager [-] Deleting neutron.network object s_rally_6b47dd34_sO9ST8CP (de3b6eef-8f11-43e8-967a-bd86169a5f04)
2019-11-30 15:31:18.526 15 RALLYDEBUG rally_openstack.cleanup.manager [-] Deleting neutron.network object s_rally_6b47dd34_u6TrZ4RM (e5516734-9fca-4dc9-bb87-2a5cb9ff7c69)
2019-11-30 15:31:18.542 15 RALLYDEBUG rally_openstack.cleanup.manager [-] Deleting neutron.network object s_rally_6b47dd34_U4rlCLtZ (fb714912-e3db-48d8-8f83-f09c2a1d5f9a)
2019-11-30 15:31:18.543 15 RALLYDEBUG rally_openstack.cleanup.manager [-] Deleting neutron.network object s_rally_6b47dd34_yJCcpx8J (f13f096a-4713-4e13-9249-65b9597845d3)
2019-11-30 15:31:28.916 15 RALLYDEBUG rally_openstack.cleanup.manager [-] Cleaning up neutron router objects
2019-11-30 15:31:29.202 15 RALLYDEBUG rally_openstack.cleanup.manager [-] Cleaning up neutron security_group objects
2019-11-30 15:31:29.507 15 INFO rally.task.context [-] Task dd256fdf-7d72-4117-83c9-3deda0bac34c | Context cleanup@openstack cleanup() finished in 27.06 sec
2019-11-30 15:31:29.508 15 INFO rally.task.context [-] Task dd256fdf-7d72-4117-83c9-3deda0bac34c | Context quotas@openstack cleanup() started
2019-11-30 15:31:29.555 15 INFO rally.task.context [-] Task dd256fdf-7d72-4117-83c9-3deda0bac34c | Context quotas@openstack cleanup() finished in 47.48 msec
2019-11-30 15:31:29.556 15 INFO rally.task.context [-] Task dd256fdf-7d72-4117-83c9-3deda0bac34c | Context users@openstack cleanup() started
2019-11-30 15:31:31.012 15 INFO rally.task.context [-] Task dd256fdf-7d72-4117-83c9-3deda0bac34c | Context users@openstack cleanup() finished in 1.46 sec
2019-11-30 15:31:32.209 15 INFO rally.task.engine [-] Load duration is: 67.446176
2019-11-30 15:31:32.209 15 INFO rally.task.engine [-] Full runner duration is: 67.489444
2019-11-30 15:31:32.210 15 INFO rally.task.engine [-] Full duration is: 97.186684
2019-11-30 15:31:32.311 15 INFO rally.task.engine [-] Running workload: position = 0 config = { "version": 2, "title": "A cropped version of a bigger task.", "description": "Auto-generated task from a single workload (uuid=d2d5c662-4b01-41f3-8e51-3fe532a4b554)", "subtasks": [ { "title": "NeutronNetworks.create_and_list_routers", "description": "Create and a given number of routers and list all routers.", "scenario": { "NeutronNetworks.create_and_list_routers": { "network_create_args": null, "subnet_create_args": null, "subnet_cidr_start": "1.1.0.0/30", "subnets_per_network": 2, "router_create_args": null } }, "contexts": { "users": { "tenants": 1, "users_per_tenant": 1 }, "quotas": { "neutron": { "network": -1, "subnet": -1, "router": -1 } } }, "runner": { "constant": { "times": 40, "concurrency": 20 } }, "hooks": [], "sla": { "failure_rate": { "max": 0 } } } ] }
2019-11-30 15:31:32.324 15 RALLYDEBUG rally_openstack.contexts.keystone.users [-] Creating 1 tenants using 20 threads
2019-11-30 15:31:32.656 15 RALLYDEBUG rally_openstack.contexts.keystone.users [-] Creating 1 users using 20 threads
2019-11-30 15:31:33.096 15 INFO rally.task.context [-] Task dd256fdf-7d72-4117-83c9-3deda0bac34c | Context users@openstack setup() finished in 0.77 sec
2019-11-30 15:31:33.498 15 INFO rally.task.context [-] Task dd256fdf-7d72-4117-83c9-3deda0bac34c | Context quotas@openstack setup() finished in 0.40 sec
2019-11-30 15:31:33.499 15 INFO rally.task.context [-] Task dd256fdf-7d72-4117-83c9-3deda0bac34c | Context cleanup@openstack setup() finished in 0.01 msec
2019-11-30 15:31:33.508 15 RALLYDEBUG rally.task.runner [-] Starting the constant runner (task UUID: dd256fdf-7d72-4117-83c9-3deda0bac34c). timeout: 0 concurrency: 20 concurrency_per_worker: 1 times: 40 concurrency_overhead: 0 processes_to_start: 20 max_cpu_used: 88
2019-11-30 15:31:33.523 2671 RALLYDEBUG rally.task.runner [-] Starting a worker. concurrency: 1 args: {"network_create_args": null, "subnet_create_args": null, "subnet_cidr_start": "1.1.0.0/30", "subnets_per_network": 2, "router_create_args": null} times: 40 method_name: run timeout: 0 duration: None cls:
2019-11-30 15:31:33.526 2672 RALLYDEBUG rally.task.runner [-] Starting a worker. concurrency: 1 args: {"network_create_args": null, "subnet_create_args": null, "subnet_cidr_start": "1.1.0.0/30", "subnets_per_network": 2, "router_create_args": null} times: 40 method_name: run timeout: 0 duration: None cls:
2019-11-30 15:31:33.528 2673 RALLYDEBUG rally.task.runner [-] Starting a worker. concurrency: 1 args: {"network_create_args": null, "subnet_create_args": null, "subnet_cidr_start": "1.1.0.0/30", "subnets_per_network": 2, "router_create_args": null} times: 40 method_name: run timeout: 0 duration: None cls:
2019-11-30 15:31:33.529 2671 INFO rally.task.runner [-] Task dd256fdf-7d72-4117-83c9-3deda0bac34c | ITER: 1 START
2019-11-30 15:31:33.531 2674 RALLYDEBUG rally.task.runner [-] Starting a worker. concurrency: 1 args: {"network_create_args": null, "subnet_create_args": null, "subnet_cidr_start": "1.1.0.0/30", "subnets_per_network": 2, "router_create_args": null} times: 40 method_name: run timeout: 0 duration: None cls:
2019-11-30 15:31:33.532 2672 INFO rally.task.runner [-] Task dd256fdf-7d72-4117-83c9-3deda0bac34c | ITER: 2 START
2019-11-30 15:31:33.534 2673 INFO rally.task.runner [-] Task dd256fdf-7d72-4117-83c9-3deda0bac34c | ITER: 3 START
2019-11-30 15:31:33.534 2675 RALLYDEBUG rally.task.runner [-] Starting a worker. concurrency: 1 args: {"network_create_args": null, "subnet_create_args": null, "subnet_cidr_start": "1.1.0.0/30", "subnets_per_network": 2, "router_create_args": null} times: 40 method_name: run timeout: 0 duration: None cls:
2019-11-30 15:31:33.537 2674 INFO rally.task.runner [-] Task dd256fdf-7d72-4117-83c9-3deda0bac34c | ITER: 4 START
2019-11-30 15:31:33.537 2678 RALLYDEBUG rally.task.runner [-] Starting a worker. concurrency: 1 args: {"network_create_args": null, "subnet_create_args": null, "subnet_cidr_start": "1.1.0.0/30", "subnets_per_network": 2, "router_create_args": null} times: 40 method_name: run timeout: 0 duration: None cls:
2019-11-30 15:31:33.539 2682 RALLYDEBUG rally.task.runner [-] Starting a worker. concurrency: 1 args: {"network_create_args": null, "subnet_create_args": null, "subnet_cidr_start": "1.1.0.0/30", "subnets_per_network": 2, "router_create_args": null} times: 40 method_name: run timeout: 0 duration: None cls:
2019-11-30 15:31:33.540 2675 INFO rally.task.runner [-] Task dd256fdf-7d72-4117-83c9-3deda0bac34c | ITER: 5 START
2019-11-30 15:31:33.543 2678 INFO rally.task.runner [-] Task dd256fdf-7d72-4117-83c9-3deda0bac34c | ITER: 6 START
2019-11-30 15:31:33.543 2684 RALLYDEBUG rally.task.runner [-] Starting a worker. concurrency: 1 args: {"network_create_args": null, "subnet_create_args": null, "subnet_cidr_start": "1.1.0.0/30", "subnets_per_network": 2, "router_create_args": null} times: 40 method_name: run timeout: 0 duration: None cls:
2019-11-30 15:31:33.546 2682 INFO rally.task.runner [-] Task dd256fdf-7d72-4117-83c9-3deda0bac34c | ITER: 7 START
2019-11-30 15:31:33.545 2687 RALLYDEBUG rally.task.runner [-] Starting a worker. concurrency: 1 args: {"network_create_args": null, "subnet_create_args": null, "subnet_cidr_start": "1.1.0.0/30", "subnets_per_network": 2, "router_create_args": null} times: 40 method_name: run timeout: 0 duration: None cls:
2019-11-30 15:31:33.548 2690 RALLYDEBUG rally.task.runner [-] Starting a worker. concurrency: 1 args: {"network_create_args": null, "subnet_create_args": null, "subnet_cidr_start": "1.1.0.0/30", "subnets_per_network": 2, "router_create_args": null} times: 40 method_name: run timeout: 0 duration: None cls:
2019-11-30 15:31:33.549 2684 INFO rally.task.runner [-] Task dd256fdf-7d72-4117-83c9-3deda0bac34c | ITER: 8 START
2019-11-30 15:31:33.551 2687 INFO rally.task.runner [-] Task dd256fdf-7d72-4117-83c9-3deda0bac34c | ITER: 9 START
2019-11-30 15:31:33.551 2696 RALLYDEBUG rally.task.runner [-] Starting a worker. concurrency: 1 args: {"network_create_args": null, "subnet_create_args": null, "subnet_cidr_start": "1.1.0.0/30", "subnets_per_network": 2, "router_create_args": null} times: 40 method_name: run timeout: 0 duration: None cls:
2019-11-30 15:31:33.551 2693 RALLYDEBUG rally.task.runner [-] Starting a worker. concurrency: 1 args: {"network_create_args": null, "subnet_create_args": null, "subnet_cidr_start": "1.1.0.0/30", "subnets_per_network": 2, "router_create_args": null} times: 40 method_name: run timeout: 0 duration: None cls:
2019-11-30 15:31:33.554 2690 INFO rally.task.runner [-] Task dd256fdf-7d72-4117-83c9-3deda0bac34c | ITER: 10 START
2019-11-30 15:31:33.554 2699 RALLYDEBUG rally.task.runner [-] Starting a worker. concurrency: 1 args: {"network_create_args": null, "subnet_create_args": null, "subnet_cidr_start": "1.1.0.0/30", "subnets_per_network": 2, "router_create_args": null} times: 40 method_name: run timeout: 0 duration: None cls:
2019-11-30 15:31:33.555 2696 INFO rally.task.runner [-] Task dd256fdf-7d72-4117-83c9-3deda0bac34c | ITER: 11 START
2019-11-30 15:31:33.557 2693 INFO rally.task.runner [-] Task dd256fdf-7d72-4117-83c9-3deda0bac34c | ITER: 12 START
2019-11-30 15:31:33.558 2699 INFO rally.task.runner [-] Task dd256fdf-7d72-4117-83c9-3deda0bac34c | ITER: 13 START
2019-11-30 15:31:33.559 2702 RALLYDEBUG rally.task.runner [-] Starting a worker. concurrency: 1 args: {"network_create_args": null, "subnet_create_args": null, "subnet_cidr_start": "1.1.0.0/30", "subnets_per_network": 2, "router_create_args": null} times: 40 method_name: run timeout: 0 duration: None cls:
2019-11-30 15:31:33.563 2707 RALLYDEBUG rally.task.runner [-] Starting a worker. concurrency: 1 args: {"network_create_args": null, "subnet_create_args": null, "subnet_cidr_start": "1.1.0.0/30", "subnets_per_network": 2, "router_create_args": null} times: 40 method_name: run timeout: 0 duration: None cls:
2019-11-30 15:31:33.565 2702 INFO rally.task.runner [-] Task dd256fdf-7d72-4117-83c9-3deda0bac34c | ITER: 14 START
