2019-11-29 15:36:59.367 2705 RALLYDEBUG rally.task.runner [-] Starting a worker. concurrency: 1 args: {"network_create_args": null, "subnet_create_args": null, "subnet_cidr_start": "1.1.0.0/30", "subnets_per_network": 2, "router_create_args": null} times: 40 method_name: run timeout: 0 duration: None cls:
2019-11-29 15:36:59.368 2704 INFO rally.task.runner [-] Task 62345f71-e953-4e84-8614-bc2871839791 | ITER: 14 START
2019-11-29 15:36:59.369 2710 RALLYDEBUG rally.task.runner [-] Starting a worker. concurrency: 1 args: {"network_create_args": null, "subnet_create_args": null, "subnet_cidr_start": "1.1.0.0/30", "subnets_per_network": 2, "router_create_args": null} times: 40 method_name: run timeout: 0 duration: None cls:
2019-11-29 15:36:59.372 2705 INFO rally.task.runner [-] Task 62345f71-e953-4e84-8614-bc2871839791 | ITER: 15 START
2019-11-29 15:36:59.373 2713 RALLYDEBUG rally.task.runner [-] Starting a worker. concurrency: 1 args: {"network_create_args": null, "subnet_create_args": null, "subnet_cidr_start": "1.1.0.0/30", "subnets_per_network": 2, "router_create_args": null} times: 40 method_name: run timeout: 0 duration: None cls:
2019-11-29 15:36:59.374 2710 INFO rally.task.runner [-] Task 62345f71-e953-4e84-8614-bc2871839791 | ITER: 16 START
2019-11-29 15:36:59.375 2716 RALLYDEBUG rally.task.runner [-] Starting a worker. concurrency: 1 args: {"network_create_args": null, "subnet_create_args": null, "subnet_cidr_start": "1.1.0.0/30", "subnets_per_network": 2, "router_create_args": null} times: 40 method_name: run timeout: 0 duration: None cls:
2019-11-29 15:36:59.378 2713 INFO rally.task.runner [-] Task 62345f71-e953-4e84-8614-bc2871839791 | ITER: 17 START
2019-11-29 15:36:59.378 2718 RALLYDEBUG rally.task.runner [-] Starting a worker. concurrency: 1 args: {"network_create_args": null, "subnet_create_args": null, "subnet_cidr_start": "1.1.0.0/30", "subnets_per_network": 2, "router_create_args": null} times: 40 method_name: run timeout: 0 duration: None cls:
2019-11-29 15:36:59.380 2716 INFO rally.task.runner [-] Task 62345f71-e953-4e84-8614-bc2871839791 | ITER: 18 START
2019-11-29 15:36:59.381 2722 RALLYDEBUG rally.task.runner [-] Starting a worker. concurrency: 1 args: {"network_create_args": null, "subnet_create_args": null, "subnet_cidr_start": "1.1.0.0/30", "subnets_per_network": 2, "router_create_args": null} times: 40 method_name: run timeout: 0 duration: None cls:
2019-11-29 15:36:59.384 2718 INFO rally.task.runner [-] Task 62345f71-e953-4e84-8614-bc2871839791 | ITER: 19 START
2019-11-29 15:36:59.386 2722 INFO rally.task.runner [-] Task 62345f71-e953-4e84-8614-bc2871839791 | ITER: 20 START
2019-11-29 15:37:00.395 2672 RALLYDEBUG rally_openstack.wrappers.network [-] CIDR generated: 1.1.5.160/30
2019-11-29 15:37:00.698 2671 RALLYDEBUG rally_openstack.wrappers.network [-] CIDR generated: 1.1.5.164/30
2019-11-29 15:37:01.094 2674 RALLYDEBUG rally_openstack.wrappers.network [-] CIDR generated: 1.1.5.168/30
2019-11-29 15:37:02.057 2681 RALLYDEBUG rally_openstack.wrappers.network [-] CIDR generated: 1.1.5.172/30
2019-11-29 15:37:02.293 2673 RALLYDEBUG rally_openstack.wrappers.network [-] CIDR generated: 1.1.5.176/30
2019-11-29 15:37:02.313 2677 RALLYDEBUG rally_openstack.wrappers.network [-] CIDR generated: 1.1.5.180/30
2019-11-29 15:37:02.339 2687 RALLYDEBUG rally_openstack.wrappers.network [-] CIDR generated: 1.1.5.184/30
2019-11-29 15:37:02.375 2679 RALLYDEBUG rally_openstack.wrappers.network [-] CIDR generated: 1.1.5.188/30
2019-11-29 15:37:02.522 2684 RALLYDEBUG rally_openstack.wrappers.network [-] CIDR generated: 1.1.5.192/30
2019-11-29 15:37:02.525 2695 RALLYDEBUG rally_openstack.wrappers.network [-] CIDR generated: 1.1.5.196/30
2019-11-29 15:37:02.619 2718 RALLYDEBUG rally_openstack.wrappers.network [-] CIDR generated: 1.1.5.200/30
2019-11-29 15:37:02.637 2716 RALLYDEBUG rally_openstack.wrappers.network [-] CIDR generated: 1.1.5.204/30
2019-11-29 15:37:02.678 2710 RALLYDEBUG rally_openstack.wrappers.network [-] CIDR generated: 1.1.5.208/30
2019-11-29 15:37:03.110 2698 RALLYDEBUG rally_openstack.wrappers.network [-] CIDR generated: 1.1.5.212/30
2019-11-29 15:37:03.120 2713 RALLYDEBUG rally_openstack.wrappers.network [-] CIDR generated: 1.1.5.216/30
2019-11-29 15:37:03.316 2704 RALLYDEBUG rally_openstack.wrappers.network [-] CIDR generated: 1.1.5.220/30
2019-11-29 15:37:03.460 2722 RALLYDEBUG rally_openstack.wrappers.network [-] CIDR generated: 1.1.5.224/30
2019-11-29 15:37:03.731 2692 RALLYDEBUG rally_openstack.wrappers.network [-] CIDR generated: 1.1.5.228/30
2019-11-29 15:37:03.882 2700 RALLYDEBUG rally_openstack.wrappers.network [-] CIDR generated: 1.1.5.232/30
2019-11-29 15:37:05.098 2705 RALLYDEBUG rally_openstack.wrappers.network [-] CIDR generated: 1.1.5.236/30
2019-11-29 15:37:06.136 2672 RALLYDEBUG rally_openstack.wrappers.network [-] CIDR generated: 1.1.5.240/30
2019-11-29 15:37:06.665 2671 RALLYDEBUG rally_openstack.wrappers.network [-] CIDR generated: 1.1.5.244/30
2019-11-29 15:37:06.950 2681 RALLYDEBUG rally_openstack.wrappers.network [-] CIDR generated: 1.1.5.248/30
2019-11-29 15:37:06.979 2673 RALLYDEBUG rally_openstack.wrappers.network [-] CIDR generated: 1.1.5.252/30
2019-11-29 15:37:06.982 2695 RALLYDEBUG rally_openstack.wrappers.network [-] CIDR generated: 1.1.6.0/30
2019-11-29 15:37:07.022 2674 RALLYDEBUG rally_openstack.wrappers.network [-] CIDR generated: 1.1.6.4/30
2019-11-29 15:37:07.080 2716 RALLYDEBUG rally_openstack.wrappers.network [-] CIDR generated: 1.1.6.8/30
2019-11-29 15:37:07.315 2718 RALLYDEBUG rally_openstack.wrappers.network [-] CIDR generated: 1.1.6.12/30
2019-11-29 15:37:07.482 2710 RALLYDEBUG rally_openstack.wrappers.network [-] CIDR generated: 1.1.6.16/30
2019-11-29 15:37:07.501 2713 RALLYDEBUG rally_openstack.wrappers.network [-] CIDR generated: 1.1.6.20/30
2019-11-29 15:37:09.325 2677 RALLYDEBUG rally_openstack.wrappers.network [-] CIDR generated: 1.1.6.24/30
2019-11-29 15:37:09.337 2684 RALLYDEBUG rally_openstack.wrappers.network [-] CIDR generated: 1.1.6.28/30
2019-11-29 15:37:09.460 2679 RALLYDEBUG rally_openstack.wrappers.network [-] CIDR generated: 1.1.6.32/30
2019-11-29 15:37:09.560 2687 RALLYDEBUG rally_openstack.wrappers.network [-] CIDR generated: 1.1.6.36/30
2019-11-29 15:37:10.090 2698 RALLYDEBUG rally_openstack.wrappers.network [-] CIDR generated: 1.1.6.40/30
2019-11-29 15:37:10.165 2704 RALLYDEBUG rally_openstack.wrappers.network [-] CIDR generated: 1.1.6.44/30
2019-11-29 15:37:10.442 2722 RALLYDEBUG rally_openstack.wrappers.network [-] CIDR generated: 1.1.6.48/30
2019-11-29 15:37:10.454 2692 RALLYDEBUG rally_openstack.wrappers.network [-] CIDR generated: 1.1.6.52/30
2019-11-29 15:37:10.813 2700 RALLYDEBUG rally_openstack.wrappers.network [-] CIDR generated: 1.1.6.56/30
2019-11-29 15:37:11.059 2705 RALLYDEBUG rally_openstack.wrappers.network [-] CIDR generated: 1.1.6.60/30
2019-11-29 15:38:24.189 2673 INFO rally.task.runner [-] Task 62345f71-e953-4e84-8614-bc2871839791 | ITER: 3 END: OK
2019-11-29 15:38:24.197 2673 INFO rally.task.runner [-] Task 62345f71-e953-4e84-8614-bc2871839791 | ITER: 21 START
2019-11-29 15:38:24.646 2673 RALLYDEBUG rally_openstack.wrappers.network [-] CIDR generated: 1.1.6.64/30
2019-11-29 15:38:34.796 2673 RALLYDEBUG rally_openstack.wrappers.network [-] CIDR generated: 1.1.6.68/30
2019-11-29 15:39:00.628 2710 INFO rally.task.runner [-] Task 62345f71-e953-4e84-8614-bc2871839791 | ITER: 16 END: OK
2019-11-29 15:39:00.636 2710 INFO rally.task.runner [-] Task 62345f71-e953-4e84-8614-bc2871839791 | ITER: 22 START
2019-11-29 15:39:02.306 2705 INFO rally.task.runner [-] Task 62345f71-e953-4e84-8614-bc2871839791 | ITER: 15 END: OK
2019-11-29 15:39:02.312 2705 INFO rally.task.runner [-] Task 62345f71-e953-4e84-8614-bc2871839791 | ITER: 23 START
2019-11-29 15:39:04.263 2671 INFO rally.task.runner [-] Task 62345f71-e953-4e84-8614-bc2871839791 | ITER: 1 END: OK
2019-11-29 15:39:04.271 2671 INFO rally.task.runner [-] Task 62345f71-e953-4e84-8614-bc2871839791 | ITER: 24 START
2019-11-29 15:39:04.279 2695 INFO rally.task.runner [-] Task 62345f71-e953-4e84-8614-bc2871839791 | ITER: 11 END: OK
2019-11-29 15:39:04.285 2695 INFO rally.task.runner [-] Task 62345f71-e953-4e84-8614-bc2871839791 | ITER: 25 START
2019-11-29 15:39:04.816 2684 INFO rally.task.runner [-] Task 62345f71-e953-4e84-8614-bc2871839791 | ITER: 8 END: OK
2019-11-29 15:39:04.822 2684 INFO rally.task.runner [-] Task 62345f71-e953-4e84-8614-bc2871839791 | ITER: 26 START
2019-11-29 15:39:05.123 2710 RALLYDEBUG rally_openstack.wrappers.network [-] CIDR generated: 1.1.6.72/30
2019-11-29 15:39:05.620 2705 RALLYDEBUG rally_openstack.wrappers.network [-] CIDR generated: 1.1.6.76/30
2019-11-29 15:39:06.999 2671 RALLYDEBUG rally_openstack.wrappers.network [-] CIDR generated: 1.1.6.80/30
2019-11-29 15:39:07.222 2684 RALLYDEBUG rally_openstack.wrappers.network [-] CIDR generated: 1.1.6.84/30
2019-11-29 15:39:07.566 2695 RALLYDEBUG rally_openstack.wrappers.network [-] CIDR generated: 1.1.6.88/30
2019-11-29 15:39:08.227 2718 INFO rally.task.runner [-] Task 62345f71-e953-4e84-8614-bc2871839791 | ITER: 19 END: OK
2019-11-29 15:39:08.235 2718 INFO rally.task.runner [-] Task 62345f71-e953-4e84-8614-bc2871839791 | ITER: 27 START
2019-11-29 15:39:08.236 2681 INFO rally.task.runner [-] Task 62345f71-e953-4e84-8614-bc2871839791 | ITER: 7 END: OK
2019-11-29 15:39:08.243 2681 INFO rally.task.runner [-] Task 62345f71-e953-4e84-8614-bc2871839791 | ITER: 28 START
2019-11-29 15:39:10.108 2710 RALLYDEBUG rally_openstack.wrappers.network [-] CIDR generated: 1.1.6.92/30
2019-11-29 15:39:10.232 2705 RALLYDEBUG rally_openstack.wrappers.network [-] CIDR generated: 1.1.6.96/30
2019-11-29 15:39:10.313 2718 RALLYDEBUG rally_openstack.wrappers.network [-] CIDR generated: 1.1.6.100/30
2019-11-29 15:39:10.980 2713 INFO rally.task.runner [-] Task 62345f71-e953-4e84-8614-bc2871839791 | ITER: 17 END: OK
2019-11-29 15:39:10.988 2713 INFO rally.task.runner [-] Task 62345f71-e953-4e84-8614-bc2871839791 | ITER: 29 START
2019-11-29 15:39:11.387 2695 RALLYDEBUG rally_openstack.wrappers.network [-] CIDR generated: 1.1.6.104/30
2019-11-29 15:39:11.392 2672 INFO rally.task.runner [-] Task 62345f71-e953-4e84-8614-bc2871839791 | ITER: 2 END: OK
2019-11-29 15:39:11.399 2672 INFO rally.task.runner [-] Task 62345f71-e953-4e84-8614-bc2871839791 | ITER: 30 START
2019-11-29 15:39:12.778 2681 RALLYDEBUG rally_openstack.wrappers.network [-] CIDR generated: 1.1.6.108/30
2019-11-29 15:39:14.835 2681 RALLYDEBUG rally_openstack.wrappers.network [-] CIDR generated: 1.1.6.112/30
2019-11-29 15:39:15.272 2684 RALLYDEBUG rally_openstack.wrappers.network [-] CIDR generated: 1.1.6.116/30
2019-11-29 15:39:15.318 2671 RALLYDEBUG rally_openstack.wrappers.network [-] CIDR generated: 1.1.6.120/30
2019-11-29 15:39:15.665 2713 RALLYDEBUG rally_openstack.wrappers.network [-] CIDR generated: 1.1.6.124/30
2019-11-29 15:39:15.666 2672 RALLYDEBUG rally_openstack.wrappers.network [-] CIDR generated: 1.1.6.128/30
2019-11-29 15:39:16.302 2716 INFO rally.task.runner [-] Task 62345f71-e953-4e84-8614-bc2871839791 | ITER: 18 END: OK
2019-11-29 15:39:16.308 2716 INFO rally.task.runner [-] Task 62345f71-e953-4e84-8614-bc2871839791 | ITER: 31 START
2019-11-29 15:39:18.105 2718 RALLYDEBUG rally_openstack.wrappers.network [-] CIDR generated: 1.1.6.132/30
2019-11-29 15:39:18.105 2687 INFO rally.task.runner [-] Task 62345f71-e953-4e84-8614-bc2871839791 | ITER: 9 END: OK
2019-11-29 15:39:18.112 2687 INFO rally.task.runner [-] Task 62345f71-e953-4e84-8614-bc2871839791 | ITER: 32 START
2019-11-29 15:39:19.032 2716 RALLYDEBUG rally_openstack.wrappers.network [-] CIDR generated: 1.1.6.136/30
2019-11-29 15:39:20.449 2713 RALLYDEBUG rally_openstack.wrappers.network [-] CIDR generated: 1.1.6.140/30
2019-11-29 15:39:20.530 2672 RALLYDEBUG rally_openstack.wrappers.network [-] CIDR generated: 1.1.6.144/30
2019-11-29 15:39:20.617 2687 RALLYDEBUG rally_openstack.wrappers.network [-] CIDR generated: 1.1.6.148/30
2019-11-29 15:39:22.715 2674 INFO rally.task.runner [-] Task 62345f71-e953-4e84-8614-bc2871839791 | ITER: 4 END: OK
2019-11-29 15:39:22.723 2674 INFO rally.task.runner [-] Task 62345f71-e953-4e84-8614-bc2871839791 | ITER: 33 START
2019-11-29 15:39:23.998 2716 RALLYDEBUG rally_openstack.wrappers.network [-] CIDR generated: 1.1.6.152/30
2019-11-29 15:39:24.790 2674 RALLYDEBUG rally_openstack.wrappers.network [-] CIDR generated: 1.1.6.156/30
2019-11-29 15:39:24.888 2687 RALLYDEBUG rally_openstack.wrappers.network [-] CIDR generated: 1.1.6.160/30
2019-11-29 15:39:28.042 2722 INFO rally.task.runner [-] Task 62345f71-e953-4e84-8614-bc2871839791 | ITER: 20 END: OK
2019-11-29 15:39:28.048 2722 INFO rally.task.runner [-] Task 62345f71-e953-4e84-8614-bc2871839791 | ITER: 34 START
2019-11-29 15:39:29.360 2722 RALLYDEBUG rally_openstack.wrappers.network [-] CIDR generated: 1.1.6.164/30
2019-11-29 15:39:34.486 2674 RALLYDEBUG rally_openstack.wrappers.network [-] CIDR generated: 1.1.6.168/30
2019-11-29 15:39:37.182 2700 INFO rally.task.runner [-] Task 62345f71-e953-4e84-8614-bc2871839791 | ITER: 13 END: OK
2019-11-29 15:39:37.188 2700 INFO rally.task.runner [-] Task 62345f71-e953-4e84-8614-bc2871839791 | ITER: 35 START
2019-11-29 15:39:38.759 2722 RALLYDEBUG rally_openstack.wrappers.network [-] CIDR generated: 1.1.6.172/30
2019-11-29 15:39:38.786 2700 RALLYDEBUG rally_openstack.wrappers.network [-] CIDR generated: 1.1.6.176/30
2019-11-29 15:39:41.011 2677 INFO rally.task.runner [-] Task 62345f71-e953-4e84-8614-bc2871839791 | ITER: 5 END: OK
2019-11-29 15:39:41.019 2677 INFO rally.task.runner [-] Task 62345f71-e953-4e84-8614-bc2871839791 | ITER: 36 START
2019-11-29 15:39:42.046 2677 RALLYDEBUG rally_openstack.wrappers.network [-] CIDR generated: 1.1.6.180/30
2019-11-29 15:39:44.400 2673 INFO rally.task.runner [-] Task 62345f71-e953-4e84-8614-bc2871839791 | ITER: 21 END: OK
2019-11-29 15:39:44.406 2673 INFO rally.task.runner [-] Task 62345f71-e953-4e84-8614-bc2871839791 | ITER: 37 START
2019-11-29 15:39:45.453 2673 RALLYDEBUG rally_openstack.wrappers.network [-] CIDR generated: 1.1.6.184/30
2019-11-29 15:39:49.345 2700 RALLYDEBUG rally_openstack.wrappers.network [-] CIDR generated: 1.1.6.188/30
2019-11-29 15:39:49.579 2679 INFO rally.task.runner [-] Task 62345f71-e953-4e84-8614-bc2871839791 | ITER: 6 END: OK
2019-11-29 15:39:49.580 2698 INFO rally.task.runner [-] Task 62345f71-e953-4e84-8614-bc2871839791 | ITER: 12 END: OK
2019-11-29 15:39:49.585 2679 INFO rally.task.runner [-] Task 62345f71-e953-4e84-8614-bc2871839791 | ITER: 38 START
2019-11-29 15:39:49.586 2698 INFO rally.task.runner [-] Task 62345f71-e953-4e84-8614-bc2871839791 | ITER: 39 START
2019-11-29 15:39:50.408 2698 RALLYDEBUG rally_openstack.wrappers.network [-] CIDR generated: 1.1.6.192/30
2019-11-29 15:39:51.879 2692 INFO rally.task.runner [-] Task 62345f71-e953-4e84-8614-bc2871839791 | ITER: 10 END: OK
2019-11-29 15:39:51.884 2692 INFO rally.task.runner [-] Task 62345f71-e953-4e84-8614-bc2871839791 | ITER: 40 START
2019-11-29 15:39:52.349 2692 RALLYDEBUG rally_openstack.wrappers.network [-] CIDR generated: 1.1.6.196/30
2019-11-29 15:39:53.140 2677 RALLYDEBUG rally_openstack.wrappers.network [-] CIDR generated: 1.1.6.200/30
2019-11-29 15:39:54.151 2704 INFO rally.task.runner [-] Task 62345f71-e953-4e84-8614-bc2871839791 | ITER: 14 END: OK
2019-11-29 15:39:54.638 2679 RALLYDEBUG rally_openstack.wrappers.network [-] CIDR generated: 1.1.6.204/30
2019-11-29 15:39:55.265 2679 RALLYDEBUG rally_openstack.wrappers.network [-] CIDR generated: 1.1.6.208/30
2019-11-29 15:39:55.711 2673 RALLYDEBUG rally_openstack.wrappers.network [-] CIDR generated: 1.1.6.212/30
2019-11-29 15:40:01.394 2698 RALLYDEBUG rally_openstack.wrappers.network [-] CIDR generated: 1.1.6.216/30
2019-11-29 15:40:01.682 2692 RALLYDEBUG rally_openstack.wrappers.network [-] CIDR generated: 1.1.6.220/30
2019-11-29 15:40:20.772 2684 DEBUG neutronclient.v2_0.client [-] Error message: 504 Gateway Time-out

504 Gateway Time-out


nginx
_handle_fault_response /usr/lib/python2.7/site-packages/neutronclient/v2_0/client.py:259
2019-11-29 15:40:20.779 2684 ERROR rally.task.runner [-] Iteration 26 raised Exception: NeutronClientException: 504 Gateway Time-out

504 Gateway Time-out


nginx
2019-11-29 15:40:20.779 2684 ERROR rally.task.runner
Traceback (most recent call last):
2019-11-29 15:40:20.779 2684 ERROR rally.task.runner
File "/usr/lib/python2.7/site-packages/rally/task/runner.py", line 71, in _run_scenario_once
2019-11-29 15:40:20.779 2684 ERROR rally.task.runner getattr(scenario_inst, method_name)(**scenario_kwargs)
2019-11-29 15:40:20.779 2684 ERROR rally.task.runner
File "/usr/lib/python2.7/site-packages/rally_openstack/scenarios/neutron/network.py", line 261, in run
2019-11-29 15:40:20.779 2684 ERROR rally.task.runner router_create_args)
2019-11-29 15:40:20.779 2684 ERROR rally.task.runner
File "/usr/lib/python2.7/site-packages/rally_openstack/scenarios/neutron/utils.py", line 385, in _create_network_structure
2019-11-29 15:40:20.779 2684 ERROR rally.task.runner router = self._create_router(router_create_args or {})
2019-11-29 15:40:20.779 2684 ERROR rally.task.runner
File "/usr/lib/python2.7/site-packages/rally/task/atomic.py", line 91, in func_atomic_actions
2019-11-29 15:40:20.779 2684 ERROR rally.task.runner f = func(self, *args, **kwargs)
2019-11-29 15:40:20.779 2684 ERROR rally.task.runner
File "/usr/lib/python2.7/site-packages/rally_openstack/scenarios/neutron/utils.py", line 215, in _create_router
2019-11-29 15:40:20.779 2684 ERROR rally.task.runner {"router": router_create_args})
2019-11-29 15:40:20.779 2684 ERROR rally.task.runner
File "/usr/lib/python2.7/site-packages/neutronclient/v2_0/client.py", line 885, in create_router
2019-11-29 15:40:20.779 2684 ERROR rally.task.runner return self.post(self.routers_path, body=body)
2019-11-29 15:40:20.779 2684 ERROR rally.task.runner
File "/usr/lib/python2.7/site-packages/neutronclient/v2_0/client.py", line 359, in post
2019-11-29 15:40:20.779 2684 ERROR rally.task.runner headers=headers, params=params)
2019-11-29 15:40:20.779 2684 ERROR rally.task.runner
File "/usr/lib/python2.7/site-packages/neutronclient/v2_0/client.py", line 294, in do_request
2019-11-29 15:40:20.779 2684 ERROR rally.task.runner self._handle_fault_response(status_code, replybody, resp)
2019-11-29 15:40:20.779 2684 ERROR rally.task.runner
File "/usr/lib/python2.7/site-packages/neutronclient/v2_0/client.py", line 269, in _handle_fault_response
2019-11-29 15:40:20.779 2684 ERROR rally.task.runner exception_handler_v20(status_code, error_body)
2019-11-29 15:40:20.779 2684 ERROR rally.task.runner
File "/usr/lib/python2.7/site-packages/neutronclient/v2_0/client.py", line 93, in exception_handler_v20
2019-11-29 15:40:20.779 2684 ERROR rally.task.runner request_ids=request_ids)
2019-11-29 15:40:20.779 2684 ERROR rally.task.runner NeutronClientException:
2019-11-29 15:40:20.779 2684 ERROR rally.task.runner 504 Gateway Time-out
2019-11-29 15:40:20.779 2684 ERROR rally.task.runner
2019-11-29 15:40:20.779 2684 ERROR rally.task.runner

504 Gateway Time-out

2019-11-29 15:40:20.779 2684 ERROR rally.task.runner
nginx
2019-11-29 15:40:20.779 2684 ERROR rally.task.runner
2019-11-29 15:40:20.779 2684 ERROR rally.task.runner
2019-11-29 15:40:20.779 2684 ERROR rally.task.runner
2019-11-29 15:40:20.779 2684 ERROR rally.task.runner
2019-11-29 15:40:20.781 2684 INFO rally.task.runner [-] Task 62345f71-e953-4e84-8614-bc2871839791 | ITER: 26 END: Error NeutronClientException: 504 Gateway Time-out

504 Gateway Time-out


nginx
2019-11-29 15:40:24.753 2713 DEBUG neutronclient.v2_0.client [-] Error message: 504 Gateway Time-out

504 Gateway Time-out


nginx
_handle_fault_response /usr/lib/python2.7/site-packages/neutronclient/v2_0/client.py:259
2019-11-29 15:40:24.764 2713 ERROR rally.task.runner [-] Iteration 29 raised Exception: NeutronClientException: 504 Gateway Time-out

504 Gateway Time-out


nginx
2019-11-29 15:40:24.764 2713 ERROR rally.task.runner
Traceback (most recent call last):
2019-11-29 15:40:24.764 2713 ERROR rally.task.runner
File "/usr/lib/python2.7/site-packages/rally/task/runner.py", line 71, in _run_scenario_once
2019-11-29 15:40:24.764 2713 ERROR rally.task.runner getattr(scenario_inst, method_name)(**scenario_kwargs)
2019-11-29 15:40:24.764 2713 ERROR rally.task.runner
File "/usr/lib/python2.7/site-packages/rally_openstack/scenarios/neutron/network.py", line 261, in run
2019-11-29 15:40:24.764 2713 ERROR rally.task.runner router_create_args)
2019-11-29 15:40:24.764 2713 ERROR rally.task.runner
File "/usr/lib/python2.7/site-packages/rally_openstack/scenarios/neutron/utils.py", line 385, in _create_network_structure
2019-11-29 15:40:24.764 2713 ERROR rally.task.runner router = self._create_router(router_create_args or {})
2019-11-29 15:40:24.764 2713 ERROR rally.task.runner
File "/usr/lib/python2.7/site-packages/rally/task/atomic.py", line 91, in func_atomic_actions
2019-11-29 15:40:24.764 2713 ERROR rally.task.runner f = func(self, *args, **kwargs)
2019-11-29 15:40:24.764 2713 ERROR rally.task.runner
File "/usr/lib/python2.7/site-packages/rally_openstack/scenarios/neutron/utils.py", line 215, in _create_router
2019-11-29 15:40:24.764 2713 ERROR rally.task.runner {"router": router_create_args})
2019-11-29 15:40:24.764 2713 ERROR rally.task.runner
File "/usr/lib/python2.7/site-packages/neutronclient/v2_0/client.py", line 885, in create_router
2019-11-29 15:40:24.764 2713 ERROR rally.task.runner return self.post(self.routers_path, body=body)
2019-11-29 15:40:24.764 2713 ERROR rally.task.runner
File "/usr/lib/python2.7/site-packages/neutronclient/v2_0/client.py", line 359, in post
2019-11-29 15:40:24.764 2713 ERROR rally.task.runner headers=headers, params=params)
2019-11-29 15:40:24.764 2713 ERROR rally.task.runner
File "/usr/lib/python2.7/site-packages/neutronclient/v2_0/client.py", line 294, in do_request
2019-11-29 15:40:24.764 2713 ERROR rally.task.runner self._handle_fault_response(status_code, replybody, resp)
2019-11-29 15:40:24.764 2713 ERROR rally.task.runner
File "/usr/lib/python2.7/site-packages/neutronclient/v2_0/client.py", line 269, in _handle_fault_response
2019-11-29 15:40:24.764 2713 ERROR rally.task.runner exception_handler_v20(status_code, error_body)
2019-11-29 15:40:24.764 2713 ERROR rally.task.runner
File "/usr/lib/python2.7/site-packages/neutronclient/v2_0/client.py", line 93, in exception_handler_v20
2019-11-29 15:40:24.764 2713 ERROR rally.task.runner request_ids=request_ids)
2019-11-29 15:40:24.764 2713 ERROR rally.task.runner NeutronClientException:
2019-11-29 15:40:24.764 2713 ERROR rally.task.runner 504 Gateway Time-out
2019-11-29 15:40:24.764 2713 ERROR rally.task.runner
2019-11-29 15:40:24.764 2713 ERROR rally.task.runner

504 Gateway Time-out

2019-11-29 15:40:24.764 2713 ERROR rally.task.runner
nginx
2019-11-29 15:40:24.764 2713 ERROR rally.task.runner
2019-11-29 15:40:24.764 2713 ERROR rally.task.runner
2019-11-29 15:40:24.764 2713 ERROR rally.task.runner
2019-11-29 15:40:24.764 2713 ERROR rally.task.runner
2019-11-29 15:40:24.765 2713 INFO rally.task.runner [-] Task 62345f71-e953-4e84-8614-bc2871839791 | ITER: 29 END: Error NeutronClientException: 504 Gateway Time-out

504 Gateway Time-out


nginx
2019-11-29 15:40:37.896 2674 DEBUG neutronclient.v2_0.client [-] Error message: 504 Gateway Time-out

504 Gateway Time-out


nginx
_handle_fault_response /usr/lib/python2.7/site-packages/neutronclient/v2_0/client.py:259
2019-11-29 15:40:37.901 2674 ERROR rally.task.runner [-] Iteration 33 raised Exception: NeutronClientException: 504 Gateway Time-out

504 Gateway Time-out


nginx
2019-11-29 15:40:37.901 2674 ERROR rally.task.runner
Traceback (most recent call last):
2019-11-29 15:40:37.901 2674 ERROR rally.task.runner
File "/usr/lib/python2.7/site-packages/rally/task/runner.py", line 71, in _run_scenario_once
2019-11-29 15:40:37.901 2674 ERROR rally.task.runner getattr(scenario_inst, method_name)(**scenario_kwargs)
2019-11-29 15:40:37.901 2674 ERROR rally.task.runner
File "/usr/lib/python2.7/site-packages/rally_openstack/scenarios/neutron/network.py", line 261, in run
2019-11-29 15:40:37.901 2674 ERROR rally.task.runner router_create_args)
2019-11-29 15:40:37.901 2674 ERROR rally.task.runner
File "/usr/lib/python2.7/site-packages/rally_openstack/scenarios/neutron/utils.py", line 385, in _create_network_structure
2019-11-29 15:40:37.901 2674 ERROR rally.task.runner router = self._create_router(router_create_args or {})
2019-11-29 15:40:37.901 2674 ERROR rally.task.runner
File "/usr/lib/python2.7/site-packages/rally/task/atomic.py", line 91, in func_atomic_actions
2019-11-29 15:40:37.901 2674 ERROR rally.task.runner f = func(self, *args, **kwargs)
2019-11-29 15:40:37.901 2674 ERROR rally.task.runner
File "/usr/lib/python2.7/site-packages/rally_openstack/scenarios/neutron/utils.py", line 215, in _create_router
2019-11-29 15:40:37.901 2674 ERROR rally.task.runner {"router": router_create_args})
2019-11-29 15:40:37.901 2674 ERROR rally.task.runner
File "/usr/lib/python2.7/site-packages/neutronclient/v2_0/client.py", line 885, in create_router
2019-11-29 15:40:37.901 2674 ERROR rally.task.runner return self.post(self.routers_path, body=body)
2019-11-29 15:40:37.901 2674 ERROR rally.task.runner
File "/usr/lib/python2.7/site-packages/neutronclient/v2_0/client.py", line 359, in post
2019-11-29 15:40:37.901 2674 ERROR rally.task.runner headers=headers, params=params)
2019-11-29 15:40:37.901 2674 ERROR rally.task.runner
File "/usr/lib/python2.7/site-packages/neutronclient/v2_0/client.py", line 294, in do_request
2019-11-29 15:40:37.901 2674 ERROR rally.task.runner self._handle_fault_response(status_code, replybody, resp)
2019-11-29 15:40:37.901 2674 ERROR rally.task.runner
File "/usr/lib/python2.7/site-packages/neutronclient/v2_0/client.py", line 269, in _handle_fault_response
2019-11-29 15:40:37.901 2674 ERROR rally.task.runner exception_handler_v20(status_code, error_body)
2019-11-29 15:40:37.901 2674 ERROR rally.task.runner
File "/usr/lib/python2.7/site-packages/neutronclient/v2_0/client.py", line 93, in exception_handler_v20
2019-11-29 15:40:37.901 2674 ERROR rally.task.runner request_ids=request_ids)
2019-11-29 15:40:37.901 2674 ERROR rally.task.runner NeutronClientException:
2019-11-29 15:40:37.901 2674 ERROR rally.task.runner 504 Gateway Time-out
2019-11-29 15:40:37.901 2674 ERROR rally.task.runner
2019-11-29 15:40:37.901 2674 ERROR rally.task.runner

504 Gateway Time-out

2019-11-29 15:40:37.901 2674 ERROR rally.task.runner
nginx
2019-11-29 15:40:37.901 2674 ERROR rally.task.runner
2019-11-29 15:40:37.901 2674 ERROR rally.task.runner
2019-11-29 15:40:37.901 2674 ERROR rally.task.runner
2019-11-29 15:40:37.901 2674 ERROR rally.task.runner
2019-11-29 15:40:37.903 2674 INFO rally.task.runner [-] Task 62345f71-e953-4e84-8614-bc2871839791 | ITER: 33 END: Error NeutronClientException: 504 Gateway Time-out

504 Gateway Time-out


nginx
2019-11-29 15:40:44.008 2671 INFO rally.task.runner [-] Task 62345f71-e953-4e84-8614-bc2871839791 | ITER: 24 END: OK
2019-11-29 15:40:45.304 2695 INFO rally.task.runner [-] Task 62345f71-e953-4e84-8614-bc2871839791 | ITER: 25 END: OK
2019-11-29 15:40:48.939 2718 INFO rally.task.runner [-] Task 62345f71-e953-4e84-8614-bc2871839791 | ITER: 27 END: OK
2019-11-29 15:40:52.559 2687 INFO rally.task.runner [-] Task 62345f71-e953-4e84-8614-bc2871839791 | ITER: 32 END: OK
2019-11-29 15:40:52.769 2716 INFO rally.task.runner [-] Task 62345f71-e953-4e84-8614-bc2871839791 | ITER: 31 END: OK
2019-11-29 15:40:59.497 2679 INFO rally.task.runner [-] Task 62345f71-e953-4e84-8614-bc2871839791 | ITER: 38 END: OK
2019-11-29 15:41:10.313 2705 INFO rally.task.runner [-] Task 62345f71-e953-4e84-8614-bc2871839791 | ITER: 23 END: OK
2019-11-29 15:41:10.315 2710 INFO rally.task.runner [-] Task 62345f71-e953-4e84-8614-bc2871839791 | ITER: 22 END: OK
2019-11-29 15:41:19.950 2672 INFO rally.task.runner [-] Task 62345f71-e953-4e84-8614-bc2871839791 | ITER: 30 END: OK
2019-11-29 15:41:20.051 2681 INFO rally.task.runner [-] Task 62345f71-e953-4e84-8614-bc2871839791 | ITER: 28 END: OK
2019-11-29 15:41:20.193 2722 INFO rally.task.runner [-] Task 62345f71-e953-4e84-8614-bc2871839791 | ITER: 34 END: OK
2019-11-29 15:41:26.606 2677 INFO rally.task.runner [-] Task 62345f71-e953-4e84-8614-bc2871839791 | ITER: 36 END: OK
2019-11-29 15:41:28.522 2692 INFO rally.task.runner [-] Task 62345f71-e953-4e84-8614-bc2871839791 | ITER: 40 END: OK
2019-11-29 15:41:30.928 2698 INFO rally.task.runner [-] Task 62345f71-e953-4e84-8614-bc2871839791 | ITER: 39 END: OK
2019-11-29 15:41:31.290 2673 INFO rally.task.runner [-] Task 62345f71-e953-4e84-8614-bc2871839791 | ITER: 37 END: OK
2019-11-29 15:41:31.464 2700 INFO rally.task.runner [-] Task 62345f71-e953-4e84-8614-bc2871839791 | ITER: 35 END: OK
2019-11-29 15:41:31.491 15 INFO rally.task.context [-] Task 62345f71-e953-4e84-8614-bc2871839791 | Context cleanup@openstack cleanup() started
2019-11-29 15:41:31.497 15 RALLYDEBUG rally_openstack.cleanup.manager [-] Cleaning up neutron vip objects
2019-11-29 15:41:31.731 15 RALLYDEBUG rally_openstack.cleanup.manager [-] Cleaning up neutron health_monitor objects
2019-11-29 15:41:31.943 15 RALLYDEBUG rally_openstack.cleanup.manager [-] Cleaning up neutron pool objects
2019-11-29 15:41:32.149 15 RALLYDEBUG rally_openstack.cleanup.manager [-] Cleaning up neutron loadbalancer objects
2019-11-29 15:41:32.360 15 RALLYDEBUG rally_openstack.cleanup.manager [-] Cleaning up neutron floatingip objects
2019-11-29 15:41:32.605 15 RALLYDEBUG rally_openstack.cleanup.manager [-] Cleaning up neutron trunk objects
2019-11-29 15:41:32.790 15 DEBUG neutronclient.v2_0.client [-] Error message: {"message": "The resource could not be found.

\n\n\n", "code": "404 Not Found", "title": "Not Found"} _handle_fault_response /usr/lib/python2.7/site-packages/neutronclient/v2_0/client.py:259
2019-11-29 15:41:32.799 15 RALLYDEBUG rally_openstack.cleanup.manager [-] Cleaning up neutron port objects
2019-11-29 15:41:33.877 15 RALLYDEBUG rally_openstack.cleanup.manager [-] Deleting neutron.port object s_rally_bbf428dc_KdjnzMy3 (084411ca-be27-41f3-8019-c09ce9442c70)
2019-11-29 15:41:33.885 15 RALLYDEBUG rally_openstack.cleanup.manager [-] Deleting neutron.port object s_rally_bbf428dc_Ad5jrYwQ (025b64f3-3eb0-4ad8-9179-1f57543740ec)
2019-11-29 15:41:33.886 15 RALLYDEBUG rally_openstack.cleanup.manager [-] Deleting neutron.port object s_rally_bbf428dc_mENEOo89 (09124d6f-63c9-4679-8111-922788358675)
2019-11-29 15:41:33.895 15 RALLYDEBUG rally_openstack.cleanup.manager [-] Deleting neutron.port object s_rally_bbf428dc_Fr1J5Nw5 (004ca60d-3e38-4405-a095-e56430f51f15)
2019-11-29 15:41:33.904 15 RALLYDEBUG rally_openstack.cleanup.manager [-] Deleting neutron.port object s_rally_bbf428dc_Hgm1WA8y (0199c7d9-5e82-4b42-bd73-3269cf07e637)
2019-11-29 15:41:33.910 15 RALLYDEBUG rally_openstack.cleanup.manager [-] Deleting neutron.port object s_rally_bbf428dc_uylsEOKB (12093c5c-a5e5-42ac-9025-91b80e04ee6e)
2019-11-29 15:41:33.916 15 RALLYDEBUG rally_openstack.cleanup.manager [-] Deleting neutron.port object s_rally_bbf428dc_LDMU4ZDS (2183fa02-6061-405a-9d4e-7610ef8ca827)
2019-11-29 15:41:33.924 15 RALLYDEBUG rally_openstack.cleanup.manager [-] Deleting neutron.port object s_rally_bbf428dc_kVB5tN05 (1281ce6a-f3ac-42a4-85b9-82d3d2553c04)
2019-11-29 15:41:33.956 15 RALLYDEBUG rally_openstack.cleanup.manager [-] Deleting neutron.port object s_rally_bbf428dc_n47fLWp8 (1e6ba393-c976-4c2b-a168-79abffabc78f)
2019-11-29 15:41:33.996 15 RALLYDEBUG rally_openstack.cleanup.manager [-] Deleting neutron.port object s_rally_bbf428dc_pUrWLXJv (28ff35bc-01a4-4aa8-bbcb-c850668d8cc2)
2019-11-29 15:41:34.015 15 RALLYDEBUG rally_openstack.cleanup.manager [-] Deleting neutron.port object s_rally_bbf428dc_mkB4kqJo (2a4637cc-3a40-40b0-8623-b180ba13f617)
2019-11-29 15:41:34.053 15 RALLYDEBUG rally_openstack.cleanup.manager [-] Deleting neutron.port object s_rally_bbf428dc_0BRoLObl (31490f84-d44f-4aff-9fc9-93ba6e50de23)
2019-11-29 15:41:34.075 15 RALLYDEBUG rally_openstack.cleanup.manager [-] Deleting neutron.port object s_rally_bbf428dc_dt7l9QHI (343a6332-99e8-4a16-b055-07ae2ee6e7f0)
2019-11-29 15:41:34.097 15 RALLYDEBUG rally_openstack.cleanup.manager [-] Deleting neutron.port object s_rally_bbf428dc_ZnI0t1oX (41441a13-3fa6-4d7c-90eb-3870d9a11a24)
2019-11-29 15:41:34.112 15 RALLYDEBUG rally_openstack.cleanup.manager [-] Deleting neutron.port object s_rally_bbf428dc_vjvq6mus (40f04907-9821-49d6-8e3e-6d02ecb9ae6b)
2019-11-29 15:41:34.126 15 RALLYDEBUG rally_openstack.cleanup.manager [-] Deleting neutron.port object s_rally_bbf428dc_hsIWpJpA (3cdbe269-8367-491d-82b6-2aad215e380f)
2019-11-29 15:41:34.150 15 RALLYDEBUG rally_openstack.cleanup.manager [-] Deleting neutron.port object s_rally_bbf428dc_R1q40Vla (416b2625-2d6d-482e-9689-14f0aa66c195)
2019-11-29 15:41:34.197 15 RALLYDEBUG rally_openstack.cleanup.manager [-] Deleting neutron.port object s_rally_bbf428dc_BA47dvgn (4521250e-6736-4d81-89e5-88a9bc2ab4ee)
2019-11-29 15:41:34.215 15 RALLYDEBUG rally_openstack.cleanup.manager [-] Deleting neutron.port object s_rally_bbf428dc_vMvj2UK4 (49a63f9a-cf37-461e-9b47-c6c1a4a25961)
2019-11-29 15:41:34.230 15 RALLYDEBUG rally_openstack.cleanup.manager [-] Deleting neutron.port object s_rally_bbf428dc_eW9tj4m6 (4d615f85-4a84-4137-8d3c-ed489183157d)
2019-11-29 15:41:47.342 15 RALLYDEBUG rally_openstack.cleanup.manager [-] Deleting neutron.port object s_rally_bbf428dc_M7UYhUkf (5454cb13-eb57-4dc0-985d-3b5f2500135d)
2019-11-29 15:41:48.299 15 RALLYDEBUG rally_openstack.cleanup.manager [-] Deleting neutron.port object s_rally_bbf428dc_CHEXrDOm (556198f9-da71-40ec-a561-154bf6650485)
2019-11-29 15:41:48.308 15 RALLYDEBUG rally_openstack.cleanup.manager [-] Deleting neutron.port object s_rally_bbf428dc_gxQ7j7is (565d34f8-9123-4865-a9b3-6b31f2947dcc)
2019-11-29 15:41:48.316 15 RALLYDEBUG rally_openstack.cleanup.manager [-] Deleting neutron.port object s_rally_bbf428dc_GqrR7IWp (56a860a4-afa1-482c-987a-ec397b789c79)
2019-11-29 15:41:48.332 15 RALLYDEBUG rally_openstack.cleanup.manager [-] Deleting neutron.port object s_rally_bbf428dc_8aobgUvR (5c4a5169-00fc-4c27-bd0c-a815db9cf1e9)
2019-11-29 15:41:48.422 15 RALLYDEBUG rally_openstack.cleanup.manager [-] Deleting neutron.port object s_rally_bbf428dc_5a1ehshC (5d7bdd03-f335-4955-8b71-fa27c2198bf8)
2019-11-29 15:41:48.445 15 RALLYDEBUG rally_openstack.cleanup.manager [-] Deleting neutron.port object s_rally_bbf428dc_3er9DorN (67678f1b-8127-43d3-af91-339c74edf8fb)
2019-11-29 15:41:48.502 15 RALLYDEBUG rally_openstack.cleanup.manager [-] Deleting neutron.port object s_rally_bbf428dc_w53JOFkA (685a1a95-a349-4e49-b0de-d43b8725eb21)
2019-11-29 15:41:48.548 15 RALLYDEBUG rally_openstack.cleanup.manager [-] Deleting neutron.port object s_rally_bbf428dc_rD02ngAD (6e2f290f-daff-4eae-af87-e71dfae58498)
2019-11-29 15:41:52.099 15 RALLYDEBUG rally_openstack.cleanup.manager [-] Deleting neutron.port object s_rally_bbf428dc_01ugzNQv (6e9ae3ba-abd7-4f3e-9d10-2a4c8dcf00c2)
2019-11-29 15:41:53.186 15 RALLYDEBUG rally_openstack.cleanup.manager [-] Deleting neutron.port object s_rally_bbf428dc_X3Ji36fB (72834a6d-bae8-439b-a33c-36bcf26a977d)
2019-11-29 15:41:53.278 15 RALLYDEBUG rally_openstack.cleanup.manager [-] Deleting neutron.port object s_rally_bbf428dc_2HqFAGPg (75a18c12-f17b-413b-ac0e-764e474b8d3f)
2019-11-29 15:41:53.278 15 RALLYDEBUG rally_openstack.cleanup.manager [-] Deleting neutron.port object s_rally_bbf428dc_ZdRQdDGV (75507156-34b0-4672-bee7-2672700c7c1f)
2019-11-29 15:41:53.306 15 RALLYDEBUG rally_openstack.cleanup.manager [-] Deleting neutron.port object s_rally_bbf428dc_dklTKV4G (78f19458-fea5-4fe7-9062-4864daae645d)
2019-11-29 15:41:53.309 15 RALLYDEBUG rally_openstack.cleanup.manager [-] Deleting neutron.port object s_rally_bbf428dc_h6wKvDnx (7e8c8581-e081-45bd-a134-23691b008d77)
2019-11-29 15:41:53.867 15 RALLYDEBUG rally_openstack.cleanup.manager [-] Deleting neutron.port object s_rally_bbf428dc_3ZleFhgm (7eb8282c-22de-4e7a-8267-37c1b509f2d3)
2019-11-29 15:41:53.971 15 RALLYDEBUG rally_openstack.cleanup.manager [-] Deleting neutron.port object s_rally_bbf428dc_dk3cEP2f (804d54e5-1a54-4642-9457-d68042b1b6ad)
2019-11-29 15:41:54.075 15 RALLYDEBUG rally_openstack.cleanup.manager [-] Deleting neutron.port object s_rally_bbf428dc_rqWdzokK (8080b7ea-c537-4971-b379-3547aa13a305)
2019-11-29 15:41:54.131 15 RALLYDEBUG rally_openstack.cleanup.manager [-] Deleting neutron.port object s_rally_bbf428dc_SV8C8zjF (824676c4-e686-4b8a-a742-7839508c9772)
2019-11-29 15:41:54.171 15 RALLYDEBUG rally_openstack.cleanup.manager [-] Deleting neutron.port object s_rally_bbf428dc_T4Xt96hy (83224696-2d0d-4f4f-a0dc-a3b186ade6ce)
2019-11-29 15:41:54.331 15 RALLYDEBUG rally_openstack.cleanup.manager [-] Deleting neutron.port object s_rally_bbf428dc_L5n30YwS (88b18b66-c823-4e71-ac80-82c8d6e84575)
2019-11-29 15:41:57.114 15 RALLYDEBUG rally_openstack.cleanup.manager [-] Deleting neutron.port object s_rally_bbf428dc_CzWkUY8K (893d4aeb-76f1-411a-b075-38c8492645ab)
2019-11-29 15:41:57.291 15 RALLYDEBUG rally_openstack.cleanup.manager [-] Deleting neutron.port object s_rally_bbf428dc_fhQF1Nro (89da9727-2244-4f5d-b598-e96d5445aafd)
2019-11-29 15:41:57.569 15 RALLYDEBUG rally_openstack.cleanup.manager [-] Deleting neutron.port object s_rally_bbf428dc_bsfYJaUv (8aeeb27a-9ec7-43ee-b5f0-7b5041844486)
2019-11-29 15:41:58.041 15 RALLYDEBUG rally_openstack.cleanup.manager [-] Deleting neutron.port object s_rally_bbf428dc_zCIVmNE1 (8e1efdee-df82-4ffe-a353-876cd1aeabf4)
2019-11-29 15:42:01.215 15 RALLYDEBUG rally_openstack.cleanup.manager [-] Deleting neutron.port object s_rally_bbf428dc_6X50x9gy (90d96df4-d27e-46e7-b3ab-a40ffa9679e5)
2019-11-29 15:42:04.081 15 RALLYDEBUG rally_openstack.cleanup.manager [-] Deleting neutron.port object s_rally_bbf428dc_jUMSn0Kv (93ecd57e-cb3b-4562-8462-2dae87a87151)
2019-11-29 15:42:04.188 15 RALLYDEBUG rally_openstack.cleanup.manager [-] Deleting neutron.port object s_rally_bbf428dc_QzQ0FMc8 (99ac9921-6c2d-41cb-a650-7342a01323c6)
2019-11-29 15:42:04.206 15 RALLYDEBUG rally_openstack.cleanup.manager [-] Deleting neutron.port object s_rally_bbf428dc_xJd8hT60 (9be46470-80a8-44dd-9bb6-b5d97124119c)
2019-11-29 15:42:05.767 15 RALLYDEBUG rally_openstack.cleanup.manager [-] Deleting neutron.port object s_rally_bbf428dc_8iYUazxH (9c92122f-2e60-4e54-9a34-36c9c0241b99)
2019-11-29 15:42:07.173 15 RALLYDEBUG rally_openstack.cleanup.manager [-] Deleting neutron.port object s_rally_bbf428dc_LKfW1rmM (a0191db9-a1aa-4aef-9fe5-3ced8b0aadb1)
2019-11-29 15:42:08.522 15 RALLYDEBUG rally_openstack.cleanup.manager [-] Deleting neutron.port object s_rally_bbf428dc_BFMRFNCl (a33d75ed-96d8-41ce-b2b2-77332c0a1f8a)
2019-11-29 15:42:08.545 15 RALLYDEBUG rally_openstack.cleanup.manager [-] Deleting neutron.port object s_rally_bbf428dc_8ImxdGYr (a3bc0b51-5b6e-49a2-a562-247820a6e3e9)
2019-11-29 15:42:08.627 15 RALLYDEBUG rally_openstack.cleanup.manager [-] Deleting neutron.port object s_rally_bbf428dc_Iys3N9c9 (a8ee0151-0946-4bfd-a79b-ceede05d1697)
2019-11-29 15:42:09.014 15 RALLYDEBUG rally_openstack.cleanup.manager [-] Deleting neutron.port object s_rally_bbf428dc_B8EYdJnS (ac896e69-0f24-472a-b42e-cdb52b92e47f)
2019-11-29 15:42:09.413 15 RALLYDEBUG rally_openstack.cleanup.manager [-] Deleting neutron.port object s_rally_bbf428dc_dooaCe3k (adff2d0c-9fd7-46aa-a426-f4c2a8bfaabd)
2019-11-29 15:42:13.433 15 RALLYDEBUG rally_openstack.cleanup.manager [-] Deleting neutron.port object s_rally_bbf428dc_ubWtqx9X (aeb502b2-70a5-4143-94dc-7028b9858e07)
2019-11-29 15:42:13.459 15 RALLYDEBUG rally_openstack.cleanup.manager [-] Deleting neutron.port object s_rally_bbf428dc_ZMe6x8vV (b54d5cac-c71d-4546-a4e2-dbaff4fb993a)
2019-11-29 15:42:13.641 15 RALLYDEBUG rally_openstack.cleanup.manager [-] Deleting neutron.port object s_rally_bbf428dc_fJxzsIP3 (bce70d26-31a3-4f65-bccc-c3abd82f2532)
2019-11-29 15:42:13.641 15 RALLYDEBUG rally_openstack.cleanup.manager [-] Deleting neutron.port object s_rally_bbf428dc_xsTl9Fq7 (bbf7f6bb-4527-401b-ac65-f8b52e9a6ba5)
2019-11-29 15:42:14.181 15 RALLYDEBUG rally_openstack.cleanup.manager [-] Deleting neutron.port object s_rally_bbf428dc_whojNO1K (bfcbab1b-d970-4150-b24e-3b59ce79d316)
2019-11-29 15:42:14.222 15 RALLYDEBUG rally_openstack.cleanup.manager [-] Deleting neutron.port object s_rally_bbf428dc_2s9HlIU6 (c34e5479-488f-4857-a173-ebe384a01a92)
2019-11-29 15:42:14.237 15 RALLYDEBUG rally_openstack.cleanup.manager [-] Deleting neutron.port object s_rally_bbf428dc_0gSUpGZ6 (ce3dcef7-d2a4-407d-9b3a-24f993c656ee)
2019-11-29 15:42:14.339 15 RALLYDEBUG rally_openstack.cleanup.manager [-] Deleting neutron.port object s_rally_bbf428dc_BofeapHQ (d012194d-d379-48b5-a23f-a660abe732fe)
2019-11-29 15:42:14.453 15 RALLYDEBUG rally_openstack.cleanup.manager [-] Deleting neutron.port object s_rally_bbf428dc_saARdpqn (d2bc24ea-99cd-4a23-86c0-d7289da1c16b)
2019-11-29 15:42:14.587 15 RALLYDEBUG rally_openstack.cleanup.manager [-] Deleting neutron.port object s_rally_bbf428dc_u2IIrJ3h (d6f6486e-4108-466c-96c9-0c3104e19e4b)
2019-11-29 15:42:14.640 15 RALLYDEBUG rally_openstack.cleanup.manager [-] Deleting neutron.port object s_rally_bbf428dc_sVWL9h95 (d88f27e8-c9df-4a78-adc1-2c8a1ca2f5e3)
2019-11-29 15:42:15.534 15 RALLYDEBUG rally_openstack.cleanup.manager [-] Deleting neutron.port object s_rally_bbf428dc_HvWShO3X (e2275fd1-9c70-4b7a-9a01-6a9a6a9b8a57)
2019-11-29 15:42:15.590 15 RALLYDEBUG rally_openstack.cleanup.manager [-] Deleting neutron.port object s_rally_bbf428dc_d7U9262y (e38fcd88-e6a5-4ffc-a1a7-004108da4c2f)
2019-11-29 15:42:18.020 15 RALLYDEBUG rally_openstack.cleanup.manager [-] Deleting neutron.port object s_rally_bbf428dc_kAnMo4VI (e6280f2a-a76e-4e3c-a402-94319037c2e2)
2019-11-29 15:42:19.937 15 RALLYDEBUG rally_openstack.cleanup.manager [-] Deleting neutron.port object s_rally_bbf428dc_Xz0LWoa1 (f1075211-510a-4309-92f5-3bf45cb3dd05)
2019-11-29 15:42:21.021 15 RALLYDEBUG rally_openstack.cleanup.manager [-] Deleting neutron.port object s_rally_bbf428dc_vnhaeGm3 (f730192a-fff3-4912-9d03-f20fb5c6895a)
2019-11-29 15:42:21.840 15 RALLYDEBUG rally_openstack.cleanup.manager [-] Deleting neutron.port object s_rally_bbf428dc_fIq8x1aZ (f7a52721-6e32-46a6-85b3-a7e4e1b22836)
2019-11-29 15:42:21.865 15 RALLYDEBUG rally_openstack.cleanup.manager [-] Deleting neutron.port object s_rally_bbf428dc_HNuiELmX (f9eefb68-4219-4ce0-a17f-de96c83401a3)
2019-11-29 15:42:32.520 15 RALLYDEBUG rally_openstack.cleanup.manager [-] Cleaning up neutron subnet objects
2019-11-29 15:42:33.048 15 RALLYDEBUG rally_openstack.cleanup.manager [-] Deleting neutron.subnet object s_rally_bbf428dc_5iWJ28vA (02aee7b0-c042-4f87-9723-d86326eb3155)
2019-11-29 15:42:33.053 15 RALLYDEBUG rally_openstack.cleanup.manager [-] Deleting neutron.subnet object s_rally_bbf428dc_oSiQeB0r (07c1df85-c8ce-4910-8bd0-4638dad218e0)
2019-11-29 15:42:33.065 15 RALLYDEBUG rally_openstack.cleanup.manager [-] Deleting neutron.subnet object s_rally_bbf428dc_JXWy3tuU (15a0a5b5-c263-4720-ad52-a6920b26dea8)
2019-11-29 15:42:33.078 15 RALLYDEBUG rally_openstack.cleanup.manager [-] Deleting neutron.subnet object s_rally_bbf428dc_bMZWzjDW (16f49397-ede1-46f3-a11d-1f89facd37d4)
2019-11-29 15:42:33.086 15 RALLYDEBUG rally_openstack.cleanup.manager [-] Deleting neutron.subnet object s_rally_bbf428dc_E3yHUYTV (171295df-cd3d-4727-814a-1d909c5417d2)
2019-11-29 15:42:33.103 15 RALLYDEBUG rally_openstack.cleanup.manager [-] Deleting neutron.subnet object s_rally_bbf428dc_mA0UPikZ (195061e3-8af3-4438-9b95-b105e21c2461)
2019-11-29 15:42:33.102 15 RALLYDEBUG rally_openstack.cleanup.manager [-] Deleting neutron.subnet object s_rally_bbf428dc_Foe9ncHu (243754ab-759a-43b0-aef9-340953e916f6)
2019-11-29 15:42:33.116 15 RALLYDEBUG rally_openstack.cleanup.manager [-] Deleting neutron.subnet object s_rally_bbf428dc_uNX4p29B (1ddebeaa-4a08-405d-ab90-803ae1861088)
2019-11-29 15:42:33.141 15 RALLYDEBUG rally_openstack.cleanup.manager [-] Deleting neutron.subnet object s_rally_bbf428dc_S934ES86 (25d28767-5de3-4baa-9b51-b39297daa12e)
2019-11-29 15:42:33.167 15 RALLYDEBUG rally_openstack.cleanup.manager [-] Deleting neutron.subnet object s_rally_bbf428dc_qutcs60c (2a1998bc-a126-43a3-bff0-c57c579be6a3)
2019-11-29 15:42:33.168 15 RALLYDEBUG rally_openstack.cleanup.manager [-] Deleting neutron.subnet object s_rally_bbf428dc_NySCEqX5 (2a3c47a5-8ea8-474e-bebb-f85b7b98bad0)
2019-11-29 15:42:33.196 15 RALLYDEBUG rally_openstack.cleanup.manager [-] Deleting neutron.subnet object s_rally_bbf428dc_8zd32VrN (31cb50a1-5eec-4537-977b-cac95c278b54)
2019-11-29 15:42:33.204 15 RALLYDEBUG rally_openstack.cleanup.manager [-] Deleting neutron.subnet object s_rally_bbf428dc_fINcXycK (2e9e4438-6e5e-4177-9b65-4dbf2b7a3eae)
2019-11-29 15:42:33.205 15 RALLYDEBUG rally_openstack.cleanup.manager [-] Deleting neutron.subnet object s_rally_bbf428dc_ZjDxoAHz (2b4aa356-377e-4249-bc59-b87441dd9e28)
2019-11-29 15:42:33.226 15 RALLYDEBUG rally_openstack.cleanup.manager [-] Deleting neutron.subnet object s_rally_bbf428dc_8NE5cOg2 (370bf8db-278c-4ec3-99ce-5193c92ff015)
2019-11-29 15:42:33.254 15 RALLYDEBUG rally_openstack.cleanup.manager [-] Deleting neutron.subnet object s_rally_bbf428dc_yIKcw5st (4332ba72-5bca-445d-b618-734617babef5)
2019-11-29 15:42:33.259 15 RALLYDEBUG rally_openstack.cleanup.manager [-] Deleting neutron.subnet object s_rally_bbf428dc_JvGgfqoU (42a7f098-57c5-44d5-ae4c-be1a396dd198)
2019-11-29 15:42:33.260 15 RALLYDEBUG rally_openstack.cleanup.manager [-] Deleting neutron.subnet object s_rally_bbf428dc_VlrXovTi (4210c5cf-58e8-4944-8adb-cd672ee2ed7d)
2019-11-29 15:42:33.286 15 RALLYDEBUG rally_openstack.cleanup.manager [-] Deleting neutron.subnet object s_rally_bbf428dc_rjrR7FOu (435b8057-0df4-49d0-87ee-00a8b75ea431)
2019-11-29 15:42:33.295 15 RALLYDEBUG rally_openstack.cleanup.manager [-] Deleting neutron.subnet object s_rally_bbf428dc_199jUGQ4 (47d2e002-12de-40b0-b5c9-df029ab7278a)
2019-11-29 15:42:43.475 15 RALLYDEBUG rally_openstack.cleanup.manager [-] Deleting neutron.subnet object s_rally_bbf428dc_hMO1dSub (4bcad007-2c48-470e-8fc4-677259baf97d)
2019-11-29 15:42:43.511 15 RALLYDEBUG rally_openstack.cleanup.manager [-] Deleting neutron.subnet object s_rally_bbf428dc_ncnTfQ10 (4d995050-8e3f-4a51-aa02-3e5fb9340724)
2019-11-29 15:42:43.559 15 RALLYDEBUG rally_openstack.cleanup.manager [-] Deleting neutron.subnet object s_rally_bbf428dc_J1VxAn6v (4e2b7109-25d1-418b-8cb0-da70d6353a88)
2019-11-29 15:42:43.759 15 RALLYDEBUG rally_openstack.cleanup.manager [-] Deleting neutron.subnet object s_rally_bbf428dc_ZkPw60lS (518c0468-eced-452f-9aa1-31f6781b080e)
2019-11-29 15:42:44.215 15 RALLYDEBUG rally_openstack.cleanup.manager [-] Deleting neutron.subnet object s_rally_bbf428dc_MC6d8WPg (61001b0d-5fa0-45e2-abb6-55c32a245868)
2019-11-29 15:42:44.219 15 RALLYDEBUG rally_openstack.cleanup.manager [-] Deleting neutron.subnet object s_rally_bbf428dc_iEKPBGu3 (62206815-3913-4659-b078-cdce2afb0097)
2019-11-29 15:42:44.268 15 RALLYDEBUG rally_openstack.cleanup.manager [-] Deleting neutron.subnet object s_rally_bbf428dc_iEj5l1F9 (67592884-f128-4ab6-9184-85834f5f6627)
2019-11-29 15:42:44.389 15 RALLYDEBUG rally_openstack.cleanup.manager [-] Deleting neutron.subnet object s_rally_bbf428dc_pdcnQ38K (675c36c9-f601-4ab9-b570-75a3321a3fce)
2019-11-29 15:42:46.811 15 RALLYDEBUG rally_openstack.cleanup.manager [-] Deleting neutron.subnet object s_rally_bbf428dc_5ysSwBdN (6bc18fe5-e9f5-4748-89e9-8d1a21743c64)
2019-11-29 15:42:48.347 15 RALLYDEBUG rally_openstack.cleanup.manager [-] Deleting neutron.subnet object s_rally_bbf428dc_uiQvudoY (6cc11740-9b4f-4a59-ba57-186ed8e94388)
2019-11-29 15:42:48.857 15 RALLYDEBUG rally_openstack.cleanup.manager [-] Deleting neutron.subnet object s_rally_bbf428dc_gBUwUadW (6ea6a628-faa5-4feb-be40-a3038c8e6462)
2019-11-29 15:42:48.930 15 RALLYDEBUG rally_openstack.cleanup.manager [-] Deleting neutron.subnet object s_rally_bbf428dc_0gTN7jUK (6ecf9958-d8e5-427e-b21c-4234b72c4fe5)
2019-11-29 15:42:49.044 15 RALLYDEBUG rally_openstack.cleanup.manager [-] Deleting neutron.subnet object s_rally_bbf428dc_7pq1n0Z8 (736b0b1f-7cb0-4e09-86c9-90f3fd1ac86e)
2019-11-29 15:42:49.134 15 RALLYDEBUG rally_openstack.cleanup.manager [-] Deleting neutron.subnet object s_rally_bbf428dc_uyoaTUGk (7637f2c6-4340-469c-9a02-96b3ddcc38a5)
2019-11-29 15:42:49.139 15 RALLYDEBUG rally_openstack.cleanup.manager [-] Deleting neutron.subnet object s_rally_bbf428dc_inl0v2cJ (783b1553-258a-4c2d-bb03-43925be07c82)
2019-11-29 15:42:50.960 15 RALLYDEBUG rally_openstack.cleanup.manager [-] Deleting neutron.subnet object s_rally_bbf428dc_WOJKPt0y (7b3cc284-26d7-46ef-a79e-0372e5c3fa52)
2019-11-29 15:42:51.015 15 RALLYDEBUG rally_openstack.cleanup.manager [-] Deleting neutron.subnet object s_rally_bbf428dc_ZO8bREBu (7c808c38-39af-4828-9859-e4679b8492ff)
2019-11-29 15:42:51.106 15 RALLYDEBUG rally_openstack.cleanup.manager [-] Deleting neutron.subnet object s_rally_bbf428dc_rWWf47EP (842487eb-de86-42b0-a792-4b1495a51138)
2019-11-29 15:42:51.268 15 RALLYDEBUG rally_openstack.cleanup.manager [-] Deleting neutron.subnet object s_rally_bbf428dc_XQtY7ZhU (85bbaad6-2783-45ef-bc49-999f5d21317f)
2019-11-29 15:42:53.832 15 RALLYDEBUG rally_openstack.cleanup.manager [-] Deleting neutron.subnet object s_rally_bbf428dc_XEdtaewB (85f36b51-0cf8-461a-b8c8-d7a45fe3fd4a)
2019-11-29 15:42:54.046 15 RALLYDEBUG rally_openstack.cleanup.manager [-] Deleting neutron.subnet object s_rally_bbf428dc_NV16Buud (88c9b895-07c2-4ea5-b085-9aa13cc00e0a)
2019-11-29 15:42:54.060 15 RALLYDEBUG rally_openstack.cleanup.manager [-] Deleting neutron.subnet object s_rally_bbf428dc_IGQbIT62 (8bf20591-3e07-49e4-a165-b2870cd78f95)
2019-11-29 15:42:54.064 15 RALLYDEBUG rally_openstack.cleanup.manager [-] Deleting neutron.subnet object s_rally_bbf428dc_iVeUkHhA (8d125b90-88b6-41e1-bffd-12895500587e)
