2019-11-29 15:35:19.801 15 INFO rally.task.context [-] Task 62345f71-e953-4e84-8614-bc2871839791 | Context quotas@openstack cleanup() started
2019-11-29 15:35:19.943 15 INFO rally.task.context [-] Task 62345f71-e953-4e84-8614-bc2871839791 | Context quotas@openstack cleanup() finished in 0.14 sec
2019-11-29 15:35:19.943 15 INFO rally.task.context [-] Task 62345f71-e953-4e84-8614-bc2871839791 | Context users@openstack cleanup() started
2019-11-29 15:35:22.625 15 INFO rally.task.context [-] Task 62345f71-e953-4e84-8614-bc2871839791 | Context users@openstack cleanup() finished in 2.68 sec
2019-11-29 15:35:23.378 15 INFO rally.task.engine [-] Load duration is: 143.724968
2019-11-29 15:35:23.378 15 INFO rally.task.engine [-] Full runner duration is: 143.777807
2019-11-29 15:35:23.379 15 INFO rally.task.engine [-] Full duration is: 332.676946
2019-11-29 15:35:23.491 15 INFO rally.task.engine [-] Running workload: position = 2 config = { "version": 2, "title": "A cropped version of a bigger task.", "description": "Auto-generated task from a single workload (uuid=7e17166a-2a84-462a-801d-4e2598eac11c)", "subtasks": [ { "title": "NeutronNetworks.create_and_delete_subnets", "description": "Create and delete a given number of subnets.", "scenario": { "NeutronNetworks.create_and_delete_subnets": { "network_create_args": {}, "subnet_create_args": {}, "subnet_cidr_start": "1.1.0.0/30", "subnets_per_network": 2 } }, "contexts": { "users": { "tenants": 1, "users_per_tenant": 1 }, "quotas": { "neutron": { "network": -1, "subnet": -1 } } }, "runner": { "constant": { "times": 40, "concurrency": 20 } }, "hooks": [], "sla": { "failure_rate": { "max": 0 } } } ] }
2019-11-29 15:35:23.509 15 RALLYDEBUG rally_openstack.contexts.keystone.users [-] Creating 1 tenants using 20 threads
2019-11-29 15:35:23.842 15 RALLYDEBUG rally_openstack.contexts.keystone.users [-] Creating 1 users using 20 threads
2019-11-29 15:35:24.267 15 INFO rally.task.context [-] Task 62345f71-e953-4e84-8614-bc2871839791 | Context users@openstack setup() finished in 0.76 sec
2019-11-29 15:35:24.667 15 INFO rally.task.context [-] Task 62345f71-e953-4e84-8614-bc2871839791 | Context quotas@openstack setup() finished in 0.40 sec
2019-11-29 15:35:24.668 15 INFO rally.task.context [-] Task 62345f71-e953-4e84-8614-bc2871839791 | Context cleanup@openstack setup() finished in 0.01 msec
2019-11-29 15:35:24.677 15 RALLYDEBUG rally.task.runner [-] Starting the constant runner (task UUID: 62345f71-e953-4e84-8614-bc2871839791). timeout: 0 concurrency: 20 concurrency_per_worker: 1 times: 40 concurrency_overhead: 0 processes_to_start: 20 max_cpu_used: 88
2019-11-29 15:35:24.693 2269 RALLYDEBUG rally.task.runner [-] Starting a worker. concurrency: 1 args: {"network_create_args": {}, "subnet_create_args": {}, "subnet_cidr_start": "1.1.0.0/30", "subnets_per_network": 2} times: 40 method_name: run timeout: 0 duration: None cls:
2019-11-29 15:35:24.697 2270 RALLYDEBUG rally.task.runner [-] Starting a worker. concurrency: 1 args: {"network_create_args": {}, "subnet_create_args": {}, "subnet_cidr_start": "1.1.0.0/30", "subnets_per_network": 2} times: 40 method_name: run timeout: 0 duration: None cls:
2019-11-29 15:35:24.700 2269 INFO rally.task.runner [-] Task 62345f71-e953-4e84-8614-bc2871839791 | ITER: 1 START
2019-11-29 15:35:24.699 2271 RALLYDEBUG rally.task.runner [-] Starting a worker. concurrency: 1 args: {"network_create_args": {}, "subnet_create_args": {}, "subnet_cidr_start": "1.1.0.0/30", "subnets_per_network": 2} times: 40 method_name: run timeout: 0 duration: None cls:
2019-11-29 15:35:24.701 2269 WARNING rally_openstack.scenarios.neutron.utils [-] Running this scenario without either the 'network' or 'existing_network' context is deprecated
2019-11-29 15:35:24.702 2272 RALLYDEBUG rally.task.runner [-] Starting a worker. concurrency: 1 args: {"network_create_args": {}, "subnet_create_args": {}, "subnet_cidr_start": "1.1.0.0/30", "subnets_per_network": 2} times: 40 method_name: run timeout: 0 duration: None cls:
2019-11-29 15:35:24.703 2270 INFO rally.task.runner [-] Task 62345f71-e953-4e84-8614-bc2871839791 | ITER: 2 START
2019-11-29 15:35:24.704 2270 WARNING rally_openstack.scenarios.neutron.utils [-] Running this scenario without either the 'network' or 'existing_network' context is deprecated
2019-11-29 15:35:24.706 2271 INFO rally.task.runner [-] Task 62345f71-e953-4e84-8614-bc2871839791 | ITER: 3 START
2019-11-29 15:35:24.705 2273 RALLYDEBUG rally.task.runner [-] Starting a worker. concurrency: 1 args: {"network_create_args": {}, "subnet_create_args": {}, "subnet_cidr_start": "1.1.0.0/30", "subnets_per_network": 2} times: 40 method_name: run timeout: 0 duration: None cls:
2019-11-29 15:35:24.707 2271 WARNING rally_openstack.scenarios.neutron.utils [-] Running this scenario without either the 'network' or 'existing_network' context is deprecated
2019-11-29 15:35:24.708 2276 RALLYDEBUG rally.task.runner [-] Starting a worker. concurrency: 1 args: {"network_create_args": {}, "subnet_create_args": {}, "subnet_cidr_start": "1.1.0.0/30", "subnets_per_network": 2} times: 40 method_name: run timeout: 0 duration: None cls:
2019-11-29 15:35:24.709 2272 INFO rally.task.runner [-] Task 62345f71-e953-4e84-8614-bc2871839791 | ITER: 4 START
2019-11-29 15:35:24.710 2272 WARNING rally_openstack.scenarios.neutron.utils [-] Running this scenario without either the 'network' or 'existing_network' context is deprecated
2019-11-29 15:35:24.711 2279 RALLYDEBUG rally.task.runner [-] Starting a worker. concurrency: 1 args: {"network_create_args": {}, "subnet_create_args": {}, "subnet_cidr_start": "1.1.0.0/30", "subnets_per_network": 2} times: 40 method_name: run timeout: 0 duration: None cls:
2019-11-29 15:35:24.712 2273 INFO rally.task.runner [-] Task 62345f71-e953-4e84-8614-bc2871839791 | ITER: 5 START
2019-11-29 15:35:24.713 2273 WARNING rally_openstack.scenarios.neutron.utils [-] Running this scenario without either the 'network' or 'existing_network' context is deprecated
2019-11-29 15:35:24.714 2276 INFO rally.task.runner [-] Task 62345f71-e953-4e84-8614-bc2871839791 | ITER: 6 START
2019-11-29 15:35:24.714 2283 RALLYDEBUG rally.task.runner [-] Starting a worker. concurrency: 1 args: {"network_create_args": {}, "subnet_create_args": {}, "subnet_cidr_start": "1.1.0.0/30", "subnets_per_network": 2} times: 40 method_name: run timeout: 0 duration: None cls:
2019-11-29 15:35:24.715 2276 WARNING rally_openstack.scenarios.neutron.utils [-] Running this scenario without either the 'network' or 'existing_network' context is deprecated
2019-11-29 15:35:24.717 2279 INFO rally.task.runner [-] Task 62345f71-e953-4e84-8614-bc2871839791 | ITER: 7 START
2019-11-29 15:35:24.717 2285 RALLYDEBUG rally.task.runner [-] Starting a worker. concurrency: 1 args: {"network_create_args": {}, "subnet_create_args": {}, "subnet_cidr_start": "1.1.0.0/30", "subnets_per_network": 2} times: 40 method_name: run timeout: 0 duration: None cls:
2019-11-29 15:35:24.718 2279 WARNING rally_openstack.scenarios.neutron.utils [-] Running this scenario without either the 'network' or 'existing_network' context is deprecated
2019-11-29 15:35:24.720 2283 INFO rally.task.runner [-] Task 62345f71-e953-4e84-8614-bc2871839791 | ITER: 8 START
2019-11-29 15:35:24.720 2289 RALLYDEBUG rally.task.runner [-] Starting a worker. concurrency: 1 args: {"network_create_args": {}, "subnet_create_args": {}, "subnet_cidr_start": "1.1.0.0/30", "subnets_per_network": 2} times: 40 method_name: run timeout: 0 duration: None cls:
2019-11-29 15:35:24.722 2283 WARNING rally_openstack.scenarios.neutron.utils [-] Running this scenario without either the 'network' or 'existing_network' context is deprecated
2019-11-29 15:35:24.723 2285 INFO rally.task.runner [-] Task 62345f71-e953-4e84-8614-bc2871839791 | ITER: 9 START
2019-11-29 15:35:24.723 2293 RALLYDEBUG rally.task.runner [-] Starting a worker. concurrency: 1 args: {"network_create_args": {}, "subnet_create_args": {}, "subnet_cidr_start": "1.1.0.0/30", "subnets_per_network": 2} times: 40 method_name: run timeout: 0 duration: None cls:
2019-11-29 15:35:24.725 2285 WARNING rally_openstack.scenarios.neutron.utils [-] Running this scenario without either the 'network' or 'existing_network' context is deprecated
2019-11-29 15:35:24.725 2295 RALLYDEBUG rally.task.runner [-] Starting a worker. concurrency: 1 args: {"network_create_args": {}, "subnet_create_args": {}, "subnet_cidr_start": "1.1.0.0/30", "subnets_per_network": 2} times: 40 method_name: run timeout: 0 duration: None cls:
2019-11-29 15:35:24.726 2289 INFO rally.task.runner [-] Task 62345f71-e953-4e84-8614-bc2871839791 | ITER: 10 START
2019-11-29 15:35:24.727 2289 WARNING rally_openstack.scenarios.neutron.utils [-] Running this scenario without either the 'network' or 'existing_network' context is deprecated
2019-11-29 15:35:24.727 2298 RALLYDEBUG rally.task.runner [-] Starting a worker. concurrency: 1 args: {"network_create_args": {}, "subnet_create_args": {}, "subnet_cidr_start": "1.1.0.0/30", "subnets_per_network": 2} times: 40 method_name: run timeout: 0 duration: None cls:
2019-11-29 15:35:24.729 2293 INFO rally.task.runner [-] Task 62345f71-e953-4e84-8614-bc2871839791 | ITER: 11 START
2019-11-29 15:35:24.730 2293 WARNING rally_openstack.scenarios.neutron.utils [-] Running this scenario without either the 'network' or 'existing_network' context is deprecated
2019-11-29 15:35:24.730 2295 INFO rally.task.runner [-] Task 62345f71-e953-4e84-8614-bc2871839791 | ITER: 12 START
2019-11-29 15:35:24.731 2295 WARNING rally_openstack.scenarios.neutron.utils [-] Running this scenario without either the 'network' or 'existing_network' context is deprecated
2019-11-29 15:35:24.731 2301 RALLYDEBUG rally.task.runner [-] Starting a worker. concurrency: 1 args: {"network_create_args": {}, "subnet_create_args": {}, "subnet_cidr_start": "1.1.0.0/30", "subnets_per_network": 2} times: 40 method_name: run timeout: 0 duration: None cls:
2019-11-29 15:35:24.732 2298 INFO rally.task.runner [-] Task 62345f71-e953-4e84-8614-bc2871839791 | ITER: 13 START
2019-11-29 15:35:24.733 2298 WARNING rally_openstack.scenarios.neutron.utils [-] Running this scenario without either the 'network' or 'existing_network' context is deprecated
2019-11-29 15:35:24.734 2304 RALLYDEBUG rally.task.runner [-] Starting a worker. concurrency: 1 args: {"network_create_args": {}, "subnet_create_args": {}, "subnet_cidr_start": "1.1.0.0/30", "subnets_per_network": 2} times: 40 method_name: run timeout: 0 duration: None cls:
2019-11-29 15:35:24.735 2308 RALLYDEBUG rally.task.runner [-] Starting a worker. concurrency: 1 args: {"network_create_args": {}, "subnet_create_args": {}, "subnet_cidr_start": "1.1.0.0/30", "subnets_per_network": 2} times: 40 method_name: run timeout: 0 duration: None cls:
2019-11-29 15:35:24.737 2301 INFO rally.task.runner [-] Task 62345f71-e953-4e84-8614-bc2871839791 | ITER: 14 START
2019-11-29 15:35:24.738 2301 WARNING rally_openstack.scenarios.neutron.utils [-] Running this scenario without either the 'network' or 'existing_network' context is deprecated
2019-11-29 15:35:24.740 2304 INFO rally.task.runner [-] Task 62345f71-e953-4e84-8614-bc2871839791 | ITER: 15 START
2019-11-29 15:35:24.740 2308 INFO rally.task.runner [-] Task 62345f71-e953-4e84-8614-bc2871839791 | ITER: 16 START
2019-11-29 15:35:24.740 2311 RALLYDEBUG rally.task.runner [-] Starting a worker. concurrency: 1 args: {"network_create_args": {}, "subnet_create_args": {}, "subnet_cidr_start": "1.1.0.0/30", "subnets_per_network": 2} times: 40 method_name: run timeout: 0 duration: None cls:
2019-11-29 15:35:24.741 2304 WARNING rally_openstack.scenarios.neutron.utils [-] Running this scenario without either the 'network' or 'existing_network' context is deprecated
2019-11-29 15:35:24.741 2308 WARNING rally_openstack.scenarios.neutron.utils [-] Running this scenario without either the 'network' or 'existing_network' context is deprecated
2019-11-29 15:35:24.743 2314 RALLYDEBUG rally.task.runner [-] Starting a worker. concurrency: 1 args: {"network_create_args": {}, "subnet_create_args": {}, "subnet_cidr_start": "1.1.0.0/30", "subnets_per_network": 2} times: 40 method_name: run timeout: 0 duration: None cls:
2019-11-29 15:35:24.745 2317 RALLYDEBUG rally.task.runner [-] Starting a worker. concurrency: 1 args: {"network_create_args": {}, "subnet_create_args": {}, "subnet_cidr_start": "1.1.0.0/30", "subnets_per_network": 2} times: 40 method_name: run timeout: 0 duration: None cls:
2019-11-29 15:35:24.746 2311 INFO rally.task.runner [-] Task 62345f71-e953-4e84-8614-bc2871839791 | ITER: 17 START
2019-11-29 15:35:24.747 2311 WARNING rally_openstack.scenarios.neutron.utils [-] Running this scenario without either the 'network' or 'existing_network' context is deprecated
2019-11-29 15:35:24.748 2320 RALLYDEBUG rally.task.runner [-] Starting a worker. concurrency: 1 args: {"network_create_args": {}, "subnet_create_args": {}, "subnet_cidr_start": "1.1.0.0/30", "subnets_per_network": 2} times: 40 method_name: run timeout: 0 duration: None cls:
2019-11-29 15:35:24.749 2314 INFO rally.task.runner [-] Task 62345f71-e953-4e84-8614-bc2871839791 | ITER: 18 START
2019-11-29 15:35:24.750 2317 INFO rally.task.runner [-] Task 62345f71-e953-4e84-8614-bc2871839791 | ITER: 19 START
2019-11-29 15:35:24.750 2314 WARNING rally_openstack.scenarios.neutron.utils [-] Running this scenario without either the 'network' or 'existing_network' context is deprecated
2019-11-29 15:35:24.750 2317 WARNING rally_openstack.scenarios.neutron.utils [-] Running this scenario without either the 'network' or 'existing_network' context is deprecated
2019-11-29 15:35:24.753 2320 INFO rally.task.runner [-] Task 62345f71-e953-4e84-8614-bc2871839791 | ITER: 20 START
2019-11-29 15:35:24.754 2320 WARNING rally_openstack.scenarios.neutron.utils [-] Running this scenario without either the 'network' or 'existing_network' context is deprecated
2019-11-29 15:35:25.793 2273 RALLYDEBUG rally_openstack.wrappers.network [-] CIDR generated: 1.1.4.96/30
2019-11-29 15:35:25.838 2270 RALLYDEBUG rally_openstack.wrappers.network [-] CIDR generated: 1.1.4.100/30
2019-11-29 15:35:26.077 2293 RALLYDEBUG rally_openstack.wrappers.network [-] CIDR generated: 1.1.4.104/30
2019-11-29 15:35:26.214 2272 RALLYDEBUG rally_openstack.wrappers.network [-] CIDR generated: 1.1.4.108/30
2019-11-29 15:35:27.226 2269 RALLYDEBUG rally_openstack.wrappers.network [-] CIDR generated: 1.1.4.112/30
2019-11-29 15:35:27.357 2314 RALLYDEBUG rally_openstack.wrappers.network [-] CIDR generated: 1.1.4.116/30
2019-11-29 15:35:27.376 2279 RALLYDEBUG rally_openstack.wrappers.network [-] CIDR generated: 1.1.4.120/30
2019-11-29 15:35:28.065 2298 RALLYDEBUG rally_openstack.wrappers.network [-] CIDR generated: 1.1.4.124/30
2019-11-29 15:35:28.086 2295 RALLYDEBUG rally_openstack.wrappers.network [-] CIDR generated: 1.1.4.128/30
2019-11-29 15:35:28.409 2317 RALLYDEBUG rally_openstack.wrappers.network [-] CIDR generated: 1.1.4.132/30
2019-11-29 15:35:28.539 2308 RALLYDEBUG rally_openstack.wrappers.network [-] CIDR generated: 1.1.4.136/30
2019-11-29 15:35:28.666 2285 RALLYDEBUG rally_openstack.wrappers.network [-] CIDR generated: 1.1.4.140/30
2019-11-29 15:35:28.799 2289 RALLYDEBUG rally_openstack.wrappers.network [-] CIDR generated: 1.1.4.144/30
2019-11-29 15:35:28.940 2293 RALLYDEBUG rally_openstack.wrappers.network [-] CIDR generated: 1.1.4.148/30
2019-11-29 15:35:29.541 2276 RALLYDEBUG rally_openstack.wrappers.network [-] CIDR generated: 1.1.4.152/30
2019-11-29 15:35:29.602 2271 RALLYDEBUG rally_openstack.wrappers.network [-] CIDR generated: 1.1.4.156/30
2019-11-29 15:35:29.785 2283 RALLYDEBUG rally_openstack.wrappers.network [-] CIDR generated: 1.1.4.160/30
2019-11-29 15:35:30.124 2304 RALLYDEBUG rally_openstack.wrappers.network [-] CIDR generated: 1.1.4.164/30
2019-11-29 15:35:30.343 2301 RALLYDEBUG rally_openstack.wrappers.network [-] CIDR generated: 1.1.4.168/30
2019-11-29 15:35:30.436 2311 RALLYDEBUG rally_openstack.wrappers.network [-] CIDR generated: 1.1.4.172/30
2019-11-29 15:35:30.498 2320 RALLYDEBUG rally_openstack.wrappers.network [-] CIDR generated: 1.1.4.176/30
2019-11-29 15:35:31.275 2269 RALLYDEBUG rally_openstack.wrappers.network [-] CIDR generated: 1.1.4.180/30
2019-11-29 15:35:31.869 2279 RALLYDEBUG rally_openstack.wrappers.network [-] CIDR generated: 1.1.4.184/30
2019-11-29 15:35:32.335 2270 RALLYDEBUG rally_openstack.wrappers.network [-] CIDR generated: 1.1.4.188/30
2019-11-29 15:35:32.545 2273 RALLYDEBUG rally_openstack.wrappers.network [-] CIDR generated: 1.1.4.192/30
2019-11-29 15:35:32.636 2272 RALLYDEBUG rally_openstack.wrappers.network [-] CIDR generated: 1.1.4.196/30
2019-11-29 15:35:33.415 2314 RALLYDEBUG rally_openstack.wrappers.network [-] CIDR generated: 1.1.4.200/30
2019-11-29 15:35:33.582 2298 RALLYDEBUG rally_openstack.wrappers.network [-] CIDR generated: 1.1.4.204/30
2019-11-29 15:35:33.599 2295 RALLYDEBUG rally_openstack.wrappers.network [-] CIDR generated: 1.1.4.208/30
2019-11-29 15:35:33.623 2317 RALLYDEBUG rally_openstack.wrappers.network [-] CIDR generated: 1.1.4.212/30
2019-11-29 15:35:33.628 2285 RALLYDEBUG rally_openstack.wrappers.network [-] CIDR generated: 1.1.4.216/30
2019-11-29 15:35:34.139 2301 RALLYDEBUG rally_openstack.wrappers.network [-] CIDR generated: 1.1.4.220/30
2019-11-29 15:35:35.706 2308 RALLYDEBUG rally_openstack.wrappers.network [-] CIDR generated: 1.1.4.224/30
2019-11-29 15:35:36.472 2289 RALLYDEBUG rally_openstack.wrappers.network [-] CIDR generated: 1.1.4.228/30
2019-11-29 15:35:38.825 2276 RALLYDEBUG rally_openstack.wrappers.network [-] CIDR generated: 1.1.4.232/30
2019-11-29 15:35:38.908 2283 RALLYDEBUG rally_openstack.wrappers.network [-] CIDR generated: 1.1.4.236/30
2019-11-29 15:35:38.915 2271 RALLYDEBUG rally_openstack.wrappers.network [-] CIDR generated: 1.1.4.240/30
2019-11-29 15:35:39.631 2304 RALLYDEBUG rally_openstack.wrappers.network [-] CIDR generated: 1.1.4.244/30
2019-11-29 15:35:39.928 2311 RALLYDEBUG rally_openstack.wrappers.network [-] CIDR generated: 1.1.4.248/30
2019-11-29 15:35:39.986 2320 RALLYDEBUG rally_openstack.wrappers.network [-] CIDR generated: 1.1.4.252/30
2019-11-29 15:35:54.035 2289 INFO rally.task.runner [-] Task 62345f71-e953-4e84-8614-bc2871839791 | ITER: 10 END: OK
2019-11-29 15:35:54.046 2289 INFO rally.task.runner [-] Task 62345f71-e953-4e84-8614-bc2871839791 | ITER: 21 START
2019-11-29 15:35:54.048 2289 WARNING rally_openstack.scenarios.neutron.utils [-] Running this scenario without either the 'network' or 'existing_network' context is deprecated
2019-11-29 15:35:56.234 2293 INFO rally.task.runner [-] Task 62345f71-e953-4e84-8614-bc2871839791 | ITER: 11 END: OK
2019-11-29 15:35:56.245 2293 INFO rally.task.runner [-] Task 62345f71-e953-4e84-8614-bc2871839791 | ITER: 22 START
2019-11-29 15:35:56.246 2293 WARNING rally_openstack.scenarios.neutron.utils [-] Running this scenario without either the 'network' or 'existing_network' context is deprecated
2019-11-29 15:35:56.267 2269 INFO rally.task.runner [-] Task 62345f71-e953-4e84-8614-bc2871839791 | ITER: 1 END: OK
2019-11-29 15:35:56.277 2269 INFO rally.task.runner [-] Task 62345f71-e953-4e84-8614-bc2871839791 | ITER: 23 START
2019-11-29 15:35:56.278 2269 WARNING rally_openstack.scenarios.neutron.utils [-] Running this scenario without either the 'network' or 'existing_network' context is deprecated
2019-11-29 15:35:57.158 2289 RALLYDEBUG rally_openstack.wrappers.network [-] CIDR generated: 1.1.5.0/30
2019-11-29 15:35:57.592 2301 INFO rally.task.runner [-] Task 62345f71-e953-4e84-8614-bc2871839791 | ITER: 14 END: OK
2019-11-29 15:35:57.603 2301 INFO rally.task.runner [-] Task 62345f71-e953-4e84-8614-bc2871839791 | ITER: 24 START
2019-11-29 15:35:57.605 2301 WARNING rally_openstack.scenarios.neutron.utils [-] Running this scenario without either the 'network' or 'existing_network' context is deprecated
2019-11-29 15:35:59.286 2273 INFO rally.task.runner [-] Task 62345f71-e953-4e84-8614-bc2871839791 | ITER: 5 END: OK
2019-11-29 15:35:59.292 2273 INFO rally.task.runner [-] Task 62345f71-e953-4e84-8614-bc2871839791 | ITER: 25 START
2019-11-29 15:35:59.293 2273 WARNING rally_openstack.scenarios.neutron.utils [-] Running this scenario without either the 'network' or 'existing_network' context is deprecated
2019-11-29 15:35:59.335 2272 INFO rally.task.runner [-] Task 62345f71-e953-4e84-8614-bc2871839791 | ITER: 4 END: OK
2019-11-29 15:35:59.343 2272 INFO rally.task.runner [-] Task 62345f71-e953-4e84-8614-bc2871839791 | ITER: 26 START
2019-11-29 15:35:59.344 2272 WARNING rally_openstack.scenarios.neutron.utils [-] Running this scenario without either the 'network' or 'existing_network' context is deprecated
2019-11-29 15:35:59.750 2279 INFO rally.task.runner [-] Task 62345f71-e953-4e84-8614-bc2871839791 | ITER: 7 END: OK
2019-11-29 15:35:59.759 2279 INFO rally.task.runner [-] Task 62345f71-e953-4e84-8614-bc2871839791 | ITER: 27 START
2019-11-29 15:35:59.760 2279 WARNING rally_openstack.scenarios.neutron.utils [-] Running this scenario without either the 'network' or 'existing_network' context is deprecated
2019-11-29 15:35:59.794 2269 RALLYDEBUG rally_openstack.wrappers.network [-] CIDR generated: 1.1.5.4/30
2019-11-29 15:35:59.892 2293 RALLYDEBUG rally_openstack.wrappers.network [-] CIDR generated: 1.1.5.8/30
2019-11-29 15:36:00.189 2314 INFO rally.task.runner [-] Task 62345f71-e953-4e84-8614-bc2871839791 | ITER: 18 END: OK
2019-11-29 15:36:00.195 2314 INFO rally.task.runner [-] Task 62345f71-e953-4e84-8614-bc2871839791 | ITER: 28 START
2019-11-29 15:36:00.196 2314 WARNING rally_openstack.scenarios.neutron.utils [-] Running this scenario without either the 'network' or 'existing_network' context is deprecated
2019-11-29 15:36:00.229 2298 INFO rally.task.runner [-] Task 62345f71-e953-4e84-8614-bc2871839791 | ITER: 13 END: OK
2019-11-29 15:36:00.237 2298 INFO rally.task.runner [-] Task 62345f71-e953-4e84-8614-bc2871839791 | ITER: 29 START
2019-11-29 15:36:00.239 2298 WARNING rally_openstack.scenarios.neutron.utils [-] Running this scenario without either the 'network' or 'existing_network' context is deprecated
2019-11-29 15:36:01.071 2301 RALLYDEBUG rally_openstack.wrappers.network [-] CIDR generated: 1.1.5.12/30
2019-11-29 15:36:01.147 2276 INFO rally.task.runner [-] Task 62345f71-e953-4e84-8614-bc2871839791 | ITER: 6 END: OK
2019-11-29 15:36:01.155 2276 INFO rally.task.runner [-] Task 62345f71-e953-4e84-8614-bc2871839791 | ITER: 30 START
2019-11-29 15:36:01.156 2276 WARNING rally_openstack.scenarios.neutron.utils [-] Running this scenario without either the 'network' or 'existing_network' context is deprecated
2019-11-29 15:36:02.193 2289 RALLYDEBUG rally_openstack.wrappers.network [-] CIDR generated: 1.1.5.16/30
2019-11-29 15:36:02.313 2273 RALLYDEBUG rally_openstack.wrappers.network [-] CIDR generated: 1.1.5.20/30
2019-11-29 15:36:02.892 2308 INFO rally.task.runner [-] Task 62345f71-e953-4e84-8614-bc2871839791 | ITER: 16 END: OK
2019-11-29 15:36:02.894 2304 INFO rally.task.runner [-] Task 62345f71-e953-4e84-8614-bc2871839791 | ITER: 15 END: OK
2019-11-29 15:36:02.900 2304 INFO rally.task.runner [-] Task 62345f71-e953-4e84-8614-bc2871839791 | ITER: 32 START
2019-11-29 15:36:02.901 2304 WARNING rally_openstack.scenarios.neutron.utils [-] Running this scenario without either the 'network' or 'existing_network' context is deprecated
2019-11-29 15:36:02.901 2308 INFO rally.task.runner [-] Task 62345f71-e953-4e84-8614-bc2871839791 | ITER: 31 START
2019-11-29 15:36:02.903 2308 WARNING rally_openstack.scenarios.neutron.utils [-] Running this scenario without either the 'network' or 'existing_network' context is deprecated
2019-11-29 15:36:02.903 2285 INFO rally.task.runner [-] Task 62345f71-e953-4e84-8614-bc2871839791 | ITER: 9 END: OK
2019-11-29 15:36:02.913 2285 INFO rally.task.runner [-] Task 62345f71-e953-4e84-8614-bc2871839791 | ITER: 33 START
2019-11-29 15:36:02.914 2285 WARNING rally_openstack.scenarios.neutron.utils [-] Running this scenario without either the 'network' or 'existing_network' context is deprecated
2019-11-29 15:36:02.978 2272 RALLYDEBUG rally_openstack.wrappers.network [-] CIDR generated: 1.1.5.24/30
2019-11-29 15:36:03.164 2279 RALLYDEBUG rally_openstack.wrappers.network [-] CIDR generated: 1.1.5.28/30
2019-11-29 15:36:03.434 2311 INFO rally.task.runner [-] Task 62345f71-e953-4e84-8614-bc2871839791 | ITER: 17 END: OK
2019-11-29 15:36:03.441 2311 INFO rally.task.runner [-] Task 62345f71-e953-4e84-8614-bc2871839791 | ITER: 34 START
2019-11-29 15:36:03.442 2311 WARNING rally_openstack.scenarios.neutron.utils [-] Running this scenario without either the 'network' or 'existing_network' context is deprecated
2019-11-29 15:36:03.471 2298 RALLYDEBUG rally_openstack.wrappers.network [-] CIDR generated: 1.1.5.32/30
2019-11-29 15:36:03.535 2314 RALLYDEBUG rally_openstack.wrappers.network [-] CIDR generated: 1.1.5.36/30
2019-11-29 15:36:04.386 2276 RALLYDEBUG rally_openstack.wrappers.network [-] CIDR generated: 1.1.5.40/30
2019-11-29 15:36:04.917 2270 INFO rally.task.runner [-] Task 62345f71-e953-4e84-8614-bc2871839791 | ITER: 2 END: OK
2019-11-29 15:36:04.924 2270 INFO rally.task.runner [-] Task 62345f71-e953-4e84-8614-bc2871839791 | ITER: 35 START
2019-11-29 15:36:04.925 2270 WARNING rally_openstack.scenarios.neutron.utils [-] Running this scenario without either the 'network' or 'existing_network' context is deprecated
2019-11-29 15:36:05.062 2269 RALLYDEBUG rally_openstack.wrappers.network [-] CIDR generated: 1.1.5.44/30
2019-11-29 15:36:05.090 2293 RALLYDEBUG rally_openstack.wrappers.network [-] CIDR generated: 1.1.5.48/30
2019-11-29 15:36:05.551 2295 INFO rally.task.runner [-] Task 62345f71-e953-4e84-8614-bc2871839791 | ITER: 12 END: OK
2019-11-29 15:36:05.555 2317 INFO rally.task.runner [-] Task 62345f71-e953-4e84-8614-bc2871839791 | ITER: 19 END: OK
2019-11-29 15:36:05.559 2295 INFO rally.task.runner [-] Task 62345f71-e953-4e84-8614-bc2871839791 | ITER: 36 START
2019-11-29 15:36:05.560 2295 WARNING rally_openstack.scenarios.neutron.utils [-] Running this scenario without either the 'network' or 'existing_network' context is deprecated
2019-11-29 15:36:05.564 2317 INFO rally.task.runner [-] Task 62345f71-e953-4e84-8614-bc2871839791 | ITER: 37 START
2019-11-29 15:36:05.566 2317 WARNING rally_openstack.scenarios.neutron.utils [-] Running this scenario without either the 'network' or 'existing_network' context is deprecated
2019-11-29 15:36:05.744 2308 RALLYDEBUG rally_openstack.wrappers.network [-] CIDR generated: 1.1.5.52/30
2019-11-29 15:36:05.792 2311 RALLYDEBUG rally_openstack.wrappers.network [-] CIDR generated: 1.1.5.56/30
2019-11-29 15:36:05.957 2301 RALLYDEBUG rally_openstack.wrappers.network [-] CIDR generated: 1.1.5.60/30
2019-11-29 15:36:06.727 2270 RALLYDEBUG rally_openstack.wrappers.network [-] CIDR generated: 1.1.5.64/30
2019-11-29 15:36:06.935 2317 RALLYDEBUG rally_openstack.wrappers.network [-] CIDR generated: 1.1.5.68/30
2019-11-29 15:36:06.947 2272 RALLYDEBUG rally_openstack.wrappers.network [-] CIDR generated: 1.1.5.72/30
2019-11-29 15:36:06.969 2314 RALLYDEBUG rally_openstack.wrappers.network [-] CIDR generated: 1.1.5.76/30
2019-11-29 15:36:07.107 2320 INFO rally.task.runner [-] Task 62345f71-e953-4e84-8614-bc2871839791 | ITER: 20 END: OK
2019-11-29 15:36:07.114 2320 INFO rally.task.runner [-] Task 62345f71-e953-4e84-8614-bc2871839791 | ITER: 38 START
2019-11-29 15:36:07.115 2320 WARNING rally_openstack.scenarios.neutron.utils [-] Running this scenario without either the 'network' or 'existing_network' context is deprecated
2019-11-29 15:36:07.447 2304 RALLYDEBUG rally_openstack.wrappers.network [-] CIDR generated: 1.1.5.80/30
2019-11-29 15:36:07.500 2285 RALLYDEBUG rally_openstack.wrappers.network [-] CIDR generated: 1.1.5.84/30
2019-11-29 15:36:08.122 2308 RALLYDEBUG rally_openstack.wrappers.network [-] CIDR generated: 1.1.5.88/30
2019-11-29 15:36:08.809 2320 RALLYDEBUG rally_openstack.wrappers.network [-] CIDR generated: 1.1.5.92/30
2019-11-29 15:36:08.987 2285 RALLYDEBUG rally_openstack.wrappers.network [-] CIDR generated: 1.1.5.96/30
2019-11-29 15:36:09.071 2304 RALLYDEBUG rally_openstack.wrappers.network [-] CIDR generated: 1.1.5.100/30
2019-11-29 15:36:10.620 2283 INFO rally.task.runner [-] Task 62345f71-e953-4e84-8614-bc2871839791 | ITER: 8 END: OK
2019-11-29 15:36:10.627 2283 INFO rally.task.runner [-] Task 62345f71-e953-4e84-8614-bc2871839791 | ITER: 39 START
2019-11-29 15:36:10.628 2283 WARNING rally_openstack.scenarios.neutron.utils [-] Running this scenario without either the 'network' or 'existing_network' context is deprecated
2019-11-29 15:36:10.779 2271 INFO rally.task.runner [-] Task 62345f71-e953-4e84-8614-bc2871839791 | ITER: 3 END: OK
2019-11-29 15:36:10.787 2271 INFO rally.task.runner [-] Task 62345f71-e953-4e84-8614-bc2871839791 | ITER: 40 START
2019-11-29 15:36:10.788 2271 WARNING rally_openstack.scenarios.neutron.utils [-] Running this scenario without either the 'network' or 'existing_network' context is deprecated
2019-11-29 15:36:11.344 2283 RALLYDEBUG rally_openstack.wrappers.network [-] CIDR generated: 1.1.5.104/30
2019-11-29 15:36:11.352 2273 RALLYDEBUG rally_openstack.wrappers.network [-] CIDR generated: 1.1.5.108/30
2019-11-29 15:36:11.640 2295 RALLYDEBUG rally_openstack.wrappers.network [-] CIDR generated: 1.1.5.112/30
2019-11-29 15:36:12.977 2295 RALLYDEBUG rally_openstack.wrappers.network [-] CIDR generated: 1.1.5.116/30
2019-11-29 15:36:14.031 2279 RALLYDEBUG rally_openstack.wrappers.network [-] CIDR generated: 1.1.5.120/30
2019-11-29 15:36:14.187 2298 RALLYDEBUG rally_openstack.wrappers.network [-] CIDR generated: 1.1.5.124/30
2019-11-29 15:36:14.250 2276 RALLYDEBUG rally_openstack.wrappers.network [-] CIDR generated: 1.1.5.128/30
2019-11-29 15:36:15.904 2311 RALLYDEBUG rally_openstack.wrappers.network [-] CIDR generated: 1.1.5.132/30
2019-11-29 15:36:15.940 2271 RALLYDEBUG rally_openstack.wrappers.network [-] CIDR generated: 1.1.5.136/30
2019-11-29 15:36:16.482 2270 RALLYDEBUG rally_openstack.wrappers.network [-] CIDR generated: 1.1.5.140/30
2019-11-29 15:36:16.697 2317 RALLYDEBUG rally_openstack.wrappers.network [-] CIDR generated: 1.1.5.144/30
2019-11-29 15:36:18.352 2320 RALLYDEBUG rally_openstack.wrappers.network [-] CIDR generated: 1.1.5.148/30
2019-11-29 15:36:18.954 2289 INFO rally.task.runner [-] Task 62345f71-e953-4e84-8614-bc2871839791 | ITER: 21 END: OK
2019-11-29 15:36:19.036 2283 RALLYDEBUG rally_openstack.wrappers.network [-] CIDR generated: 1.1.5.152/30
2019-11-29 15:36:21.307 2271 RALLYDEBUG rally_openstack.wrappers.network [-] CIDR generated: 1.1.5.156/30
2019-11-29 15:36:25.289 2293 INFO rally.task.runner [-] Task 62345f71-e953-4e84-8614-bc2871839791 | ITER: 22 END: OK
2019-11-29 15:36:25.332 2269 INFO rally.task.runner [-] Task 62345f71-e953-4e84-8614-bc2871839791 | ITER: 23 END: OK
2019-11-29 15:36:25.374 2279 INFO rally.task.runner [-] Task 62345f71-e953-4e84-8614-bc2871839791 | ITER: 27 END: OK
2019-11-29 15:36:25.741 2273 INFO rally.task.runner [-] Task 62345f71-e953-4e84-8614-bc2871839791 | ITER: 25 END: OK
2019-11-29 15:36:26.537 2298 INFO rally.task.runner [-] Task 62345f71-e953-4e84-8614-bc2871839791 | ITER: 29 END: OK
2019-11-29 15:36:27.503 2276 INFO rally.task.runner [-] Task 62345f71-e953-4e84-8614-bc2871839791 | ITER: 30 END: OK
2019-11-29 15:36:28.199 2308 INFO rally.task.runner [-] Task 62345f71-e953-4e84-8614-bc2871839791 | ITER: 31 END: OK
2019-11-29 15:36:28.452 2285 INFO rally.task.runner [-] Task 62345f71-e953-4e84-8614-bc2871839791 | ITER: 33 END: OK
2019-11-29 15:36:28.618 2301 INFO rally.task.runner [-] Task 62345f71-e953-4e84-8614-bc2871839791 | ITER: 24 END: OK
2019-11-29 15:36:29.325 2272 INFO rally.task.runner [-] Task 62345f71-e953-4e84-8614-bc2871839791 | ITER: 26 END: OK
2019-11-29 15:36:29.498 2320 INFO rally.task.runner [-] Task 62345f71-e953-4e84-8614-bc2871839791 | ITER: 38 END: OK
2019-11-29 15:36:29.542 2317 INFO rally.task.runner [-] Task 62345f71-e953-4e84-8614-bc2871839791 | ITER: 37 END: OK
2019-11-29 15:36:29.642 2314 INFO rally.task.runner [-] Task 62345f71-e953-4e84-8614-bc2871839791 | ITER: 28 END: OK
2019-11-29 15:36:30.066 2304 INFO rally.task.runner [-] Task 62345f71-e953-4e84-8614-bc2871839791 | ITER: 32 END: OK
2019-11-29 15:36:30.170 2295 INFO rally.task.runner [-] Task 62345f71-e953-4e84-8614-bc2871839791 | ITER: 36 END: OK
2019-11-29 15:36:30.314 2311 INFO rally.task.runner [-] Task 62345f71-e953-4e84-8614-bc2871839791 | ITER: 34 END: OK
2019-11-29 15:36:30.632 2270 INFO rally.task.runner [-] Task 62345f71-e953-4e84-8614-bc2871839791 | ITER: 35 END: OK
2019-11-29 15:36:30.688 2271 INFO rally.task.runner [-] Task 62345f71-e953-4e84-8614-bc2871839791 | ITER: 40 END: OK
2019-11-29 15:36:31.090 2283 INFO rally.task.runner [-] Task 62345f71-e953-4e84-8614-bc2871839791 | ITER: 39 END: OK
2019-11-29 15:36:31.113 15 INFO rally.task.context [-] Task 62345f71-e953-4e84-8614-bc2871839791 | Context cleanup@openstack cleanup() started
2019-11-29 15:36:31.120 15 RALLYDEBUG rally_openstack.cleanup.manager [-] Cleaning up neutron vip objects
2019-11-29 15:36:32.367 15 RALLYDEBUG rally_openstack.cleanup.manager [-] Cleaning up neutron health_monitor objects
2019-11-29 15:36:32.583 15 RALLYDEBUG rally_openstack.cleanup.manager [-] Cleaning up neutron pool objects
2019-11-29 15:36:32.793 15 RALLYDEBUG rally_openstack.cleanup.manager [-] Cleaning up neutron loadbalancer objects
2019-11-29 15:36:33.009 15 RALLYDEBUG rally_openstack.cleanup.manager [-] Cleaning up neutron floatingip objects
2019-11-29 15:36:33.228 15 RALLYDEBUG rally_openstack.cleanup.manager [-] Cleaning up neutron trunk objects
2019-11-29 15:36:33.430 15 DEBUG neutronclient.v2_0.client [-] Error message: {"message": "The resource could not be found.

\n\n\n", "code": "404 Not Found", "title": "Not Found"} _handle_fault_response /usr/lib/python2.7/site-packages/neutronclient/v2_0/client.py:259
2019-11-29 15:36:33.439 15 RALLYDEBUG rally_openstack.cleanup.manager [-] Cleaning up neutron port objects
2019-11-29 15:36:33.935 15 RALLYDEBUG rally_openstack.cleanup.manager [-] Cleaning up neutron subnet objects
2019-11-29 15:36:34.203 15 RALLYDEBUG rally_openstack.cleanup.manager [-] Cleaning up neutron network objects
2019-11-29 15:36:34.658 15 RALLYDEBUG rally_openstack.cleanup.manager [-] Deleting neutron.network object s_rally_7e17166a_k0bh1KSn (01e3291a-1041-41f8-a46a-317c844a873f)
2019-11-29 15:36:34.662 15 RALLYDEBUG rally_openstack.cleanup.manager [-] Deleting neutron.network object s_rally_7e17166a_GF0OVoE4 (0ce8c796-85dd-4bae-9002-49b530dddf0f)
2019-11-29 15:36:34.672 15 RALLYDEBUG rally_openstack.cleanup.manager [-] Deleting neutron.network object s_rally_7e17166a_YjZTbjmD (1a1adde2-1516-4cd7-b35c-c484682b8557)
2019-11-29 15:36:34.683 15 RALLYDEBUG rally_openstack.cleanup.manager [-] Deleting neutron.network object s_rally_7e17166a_uiFA6DS8 (1f01d761-6879-47b0-b74e-c45552d46b7c)
2019-11-29 15:36:34.693 15 RALLYDEBUG rally_openstack.cleanup.manager [-] Deleting neutron.network object s_rally_7e17166a_QYnENNk7 (34ee398e-0a7d-4cc9-af8b-de70c1a75219)
2019-11-29 15:36:34.706 15 RALLYDEBUG rally_openstack.cleanup.manager [-] Deleting neutron.network object s_rally_7e17166a_6qWK4mef (2fc302f6-8153-4c7b-b6bd-3c694d9622c6)
2019-11-29 15:36:34.714 15 RALLYDEBUG rally_openstack.cleanup.manager [-] Deleting neutron.network object s_rally_7e17166a_bhfwUZQl (360a8dcf-2000-4c7b-9cf0-8048d4bbbba6)
2019-11-29 15:36:34.744 15 RALLYDEBUG rally_openstack.cleanup.manager [-] Deleting neutron.network object s_rally_7e17166a_Z4TbZOlf (36f41251-aaa7-4574-95ad-e56acf279136)
2019-11-29 15:36:34.773 15 RALLYDEBUG rally_openstack.cleanup.manager [-] Deleting neutron.network object s_rally_7e17166a_utTunbZ4 (3e71418e-38cf-4ef0-b811-0741ffb2e143)
2019-11-29 15:36:34.796 15 RALLYDEBUG rally_openstack.cleanup.manager [-] Deleting neutron.network object s_rally_7e17166a_SZ3yxJwy (4dee91c6-fbba-4815-9a7d-f43600d52972)
2019-11-29 15:36:34.802 15 RALLYDEBUG rally_openstack.cleanup.manager [-] Deleting neutron.network object s_rally_7e17166a_01TtXnz9 (59eec1db-feec-49d5-b065-6a7974c65078)
2019-11-29 15:36:34.820 15 RALLYDEBUG rally_openstack.cleanup.manager [-] Deleting neutron.network object s_rally_7e17166a_B5aSscWc (59fd9c75-b297-4759-b0b7-df8f0ea1abc3)
2019-11-29 15:36:34.835 15 RALLYDEBUG rally_openstack.cleanup.manager [-] Deleting neutron.network object s_rally_7e17166a_ALRotu2e (5c5f0f7b-438d-4721-8858-6da561f309da)
2019-11-29 15:36:34.834 15 RALLYDEBUG rally_openstack.cleanup.manager [-] Deleting neutron.network object s_rally_7e17166a_b9CN317b (66ca4086-cc4f-43ca-8628-042d6a5e27a5)
2019-11-29 15:36:34.857 15 RALLYDEBUG rally_openstack.cleanup.manager [-] Deleting neutron.network object s_rally_7e17166a_cALI9tai (7982bc1c-a1b5-46c7-bf17-591adfd8f6f7)
2019-11-29 15:36:34.858 15 RALLYDEBUG rally_openstack.cleanup.manager [-] Deleting neutron.network object s_rally_7e17166a_CcnEPZDZ (7127ba4c-cbac-4fd9-b5a7-031c093a0787)
2019-11-29 15:36:34.862 15 RALLYDEBUG rally_openstack.cleanup.manager [-] Deleting neutron.network object s_rally_7e17166a_aUQKTc2u (7f4a547b-cb37-4211-bb56-42b4eb06d021)
2019-11-29 15:36:34.884 15 RALLYDEBUG rally_openstack.cleanup.manager [-] Deleting neutron.network object s_rally_7e17166a_YUSAkvlm (82b59671-0202-4ff9-925e-b77ca09e21b5)
2019-11-29 15:36:34.908 15 RALLYDEBUG rally_openstack.cleanup.manager [-] Deleting neutron.network object s_rally_7e17166a_M9L7SNc5 (844cb5c3-2954-47b9-b0e6-c5633643fbe8)
2019-11-29 15:36:34.992 15 RALLYDEBUG rally_openstack.cleanup.manager [-] Deleting neutron.network object s_rally_7e17166a_2d7QHaHL (854a0615-33db-43fb-a18e-75493f288bfc)
2019-11-29 15:36:41.042 15 RALLYDEBUG rally_openstack.cleanup.manager [-] Deleting neutron.network object s_rally_7e17166a_zs7n8w2n (88ea855c-5a66-494f-ae26-501c3d1d7d6b)
2019-11-29 15:36:41.209 15 RALLYDEBUG rally_openstack.cleanup.manager [-] Deleting neutron.network object s_rally_7e17166a_xoUkfTKG (8c186c27-a185-4d37-a0df-4fbe636b2d81)
2019-11-29 15:36:41.288 15 RALLYDEBUG rally_openstack.cleanup.manager [-] Deleting neutron.network object s_rally_7e17166a_sozmCeh4 (8cc93501-e7a8-471f-852d-c1ad035e8eba)
2019-11-29 15:36:42.014 15 RALLYDEBUG rally_openstack.cleanup.manager [-] Deleting neutron.network object s_rally_7e17166a_0eW3pyPC (9546007e-dd13-49f2-af64-9dd2dd3f5f99)
2019-11-29 15:36:42.093 15 RALLYDEBUG rally_openstack.cleanup.manager [-] Deleting neutron.network object s_rally_7e17166a_xumGzjfs (9ae55d2c-67c2-4212-9ba8-f79e5d241550)
2019-11-29 15:36:42.162 15 RALLYDEBUG rally_openstack.cleanup.manager [-] Deleting neutron.network object s_rally_7e17166a_bL67qdU8 (a2746698-2f50-4ea0-8356-2c471453b804)
2019-11-29 15:36:42.172 15 RALLYDEBUG rally_openstack.cleanup.manager [-] Deleting neutron.network object s_rally_7e17166a_rOEkCo7B (b37f1718-d848-464b-b9d9-944185e14aff)
2019-11-29 15:36:42.177 15 RALLYDEBUG rally_openstack.cleanup.manager [-] Deleting neutron.network object s_rally_7e17166a_9Tu1ebls (b4a681a9-5f16-4436-a3f8-511642d33967)
2019-11-29 15:36:42.180 15 RALLYDEBUG rally_openstack.cleanup.manager [-] Deleting neutron.network object s_rally_7e17166a_djKtSq7m (ce5298b3-5cf3-4b6c-99e1-4e89a051916f)
2019-11-29 15:36:44.440 15 RALLYDEBUG rally_openstack.cleanup.manager [-] Deleting neutron.network object s_rally_7e17166a_aLEEHQVz (d26d76e5-ca4c-433b-ace5-06dde76a89c5)
2019-11-29 15:36:45.376 15 RALLYDEBUG rally_openstack.cleanup.manager [-] Deleting neutron.network object s_rally_7e17166a_JsxBFAFh (d5c2bacb-250e-4a72-8017-5912e13ef11e)
2019-11-29 15:36:45.511 15 RALLYDEBUG rally_openstack.cleanup.manager [-] Deleting neutron.network object s_rally_7e17166a_yWX7Tgcw (d7985508-1e2a-4b18-b7b4-6bebeeb1691d)
2019-11-29 15:36:46.313 15 RALLYDEBUG rally_openstack.cleanup.manager [-] Deleting neutron.network object s_rally_7e17166a_NRykKxoN (db15248f-3811-4032-9f62-fa4ccaf2f70d)
2019-11-29 15:36:46.321 15 RALLYDEBUG rally_openstack.cleanup.manager [-] Deleting neutron.network object s_rally_7e17166a_fqFx0Int (e106aed3-b71d-4584-bca9-5edfe29164aa)
2019-11-29 15:36:46.402 15 RALLYDEBUG rally_openstack.cleanup.manager [-] Deleting neutron.network object s_rally_7e17166a_zmJ3k2mu (e1b3cd92-f5a7-4824-8b96-89b4fd39dcaa)
2019-11-29 15:36:46.602 15 RALLYDEBUG rally_openstack.cleanup.manager [-] Deleting neutron.network object s_rally_7e17166a_nRqQuxh6 (e509bba5-2f83-46ca-b116-f83dce3a70ef)
2019-11-29 15:36:47.046 15 RALLYDEBUG rally_openstack.cleanup.manager [-] Deleting neutron.network object s_rally_7e17166a_318i0nXd (e929673d-6037-47e0-a786-8318b2cd3218)
2019-11-29 15:36:47.274 15 RALLYDEBUG rally_openstack.cleanup.manager [-] Deleting neutron.network object s_rally_7e17166a_WPVlBBer (e933640c-bebe-441f-8e16-22b09645f880)
2019-11-29 15:36:47.508 15 RALLYDEBUG rally_openstack.cleanup.manager [-] Deleting neutron.network object s_rally_7e17166a_dphS7jZH (ef3546a6-645a-49ea-a23a-ac51d040c9c9)
2019-11-29 15:36:50.255 15 RALLYDEBUG rally_openstack.cleanup.manager [-] Deleting neutron.network object s_rally_7e17166a_damYz16r (f0308f0c-d434-4d41-87e1-6d62ce5c7311)
2019-11-29 15:36:55.096 15 RALLYDEBUG rally_openstack.cleanup.manager [-] Cleaning up neutron router objects
2019-11-29 15:36:55.369 15 RALLYDEBUG rally_openstack.cleanup.manager [-] Cleaning up neutron security_group objects
2019-11-29 15:36:55.705 15 INFO rally.task.context [-] Task 62345f71-e953-4e84-8614-bc2871839791 | Context cleanup@openstack cleanup() finished in 24.59 sec
2019-11-29 15:36:55.706 15 INFO rally.task.context [-] Task 62345f71-e953-4e84-8614-bc2871839791 | Context quotas@openstack cleanup() started
2019-11-29 15:36:55.769 15 INFO rally.task.context [-] Task 62345f71-e953-4e84-8614-bc2871839791 | Context quotas@openstack cleanup() finished in 63.18 msec
2019-11-29 15:36:55.770 15 INFO rally.task.context [-] Task 62345f71-e953-4e84-8614-bc2871839791 | Context users@openstack cleanup() started
2019-11-29 15:36:57.381 15 INFO rally.task.context [-] Task 62345f71-e953-4e84-8614-bc2871839791 | Context users@openstack cleanup() finished in 1.61 sec
2019-11-29 15:36:58.019 15 INFO rally.task.engine [-] Load duration is: 66.388827
2019-11-29 15:36:58.019 15 INFO rally.task.engine [-] Full runner duration is: 66.435548
2019-11-29 15:36:58.020 15 INFO rally.task.engine [-] Full duration is: 93.87749
2019-11-29 15:36:58.125 15 INFO rally.task.engine [-] Running workload: position = 0 config = { "version": 2, "title": "A cropped version of a bigger task.", "description": "Auto-generated task from a single workload (uuid=bbf428dc-9b97-4f9e-b201-9a0306ca4e9a)", "subtasks": [ { "title": "NeutronNetworks.create_and_list_routers", "description": "Create and a given number of routers and list all routers.", "scenario": { "NeutronNetworks.create_and_list_routers": { "network_create_args": null, "subnet_create_args": null, "subnet_cidr_start": "1.1.0.0/30", "subnets_per_network": 2, "router_create_args": null } }, "contexts": { "users": { "tenants": 1, "users_per_tenant": 1 }, "quotas": { "neutron": { "network": -1, "subnet": -1, "router": -1 } } }, "runner": { "constant": { "times": 40, "concurrency": 20 } }, "hooks": [], "sla": { "failure_rate": { "max": 0 } } } ] }
2019-11-29 15:36:58.138 15 RALLYDEBUG rally_openstack.contexts.keystone.users [-] Creating 1 tenants using 20 threads
2019-11-29 15:36:58.485 15 RALLYDEBUG rally_openstack.contexts.keystone.users [-] Creating 1 users using 20 threads
2019-11-29 15:36:58.927 15 INFO rally.task.context [-] Task 62345f71-e953-4e84-8614-bc2871839791 | Context users@openstack setup() finished in 0.79 sec
2019-11-29 15:36:59.299 15 INFO rally.task.context [-] Task 62345f71-e953-4e84-8614-bc2871839791 | Context quotas@openstack setup() finished in 0.37 sec
2019-11-29 15:36:59.300 15 INFO rally.task.context [-] Task 62345f71-e953-4e84-8614-bc2871839791 | Context cleanup@openstack setup() finished in 0.01 msec
2019-11-29 15:36:59.309 15 RALLYDEBUG rally.task.runner [-] Starting the constant runner (task UUID: 62345f71-e953-4e84-8614-bc2871839791). timeout: 0 concurrency: 20 concurrency_per_worker: 1 times: 40 concurrency_overhead: 0 processes_to_start: 20 max_cpu_used: 88
2019-11-29 15:36:59.325 2671 RALLYDEBUG rally.task.runner [-] Starting a worker. concurrency: 1 args: {"network_create_args": null, "subnet_create_args": null, "subnet_cidr_start": "1.1.0.0/30", "subnets_per_network": 2, "router_create_args": null} times: 40 method_name: run timeout: 0 duration: None cls:
2019-11-29 15:36:59.328 2672 RALLYDEBUG rally.task.runner [-] Starting a worker. concurrency: 1 args: {"network_create_args": null, "subnet_create_args": null, "subnet_cidr_start": "1.1.0.0/30", "subnets_per_network": 2, "router_create_args": null} times: 40 method_name: run timeout: 0 duration: None cls:
2019-11-29 15:36:59.331 2671 INFO rally.task.runner [-] Task 62345f71-e953-4e84-8614-bc2871839791 | ITER: 1 START
2019-11-29 15:36:59.332 2673 RALLYDEBUG rally.task.runner [-] Starting a worker. concurrency: 1 args: {"network_create_args": null, "subnet_create_args": null, "subnet_cidr_start": "1.1.0.0/30", "subnets_per_network": 2, "router_create_args": null} times: 40 method_name: run timeout: 0 duration: None cls:
2019-11-29 15:36:59.334 2672 INFO rally.task.runner [-] Task 62345f71-e953-4e84-8614-bc2871839791 | ITER: 2 START
2019-11-29 15:36:59.335 2674 RALLYDEBUG rally.task.runner [-] Starting a worker. concurrency: 1 args: {"network_create_args": null, "subnet_create_args": null, "subnet_cidr_start": "1.1.0.0/30", "subnets_per_network": 2, "router_create_args": null} times: 40 method_name: run timeout: 0 duration: None cls:
2019-11-29 15:36:59.338 2677 RALLYDEBUG rally.task.runner [-] Starting a worker. concurrency: 1 args: {"network_create_args": null, "subnet_create_args": null, "subnet_cidr_start": "1.1.0.0/30", "subnets_per_network": 2, "router_create_args": null} times: 40 method_name: run timeout: 0 duration: None cls:
2019-11-29 15:36:59.338 2673 INFO rally.task.runner [-] Task 62345f71-e953-4e84-8614-bc2871839791 | ITER: 3 START
2019-11-29 15:36:59.341 2674 INFO rally.task.runner [-] Task 62345f71-e953-4e84-8614-bc2871839791 | ITER: 4 START
2019-11-29 15:36:59.341 2679 RALLYDEBUG rally.task.runner [-] Starting a worker. concurrency: 1 args: {"network_create_args": null, "subnet_create_args": null, "subnet_cidr_start": "1.1.0.0/30", "subnets_per_network": 2, "router_create_args": null} times: 40 method_name: run timeout: 0 duration: None cls:
2019-11-29 15:36:59.342 2681 RALLYDEBUG rally.task.runner [-] Starting a worker. concurrency: 1 args: {"network_create_args": null, "subnet_create_args": null, "subnet_cidr_start": "1.1.0.0/30", "subnets_per_network": 2, "router_create_args": null} times: 40 method_name: run timeout: 0 duration: None cls:
2019-11-29 15:36:59.344 2677 INFO rally.task.runner [-] Task 62345f71-e953-4e84-8614-bc2871839791 | ITER: 5 START
2019-11-29 15:36:59.347 2681 INFO rally.task.runner [-] Task 62345f71-e953-4e84-8614-bc2871839791 | ITER: 7 START
2019-11-29 15:36:59.347 2679 INFO rally.task.runner [-] Task 62345f71-e953-4e84-8614-bc2871839791 | ITER: 6 START
2019-11-29 15:36:59.346 2684 RALLYDEBUG rally.task.runner [-] Starting a worker. concurrency: 1 args: {"network_create_args": null, "subnet_create_args": null, "subnet_cidr_start": "1.1.0.0/30", "subnets_per_network": 2, "router_create_args": null} times: 40 method_name: run timeout: 0 duration: None cls:
2019-11-29 15:36:59.349 2687 RALLYDEBUG rally.task.runner [-] Starting a worker. concurrency: 1 args: {"network_create_args": null, "subnet_create_args": null, "subnet_cidr_start": "1.1.0.0/30", "subnets_per_network": 2, "router_create_args": null} times: 40 method_name: run timeout: 0 duration: None cls:
2019-11-29 15:36:59.352 2684 INFO rally.task.runner [-] Task 62345f71-e953-4e84-8614-bc2871839791 | ITER: 8 START
2019-11-29 15:36:59.352 2692 RALLYDEBUG rally.task.runner [-] Starting a worker. concurrency: 1 args: {"network_create_args": null, "subnet_create_args": null, "subnet_cidr_start": "1.1.0.0/30", "subnets_per_network": 2, "router_create_args": null} times: 40 method_name: run timeout: 0 duration: None cls:
2019-11-29 15:36:59.356 2687 INFO rally.task.runner [-] Task 62345f71-e953-4e84-8614-bc2871839791 | ITER: 9 START
2019-11-29 15:36:59.356 2695 RALLYDEBUG rally.task.runner [-] Starting a worker. concurrency: 1 args: {"network_create_args": null, "subnet_create_args": null, "subnet_cidr_start": "1.1.0.0/30", "subnets_per_network": 2, "router_create_args": null} times: 40 method_name: run timeout: 0 duration: None cls:
2019-11-29 15:36:59.358 2692 INFO rally.task.runner [-] Task 62345f71-e953-4e84-8614-bc2871839791 | ITER: 10 START
2019-11-29 15:36:59.358 2698 RALLYDEBUG rally.task.runner [-] Starting a worker. concurrency: 1 args: {"network_create_args": null, "subnet_create_args": null, "subnet_cidr_start": "1.1.0.0/30", "subnets_per_network": 2, "router_create_args": null} times: 40 method_name: run timeout: 0 duration: None cls:
2019-11-29 15:36:59.359 2700 RALLYDEBUG rally.task.runner [-] Starting a worker. concurrency: 1 args: {"network_create_args": null, "subnet_create_args": null, "subnet_cidr_start": "1.1.0.0/30", "subnets_per_network": 2, "router_create_args": null} times: 40 method_name: run timeout: 0 duration: None cls:
2019-11-29 15:36:59.362 2695 INFO rally.task.runner [-] Task 62345f71-e953-4e84-8614-bc2871839791 | ITER: 11 START
2019-11-29 15:36:59.364 2700 INFO rally.task.runner [-] Task 62345f71-e953-4e84-8614-bc2871839791 | ITER: 13 START
2019-11-29 15:36:59.364 2698 INFO rally.task.runner [-] Task 62345f71-e953-4e84-8614-bc2871839791 | ITER: 12 START
2019-11-29 15:36:59.364 2704 RALLYDEBUG rally.task.runner [-] Starting a worker. concurrency: 1 args: {"network_create_args": null, "subnet_create_args": null, "subnet_cidr_start": "1.1.0.0/30", "subnets_per_network": 2, "router_create_args": null} times: 40 method_name: run timeout: 0 duration: None cls:
