2019-11-29 15:25:24.272 6 RALLYDEBUG rally.api [-] INFO logs from urllib3 and requests module are hide.
2019-11-29 15:25:24.272 6 RALLYDEBUG rally.api [-] urllib3 insecure warnings are hidden.
2019-11-29 15:25:24.272 6 RALLYDEBUG rally.api [-] ERROR log from boto module is hide.
2019-11-29 15:25:25.619 6 ERROR rally.cli.cliutils [-] Unexpected exception in CLI: DBRecordNotFound: Record for uuid or name is opnfv-rally not found in table envs
2019-11-29 15:25:25.619 6 ERROR rally.cli.cliutils
Traceback (most recent call last):
2019-11-29 15:25:25.619 6 ERROR rally.cli.cliutils
File "/usr/lib/python2.7/site-packages/rally/cli/cliutils.py", line 674, in run
2019-11-29 15:25:25.619 6 ERROR rally.cli.cliutils ret = fn(*fn_args, **fn_kwargs)
2019-11-29 15:25:25.619 6 ERROR rally.cli.cliutils File "", line 2, in destroy
2019-11-29 15:25:25.619 6 ERROR rally.cli.cliutils
File "/usr/lib/python2.7/site-packages/rally/cli/envutils.py", line 68, in default_from_global
2019-11-29 15:25:25.619 6 ERROR rally.cli.cliutils return f(*args, **kwargs)
2019-11-29 15:25:25.619 6 ERROR rally.cli.cliutils File "", line 2, in destroy
2019-11-29 15:25:25.619 6 ERROR rally.cli.cliutils
File "/usr/lib/python2.7/site-packages/rally/plugins/__init__.py", line 51, in ensure_plugins_are_loaded
2019-11-29 15:25:25.619 6 ERROR rally.cli.cliutils return f(*args, **kwargs)
2019-11-29 15:25:25.619 6 ERROR rally.cli.cliutils
File "/usr/lib/python2.7/site-packages/rally/cli/commands/deployment.py", line 157, in destroy
2019-11-29 15:25:25.619 6 ERROR rally.cli.cliutils api.deployment.destroy(deployment=deployment)
2019-11-29 15:25:25.619 6 ERROR rally.cli.cliutils
File "/usr/lib/python2.7/site-packages/rally/api.py", line 115, in destroy
2019-11-29 15:25:25.619 6 ERROR rally.cli.cliutils deploy = objects.Deployment.get(deployment)
2019-11-29 15:25:25.619 6 ERROR rally.cli.cliutils
File "/usr/lib/python2.7/site-packages/rally/common/objects/deploy.py", line 124, in get
2019-11-29 15:25:25.619 6 ERROR rally.cli.cliutils return Deployment(env_mgr.EnvManager.get(deploy))
2019-11-29 15:25:25.619 6 ERROR rally.cli.cliutils
File "/usr/lib/python2.7/site-packages/rally/env/env_mgr.py", line 212, in get
2019-11-29 15:25:25.619 6 ERROR rally.cli.cliutils return cls(db.env_get(uuid_or_name))
2019-11-29 15:25:25.619 6 ERROR rally.cli.cliutils
File "/usr/lib/python2.7/site-packages/rally/common/db/api.py", line 135, in wrapper
2019-11-29 15:25:25.619 6 ERROR rally.cli.cliutils result = f(session, *args, **kwargs)
2019-11-29 15:25:25.619 6 ERROR rally.cli.cliutils
File "/usr/lib/python2.7/site-packages/rally/common/db/api.py", line 521, in env_get
2019-11-29 15:25:25.619 6 ERROR rally.cli.cliutils criteria="uuid or name is %s" % uuid_or_name, table="envs")
2019-11-29 15:25:25.619 6 ERROR rally.cli.cliutils DBRecordNotFound: Record for uuid or name is opnfv-rally not found in table envs
2019-11-29 15:25:25.619 6 ERROR rally.cli.cliutils
2019-11-29 15:25:26.424 8 RALLYDEBUG rally.api [-] INFO logs from urllib3 and requests module are hide.
2019-11-29 15:25:26.425 8 RALLYDEBUG rally.api [-] urllib3 insecure warnings are hidden.
2019-11-29 15:25:26.425 8 RALLYDEBUG rally.api [-] ERROR log from boto module is hide.
2019-11-29 15:25:28.508 10 RALLYDEBUG rally.api [-] INFO logs from urllib3 and requests module are hide.
2019-11-29 15:25:28.508 10 RALLYDEBUG rally.api [-] urllib3 insecure warnings are hidden.
2019-11-29 15:25:28.508 10 RALLYDEBUG rally.api [-] ERROR log from boto module is hide.
2019-11-29 15:25:31.101 13 RALLYDEBUG rally.api [-] INFO logs from urllib3 and requests module are hide.
2019-11-29 15:25:31.101 13 RALLYDEBUG rally.api [-] urllib3 insecure warnings are hidden.
2019-11-29 15:25:31.101 13 RALLYDEBUG rally.api [-] ERROR log from boto module is hide.
2019-11-29 15:25:32.414 15 RALLYDEBUG rally.api [-] INFO logs from urllib3 and requests module are hide.
2019-11-29 15:25:32.414 15 RALLYDEBUG rally.api [-] urllib3 insecure warnings are hidden.
2019-11-29 15:25:32.414 15 RALLYDEBUG rally.api [-] ERROR log from boto module is hide.
2019-11-29 15:25:33.682 15 INFO rally.common.plugin.discover [-] Loading plugins from directories /root/.rally/plugins/*
2019-11-29 15:25:33.683 15 INFO rally.common.plugin.discover [-] Loaded module with plugins: /root/.rally/plugins/__init__.py
2019-11-29 15:25:33.685 15 INFO rally.common.plugin.discover [-] Loaded module with plugins: /root/.rally/plugins/trunk_scenario.py
2019-11-29 15:25:33.866 15 INFO rally.task.engine [-] Task 62345f71-e953-4e84-8614-bc2871839791 | Starting: Task validation.
2019-11-29 15:25:33.878 15 INFO rally.task.engine [-] Task 62345f71-e953-4e84-8614-bc2871839791 | Starting: Task validation of syntax.
2019-11-29 15:25:34.028 15 INFO rally.task.engine [-] Task 62345f71-e953-4e84-8614-bc2871839791 | Completed: Task validation of syntax.
2019-11-29 15:25:34.028 15 INFO rally.task.engine [-] Task 62345f71-e953-4e84-8614-bc2871839791 | Starting: Task validation of required platforms.
2019-11-29 15:25:34.095 15 INFO rally.task.engine [-] Task 62345f71-e953-4e84-8614-bc2871839791 | Completed: Task validation of required platforms.
2019-11-29 15:25:34.095 15 INFO rally.task.engine [-] Task 62345f71-e953-4e84-8614-bc2871839791 | Starting: Task validation of semantic.
2019-11-29 15:25:34.096 15 INFO rally.task.engine [-] Check health of the environment '2ccea3cf-28e9-4e0c-9d08-d8830b446a18'.
2019-11-29 15:25:34.486 15 INFO rally.task.engine [-] Platform existing@openstack (available: True): OK!
2019-11-29 15:25:34.500 15 RALLYDEBUG rally_openstack.contexts.keystone.users [-] Creating 1 tenants using 20 threads
2019-11-29 15:25:34.775 15 RALLYDEBUG rally_openstack.contexts.keystone.users [-] Creating 1 users using 20 threads
2019-11-29 15:25:35.198 15 INFO rally.task.context [-] Task 62345f71-e953-4e84-8614-bc2871839791 | Context users@openstack setup() finished in 0.70 sec
2019-11-29 15:25:36.590 15 INFO rally.task.context [-] Task 62345f71-e953-4e84-8614-bc2871839791 | Context users@openstack cleanup() started
2019-11-29 15:25:38.211 15 INFO rally.task.context [-] Task 62345f71-e953-4e84-8614-bc2871839791 | Context users@openstack cleanup() finished in 1.62 sec
2019-11-29 15:25:38.211 15 INFO rally.task.engine [-] Task 62345f71-e953-4e84-8614-bc2871839791 | Completed: Task validation of semantic.
2019-11-29 15:25:38.211 15 INFO rally.task.engine [-] Task 62345f71-e953-4e84-8614-bc2871839791 | Completed: Task validation.
2019-11-29 15:25:38.212 15 INFO rally.api [-] Task 62345f71-e953-4e84-8614-bc2871839791 input file is valid.
2019-11-29 15:25:38.212 15 INFO rally.api [-] Run Task 62345f71-e953-4e84-8614-bc2871839791 against Deployment 2ccea3cf-28e9-4e0c-9d08-d8830b446a18
2019-11-29 15:25:38.213 15 INFO rally.task.engine [-] Task 62345f71-e953-4e84-8614-bc2871839791 | Starting: Running task.
2019-11-29 15:25:38.261 15 INFO rally.task.engine [-] Running workload: position = 0 config = { "version": 2, "title": "A cropped version of a bigger task.", "description": "Auto-generated task from a single workload (uuid=ac9cb77c-2380-47e0-8c46-f3ae2dd9539f)", "subtasks": [ { "title": "NeutronNetworks.create_and_list_networks", "description": "Check performance of list_networks action and ensure > network quotas are not exceeded", "scenario": { "NeutronNetworks.create_and_list_networks": {} }, "contexts": { "users": { "tenants": 1, "users_per_tenant": 1 }, "quotas": { "neutron": { "network": 119 } } }, "runner": { "constant": { "times": 100, "concurrency": 20 } }, "hooks": [], "sla": { "max_avg_duration_per_atomic": { "neutron.list_networks": 15 }, "failure_rate": { "max": 0 } } } ] }
2019-11-29 15:25:38.274 15 RALLYDEBUG rally_openstack.contexts.keystone.users [-] Creating 1 tenants using 20 threads
2019-11-29 15:25:38.580 15 RALLYDEBUG rally_openstack.contexts.keystone.users [-] Creating 1 users using 20 threads
2019-11-29 15:25:39.010 15 INFO rally.task.context [-] Task 62345f71-e953-4e84-8614-bc2871839791 | Context users@openstack setup() finished in 0.74 sec
2019-11-29 15:25:39.341 15 INFO rally.task.context [-] Task 62345f71-e953-4e84-8614-bc2871839791 | Context quotas@openstack setup() finished in 0.33 sec
2019-11-29 15:25:39.341 15 INFO rally.task.context [-] Task 62345f71-e953-4e84-8614-bc2871839791 | Context cleanup@openstack setup() finished in 0.01 msec
2019-11-29 15:25:39.350 15 RALLYDEBUG rally.task.runner [-] Starting the constant runner (task UUID: 62345f71-e953-4e84-8614-bc2871839791). timeout: 0 concurrency: 20 concurrency_per_worker: 1 times: 100 concurrency_overhead: 0 processes_to_start: 20 max_cpu_used: 88
2019-11-29 15:25:39.363 139 RALLYDEBUG rally.task.runner [-] Starting a worker. concurrency: 1 args: {} times: 100 method_name: run timeout: 0 duration: None cls:
2019-11-29 15:25:39.366 140 RALLYDEBUG rally.task.runner [-] Starting a worker. concurrency: 1 args: {} times: 100 method_name: run timeout: 0 duration: None cls:
2019-11-29 15:25:39.369 139 INFO rally.task.runner [-] Task 62345f71-e953-4e84-8614-bc2871839791 | ITER: 1 START
2019-11-29 15:25:39.368 141 RALLYDEBUG rally.task.runner [-] Starting a worker. concurrency: 1 args: {} times: 100 method_name: run timeout: 0 duration: None cls:
2019-11-29 15:25:39.371 140 INFO rally.task.runner [-] Task 62345f71-e953-4e84-8614-bc2871839791 | ITER: 2 START
2019-11-29 15:25:39.371 142 RALLYDEBUG rally.task.runner [-] Starting a worker. concurrency: 1 args: {} times: 100 method_name: run timeout: 0 duration: None cls:
2019-11-29 15:25:39.373 144 RALLYDEBUG rally.task.runner [-] Starting a worker. concurrency: 1 args: {} times: 100 method_name: run timeout: 0 duration: None cls:
2019-11-29 15:25:39.374 141 INFO rally.task.runner [-] Task 62345f71-e953-4e84-8614-bc2871839791 | ITER: 3 START
2019-11-29 15:25:39.376 147 RALLYDEBUG rally.task.runner [-] Starting a worker. concurrency: 1 args: {} times: 100 method_name: run timeout: 0 duration: None cls:
2019-11-29 15:25:39.377 142 INFO rally.task.runner [-] Task 62345f71-e953-4e84-8614-bc2871839791 | ITER: 4 START
2019-11-29 15:25:39.379 144 INFO rally.task.runner [-] Task 62345f71-e953-4e84-8614-bc2871839791 | ITER: 5 START
2019-11-29 15:25:39.378 149 RALLYDEBUG rally.task.runner [-] Starting a worker. concurrency: 1 args: {} times: 100 method_name: run timeout: 0 duration: None cls:
2019-11-29 15:25:39.381 147 INFO rally.task.runner [-] Task 62345f71-e953-4e84-8614-bc2871839791 | ITER: 6 START
2019-11-29 15:25:39.381 153 RALLYDEBUG rally.task.runner [-] Starting a worker. concurrency: 1 args: {} times: 100 method_name: run timeout: 0 duration: None cls:
2019-11-29 15:25:39.384 149 INFO rally.task.runner [-] Task 62345f71-e953-4e84-8614-bc2871839791 | ITER: 7 START
2019-11-29 15:25:39.386 153 INFO rally.task.runner [-] Task 62345f71-e953-4e84-8614-bc2871839791 | ITER: 8 START
2019-11-29 15:25:39.388 160 RALLYDEBUG rally.task.runner [-] Starting a worker. concurrency: 1 args: {} times: 100 method_name: run timeout: 0 duration: None cls:
2019-11-29 15:25:39.391 164 RALLYDEBUG rally.task.runner [-] Starting a worker. concurrency: 1 args: {} times: 100 method_name: run timeout: 0 duration: None cls:
2019-11-29 15:25:39.393 160 INFO rally.task.runner [-] Task 62345f71-e953-4e84-8614-bc2871839791 | ITER: 9 START
2019-11-29 15:25:39.395 165 RALLYDEBUG rally.task.runner [-] Starting a worker. concurrency: 1 args: {} times: 100 method_name: run timeout: 0 duration: None cls:
2019-11-29 15:25:39.397 164 INFO rally.task.runner [-] Task 62345f71-e953-4e84-8614-bc2871839791 | ITER: 10 START
2019-11-29 15:25:39.398 168 RALLYDEBUG rally.task.runner [-] Starting a worker. concurrency: 1 args: {} times: 100 method_name: run timeout: 0 duration: None cls:
2019-11-29 15:25:39.401 165 INFO rally.task.runner [-] Task 62345f71-e953-4e84-8614-bc2871839791 | ITER: 11 START
2019-11-29 15:25:39.400 169 RALLYDEBUG rally.task.runner [-] Starting a worker. concurrency: 1 args: {} times: 100 method_name: run timeout: 0 duration: None cls:
2019-11-29 15:25:39.402 172 RALLYDEBUG rally.task.runner [-] Starting a worker. concurrency: 1 args: {} times: 100 method_name: run timeout: 0 duration: None cls:
2019-11-29 15:25:39.403 168 INFO rally.task.runner [-] Task 62345f71-e953-4e84-8614-bc2871839791 | ITER: 12 START
2019-11-29 15:25:39.406 169 INFO rally.task.runner [-] Task 62345f71-e953-4e84-8614-bc2871839791 | ITER: 13 START
2019-11-29 15:25:39.406 172 INFO rally.task.runner [-] Task 62345f71-e953-4e84-8614-bc2871839791 | ITER: 14 START
2019-11-29 15:25:39.406 175 RALLYDEBUG rally.task.runner [-] Starting a worker. concurrency: 1 args: {} times: 100 method_name: run timeout: 0 duration: None cls:
2019-11-29 15:25:39.407 178 RALLYDEBUG rally.task.runner [-] Starting a worker. concurrency: 1 args: {} times: 100 method_name: run timeout: 0 duration: None cls:
2019-11-29 15:25:39.410 183 RALLYDEBUG rally.task.runner [-] Starting a worker. concurrency: 1 args: {} times: 100 method_name: run timeout: 0 duration: None cls:
2019-11-29 15:25:39.411 175 INFO rally.task.runner [-] Task 62345f71-e953-4e84-8614-bc2871839791 | ITER: 15 START
2019-11-29 15:25:39.412 184 RALLYDEBUG rally.task.runner [-] Starting a worker. concurrency: 1 args: {} times: 100 method_name: run timeout: 0 duration: None cls:
2019-11-29 15:25:39.411 178 INFO rally.task.runner [-] Task 62345f71-e953-4e84-8614-bc2871839791 | ITER: 16 START
2019-11-29 15:25:39.415 189 RALLYDEBUG rally.task.runner [-] Starting a worker. concurrency: 1 args: {} times: 100 method_name: run timeout: 0 duration: None cls:
2019-11-29 15:25:39.417 183 INFO rally.task.runner [-] Task 62345f71-e953-4e84-8614-bc2871839791 | ITER: 17 START
2019-11-29 15:25:39.418 184 INFO rally.task.runner [-] Task 62345f71-e953-4e84-8614-bc2871839791 | ITER: 18 START
2019-11-29 15:25:39.419 191 RALLYDEBUG rally.task.runner [-] Starting a worker. concurrency: 1 args: {} times: 100 method_name: run timeout: 0 duration: None cls:
2019-11-29 15:25:39.420 189 INFO rally.task.runner [-] Task 62345f71-e953-4e84-8614-bc2871839791 | ITER: 19 START
2019-11-29 15:25:39.426 191 INFO rally.task.runner [-] Task 62345f71-e953-4e84-8614-bc2871839791 | ITER: 20 START
2019-11-29 15:25:42.603 139 INFO rally.task.runner [-] Task 62345f71-e953-4e84-8614-bc2871839791 | ITER: 1 END: OK
2019-11-29 15:25:42.607 139 INFO rally.task.runner [-] Task 62345f71-e953-4e84-8614-bc2871839791 | ITER: 21 START
2019-11-29 15:25:42.865 141 INFO rally.task.runner [-] Task 62345f71-e953-4e84-8614-bc2871839791 | ITER: 3 END: OK
2019-11-29 15:25:42.867 147 INFO rally.task.runner [-] Task 62345f71-e953-4e84-8614-bc2871839791 | ITER: 6 END: OK
2019-11-29 15:25:42.870 141 INFO rally.task.runner [-] Task 62345f71-e953-4e84-8614-bc2871839791 | ITER: 22 START
2019-11-29 15:25:42.872 147 INFO rally.task.runner [-] Task 62345f71-e953-4e84-8614-bc2871839791 | ITER: 23 START
2019-11-29 15:25:43.012 140 INFO rally.task.runner [-] Task 62345f71-e953-4e84-8614-bc2871839791 | ITER: 2 END: OK
2019-11-29 15:25:43.017 140 INFO rally.task.runner [-] Task 62345f71-e953-4e84-8614-bc2871839791 | ITER: 24 START
2019-11-29 15:25:43.036 142 INFO rally.task.runner [-] Task 62345f71-e953-4e84-8614-bc2871839791 | ITER: 4 END: OK
2019-11-29 15:25:43.041 142 INFO rally.task.runner [-] Task 62345f71-e953-4e84-8614-bc2871839791 | ITER: 25 START
2019-11-29 15:25:43.379 164 INFO rally.task.runner [-] Task 62345f71-e953-4e84-8614-bc2871839791 | ITER: 10 END: OK
2019-11-29 15:25:43.382 164 INFO rally.task.runner [-] Task 62345f71-e953-4e84-8614-bc2871839791 | ITER: 26 START
2019-11-29 15:25:44.846 183 INFO rally.task.runner [-] Task 62345f71-e953-4e84-8614-bc2871839791 | ITER: 17 END: OK
2019-11-29 15:25:44.850 153 INFO rally.task.runner [-] Task 62345f71-e953-4e84-8614-bc2871839791 | ITER: 8 END: OK
2019-11-29 15:25:44.851 183 INFO rally.task.runner [-] Task 62345f71-e953-4e84-8614-bc2871839791 | ITER: 27 START
2019-11-29 15:25:44.854 153 INFO rally.task.runner [-] Task 62345f71-e953-4e84-8614-bc2871839791 | ITER: 28 START
2019-11-29 15:25:44.923 184 INFO rally.task.runner [-] Task 62345f71-e953-4e84-8614-bc2871839791 | ITER: 18 END: OK
2019-11-29 15:25:44.927 184 INFO rally.task.runner [-] Task 62345f71-e953-4e84-8614-bc2871839791 | ITER: 29 START
2019-11-29 15:25:44.934 175 INFO rally.task.runner [-] Task 62345f71-e953-4e84-8614-bc2871839791 | ITER: 15 END: OK
2019-11-29 15:25:44.939 175 INFO rally.task.runner [-] Task 62345f71-e953-4e84-8614-bc2871839791 | ITER: 30 START
2019-11-29 15:25:45.014 165 INFO rally.task.runner [-] Task 62345f71-e953-4e84-8614-bc2871839791 | ITER: 11 END: OK
2019-11-29 15:25:45.019 165 INFO rally.task.runner [-] Task 62345f71-e953-4e84-8614-bc2871839791 | ITER: 31 START
2019-11-29 15:25:45.029 160 INFO rally.task.runner [-] Task 62345f71-e953-4e84-8614-bc2871839791 | ITER: 9 END: OK
2019-11-29 15:25:45.029 178 INFO rally.task.runner [-] Task 62345f71-e953-4e84-8614-bc2871839791 | ITER: 16 END: OK
2019-11-29 15:25:45.033 160 INFO rally.task.runner [-] Task 62345f71-e953-4e84-8614-bc2871839791 | ITER: 32 START
2019-11-29 15:25:45.034 178 INFO rally.task.runner [-] Task 62345f71-e953-4e84-8614-bc2871839791 | ITER: 33 START
2019-11-29 15:25:45.042 149 INFO rally.task.runner [-] Task 62345f71-e953-4e84-8614-bc2871839791 | ITER: 7 END: OK
2019-11-29 15:25:45.046 149 INFO rally.task.runner [-] Task 62345f71-e953-4e84-8614-bc2871839791 | ITER: 34 START
2019-11-29 15:25:45.088 189 INFO rally.task.runner [-] Task 62345f71-e953-4e84-8614-bc2871839791 | ITER: 19 END: OK
2019-11-29 15:25:45.092 189 INFO rally.task.runner [-] Task 62345f71-e953-4e84-8614-bc2871839791 | ITER: 35 START
2019-11-29 15:25:45.120 169 INFO rally.task.runner [-] Task 62345f71-e953-4e84-8614-bc2871839791 | ITER: 13 END: OK
2019-11-29 15:25:45.124 169 INFO rally.task.runner [-] Task 62345f71-e953-4e84-8614-bc2871839791 | ITER: 36 START
2019-11-29 15:25:45.134 172 INFO rally.task.runner [-] Task 62345f71-e953-4e84-8614-bc2871839791 | ITER: 14 END: OK
2019-11-29 15:25:45.139 172 INFO rally.task.runner [-] Task 62345f71-e953-4e84-8614-bc2871839791 | ITER: 37 START
2019-11-29 15:25:45.183 144 INFO rally.task.runner [-] Task 62345f71-e953-4e84-8614-bc2871839791 | ITER: 5 END: OK
2019-11-29 15:25:45.185 191 INFO rally.task.runner [-] Task 62345f71-e953-4e84-8614-bc2871839791 | ITER: 20 END: OK
2019-11-29 15:25:45.188 144 INFO rally.task.runner [-] Task 62345f71-e953-4e84-8614-bc2871839791 | ITER: 38 START
2019-11-29 15:25:45.190 191 INFO rally.task.runner [-] Task 62345f71-e953-4e84-8614-bc2871839791 | ITER: 39 START
2019-11-29 15:25:46.411 168 INFO rally.task.runner [-] Task 62345f71-e953-4e84-8614-bc2871839791 | ITER: 12 END: OK
2019-11-29 15:25:46.415 168 INFO rally.task.runner [-] Task 62345f71-e953-4e84-8614-bc2871839791 | ITER: 40 START
2019-11-29 15:25:46.424 147 INFO rally.task.runner [-] Task 62345f71-e953-4e84-8614-bc2871839791 | ITER: 23 END: OK
2019-11-29 15:25:46.428 147 INFO rally.task.runner [-] Task 62345f71-e953-4e84-8614-bc2871839791 | ITER: 41 START
2019-11-29 15:25:46.608 139 INFO rally.task.runner [-] Task 62345f71-e953-4e84-8614-bc2871839791 | ITER: 21 END: OK
2019-11-29 15:25:46.612 139 INFO rally.task.runner [-] Task 62345f71-e953-4e84-8614-bc2871839791 | ITER: 42 START
2019-11-29 15:25:47.621 175 INFO rally.task.runner [-] Task 62345f71-e953-4e84-8614-bc2871839791 | ITER: 30 END: OK
2019-11-29 15:25:47.625 175 INFO rally.task.runner [-] Task 62345f71-e953-4e84-8614-bc2871839791 | ITER: 43 START
2019-11-29 15:25:48.708 153 INFO rally.task.runner [-] Task 62345f71-e953-4e84-8614-bc2871839791 | ITER: 28 END: OK
2019-11-29 15:25:48.712 153 INFO rally.task.runner [-] Task 62345f71-e953-4e84-8614-bc2871839791 | ITER: 44 START
2019-11-29 15:25:48.717 141 INFO rally.task.runner [-] Task 62345f71-e953-4e84-8614-bc2871839791 | ITER: 22 END: OK
2019-11-29 15:25:48.721 141 INFO rally.task.runner [-] Task 62345f71-e953-4e84-8614-bc2871839791 | ITER: 45 START
2019-11-29 15:25:48.847 164 INFO rally.task.runner [-] Task 62345f71-e953-4e84-8614-bc2871839791 | ITER: 26 END: OK
2019-11-29 15:25:48.851 164 INFO rally.task.runner [-] Task 62345f71-e953-4e84-8614-bc2871839791 | ITER: 46 START
2019-11-29 15:25:49.203 140 INFO rally.task.runner [-] Task 62345f71-e953-4e84-8614-bc2871839791 | ITER: 24 END: OK
2019-11-29 15:25:49.206 140 INFO rally.task.runner [-] Task 62345f71-e953-4e84-8614-bc2871839791 | ITER: 47 START
2019-11-29 15:25:49.266 142 INFO rally.task.runner [-] Task 62345f71-e953-4e84-8614-bc2871839791 | ITER: 25 END: OK
2019-11-29 15:25:49.270 142 INFO rally.task.runner [-] Task 62345f71-e953-4e84-8614-bc2871839791 | ITER: 48 START
2019-11-29 15:25:49.631 183 INFO rally.task.runner [-] Task 62345f71-e953-4e84-8614-bc2871839791 | ITER: 27 END: OK
2019-11-29 15:25:49.635 183 INFO rally.task.runner [-] Task 62345f71-e953-4e84-8614-bc2871839791 | ITER: 49 START
2019-11-29 15:25:49.783 165 INFO rally.task.runner [-] Task 62345f71-e953-4e84-8614-bc2871839791 | ITER: 31 END: OK
2019-11-29 15:25:49.786 165 INFO rally.task.runner [-] Task 62345f71-e953-4e84-8614-bc2871839791 | ITER: 50 START
2019-11-29 15:25:50.140 184 INFO rally.task.runner [-] Task 62345f71-e953-4e84-8614-bc2871839791 | ITER: 29 END: OK
2019-11-29 15:25:50.143 184 INFO rally.task.runner [-] Task 62345f71-e953-4e84-8614-bc2871839791 | ITER: 51 START
2019-11-29 15:25:50.147 172 INFO rally.task.runner [-] Task 62345f71-e953-4e84-8614-bc2871839791 | ITER: 37 END: OK
2019-11-29 15:25:50.151 172 INFO rally.task.runner [-] Task 62345f71-e953-4e84-8614-bc2871839791 | ITER: 52 START
2019-11-29 15:25:50.275 168 INFO rally.task.runner [-] Task 62345f71-e953-4e84-8614-bc2871839791 | ITER: 40 END: OK
2019-11-29 15:25:50.279 168 INFO rally.task.runner [-] Task 62345f71-e953-4e84-8614-bc2871839791 | ITER: 53 START
2019-11-29 15:25:50.420 160 INFO rally.task.runner [-] Task 62345f71-e953-4e84-8614-bc2871839791 | ITER: 32 END: OK
2019-11-29 15:25:50.424 160 INFO rally.task.runner [-] Task 62345f71-e953-4e84-8614-bc2871839791 | ITER: 54 START
2019-11-29 15:25:50.464 169 INFO rally.task.runner [-] Task 62345f71-e953-4e84-8614-bc2871839791 | ITER: 36 END: OK
2019-11-29 15:25:50.467 169 INFO rally.task.runner [-] Task 62345f71-e953-4e84-8614-bc2871839791 | ITER: 55 START
2019-11-29 15:25:50.824 178 INFO rally.task.runner [-] Task 62345f71-e953-4e84-8614-bc2871839791 | ITER: 33 END: OK
2019-11-29 15:25:50.828 178 INFO rally.task.runner [-] Task 62345f71-e953-4e84-8614-bc2871839791 | ITER: 56 START
2019-11-29 15:25:51.090 191 INFO rally.task.runner [-] Task 62345f71-e953-4e84-8614-bc2871839791 | ITER: 39 END: OK
2019-11-29 15:25:51.094 191 INFO rally.task.runner [-] Task 62345f71-e953-4e84-8614-bc2871839791 | ITER: 57 START
2019-11-29 15:25:51.967 144 INFO rally.task.runner [-] Task 62345f71-e953-4e84-8614-bc2871839791 | ITER: 38 END: OK
2019-11-29 15:25:51.971 144 INFO rally.task.runner [-] Task 62345f71-e953-4e84-8614-bc2871839791 | ITER: 58 START
2019-11-29 15:25:52.268 153 INFO rally.task.runner [-] Task 62345f71-e953-4e84-8614-bc2871839791 | ITER: 44 END: OK
2019-11-29 15:25:52.272 153 INFO rally.task.runner [-] Task 62345f71-e953-4e84-8614-bc2871839791 | ITER: 59 START
2019-11-29 15:25:52.678 149 INFO rally.task.runner [-] Task 62345f71-e953-4e84-8614-bc2871839791 | ITER: 34 END: OK
2019-11-29 15:25:52.682 149 INFO rally.task.runner [-] Task 62345f71-e953-4e84-8614-bc2871839791 | ITER: 60 START
2019-11-29 15:25:52.741 189 INFO rally.task.runner [-] Task 62345f71-e953-4e84-8614-bc2871839791 | ITER: 35 END: OK
2019-11-29 15:25:52.745 189 INFO rally.task.runner [-] Task 62345f71-e953-4e84-8614-bc2871839791 | ITER: 61 START
2019-11-29 15:25:52.748 147 INFO rally.task.runner [-] Task 62345f71-e953-4e84-8614-bc2871839791 | ITER: 41 END: OK
2019-11-29 15:25:52.752 147 INFO rally.task.runner [-] Task 62345f71-e953-4e84-8614-bc2871839791 | ITER: 62 START
2019-11-29 15:25:53.540 141 INFO rally.task.runner [-] Task 62345f71-e953-4e84-8614-bc2871839791 | ITER: 45 END: OK
2019-11-29 15:25:53.544 141 INFO rally.task.runner [-] Task 62345f71-e953-4e84-8614-bc2871839791 | ITER: 63 START
2019-11-29 15:25:53.556 164 INFO rally.task.runner [-] Task 62345f71-e953-4e84-8614-bc2871839791 | ITER: 46 END: OK
2019-11-29 15:25:53.560 164 INFO rally.task.runner [-] Task 62345f71-e953-4e84-8614-bc2871839791 | ITER: 64 START
2019-11-29 15:25:54.135 139 INFO rally.task.runner [-] Task 62345f71-e953-4e84-8614-bc2871839791 | ITER: 42 END: OK
2019-11-29 15:25:54.139 139 INFO rally.task.runner [-] Task 62345f71-e953-4e84-8614-bc2871839791 | ITER: 65 START
2019-11-29 15:25:54.491 142 INFO rally.task.runner [-] Task 62345f71-e953-4e84-8614-bc2871839791 | ITER: 48 END: OK
2019-11-29 15:25:54.495 142 INFO rally.task.runner [-] Task 62345f71-e953-4e84-8614-bc2871839791 | ITER: 66 START
2019-11-29 15:25:54.659 175 INFO rally.task.runner [-] Task 62345f71-e953-4e84-8614-bc2871839791 | ITER: 43 END: OK
2019-11-29 15:25:54.663 175 INFO rally.task.runner [-] Task 62345f71-e953-4e84-8614-bc2871839791 | ITER: 67 START
2019-11-29 15:25:54.736 168 INFO rally.task.runner [-] Task 62345f71-e953-4e84-8614-bc2871839791 | ITER: 53 END: OK
2019-11-29 15:25:54.739 168 INFO rally.task.runner [-] Task 62345f71-e953-4e84-8614-bc2871839791 | ITER: 68 START
2019-11-29 15:25:54.743 140 INFO rally.task.runner [-] Task 62345f71-e953-4e84-8614-bc2871839791 | ITER: 47 END: OK
2019-11-29 15:25:54.747 140 INFO rally.task.runner [-] Task 62345f71-e953-4e84-8614-bc2871839791 | ITER: 69 START
2019-11-29 15:25:55.074 165 INFO rally.task.runner [-] Task 62345f71-e953-4e84-8614-bc2871839791 | ITER: 50 END: OK
2019-11-29 15:25:55.078 165 INFO rally.task.runner [-] Task 62345f71-e953-4e84-8614-bc2871839791 | ITER: 70 START
2019-11-29 15:25:55.268 183 INFO rally.task.runner [-] Task 62345f71-e953-4e84-8614-bc2871839791 | ITER: 49 END: OK
2019-11-29 15:25:55.272 183 INFO rally.task.runner [-] Task 62345f71-e953-4e84-8614-bc2871839791 | ITER: 71 START
2019-11-29 15:25:55.426 184 INFO rally.task.runner [-] Task 62345f71-e953-4e84-8614-bc2871839791 | ITER: 51 END: OK
2019-11-29 15:25:55.430 184 INFO rally.task.runner [-] Task 62345f71-e953-4e84-8614-bc2871839791 | ITER: 72 START
2019-11-29 15:25:57.321 160 INFO rally.task.runner [-] Task 62345f71-e953-4e84-8614-bc2871839791 | ITER: 54 END: OK
2019-11-29 15:25:57.324 160 INFO rally.task.runner [-] Task 62345f71-e953-4e84-8614-bc2871839791 | ITER: 73 START
2019-11-29 15:25:57.340 178 INFO rally.task.runner [-] Task 62345f71-e953-4e84-8614-bc2871839791 | ITER: 56 END: OK
2019-11-29 15:25:57.344 178 INFO rally.task.runner [-] Task 62345f71-e953-4e84-8614-bc2871839791 | ITER: 74 START
2019-11-29 15:25:57.705 169 INFO rally.task.runner [-] Task 62345f71-e953-4e84-8614-bc2871839791 | ITER: 55 END: OK
2019-11-29 15:25:57.709 169 INFO rally.task.runner [-] Task 62345f71-e953-4e84-8614-bc2871839791 | ITER: 75 START
2019-11-29 15:25:57.740 144 INFO rally.task.runner [-] Task 62345f71-e953-4e84-8614-bc2871839791 | ITER: 58 END: OK
2019-11-29 15:25:57.743 144 INFO rally.task.runner [-] Task 62345f71-e953-4e84-8614-bc2871839791 | ITER: 76 START
2019-11-29 15:25:58.006 149 INFO rally.task.runner [-] Task 62345f71-e953-4e84-8614-bc2871839791 | ITER: 60 END: OK
2019-11-29 15:25:58.010 149 INFO rally.task.runner [-] Task 62345f71-e953-4e84-8614-bc2871839791 | ITER: 77 START
2019-11-29 15:25:58.077 172 INFO rally.task.runner [-] Task 62345f71-e953-4e84-8614-bc2871839791 | ITER: 52 END: OK
2019-11-29 15:25:58.078 191 INFO rally.task.runner [-] Task 62345f71-e953-4e84-8614-bc2871839791 | ITER: 57 END: OK
2019-11-29 15:25:58.081 172 INFO rally.task.runner [-] Task 62345f71-e953-4e84-8614-bc2871839791 | ITER: 78 START
2019-11-29 15:25:58.082 191 INFO rally.task.runner [-] Task 62345f71-e953-4e84-8614-bc2871839791 | ITER: 79 START
2019-11-29 15:25:58.475 189 INFO rally.task.runner [-] Task 62345f71-e953-4e84-8614-bc2871839791 | ITER: 61 END: OK
2019-11-29 15:25:58.478 189 INFO rally.task.runner [-] Task 62345f71-e953-4e84-8614-bc2871839791 | ITER: 80 START
2019-11-29 15:25:58.838 147 INFO rally.task.runner [-] Task 62345f71-e953-4e84-8614-bc2871839791 | ITER: 62 END: OK
2019-11-29 15:25:58.841 147 INFO rally.task.runner [-] Task 62345f71-e953-4e84-8614-bc2871839791 | ITER: 81 START
2019-11-29 15:25:59.075 164 INFO rally.task.runner [-] Task 62345f71-e953-4e84-8614-bc2871839791 | ITER: 64 END: OK
2019-11-29 15:25:59.078 164 INFO rally.task.runner [-] Task 62345f71-e953-4e84-8614-bc2871839791 | ITER: 82 START
2019-11-29 15:25:59.448 141 INFO rally.task.runner [-] Task 62345f71-e953-4e84-8614-bc2871839791 | ITER: 63 END: OK
2019-11-29 15:25:59.452 141 INFO rally.task.runner [-] Task 62345f71-e953-4e84-8614-bc2871839791 | ITER: 83 START
2019-11-29 15:25:59.634 140 INFO rally.task.runner [-] Task 62345f71-e953-4e84-8614-bc2871839791 | ITER: 69 END: OK
2019-11-29 15:25:59.638 140 INFO rally.task.runner [-] Task 62345f71-e953-4e84-8614-bc2871839791 | ITER: 84 START
2019-11-29 15:25:59.647 139 INFO rally.task.runner [-] Task 62345f71-e953-4e84-8614-bc2871839791 | ITER: 65 END: OK
2019-11-29 15:25:59.650 139 INFO rally.task.runner [-] Task 62345f71-e953-4e84-8614-bc2871839791 | ITER: 85 START
2019-11-29 15:25:59.838 183 INFO rally.task.runner [-] Task 62345f71-e953-4e84-8614-bc2871839791 | ITER: 71 END: OK
2019-11-29 15:25:59.842 183 INFO rally.task.runner [-] Task 62345f71-e953-4e84-8614-bc2871839791 | ITER: 86 START
2019-11-29 15:25:59.893 142 INFO rally.task.runner [-] Task 62345f71-e953-4e84-8614-bc2871839791 | ITER: 66 END: OK
2019-11-29 15:25:59.897 142 INFO rally.task.runner [-] Task 62345f71-e953-4e84-8614-bc2871839791 | ITER: 87 START
2019-11-29 15:26:00.033 153 INFO rally.task.runner [-] Task 62345f71-e953-4e84-8614-bc2871839791 | ITER: 59 END: OK
2019-11-29 15:26:00.037 153 INFO rally.task.runner [-] Task 62345f71-e953-4e84-8614-bc2871839791 | ITER: 88 START
2019-11-29 15:26:00.428 184 INFO rally.task.runner [-] Task 62345f71-e953-4e84-8614-bc2871839791 | ITER: 72 END: OK
2019-11-29 15:26:00.432 184 INFO rally.task.runner [-] Task 62345f71-e953-4e84-8614-bc2871839791 | ITER: 89 START
2019-11-29 15:26:01.638 172 INFO rally.task.runner [-] Task 62345f71-e953-4e84-8614-bc2871839791 | ITER: 78 END: OK
2019-11-29 15:26:01.642 172 INFO rally.task.runner [-] Task 62345f71-e953-4e84-8614-bc2871839791 | ITER: 90 START
2019-11-29 15:26:02.038 189 INFO rally.task.runner [-] Task 62345f71-e953-4e84-8614-bc2871839791 | ITER: 80 END: OK
2019-11-29 15:26:02.042 189 INFO rally.task.runner [-] Task 62345f71-e953-4e84-8614-bc2871839791 | ITER: 91 START
2019-11-29 15:26:02.455 175 INFO rally.task.runner [-] Task 62345f71-e953-4e84-8614-bc2871839791 | ITER: 67 END: OK
2019-11-29 15:26:02.458 175 INFO rally.task.runner [-] Task 62345f71-e953-4e84-8614-bc2871839791 | ITER: 92 START
2019-11-29 15:26:02.498 160 INFO rally.task.runner [-] Task 62345f71-e953-4e84-8614-bc2871839791 | ITER: 73 END: OK
2019-11-29 15:26:02.502 160 INFO rally.task.runner [-] Task 62345f71-e953-4e84-8614-bc2871839791 | ITER: 93 START
2019-11-29 15:26:02.506 178 INFO rally.task.runner [-] Task 62345f71-e953-4e84-8614-bc2871839791 | ITER: 74 END: OK
2019-11-29 15:26:02.510 178 INFO rally.task.runner [-] Task 62345f71-e953-4e84-8614-bc2871839791 | ITER: 94 START
2019-11-29 15:26:03.609 168 INFO rally.task.runner [-] Task 62345f71-e953-4e84-8614-bc2871839791 | ITER: 68 END: OK
2019-11-29 15:26:03.613 168 INFO rally.task.runner [-] Task 62345f71-e953-4e84-8614-bc2871839791 | ITER: 95 START
2019-11-29 15:26:04.094 140 INFO rally.task.runner [-] Task 62345f71-e953-4e84-8614-bc2871839791 | ITER: 84 END: OK
2019-11-29 15:26:04.097 140 INFO rally.task.runner [-] Task 62345f71-e953-4e84-8614-bc2871839791 | ITER: 96 START
2019-11-29 15:26:04.328 141 INFO rally.task.runner [-] Task 62345f71-e953-4e84-8614-bc2871839791 | ITER: 83 END: OK
2019-11-29 15:26:04.331 141 INFO rally.task.runner [-] Task 62345f71-e953-4e84-8614-bc2871839791 | ITER: 97 START
2019-11-29 15:26:04.610 139 INFO rally.task.runner [-] Task 62345f71-e953-4e84-8614-bc2871839791 | ITER: 85 END: OK
2019-11-29 15:26:04.613 139 INFO rally.task.runner [-] Task 62345f71-e953-4e84-8614-bc2871839791 | ITER: 98 START
2019-11-29 15:26:05.056 183 INFO rally.task.runner [-] Task 62345f71-e953-4e84-8614-bc2871839791 | ITER: 86 END: OK
2019-11-29 15:26:05.063 183 INFO rally.task.runner [-] Task 62345f71-e953-4e84-8614-bc2871839791 | ITER: 99 START
2019-11-29 15:26:05.279 165 INFO rally.task.runner [-] Task 62345f71-e953-4e84-8614-bc2871839791 | ITER: 70 END: OK
2019-11-29 15:26:05.283 165 INFO rally.task.runner [-] Task 62345f71-e953-4e84-8614-bc2871839791 | ITER: 100 START
2019-11-29 15:26:05.475 147 INFO rally.task.runner [-] Task 62345f71-e953-4e84-8614-bc2871839791 | ITER: 81 END: OK
2019-11-29 15:26:05.628 169 INFO rally.task.runner [-] Task 62345f71-e953-4e84-8614-bc2871839791 | ITER: 75 END: OK
2019-11-29 15:26:06.027 191 INFO rally.task.runner [-] Task 62345f71-e953-4e84-8614-bc2871839791 | ITER: 79 END: OK
2019-11-29 15:26:06.034 153 INFO rally.task.runner [-] Task 62345f71-e953-4e84-8614-bc2871839791 | ITER: 88 END: OK
2019-11-29 15:26:06.395 144 INFO rally.task.runner [-] Task 62345f71-e953-4e84-8614-bc2871839791 | ITER: 76 END: OK
2019-11-29 15:26:06.446 149 INFO rally.task.runner [-] Task 62345f71-e953-4e84-8614-bc2871839791 | ITER: 77 END: OK
2019-11-29 15:26:06.632 172 INFO rally.task.runner [-] Task 62345f71-e953-4e84-8614-bc2871839791 | ITER: 90 END: OK
2019-11-29 15:26:06.645 142 INFO rally.task.runner [-] Task 62345f71-e953-4e84-8614-bc2871839791 | ITER: 87 END: OK
2019-11-29 15:26:06.689 164 INFO rally.task.runner [-] Task 62345f71-e953-4e84-8614-bc2871839791 | ITER: 82 END: OK
2019-11-29 15:26:06.920 184 INFO rally.task.runner [-] Task 62345f71-e953-4e84-8614-bc2871839791 | ITER: 89 END: OK
2019-11-29 15:26:07.224 178 INFO rally.task.runner [-] Task 62345f71-e953-4e84-8614-bc2871839791 | ITER: 94 END: OK
2019-11-29 15:26:08.754 183 INFO rally.task.runner [-] Task 62345f71-e953-4e84-8614-bc2871839791 | ITER: 99 END: OK
2019-11-29 15:26:08.756 165 INFO rally.task.runner [-] Task 62345f71-e953-4e84-8614-bc2871839791 | ITER: 100 END: OK
2019-11-29 15:26:08.761 141 INFO rally.task.runner [-] Task 62345f71-e953-4e84-8614-bc2871839791 | ITER: 97 END: OK
2019-11-29 15:26:08.819 189 INFO rally.task.runner [-] Task 62345f71-e953-4e84-8614-bc2871839791 | ITER: 91 END: OK
2019-11-29 15:26:09.271 175 INFO rally.task.runner [-] Task 62345f71-e953-4e84-8614-bc2871839791 | ITER: 92 END: OK
2019-11-29 15:26:09.602 139 INFO rally.task.runner [-] Task 62345f71-e953-4e84-8614-bc2871839791 | ITER: 98 END: OK
2019-11-29 15:26:09.640 160 INFO rally.task.runner [-] Task 62345f71-e953-4e84-8614-bc2871839791 | ITER: 93 END: OK
2019-11-29 15:26:09.878 168 INFO rally.task.runner [-] Task 62345f71-e953-4e84-8614-bc2871839791 | ITER: 95 END: OK
2019-11-29 15:26:10.068 140 INFO rally.task.runner [-] Task 62345f71-e953-4e84-8614-bc2871839791 | ITER: 96 END: OK
2019-11-29 15:26:10.091 15 INFO rally.task.context [-] Task 62345f71-e953-4e84-8614-bc2871839791 | Context cleanup@openstack cleanup() started
2019-11-29 15:26:10.094 15 RALLYDEBUG rally_openstack.cleanup.manager [-] Cleaning up neutron vip objects
2019-11-29 15:26:10.307 15 RALLYDEBUG rally_openstack.cleanup.manager [-] Cleaning up neutron health_monitor objects
2019-11-29 15:26:10.521 15 RALLYDEBUG rally_openstack.cleanup.manager [-] Cleaning up neutron pool objects
2019-11-29 15:26:10.718 15 RALLYDEBUG rally_openstack.cleanup.manager [-] Cleaning up neutron loadbalancer objects
2019-11-29 15:26:10.926 15 RALLYDEBUG rally_openstack.cleanup.manager [-] Cleaning up neutron floatingip objects
2019-11-29 15:26:11.124 15 RALLYDEBUG rally_openstack.cleanup.manager [-] Cleaning up neutron trunk objects
2019-11-29 15:26:11.320 15 DEBUG neutronclient.v2_0.client [-] Error message: {"message": "The resource could not be found.

\n\n\n", "code": "404 Not Found", "title": "Not Found"} _handle_fault_response /usr/lib/python2.7/site-packages/neutronclient/v2_0/client.py:259
2019-11-29 15:26:11.330 15 RALLYDEBUG rally_openstack.cleanup.manager [-] Cleaning up neutron port objects
2019-11-29 15:26:11.555 15 RALLYDEBUG rally_openstack.cleanup.manager [-] Cleaning up neutron subnet objects
2019-11-29 15:26:11.964 15 RALLYDEBUG rally_openstack.cleanup.manager [-] Cleaning up neutron network objects
2019-11-29 15:26:12.673 15 RALLYDEBUG rally_openstack.cleanup.manager [-] Deleting neutron.network object s_rally_ac9cb77c_vKkxtiBe (094297cc-dd7a-447e-860d-2cfd2b4aa0be)
2019-11-29 15:26:12.674 15 RALLYDEBUG rally_openstack.cleanup.manager [-] Deleting neutron.network object s_rally_ac9cb77c_2GPY2mpY (0c639968-0ff1-4dad-8887-3de343d65353)
2019-11-29 15:26:12.675 15 RALLYDEBUG rally_openstack.cleanup.manager [-] Deleting neutron.network object s_rally_ac9cb77c_69xrkEsC (0041d6be-1569-4ee1-997f-4e5519303562)
2019-11-29 15:26:12.676 15 RALLYDEBUG rally_openstack.cleanup.manager [-] Deleting neutron.network object s_rally_ac9cb77c_bP0ZxxzV (00b2ff61-581a-4353-ae8a-1a89bf5bbbfc)
2019-11-29 15:26:12.687 15 RALLYDEBUG rally_openstack.cleanup.manager [-] Deleting neutron.network object s_rally_ac9cb77c_HdZTNd10 (08ac6bbc-f5aa-472f-920c-5595432e65c1)
2019-11-29 15:26:12.688 15 RALLYDEBUG rally_openstack.cleanup.manager [-] Deleting neutron.network object s_rally_ac9cb77c_YrIE87II (0dcaf224-155f-4d00-9727-6e211b972eca)
2019-11-29 15:26:12.699 15 RALLYDEBUG rally_openstack.cleanup.manager [-] Deleting neutron.network object s_rally_ac9cb77c_EU7OE8D7 (0c3320b8-8fc9-44aa-816b-f71d5b3357c0)
2019-11-29 15:26:12.723 15 RALLYDEBUG rally_openstack.cleanup.manager [-] Deleting neutron.network object s_rally_ac9cb77c_Pf1eKwH5 (11961bbe-48f5-4cf0-961b-df63b078857a)
2019-11-29 15:26:12.731 15 RALLYDEBUG rally_openstack.cleanup.manager [-] Deleting neutron.network object s_rally_ac9cb77c_NDcLK7jO (0f5a8fb2-7965-4668-88e2-4f0f81e835d2)
2019-11-29 15:26:12.733 15 RALLYDEBUG rally_openstack.cleanup.manager [-] Deleting neutron.network object s_rally_ac9cb77c_L5BB46Tu (0f0779a3-e834-4a80-9a1a-f496653fdf41)
2019-11-29 15:26:12.739 15 RALLYDEBUG rally_openstack.cleanup.manager [-] Deleting neutron.network object s_rally_ac9cb77c_g1ApMUBF (165fff9c-dde6-4abb-ad82-b4529432e4b0)
2019-11-29 15:26:12.758 15 RALLYDEBUG rally_openstack.cleanup.manager [-] Deleting neutron.network object s_rally_ac9cb77c_i2EeCjAc (16ff4f2b-acdd-42a5-9940-2d5226d9a935)
2019-11-29 15:26:12.773 15 RALLYDEBUG rally_openstack.cleanup.manager [-] Deleting neutron.network object s_rally_ac9cb77c_1acKvOYO (26c3bff7-c2b3-4312-b877-d5c8ca7659e4)
2019-11-29 15:26:12.795 15 RALLYDEBUG rally_openstack.cleanup.manager [-] Deleting neutron.network object s_rally_ac9cb77c_HPYZHiyc (26ca9063-7792-42ef-9358-195b3885293f)
2019-11-29 15:26:12.806 15 RALLYDEBUG rally_openstack.cleanup.manager [-] Deleting neutron.network object s_rally_ac9cb77c_6LF7occZ (1ba9e5d1-1b8d-4dd0-afdd-c0d429f09abe)
2019-11-29 15:26:12.826 15 RALLYDEBUG rally_openstack.cleanup.manager [-] Deleting neutron.network object s_rally_ac9cb77c_fcXJE8CI (27737464-8db4-436e-a041-0ff47f08a78e)
2019-11-29 15:26:12.838 15 RALLYDEBUG rally_openstack.cleanup.manager [-] Deleting neutron.network object s_rally_ac9cb77c_J1q8WxiF (28462024-917b-4b0d-b5ee-5e688018b0aa)
2019-11-29 15:26:12.844 15 RALLYDEBUG rally_openstack.cleanup.manager [-] Deleting neutron.network object s_rally_ac9cb77c_Cl07hCdu (284490fe-abe0-46c8-a0b7-45cbbd121948)
2019-11-29 15:26:12.862 15 RALLYDEBUG rally_openstack.cleanup.manager [-] Deleting neutron.network object s_rally_ac9cb77c_MYBZTMpR (2ecd439d-02df-44d6-8a02-d6d29ea60799)
2019-11-29 15:26:12.909 15 RALLYDEBUG rally_openstack.cleanup.manager [-] Deleting neutron.network object s_rally_ac9cb77c_2aQlaN9K (0e9ae92f-54fd-4d9f-946c-e408dacbd6bf)
2019-11-29 15:26:15.816 15 RALLYDEBUG rally_openstack.cleanup.manager [-] Deleting neutron.network object s_rally_ac9cb77c_uOOh5ANb (30c4eb17-015d-467b-8202-56ac1a89303d)
2019-11-29 15:26:19.121 15 RALLYDEBUG rally_openstack.cleanup.manager [-] Deleting neutron.network object s_rally_ac9cb77c_axnWpFqP (322304d6-cc4a-4349-a2f4-ebf539592424)
2019-11-29 15:26:19.369 15 RALLYDEBUG rally_openstack.cleanup.manager [-] Deleting neutron.network object s_rally_ac9cb77c_oN6LXXQY (32c050c9-ab0b-4a4c-a587-801ea5634847)
2019-11-29 15:26:19.535 15 RALLYDEBUG rally_openstack.cleanup.manager [-] Deleting neutron.network object s_rally_ac9cb77c_seQRusTi (335e7d61-4c4b-4514-802e-e8acf2a980e0)
2019-11-29 15:26:19.606 15 RALLYDEBUG rally_openstack.cleanup.manager [-] Deleting neutron.network object s_rally_ac9cb77c_8AQv9Wbb (34528545-df44-488c-868e-14d32e915be6)
2019-11-29 15:26:19.642 15 RALLYDEBUG rally_openstack.cleanup.manager [-] Deleting neutron.network object s_rally_ac9cb77c_WPWMwOMa (3df74a5e-2acf-4dc3-95a7-9a4d91a7e4fc)
2019-11-29 15:26:19.651 15 RALLYDEBUG rally_openstack.cleanup.manager [-] Deleting neutron.network object s_rally_ac9cb77c_WeOZgUr1 (3e37e053-b0a6-4f50-9c2f-13155ceb5322)
2019-11-29 15:26:19.656 15 RALLYDEBUG rally_openstack.cleanup.manager [-] Deleting neutron.network object s_rally_ac9cb77c_JvNFxNUf (408c14bf-cb6d-4eda-b088-55acf8dfe5c0)
2019-11-29 15:26:19.658 15 RALLYDEBUG rally_openstack.cleanup.manager [-] Deleting neutron.network object s_rally_ac9cb77c_b5pNgT4y (3f97ead0-b994-4c83-9d51-6fea95556133)
2019-11-29 15:26:19.662 15 RALLYDEBUG rally_openstack.cleanup.manager [-] Deleting neutron.network object s_rally_ac9cb77c_Br10MgyN (41a489f3-7349-4bca-acd3-a38765b6e59e)
2019-11-29 15:26:20.122 15 RALLYDEBUG rally_openstack.cleanup.manager [-] Deleting neutron.network object s_rally_ac9cb77c_mqMhyaP8 (432fb122-9683-4a3a-816c-b3c2e8fb516a)
2019-11-29 15:26:20.181 15 RALLYDEBUG rally_openstack.cleanup.manager [-] Deleting neutron.network object s_rally_ac9cb77c_KpIg832l (48f5c01a-d1b8-4846-9156-2d7e698b27fb)
2019-11-29 15:26:20.706 15 RALLYDEBUG rally_openstack.cleanup.manager [-] Deleting neutron.network object s_rally_ac9cb77c_hE6p6qF7 (4bcfacb9-e17d-4f10-a6a7-b2a2511a7e67)
2019-11-29 15:26:20.760 15 RALLYDEBUG rally_openstack.cleanup.manager [-] Deleting neutron.network object s_rally_ac9cb77c_dmuxOt4t (4f4b7d28-628c-4a30-ae02-4668c163beb3)
2019-11-29 15:26:21.867 15 RALLYDEBUG rally_openstack.cleanup.manager [-] Deleting neutron.network object s_rally_ac9cb77c_uJvtEbha (59f5544e-8645-40df-ad07-f9653f40e44f)
2019-11-29 15:26:21.872 15 RALLYDEBUG rally_openstack.cleanup.manager [-] Deleting neutron.network object s_rally_ac9cb77c_UyOazc93 (6097e370-8e69-4772-a1a1-7d1a7cb6fa79)
2019-11-29 15:26:21.972 15 RALLYDEBUG rally_openstack.cleanup.manager [-] Deleting neutron.network object s_rally_ac9cb77c_r4vCgBb9 (61689dfd-b1d5-4bb4-8d43-fd16757636db)
2019-11-29 15:26:22.059 15 RALLYDEBUG rally_openstack.cleanup.manager [-] Deleting neutron.network object s_rally_ac9cb77c_J6ayJraJ (62788b47-bc89-49d6-a10b-131dc8ca6e8e)
2019-11-29 15:26:22.133 15 RALLYDEBUG rally_openstack.cleanup.manager [-] Deleting neutron.network object s_rally_ac9cb77c_EBkOOBSw (62e665cd-976e-41c0-ab83-9539fe79403d)
2019-11-29 15:26:22.138 15 RALLYDEBUG rally_openstack.cleanup.manager [-] Deleting neutron.network object s_rally_ac9cb77c_Vf6w7rGj (645bae40-a0cb-4143-a9e9-29d55de35de8)
2019-11-29 15:26:22.301 15 RALLYDEBUG rally_openstack.cleanup.manager [-] Deleting neutron.network object s_rally_ac9cb77c_vLVo6ixR (64eb2683-f722-4224-ad6f-9e97122cbc32)
2019-11-29 15:26:24.655 15 RALLYDEBUG rally_openstack.cleanup.manager [-] Deleting neutron.network object s_rally_ac9cb77c_QWiOouIh (65d600e4-f7f0-4eaa-8ab9-63a65ae38bc7)
2019-11-29 15:26:24.780 15 RALLYDEBUG rally_openstack.cleanup.manager [-] Deleting neutron.network object s_rally_ac9cb77c_cyLP4l3m (66a94687-5cf9-4d40-8dda-e582caa1c237)
2019-11-29 15:26:24.801 15 RALLYDEBUG rally_openstack.cleanup.manager [-] Deleting neutron.network object s_rally_ac9cb77c_otsbiv8O (687d095e-09d4-4ebf-aaac-8b9e263f220a)
2019-11-29 15:26:26.280 15 RALLYDEBUG rally_openstack.cleanup.manager [-] Deleting neutron.network object s_rally_ac9cb77c_LLk61P5B (6dc933da-0a49-4b21-aa87-03aad9572dad)
2019-11-29 15:26:26.673 15 RALLYDEBUG rally_openstack.cleanup.manager [-] Deleting neutron.network object s_rally_ac9cb77c_srSzCeaF (6e0617a2-ad88-43f7-9539-8f85740add97)
2019-11-29 15:26:26.746 15 RALLYDEBUG rally_openstack.cleanup.manager [-] Deleting neutron.network object s_rally_ac9cb77c_ExhiIkNF (75137a4c-3545-4a1d-96ce-1dbd9fe59687)
2019-11-29 15:26:26.789 15 RALLYDEBUG rally_openstack.cleanup.manager [-] Deleting neutron.network object s_rally_ac9cb77c_IdvagbdO (7dc6ce75-66a6-4c90-901f-9b348e2f3b31)
2019-11-29 15:26:26.793 15 RALLYDEBUG rally_openstack.cleanup.manager [-] Deleting neutron.network object s_rally_ac9cb77c_WMVT7tfE (7df13da8-1991-41f8-9a2b-17a49a86a37e)
2019-11-29 15:26:26.816 15 RALLYDEBUG rally_openstack.cleanup.manager [-] Deleting neutron.network object s_rally_ac9cb77c_4kaHRUch (834738a5-94e4-4e26-9c7a-bb356e8edc0d)
2019-11-29 15:26:26.878 15 RALLYDEBUG rally_openstack.cleanup.manager [-] Deleting neutron.network object s_rally_ac9cb77c_45Yg8o6j (89c177ce-3901-4b5a-a3f5-99e892500bca)
2019-11-29 15:26:27.186 15 RALLYDEBUG rally_openstack.cleanup.manager [-] Deleting neutron.network object s_rally_ac9cb77c_MhOyaJdO (8a55cf22-38b3-4f61-93de-07dc56819ab0)
2019-11-29 15:26:27.358 15 RALLYDEBUG rally_openstack.cleanup.manager [-] Deleting neutron.network object s_rally_ac9cb77c_O1tIyiNK (8dddd68b-96b6-4136-b391-82ea0d78101c)
2019-11-29 15:26:27.362 15 RALLYDEBUG rally_openstack.cleanup.manager [-] Deleting neutron.network object s_rally_ac9cb77c_hiK2M5eg (918368c6-0f5e-4eac-9a90-478fb234580b)
2019-11-29 15:26:27.870 15 RALLYDEBUG rally_openstack.cleanup.manager [-] Deleting neutron.network object s_rally_ac9cb77c_IdwL3Hhe (938b6acb-8233-4b8f-ae5b-482aca5934e3)
2019-11-29 15:26:27.874 15 RALLYDEBUG rally_openstack.cleanup.manager [-] Deleting neutron.network object s_rally_ac9cb77c_MJ2iqqld (94674c55-2028-403c-8f25-515c20921ff3)
2019-11-29 15:26:27.903 15 RALLYDEBUG rally_openstack.cleanup.manager [-] Deleting neutron.network object s_rally_ac9cb77c_bhCngU6B (946dd8e3-b060-4f52-91f3-e99104e36292)
2019-11-29 15:26:28.507 15 RALLYDEBUG rally_openstack.cleanup.manager [-] Deleting neutron.network object s_rally_ac9cb77c_yXAStYXV (9625f423-ed93-40cb-8aaa-60300fe9f81b)
2019-11-29 15:26:28.517 15 RALLYDEBUG rally_openstack.cleanup.manager [-] Deleting neutron.network object s_rally_ac9cb77c_11NR9jS5 (964cd368-fe40-4cdc-b64a-7c55b93833bf)
2019-11-29 15:26:28.521 15 RALLYDEBUG rally_openstack.cleanup.manager [-] Deleting neutron.network object s_rally_ac9cb77c_l4GF5E4B (9ba6dd6e-91b8-4dba-b0d0-182189878896)
2019-11-29 15:26:28.883 15 RALLYDEBUG rally_openstack.cleanup.manager [-] Deleting neutron.network object s_rally_ac9cb77c_i5SJ9asy (9d94780f-cb31-4b9c-8873-744992989b5e)
2019-11-29 15:26:29.483 15 RALLYDEBUG rally_openstack.cleanup.manager [-] Deleting neutron.network object s_rally_ac9cb77c_zzoXT7m7 (9e014e0d-9f86-4e56-9866-5917ba5bdf05)
2019-11-29 15:26:30.451 15 RALLYDEBUG rally_openstack.cleanup.manager [-] Deleting neutron.network object s_rally_ac9cb77c_ekfBmLPg (9e532827-ddd5-47ac-9900-86ce9008adc1)
2019-11-29 15:26:30.459 15 RALLYDEBUG rally_openstack.cleanup.manager [-] Deleting neutron.network object s_rally_ac9cb77c_8wHdM2kz (a00feac3-61fc-4013-84f9-37a8604187a0)
2019-11-29 15:26:31.228 15 RALLYDEBUG rally_openstack.cleanup.manager [-] Deleting neutron.network object s_rally_ac9cb77c_Ogwu18nx (a1fc13b8-a5e9-4ee9-8a79-c42e2151a3b4)
2019-11-29 15:26:31.672 15 RALLYDEBUG rally_openstack.cleanup.manager [-] Deleting neutron.network object s_rally_ac9cb77c_KsvGElcQ (a27b1e50-059e-4751-a610-f2c639054805)
2019-11-29 15:26:31.763 15 RALLYDEBUG rally_openstack.cleanup.manager [-] Deleting neutron.network object s_rally_ac9cb77c_cOtbVQzH (a77636cf-8720-40c7-b16b-835bbcbb061e)
2019-11-29 15:26:31.838 15 RALLYDEBUG rally_openstack.cleanup.manager [-] Deleting neutron.network object s_rally_ac9cb77c_SmFnyuYd (a88cb17c-238a-4f32-bdff-2241a1ecbd4d)
2019-11-29 15:26:31.842 15 RALLYDEBUG rally_openstack.cleanup.manager [-] Deleting neutron.network object s_rally_ac9cb77c_yZNh53MA (a9ced768-961c-4ba1-9177-f87b09a36de6)
2019-11-29 15:26:33.002 15 RALLYDEBUG rally_openstack.cleanup.manager [-] Deleting neutron.network object s_rally_ac9cb77c_s2d7e2US (aa5367e4-4773-41fd-9660-d6846796e17f)
2019-11-29 15:26:33.048 15 RALLYDEBUG rally_openstack.cleanup.manager [-] Deleting neutron.network object s_rally_ac9cb77c_6jGMRHn1 (b2eb3765-9c70-4b56-959c-38ac12ca179f)
2019-11-29 15:26:33.971 15 RALLYDEBUG rally_openstack.cleanup.manager [-] Deleting neutron.network object s_rally_ac9cb77c_3IqNh2hT (b31a39e6-5288-4d99-9734-2d9a68dbd8bb)
2019-11-29 15:26:34.390 15 RALLYDEBUG rally_openstack.cleanup.manager [-] Deleting neutron.network object s_rally_ac9cb77c_QFz12tfb (b5986417-3c75-40d2-8584-1f1e50a869da)
2019-11-29 15:26:34.977 15 RALLYDEBUG rally_openstack.cleanup.manager [-] Deleting neutron.network object s_rally_ac9cb77c_yjqP3gC5 (bbc4830a-3f2f-4f8f-a2ec-b4726acb8318)
2019-11-29 15:26:37.419 15 RALLYDEBUG rally_openstack.cleanup.manager [-] Deleting neutron.network object s_rally_ac9cb77c_FPfVCm6N (bd88ad28-1b28-4b23-a9c3-46892a12957c)
2019-11-29 15:26:37.455 15 RALLYDEBUG rally_openstack.cleanup.manager [-] Deleting neutron.network object s_rally_ac9cb77c_syvWMOpI (bda5325b-e9bb-4f2e-addf-1a68d7a1cb8e)
2019-11-29 15:26:37.515 15 RALLYDEBUG rally_openstack.cleanup.manager [-] Deleting neutron.network object s_rally_ac9cb77c_cs1Lktek (be2dda6a-98ad-4938-9322-81638736a265)
2019-11-29 15:26:37.687 15 RALLYDEBUG rally_openstack.cleanup.manager [-] Deleting neutron.network object s_rally_ac9cb77c_Cd5ecKUF (c03f03b7-953c-4497-87c7-e6e52d5a5d9a)
2019-11-29 15:26:37.834 15 RALLYDEBUG rally_openstack.cleanup.manager [-] Deleting neutron.network object s_rally_ac9cb77c_tqVr99Mu (c5fc513d-b4a3-41c9-bea8-0510f51d0cb1)
2019-11-29 15:26:37.912 15 RALLYDEBUG rally_openstack.cleanup.manager [-] Deleting neutron.network object s_rally_ac9cb77c_7JSWKTAX (c665c43c-58fd-447f-a296-23384d169636)
