2019-11-28 17:02:44.786 6 RALLYDEBUG rally.api [-] INFO logs from urllib3 and requests module are hide.
2019-11-28 17:02:44.786 6 RALLYDEBUG rally.api [-] urllib3 insecure warnings are hidden.
2019-11-28 17:02:44.786 6 RALLYDEBUG rally.api [-] ERROR log from boto module is hide.
2019-11-28 17:02:46.146 6 ERROR rally.cli.cliutils [-] Unexpected exception in CLI: DBRecordNotFound: Record for uuid or name is opnfv-rally not found in table envs
2019-11-28 17:02:46.146 6 ERROR rally.cli.cliutils
Traceback (most recent call last):
2019-11-28 17:02:46.146 6 ERROR rally.cli.cliutils
File "/usr/lib/python2.7/site-packages/rally/cli/cliutils.py", line 674, in run
2019-11-28 17:02:46.146 6 ERROR rally.cli.cliutils ret = fn(*fn_args, **fn_kwargs)
2019-11-28 17:02:46.146 6 ERROR rally.cli.cliutils File "", line 2, in destroy
2019-11-28 17:02:46.146 6 ERROR rally.cli.cliutils
File "/usr/lib/python2.7/site-packages/rally/cli/envutils.py", line 68, in default_from_global
2019-11-28 17:02:46.146 6 ERROR rally.cli.cliutils return f(*args, **kwargs)
2019-11-28 17:02:46.146 6 ERROR rally.cli.cliutils File "", line 2, in destroy
2019-11-28 17:02:46.146 6 ERROR rally.cli.cliutils
File "/usr/lib/python2.7/site-packages/rally/plugins/__init__.py", line 51, in ensure_plugins_are_loaded
2019-11-28 17:02:46.146 6 ERROR rally.cli.cliutils return f(*args, **kwargs)
2019-11-28 17:02:46.146 6 ERROR rally.cli.cliutils
File "/usr/lib/python2.7/site-packages/rally/cli/commands/deployment.py", line 157, in destroy
2019-11-28 17:02:46.146 6 ERROR rally.cli.cliutils api.deployment.destroy(deployment=deployment)
2019-11-28 17:02:46.146 6 ERROR rally.cli.cliutils
File "/usr/lib/python2.7/site-packages/rally/api.py", line 115, in destroy
2019-11-28 17:02:46.146 6 ERROR rally.cli.cliutils deploy = objects.Deployment.get(deployment)
2019-11-28 17:02:46.146 6 ERROR rally.cli.cliutils
File "/usr/lib/python2.7/site-packages/rally/common/objects/deploy.py", line 124, in get
2019-11-28 17:02:46.146 6 ERROR rally.cli.cliutils return Deployment(env_mgr.EnvManager.get(deploy))
2019-11-28 17:02:46.146 6 ERROR rally.cli.cliutils
File "/usr/lib/python2.7/site-packages/rally/env/env_mgr.py", line 212, in get
2019-11-28 17:02:46.146 6 ERROR rally.cli.cliutils return cls(db.env_get(uuid_or_name))
2019-11-28 17:02:46.146 6 ERROR rally.cli.cliutils
File "/usr/lib/python2.7/site-packages/rally/common/db/api.py", line 135, in wrapper
2019-11-28 17:02:46.146 6 ERROR rally.cli.cliutils result = f(session, *args, **kwargs)
2019-11-28 17:02:46.146 6 ERROR rally.cli.cliutils
File "/usr/lib/python2.7/site-packages/rally/common/db/api.py", line 521, in env_get
2019-11-28 17:02:46.146 6 ERROR rally.cli.cliutils criteria="uuid or name is %s" % uuid_or_name, table="envs")
2019-11-28 17:02:46.146 6 ERROR rally.cli.cliutils DBRecordNotFound: Record for uuid or name is opnfv-rally not found in table envs
2019-11-28 17:02:46.146 6 ERROR rally.cli.cliutils
2019-11-28 17:02:46.965 8 RALLYDEBUG rally.api [-] INFO logs from urllib3 and requests module are hide.
2019-11-28 17:02:46.965 8 RALLYDEBUG rally.api [-] urllib3 insecure warnings are hidden.
2019-11-28 17:02:46.965 8 RALLYDEBUG rally.api [-] ERROR log from boto module is hide.
2019-11-28 17:02:49.166 10 RALLYDEBUG rally.api [-] INFO logs from urllib3 and requests module are hide.
2019-11-28 17:02:49.166 10 RALLYDEBUG rally.api [-] urllib3 insecure warnings are hidden.
2019-11-28 17:02:49.166 10 RALLYDEBUG rally.api [-] ERROR log from boto module is hide.
2019-11-28 17:02:51.821 13 RALLYDEBUG rally.api [-] INFO logs from urllib3 and requests module are hide.
2019-11-28 17:02:51.821 13 RALLYDEBUG rally.api [-] urllib3 insecure warnings are hidden.
2019-11-28 17:02:51.821 13 RALLYDEBUG rally.api [-] ERROR log from boto module is hide.
2019-11-28 17:02:53.153 15 RALLYDEBUG rally.api [-] INFO logs from urllib3 and requests module are hide.
2019-11-28 17:02:53.153 15 RALLYDEBUG rally.api [-] urllib3 insecure warnings are hidden.
2019-11-28 17:02:53.154 15 RALLYDEBUG rally.api [-] ERROR log from boto module is hide.
2019-11-28 17:02:54.403 15 INFO rally.common.plugin.discover [-] Loading plugins from directories /root/.rally/plugins/*
2019-11-28 17:02:54.404 15 INFO rally.common.plugin.discover [-] Loaded module with plugins: /root/.rally/plugins/__init__.py
2019-11-28 17:02:54.406 15 INFO rally.common.plugin.discover [-] Loaded module with plugins: /root/.rally/plugins/trunk_scenario.py
2019-11-28 17:02:54.578 15 INFO rally.task.engine [-] Task e3f6ae49-cc00-40f2-ba8e-d29d07ffc938 | Starting: Task validation.
2019-11-28 17:02:54.590 15 INFO rally.task.engine [-] Task e3f6ae49-cc00-40f2-ba8e-d29d07ffc938 | Starting: Task validation of syntax.
2019-11-28 17:02:54.746 15 INFO rally.task.engine [-] Task e3f6ae49-cc00-40f2-ba8e-d29d07ffc938 | Completed: Task validation of syntax.
2019-11-28 17:02:54.746 15 INFO rally.task.engine [-] Task e3f6ae49-cc00-40f2-ba8e-d29d07ffc938 | Starting: Task validation of required platforms.
2019-11-28 17:02:54.814 15 INFO rally.task.engine [-] Task e3f6ae49-cc00-40f2-ba8e-d29d07ffc938 | Completed: Task validation of required platforms.
2019-11-28 17:02:54.814 15 INFO rally.task.engine [-] Task e3f6ae49-cc00-40f2-ba8e-d29d07ffc938 | Starting: Task validation of semantic.
2019-11-28 17:02:54.814 15 INFO rally.task.engine [-] Check health of the environment '28db276a-99f6-437e-b95c-2e33ee818a50'.
2019-11-28 17:02:55.196 15 INFO rally.task.engine [-] Platform existing@openstack (available: True): OK!
2019-11-28 17:02:55.209 15 RALLYDEBUG rally_openstack.contexts.keystone.users [-] Creating 1 tenants using 20 threads
2019-11-28 17:02:55.459 15 RALLYDEBUG rally_openstack.contexts.keystone.users [-] Creating 1 users using 20 threads
2019-11-28 17:02:55.874 15 INFO rally.task.context [-] Task e3f6ae49-cc00-40f2-ba8e-d29d07ffc938 | Context users@openstack setup() finished in 0.66 sec
2019-11-28 17:02:57.161 15 INFO rally.task.context [-] Task e3f6ae49-cc00-40f2-ba8e-d29d07ffc938 | Context users@openstack cleanup() started
2019-11-28 17:02:58.794 15 INFO rally.task.context [-] Task e3f6ae49-cc00-40f2-ba8e-d29d07ffc938 | Context users@openstack cleanup() finished in 1.63 sec
2019-11-28 17:02:58.795 15 INFO rally.task.engine [-] Task e3f6ae49-cc00-40f2-ba8e-d29d07ffc938 | Completed: Task validation of semantic.
2019-11-28 17:02:58.795 15 INFO rally.task.engine [-] Task e3f6ae49-cc00-40f2-ba8e-d29d07ffc938 | Completed: Task validation.
2019-11-28 17:02:58.795 15 INFO rally.api [-] Task e3f6ae49-cc00-40f2-ba8e-d29d07ffc938 input file is valid.
2019-11-28 17:02:58.795 15 INFO rally.api [-] Run Task e3f6ae49-cc00-40f2-ba8e-d29d07ffc938 against Deployment 28db276a-99f6-437e-b95c-2e33ee818a50
2019-11-28 17:02:58.796 15 INFO rally.task.engine [-] Task e3f6ae49-cc00-40f2-ba8e-d29d07ffc938 | Starting: Running task.
2019-11-28 17:02:58.839 15 INFO rally.task.engine [-] Running workload: position = 0 config = { "version": 2, "title": "A cropped version of a bigger task.", "description": "Auto-generated task from a single workload (uuid=306fcb5c-5fc7-4c39-8bb0-a750457bfd44)", "subtasks": [ { "title": "NeutronNetworks.create_and_list_networks", "description": "Check performance of list_networks action and ensure > network quotas are not exceeded", "scenario": { "NeutronNetworks.create_and_list_networks": {} }, "contexts": { "users": { "tenants": 1, "users_per_tenant": 1 }, "quotas": { "neutron": { "network": 119 } } }, "runner": { "constant": { "times": 100, "concurrency": 20 } }, "hooks": [], "sla": { "max_avg_duration_per_atomic": { "neutron.list_networks": 15 }, "failure_rate": { "max": 0 } } } ] }
2019-11-28 17:02:58.851 15 RALLYDEBUG rally_openstack.contexts.keystone.users [-] Creating 1 tenants using 20 threads
2019-11-28 17:02:59.166 15 RALLYDEBUG rally_openstack.contexts.keystone.users [-] Creating 1 users using 20 threads
2019-11-28 17:02:59.609 15 INFO rally.task.context [-] Task e3f6ae49-cc00-40f2-ba8e-d29d07ffc938 | Context users@openstack setup() finished in 0.76 sec
2019-11-28 17:02:59.944 15 INFO rally.task.context [-] Task e3f6ae49-cc00-40f2-ba8e-d29d07ffc938 | Context quotas@openstack setup() finished in 0.33 sec
2019-11-28 17:02:59.945 15 INFO rally.task.context [-] Task e3f6ae49-cc00-40f2-ba8e-d29d07ffc938 | Context cleanup@openstack setup() finished in 0.01 msec
2019-11-28 17:02:59.954 15 RALLYDEBUG rally.task.runner [-] Starting the constant runner (task UUID: e3f6ae49-cc00-40f2-ba8e-d29d07ffc938). timeout: 0 concurrency: 20 concurrency_per_worker: 1 times: 100 concurrency_overhead: 0 processes_to_start: 20 max_cpu_used: 88
2019-11-28 17:02:59.968 139 RALLYDEBUG rally.task.runner [-] Starting a worker. concurrency: 1 args: {} times: 100 method_name: run timeout: 0 duration: None cls:
2019-11-28 17:02:59.971 140 RALLYDEBUG rally.task.runner [-] Starting a worker. concurrency: 1 args: {} times: 100 method_name: run timeout: 0 duration: None cls:
2019-11-28 17:02:59.974 139 INFO rally.task.runner [-] Task e3f6ae49-cc00-40f2-ba8e-d29d07ffc938 | ITER: 1 START
2019-11-28 17:02:59.973 141 RALLYDEBUG rally.task.runner [-] Starting a worker. concurrency: 1 args: {} times: 100 method_name: run timeout: 0 duration: None cls:
2019-11-28 17:02:59.976 140 INFO rally.task.runner [-] Task e3f6ae49-cc00-40f2-ba8e-d29d07ffc938 | ITER: 2 START
2019-11-28 17:02:59.976 142 RALLYDEBUG rally.task.runner [-] Starting a worker. concurrency: 1 args: {} times: 100 method_name: run timeout: 0 duration: None cls:
2019-11-28 17:02:59.979 141 INFO rally.task.runner [-] Task e3f6ae49-cc00-40f2-ba8e-d29d07ffc938 | ITER: 3 START
2019-11-28 17:02:59.978 144 RALLYDEBUG rally.task.runner [-] Starting a worker. concurrency: 1 args: {} times: 100 method_name: run timeout: 0 duration: None cls:
2019-11-28 17:02:59.982 142 INFO rally.task.runner [-] Task e3f6ae49-cc00-40f2-ba8e-d29d07ffc938 | ITER: 4 START
2019-11-28 17:02:59.981 148 RALLYDEBUG rally.task.runner [-] Starting a worker. concurrency: 1 args: {} times: 100 method_name: run timeout: 0 duration: None cls:
2019-11-28 17:02:59.983 151 RALLYDEBUG rally.task.runner [-] Starting a worker. concurrency: 1 args: {} times: 100 method_name: run timeout: 0 duration: None cls:
2019-11-28 17:02:59.984 144 INFO rally.task.runner [-] Task e3f6ae49-cc00-40f2-ba8e-d29d07ffc938 | ITER: 5 START
2019-11-28 17:02:59.987 148 INFO rally.task.runner [-] Task e3f6ae49-cc00-40f2-ba8e-d29d07ffc938 | ITER: 6 START
2019-11-28 17:02:59.987 154 RALLYDEBUG rally.task.runner [-] Starting a worker. concurrency: 1 args: {} times: 100 method_name: run timeout: 0 duration: None cls:
2019-11-28 17:02:59.989 151 INFO rally.task.runner [-] Task e3f6ae49-cc00-40f2-ba8e-d29d07ffc938 | ITER: 7 START
2019-11-28 17:02:59.989 157 RALLYDEBUG rally.task.runner [-] Starting a worker. concurrency: 1 args: {} times: 100 method_name: run timeout: 0 duration: None cls:
2019-11-28 17:02:59.992 154 INFO rally.task.runner [-] Task e3f6ae49-cc00-40f2-ba8e-d29d07ffc938 | ITER: 8 START
2019-11-28 17:02:59.992 160 RALLYDEBUG rally.task.runner [-] Starting a worker. concurrency: 1 args: {} times: 100 method_name: run timeout: 0 duration: None cls:
2019-11-28 17:02:59.995 157 INFO rally.task.runner [-] Task e3f6ae49-cc00-40f2-ba8e-d29d07ffc938 | ITER: 9 START
2019-11-28 17:02:59.995 163 RALLYDEBUG rally.task.runner [-] Starting a worker. concurrency: 1 args: {} times: 100 method_name: run timeout: 0 duration: None cls:
2019-11-28 17:02:59.997 166 RALLYDEBUG rally.task.runner [-] Starting a worker. concurrency: 1 args: {} times: 100 method_name: run timeout: 0 duration: None cls:
2019-11-28 17:02:59.998 160 INFO rally.task.runner [-] Task e3f6ae49-cc00-40f2-ba8e-d29d07ffc938 | ITER: 10 START
2019-11-28 17:03:00.000 163 INFO rally.task.runner [-] Task e3f6ae49-cc00-40f2-ba8e-d29d07ffc938 | ITER: 11 START
2019-11-28 17:03:00.000 169 RALLYDEBUG rally.task.runner [-] Starting a worker. concurrency: 1 args: {} times: 100 method_name: run timeout: 0 duration: None cls:
2019-11-28 17:03:00.002 166 INFO rally.task.runner [-] Task e3f6ae49-cc00-40f2-ba8e-d29d07ffc938 | ITER: 12 START
2019-11-28 17:03:00.003 172 RALLYDEBUG rally.task.runner [-] Starting a worker. concurrency: 1 args: {} times: 100 method_name: run timeout: 0 duration: None cls:
2019-11-28 17:03:00.005 169 INFO rally.task.runner [-] Task e3f6ae49-cc00-40f2-ba8e-d29d07ffc938 | ITER: 13 START
2019-11-28 17:03:00.005 175 RALLYDEBUG rally.task.runner [-] Starting a worker. concurrency: 1 args: {} times: 100 method_name: run timeout: 0 duration: None cls:
2019-11-28 17:03:00.008 172 INFO rally.task.runner [-] Task e3f6ae49-cc00-40f2-ba8e-d29d07ffc938 | ITER: 14 START
2019-11-28 17:03:00.008 178 RALLYDEBUG rally.task.runner [-] Starting a worker. concurrency: 1 args: {} times: 100 method_name: run timeout: 0 duration: None cls:
2019-11-28 17:03:00.011 175 INFO rally.task.runner [-] Task e3f6ae49-cc00-40f2-ba8e-d29d07ffc938 | ITER: 15 START
2019-11-28 17:03:00.011 181 RALLYDEBUG rally.task.runner [-] Starting a worker. concurrency: 1 args: {} times: 100 method_name: run timeout: 0 duration: None cls:
2019-11-28 17:03:00.012 184 RALLYDEBUG rally.task.runner [-] Starting a worker. concurrency: 1 args: {} times: 100 method_name: run timeout: 0 duration: None cls:
2019-11-28 17:03:00.014 178 INFO rally.task.runner [-] Task e3f6ae49-cc00-40f2-ba8e-d29d07ffc938 | ITER: 16 START
2019-11-28 17:03:00.016 187 RALLYDEBUG rally.task.runner [-] Starting a worker. concurrency: 1 args: {} times: 100 method_name: run timeout: 0 duration: None cls:
2019-11-28 17:03:00.018 181 INFO rally.task.runner [-] Task e3f6ae49-cc00-40f2-ba8e-d29d07ffc938 | ITER: 17 START
2019-11-28 17:03:00.018 184 INFO rally.task.runner [-] Task e3f6ae49-cc00-40f2-ba8e-d29d07ffc938 | ITER: 18 START
2019-11-28 17:03:00.018 190 RALLYDEBUG rally.task.runner [-] Starting a worker. concurrency: 1 args: {} times: 100 method_name: run timeout: 0 duration: None cls:
2019-11-28 17:03:00.023 187 INFO rally.task.runner [-] Task e3f6ae49-cc00-40f2-ba8e-d29d07ffc938 | ITER: 19 START
2019-11-28 17:03:00.024 190 INFO rally.task.runner [-] Task e3f6ae49-cc00-40f2-ba8e-d29d07ffc938 | ITER: 20 START
2019-11-28 17:03:01.745 139 INFO rally.task.runner [-] Task e3f6ae49-cc00-40f2-ba8e-d29d07ffc938 | ITER: 1 END: OK
2019-11-28 17:03:01.749 139 INFO rally.task.runner [-] Task e3f6ae49-cc00-40f2-ba8e-d29d07ffc938 | ITER: 21 START
2019-11-28 17:03:01.893 144 INFO rally.task.runner [-] Task e3f6ae49-cc00-40f2-ba8e-d29d07ffc938 | ITER: 5 END: OK
2019-11-28 17:03:01.898 144 INFO rally.task.runner [-] Task e3f6ae49-cc00-40f2-ba8e-d29d07ffc938 | ITER: 22 START
2019-11-28 17:03:02.641 141 INFO rally.task.runner [-] Task e3f6ae49-cc00-40f2-ba8e-d29d07ffc938 | ITER: 3 END: OK
2019-11-28 17:03:02.646 141 INFO rally.task.runner [-] Task e3f6ae49-cc00-40f2-ba8e-d29d07ffc938 | ITER: 23 START
2019-11-28 17:03:04.513 166 INFO rally.task.runner [-] Task e3f6ae49-cc00-40f2-ba8e-d29d07ffc938 | ITER: 12 END: OK
2019-11-28 17:03:04.518 166 INFO rally.task.runner [-] Task e3f6ae49-cc00-40f2-ba8e-d29d07ffc938 | ITER: 24 START
2019-11-28 17:03:04.545 148 INFO rally.task.runner [-] Task e3f6ae49-cc00-40f2-ba8e-d29d07ffc938 | ITER: 6 END: OK
2019-11-28 17:03:04.549 154 INFO rally.task.runner [-] Task e3f6ae49-cc00-40f2-ba8e-d29d07ffc938 | ITER: 8 END: OK
2019-11-28 17:03:04.550 148 INFO rally.task.runner [-] Task e3f6ae49-cc00-40f2-ba8e-d29d07ffc938 | ITER: 25 START
2019-11-28 17:03:04.553 154 INFO rally.task.runner [-] Task e3f6ae49-cc00-40f2-ba8e-d29d07ffc938 | ITER: 26 START
2019-11-28 17:03:04.615 157 INFO rally.task.runner [-] Task e3f6ae49-cc00-40f2-ba8e-d29d07ffc938 | ITER: 9 END: OK
2019-11-28 17:03:04.620 157 INFO rally.task.runner [-] Task e3f6ae49-cc00-40f2-ba8e-d29d07ffc938 | ITER: 27 START
2019-11-28 17:03:04.688 163 INFO rally.task.runner [-] Task e3f6ae49-cc00-40f2-ba8e-d29d07ffc938 | ITER: 11 END: OK
2019-11-28 17:03:04.692 163 INFO rally.task.runner [-] Task e3f6ae49-cc00-40f2-ba8e-d29d07ffc938 | ITER: 28 START
2019-11-28 17:03:04.698 190 INFO rally.task.runner [-] Task e3f6ae49-cc00-40f2-ba8e-d29d07ffc938 | ITER: 20 END: OK
2019-11-28 17:03:04.703 190 INFO rally.task.runner [-] Task e3f6ae49-cc00-40f2-ba8e-d29d07ffc938 | ITER: 29 START
2019-11-28 17:03:04.771 142 INFO rally.task.runner [-] Task e3f6ae49-cc00-40f2-ba8e-d29d07ffc938 | ITER: 4 END: OK
2019-11-28 17:03:04.772 187 INFO rally.task.runner [-] Task e3f6ae49-cc00-40f2-ba8e-d29d07ffc938 | ITER: 19 END: OK
2019-11-28 17:03:04.775 142 INFO rally.task.runner [-] Task e3f6ae49-cc00-40f2-ba8e-d29d07ffc938 | ITER: 30 START
2019-11-28 17:03:04.777 187 INFO rally.task.runner [-] Task e3f6ae49-cc00-40f2-ba8e-d29d07ffc938 | ITER: 31 START
2019-11-28 17:03:04.964 184 INFO rally.task.runner [-] Task e3f6ae49-cc00-40f2-ba8e-d29d07ffc938 | ITER: 18 END: OK
2019-11-28 17:03:04.969 184 INFO rally.task.runner [-] Task e3f6ae49-cc00-40f2-ba8e-d29d07ffc938 | ITER: 32 START
2019-11-28 17:03:05.441 172 INFO rally.task.runner [-] Task e3f6ae49-cc00-40f2-ba8e-d29d07ffc938 | ITER: 14 END: OK
2019-11-28 17:03:05.446 172 INFO rally.task.runner [-] Task e3f6ae49-cc00-40f2-ba8e-d29d07ffc938 | ITER: 33 START
2019-11-28 17:03:05.552 175 INFO rally.task.runner [-] Task e3f6ae49-cc00-40f2-ba8e-d29d07ffc938 | ITER: 15 END: OK
2019-11-28 17:03:05.557 175 INFO rally.task.runner [-] Task e3f6ae49-cc00-40f2-ba8e-d29d07ffc938 | ITER: 34 START
2019-11-28 17:03:05.656 160 INFO rally.task.runner [-] Task e3f6ae49-cc00-40f2-ba8e-d29d07ffc938 | ITER: 10 END: OK
2019-11-28 17:03:05.660 160 INFO rally.task.runner [-] Task e3f6ae49-cc00-40f2-ba8e-d29d07ffc938 | ITER: 35 START
2019-11-28 17:03:05.878 140 INFO rally.task.runner [-] Task e3f6ae49-cc00-40f2-ba8e-d29d07ffc938 | ITER: 2 END: OK
2019-11-28 17:03:05.883 140 INFO rally.task.runner [-] Task e3f6ae49-cc00-40f2-ba8e-d29d07ffc938 | ITER: 36 START
2019-11-28 17:03:06.069 151 INFO rally.task.runner [-] Task e3f6ae49-cc00-40f2-ba8e-d29d07ffc938 | ITER: 7 END: OK
2019-11-28 17:03:06.074 151 INFO rally.task.runner [-] Task e3f6ae49-cc00-40f2-ba8e-d29d07ffc938 | ITER: 37 START
2019-11-28 17:03:06.086 178 INFO rally.task.runner [-] Task e3f6ae49-cc00-40f2-ba8e-d29d07ffc938 | ITER: 16 END: OK
2019-11-28 17:03:06.090 178 INFO rally.task.runner [-] Task e3f6ae49-cc00-40f2-ba8e-d29d07ffc938 | ITER: 38 START
2019-11-28 17:03:06.123 169 INFO rally.task.runner [-] Task e3f6ae49-cc00-40f2-ba8e-d29d07ffc938 | ITER: 13 END: OK
2019-11-28 17:03:06.128 169 INFO rally.task.runner [-] Task e3f6ae49-cc00-40f2-ba8e-d29d07ffc938 | ITER: 39 START
2019-11-28 17:03:07.035 181 INFO rally.task.runner [-] Task e3f6ae49-cc00-40f2-ba8e-d29d07ffc938 | ITER: 17 END: OK
2019-11-28 17:03:07.040 181 INFO rally.task.runner [-] Task e3f6ae49-cc00-40f2-ba8e-d29d07ffc938 | ITER: 40 START
2019-11-28 17:03:07.202 144 INFO rally.task.runner [-] Task e3f6ae49-cc00-40f2-ba8e-d29d07ffc938 | ITER: 22 END: OK
2019-11-28 17:03:07.205 144 INFO rally.task.runner [-] Task e3f6ae49-cc00-40f2-ba8e-d29d07ffc938 | ITER: 41 START
2019-11-28 17:03:07.904 148 INFO rally.task.runner [-] Task e3f6ae49-cc00-40f2-ba8e-d29d07ffc938 | ITER: 25 END: OK
2019-11-28 17:03:07.908 148 INFO rally.task.runner [-] Task e3f6ae49-cc00-40f2-ba8e-d29d07ffc938 | ITER: 42 START
2019-11-28 17:03:07.987 139 INFO rally.task.runner [-] Task e3f6ae49-cc00-40f2-ba8e-d29d07ffc938 | ITER: 21 END: OK
2019-11-28 17:03:07.990 139 INFO rally.task.runner [-] Task e3f6ae49-cc00-40f2-ba8e-d29d07ffc938 | ITER: 43 START
2019-11-28 17:03:08.633 157 INFO rally.task.runner [-] Task e3f6ae49-cc00-40f2-ba8e-d29d07ffc938 | ITER: 27 END: OK
2019-11-28 17:03:08.636 157 INFO rally.task.runner [-] Task e3f6ae49-cc00-40f2-ba8e-d29d07ffc938 | ITER: 44 START
2019-11-28 17:03:08.710 172 INFO rally.task.runner [-] Task e3f6ae49-cc00-40f2-ba8e-d29d07ffc938 | ITER: 33 END: OK
2019-11-28 17:03:08.714 172 INFO rally.task.runner [-] Task e3f6ae49-cc00-40f2-ba8e-d29d07ffc938 | ITER: 45 START
2019-11-28 17:03:09.028 166 INFO rally.task.runner [-] Task e3f6ae49-cc00-40f2-ba8e-d29d07ffc938 | ITER: 24 END: OK
2019-11-28 17:03:09.031 166 INFO rally.task.runner [-] Task e3f6ae49-cc00-40f2-ba8e-d29d07ffc938 | ITER: 46 START
2019-11-28 17:03:09.058 141 INFO rally.task.runner [-] Task e3f6ae49-cc00-40f2-ba8e-d29d07ffc938 | ITER: 23 END: OK
2019-11-28 17:03:09.061 141 INFO rally.task.runner [-] Task e3f6ae49-cc00-40f2-ba8e-d29d07ffc938 | ITER: 47 START
2019-11-28 17:03:10.010 160 INFO rally.task.runner [-] Task e3f6ae49-cc00-40f2-ba8e-d29d07ffc938 | ITER: 35 END: OK
2019-11-28 17:03:10.014 160 INFO rally.task.runner [-] Task e3f6ae49-cc00-40f2-ba8e-d29d07ffc938 | ITER: 48 START
2019-11-28 17:03:10.157 154 INFO rally.task.runner [-] Task e3f6ae49-cc00-40f2-ba8e-d29d07ffc938 | ITER: 26 END: OK
2019-11-28 17:03:10.160 154 INFO rally.task.runner [-] Task e3f6ae49-cc00-40f2-ba8e-d29d07ffc938 | ITER: 49 START
2019-11-28 17:03:10.317 163 INFO rally.task.runner [-] Task e3f6ae49-cc00-40f2-ba8e-d29d07ffc938 | ITER: 28 END: OK
2019-11-28 17:03:10.321 163 INFO rally.task.runner [-] Task e3f6ae49-cc00-40f2-ba8e-d29d07ffc938 | ITER: 50 START
2019-11-28 17:03:10.338 190 INFO rally.task.runner [-] Task e3f6ae49-cc00-40f2-ba8e-d29d07ffc938 | ITER: 29 END: OK
2019-11-28 17:03:10.342 190 INFO rally.task.runner [-] Task e3f6ae49-cc00-40f2-ba8e-d29d07ffc938 | ITER: 51 START
2019-11-28 17:03:10.677 142 INFO rally.task.runner [-] Task e3f6ae49-cc00-40f2-ba8e-d29d07ffc938 | ITER: 30 END: OK
2019-11-28 17:03:10.680 142 INFO rally.task.runner [-] Task e3f6ae49-cc00-40f2-ba8e-d29d07ffc938 | ITER: 52 START
2019-11-28 17:03:10.686 144 INFO rally.task.runner [-] Task e3f6ae49-cc00-40f2-ba8e-d29d07ffc938 | ITER: 41 END: OK
2019-11-28 17:03:10.690 144 INFO rally.task.runner [-] Task e3f6ae49-cc00-40f2-ba8e-d29d07ffc938 | ITER: 53 START
2019-11-28 17:03:10.690 181 INFO rally.task.runner [-] Task e3f6ae49-cc00-40f2-ba8e-d29d07ffc938 | ITER: 40 END: OK
2019-11-28 17:03:10.694 181 INFO rally.task.runner [-] Task e3f6ae49-cc00-40f2-ba8e-d29d07ffc938 | ITER: 54 START
2019-11-28 17:03:10.814 140 INFO rally.task.runner [-] Task e3f6ae49-cc00-40f2-ba8e-d29d07ffc938 | ITER: 36 END: OK
2019-11-28 17:03:10.817 140 INFO rally.task.runner [-] Task e3f6ae49-cc00-40f2-ba8e-d29d07ffc938 | ITER: 55 START
2019-11-28 17:03:10.988 187 INFO rally.task.runner [-] Task e3f6ae49-cc00-40f2-ba8e-d29d07ffc938 | ITER: 31 END: OK
2019-11-28 17:03:10.991 187 INFO rally.task.runner [-] Task e3f6ae49-cc00-40f2-ba8e-d29d07ffc938 | ITER: 56 START
2019-11-28 17:03:11.031 175 INFO rally.task.runner [-] Task e3f6ae49-cc00-40f2-ba8e-d29d07ffc938 | ITER: 34 END: OK
2019-11-28 17:03:11.035 175 INFO rally.task.runner [-] Task e3f6ae49-cc00-40f2-ba8e-d29d07ffc938 | ITER: 57 START
2019-11-28 17:03:11.875 139 INFO rally.task.runner [-] Task e3f6ae49-cc00-40f2-ba8e-d29d07ffc938 | ITER: 43 END: OK
2019-11-28 17:03:11.879 139 INFO rally.task.runner [-] Task e3f6ae49-cc00-40f2-ba8e-d29d07ffc938 | ITER: 58 START
2019-11-28 17:03:12.072 151 INFO rally.task.runner [-] Task e3f6ae49-cc00-40f2-ba8e-d29d07ffc938 | ITER: 37 END: OK
2019-11-28 17:03:12.075 151 INFO rally.task.runner [-] Task e3f6ae49-cc00-40f2-ba8e-d29d07ffc938 | ITER: 59 START
2019-11-28 17:03:12.542 178 INFO rally.task.runner [-] Task e3f6ae49-cc00-40f2-ba8e-d29d07ffc938 | ITER: 38 END: OK
2019-11-28 17:03:12.546 178 INFO rally.task.runner [-] Task e3f6ae49-cc00-40f2-ba8e-d29d07ffc938 | ITER: 60 START
2019-11-28 17:03:12.582 169 INFO rally.task.runner [-] Task e3f6ae49-cc00-40f2-ba8e-d29d07ffc938 | ITER: 39 END: OK
2019-11-28 17:03:12.586 169 INFO rally.task.runner [-] Task e3f6ae49-cc00-40f2-ba8e-d29d07ffc938 | ITER: 61 START
2019-11-28 17:03:12.797 184 INFO rally.task.runner [-] Task e3f6ae49-cc00-40f2-ba8e-d29d07ffc938 | ITER: 32 END: OK
2019-11-28 17:03:12.800 184 INFO rally.task.runner [-] Task e3f6ae49-cc00-40f2-ba8e-d29d07ffc938 | ITER: 62 START
2019-11-28 17:03:13.325 148 INFO rally.task.runner [-] Task e3f6ae49-cc00-40f2-ba8e-d29d07ffc938 | ITER: 42 END: OK
2019-11-28 17:03:13.329 148 INFO rally.task.runner [-] Task e3f6ae49-cc00-40f2-ba8e-d29d07ffc938 | ITER: 63 START
2019-11-28 17:03:13.861 166 INFO rally.task.runner [-] Task e3f6ae49-cc00-40f2-ba8e-d29d07ffc938 | ITER: 46 END: OK
2019-11-28 17:03:13.865 166 INFO rally.task.runner [-] Task e3f6ae49-cc00-40f2-ba8e-d29d07ffc938 | ITER: 64 START
2019-11-28 17:03:15.734 172 INFO rally.task.runner [-] Task e3f6ae49-cc00-40f2-ba8e-d29d07ffc938 | ITER: 45 END: OK
2019-11-28 17:03:15.737 172 INFO rally.task.runner [-] Task e3f6ae49-cc00-40f2-ba8e-d29d07ffc938 | ITER: 65 START
2019-11-28 17:03:16.562 187 INFO rally.task.runner [-] Task e3f6ae49-cc00-40f2-ba8e-d29d07ffc938 | ITER: 56 END: OK
2019-11-28 17:03:16.565 187 INFO rally.task.runner [-] Task e3f6ae49-cc00-40f2-ba8e-d29d07ffc938 | ITER: 66 START
2019-11-28 17:03:16.614 157 INFO rally.task.runner [-] Task e3f6ae49-cc00-40f2-ba8e-d29d07ffc938 | ITER: 44 END: OK
2019-11-28 17:03:16.618 157 INFO rally.task.runner [-] Task e3f6ae49-cc00-40f2-ba8e-d29d07ffc938 | ITER: 67 START
2019-11-28 17:03:16.763 148 INFO rally.task.runner [-] Task e3f6ae49-cc00-40f2-ba8e-d29d07ffc938 | ITER: 63 END: OK
2019-11-28 17:03:16.766 148 INFO rally.task.runner [-] Task e3f6ae49-cc00-40f2-ba8e-d29d07ffc938 | ITER: 68 START
2019-11-28 17:03:16.845 190 INFO rally.task.runner [-] Task e3f6ae49-cc00-40f2-ba8e-d29d07ffc938 | ITER: 51 END: OK
2019-11-28 17:03:16.849 190 INFO rally.task.runner [-] Task e3f6ae49-cc00-40f2-ba8e-d29d07ffc938 | ITER: 69 START
2019-11-28 17:03:16.867 175 INFO rally.task.runner [-] Task e3f6ae49-cc00-40f2-ba8e-d29d07ffc938 | ITER: 57 END: OK
2019-11-28 17:03:16.871 175 INFO rally.task.runner [-] Task e3f6ae49-cc00-40f2-ba8e-d29d07ffc938 | ITER: 70 START
2019-11-28 17:03:16.982 141 INFO rally.task.runner [-] Task e3f6ae49-cc00-40f2-ba8e-d29d07ffc938 | ITER: 47 END: OK
2019-11-28 17:03:16.986 141 INFO rally.task.runner [-] Task e3f6ae49-cc00-40f2-ba8e-d29d07ffc938 | ITER: 71 START
2019-11-28 17:03:17.005 160 INFO rally.task.runner [-] Task e3f6ae49-cc00-40f2-ba8e-d29d07ffc938 | ITER: 48 END: OK
2019-11-28 17:03:17.009 160 INFO rally.task.runner [-] Task e3f6ae49-cc00-40f2-ba8e-d29d07ffc938 | ITER: 72 START
2019-11-28 17:03:17.139 178 INFO rally.task.runner [-] Task e3f6ae49-cc00-40f2-ba8e-d29d07ffc938 | ITER: 60 END: OK
2019-11-28 17:03:17.142 178 INFO rally.task.runner [-] Task e3f6ae49-cc00-40f2-ba8e-d29d07ffc938 | ITER: 73 START
2019-11-28 17:03:18.203 154 INFO rally.task.runner [-] Task e3f6ae49-cc00-40f2-ba8e-d29d07ffc938 | ITER: 49 END: OK
2019-11-28 17:03:18.207 154 INFO rally.task.runner [-] Task e3f6ae49-cc00-40f2-ba8e-d29d07ffc938 | ITER: 74 START
2019-11-28 17:03:18.989 163 INFO rally.task.runner [-] Task e3f6ae49-cc00-40f2-ba8e-d29d07ffc938 | ITER: 50 END: OK
2019-11-28 17:03:18.992 142 INFO rally.task.runner [-] Task e3f6ae49-cc00-40f2-ba8e-d29d07ffc938 | ITER: 52 END: OK
2019-11-28 17:03:18.992 163 INFO rally.task.runner [-] Task e3f6ae49-cc00-40f2-ba8e-d29d07ffc938 | ITER: 75 START
2019-11-28 17:03:18.995 142 INFO rally.task.runner [-] Task e3f6ae49-cc00-40f2-ba8e-d29d07ffc938 | ITER: 76 START
2019-11-28 17:03:19.710 144 INFO rally.task.runner [-] Task e3f6ae49-cc00-40f2-ba8e-d29d07ffc938 | ITER: 53 END: OK
2019-11-28 17:03:19.714 144 INFO rally.task.runner [-] Task e3f6ae49-cc00-40f2-ba8e-d29d07ffc938 | ITER: 77 START
2019-11-28 17:03:20.083 140 INFO rally.task.runner [-] Task e3f6ae49-cc00-40f2-ba8e-d29d07ffc938 | ITER: 55 END: OK
2019-11-28 17:03:20.087 140 INFO rally.task.runner [-] Task e3f6ae49-cc00-40f2-ba8e-d29d07ffc938 | ITER: 78 START
2019-11-28 17:03:20.504 151 INFO rally.task.runner [-] Task e3f6ae49-cc00-40f2-ba8e-d29d07ffc938 | ITER: 59 END: OK
2019-11-28 17:03:20.508 151 INFO rally.task.runner [-] Task e3f6ae49-cc00-40f2-ba8e-d29d07ffc938 | ITER: 79 START
2019-11-28 17:03:20.902 166 INFO rally.task.runner [-] Task e3f6ae49-cc00-40f2-ba8e-d29d07ffc938 | ITER: 64 END: OK
2019-11-28 17:03:20.906 166 INFO rally.task.runner [-] Task e3f6ae49-cc00-40f2-ba8e-d29d07ffc938 | ITER: 80 START
2019-11-28 17:03:21.434 169 INFO rally.task.runner [-] Task e3f6ae49-cc00-40f2-ba8e-d29d07ffc938 | ITER: 61 END: OK
2019-11-28 17:03:21.438 169 INFO rally.task.runner [-] Task e3f6ae49-cc00-40f2-ba8e-d29d07ffc938 | ITER: 81 START
2019-11-28 17:03:22.018 181 INFO rally.task.runner [-] Task e3f6ae49-cc00-40f2-ba8e-d29d07ffc938 | ITER: 54 END: OK
2019-11-28 17:03:22.022 181 INFO rally.task.runner [-] Task e3f6ae49-cc00-40f2-ba8e-d29d07ffc938 | ITER: 82 START
2019-11-28 17:03:22.055 139 INFO rally.task.runner [-] Task e3f6ae49-cc00-40f2-ba8e-d29d07ffc938 | ITER: 58 END: OK
2019-11-28 17:03:22.059 139 INFO rally.task.runner [-] Task e3f6ae49-cc00-40f2-ba8e-d29d07ffc938 | ITER: 83 START
2019-11-28 17:03:22.063 184 INFO rally.task.runner [-] Task e3f6ae49-cc00-40f2-ba8e-d29d07ffc938 | ITER: 62 END: OK
2019-11-28 17:03:22.067 184 INFO rally.task.runner [-] Task e3f6ae49-cc00-40f2-ba8e-d29d07ffc938 | ITER: 84 START
2019-11-28 17:03:23.198 148 INFO rally.task.runner [-] Task e3f6ae49-cc00-40f2-ba8e-d29d07ffc938 | ITER: 68 END: OK
2019-11-28 17:03:23.201 148 INFO rally.task.runner [-] Task e3f6ae49-cc00-40f2-ba8e-d29d07ffc938 | ITER: 85 START
2019-11-28 17:03:23.202 175 INFO rally.task.runner [-] Task e3f6ae49-cc00-40f2-ba8e-d29d07ffc938 | ITER: 70 END: OK
2019-11-28 17:03:23.205 175 INFO rally.task.runner [-] Task e3f6ae49-cc00-40f2-ba8e-d29d07ffc938 | ITER: 86 START
2019-11-28 17:03:23.214 187 INFO rally.task.runner [-] Task e3f6ae49-cc00-40f2-ba8e-d29d07ffc938 | ITER: 66 END: OK
2019-11-28 17:03:23.218 187 INFO rally.task.runner [-] Task e3f6ae49-cc00-40f2-ba8e-d29d07ffc938 | ITER: 87 START
2019-11-28 17:03:23.644 141 INFO rally.task.runner [-] Task e3f6ae49-cc00-40f2-ba8e-d29d07ffc938 | ITER: 71 END: OK
2019-11-28 17:03:23.647 141 INFO rally.task.runner [-] Task e3f6ae49-cc00-40f2-ba8e-d29d07ffc938 | ITER: 88 START
2019-11-28 17:03:23.813 172 INFO rally.task.runner [-] Task e3f6ae49-cc00-40f2-ba8e-d29d07ffc938 | ITER: 65 END: OK
2019-11-28 17:03:23.817 172 INFO rally.task.runner [-] Task e3f6ae49-cc00-40f2-ba8e-d29d07ffc938 | ITER: 89 START
2019-11-28 17:03:25.394 157 INFO rally.task.runner [-] Task e3f6ae49-cc00-40f2-ba8e-d29d07ffc938 | ITER: 67 END: OK
2019-11-28 17:03:25.397 157 INFO rally.task.runner [-] Task e3f6ae49-cc00-40f2-ba8e-d29d07ffc938 | ITER: 90 START
2019-11-28 17:03:25.426 184 INFO rally.task.runner [-] Task e3f6ae49-cc00-40f2-ba8e-d29d07ffc938 | ITER: 84 END: OK
2019-11-28 17:03:25.429 184 INFO rally.task.runner [-] Task e3f6ae49-cc00-40f2-ba8e-d29d07ffc938 | ITER: 91 START
2019-11-28 17:03:25.888 166 INFO rally.task.runner [-] Task e3f6ae49-cc00-40f2-ba8e-d29d07ffc938 | ITER: 80 END: OK
2019-11-28 17:03:25.892 166 INFO rally.task.runner [-] Task e3f6ae49-cc00-40f2-ba8e-d29d07ffc938 | ITER: 92 START
2019-11-28 17:03:25.935 151 INFO rally.task.runner [-] Task e3f6ae49-cc00-40f2-ba8e-d29d07ffc938 | ITER: 79 END: OK
2019-11-28 17:03:25.939 151 INFO rally.task.runner [-] Task e3f6ae49-cc00-40f2-ba8e-d29d07ffc938 | ITER: 93 START
2019-11-28 17:03:26.241 169 INFO rally.task.runner [-] Task e3f6ae49-cc00-40f2-ba8e-d29d07ffc938 | ITER: 81 END: OK
2019-11-28 17:03:26.244 169 INFO rally.task.runner [-] Task e3f6ae49-cc00-40f2-ba8e-d29d07ffc938 | ITER: 94 START
2019-11-28 17:03:27.314 139 INFO rally.task.runner [-] Task e3f6ae49-cc00-40f2-ba8e-d29d07ffc938 | ITER: 83 END: OK
2019-11-28 17:03:27.317 175 INFO rally.task.runner [-] Task e3f6ae49-cc00-40f2-ba8e-d29d07ffc938 | ITER: 86 END: OK
2019-11-28 17:03:27.319 139 INFO rally.task.runner [-] Task e3f6ae49-cc00-40f2-ba8e-d29d07ffc938 | ITER: 95 START
2019-11-28 17:03:27.322 175 INFO rally.task.runner [-] Task e3f6ae49-cc00-40f2-ba8e-d29d07ffc938 | ITER: 96 START
2019-11-28 17:03:27.347 190 INFO rally.task.runner [-] Task e3f6ae49-cc00-40f2-ba8e-d29d07ffc938 | ITER: 69 END: OK
2019-11-28 17:03:27.352 190 INFO rally.task.runner [-] Task e3f6ae49-cc00-40f2-ba8e-d29d07ffc938 | ITER: 97 START
2019-11-28 17:03:27.462 178 INFO rally.task.runner [-] Task e3f6ae49-cc00-40f2-ba8e-d29d07ffc938 | ITER: 73 END: OK
2019-11-28 17:03:27.468 178 INFO rally.task.runner [-] Task e3f6ae49-cc00-40f2-ba8e-d29d07ffc938 | ITER: 98 START
2019-11-28 17:03:27.811 163 INFO rally.task.runner [-] Task e3f6ae49-cc00-40f2-ba8e-d29d07ffc938 | ITER: 75 END: OK
2019-11-28 17:03:27.815 163 INFO rally.task.runner [-] Task e3f6ae49-cc00-40f2-ba8e-d29d07ffc938 | ITER: 99 START
2019-11-28 17:03:28.063 160 INFO rally.task.runner [-] Task e3f6ae49-cc00-40f2-ba8e-d29d07ffc938 | ITER: 72 END: OK
2019-11-28 17:03:28.068 160 INFO rally.task.runner [-] Task e3f6ae49-cc00-40f2-ba8e-d29d07ffc938 | ITER: 100 START
2019-11-28 17:03:28.411 154 INFO rally.task.runner [-] Task e3f6ae49-cc00-40f2-ba8e-d29d07ffc938 | ITER: 74 END: OK
2019-11-28 17:03:28.641 142 INFO rally.task.runner [-] Task e3f6ae49-cc00-40f2-ba8e-d29d07ffc938 | ITER: 76 END: OK
2019-11-28 17:03:28.759 148 INFO rally.task.runner [-] Task e3f6ae49-cc00-40f2-ba8e-d29d07ffc938 | ITER: 85 END: OK
2019-11-28 17:03:28.915 144 INFO rally.task.runner [-] Task e3f6ae49-cc00-40f2-ba8e-d29d07ffc938 | ITER: 77 END: OK
2019-11-28 17:03:28.948 187 INFO rally.task.runner [-] Task e3f6ae49-cc00-40f2-ba8e-d29d07ffc938 | ITER: 87 END: OK
2019-11-28 17:03:29.174 140 INFO rally.task.runner [-] Task e3f6ae49-cc00-40f2-ba8e-d29d07ffc938 | ITER: 78 END: OK
2019-11-28 17:03:29.177 141 INFO rally.task.runner [-] Task e3f6ae49-cc00-40f2-ba8e-d29d07ffc938 | ITER: 88 END: OK
2019-11-28 17:03:29.431 181 INFO rally.task.runner [-] Task e3f6ae49-cc00-40f2-ba8e-d29d07ffc938 | ITER: 82 END: OK
2019-11-28 17:03:30.676 169 INFO rally.task.runner [-] Task e3f6ae49-cc00-40f2-ba8e-d29d07ffc938 | ITER: 94 END: OK
2019-11-28 17:03:32.360 178 INFO rally.task.runner [-] Task e3f6ae49-cc00-40f2-ba8e-d29d07ffc938 | ITER: 98 END: OK
2019-11-28 17:03:32.376 184 INFO rally.task.runner [-] Task e3f6ae49-cc00-40f2-ba8e-d29d07ffc938 | ITER: 91 END: OK
2019-11-28 17:03:32.610 190 INFO rally.task.runner [-] Task e3f6ae49-cc00-40f2-ba8e-d29d07ffc938 | ITER: 97 END: OK
2019-11-28 17:03:32.615 157 INFO rally.task.runner [-] Task e3f6ae49-cc00-40f2-ba8e-d29d07ffc938 | ITER: 90 END: OK
2019-11-28 17:03:32.820 166 INFO rally.task.runner [-] Task e3f6ae49-cc00-40f2-ba8e-d29d07ffc938 | ITER: 92 END: OK
2019-11-28 17:03:32.824 172 INFO rally.task.runner [-] Task e3f6ae49-cc00-40f2-ba8e-d29d07ffc938 | ITER: 89 END: OK
2019-11-28 17:03:33.003 163 INFO rally.task.runner [-] Task e3f6ae49-cc00-40f2-ba8e-d29d07ffc938 | ITER: 99 END: OK
2019-11-28 17:03:33.400 151 INFO rally.task.runner [-] Task e3f6ae49-cc00-40f2-ba8e-d29d07ffc938 | ITER: 93 END: OK
2019-11-28 17:03:33.778 175 INFO rally.task.runner [-] Task e3f6ae49-cc00-40f2-ba8e-d29d07ffc938 | ITER: 96 END: OK
2019-11-28 17:03:34.249 139 INFO rally.task.runner [-] Task e3f6ae49-cc00-40f2-ba8e-d29d07ffc938 | ITER: 95 END: OK
2019-11-28 17:03:34.476 160 INFO rally.task.runner [-] Task e3f6ae49-cc00-40f2-ba8e-d29d07ffc938 | ITER: 100 END: OK
2019-11-28 17:03:34.495 15 INFO rally.task.context [-] Task e3f6ae49-cc00-40f2-ba8e-d29d07ffc938 | Context cleanup@openstack cleanup() started
2019-11-28 17:03:34.498 15 RALLYDEBUG rally_openstack.cleanup.manager [-] Cleaning up neutron vip objects
2019-11-28 17:03:34.718 15 RALLYDEBUG rally_openstack.cleanup.manager [-] Cleaning up neutron health_monitor objects
2019-11-28 17:03:34.938 15 RALLYDEBUG rally_openstack.cleanup.manager [-] Cleaning up neutron pool objects
2019-11-28 17:03:35.173 15 RALLYDEBUG rally_openstack.cleanup.manager [-] Cleaning up neutron loadbalancer objects
2019-11-28 17:03:35.394 15 RALLYDEBUG rally_openstack.cleanup.manager [-] Cleaning up neutron floatingip objects
2019-11-28 17:03:35.618 15 RALLYDEBUG rally_openstack.cleanup.manager [-] Cleaning up neutron trunk objects
2019-11-28 17:03:35.829 15 DEBUG neutronclient.v2_0.client [-] Error message: {"message": "The resource could not be found.

\n\n\n", "code": "404 Not Found", "title": "Not Found"} _handle_fault_response /usr/lib/python2.7/site-packages/neutronclient/v2_0/client.py:259
2019-11-28 17:03:35.839 15 RALLYDEBUG rally_openstack.cleanup.manager [-] Cleaning up neutron port objects
2019-11-28 17:03:36.097 15 RALLYDEBUG rally_openstack.cleanup.manager [-] Cleaning up neutron subnet objects
2019-11-28 17:03:36.345 15 RALLYDEBUG rally_openstack.cleanup.manager [-] Cleaning up neutron network objects
2019-11-28 17:03:36.974 15 RALLYDEBUG rally_openstack.cleanup.manager [-] Deleting neutron.network object s_rally_306fcb5c_98v1tQDx (0693cf5d-cad7-407b-8f43-f04641ded3be)
2019-11-28 17:03:36.982 15 RALLYDEBUG rally_openstack.cleanup.manager [-] Deleting neutron.network object s_rally_306fcb5c_lCZF8Vqr (0916b8b8-c505-4d74-9ab5-8a5534dbf22b)
2019-11-28 17:03:36.977 15 RALLYDEBUG rally_openstack.cleanup.manager [-] Deleting neutron.network object s_rally_306fcb5c_0NCdugGC (053b8e7d-8613-43c9-95bd-645592344afc)
2019-11-28 17:03:36.994 15 RALLYDEBUG rally_openstack.cleanup.manager [-] Deleting neutron.network object s_rally_306fcb5c_XXbxV2bI (008d2653-5fa9-406f-872a-eff88d357ed4)
2019-11-28 17:03:36.991 15 RALLYDEBUG rally_openstack.cleanup.manager [-] Deleting neutron.network object s_rally_306fcb5c_2167yMs9 (0243c9d0-35e8-4a23-89cd-7b0db82e9e69)
2019-11-28 17:03:37.019 15 RALLYDEBUG rally_openstack.cleanup.manager [-] Deleting neutron.network object s_rally_306fcb5c_H9LdTpxq (0790c2ca-a019-4f64-b53d-14eac9bb95e2)
2019-11-28 17:03:37.042 15 RALLYDEBUG rally_openstack.cleanup.manager [-] Deleting neutron.network object s_rally_306fcb5c_VGbN37bE (149fedad-10e0-48db-8614-d488b84f0184)
2019-11-28 17:03:37.062 15 RALLYDEBUG rally_openstack.cleanup.manager [-] Deleting neutron.network object s_rally_306fcb5c_rZjWcHTn (1841b235-97fe-4156-9e3c-585fddb5e4ae)
2019-11-28 17:03:37.063 15 RALLYDEBUG rally_openstack.cleanup.manager [-] Deleting neutron.network object s_rally_306fcb5c_7Xy2QEn2 (0bb3ec92-ca48-4548-a684-97b3395d9bd4)
2019-11-28 17:03:37.039 15 RALLYDEBUG rally_openstack.cleanup.manager [-] Deleting neutron.network object s_rally_306fcb5c_tIJigZQY (15c50c35-59e2-4db8-8bd6-753a6d7950c7)
2019-11-28 17:03:37.095 15 RALLYDEBUG rally_openstack.cleanup.manager [-] Deleting neutron.network object s_rally_306fcb5c_zshHYsKq (20ea708a-f53d-428f-b54a-e1ad08223189)
2019-11-28 17:03:37.106 15 RALLYDEBUG rally_openstack.cleanup.manager [-] Deleting neutron.network object s_rally_306fcb5c_30SrQnNg (1cfe57ba-f1ed-43e2-a0de-98cf96bcbc65)
2019-11-28 17:03:37.093 15 RALLYDEBUG rally_openstack.cleanup.manager [-] Deleting neutron.network object s_rally_306fcb5c_tsRrEt31 (1c9802d0-e335-4533-b0a3-2cfe0c6b8f9f)
2019-11-28 17:03:37.125 15 RALLYDEBUG rally_openstack.cleanup.manager [-] Deleting neutron.network object s_rally_306fcb5c_CJtusBrL (25ae1460-7b2f-4c30-9071-f579d3a8b03f)
2019-11-28 17:03:37.147 15 RALLYDEBUG rally_openstack.cleanup.manager [-] Deleting neutron.network object s_rally_306fcb5c_lroDq2sw (2c18ab0a-cdab-40e6-ad9b-69a325b2b750)
2019-11-28 17:03:37.143 15 RALLYDEBUG rally_openstack.cleanup.manager [-] Deleting neutron.network object s_rally_306fcb5c_cAuJrC9e (2a2291be-fde9-430d-87b0-3de5fbcb9a9d)
2019-11-28 17:03:37.149 15 RALLYDEBUG rally_openstack.cleanup.manager [-] Deleting neutron.network object s_rally_306fcb5c_kHBSD0WS (264295d3-678a-40b7-a75e-21a648b8e714)
2019-11-28 17:03:37.162 15 RALLYDEBUG rally_openstack.cleanup.manager [-] Deleting neutron.network object s_rally_306fcb5c_X0Jw8tr8 (2691e745-7e76-4a9e-9dc4-5f2d34208745)
2019-11-28 17:03:37.178 15 RALLYDEBUG rally_openstack.cleanup.manager [-] Deleting neutron.network object s_rally_306fcb5c_e10ff56s (2d009594-c4d6-4cf1-8820-eadaf38d79d2)
2019-11-28 17:03:37.230 15 RALLYDEBUG rally_openstack.cleanup.manager [-] Deleting neutron.network object s_rally_306fcb5c_sjKZdQ7S (2e56b38f-f83a-4346-a4d6-3fdbe80b7a5e)
2019-11-28 17:03:40.833 15 RALLYDEBUG rally_openstack.cleanup.manager [-] Deleting neutron.network object s_rally_306fcb5c_s5OVWob2 (3023f0fd-dae0-48ef-96e9-8e83d6b48e46)
2019-11-28 17:03:40.957 15 RALLYDEBUG rally_openstack.cleanup.manager [-] Deleting neutron.network object s_rally_306fcb5c_OSYcIVpC (3426164c-f52d-43c7-8422-9efce4116f8c)
2019-11-28 17:03:43.511 15 RALLYDEBUG rally_openstack.cleanup.manager [-] Deleting neutron.network object s_rally_306fcb5c_T7NLB6mY (37ad3a2b-68f7-49d4-b454-1bc5ccaa1bc9)
2019-11-28 17:03:43.676 15 RALLYDEBUG rally_openstack.cleanup.manager [-] Deleting neutron.network object s_rally_306fcb5c_i8wqw0hb (3e9977a1-20b1-46a7-afec-4c2c7aa38c79)
2019-11-28 17:03:43.862 15 RALLYDEBUG rally_openstack.cleanup.manager [-] Deleting neutron.network object s_rally_306fcb5c_MGSBEWEd (47925e70-0f47-4fed-8fe3-2cd8de9b0dda)
2019-11-28 17:03:43.887 15 RALLYDEBUG rally_openstack.cleanup.manager [-] Deleting neutron.network object s_rally_306fcb5c_rmrVRgXU (4c407307-2409-4810-8bb4-0f127728247b)
2019-11-28 17:03:43.929 15 RALLYDEBUG rally_openstack.cleanup.manager [-] Deleting neutron.network object s_rally_306fcb5c_VuPkzG3h (4f447a07-c564-437c-b3fd-75ed2ed12ab1)
2019-11-28 17:03:43.966 15 RALLYDEBUG rally_openstack.cleanup.manager [-] Deleting neutron.network object s_rally_306fcb5c_UTUii8xP (524c43df-f897-4a43-bf03-e8a8b947b664)
2019-11-28 17:03:44.471 15 RALLYDEBUG rally_openstack.cleanup.manager [-] Deleting neutron.network object s_rally_306fcb5c_HMcDvIeG (537198ba-6012-4bd5-a61e-7125f8a40a60)
2019-11-28 17:03:45.677 15 RALLYDEBUG rally_openstack.cleanup.manager [-] Deleting neutron.network object s_rally_306fcb5c_54250Cav (5665f9e1-2c9c-4568-b1cb-a52d2c420670)
2019-11-28 17:03:45.766 15 RALLYDEBUG rally_openstack.cleanup.manager [-] Deleting neutron.network object s_rally_306fcb5c_xBuM4vxG (56a3193c-f8e8-433d-8278-3a60812ba541)
2019-11-28 17:03:45.927 15 RALLYDEBUG rally_openstack.cleanup.manager [-] Deleting neutron.network object s_rally_306fcb5c_jXKZfxkI (57a267a8-cd11-4c10-87fd-7a08e8210fc3)
2019-11-28 17:03:46.149 15 RALLYDEBUG rally_openstack.cleanup.manager [-] Deleting neutron.network object s_rally_306fcb5c_f8cIf3zU (5ab7fb27-baf7-4984-b258-37f0fdc25d37)
2019-11-28 17:03:46.190 15 RALLYDEBUG rally_openstack.cleanup.manager [-] Deleting neutron.network object s_rally_306fcb5c_CykTIaYz (5c516d6b-249a-450d-9fa8-1f0751d7363e)
2019-11-28 17:03:46.307 15 RALLYDEBUG rally_openstack.cleanup.manager [-] Deleting neutron.network object s_rally_306fcb5c_lBV9F8J9 (5cb22e66-0ce0-42b8-81c2-b21574adfbf1)
2019-11-28 17:03:46.635 15 RALLYDEBUG rally_openstack.cleanup.manager [-] Deleting neutron.network object s_rally_306fcb5c_wZniRPpR (5dfefb5b-c490-4f1f-b540-cb0130a02ba2)
2019-11-28 17:03:46.723 15 RALLYDEBUG rally_openstack.cleanup.manager [-] Deleting neutron.network object s_rally_306fcb5c_8CtivSdA (6764963c-64f6-464c-a83d-382f791bf258)
2019-11-28 17:03:46.738 15 RALLYDEBUG rally_openstack.cleanup.manager [-] Deleting neutron.network object s_rally_306fcb5c_EnsJtjif (67ae75b0-e1ac-422c-8eb4-882b16386d19)
2019-11-28 17:03:46.814 15 RALLYDEBUG rally_openstack.cleanup.manager [-] Deleting neutron.network object s_rally_306fcb5c_G7omC1Tp (67ff7157-cd65-4388-8f89-7cf50610a9b9)
2019-11-28 17:03:47.043 15 RALLYDEBUG rally_openstack.cleanup.manager [-] Deleting neutron.network object s_rally_306fcb5c_TxaC0qvc (6a23b27a-bf34-4334-87c3-7352b3539640)
2019-11-28 17:03:47.451 15 RALLYDEBUG rally_openstack.cleanup.manager [-] Deleting neutron.network object s_rally_306fcb5c_Utg3a1Kh (6b2dcd3f-080b-41cf-9066-c41a5b0fe6e7)
2019-11-28 17:03:47.701 15 RALLYDEBUG rally_openstack.cleanup.manager [-] Deleting neutron.network object s_rally_306fcb5c_lVxqS6Wr (6bb90f4a-2ef7-430e-851b-a754bbfd1fa7)
2019-11-28 17:03:48.076 15 RALLYDEBUG rally_openstack.cleanup.manager [-] Deleting neutron.network object s_rally_306fcb5c_34qdewWf (6e908f6b-3013-4157-bff0-8ec6e0aa403c)
2019-11-28 17:03:48.889 15 RALLYDEBUG rally_openstack.cleanup.manager [-] Deleting neutron.network object s_rally_306fcb5c_nRn3ZWJL (70322889-217f-44db-bdd4-372615eac62f)
2019-11-28 17:03:49.230 15 RALLYDEBUG rally_openstack.cleanup.manager [-] Deleting neutron.network object s_rally_306fcb5c_pD0No4D9 (704d72b4-c051-4088-9df7-887d374655af)
2019-11-28 17:03:50.249 15 RALLYDEBUG rally_openstack.cleanup.manager [-] Deleting neutron.network object s_rally_306fcb5c_tqirlvAn (7746fd9c-ef77-41bd-8e4a-79989fe215da)
2019-11-28 17:03:51.491 15 RALLYDEBUG rally_openstack.cleanup.manager [-] Deleting neutron.network object s_rally_306fcb5c_QqUFeWfM (780036a5-ff6f-4baa-a0c6-5837b2f57419)
2019-11-28 17:03:51.898 15 RALLYDEBUG rally_openstack.cleanup.manager [-] Deleting neutron.network object s_rally_306fcb5c_bcHKJG7B (78eb4c04-7b80-4e91-93fb-fe72e44c9241)
2019-11-28 17:03:51.948 15 RALLYDEBUG rally_openstack.cleanup.manager [-] Deleting neutron.network object s_rally_306fcb5c_Urp0LGB8 (7ae024c4-058f-4eb3-88b3-bb11da5e87e4)
2019-11-28 17:03:52.012 15 RALLYDEBUG rally_openstack.cleanup.manager [-] Deleting neutron.network object s_rally_306fcb5c_X0p5Ia9L (7d534135-3688-4037-9cf2-942e7b848a67)
2019-11-28 17:03:52.016 15 RALLYDEBUG rally_openstack.cleanup.manager [-] Deleting neutron.network object s_rally_306fcb5c_Z25wuHvm (7f676be2-d7f7-48c6-b90b-2f3e9d57c62c)
2019-11-28 17:03:52.430 15 RALLYDEBUG rally_openstack.cleanup.manager [-] Deleting neutron.network object s_rally_306fcb5c_vmH9UkeU (81abd70f-3862-4301-938e-72d0986a657a)
2019-11-28 17:03:52.501 15 RALLYDEBUG rally_openstack.cleanup.manager [-] Deleting neutron.network object s_rally_306fcb5c_ew9KaHCw (88b8f436-d4bf-431e-903b-a7e3e39cbff5)
2019-11-28 17:03:52.521 15 RALLYDEBUG rally_openstack.cleanup.manager [-] Deleting neutron.network object s_rally_306fcb5c_rVc9tTqq (8a46c815-627a-46ab-aeed-6fa0d79f17ba)
2019-11-28 17:03:52.758 15 RALLYDEBUG rally_openstack.cleanup.manager [-] Deleting neutron.network object s_rally_306fcb5c_3jlq9qNK (8e023a65-e47c-47c7-89fa-0e5701b09b06)
2019-11-28 17:03:52.821 15 RALLYDEBUG rally_openstack.cleanup.manager [-] Deleting neutron.network object s_rally_306fcb5c_LX2YR9gT (9413c465-a209-4fc3-9ef7-18ae03b61342)
2019-11-28 17:03:53.038 15 RALLYDEBUG rally_openstack.cleanup.manager [-] Deleting neutron.network object s_rally_306fcb5c_8ppDrRZ8 (95e061f1-7391-40c4-9410-52e8eb3c9649)
2019-11-28 17:03:53.399 15 RALLYDEBUG rally_openstack.cleanup.manager [-] Deleting neutron.network object s_rally_306fcb5c_vqMYBiMB (9e057ec2-7b2f-4050-a8d2-431aa16bcfcb)
2019-11-28 17:03:54.106 15 RALLYDEBUG rally_openstack.cleanup.manager [-] Deleting neutron.network object s_rally_306fcb5c_smsNsW0x (9e06008d-ac4d-4fda-a90d-afc672d7b45c)
2019-11-28 17:03:54.178 15 RALLYDEBUG rally_openstack.cleanup.manager [-] Deleting neutron.network object s_rally_306fcb5c_8mo1xKqu (9f60fba0-50b0-417d-ad30-f11a596da482)
2019-11-28 17:03:54.231 15 RALLYDEBUG rally_openstack.cleanup.manager [-] Deleting neutron.network object s_rally_306fcb5c_zsxD8daO (a369783e-3ab9-4993-8541-604f885a9a17)
2019-11-28 17:03:54.239 15 RALLYDEBUG rally_openstack.cleanup.manager [-] Deleting neutron.network object s_rally_306fcb5c_Iy1qNFC7 (a4126165-5e7c-43ce-8ab3-38f62b041c43)
2019-11-28 17:03:55.072 15 RALLYDEBUG rally_openstack.cleanup.manager [-] Deleting neutron.network object s_rally_306fcb5c_aP74ByHa (a4e67137-316e-4fd9-80fa-a4b6b6e0b419)
2019-11-28 17:03:55.889 15 RALLYDEBUG rally_openstack.cleanup.manager [-] Deleting neutron.network object s_rally_306fcb5c_x1izhLiI (a75312bd-0cbb-4573-9f0d-c17753b16e6e)
2019-11-28 17:03:55.958 15 RALLYDEBUG rally_openstack.cleanup.manager [-] Deleting neutron.network object s_rally_306fcb5c_5nckvYc5 (ac41db44-d7c8-4077-872f-468f1e4d774b)
2019-11-28 17:03:56.017 15 RALLYDEBUG rally_openstack.cleanup.manager [-] Deleting neutron.network object s_rally_306fcb5c_M9201EAG (ac7c87a1-45eb-42b6-aedb-162406d9daad)
2019-11-28 17:03:56.852 15 RALLYDEBUG rally_openstack.cleanup.manager [-] Deleting neutron.network object s_rally_306fcb5c_d4XuM7Re (adae7e3e-82f5-4a89-be74-56dd9f9ad01c)
2019-11-28 17:03:57.060 15 RALLYDEBUG rally_openstack.cleanup.manager [-] Deleting neutron.network object s_rally_306fcb5c_QqZXpftV (b22b875c-50fc-4242-b7f0-b53f25ef1089)
2019-11-28 17:03:57.457 15 RALLYDEBUG rally_openstack.cleanup.manager [-] Deleting neutron.network object s_rally_306fcb5c_DPW99NIl (b325e59c-968f-4d09-ab07-ce44e4358b5c)
2019-11-28 17:03:57.523 15 RALLYDEBUG rally_openstack.cleanup.manager [-] Deleting neutron.network object s_rally_306fcb5c_RbjiWl1D (b66821a2-ea8f-4771-adf6-9359338d682a)
2019-11-28 17:03:57.976 15 RALLYDEBUG rally_openstack.cleanup.manager [-] Deleting neutron.network object s_rally_306fcb5c_8Oo7uWHw (b8381ef6-7fce-4bc3-b099-3d4f9143dd77)
2019-11-28 17:03:59.012 15 RALLYDEBUG rally_openstack.cleanup.manager [-] Deleting neutron.network object s_rally_306fcb5c_O1ZiKxcj (bd903f65-8658-4185-90a9-4e30e159e260)
2019-11-28 17:03:59.283 15 RALLYDEBUG rally_openstack.cleanup.manager [-] Deleting neutron.network object s_rally_306fcb5c_9mVzbl5X (bda16cff-66cc-4715-a77e-b5ddb5dda614)
2019-11-28 17:03:59.341 15 RALLYDEBUG rally_openstack.cleanup.manager [-] Deleting neutron.network object s_rally_306fcb5c_NklfmmwN (bdf65805-ceff-477c-ad2d-d31f23743d0f)
2019-11-28 17:04:00.300 15 RALLYDEBUG rally_openstack.cleanup.manager [-] Deleting neutron.network object s_rally_306fcb5c_SslcqMGd (be9ab806-73c9-4684-9bf0-22e8abf68e6d)
2019-11-28 17:04:00.624 15 RALLYDEBUG rally_openstack.cleanup.manager [-] Deleting neutron.network object s_rally_306fcb5c_0UiNQmfY (beb7b251-76dd-4ec2-9067-b378479a1aa7)
2019-11-28 17:04:00.645 15 RALLYDEBUG rally_openstack.cleanup.manager [-] Deleting neutron.network object s_rally_306fcb5c_Au7LNP3v (c1effb27-76ed-4d37-b7c3-a695aeb03776)
2019-11-28 17:04:00.696 15 RALLYDEBUG rally_openstack.cleanup.manager [-] Deleting neutron.network object s_rally_306fcb5c_EzwoFJpA (c8c61c70-765c-4dd6-ba67-7326aedc7165)
2019-11-28 17:04:01.056 15 RALLYDEBUG rally_openstack.cleanup.manager [-] Deleting neutron.network object s_rally_306fcb5c_k84eMIbV (cd35d673-115d-40b8-af2c-c094d4986e6b)
2019-11-28 17:04:01.088 15 RALLYDEBUG rally_openstack.cleanup.manager [-] Deleting neutron.network object s_rally_306fcb5c_nqu63k8C (cd3c73d9-c0b2-4e4e-9ae3-b15e4537bf0f)
