2019-11-28 17:50:10.506 5043 RALLYDEBUG rally.task.runner [-] Starting a worker. concurrency: 1 args: {"max_quota": 1024} times: 40 method_name: run timeout: 0 duration: None cls:
2019-11-28 17:50:10.508 5033 INFO rally.task.runner [-] Task e3f6ae49-cc00-40f2-ba8e-d29d07ffc938 | ITER: 15 START
2019-11-28 17:50:10.509 5045 RALLYDEBUG rally.task.runner [-] Starting a worker. concurrency: 1 args: {"max_quota": 1024} times: 40 method_name: run timeout: 0 duration: None cls:
2019-11-28 17:50:10.511 5038 INFO rally.task.runner [-] Task e3f6ae49-cc00-40f2-ba8e-d29d07ffc938 | ITER: 16 START
2019-11-28 17:50:10.511 5049 RALLYDEBUG rally.task.runner [-] Starting a worker. concurrency: 1 args: {"max_quota": 1024} times: 40 method_name: run timeout: 0 duration: None cls:
2019-11-28 17:50:10.512 5041 INFO rally.task.runner [-] Task e3f6ae49-cc00-40f2-ba8e-d29d07ffc938 | ITER: 17 START
2019-11-28 17:50:10.516 5043 INFO rally.task.runner [-] Task e3f6ae49-cc00-40f2-ba8e-d29d07ffc938 | ITER: 18 START
2019-11-28 17:50:10.520 5045 INFO rally.task.runner [-] Task e3f6ae49-cc00-40f2-ba8e-d29d07ffc938 | ITER: 19 START
2019-11-28 17:50:10.521 5049 INFO rally.task.runner [-] Task e3f6ae49-cc00-40f2-ba8e-d29d07ffc938 | ITER: 20 START
2019-11-28 17:50:10.978 5004 INFO rally.task.runner [-] Task e3f6ae49-cc00-40f2-ba8e-d29d07ffc938 | ITER: 2 END: OK
2019-11-28 17:50:10.982 5003 INFO rally.task.runner [-] Task e3f6ae49-cc00-40f2-ba8e-d29d07ffc938 | ITER: 1 END: OK
2019-11-28 17:50:10.986 5004 INFO rally.task.runner [-] Task e3f6ae49-cc00-40f2-ba8e-d29d07ffc938 | ITER: 21 START
2019-11-28 17:50:10.992 5003 INFO rally.task.runner [-] Task e3f6ae49-cc00-40f2-ba8e-d29d07ffc938 | ITER: 22 START
2019-11-28 17:50:11.501 5006 INFO rally.task.runner [-] Task e3f6ae49-cc00-40f2-ba8e-d29d07ffc938 | ITER: 4 END: OK
2019-11-28 17:50:11.511 5006 INFO rally.task.runner [-] Task e3f6ae49-cc00-40f2-ba8e-d29d07ffc938 | ITER: 23 START
2019-11-28 17:50:11.567 5007 INFO rally.task.runner [-] Task e3f6ae49-cc00-40f2-ba8e-d29d07ffc938 | ITER: 5 END: OK
2019-11-28 17:50:11.576 5007 INFO rally.task.runner [-] Task e3f6ae49-cc00-40f2-ba8e-d29d07ffc938 | ITER: 24 START
2019-11-28 17:50:11.640 5009 INFO rally.task.runner [-] Task e3f6ae49-cc00-40f2-ba8e-d29d07ffc938 | ITER: 7 END: OK
2019-11-28 17:50:11.649 5009 INFO rally.task.runner [-] Task e3f6ae49-cc00-40f2-ba8e-d29d07ffc938 | ITER: 25 START
2019-11-28 17:50:11.650 5005 INFO rally.task.runner [-] Task e3f6ae49-cc00-40f2-ba8e-d29d07ffc938 | ITER: 3 END: OK
2019-11-28 17:50:11.659 5005 INFO rally.task.runner [-] Task e3f6ae49-cc00-40f2-ba8e-d29d07ffc938 | ITER: 26 START
2019-11-28 17:50:11.675 5017 INFO rally.task.runner [-] Task e3f6ae49-cc00-40f2-ba8e-d29d07ffc938 | ITER: 9 END: OK
2019-11-28 17:50:11.683 5017 INFO rally.task.runner [-] Task e3f6ae49-cc00-40f2-ba8e-d29d07ffc938 | ITER: 27 START
2019-11-28 17:50:11.770 5008 INFO rally.task.runner [-] Task e3f6ae49-cc00-40f2-ba8e-d29d07ffc938 | ITER: 6 END: OK
2019-11-28 17:50:11.779 5008 INFO rally.task.runner [-] Task e3f6ae49-cc00-40f2-ba8e-d29d07ffc938 | ITER: 28 START
2019-11-28 17:50:11.836 5038 INFO rally.task.runner [-] Task e3f6ae49-cc00-40f2-ba8e-d29d07ffc938 | ITER: 16 END: OK
2019-11-28 17:50:11.844 5031 INFO rally.task.runner [-] Task e3f6ae49-cc00-40f2-ba8e-d29d07ffc938 | ITER: 14 END: OK
2019-11-28 17:50:11.845 5038 INFO rally.task.runner [-] Task e3f6ae49-cc00-40f2-ba8e-d29d07ffc938 | ITER: 29 START
2019-11-28 17:50:11.853 5031 INFO rally.task.runner [-] Task e3f6ae49-cc00-40f2-ba8e-d29d07ffc938 | ITER: 30 START
2019-11-28 17:50:12.030 5012 INFO rally.task.runner [-] Task e3f6ae49-cc00-40f2-ba8e-d29d07ffc938 | ITER: 8 END: OK
2019-11-28 17:50:12.039 5012 INFO rally.task.runner [-] Task e3f6ae49-cc00-40f2-ba8e-d29d07ffc938 | ITER: 31 START
2019-11-28 17:50:12.153 5021 INFO rally.task.runner [-] Task e3f6ae49-cc00-40f2-ba8e-d29d07ffc938 | ITER: 11 END: OK
2019-11-28 17:50:12.162 5021 INFO rally.task.runner [-] Task e3f6ae49-cc00-40f2-ba8e-d29d07ffc938 | ITER: 32 START
2019-11-28 17:50:12.166 5019 INFO rally.task.runner [-] Task e3f6ae49-cc00-40f2-ba8e-d29d07ffc938 | ITER: 10 END: OK
2019-11-28 17:50:12.167 5029 INFO rally.task.runner [-] Task e3f6ae49-cc00-40f2-ba8e-d29d07ffc938 | ITER: 13 END: OK
2019-11-28 17:50:12.169 5041 INFO rally.task.runner [-] Task e3f6ae49-cc00-40f2-ba8e-d29d07ffc938 | ITER: 17 END: OK
2019-11-28 17:50:12.178 5041 INFO rally.task.runner [-] Task e3f6ae49-cc00-40f2-ba8e-d29d07ffc938 | ITER: 35 START
2019-11-28 17:50:12.178 5019 INFO rally.task.runner [-] Task e3f6ae49-cc00-40f2-ba8e-d29d07ffc938 | ITER: 33 START
2019-11-28 17:50:12.178 5029 INFO rally.task.runner [-] Task e3f6ae49-cc00-40f2-ba8e-d29d07ffc938 | ITER: 34 START
2019-11-28 17:50:12.181 5033 INFO rally.task.runner [-] Task e3f6ae49-cc00-40f2-ba8e-d29d07ffc938 | ITER: 15 END: OK
2019-11-28 17:50:12.190 5033 INFO rally.task.runner [-] Task e3f6ae49-cc00-40f2-ba8e-d29d07ffc938 | ITER: 36 START
2019-11-28 17:50:12.202 5043 INFO rally.task.runner [-] Task e3f6ae49-cc00-40f2-ba8e-d29d07ffc938 | ITER: 18 END: OK
2019-11-28 17:50:12.210 5043 INFO rally.task.runner [-] Task e3f6ae49-cc00-40f2-ba8e-d29d07ffc938 | ITER: 37 START
2019-11-28 17:50:12.235 5024 INFO rally.task.runner [-] Task e3f6ae49-cc00-40f2-ba8e-d29d07ffc938 | ITER: 12 END: OK
2019-11-28 17:50:12.237 5045 INFO rally.task.runner [-] Task e3f6ae49-cc00-40f2-ba8e-d29d07ffc938 | ITER: 19 END: OK
2019-11-28 17:50:12.243 5024 INFO rally.task.runner [-] Task e3f6ae49-cc00-40f2-ba8e-d29d07ffc938 | ITER: 38 START
2019-11-28 17:50:12.245 5045 INFO rally.task.runner [-] Task e3f6ae49-cc00-40f2-ba8e-d29d07ffc938 | ITER: 39 START
2019-11-28 17:50:12.319 5049 INFO rally.task.runner [-] Task e3f6ae49-cc00-40f2-ba8e-d29d07ffc938 | ITER: 20 END: OK
2019-11-28 17:50:12.328 5049 INFO rally.task.runner [-] Task e3f6ae49-cc00-40f2-ba8e-d29d07ffc938 | ITER: 40 START
2019-11-28 17:50:12.394 5003 INFO rally.task.runner [-] Task e3f6ae49-cc00-40f2-ba8e-d29d07ffc938 | ITER: 22 END: OK
2019-11-28 17:50:12.406 5004 INFO rally.task.runner [-] Task e3f6ae49-cc00-40f2-ba8e-d29d07ffc938 | ITER: 21 END: OK
2019-11-28 17:50:12.688 5006 INFO rally.task.runner [-] Task e3f6ae49-cc00-40f2-ba8e-d29d07ffc938 | ITER: 23 END: OK
2019-11-28 17:50:12.724 5007 INFO rally.task.runner [-] Task e3f6ae49-cc00-40f2-ba8e-d29d07ffc938 | ITER: 24 END: OK
2019-11-28 17:50:12.894 5038 INFO rally.task.runner [-] Task e3f6ae49-cc00-40f2-ba8e-d29d07ffc938 | ITER: 29 END: OK
2019-11-28 17:50:12.933 5031 INFO rally.task.runner [-] Task e3f6ae49-cc00-40f2-ba8e-d29d07ffc938 | ITER: 30 END: OK
2019-11-28 17:50:12.954 5009 INFO rally.task.runner [-] Task e3f6ae49-cc00-40f2-ba8e-d29d07ffc938 | ITER: 25 END: OK
2019-11-28 17:50:12.989 5017 INFO rally.task.runner [-] Task e3f6ae49-cc00-40f2-ba8e-d29d07ffc938 | ITER: 27 END: OK
2019-11-28 17:50:13.015 5005 INFO rally.task.runner [-] Task e3f6ae49-cc00-40f2-ba8e-d29d07ffc938 | ITER: 26 END: OK
2019-11-28 17:50:13.081 5008 INFO rally.task.runner [-] Task e3f6ae49-cc00-40f2-ba8e-d29d07ffc938 | ITER: 28 END: OK
2019-11-28 17:50:13.126 5043 INFO rally.task.runner [-] Task e3f6ae49-cc00-40f2-ba8e-d29d07ffc938 | ITER: 37 END: OK
2019-11-28 17:50:13.195 5021 INFO rally.task.runner [-] Task e3f6ae49-cc00-40f2-ba8e-d29d07ffc938 | ITER: 32 END: OK
2019-11-28 17:50:13.242 5029 INFO rally.task.runner [-] Task e3f6ae49-cc00-40f2-ba8e-d29d07ffc938 | ITER: 34 END: OK
2019-11-28 17:50:13.284 5012 INFO rally.task.runner [-] Task e3f6ae49-cc00-40f2-ba8e-d29d07ffc938 | ITER: 31 END: OK
2019-11-28 17:50:13.436 5045 INFO rally.task.runner [-] Task e3f6ae49-cc00-40f2-ba8e-d29d07ffc938 | ITER: 39 END: OK
2019-11-28 17:50:13.460 5033 INFO rally.task.runner [-] Task e3f6ae49-cc00-40f2-ba8e-d29d07ffc938 | ITER: 36 END: OK
2019-11-28 17:50:13.504 5024 INFO rally.task.runner [-] Task e3f6ae49-cc00-40f2-ba8e-d29d07ffc938 | ITER: 38 END: OK
2019-11-28 17:50:13.597 5019 INFO rally.task.runner [-] Task e3f6ae49-cc00-40f2-ba8e-d29d07ffc938 | ITER: 33 END: OK
2019-11-28 17:50:13.663 5041 INFO rally.task.runner [-] Task e3f6ae49-cc00-40f2-ba8e-d29d07ffc938 | ITER: 35 END: OK
2019-11-28 17:50:13.710 5049 INFO rally.task.runner [-] Task e3f6ae49-cc00-40f2-ba8e-d29d07ffc938 | ITER: 40 END: OK
2019-11-28 17:50:13.732 15 INFO rally.task.context [-] Task e3f6ae49-cc00-40f2-ba8e-d29d07ffc938 | Context admin_cleanup@openstack cleanup() started
2019-11-28 17:50:13.735 15 RALLYDEBUG rally_openstack.cleanup.manager [-] Cleaning up neutron quota objects
2019-11-28 17:50:14.620 15 INFO rally.task.context [-] Task e3f6ae49-cc00-40f2-ba8e-d29d07ffc938 | Context admin_cleanup@openstack cleanup() finished in 0.89 sec
2019-11-28 17:50:14.620 15 INFO rally.task.context [-] Task e3f6ae49-cc00-40f2-ba8e-d29d07ffc938 | Context users@openstack cleanup() started
2019-11-28 17:50:35.605 15 INFO rally.task.context [-] Task e3f6ae49-cc00-40f2-ba8e-d29d07ffc938 | Context users@openstack cleanup() finished in 20.98 sec
2019-11-28 17:50:35.948 15 INFO rally.task.engine [-] Load duration is: 3.239863
2019-11-28 17:50:35.949 15 INFO rally.task.engine [-] Full runner duration is: 3.287038
2019-11-28 17:50:35.949 15 INFO rally.task.engine [-] Full duration is: 31.886147
2019-11-28 17:50:36.032 15 INFO rally.task.engine [-] Task e3f6ae49-cc00-40f2-ba8e-d29d07ffc938 | Completed: Running task.
2019-11-28 17:50:37.104 5163 RALLYDEBUG rally.api [-] INFO logs from urllib3 and requests module are hide.
2019-11-28 17:50:37.104 5163 RALLYDEBUG rally.api [-] urllib3 insecure warnings are hidden.
2019-11-28 17:50:37.104 5163 RALLYDEBUG rally.api [-] ERROR log from boto module is hide.
2019-11-28 17:50:37.899 5164 RALLYDEBUG rally.api [-] INFO logs from urllib3 and requests module are hide.
2019-11-28 17:50:37.900 5164 RALLYDEBUG rally.api [-] urllib3 insecure warnings are hidden.
2019-11-28 17:50:37.900 5164 RALLYDEBUG rally.api [-] ERROR log from boto module is hide.
2019-11-28 17:50:38.911 5165 RALLYDEBUG rally.api [-] INFO logs from urllib3 and requests module are hide.
2019-11-28 17:50:38.911 5165 RALLYDEBUG rally.api [-] urllib3 insecure warnings are hidden.
2019-11-28 17:50:38.911 5165 RALLYDEBUG rally.api [-] ERROR log from boto module is hide.
2019-11-28 17:50:40.161 5165 INFO rally.common.plugin.discover [-] Loading plugins from directories /root/.rally/plugins/*
2019-11-28 17:50:40.161 5165 INFO rally.common.plugin.discover [-] Loaded module with plugins: /root/.rally/plugins/__init__.py
2019-11-28 17:50:40.163 5165 INFO rally.common.plugin.discover [-] Loaded module with plugins: /root/.rally/plugins/trunk_scenario.py
2019-11-28 17:50:40.372 5165 INFO rally.api [-] Building 'json' report for the following task(s): 'e3f6ae49-cc00-40f2-ba8e-d29d07ffc938'.
2019-11-28 17:50:40.511 5165 INFO rally.api [-] The report has been successfully built.
2019-11-28 17:50:41.433 5167 RALLYDEBUG rally.api [-] INFO logs from urllib3 and requests module are hide.
2019-11-28 17:50:41.434 5167 RALLYDEBUG rally.api [-] urllib3 insecure warnings are hidden.
2019-11-28 17:50:41.434 5167 RALLYDEBUG rally.api [-] ERROR log from boto module is hide.
2019-11-28 17:50:42.712 5167 INFO rally.common.plugin.discover [-] Loading plugins from directories /root/.rally/plugins/*
2019-11-28 17:50:42.712 5167 INFO rally.common.plugin.discover [-] Loaded module with plugins: /root/.rally/plugins/__init__.py
2019-11-28 17:50:42.715 5167 INFO rally.common.plugin.discover [-] Loaded module with plugins: /root/.rally/plugins/trunk_scenario.py
2019-11-28 17:50:42.932 5167 INFO rally.api [-] Building 'html' report for the following task(s): 'e3f6ae49-cc00-40f2-ba8e-d29d07ffc938'.
2019-11-28 17:50:43.243 5167 INFO rally.api [-] The report has been successfully built.
2019-11-28 17:50:44.000 5169 RALLYDEBUG rally.api [-] INFO logs from urllib3 and requests module are hide.
2019-11-28 17:50:44.000 5169 RALLYDEBUG rally.api [-] urllib3 insecure warnings are hidden.
2019-11-28 17:50:44.000 5169 RALLYDEBUG rally.api [-] ERROR log from boto module is hide.
2019-11-28 17:50:45.260 5169 INFO rally.common.plugin.discover [-] Loading plugins from directories /root/.rally/plugins/*
2019-11-28 17:50:45.260 5169 INFO rally.common.plugin.discover [-] Loaded module with plugins: /root/.rally/plugins/__init__.py
2019-11-28 17:50:45.262 5169 INFO rally.common.plugin.discover [-] Loaded module with plugins: /root/.rally/plugins/trunk_scenario.py
2019-11-28 17:50:45.482 5169 INFO rally.api [-] Building 'junit-xml' report for the following task(s): 'e3f6ae49-cc00-40f2-ba8e-d29d07ffc938'.
2019-11-28 17:50:45.490 5169 INFO rally.api [-] The report has been successfully built.