2019-11-28 17:47:07.215 15 RALLYDEBUG rally_openstack.cleanup.manager [-] Deleting neutron.port object s_rally_c318c524_8cvj31Dl (ea65c924-b6ba-4678-8c73-35e5dbdb8a07)
2019-11-28 17:47:07.322 15 RALLYDEBUG rally_openstack.cleanup.manager [-] Deleting neutron.port object s_rally_c318c524_6Oq1tNOW (eaf84785-bbe4-4341-8fa7-0f26d1eb2fef)
2019-11-28 17:47:07.337 15 RALLYDEBUG rally_openstack.cleanup.manager [-] Deleting neutron.port object s_rally_c318c524_t91OUUEx (eb2607dd-6d93-4ab9-803c-d8281961abbd)
2019-11-28 17:47:07.985 15 RALLYDEBUG rally_openstack.cleanup.manager [-] Deleting neutron.port object s_rally_c318c524_DXYAddLK (ed7d220d-90da-4eac-9774-9602c4420c07)
2019-11-28 17:47:08.459 15 RALLYDEBUG rally_openstack.cleanup.manager [-] Deleting neutron.port object s_rally_c318c524_E6vPara9 (ee294958-76d1-4a2a-9f23-4351b32d2d7e)
2019-11-28 17:47:08.566 15 RALLYDEBUG rally_openstack.cleanup.manager [-] Deleting neutron.port object s_rally_c318c524_5PKfFAeq (ee8ff97c-f1da-492b-a606-b72d4137997a)
2019-11-28 17:47:08.842 15 RALLYDEBUG rally_openstack.cleanup.manager [-] Deleting neutron.port object s_rally_c318c524_8Uh4XmRX (ef54eb92-4923-4aa3-9756-ab1e681d51ff)
2019-11-28 17:47:08.888 15 RALLYDEBUG rally_openstack.cleanup.manager [-] Deleting neutron.port object s_rally_c318c524_fqvhx6VZ (f2f3c6b6-359e-4f98-8ac8-947bbd778a6a)
2019-11-28 17:47:08.890 15 RALLYDEBUG rally_openstack.cleanup.manager [-] Deleting neutron.port object s_rally_c318c524_tyuRscDA (f1e81944-6b64-4169-a122-55499b2a258c)
2019-11-28 17:47:09.036 15 RALLYDEBUG rally_openstack.cleanup.manager [-] Deleting neutron.port object s_rally_c318c524_y6bTu8TQ (f30e2bba-3f47-4e86-a9b9-7a1be971fc08)
2019-11-28 17:47:09.695 15 RALLYDEBUG rally_openstack.cleanup.manager [-] Deleting neutron.port object s_rally_c318c524_hDzmXQ2P (f4b136fa-c07e-4a2b-8e79-7a2094fb1b95)
2019-11-28 17:47:11.095 15 RALLYDEBUG rally_openstack.cleanup.manager [-] Deleting neutron.port object s_rally_c318c524_tKEnjBEf (f5c2b19a-a736-4291-8678-cc2c0be26132)
2019-11-28 17:47:11.116 15 RALLYDEBUG rally_openstack.cleanup.manager [-] Deleting neutron.port object s_rally_c318c524_NZNq46xz (f6f95fce-0188-46e3-b3ff-bce73142881f)
2019-11-28 17:47:11.139 15 RALLYDEBUG rally_openstack.cleanup.manager [-] Deleting neutron.port object s_rally_c318c524_tZwATGqq (f8601989-cbc5-49c3-865e-22251ecb1ed5)
2019-11-28 17:47:11.187 15 RALLYDEBUG rally_openstack.cleanup.manager [-] Deleting neutron.port object s_rally_c318c524_btDzlGWQ (f86876d3-6623-450a-ae0f-14d68573e50b)
2019-11-28 17:47:11.196 15 RALLYDEBUG rally_openstack.cleanup.manager [-] Deleting neutron.port object s_rally_c318c524_4LNh7j88 (f9977395-82c1-461b-9445-9d3df76eed76)
2019-11-28 17:47:12.007 15 RALLYDEBUG rally_openstack.cleanup.manager [-] Deleting neutron.port object s_rally_c318c524_J9vFciHm (fb353937-8b0a-43cb-91d5-83ef14e84519)
2019-11-28 17:47:12.066 15 RALLYDEBUG rally_openstack.cleanup.manager [-] Deleting neutron.port object s_rally_c318c524_KeL4nhGg (fc83f3a4-7d35-454c-9dc5-74b4f0ea06be)
2019-11-28 17:47:12.069 15 RALLYDEBUG rally_openstack.cleanup.manager [-] Deleting neutron.port object s_rally_c318c524_BeLtt83V (fb3f7106-5f30-4a60-918a-27a177ef0242)
2019-11-28 17:47:12.126 15 RALLYDEBUG rally_openstack.cleanup.manager [-] Deleting neutron.port object s_rally_c318c524_FUch40vA (fe4f5835-501f-42f1-b40b-fa9e20367427)
2019-11-28 17:47:16.954 15 RALLYDEBUG rally_openstack.cleanup.manager [-] Cleaning up neutron subnet objects
2019-11-28 17:47:17.201 15 RALLYDEBUG rally_openstack.cleanup.manager [-] Cleaning up neutron network objects
2019-11-28 17:47:17.648 15 RALLYDEBUG rally_openstack.cleanup.manager [-] Deleting neutron.network object s_rally_c318c524_enD7XwnD (019b1628-5cad-48e1-ba9a-5822d0f79c63)
2019-11-28 17:47:17.653 15 RALLYDEBUG rally_openstack.cleanup.manager [-] Deleting neutron.network object s_rally_c318c524_2jihh9z9 (0e617c55-27b8-46ae-9e52-7254baf00fae)
2019-11-28 17:47:17.660 15 RALLYDEBUG rally_openstack.cleanup.manager [-] Deleting neutron.network object s_rally_c318c524_OMedqIB9 (1835dd81-a3bc-4592-9e98-3817dcb1f8f2)
2019-11-28 17:47:17.677 15 RALLYDEBUG rally_openstack.cleanup.manager [-] Deleting neutron.network object s_rally_c318c524_Lo6B0bCt (26568e10-468c-419f-9dc5-6b163d6c06ae)
2019-11-28 17:47:17.684 15 RALLYDEBUG rally_openstack.cleanup.manager [-] Deleting neutron.network object s_rally_c318c524_BdTBYLg0 (26e91347-6bfe-4a15-bd9a-892856cf5111)
2019-11-28 17:47:17.687 15 RALLYDEBUG rally_openstack.cleanup.manager [-] Deleting neutron.network object s_rally_c318c524_z3A6Kt28 (1e4225f0-8593-4429-83be-087a8a57d99d)
2019-11-28 17:47:17.710 15 RALLYDEBUG rally_openstack.cleanup.manager [-] Deleting neutron.network object s_rally_c318c524_RJkrdJNH (2f816dbe-7e03-4cc3-bc08-3e8fe56d91a9)
2019-11-28 17:47:17.775 15 RALLYDEBUG rally_openstack.cleanup.manager [-] Deleting neutron.network object s_rally_c318c524_SPfoQElP (3e89c82f-8a96-4469-9588-41a2a8d8af1c)
2019-11-28 17:47:17.776 15 RALLYDEBUG rally_openstack.cleanup.manager [-] Deleting neutron.network object s_rally_c318c524_JIBHOAE6 (39fd41f2-c43f-40ec-b7b8-b8104fdde7f0)
2019-11-28 17:47:17.780 15 RALLYDEBUG rally_openstack.cleanup.manager [-] Deleting neutron.network object s_rally_c318c524_rOF5xFpW (39df826b-ed19-4f07-9abc-5b1c2bb2b677)
2019-11-28 17:47:17.793 15 RALLYDEBUG rally_openstack.cleanup.manager [-] Deleting neutron.network object s_rally_c318c524_MQ0dFJSx (55c29f97-1518-49db-85a2-bf0965c15705)
2019-11-28 17:47:17.797 15 RALLYDEBUG rally_openstack.cleanup.manager [-] Deleting neutron.network object s_rally_c318c524_ZVnJacXk (66faa109-84bd-4ecf-a926-1e9c71b0733c)
2019-11-28 17:47:17.794 15 RALLYDEBUG rally_openstack.cleanup.manager [-] Deleting neutron.network object s_rally_c318c524_XXgOxYze (55ee0342-3edc-4f8f-89c3-bad6eab85f8e)
2019-11-28 17:47:17.800 15 RALLYDEBUG rally_openstack.cleanup.manager [-] Deleting neutron.network object s_rally_c318c524_uHRJGUij (5bda01e8-b450-4ec0-96c1-94c45cb31962)
2019-11-28 17:47:17.801 15 RALLYDEBUG rally_openstack.cleanup.manager [-] Deleting neutron.network object s_rally_c318c524_LHzmSa9m (2fe4dd51-3ebd-4682-a1ce-f3b0c92f5707)
2019-11-28 17:47:17.808 15 RALLYDEBUG rally_openstack.cleanup.manager [-] Deleting neutron.network object s_rally_c318c524_BpPRka4d (5e5f5925-0bba-4c76-8fe8-045fbc8eef26)
2019-11-28 17:47:17.818 15 RALLYDEBUG rally_openstack.cleanup.manager [-] Deleting neutron.network object s_rally_c318c524_mePGuamx (6cfa02cb-1b19-44e3-aac9-32b141c55d07)
2019-11-28 17:47:17.832 15 RALLYDEBUG rally_openstack.cleanup.manager [-] Deleting neutron.network object s_rally_c318c524_llOqbDyI (711e3831-65a8-473e-82f1-3237e687c045)
2019-11-28 17:47:17.866 15 RALLYDEBUG rally_openstack.cleanup.manager [-] Deleting neutron.network object s_rally_c318c524_3uFjmvin (755d6c2b-36e5-4c79-87eb-a79dc7a6c92a)
2019-11-28 17:47:17.900 15 RALLYDEBUG rally_openstack.cleanup.manager [-] Deleting neutron.network object s_rally_c318c524_ZbJkXirk (70cb76da-c5b0-459e-89be-bfd3e7d91a62)
2019-11-28 17:47:22.681 15 RALLYDEBUG rally_openstack.cleanup.manager [-] Deleting neutron.network object s_rally_c318c524_Az491vuD (830716f3-4e45-4898-b053-b2ebec984af1)
2019-11-28 17:47:22.686 15 RALLYDEBUG rally_openstack.cleanup.manager [-] Deleting neutron.network object s_rally_c318c524_DfDPdmr7 (85dc8b79-704b-420f-b663-be7d74e64185)
2019-11-28 17:47:22.829 15 RALLYDEBUG rally_openstack.cleanup.manager [-] Deleting neutron.network object s_rally_c318c524_07w1oE4R (89d80645-eed9-42c9-8c43-4d2d7d60507c)
2019-11-28 17:47:24.386 15 RALLYDEBUG rally_openstack.cleanup.manager [-] Deleting neutron.network object s_rally_c318c524_wgzogmQx (91214bf1-7a5d-4e13-91a6-186674a452c2)
2019-11-28 17:47:24.394 15 RALLYDEBUG rally_openstack.cleanup.manager [-] Deleting neutron.network object s_rally_c318c524_rqqupSiE (a4b34d94-cc32-4f80-b515-9478a6c6c7e4)
2019-11-28 17:47:24.402 15 RALLYDEBUG rally_openstack.cleanup.manager [-] Deleting neutron.network object s_rally_c318c524_RwOO24dG (a54310dd-c513-4360-9b7c-db3e8d08fc36)
2019-11-28 17:47:24.513 15 RALLYDEBUG rally_openstack.cleanup.manager [-] Deleting neutron.network object s_rally_c318c524_OtamPm3J (ae723f19-0f1f-4e31-908f-ee2626318861)
2019-11-28 17:47:24.524 15 RALLYDEBUG rally_openstack.cleanup.manager [-] Deleting neutron.network object s_rally_c318c524_tC0ixVhn (b5c8926d-79d9-4034-a11c-df122f8b1f05)
2019-11-28 17:47:24.591 15 RALLYDEBUG rally_openstack.cleanup.manager [-] Deleting neutron.network object s_rally_c318c524_Du2cnOyV (b6c7d307-a915-4f9a-9d8d-feda1e7eb1b9)
2019-11-28 17:47:25.077 15 RALLYDEBUG rally_openstack.cleanup.manager [-] Deleting neutron.network object s_rally_c318c524_Sb8R2EDY (bae7a2ac-cc34-4b37-801c-902cecef5173)
2019-11-28 17:47:25.217 15 RALLYDEBUG rally_openstack.cleanup.manager [-] Deleting neutron.network object s_rally_c318c524_joey42uj (c6ce8bd1-d689-4f98-8d30-daa104f66593)
2019-11-28 17:47:25.617 15 RALLYDEBUG rally_openstack.cleanup.manager [-] Deleting neutron.network object s_rally_c318c524_j1ntrMeK (cd624883-3230-4b62-a73d-3719f353ece6)
2019-11-28 17:47:25.809 15 RALLYDEBUG rally_openstack.cleanup.manager [-] Deleting neutron.network object s_rally_c318c524_f7Nv9IYu (d208360f-4c68-480b-8fb6-73063d4ada9b)
2019-11-28 17:47:27.035 15 RALLYDEBUG rally_openstack.cleanup.manager [-] Deleting neutron.network object s_rally_c318c524_hiTXIn3p (d5d657d6-a743-415c-a2dc-cb3352d55c25)
2019-11-28 17:47:27.036 15 RALLYDEBUG rally_openstack.cleanup.manager [-] Deleting neutron.network object s_rally_c318c524_BRSn4JtB (d520ce9e-a8d3-4c2d-90f3-492bb732c9eb)
2019-11-28 17:47:27.082 15 RALLYDEBUG rally_openstack.cleanup.manager [-] Deleting neutron.network object s_rally_c318c524_2uKZqzWX (d74b0f96-513a-4365-8ab0-d459754c23e1)
2019-11-28 17:47:27.122 15 RALLYDEBUG rally_openstack.cleanup.manager [-] Deleting neutron.network object s_rally_c318c524_h555c1sJ (d8840f92-c83f-40d9-a4ae-49a3190179c2)
2019-11-28 17:47:27.214 15 RALLYDEBUG rally_openstack.cleanup.manager [-] Deleting neutron.network object s_rally_c318c524_WG2fByqF (e03418fe-f685-45d0-8e56-bfa9a9737354)
2019-11-28 17:47:27.419 15 RALLYDEBUG rally_openstack.cleanup.manager [-] Deleting neutron.network object s_rally_c318c524_7PifeNEM (e65336f9-21e8-4e85-9fe2-3fe02c836bfb)
2019-11-28 17:47:27.466 15 RALLYDEBUG rally_openstack.cleanup.manager [-] Deleting neutron.network object s_rally_c318c524_a7upIyAy (f56cdd4f-dfe0-4355-86bd-d1ad5fd859b4)
2019-11-28 17:47:33.335 15 RALLYDEBUG rally_openstack.cleanup.manager [-] Cleaning up neutron router objects
2019-11-28 17:47:33.616 15 RALLYDEBUG rally_openstack.cleanup.manager [-] Cleaning up neutron security_group objects
2019-11-28 17:47:33.968 15 INFO rally.task.context [-] Task e3f6ae49-cc00-40f2-ba8e-d29d07ffc938 | Context cleanup@openstack cleanup() finished in 1.23 min
2019-11-28 17:47:33.968 15 INFO rally.task.context [-] Task e3f6ae49-cc00-40f2-ba8e-d29d07ffc938 | Context quotas@openstack cleanup() started
2019-11-28 17:47:34.015 15 INFO rally.task.context [-] Task e3f6ae49-cc00-40f2-ba8e-d29d07ffc938 | Context quotas@openstack cleanup() finished in 46.59 msec
2019-11-28 17:47:34.016 15 INFO rally.task.context [-] Task e3f6ae49-cc00-40f2-ba8e-d29d07ffc938 | Context users@openstack cleanup() started
2019-11-28 17:47:35.436 15 INFO rally.task.context [-] Task e3f6ae49-cc00-40f2-ba8e-d29d07ffc938 | Context users@openstack cleanup() finished in 1.42 sec
2019-11-28 17:47:36.954 15 INFO rally.task.engine [-] Load duration is: 128.820678
2019-11-28 17:47:36.955 15 INFO rally.task.engine [-] Full runner duration is: 128.870758
2019-11-28 17:47:36.955 15 INFO rally.task.engine [-] Full duration is: 205.388708
2019-11-28 17:47:37.046 15 INFO rally.task.engine [-] Running workload: position = 2 config = { "version": 2, "title": "A cropped version of a bigger task.", "description": "Auto-generated task from a single workload (uuid=b393bd68-4d26-4500-96c7-e43e21c163fe)", "subtasks": [ { "title": "NeutronNetworks.create_and_delete_ports", "description": "Create and delete a port.", "scenario": { "NeutronNetworks.create_and_delete_ports": { "network_create_args": {}, "port_create_args": {}, "ports_per_network": 5 } }, "contexts": { "users": { "tenants": 1, "users_per_tenant": 1 }, "quotas": { "neutron": { "network": -1, "port": -1 } } }, "runner": { "constant": { "times": 40, "concurrency": 20 } }, "hooks": [], "sla": { "failure_rate": { "max": 0 } } } ] }
2019-11-28 17:47:37.060 15 RALLYDEBUG rally_openstack.contexts.keystone.users [-] Creating 1 tenants using 20 threads
2019-11-28 17:47:37.426 15 RALLYDEBUG rally_openstack.contexts.keystone.users [-] Creating 1 users using 20 threads
2019-11-28 17:47:37.869 15 INFO rally.task.context [-] Task e3f6ae49-cc00-40f2-ba8e-d29d07ffc938 | Context users@openstack setup() finished in 0.81 sec
2019-11-28 17:47:38.252 15 INFO rally.task.context [-] Task e3f6ae49-cc00-40f2-ba8e-d29d07ffc938 | Context quotas@openstack setup() finished in 0.38 sec
2019-11-28 17:47:38.252 15 INFO rally.task.context [-] Task e3f6ae49-cc00-40f2-ba8e-d29d07ffc938 | Context cleanup@openstack setup() finished in 0.00 msec
2019-11-28 17:47:38.262 15 RALLYDEBUG rally.task.runner [-] Starting the constant runner (task UUID: e3f6ae49-cc00-40f2-ba8e-d29d07ffc938). timeout: 0 concurrency: 20 concurrency_per_worker: 1 times: 40 concurrency_overhead: 0 processes_to_start: 20 max_cpu_used: 88
2019-11-28 17:47:38.278 4601 RALLYDEBUG rally.task.runner [-] Starting a worker. concurrency: 1 args: {"network_create_args": {}, "port_create_args": {}, "ports_per_network": 5} times: 40 method_name: run timeout: 0 duration: None cls:
2019-11-28 17:47:38.282 4602 RALLYDEBUG rally.task.runner [-] Starting a worker. concurrency: 1 args: {"network_create_args": {}, "port_create_args": {}, "ports_per_network": 5} times: 40 method_name: run timeout: 0 duration: None cls:
2019-11-28 17:47:38.284 4601 INFO rally.task.runner [-] Task e3f6ae49-cc00-40f2-ba8e-d29d07ffc938 | ITER: 1 START
2019-11-28 17:47:38.285 4601 WARNING rally_openstack.scenarios.neutron.utils [-] Running this scenario without either the 'network' or 'existing_network' context is deprecated
2019-11-28 17:47:38.285 4603 RALLYDEBUG rally.task.runner [-] Starting a worker. concurrency: 1 args: {"network_create_args": {}, "port_create_args": {}, "ports_per_network": 5} times: 40 method_name: run timeout: 0 duration: None cls:
2019-11-28 17:47:38.288 4602 INFO rally.task.runner [-] Task e3f6ae49-cc00-40f2-ba8e-d29d07ffc938 | ITER: 2 START
2019-11-28 17:47:38.288 4604 RALLYDEBUG rally.task.runner [-] Starting a worker. concurrency: 1 args: {"network_create_args": {}, "port_create_args": {}, "ports_per_network": 5} times: 40 method_name: run timeout: 0 duration: None cls:
2019-11-28 17:47:38.290 4602 WARNING rally_openstack.scenarios.neutron.utils [-] Running this scenario without either the 'network' or 'existing_network' context is deprecated
2019-11-28 17:47:38.291 4606 RALLYDEBUG rally.task.runner [-] Starting a worker. concurrency: 1 args: {"network_create_args": {}, "port_create_args": {}, "ports_per_network": 5} times: 40 method_name: run timeout: 0 duration: None cls:
2019-11-28 17:47:38.291 4603 INFO rally.task.runner [-] Task e3f6ae49-cc00-40f2-ba8e-d29d07ffc938 | ITER: 3 START
2019-11-28 17:47:38.292 4603 WARNING rally_openstack.scenarios.neutron.utils [-] Running this scenario without either the 'network' or 'existing_network' context is deprecated
2019-11-28 17:47:38.293 4608 RALLYDEBUG rally.task.runner [-] Starting a worker. concurrency: 1 args: {"network_create_args": {}, "port_create_args": {}, "ports_per_network": 5} times: 40 method_name: run timeout: 0 duration: None cls:
2019-11-28 17:47:38.295 4604 INFO rally.task.runner [-] Task e3f6ae49-cc00-40f2-ba8e-d29d07ffc938 | ITER: 4 START
2019-11-28 17:47:38.296 4604 WARNING rally_openstack.scenarios.neutron.utils [-] Running this scenario without either the 'network' or 'existing_network' context is deprecated
2019-11-28 17:47:38.297 4606 INFO rally.task.runner [-] Task e3f6ae49-cc00-40f2-ba8e-d29d07ffc938 | ITER: 5 START
2019-11-28 17:47:38.297 4611 RALLYDEBUG rally.task.runner [-] Starting a worker. concurrency: 1 args: {"network_create_args": {}, "port_create_args": {}, "ports_per_network": 5} times: 40 method_name: run timeout: 0 duration: None cls:
2019-11-28 17:47:38.298 4606 WARNING rally_openstack.scenarios.neutron.utils [-] Running this scenario without either the 'network' or 'existing_network' context is deprecated
2019-11-28 17:47:38.300 4608 INFO rally.task.runner [-] Task e3f6ae49-cc00-40f2-ba8e-d29d07ffc938 | ITER: 6 START
2019-11-28 17:47:38.300 4614 RALLYDEBUG rally.task.runner [-] Starting a worker. concurrency: 1 args: {"network_create_args": {}, "port_create_args": {}, "ports_per_network": 5} times: 40 method_name: run timeout: 0 duration: None cls:
2019-11-28 17:47:38.301 4608 WARNING rally_openstack.scenarios.neutron.utils [-] Running this scenario without either the 'network' or 'existing_network' context is deprecated
2019-11-28 17:47:38.303 4611 INFO rally.task.runner [-] Task e3f6ae49-cc00-40f2-ba8e-d29d07ffc938 | ITER: 7 START
2019-11-28 17:47:38.303 4617 RALLYDEBUG rally.task.runner [-] Starting a worker. concurrency: 1 args: {"network_create_args": {}, "port_create_args": {}, "ports_per_network": 5} times: 40 method_name: run timeout: 0 duration: None cls:
2019-11-28 17:47:38.304 4611 WARNING rally_openstack.scenarios.neutron.utils [-] Running this scenario without either the 'network' or 'existing_network' context is deprecated
2019-11-28 17:47:38.305 4621 RALLYDEBUG rally.task.runner [-] Starting a worker. concurrency: 1 args: {"network_create_args": {}, "port_create_args": {}, "ports_per_network": 5} times: 40 method_name: run timeout: 0 duration: None cls:
2019-11-28 17:47:38.306 4614 INFO rally.task.runner [-] Task e3f6ae49-cc00-40f2-ba8e-d29d07ffc938 | ITER: 8 START
2019-11-28 17:47:38.307 4614 WARNING rally_openstack.scenarios.neutron.utils [-] Running this scenario without either the 'network' or 'existing_network' context is deprecated
2019-11-28 17:47:38.309 4617 INFO rally.task.runner [-] Task e3f6ae49-cc00-40f2-ba8e-d29d07ffc938 | ITER: 9 START
2019-11-28 17:47:38.309 4624 RALLYDEBUG rally.task.runner [-] Starting a worker. concurrency: 1 args: {"network_create_args": {}, "port_create_args": {}, "ports_per_network": 5} times: 40 method_name: run timeout: 0 duration: None cls:
2019-11-28 17:47:38.310 4617 WARNING rally_openstack.scenarios.neutron.utils [-] Running this scenario without either the 'network' or 'existing_network' context is deprecated
2019-11-28 17:47:38.312 4621 INFO rally.task.runner [-] Task e3f6ae49-cc00-40f2-ba8e-d29d07ffc938 | ITER: 10 START
2019-11-28 17:47:38.311 4626 RALLYDEBUG rally.task.runner [-] Starting a worker. concurrency: 1 args: {"network_create_args": {}, "port_create_args": {}, "ports_per_network": 5} times: 40 method_name: run timeout: 0 duration: None cls:
2019-11-28 17:47:38.313 4621 WARNING rally_openstack.scenarios.neutron.utils [-] Running this scenario without either the 'network' or 'existing_network' context is deprecated
2019-11-28 17:47:38.314 4629 RALLYDEBUG rally.task.runner [-] Starting a worker. concurrency: 1 args: {"network_create_args": {}, "port_create_args": {}, "ports_per_network": 5} times: 40 method_name: run timeout: 0 duration: None cls:
2019-11-28 17:47:38.315 4624 INFO rally.task.runner [-] Task e3f6ae49-cc00-40f2-ba8e-d29d07ffc938 | ITER: 11 START
2019-11-28 17:47:38.316 4624 WARNING rally_openstack.scenarios.neutron.utils [-] Running this scenario without either the 'network' or 'existing_network' context is deprecated
2019-11-28 17:47:38.318 4626 INFO rally.task.runner [-] Task e3f6ae49-cc00-40f2-ba8e-d29d07ffc938 | ITER: 12 START
2019-11-28 17:47:38.318 4632 RALLYDEBUG rally.task.runner [-] Starting a worker. concurrency: 1 args: {"network_create_args": {}, "port_create_args": {}, "ports_per_network": 5} times: 40 method_name: run timeout: 0 duration: None cls:
2019-11-28 17:47:38.319 4626 WARNING rally_openstack.scenarios.neutron.utils [-] Running this scenario without either the 'network' or 'existing_network' context is deprecated
2019-11-28 17:47:38.320 4629 INFO rally.task.runner [-] Task e3f6ae49-cc00-40f2-ba8e-d29d07ffc938 | ITER: 13 START
2019-11-28 17:47:38.322 4629 WARNING rally_openstack.scenarios.neutron.utils [-] Running this scenario without either the 'network' or 'existing_network' context is deprecated
2019-11-28 17:47:38.321 4635 RALLYDEBUG rally.task.runner [-] Starting a worker. concurrency: 1 args: {"network_create_args": {}, "port_create_args": {}, "ports_per_network": 5} times: 40 method_name: run timeout: 0 duration: None cls:
2019-11-28 17:47:38.322 4638 RALLYDEBUG rally.task.runner [-] Starting a worker. concurrency: 1 args: {"network_create_args": {}, "port_create_args": {}, "ports_per_network": 5} times: 40 method_name: run timeout: 0 duration: None cls:
2019-11-28 17:47:38.324 4632 INFO rally.task.runner [-] Task e3f6ae49-cc00-40f2-ba8e-d29d07ffc938 | ITER: 14 START
2019-11-28 17:47:38.325 4632 WARNING rally_openstack.scenarios.neutron.utils [-] Running this scenario without either the 'network' or 'existing_network' context is deprecated
2019-11-28 17:47:38.326 4642 RALLYDEBUG rally.task.runner [-] Starting a worker. concurrency: 1 args: {"network_create_args": {}, "port_create_args": {}, "ports_per_network": 5} times: 40 method_name: run timeout: 0 duration: None cls:
2019-11-28 17:47:38.327 4635 INFO rally.task.runner [-] Task e3f6ae49-cc00-40f2-ba8e-d29d07ffc938 | ITER: 15 START
2019-11-28 17:47:38.327 4638 INFO rally.task.runner [-] Task e3f6ae49-cc00-40f2-ba8e-d29d07ffc938 | ITER: 16 START
2019-11-28 17:47:38.328 4635 WARNING rally_openstack.scenarios.neutron.utils [-] Running this scenario without either the 'network' or 'existing_network' context is deprecated
2019-11-28 17:47:38.328 4638 WARNING rally_openstack.scenarios.neutron.utils [-] Running this scenario without either the 'network' or 'existing_network' context is deprecated
2019-11-28 17:47:38.329 4644 RALLYDEBUG rally.task.runner [-] Starting a worker. concurrency: 1 args: {"network_create_args": {}, "port_create_args": {}, "ports_per_network": 5} times: 40 method_name: run timeout: 0 duration: None cls:
2019-11-28 17:47:38.331 4642 INFO rally.task.runner [-] Task e3f6ae49-cc00-40f2-ba8e-d29d07ffc938 | ITER: 17 START
2019-11-28 17:47:38.331 4647 RALLYDEBUG rally.task.runner [-] Starting a worker. concurrency: 1 args: {"network_create_args": {}, "port_create_args": {}, "ports_per_network": 5} times: 40 method_name: run timeout: 0 duration: None cls:
2019-11-28 17:47:38.332 4642 WARNING rally_openstack.scenarios.neutron.utils [-] Running this scenario without either the 'network' or 'existing_network' context is deprecated
2019-11-28 17:47:38.334 4652 RALLYDEBUG rally.task.runner [-] Starting a worker. concurrency: 1 args: {"network_create_args": {}, "port_create_args": {}, "ports_per_network": 5} times: 40 method_name: run timeout: 0 duration: None cls:
2019-11-28 17:47:38.335 4644 INFO rally.task.runner [-] Task e3f6ae49-cc00-40f2-ba8e-d29d07ffc938 | ITER: 18 START
2019-11-28 17:47:38.336 4647 INFO rally.task.runner [-] Task e3f6ae49-cc00-40f2-ba8e-d29d07ffc938 | ITER: 19 START
2019-11-28 17:47:38.336 4644 WARNING rally_openstack.scenarios.neutron.utils [-] Running this scenario without either the 'network' or 'existing_network' context is deprecated
2019-11-28 17:47:38.337 4647 WARNING rally_openstack.scenarios.neutron.utils [-] Running this scenario without either the 'network' or 'existing_network' context is deprecated
2019-11-28 17:47:38.339 4652 INFO rally.task.runner [-] Task e3f6ae49-cc00-40f2-ba8e-d29d07ffc938 | ITER: 20 START
2019-11-28 17:47:38.340 4652 WARNING rally_openstack.scenarios.neutron.utils [-] Running this scenario without either the 'network' or 'existing_network' context is deprecated
2019-11-28 17:48:32.638 4611 INFO rally.task.runner [-] Task e3f6ae49-cc00-40f2-ba8e-d29d07ffc938 | ITER: 7 END: OK
2019-11-28 17:48:32.646 4611 INFO rally.task.runner [-] Task e3f6ae49-cc00-40f2-ba8e-d29d07ffc938 | ITER: 21 START
2019-11-28 17:48:32.647 4611 WARNING rally_openstack.scenarios.neutron.utils [-] Running this scenario without either the 'network' or 'existing_network' context is deprecated
2019-11-28 17:48:33.783 4602 INFO rally.task.runner [-] Task e3f6ae49-cc00-40f2-ba8e-d29d07ffc938 | ITER: 2 END: OK
2019-11-28 17:48:33.794 4602 INFO rally.task.runner [-] Task e3f6ae49-cc00-40f2-ba8e-d29d07ffc938 | ITER: 22 START
2019-11-28 17:48:33.796 4602 WARNING rally_openstack.scenarios.neutron.utils [-] Running this scenario without either the 'network' or 'existing_network' context is deprecated
2019-11-28 17:48:36.164 4617 INFO rally.task.runner [-] Task e3f6ae49-cc00-40f2-ba8e-d29d07ffc938 | ITER: 9 END: OK
2019-11-28 17:48:36.174 4617 INFO rally.task.runner [-] Task e3f6ae49-cc00-40f2-ba8e-d29d07ffc938 | ITER: 23 START
2019-11-28 17:48:36.175 4617 WARNING rally_openstack.scenarios.neutron.utils [-] Running this scenario without either the 'network' or 'existing_network' context is deprecated
2019-11-28 17:48:36.199 4608 INFO rally.task.runner [-] Task e3f6ae49-cc00-40f2-ba8e-d29d07ffc938 | ITER: 6 END: OK
2019-11-28 17:48:36.206 4608 INFO rally.task.runner [-] Task e3f6ae49-cc00-40f2-ba8e-d29d07ffc938 | ITER: 24 START
2019-11-28 17:48:36.208 4608 WARNING rally_openstack.scenarios.neutron.utils [-] Running this scenario without either the 'network' or 'existing_network' context is deprecated
2019-11-28 17:48:37.122 4642 INFO rally.task.runner [-] Task e3f6ae49-cc00-40f2-ba8e-d29d07ffc938 | ITER: 17 END: OK
2019-11-28 17:48:37.128 4642 INFO rally.task.runner [-] Task e3f6ae49-cc00-40f2-ba8e-d29d07ffc938 | ITER: 25 START
2019-11-28 17:48:37.129 4642 WARNING rally_openstack.scenarios.neutron.utils [-] Running this scenario without either the 'network' or 'existing_network' context is deprecated
2019-11-28 17:48:37.136 4624 INFO rally.task.runner [-] Task e3f6ae49-cc00-40f2-ba8e-d29d07ffc938 | ITER: 11 END: OK
2019-11-28 17:48:37.143 4624 INFO rally.task.runner [-] Task e3f6ae49-cc00-40f2-ba8e-d29d07ffc938 | ITER: 26 START
2019-11-28 17:48:37.144 4624 WARNING rally_openstack.scenarios.neutron.utils [-] Running this scenario without either the 'network' or 'existing_network' context is deprecated
2019-11-28 17:48:39.448 4604 INFO rally.task.runner [-] Task e3f6ae49-cc00-40f2-ba8e-d29d07ffc938 | ITER: 4 END: OK
2019-11-28 17:48:39.455 4604 INFO rally.task.runner [-] Task e3f6ae49-cc00-40f2-ba8e-d29d07ffc938 | ITER: 27 START
2019-11-28 17:48:39.456 4604 WARNING rally_openstack.scenarios.neutron.utils [-] Running this scenario without either the 'network' or 'existing_network' context is deprecated
2019-11-28 17:48:39.531 4601 INFO rally.task.runner [-] Task e3f6ae49-cc00-40f2-ba8e-d29d07ffc938 | ITER: 1 END: OK
2019-11-28 17:48:39.538 4601 INFO rally.task.runner [-] Task e3f6ae49-cc00-40f2-ba8e-d29d07ffc938 | ITER: 28 START
2019-11-28 17:48:39.539 4601 WARNING rally_openstack.scenarios.neutron.utils [-] Running this scenario without either the 'network' or 'existing_network' context is deprecated
2019-11-28 17:48:40.209 4606 INFO rally.task.runner [-] Task e3f6ae49-cc00-40f2-ba8e-d29d07ffc938 | ITER: 5 END: OK
2019-11-28 17:48:40.218 4606 INFO rally.task.runner [-] Task e3f6ae49-cc00-40f2-ba8e-d29d07ffc938 | ITER: 29 START
2019-11-28 17:48:40.218 4606 WARNING rally_openstack.scenarios.neutron.utils [-] Running this scenario without either the 'network' or 'existing_network' context is deprecated
2019-11-28 17:48:40.660 4614 INFO rally.task.runner [-] Task e3f6ae49-cc00-40f2-ba8e-d29d07ffc938 | ITER: 8 END: OK
2019-11-28 17:48:40.667 4614 INFO rally.task.runner [-] Task e3f6ae49-cc00-40f2-ba8e-d29d07ffc938 | ITER: 30 START
2019-11-28 17:48:40.668 4614 WARNING rally_openstack.scenarios.neutron.utils [-] Running this scenario without either the 'network' or 'existing_network' context is deprecated
2019-11-28 17:48:40.806 4647 INFO rally.task.runner [-] Task e3f6ae49-cc00-40f2-ba8e-d29d07ffc938 | ITER: 19 END: OK
2019-11-28 17:48:40.813 4647 INFO rally.task.runner [-] Task e3f6ae49-cc00-40f2-ba8e-d29d07ffc938 | ITER: 31 START
2019-11-28 17:48:40.814 4647 WARNING rally_openstack.scenarios.neutron.utils [-] Running this scenario without either the 'network' or 'existing_network' context is deprecated
2019-11-28 17:48:41.207 4638 INFO rally.task.runner [-] Task e3f6ae49-cc00-40f2-ba8e-d29d07ffc938 | ITER: 16 END: OK
2019-11-28 17:48:41.215 4638 INFO rally.task.runner [-] Task e3f6ae49-cc00-40f2-ba8e-d29d07ffc938 | ITER: 32 START
2019-11-28 17:48:41.216 4638 WARNING rally_openstack.scenarios.neutron.utils [-] Running this scenario without either the 'network' or 'existing_network' context is deprecated
2019-11-28 17:48:41.245 4644 INFO rally.task.runner [-] Task e3f6ae49-cc00-40f2-ba8e-d29d07ffc938 | ITER: 18 END: OK
2019-11-28 17:48:41.254 4644 INFO rally.task.runner [-] Task e3f6ae49-cc00-40f2-ba8e-d29d07ffc938 | ITER: 33 START
2019-11-28 17:48:41.254 4644 WARNING rally_openstack.scenarios.neutron.utils [-] Running this scenario without either the 'network' or 'existing_network' context is deprecated
2019-11-28 17:48:41.325 4621 INFO rally.task.runner [-] Task e3f6ae49-cc00-40f2-ba8e-d29d07ffc938 | ITER: 10 END: OK
2019-11-28 17:48:41.332 4621 INFO rally.task.runner [-] Task e3f6ae49-cc00-40f2-ba8e-d29d07ffc938 | ITER: 34 START
2019-11-28 17:48:41.333 4621 WARNING rally_openstack.scenarios.neutron.utils [-] Running this scenario without either the 'network' or 'existing_network' context is deprecated
2019-11-28 17:48:41.343 4626 INFO rally.task.runner [-] Task e3f6ae49-cc00-40f2-ba8e-d29d07ffc938 | ITER: 12 END: OK
2019-11-28 17:48:41.351 4626 INFO rally.task.runner [-] Task e3f6ae49-cc00-40f2-ba8e-d29d07ffc938 | ITER: 35 START
2019-11-28 17:48:41.352 4626 WARNING rally_openstack.scenarios.neutron.utils [-] Running this scenario without either the 'network' or 'existing_network' context is deprecated
2019-11-28 17:48:41.554 4632 INFO rally.task.runner [-] Task e3f6ae49-cc00-40f2-ba8e-d29d07ffc938 | ITER: 14 END: OK
2019-11-28 17:48:41.561 4632 INFO rally.task.runner [-] Task e3f6ae49-cc00-40f2-ba8e-d29d07ffc938 | ITER: 36 START
2019-11-28 17:48:41.562 4632 WARNING rally_openstack.scenarios.neutron.utils [-] Running this scenario without either the 'network' or 'existing_network' context is deprecated
2019-11-28 17:48:41.851 4603 INFO rally.task.runner [-] Task e3f6ae49-cc00-40f2-ba8e-d29d07ffc938 | ITER: 3 END: OK
2019-11-28 17:48:41.858 4603 INFO rally.task.runner [-] Task e3f6ae49-cc00-40f2-ba8e-d29d07ffc938 | ITER: 37 START
2019-11-28 17:48:41.859 4603 WARNING rally_openstack.scenarios.neutron.utils [-] Running this scenario without either the 'network' or 'existing_network' context is deprecated
2019-11-28 17:48:43.066 4629 INFO rally.task.runner [-] Task e3f6ae49-cc00-40f2-ba8e-d29d07ffc938 | ITER: 13 END: OK
2019-11-28 17:48:43.072 4635 INFO rally.task.runner [-] Task e3f6ae49-cc00-40f2-ba8e-d29d07ffc938 | ITER: 15 END: OK
2019-11-28 17:48:43.075 4629 INFO rally.task.runner [-] Task e3f6ae49-cc00-40f2-ba8e-d29d07ffc938 | ITER: 38 START
2019-11-28 17:48:43.076 4629 WARNING rally_openstack.scenarios.neutron.utils [-] Running this scenario without either the 'network' or 'existing_network' context is deprecated
2019-11-28 17:48:43.080 4635 INFO rally.task.runner [-] Task e3f6ae49-cc00-40f2-ba8e-d29d07ffc938 | ITER: 39 START
2019-11-28 17:48:43.081 4635 WARNING rally_openstack.scenarios.neutron.utils [-] Running this scenario without either the 'network' or 'existing_network' context is deprecated
2019-11-28 17:48:43.266 4652 INFO rally.task.runner [-] Task e3f6ae49-cc00-40f2-ba8e-d29d07ffc938 | ITER: 20 END: OK
2019-11-28 17:48:43.272 4652 INFO rally.task.runner [-] Task e3f6ae49-cc00-40f2-ba8e-d29d07ffc938 | ITER: 40 START
2019-11-28 17:48:43.273 4652 WARNING rally_openstack.scenarios.neutron.utils [-] Running this scenario without either the 'network' or 'existing_network' context is deprecated
2019-11-28 17:49:35.551 4611 INFO rally.task.runner [-] Task e3f6ae49-cc00-40f2-ba8e-d29d07ffc938 | ITER: 21 END: OK
2019-11-28 17:49:36.656 4614 INFO rally.task.runner [-] Task e3f6ae49-cc00-40f2-ba8e-d29d07ffc938 | ITER: 30 END: OK
2019-11-28 17:49:37.056 4624 INFO rally.task.runner [-] Task e3f6ae49-cc00-40f2-ba8e-d29d07ffc938 | ITER: 26 END: OK
2019-11-28 17:49:37.368 4617 INFO rally.task.runner [-] Task e3f6ae49-cc00-40f2-ba8e-d29d07ffc938 | ITER: 23 END: OK
2019-11-28 17:49:37.593 4602 INFO rally.task.runner [-] Task e3f6ae49-cc00-40f2-ba8e-d29d07ffc938 | ITER: 22 END: OK
2019-11-28 17:49:39.068 4608 INFO rally.task.runner [-] Task e3f6ae49-cc00-40f2-ba8e-d29d07ffc938 | ITER: 24 END: OK
2019-11-28 17:49:39.567 4604 INFO rally.task.runner [-] Task e3f6ae49-cc00-40f2-ba8e-d29d07ffc938 | ITER: 27 END: OK
2019-11-28 17:49:39.630 4632 INFO rally.task.runner [-] Task e3f6ae49-cc00-40f2-ba8e-d29d07ffc938 | ITER: 36 END: OK
2019-11-28 17:49:40.456 4642 INFO rally.task.runner [-] Task e3f6ae49-cc00-40f2-ba8e-d29d07ffc938 | ITER: 25 END: OK
2019-11-28 17:49:40.773 4606 INFO rally.task.runner [-] Task e3f6ae49-cc00-40f2-ba8e-d29d07ffc938 | ITER: 29 END: OK
2019-11-28 17:49:41.341 4621 INFO rally.task.runner [-] Task e3f6ae49-cc00-40f2-ba8e-d29d07ffc938 | ITER: 34 END: OK
2019-11-28 17:49:41.342 4626 INFO rally.task.runner [-] Task e3f6ae49-cc00-40f2-ba8e-d29d07ffc938 | ITER: 35 END: OK
2019-11-28 17:49:41.544 4629 INFO rally.task.runner [-] Task e3f6ae49-cc00-40f2-ba8e-d29d07ffc938 | ITER: 38 END: OK
2019-11-28 17:49:42.215 4644 INFO rally.task.runner [-] Task e3f6ae49-cc00-40f2-ba8e-d29d07ffc938 | ITER: 33 END: OK
2019-11-28 17:49:42.313 4647 INFO rally.task.runner [-] Task e3f6ae49-cc00-40f2-ba8e-d29d07ffc938 | ITER: 31 END: OK
2019-11-28 17:49:42.362 4652 INFO rally.task.runner [-] Task e3f6ae49-cc00-40f2-ba8e-d29d07ffc938 | ITER: 40 END: OK
2019-11-28 17:49:42.604 4638 INFO rally.task.runner [-] Task e3f6ae49-cc00-40f2-ba8e-d29d07ffc938 | ITER: 32 END: OK
2019-11-28 17:49:42.627 4603 INFO rally.task.runner [-] Task e3f6ae49-cc00-40f2-ba8e-d29d07ffc938 | ITER: 37 END: OK
2019-11-28 17:49:42.629 4601 INFO rally.task.runner [-] Task e3f6ae49-cc00-40f2-ba8e-d29d07ffc938 | ITER: 28 END: OK
2019-11-28 17:49:42.827 4635 INFO rally.task.runner [-] Task e3f6ae49-cc00-40f2-ba8e-d29d07ffc938 | ITER: 39 END: OK
2019-11-28 17:49:42.848 15 INFO rally.task.context [-] Task e3f6ae49-cc00-40f2-ba8e-d29d07ffc938 | Context cleanup@openstack cleanup() started
2019-11-28 17:49:42.851 15 RALLYDEBUG rally_openstack.cleanup.manager [-] Cleaning up neutron vip objects
2019-11-28 17:49:43.075 15 RALLYDEBUG rally_openstack.cleanup.manager [-] Cleaning up neutron health_monitor objects
2019-11-28 17:49:43.292 15 RALLYDEBUG rally_openstack.cleanup.manager [-] Cleaning up neutron pool objects
2019-11-28 17:49:43.499 15 RALLYDEBUG rally_openstack.cleanup.manager [-] Cleaning up neutron loadbalancer objects
2019-11-28 17:49:43.708 15 RALLYDEBUG rally_openstack.cleanup.manager [-] Cleaning up neutron floatingip objects
2019-11-28 17:49:44.025 15 RALLYDEBUG rally_openstack.cleanup.manager [-] Cleaning up neutron trunk objects
2019-11-28 17:49:44.371 15 DEBUG neutronclient.v2_0.client [-] Error message: {"message": "The resource could not be found.

\n\n\n", "code": "404 Not Found", "title": "Not Found"} _handle_fault_response /usr/lib/python2.7/site-packages/neutronclient/v2_0/client.py:259
2019-11-28 17:49:44.383 15 RALLYDEBUG rally_openstack.cleanup.manager [-] Cleaning up neutron port objects
2019-11-28 17:49:44.662 15 RALLYDEBUG rally_openstack.cleanup.manager [-] Cleaning up neutron subnet objects
2019-11-28 17:49:44.928 15 RALLYDEBUG rally_openstack.cleanup.manager [-] Cleaning up neutron network objects
2019-11-28 17:49:45.597 15 RALLYDEBUG rally_openstack.cleanup.manager [-] Deleting neutron.network object s_rally_b393bd68_nPUyl30M (030b8d63-5dc4-42e7-8f34-b03baa413f21)
2019-11-28 17:49:45.606 15 RALLYDEBUG rally_openstack.cleanup.manager [-] Deleting neutron.network object s_rally_b393bd68_RKjmkQYA (18620429-4748-4dc2-8429-e94a7b7503f6)
2019-11-28 17:49:45.607 15 RALLYDEBUG rally_openstack.cleanup.manager [-] Deleting neutron.network object s_rally_b393bd68_yH3rzk0D (135ed9ef-0411-44e0-aea6-1e793fe0eb3b)
2019-11-28 17:49:45.613 15 RALLYDEBUG rally_openstack.cleanup.manager [-] Deleting neutron.network object s_rally_b393bd68_t8WuaxeZ (10556cf7-0ffe-4499-9da9-1b254914ff76)
2019-11-28 17:49:45.619 15 RALLYDEBUG rally_openstack.cleanup.manager [-] Deleting neutron.network object s_rally_b393bd68_gTkXozkg (01a0fbf6-f800-47a3-b814-39e7e3343d38)
2019-11-28 17:49:45.632 15 RALLYDEBUG rally_openstack.cleanup.manager [-] Deleting neutron.network object s_rally_b393bd68_lCuh7Pe5 (34f2a1ca-bc87-4c26-8c2d-0ec1ba446f1c)
2019-11-28 17:49:45.655 15 RALLYDEBUG rally_openstack.cleanup.manager [-] Deleting neutron.network object s_rally_b393bd68_Q9GtCJBA (38d0c77a-19ad-4cc1-8aa9-7d64fd939888)
2019-11-28 17:49:45.698 15 RALLYDEBUG rally_openstack.cleanup.manager [-] Deleting neutron.network object s_rally_b393bd68_FCabapxb (46428bc8-dbea-4d51-8a53-a31f1cb07198)
2019-11-28 17:49:45.703 15 RALLYDEBUG rally_openstack.cleanup.manager [-] Deleting neutron.network object s_rally_b393bd68_4x8YU5iq (3a5be723-4e28-45bb-a62d-502595670d05)
2019-11-28 17:49:45.715 15 RALLYDEBUG rally_openstack.cleanup.manager [-] Deleting neutron.network object s_rally_b393bd68_CyrEXEbS (3fe37334-74c4-4260-ada1-5b8902ff5a06)
2019-11-28 17:49:45.721 15 RALLYDEBUG rally_openstack.cleanup.manager [-] Deleting neutron.network object s_rally_b393bd68_dggQKN0O (67c8304b-5782-4860-9202-186acdb5a779)
2019-11-28 17:49:45.723 15 RALLYDEBUG rally_openstack.cleanup.manager [-] Deleting neutron.network object s_rally_b393bd68_Lz70eE7W (447f6b69-1cf5-4634-9f67-31de34a96072)
2019-11-28 17:49:45.726 15 RALLYDEBUG rally_openstack.cleanup.manager [-] Deleting neutron.network object s_rally_b393bd68_e7KE5dqE (642c36e6-3856-4f12-81dc-9cc235bb0348)
2019-11-28 17:49:45.738 15 RALLYDEBUG rally_openstack.cleanup.manager [-] Deleting neutron.network object s_rally_b393bd68_7VcV9swK (651b522a-c4a3-4d65-bf3f-9846f7b95c29)
2019-11-28 17:49:45.750 15 RALLYDEBUG rally_openstack.cleanup.manager [-] Deleting neutron.network object s_rally_b393bd68_sWzFWvKG (67381ee1-2880-40a1-9008-94f1310a4e03)
2019-11-28 17:49:45.773 15 RALLYDEBUG rally_openstack.cleanup.manager [-] Deleting neutron.network object s_rally_b393bd68_aYweEpU8 (7ecb0672-049e-43e7-ae92-a4f55edf24bc)
2019-11-28 17:49:45.775 15 RALLYDEBUG rally_openstack.cleanup.manager [-] Deleting neutron.network object s_rally_b393bd68_eCSGfWoc (7bea57ee-9a02-438a-bca4-120f9146ac94)
2019-11-28 17:49:45.780 15 RALLYDEBUG rally_openstack.cleanup.manager [-] Deleting neutron.network object s_rally_b393bd68_8MHXnni2 (6fa8371e-e95d-41bf-97d7-73873790509a)
2019-11-28 17:49:45.801 15 RALLYDEBUG rally_openstack.cleanup.manager [-] Deleting neutron.network object s_rally_b393bd68_aoul2BoB (80b33876-1b0f-4daa-a683-c2775d564c03)
2019-11-28 17:49:45.830 15 RALLYDEBUG rally_openstack.cleanup.manager [-] Deleting neutron.network object s_rally_b393bd68_NiRRsoFv (71a96ba8-d78f-40aa-bf45-a521b60b9ada)
2019-11-28 17:49:49.395 15 RALLYDEBUG rally_openstack.cleanup.manager [-] Deleting neutron.network object s_rally_b393bd68_m6VIzZ9K (823d5ff6-1add-41d5-919d-47bdeb902139)
2019-11-28 17:49:51.727 15 RALLYDEBUG rally_openstack.cleanup.manager [-] Deleting neutron.network object s_rally_b393bd68_qC3ckyHk (909314c9-7f17-4329-976d-dc2915be6294)
2019-11-28 17:49:52.023 15 RALLYDEBUG rally_openstack.cleanup.manager [-] Deleting neutron.network object s_rally_b393bd68_Q6k9loEF (9a304c87-8418-4e21-9714-c10bc180da7d)
2019-11-28 17:49:52.590 15 RALLYDEBUG rally_openstack.cleanup.manager [-] Deleting neutron.network object s_rally_b393bd68_oR66EX2x (9de87050-ff30-489d-bf55-4b6b90db3514)
2019-11-28 17:49:52.665 15 RALLYDEBUG rally_openstack.cleanup.manager [-] Deleting neutron.network object s_rally_b393bd68_yfawdKzO (b1bcdece-cfa6-454e-ac18-e1666e735101)
2019-11-28 17:49:52.795 15 RALLYDEBUG rally_openstack.cleanup.manager [-] Deleting neutron.network object s_rally_b393bd68_sGwAGOjW (b3bfe418-ec3e-495d-b067-84d9ddde49e8)
2019-11-28 17:49:52.889 15 RALLYDEBUG rally_openstack.cleanup.manager [-] Deleting neutron.network object s_rally_b393bd68_qr3YQigR (c6932d8f-bb8d-492b-a68a-7f82d7f3d4f3)
2019-11-28 17:49:52.921 15 RALLYDEBUG rally_openstack.cleanup.manager [-] Deleting neutron.network object s_rally_b393bd68_7Ti4l3Kz (c8260c41-500a-47e1-a3ea-14fe7fd46636)
2019-11-28 17:49:52.926 15 RALLYDEBUG rally_openstack.cleanup.manager [-] Deleting neutron.network object s_rally_b393bd68_LjsG6Cwj (cf1b2360-35b0-4ad1-a646-21fcfa4dc4bb)
2019-11-28 17:49:52.952 15 RALLYDEBUG rally_openstack.cleanup.manager [-] Deleting neutron.network object s_rally_b393bd68_JdcVbZ5x (d22eb3ce-5a7b-4b34-ba8d-ab0b5cc91b7f)
2019-11-28 17:49:52.965 15 RALLYDEBUG rally_openstack.cleanup.manager [-] Deleting neutron.network object s_rally_b393bd68_dm9u2Taw (d5767dab-0f9b-472e-ae7b-ce91666a977f)
2019-11-28 17:49:52.973 15 RALLYDEBUG rally_openstack.cleanup.manager [-] Deleting neutron.network object s_rally_b393bd68_b3P5naha (e1821aeb-2099-43cf-ba02-5068d68dc843)
2019-11-28 17:49:52.982 15 RALLYDEBUG rally_openstack.cleanup.manager [-] Deleting neutron.network object s_rally_b393bd68_iux77HdJ (dc693609-e749-4823-b24a-5f41bd1fb283)
2019-11-28 17:49:53.001 15 RALLYDEBUG rally_openstack.cleanup.manager [-] Deleting neutron.network object s_rally_b393bd68_gzdQ3HIR (e3578186-174a-477a-a137-c742a061956a)
2019-11-28 17:49:53.848 15 RALLYDEBUG rally_openstack.cleanup.manager [-] Deleting neutron.network object s_rally_b393bd68_vw0go0Bz (ea140dd8-bfed-4f09-8e8f-91caeae5af9d)
2019-11-28 17:49:53.881 15 RALLYDEBUG rally_openstack.cleanup.manager [-] Deleting neutron.network object s_rally_b393bd68_MdLZS5dX (f6be0549-6777-4ae8-a678-d54a54b41adf)
2019-11-28 17:49:53.881 15 RALLYDEBUG rally_openstack.cleanup.manager [-] Deleting neutron.network object s_rally_b393bd68_XkbTI79j (f04cea40-bb31-4969-861c-c6ab68622602)
2019-11-28 17:49:53.885 15 RALLYDEBUG rally_openstack.cleanup.manager [-] Deleting neutron.network object s_rally_b393bd68_IqBYbCT7 (f3ed24c2-c614-4e95-864a-5a8121163b43)
2019-11-28 17:49:53.917 15 RALLYDEBUG rally_openstack.cleanup.manager [-] Deleting neutron.network object s_rally_b393bd68_KTJBoSuT (fa197161-c8f5-4df4-b55f-524af3517d81)
2019-11-28 17:49:53.925 15 RALLYDEBUG rally_openstack.cleanup.manager [-] Deleting neutron.network object s_rally_b393bd68_4fxcfzAX (ff0b305c-af1a-476d-a2c6-b500e2c7c817)
2019-11-28 17:50:00.874 15 RALLYDEBUG rally_openstack.cleanup.manager [-] Cleaning up neutron router objects
2019-11-28 17:50:01.318 15 RALLYDEBUG rally_openstack.cleanup.manager [-] Cleaning up neutron security_group objects
2019-11-28 17:50:01.646 15 INFO rally.task.context [-] Task e3f6ae49-cc00-40f2-ba8e-d29d07ffc938 | Context cleanup@openstack cleanup() finished in 18.80 sec
2019-11-28 17:50:01.647 15 INFO rally.task.context [-] Task e3f6ae49-cc00-40f2-ba8e-d29d07ffc938 | Context quotas@openstack cleanup() started
2019-11-28 17:50:01.720 15 INFO rally.task.context [-] Task e3f6ae49-cc00-40f2-ba8e-d29d07ffc938 | Context quotas@openstack cleanup() finished in 73.02 msec
2019-11-28 17:50:01.721 15 INFO rally.task.context [-] Task e3f6ae49-cc00-40f2-ba8e-d29d07ffc938 | Context users@openstack cleanup() started
2019-11-28 17:50:03.336 15 INFO rally.task.context [-] Task e3f6ae49-cc00-40f2-ba8e-d29d07ffc938 | Context users@openstack cleanup() finished in 1.61 sec
2019-11-28 17:50:03.586 15 INFO rally.task.engine [-] Load duration is: 124.541099
2019-11-28 17:50:03.587 15 INFO rally.task.engine [-] Full runner duration is: 124.586388
2019-11-28 17:50:03.587 15 INFO rally.task.engine [-] Full duration is: 146.279647
2019-11-28 17:50:03.707 15 INFO rally.task.engine [-] Running workload: position = 0 config = { "version": 2, "title": "A cropped version of a bigger task.", "description": "Auto-generated task from a single workload (uuid=d9735911-541b-470e-b214-d1abb43525cf)", "subtasks": [ { "title": "Quotas.neutron_update", "description": "Update quotas for neutron.", "scenario": { "Quotas.neutron_update": { "max_quota": 1024 } }, "contexts": { "users": { "tenants": 20, "users_per_tenant": 1 } }, "runner": { "constant": { "times": 40, "concurrency": 20 } }, "hooks": [], "sla": { "failure_rate": { "max": 0 } } } ] }
2019-11-28 17:50:03.722 15 RALLYDEBUG rally_openstack.contexts.keystone.users [-] Creating 20 tenants using 20 threads
2019-11-28 17:50:06.336 15 RALLYDEBUG rally_openstack.contexts.keystone.users [-] Creating 20 users using 20 threads
2019-11-28 17:50:10.436 15 INFO rally.task.context [-] Task e3f6ae49-cc00-40f2-ba8e-d29d07ffc938 | Context users@openstack setup() finished in 6.71 sec
2019-11-28 17:50:10.436 15 INFO rally.task.context [-] Task e3f6ae49-cc00-40f2-ba8e-d29d07ffc938 | Context admin_cleanup@openstack setup() finished in 0.01 msec
2019-11-28 17:50:10.445 15 RALLYDEBUG rally.task.runner [-] Starting the constant runner (task UUID: e3f6ae49-cc00-40f2-ba8e-d29d07ffc938). timeout: 0 concurrency: 20 concurrency_per_worker: 1 times: 40 concurrency_overhead: 0 processes_to_start: 20 max_cpu_used: 88
2019-11-28 17:50:10.459 5003 RALLYDEBUG rally.task.runner [-] Starting a worker. concurrency: 1 args: {"max_quota": 1024} times: 40 method_name: run timeout: 0 duration: None cls:
2019-11-28 17:50:10.462 5004 RALLYDEBUG rally.task.runner [-] Starting a worker. concurrency: 1 args: {"max_quota": 1024} times: 40 method_name: run timeout: 0 duration: None cls:
2019-11-28 17:50:10.464 5005 RALLYDEBUG rally.task.runner [-] Starting a worker. concurrency: 1 args: {"max_quota": 1024} times: 40 method_name: run timeout: 0 duration: None cls:
2019-11-28 17:50:10.467 5006 RALLYDEBUG rally.task.runner [-] Starting a worker. concurrency: 1 args: {"max_quota": 1024} times: 40 method_name: run timeout: 0 duration: None cls:
2019-11-28 17:50:10.469 5003 INFO rally.task.runner [-] Task e3f6ae49-cc00-40f2-ba8e-d29d07ffc938 | ITER: 1 START
2019-11-28 17:50:10.470 5007 RALLYDEBUG rally.task.runner [-] Starting a worker. concurrency: 1 args: {"max_quota": 1024} times: 40 method_name: run timeout: 0 duration: None cls:
2019-11-28 17:50:10.472 5004 INFO rally.task.runner [-] Task e3f6ae49-cc00-40f2-ba8e-d29d07ffc938 | ITER: 2 START
2019-11-28 17:50:10.472 5008 RALLYDEBUG rally.task.runner [-] Starting a worker. concurrency: 1 args: {"max_quota": 1024} times: 40 method_name: run timeout: 0 duration: None cls:
2019-11-28 17:50:10.474 5005 INFO rally.task.runner [-] Task e3f6ae49-cc00-40f2-ba8e-d29d07ffc938 | ITER: 3 START
2019-11-28 17:50:10.475 5009 RALLYDEBUG rally.task.runner [-] Starting a worker. concurrency: 1 args: {"max_quota": 1024} times: 40 method_name: run timeout: 0 duration: None cls:
2019-11-28 17:50:10.477 5006 INFO rally.task.runner [-] Task e3f6ae49-cc00-40f2-ba8e-d29d07ffc938 | ITER: 4 START
2019-11-28 17:50:10.478 5012 RALLYDEBUG rally.task.runner [-] Starting a worker. concurrency: 1 args: {"max_quota": 1024} times: 40 method_name: run timeout: 0 duration: None cls:
2019-11-28 17:50:10.480 5007 INFO rally.task.runner [-] Task e3f6ae49-cc00-40f2-ba8e-d29d07ffc938 | ITER: 5 START
2019-11-28 17:50:10.481 5017 RALLYDEBUG rally.task.runner [-] Starting a worker. concurrency: 1 args: {"max_quota": 1024} times: 40 method_name: run timeout: 0 duration: None cls:
2019-11-28 17:50:10.483 5008 INFO rally.task.runner [-] Task e3f6ae49-cc00-40f2-ba8e-d29d07ffc938 | ITER: 6 START
2019-11-28 17:50:10.484 5019 RALLYDEBUG rally.task.runner [-] Starting a worker. concurrency: 1 args: {"max_quota": 1024} times: 40 method_name: run timeout: 0 duration: None cls:
2019-11-28 17:50:10.485 5009 INFO rally.task.runner [-] Task e3f6ae49-cc00-40f2-ba8e-d29d07ffc938 | ITER: 7 START
2019-11-28 17:50:10.486 5021 RALLYDEBUG rally.task.runner [-] Starting a worker. concurrency: 1 args: {"max_quota": 1024} times: 40 method_name: run timeout: 0 duration: None cls:
2019-11-28 17:50:10.488 5012 INFO rally.task.runner [-] Task e3f6ae49-cc00-40f2-ba8e-d29d07ffc938 | ITER: 8 START
2019-11-28 17:50:10.489 5024 RALLYDEBUG rally.task.runner [-] Starting a worker. concurrency: 1 args: {"max_quota": 1024} times: 40 method_name: run timeout: 0 duration: None cls:
2019-11-28 17:50:10.492 5017 INFO rally.task.runner [-] Task e3f6ae49-cc00-40f2-ba8e-d29d07ffc938 | ITER: 9 START
2019-11-28 17:50:10.492 5029 RALLYDEBUG rally.task.runner [-] Starting a worker. concurrency: 1 args: {"max_quota": 1024} times: 40 method_name: run timeout: 0 duration: None cls:
2019-11-28 17:50:10.493 5019 INFO rally.task.runner [-] Task e3f6ae49-cc00-40f2-ba8e-d29d07ffc938 | ITER: 10 START
2019-11-28 17:50:10.495 5031 RALLYDEBUG rally.task.runner [-] Starting a worker. concurrency: 1 args: {"max_quota": 1024} times: 40 method_name: run timeout: 0 duration: None cls:
2019-11-28 17:50:10.496 5021 INFO rally.task.runner [-] Task e3f6ae49-cc00-40f2-ba8e-d29d07ffc938 | ITER: 11 START
2019-11-28 17:50:10.498 5033 RALLYDEBUG rally.task.runner [-] Starting a worker. concurrency: 1 args: {"max_quota": 1024} times: 40 method_name: run timeout: 0 duration: None cls:
2019-11-28 17:50:10.500 5024 INFO rally.task.runner [-] Task e3f6ae49-cc00-40f2-ba8e-d29d07ffc938 | ITER: 12 START
2019-11-28 17:50:10.500 5038 RALLYDEBUG rally.task.runner [-] Starting a worker. concurrency: 1 args: {"max_quota": 1024} times: 40 method_name: run timeout: 0 duration: None cls:
2019-11-28 17:50:10.503 5029 INFO rally.task.runner [-] Task e3f6ae49-cc00-40f2-ba8e-d29d07ffc938 | ITER: 13 START
2019-11-28 17:50:10.503 5041 RALLYDEBUG rally.task.runner [-] Starting a worker. concurrency: 1 args: {"max_quota": 1024} times: 40 method_name: run timeout: 0 duration: None cls:
2019-11-28 17:50:10.505 5031 INFO rally.task.runner [-] Task e3f6ae49-cc00-40f2-ba8e-d29d07ffc938 | ITER: 14 START
