2019-11-28 17:12:47.917 15 INFO rally.task.engine [-] Load duration is: 156.783823
2019-11-28 17:12:47.917 15 INFO rally.task.engine [-] Full runner duration is: 156.833783
2019-11-28 17:12:47.917 15 INFO rally.task.engine [-] Full duration is: 322.475122
2019-11-28 17:12:48.029 15 INFO rally.task.engine [-] Running workload: position = 2 config = { "version": 2, "title": "A cropped version of a bigger task.", "description": "Auto-generated task from a single workload (uuid=f9fff42c-e108-468b-bf4e-5475f37dc795)", "subtasks": [ { "title": "NeutronNetworks.create_and_delete_subnets", "description": "Create and delete a given number of subnets.", "scenario": { "NeutronNetworks.create_and_delete_subnets": { "network_create_args": {}, "subnet_create_args": {}, "subnet_cidr_start": "1.1.0.0/30", "subnets_per_network": 2 } }, "contexts": { "users": { "tenants": 1, "users_per_tenant": 1 }, "quotas": { "neutron": { "network": -1, "subnet": -1 } } }, "runner": { "constant": { "times": 40, "concurrency": 20 } }, "hooks": [], "sla": { "failure_rate": { "max": 0 } } } ] }
2019-11-28 17:12:48.044 15 RALLYDEBUG rally_openstack.contexts.keystone.users [-] Creating 1 tenants using 20 threads
2019-11-28 17:12:48.379 15 RALLYDEBUG rally_openstack.contexts.keystone.users [-] Creating 1 users using 20 threads
2019-11-28 17:12:48.827 15 INFO rally.task.context [-] Task e3f6ae49-cc00-40f2-ba8e-d29d07ffc938 | Context users@openstack setup() finished in 0.78 sec
2019-11-28 17:12:49.331 15 INFO rally.task.context [-] Task e3f6ae49-cc00-40f2-ba8e-d29d07ffc938 | Context quotas@openstack setup() finished in 0.50 sec
2019-11-28 17:12:49.331 15 INFO rally.task.context [-] Task e3f6ae49-cc00-40f2-ba8e-d29d07ffc938 | Context cleanup@openstack setup() finished in 0.01 msec
2019-11-28 17:12:49.341 15 RALLYDEBUG rally.task.runner [-] Starting the constant runner (task UUID: e3f6ae49-cc00-40f2-ba8e-d29d07ffc938). timeout: 0 concurrency: 20 concurrency_per_worker: 1 times: 40 concurrency_overhead: 0 processes_to_start: 20 max_cpu_used: 88
2019-11-28 17:12:49.357 2269 RALLYDEBUG rally.task.runner [-] Starting a worker. concurrency: 1 args: {"network_create_args": {}, "subnet_create_args": {}, "subnet_cidr_start": "1.1.0.0/30", "subnets_per_network": 2} times: 40 method_name: run timeout: 0 duration: None cls:
2019-11-28 17:12:49.360 2270 RALLYDEBUG rally.task.runner [-] Starting a worker. concurrency: 1 args: {"network_create_args": {}, "subnet_create_args": {}, "subnet_cidr_start": "1.1.0.0/30", "subnets_per_network": 2} times: 40 method_name: run timeout: 0 duration: None cls:
2019-11-28 17:12:49.364 2269 INFO rally.task.runner [-] Task e3f6ae49-cc00-40f2-ba8e-d29d07ffc938 | ITER: 1 START
2019-11-28 17:12:49.365 2269 WARNING rally_openstack.scenarios.neutron.utils [-] Running this scenario without either the 'network' or 'existing_network' context is deprecated
2019-11-28 17:12:49.364 2271 RALLYDEBUG rally.task.runner [-] Starting a worker. concurrency: 1 args: {"network_create_args": {}, "subnet_create_args": {}, "subnet_cidr_start": "1.1.0.0/30", "subnets_per_network": 2} times: 40 method_name: run timeout: 0 duration: None cls:
2019-11-28 17:12:49.367 2270 INFO rally.task.runner [-] Task e3f6ae49-cc00-40f2-ba8e-d29d07ffc938 | ITER: 2 START
2019-11-28 17:12:49.367 2272 RALLYDEBUG rally.task.runner [-] Starting a worker. concurrency: 1 args: {"network_create_args": {}, "subnet_create_args": {}, "subnet_cidr_start": "1.1.0.0/30", "subnets_per_network": 2} times: 40 method_name: run timeout: 0 duration: None cls:
2019-11-28 17:12:49.368 2270 WARNING rally_openstack.scenarios.neutron.utils [-] Running this scenario without either the 'network' or 'existing_network' context is deprecated
2019-11-28 17:12:49.370 2275 RALLYDEBUG rally.task.runner [-] Starting a worker. concurrency: 1 args: {"network_create_args": {}, "subnet_create_args": {}, "subnet_cidr_start": "1.1.0.0/30", "subnets_per_network": 2} times: 40 method_name: run timeout: 0 duration: None cls:
2019-11-28 17:12:49.371 2271 INFO rally.task.runner [-] Task e3f6ae49-cc00-40f2-ba8e-d29d07ffc938 | ITER: 3 START
2019-11-28 17:12:49.372 2271 WARNING rally_openstack.scenarios.neutron.utils [-] Running this scenario without either the 'network' or 'existing_network' context is deprecated
2019-11-28 17:12:49.373 2277 RALLYDEBUG rally.task.runner [-] Starting a worker. concurrency: 1 args: {"network_create_args": {}, "subnet_create_args": {}, "subnet_cidr_start": "1.1.0.0/30", "subnets_per_network": 2} times: 40 method_name: run timeout: 0 duration: None cls:
2019-11-28 17:12:49.374 2272 INFO rally.task.runner [-] Task e3f6ae49-cc00-40f2-ba8e-d29d07ffc938 | ITER: 4 START
2019-11-28 17:12:49.375 2272 WARNING rally_openstack.scenarios.neutron.utils [-] Running this scenario without either the 'network' or 'existing_network' context is deprecated
2019-11-28 17:12:49.376 2279 RALLYDEBUG rally.task.runner [-] Starting a worker. concurrency: 1 args: {"network_create_args": {}, "subnet_create_args": {}, "subnet_cidr_start": "1.1.0.0/30", "subnets_per_network": 2} times: 40 method_name: run timeout: 0 duration: None cls:
2019-11-28 17:12:49.377 2275 INFO rally.task.runner [-] Task e3f6ae49-cc00-40f2-ba8e-d29d07ffc938 | ITER: 5 START
2019-11-28 17:12:49.378 2275 WARNING rally_openstack.scenarios.neutron.utils [-] Running this scenario without either the 'network' or 'existing_network' context is deprecated
2019-11-28 17:12:49.378 2282 RALLYDEBUG rally.task.runner [-] Starting a worker. concurrency: 1 args: {"network_create_args": {}, "subnet_create_args": {}, "subnet_cidr_start": "1.1.0.0/30", "subnets_per_network": 2} times: 40 method_name: run timeout: 0 duration: None cls:
2019-11-28 17:12:49.379 2277 INFO rally.task.runner [-] Task e3f6ae49-cc00-40f2-ba8e-d29d07ffc938 | ITER: 6 START
2019-11-28 17:12:49.380 2277 WARNING rally_openstack.scenarios.neutron.utils [-] Running this scenario without either the 'network' or 'existing_network' context is deprecated
2019-11-28 17:12:49.382 2279 INFO rally.task.runner [-] Task e3f6ae49-cc00-40f2-ba8e-d29d07ffc938 | ITER: 7 START
2019-11-28 17:12:49.383 2279 WARNING rally_openstack.scenarios.neutron.utils [-] Running this scenario without either the 'network' or 'existing_network' context is deprecated
2019-11-28 17:12:49.384 2286 RALLYDEBUG rally.task.runner [-] Starting a worker. concurrency: 1 args: {"network_create_args": {}, "subnet_create_args": {}, "subnet_cidr_start": "1.1.0.0/30", "subnets_per_network": 2} times: 40 method_name: run timeout: 0 duration: None cls:
2019-11-28 17:12:49.385 2282 INFO rally.task.runner [-] Task e3f6ae49-cc00-40f2-ba8e-d29d07ffc938 | ITER: 8 START
2019-11-28 17:12:49.385 2288 RALLYDEBUG rally.task.runner [-] Starting a worker. concurrency: 1 args: {"network_create_args": {}, "subnet_create_args": {}, "subnet_cidr_start": "1.1.0.0/30", "subnets_per_network": 2} times: 40 method_name: run timeout: 0 duration: None cls:
2019-11-28 17:12:49.386 2282 WARNING rally_openstack.scenarios.neutron.utils [-] Running this scenario without either the 'network' or 'existing_network' context is deprecated
2019-11-28 17:12:49.387 2292 RALLYDEBUG rally.task.runner [-] Starting a worker. concurrency: 1 args: {"network_create_args": {}, "subnet_create_args": {}, "subnet_cidr_start": "1.1.0.0/30", "subnets_per_network": 2} times: 40 method_name: run timeout: 0 duration: None cls:
2019-11-28 17:12:49.390 2296 RALLYDEBUG rally.task.runner [-] Starting a worker. concurrency: 1 args: {"network_create_args": {}, "subnet_create_args": {}, "subnet_cidr_start": "1.1.0.0/30", "subnets_per_network": 2} times: 40 method_name: run timeout: 0 duration: None cls:
2019-11-28 17:12:49.391 2286 INFO rally.task.runner [-] Task e3f6ae49-cc00-40f2-ba8e-d29d07ffc938 | ITER: 9 START
2019-11-28 17:12:49.391 2288 INFO rally.task.runner [-] Task e3f6ae49-cc00-40f2-ba8e-d29d07ffc938 | ITER: 10 START
2019-11-28 17:12:49.392 2286 WARNING rally_openstack.scenarios.neutron.utils [-] Running this scenario without either the 'network' or 'existing_network' context is deprecated
2019-11-28 17:12:49.392 2288 WARNING rally_openstack.scenarios.neutron.utils [-] Running this scenario without either the 'network' or 'existing_network' context is deprecated
2019-11-28 17:12:49.392 2297 RALLYDEBUG rally.task.runner [-] Starting a worker. concurrency: 1 args: {"network_create_args": {}, "subnet_create_args": {}, "subnet_cidr_start": "1.1.0.0/30", "subnets_per_network": 2} times: 40 method_name: run timeout: 0 duration: None cls:
2019-11-28 17:12:49.393 2292 INFO rally.task.runner [-] Task e3f6ae49-cc00-40f2-ba8e-d29d07ffc938 | ITER: 11 START
2019-11-28 17:12:49.394 2298 RALLYDEBUG rally.task.runner [-] Starting a worker. concurrency: 1 args: {"network_create_args": {}, "subnet_create_args": {}, "subnet_cidr_start": "1.1.0.0/30", "subnets_per_network": 2} times: 40 method_name: run timeout: 0 duration: None cls:
2019-11-28 17:12:49.395 2292 WARNING rally_openstack.scenarios.neutron.utils [-] Running this scenario without either the 'network' or 'existing_network' context is deprecated
2019-11-28 17:12:49.396 2296 INFO rally.task.runner [-] Task e3f6ae49-cc00-40f2-ba8e-d29d07ffc938 | ITER: 12 START
2019-11-28 17:12:49.398 2296 WARNING rally_openstack.scenarios.neutron.utils [-] Running this scenario without either the 'network' or 'existing_network' context is deprecated
2019-11-28 17:12:49.398 2297 INFO rally.task.runner [-] Task e3f6ae49-cc00-40f2-ba8e-d29d07ffc938 | ITER: 13 START
2019-11-28 17:12:49.399 2298 INFO rally.task.runner [-] Task e3f6ae49-cc00-40f2-ba8e-d29d07ffc938 | ITER: 14 START
2019-11-28 17:12:49.399 2297 WARNING rally_openstack.scenarios.neutron.utils [-] Running this scenario without either the 'network' or 'existing_network' context is deprecated
2019-11-28 17:12:49.399 2304 RALLYDEBUG rally.task.runner [-] Starting a worker. concurrency: 1 args: {"network_create_args": {}, "subnet_create_args": {}, "subnet_cidr_start": "1.1.0.0/30", "subnets_per_network": 2} times: 40 method_name: run timeout: 0 duration: None cls:
2019-11-28 17:12:49.400 2298 WARNING rally_openstack.scenarios.neutron.utils [-] Running this scenario without either the 'network' or 'existing_network' context is deprecated
2019-11-28 17:12:49.402 2307 RALLYDEBUG rally.task.runner [-] Starting a worker. concurrency: 1 args: {"network_create_args": {}, "subnet_create_args": {}, "subnet_cidr_start": "1.1.0.0/30", "subnets_per_network": 2} times: 40 method_name: run timeout: 0 duration: None cls:
2019-11-28 17:12:49.403 2313 RALLYDEBUG rally.task.runner [-] Starting a worker. concurrency: 1 args: {"network_create_args": {}, "subnet_create_args": {}, "subnet_cidr_start": "1.1.0.0/30", "subnets_per_network": 2} times: 40 method_name: run timeout: 0 duration: None cls:
2019-11-28 17:12:49.405 2304 INFO rally.task.runner [-] Task e3f6ae49-cc00-40f2-ba8e-d29d07ffc938 | ITER: 15 START
2019-11-28 17:12:49.406 2304 WARNING rally_openstack.scenarios.neutron.utils [-] Running this scenario without either the 'network' or 'existing_network' context is deprecated
2019-11-28 17:12:49.408 2313 INFO rally.task.runner [-] Task e3f6ae49-cc00-40f2-ba8e-d29d07ffc938 | ITER: 17 START
2019-11-28 17:12:49.408 2314 RALLYDEBUG rally.task.runner [-] Starting a worker. concurrency: 1 args: {"network_create_args": {}, "subnet_create_args": {}, "subnet_cidr_start": "1.1.0.0/30", "subnets_per_network": 2} times: 40 method_name: run timeout: 0 duration: None cls:
2019-11-28 17:12:49.409 2307 INFO rally.task.runner [-] Task e3f6ae49-cc00-40f2-ba8e-d29d07ffc938 | ITER: 16 START
2019-11-28 17:12:49.409 2313 WARNING rally_openstack.scenarios.neutron.utils [-] Running this scenario without either the 'network' or 'existing_network' context is deprecated
2019-11-28 17:12:49.410 2307 WARNING rally_openstack.scenarios.neutron.utils [-] Running this scenario without either the 'network' or 'existing_network' context is deprecated
2019-11-28 17:12:49.411 2317 RALLYDEBUG rally.task.runner [-] Starting a worker. concurrency: 1 args: {"network_create_args": {}, "subnet_create_args": {}, "subnet_cidr_start": "1.1.0.0/30", "subnets_per_network": 2} times: 40 method_name: run timeout: 0 duration: None cls:
2019-11-28 17:12:49.411 2319 RALLYDEBUG rally.task.runner [-] Starting a worker. concurrency: 1 args: {"network_create_args": {}, "subnet_create_args": {}, "subnet_cidr_start": "1.1.0.0/30", "subnets_per_network": 2} times: 40 method_name: run timeout: 0 duration: None cls:
2019-11-28 17:12:49.414 2314 INFO rally.task.runner [-] Task e3f6ae49-cc00-40f2-ba8e-d29d07ffc938 | ITER: 18 START
2019-11-28 17:12:49.415 2314 WARNING rally_openstack.scenarios.neutron.utils [-] Running this scenario without either the 'network' or 'existing_network' context is deprecated
2019-11-28 17:12:49.416 2319 INFO rally.task.runner [-] Task e3f6ae49-cc00-40f2-ba8e-d29d07ffc938 | ITER: 20 START
2019-11-28 17:12:49.417 2317 INFO rally.task.runner [-] Task e3f6ae49-cc00-40f2-ba8e-d29d07ffc938 | ITER: 19 START
2019-11-28 17:12:49.417 2319 WARNING rally_openstack.scenarios.neutron.utils [-] Running this scenario without either the 'network' or 'existing_network' context is deprecated
2019-11-28 17:12:49.418 2317 WARNING rally_openstack.scenarios.neutron.utils [-] Running this scenario without either the 'network' or 'existing_network' context is deprecated
2019-11-28 17:12:50.618 2279 RALLYDEBUG rally_openstack.wrappers.network [-] CIDR generated: 1.1.4.96/30
2019-11-28 17:12:50.742 2298 RALLYDEBUG rally_openstack.wrappers.network [-] CIDR generated: 1.1.4.100/30
2019-11-28 17:12:50.818 2269 RALLYDEBUG rally_openstack.wrappers.network [-] CIDR generated: 1.1.4.104/30
2019-11-28 17:12:50.893 2277 RALLYDEBUG rally_openstack.wrappers.network [-] CIDR generated: 1.1.4.108/30
2019-11-28 17:12:51.471 2275 RALLYDEBUG rally_openstack.wrappers.network [-] CIDR generated: 1.1.4.112/30
2019-11-28 17:12:51.916 2286 RALLYDEBUG rally_openstack.wrappers.network [-] CIDR generated: 1.1.4.116/30
2019-11-28 17:12:52.801 2270 RALLYDEBUG rally_openstack.wrappers.network [-] CIDR generated: 1.1.4.120/30
2019-11-28 17:12:52.812 2288 RALLYDEBUG rally_openstack.wrappers.network [-] CIDR generated: 1.1.4.124/30
2019-11-28 17:12:52.827 2297 RALLYDEBUG rally_openstack.wrappers.network [-] CIDR generated: 1.1.4.128/30
2019-11-28 17:12:52.828 2317 RALLYDEBUG rally_openstack.wrappers.network [-] CIDR generated: 1.1.4.132/30
2019-11-28 17:12:52.833 2271 RALLYDEBUG rally_openstack.wrappers.network [-] CIDR generated: 1.1.4.136/30
2019-11-28 17:12:52.863 2304 RALLYDEBUG rally_openstack.wrappers.network [-] CIDR generated: 1.1.4.140/30
2019-11-28 17:12:52.897 2296 RALLYDEBUG rally_openstack.wrappers.network [-] CIDR generated: 1.1.4.144/30
2019-11-28 17:12:52.983 2307 RALLYDEBUG rally_openstack.wrappers.network [-] CIDR generated: 1.1.4.148/30
2019-11-28 17:12:53.719 2319 RALLYDEBUG rally_openstack.wrappers.network [-] CIDR generated: 1.1.4.152/30
2019-11-28 17:12:54.196 2314 RALLYDEBUG rally_openstack.wrappers.network [-] CIDR generated: 1.1.4.156/30
2019-11-28 17:12:54.232 2279 RALLYDEBUG rally_openstack.wrappers.network [-] CIDR generated: 1.1.4.160/30
2019-11-28 17:12:55.186 2272 RALLYDEBUG rally_openstack.wrappers.network [-] CIDR generated: 1.1.4.164/30
2019-11-28 17:12:55.400 2292 RALLYDEBUG rally_openstack.wrappers.network [-] CIDR generated: 1.1.4.168/30
2019-11-28 17:12:55.403 2282 RALLYDEBUG rally_openstack.wrappers.network [-] CIDR generated: 1.1.4.172/30
2019-11-28 17:12:55.575 2313 RALLYDEBUG rally_openstack.wrappers.network [-] CIDR generated: 1.1.4.176/30
2019-11-28 17:12:56.191 2304 RALLYDEBUG rally_openstack.wrappers.network [-] CIDR generated: 1.1.4.180/30
2019-11-28 17:12:57.428 2319 RALLYDEBUG rally_openstack.wrappers.network [-] CIDR generated: 1.1.4.184/30
2019-11-28 17:12:57.878 2314 RALLYDEBUG rally_openstack.wrappers.network [-] CIDR generated: 1.1.4.188/30
2019-11-28 17:12:58.159 2272 RALLYDEBUG rally_openstack.wrappers.network [-] CIDR generated: 1.1.4.192/30
2019-11-28 17:12:58.217 2292 RALLYDEBUG rally_openstack.wrappers.network [-] CIDR generated: 1.1.4.196/30
2019-11-28 17:12:58.224 2282 RALLYDEBUG rally_openstack.wrappers.network [-] CIDR generated: 1.1.4.200/30
2019-11-28 17:12:58.265 2313 RALLYDEBUG rally_openstack.wrappers.network [-] CIDR generated: 1.1.4.204/30
2019-11-28 17:12:59.467 2298 RALLYDEBUG rally_openstack.wrappers.network [-] CIDR generated: 1.1.4.208/30
2019-11-28 17:12:59.546 2269 RALLYDEBUG rally_openstack.wrappers.network [-] CIDR generated: 1.1.4.212/30
2019-11-28 17:12:59.768 2277 RALLYDEBUG rally_openstack.wrappers.network [-] CIDR generated: 1.1.4.216/30
2019-11-28 17:12:59.988 2275 RALLYDEBUG rally_openstack.wrappers.network [-] CIDR generated: 1.1.4.220/30
2019-11-28 17:13:00.764 2286 RALLYDEBUG rally_openstack.wrappers.network [-] CIDR generated: 1.1.4.224/30
2019-11-28 17:13:01.594 2270 RALLYDEBUG rally_openstack.wrappers.network [-] CIDR generated: 1.1.4.228/30
2019-11-28 17:13:01.595 2307 RALLYDEBUG rally_openstack.wrappers.network [-] CIDR generated: 1.1.4.232/30
2019-11-28 17:13:01.657 2271 RALLYDEBUG rally_openstack.wrappers.network [-] CIDR generated: 1.1.4.236/30
2019-11-28 17:13:01.678 2288 RALLYDEBUG rally_openstack.wrappers.network [-] CIDR generated: 1.1.4.240/30
2019-11-28 17:13:01.700 2296 RALLYDEBUG rally_openstack.wrappers.network [-] CIDR generated: 1.1.4.244/30
2019-11-28 17:13:01.730 2297 RALLYDEBUG rally_openstack.wrappers.network [-] CIDR generated: 1.1.4.248/30
2019-11-28 17:13:01.775 2317 RALLYDEBUG rally_openstack.wrappers.network [-] CIDR generated: 1.1.4.252/30
2019-11-28 17:13:05.864 2279 INFO rally.task.runner [-] Task e3f6ae49-cc00-40f2-ba8e-d29d07ffc938 | ITER: 7 END: OK
2019-11-28 17:13:05.869 2279 INFO rally.task.runner [-] Task e3f6ae49-cc00-40f2-ba8e-d29d07ffc938 | ITER: 21 START
2019-11-28 17:13:05.870 2279 WARNING rally_openstack.scenarios.neutron.utils [-] Running this scenario without either the 'network' or 'existing_network' context is deprecated
2019-11-28 17:13:07.090 2304 INFO rally.task.runner [-] Task e3f6ae49-cc00-40f2-ba8e-d29d07ffc938 | ITER: 15 END: OK
2019-11-28 17:13:07.095 2304 INFO rally.task.runner [-] Task e3f6ae49-cc00-40f2-ba8e-d29d07ffc938 | ITER: 22 START
2019-11-28 17:13:07.096 2304 WARNING rally_openstack.scenarios.neutron.utils [-] Running this scenario without either the 'network' or 'existing_network' context is deprecated
2019-11-28 17:13:08.091 2304 RALLYDEBUG rally_openstack.wrappers.network [-] CIDR generated: 1.1.5.0/30
2019-11-28 17:13:08.115 2275 INFO rally.task.runner [-] Task e3f6ae49-cc00-40f2-ba8e-d29d07ffc938 | ITER: 5 END: OK
2019-11-28 17:13:08.120 2275 INFO rally.task.runner [-] Task e3f6ae49-cc00-40f2-ba8e-d29d07ffc938 | ITER: 23 START
2019-11-28 17:13:08.120 2275 WARNING rally_openstack.scenarios.neutron.utils [-] Running this scenario without either the 'network' or 'existing_network' context is deprecated
2019-11-28 17:13:08.592 2275 RALLYDEBUG rally_openstack.wrappers.network [-] CIDR generated: 1.1.5.4/30
2019-11-28 17:13:10.126 2279 RALLYDEBUG rally_openstack.wrappers.network [-] CIDR generated: 1.1.5.8/30
2019-11-28 17:13:16.264 2304 RALLYDEBUG rally_openstack.wrappers.network [-] CIDR generated: 1.1.5.12/30
2019-11-28 17:13:16.495 2277 INFO rally.task.runner [-] Task e3f6ae49-cc00-40f2-ba8e-d29d07ffc938 | ITER: 6 END: OK
2019-11-28 17:13:16.499 2277 INFO rally.task.runner [-] Task e3f6ae49-cc00-40f2-ba8e-d29d07ffc938 | ITER: 24 START
2019-11-28 17:13:16.500 2277 WARNING rally_openstack.scenarios.neutron.utils [-] Running this scenario without either the 'network' or 'existing_network' context is deprecated
2019-11-28 17:13:16.564 2275 RALLYDEBUG rally_openstack.wrappers.network [-] CIDR generated: 1.1.5.16/30
2019-11-28 17:13:17.247 2279 RALLYDEBUG rally_openstack.wrappers.network [-] CIDR generated: 1.1.5.20/30
2019-11-28 17:13:19.269 2313 INFO rally.task.runner [-] Task e3f6ae49-cc00-40f2-ba8e-d29d07ffc938 | ITER: 17 END: OK
2019-11-28 17:13:19.275 2272 INFO rally.task.runner [-] Task e3f6ae49-cc00-40f2-ba8e-d29d07ffc938 | ITER: 4 END: OK
2019-11-28 17:13:19.278 2313 INFO rally.task.runner [-] Task e3f6ae49-cc00-40f2-ba8e-d29d07ffc938 | ITER: 25 START
2019-11-28 17:13:19.279 2313 WARNING rally_openstack.scenarios.neutron.utils [-] Running this scenario without either the 'network' or 'existing_network' context is deprecated
2019-11-28 17:13:19.284 2272 INFO rally.task.runner [-] Task e3f6ae49-cc00-40f2-ba8e-d29d07ffc938 | ITER: 26 START
2019-11-28 17:13:19.285 2272 WARNING rally_openstack.scenarios.neutron.utils [-] Running this scenario without either the 'network' or 'existing_network' context is deprecated
2019-11-28 17:13:19.301 2292 INFO rally.task.runner [-] Task e3f6ae49-cc00-40f2-ba8e-d29d07ffc938 | ITER: 11 END: OK
2019-11-28 17:13:19.312 2292 INFO rally.task.runner [-] Task e3f6ae49-cc00-40f2-ba8e-d29d07ffc938 | ITER: 27 START
2019-11-28 17:13:19.313 2292 WARNING rally_openstack.scenarios.neutron.utils [-] Running this scenario without either the 'network' or 'existing_network' context is deprecated
2019-11-28 17:13:19.442 2282 INFO rally.task.runner [-] Task e3f6ae49-cc00-40f2-ba8e-d29d07ffc938 | ITER: 8 END: OK
2019-11-28 17:13:19.450 2282 INFO rally.task.runner [-] Task e3f6ae49-cc00-40f2-ba8e-d29d07ffc938 | ITER: 28 START
2019-11-28 17:13:19.451 2282 WARNING rally_openstack.scenarios.neutron.utils [-] Running this scenario without either the 'network' or 'existing_network' context is deprecated
2019-11-28 17:13:20.119 2277 RALLYDEBUG rally_openstack.wrappers.network [-] CIDR generated: 1.1.5.24/30
2019-11-28 17:13:21.393 2272 RALLYDEBUG rally_openstack.wrappers.network [-] CIDR generated: 1.1.5.28/30
2019-11-28 17:13:21.482 2282 RALLYDEBUG rally_openstack.wrappers.network [-] CIDR generated: 1.1.5.32/30
2019-11-28 17:13:22.048 2269 INFO rally.task.runner [-] Task e3f6ae49-cc00-40f2-ba8e-d29d07ffc938 | ITER: 1 END: OK
2019-11-28 17:13:22.056 2269 INFO rally.task.runner [-] Task e3f6ae49-cc00-40f2-ba8e-d29d07ffc938 | ITER: 29 START
2019-11-28 17:13:22.057 2269 WARNING rally_openstack.scenarios.neutron.utils [-] Running this scenario without either the 'network' or 'existing_network' context is deprecated
2019-11-28 17:13:22.692 2314 INFO rally.task.runner [-] Task e3f6ae49-cc00-40f2-ba8e-d29d07ffc938 | ITER: 18 END: OK
2019-11-28 17:13:22.699 2314 INFO rally.task.runner [-] Task e3f6ae49-cc00-40f2-ba8e-d29d07ffc938 | ITER: 30 START
2019-11-28 17:13:22.699 2314 WARNING rally_openstack.scenarios.neutron.utils [-] Running this scenario without either the 'network' or 'existing_network' context is deprecated
2019-11-28 17:13:22.932 2319 INFO rally.task.runner [-] Task e3f6ae49-cc00-40f2-ba8e-d29d07ffc938 | ITER: 20 END: OK
2019-11-28 17:13:22.941 2319 INFO rally.task.runner [-] Task e3f6ae49-cc00-40f2-ba8e-d29d07ffc938 | ITER: 31 START
2019-11-28 17:13:22.942 2319 WARNING rally_openstack.scenarios.neutron.utils [-] Running this scenario without either the 'network' or 'existing_network' context is deprecated
2019-11-28 17:13:23.373 2269 RALLYDEBUG rally_openstack.wrappers.network [-] CIDR generated: 1.1.5.36/30
2019-11-28 17:13:23.557 2313 RALLYDEBUG rally_openstack.wrappers.network [-] CIDR generated: 1.1.5.40/30
2019-11-28 17:13:23.800 2314 RALLYDEBUG rally_openstack.wrappers.network [-] CIDR generated: 1.1.5.44/30
2019-11-28 17:13:24.208 2292 RALLYDEBUG rally_openstack.wrappers.network [-] CIDR generated: 1.1.5.48/30
2019-11-28 17:13:24.226 2319 RALLYDEBUG rally_openstack.wrappers.network [-] CIDR generated: 1.1.5.52/30
2019-11-28 17:13:24.460 2286 INFO rally.task.runner [-] Task e3f6ae49-cc00-40f2-ba8e-d29d07ffc938 | ITER: 9 END: OK
2019-11-28 17:13:24.467 2286 INFO rally.task.runner [-] Task e3f6ae49-cc00-40f2-ba8e-d29d07ffc938 | ITER: 32 START
2019-11-28 17:13:24.468 2286 WARNING rally_openstack.scenarios.neutron.utils [-] Running this scenario without either the 'network' or 'existing_network' context is deprecated
2019-11-28 17:13:25.312 2313 RALLYDEBUG rally_openstack.wrappers.network [-] CIDR generated: 1.1.5.56/30
2019-11-28 17:13:25.386 2292 RALLYDEBUG rally_openstack.wrappers.network [-] CIDR generated: 1.1.5.60/30
2019-11-28 17:13:30.575 2286 RALLYDEBUG rally_openstack.wrappers.network [-] CIDR generated: 1.1.5.64/30
2019-11-28 17:13:30.577 2307 INFO rally.task.runner [-] Task e3f6ae49-cc00-40f2-ba8e-d29d07ffc938 | ITER: 16 END: OK
2019-11-28 17:13:30.587 2307 INFO rally.task.runner [-] Task e3f6ae49-cc00-40f2-ba8e-d29d07ffc938 | ITER: 33 START
2019-11-28 17:13:30.588 2307 WARNING rally_openstack.scenarios.neutron.utils [-] Running this scenario without either the 'network' or 'existing_network' context is deprecated
2019-11-28 17:13:30.694 2277 RALLYDEBUG rally_openstack.wrappers.network [-] CIDR generated: 1.1.5.68/30
2019-11-28 17:13:30.744 2271 INFO rally.task.runner [-] Task e3f6ae49-cc00-40f2-ba8e-d29d07ffc938 | ITER: 3 END: OK
2019-11-28 17:13:30.754 2271 INFO rally.task.runner [-] Task e3f6ae49-cc00-40f2-ba8e-d29d07ffc938 | ITER: 34 START
2019-11-28 17:13:30.755 2271 WARNING rally_openstack.scenarios.neutron.utils [-] Running this scenario without either the 'network' or 'existing_network' context is deprecated
2019-11-28 17:13:30.956 2270 INFO rally.task.runner [-] Task e3f6ae49-cc00-40f2-ba8e-d29d07ffc938 | ITER: 2 END: OK
2019-11-28 17:13:30.965 2270 INFO rally.task.runner [-] Task e3f6ae49-cc00-40f2-ba8e-d29d07ffc938 | ITER: 35 START
2019-11-28 17:13:30.966 2270 WARNING rally_openstack.scenarios.neutron.utils [-] Running this scenario without either the 'network' or 'existing_network' context is deprecated
2019-11-28 17:13:31.021 2298 INFO rally.task.runner [-] Task e3f6ae49-cc00-40f2-ba8e-d29d07ffc938 | ITER: 14 END: OK
2019-11-28 17:13:31.030 2298 INFO rally.task.runner [-] Task e3f6ae49-cc00-40f2-ba8e-d29d07ffc938 | ITER: 36 START
2019-11-28 17:13:31.031 2298 WARNING rally_openstack.scenarios.neutron.utils [-] Running this scenario without either the 'network' or 'existing_network' context is deprecated
2019-11-28 17:13:31.824 2282 RALLYDEBUG rally_openstack.wrappers.network [-] CIDR generated: 1.1.5.72/30
2019-11-28 17:13:31.870 2272 RALLYDEBUG rally_openstack.wrappers.network [-] CIDR generated: 1.1.5.76/30
2019-11-28 17:13:31.971 2297 INFO rally.task.runner [-] Task e3f6ae49-cc00-40f2-ba8e-d29d07ffc938 | ITER: 13 END: OK
2019-11-28 17:13:31.978 2297 INFO rally.task.runner [-] Task e3f6ae49-cc00-40f2-ba8e-d29d07ffc938 | ITER: 37 START
2019-11-28 17:13:31.979 2297 WARNING rally_openstack.scenarios.neutron.utils [-] Running this scenario without either the 'network' or 'existing_network' context is deprecated
2019-11-28 17:13:32.006 2317 INFO rally.task.runner [-] Task e3f6ae49-cc00-40f2-ba8e-d29d07ffc938 | ITER: 19 END: OK
2019-11-28 17:13:32.014 2317 INFO rally.task.runner [-] Task e3f6ae49-cc00-40f2-ba8e-d29d07ffc938 | ITER: 38 START
2019-11-28 17:13:32.016 2317 WARNING rally_openstack.scenarios.neutron.utils [-] Running this scenario without either the 'network' or 'existing_network' context is deprecated
2019-11-28 17:13:32.158 2307 RALLYDEBUG rally_openstack.wrappers.network [-] CIDR generated: 1.1.5.80/30
2019-11-28 17:13:32.173 2296 INFO rally.task.runner [-] Task e3f6ae49-cc00-40f2-ba8e-d29d07ffc938 | ITER: 12 END: OK
2019-11-28 17:13:32.182 2296 INFO rally.task.runner [-] Task e3f6ae49-cc00-40f2-ba8e-d29d07ffc938 | ITER: 39 START
2019-11-28 17:13:32.183 2296 WARNING rally_openstack.scenarios.neutron.utils [-] Running this scenario without either the 'network' or 'existing_network' context is deprecated
2019-11-28 17:13:32.319 2288 INFO rally.task.runner [-] Task e3f6ae49-cc00-40f2-ba8e-d29d07ffc938 | ITER: 10 END: OK
2019-11-28 17:13:32.328 2288 INFO rally.task.runner [-] Task e3f6ae49-cc00-40f2-ba8e-d29d07ffc938 | ITER: 40 START
2019-11-28 17:13:32.330 2288 WARNING rally_openstack.scenarios.neutron.utils [-] Running this scenario without either the 'network' or 'existing_network' context is deprecated
2019-11-28 17:13:33.009 2269 RALLYDEBUG rally_openstack.wrappers.network [-] CIDR generated: 1.1.5.84/30
2019-11-28 17:13:33.021 2314 RALLYDEBUG rally_openstack.wrappers.network [-] CIDR generated: 1.1.5.88/30
2019-11-28 17:13:33.120 2319 RALLYDEBUG rally_openstack.wrappers.network [-] CIDR generated: 1.1.5.92/30
2019-11-28 17:13:33.667 2271 RALLYDEBUG rally_openstack.wrappers.network [-] CIDR generated: 1.1.5.96/30
2019-11-28 17:13:33.891 2270 RALLYDEBUG rally_openstack.wrappers.network [-] CIDR generated: 1.1.5.100/30
2019-11-28 17:13:34.312 2296 RALLYDEBUG rally_openstack.wrappers.network [-] CIDR generated: 1.1.5.104/30
2019-11-28 17:13:35.068 2286 RALLYDEBUG rally_openstack.wrappers.network [-] CIDR generated: 1.1.5.108/30
2019-11-28 17:13:35.082 2298 RALLYDEBUG rally_openstack.wrappers.network [-] CIDR generated: 1.1.5.112/30
2019-11-28 17:13:35.433 2307 RALLYDEBUG rally_openstack.wrappers.network [-] CIDR generated: 1.1.5.116/30
2019-11-28 17:13:36.618 2297 RALLYDEBUG rally_openstack.wrappers.network [-] CIDR generated: 1.1.5.120/30
2019-11-28 17:13:36.729 2317 RALLYDEBUG rally_openstack.wrappers.network [-] CIDR generated: 1.1.5.124/30
2019-11-28 17:13:36.996 2288 RALLYDEBUG rally_openstack.wrappers.network [-] CIDR generated: 1.1.5.128/30
2019-11-28 17:13:38.908 2298 RALLYDEBUG rally_openstack.wrappers.network [-] CIDR generated: 1.1.5.132/30
2019-11-28 17:13:39.578 2297 RALLYDEBUG rally_openstack.wrappers.network [-] CIDR generated: 1.1.5.136/30
2019-11-28 17:13:39.648 2317 RALLYDEBUG rally_openstack.wrappers.network [-] CIDR generated: 1.1.5.140/30
2019-11-28 17:13:39.745 2288 RALLYDEBUG rally_openstack.wrappers.network [-] CIDR generated: 1.1.5.144/30
2019-11-28 17:13:43.358 2271 RALLYDEBUG rally_openstack.wrappers.network [-] CIDR generated: 1.1.5.148/30
2019-11-28 17:13:43.391 2270 RALLYDEBUG rally_openstack.wrappers.network [-] CIDR generated: 1.1.5.152/30
2019-11-28 17:13:43.655 2296 RALLYDEBUG rally_openstack.wrappers.network [-] CIDR generated: 1.1.5.156/30
2019-11-28 17:13:43.754 2279 INFO rally.task.runner [-] Task e3f6ae49-cc00-40f2-ba8e-d29d07ffc938 | ITER: 21 END: OK
2019-11-28 17:13:44.189 2275 INFO rally.task.runner [-] Task e3f6ae49-cc00-40f2-ba8e-d29d07ffc938 | ITER: 23 END: OK
2019-11-28 17:13:46.534 2313 INFO rally.task.runner [-] Task e3f6ae49-cc00-40f2-ba8e-d29d07ffc938 | ITER: 25 END: OK
2019-11-28 17:13:47.433 2292 INFO rally.task.runner [-] Task e3f6ae49-cc00-40f2-ba8e-d29d07ffc938 | ITER: 27 END: OK
2019-11-28 17:13:49.485 2319 INFO rally.task.runner [-] Task e3f6ae49-cc00-40f2-ba8e-d29d07ffc938 | ITER: 31 END: OK
2019-11-28 17:13:49.513 2277 INFO rally.task.runner [-] Task e3f6ae49-cc00-40f2-ba8e-d29d07ffc938 | ITER: 24 END: OK
2019-11-28 17:13:49.707 2269 INFO rally.task.runner [-] Task e3f6ae49-cc00-40f2-ba8e-d29d07ffc938 | ITER: 29 END: OK
2019-11-28 17:13:50.715 2282 INFO rally.task.runner [-] Task e3f6ae49-cc00-40f2-ba8e-d29d07ffc938 | ITER: 28 END: OK
2019-11-28 17:13:50.826 2272 INFO rally.task.runner [-] Task e3f6ae49-cc00-40f2-ba8e-d29d07ffc938 | ITER: 26 END: OK
2019-11-28 17:13:50.834 2304 INFO rally.task.runner [-] Task e3f6ae49-cc00-40f2-ba8e-d29d07ffc938 | ITER: 22 END: OK
2019-11-28 17:13:51.357 2314 INFO rally.task.runner [-] Task e3f6ae49-cc00-40f2-ba8e-d29d07ffc938 | ITER: 30 END: OK
2019-11-28 17:13:51.500 2286 INFO rally.task.runner [-] Task e3f6ae49-cc00-40f2-ba8e-d29d07ffc938 | ITER: 32 END: OK
2019-11-28 17:13:52.761 2307 INFO rally.task.runner [-] Task e3f6ae49-cc00-40f2-ba8e-d29d07ffc938 | ITER: 33 END: OK
2019-11-28 17:13:53.882 2298 INFO rally.task.runner [-] Task e3f6ae49-cc00-40f2-ba8e-d29d07ffc938 | ITER: 36 END: OK
2019-11-28 17:13:54.305 2317 INFO rally.task.runner [-] Task e3f6ae49-cc00-40f2-ba8e-d29d07ffc938 | ITER: 38 END: OK
2019-11-28 17:13:54.310 2288 INFO rally.task.runner [-] Task e3f6ae49-cc00-40f2-ba8e-d29d07ffc938 | ITER: 40 END: OK
2019-11-28 17:13:54.999 2271 INFO rally.task.runner [-] Task e3f6ae49-cc00-40f2-ba8e-d29d07ffc938 | ITER: 34 END: OK
2019-11-28 17:13:55.001 2270 INFO rally.task.runner [-] Task e3f6ae49-cc00-40f2-ba8e-d29d07ffc938 | ITER: 35 END: OK
2019-11-28 17:13:55.004 2296 INFO rally.task.runner [-] Task e3f6ae49-cc00-40f2-ba8e-d29d07ffc938 | ITER: 39 END: OK
2019-11-28 17:13:55.546 2297 INFO rally.task.runner [-] Task e3f6ae49-cc00-40f2-ba8e-d29d07ffc938 | ITER: 37 END: OK
2019-11-28 17:13:55.570 15 INFO rally.task.context [-] Task e3f6ae49-cc00-40f2-ba8e-d29d07ffc938 | Context cleanup@openstack cleanup() started
2019-11-28 17:13:55.575 15 RALLYDEBUG rally_openstack.cleanup.manager [-] Cleaning up neutron vip objects
2019-11-28 17:13:55.795 15 RALLYDEBUG rally_openstack.cleanup.manager [-] Cleaning up neutron health_monitor objects
2019-11-28 17:13:56.006 15 RALLYDEBUG rally_openstack.cleanup.manager [-] Cleaning up neutron pool objects
2019-11-28 17:13:56.234 15 RALLYDEBUG rally_openstack.cleanup.manager [-] Cleaning up neutron loadbalancer objects
2019-11-28 17:13:56.441 15 RALLYDEBUG rally_openstack.cleanup.manager [-] Cleaning up neutron floatingip objects
2019-11-28 17:13:56.662 15 RALLYDEBUG rally_openstack.cleanup.manager [-] Cleaning up neutron trunk objects
2019-11-28 17:13:56.863 15 DEBUG neutronclient.v2_0.client [-] Error message: {"message": "The resource could not be found.

\n\n\n", "code": "404 Not Found", "title": "Not Found"} _handle_fault_response /usr/lib/python2.7/site-packages/neutronclient/v2_0/client.py:259
2019-11-28 17:13:56.872 15 RALLYDEBUG rally_openstack.cleanup.manager [-] Cleaning up neutron port objects
2019-11-28 17:13:57.428 15 RALLYDEBUG rally_openstack.cleanup.manager [-] Cleaning up neutron subnet objects
2019-11-28 17:13:57.699 15 RALLYDEBUG rally_openstack.cleanup.manager [-] Cleaning up neutron network objects
2019-11-28 17:13:58.183 15 RALLYDEBUG rally_openstack.cleanup.manager [-] Deleting neutron.network object s_rally_f9fff42c_cfoZfhyD (1864dbf9-f924-4687-9767-6e8c57ad027d)
2019-11-28 17:13:58.190 15 RALLYDEBUG rally_openstack.cleanup.manager [-] Deleting neutron.network object s_rally_f9fff42c_A3vvpGZ1 (1dca1366-9049-41b3-83ba-fae3548920bc)
2019-11-28 17:13:58.199 15 RALLYDEBUG rally_openstack.cleanup.manager [-] Deleting neutron.network object s_rally_f9fff42c_zdHNxanc (2a6cffdb-cf7b-4464-a07f-f05f0fba94e5)
2019-11-28 17:13:58.207 15 RALLYDEBUG rally_openstack.cleanup.manager [-] Deleting neutron.network object s_rally_f9fff42c_KIhynOIl (2e97594f-04f2-42e4-a31e-e2057813c3e9)
2019-11-28 17:13:58.212 15 RALLYDEBUG rally_openstack.cleanup.manager [-] Deleting neutron.network object s_rally_f9fff42c_RkZxiRAG (367cf0eb-0e6b-4271-a3f4-fe25624bd6dc)
2019-11-28 17:13:58.230 15 RALLYDEBUG rally_openstack.cleanup.manager [-] Deleting neutron.network object s_rally_f9fff42c_AF4qWdFU (3d5d5751-6492-4722-83ee-a78ec49a961b)
2019-11-28 17:13:58.255 15 RALLYDEBUG rally_openstack.cleanup.manager [-] Deleting neutron.network object s_rally_f9fff42c_KQ2ms5Ry (47f45c2f-a616-4a19-9ac3-7ee810716d61)
2019-11-28 17:13:58.281 15 RALLYDEBUG rally_openstack.cleanup.manager [-] Deleting neutron.network object s_rally_f9fff42c_LoPyq34r (4a01e0bc-f992-4537-98b6-de1d4a7a909c)
2019-11-28 17:13:58.302 15 RALLYDEBUG rally_openstack.cleanup.manager [-] Deleting neutron.network object s_rally_f9fff42c_cHrXboiW (5442e80f-227a-40e2-9d21-d1dd911d9e3c)
2019-11-28 17:13:58.312 15 RALLYDEBUG rally_openstack.cleanup.manager [-] Deleting neutron.network object s_rally_f9fff42c_iqlZ8wju (5b3b061e-ad63-4759-9cda-d395d0a97891)
2019-11-28 17:13:58.329 15 RALLYDEBUG rally_openstack.cleanup.manager [-] Deleting neutron.network object s_rally_f9fff42c_lfYu760k (5119953d-c491-4e6d-b549-9f4d9b540fd6)
2019-11-28 17:13:58.351 15 RALLYDEBUG rally_openstack.cleanup.manager [-] Deleting neutron.network object s_rally_f9fff42c_7ZTLLtdV (5f0b8688-ca88-4a24-9251-5ae94927eccf)
2019-11-28 17:13:58.357 15 RALLYDEBUG rally_openstack.cleanup.manager [-] Deleting neutron.network object s_rally_f9fff42c_r9SzFW20 (669ae2eb-8ddd-4fc1-9dca-9b47bea3d4ad)
2019-11-28 17:13:58.375 15 RALLYDEBUG rally_openstack.cleanup.manager [-] Deleting neutron.network object s_rally_f9fff42c_PwjtQ4gn (6cc30e63-d5b9-4e22-bce5-e563d0d71b3c)
2019-11-28 17:13:58.382 15 RALLYDEBUG rally_openstack.cleanup.manager [-] Deleting neutron.network object s_rally_f9fff42c_xcwPyhkQ (6a96a97d-f04d-4535-ad11-e074f29edcb3)
2019-11-28 17:13:58.395 15 RALLYDEBUG rally_openstack.cleanup.manager [-] Deleting neutron.network object s_rally_f9fff42c_FOYEfi0x (5a2ea062-ff06-4af2-9c03-89281345f228)
2019-11-28 17:13:58.407 15 RALLYDEBUG rally_openstack.cleanup.manager [-] Deleting neutron.network object s_rally_f9fff42c_wW7y1kQ9 (73a34555-0b72-47f7-acca-578f85489651)
2019-11-28 17:13:58.416 15 RALLYDEBUG rally_openstack.cleanup.manager [-] Deleting neutron.network object s_rally_f9fff42c_8cC1iorh (778d6740-0d74-47e1-9bc3-71e227696d30)
2019-11-28 17:13:58.428 15 RALLYDEBUG rally_openstack.cleanup.manager [-] Deleting neutron.network object s_rally_f9fff42c_MABENO13 (824ca854-3b0e-4ae4-b4bc-4b1ffa54385f)
2019-11-28 17:13:58.435 15 RALLYDEBUG rally_openstack.cleanup.manager [-] Deleting neutron.network object s_rally_f9fff42c_ORbnAwvN (7cb5c656-abd6-4010-8c04-337a63acd351)
2019-11-28 17:14:01.739 15 RALLYDEBUG rally_openstack.cleanup.manager [-] Deleting neutron.network object s_rally_f9fff42c_rV0m2Krc (86043e8a-715c-4f31-930c-80aac3414b80)
2019-11-28 17:14:02.572 15 RALLYDEBUG rally_openstack.cleanup.manager [-] Deleting neutron.network object s_rally_f9fff42c_JTHOyqE4 (872273fd-0f18-4b65-a211-84ae3d9900be)
2019-11-28 17:14:04.681 15 RALLYDEBUG rally_openstack.cleanup.manager [-] Deleting neutron.network object s_rally_f9fff42c_YOzm3Ddl (8f4a4608-557e-4e8b-92f5-ecc0a8736264)
2019-11-28 17:14:04.724 15 RALLYDEBUG rally_openstack.cleanup.manager [-] Deleting neutron.network object s_rally_f9fff42c_KZekyUMf (8f9ef203-4ea3-4e7d-a543-a2e506ce35e6)
2019-11-28 17:14:04.800 15 RALLYDEBUG rally_openstack.cleanup.manager [-] Deleting neutron.network object s_rally_f9fff42c_OOv1g7YA (911de4f4-59ea-44b0-9512-29afc4782a37)
2019-11-28 17:14:04.969 15 RALLYDEBUG rally_openstack.cleanup.manager [-] Deleting neutron.network object s_rally_f9fff42c_czsBEvjr (a006872b-3299-4317-b760-274a82917ff9)
2019-11-28 17:14:05.004 15 RALLYDEBUG rally_openstack.cleanup.manager [-] Deleting neutron.network object s_rally_f9fff42c_qmGJdgcv (a23de707-bca0-4661-9446-acbe89f69d82)
2019-11-28 17:14:05.036 15 RALLYDEBUG rally_openstack.cleanup.manager [-] Deleting neutron.network object s_rally_f9fff42c_A48dj0AR (a3da66b3-d350-4fbc-94a9-a9985f8a46c3)
2019-11-28 17:14:05.040 15 RALLYDEBUG rally_openstack.cleanup.manager [-] Deleting neutron.network object s_rally_f9fff42c_atdT1E8p (b226d6bb-176a-46ee-8c76-c6e9fc8026eb)
2019-11-28 17:14:05.315 15 RALLYDEBUG rally_openstack.cleanup.manager [-] Deleting neutron.network object s_rally_f9fff42c_SdnPwBNi (b3764baf-415f-444e-9834-c15b94d61fcc)
2019-11-28 17:14:06.342 15 RALLYDEBUG rally_openstack.cleanup.manager [-] Deleting neutron.network object s_rally_f9fff42c_ruDi5XZw (b4648e14-1640-485a-94dd-4373a458c562)
2019-11-28 17:14:06.429 15 RALLYDEBUG rally_openstack.cleanup.manager [-] Deleting neutron.network object s_rally_f9fff42c_2BXl72nA (c26f4393-6736-4af0-bbda-2bc96ac5e9b7)
2019-11-28 17:14:06.429 15 RALLYDEBUG rally_openstack.cleanup.manager [-] Deleting neutron.network object s_rally_f9fff42c_jVAx3chT (b542dff0-3f18-4e37-a25c-f82bd344228c)
2019-11-28 17:14:06.818 15 RALLYDEBUG rally_openstack.cleanup.manager [-] Deleting neutron.network object s_rally_f9fff42c_Obpotnkn (c83e1629-ed3f-483b-8f60-22af7ac2a635)
2019-11-28 17:14:07.162 15 RALLYDEBUG rally_openstack.cleanup.manager [-] Deleting neutron.network object s_rally_f9fff42c_ABwryG4J (d7271229-d140-4286-bf16-bf11d9b52677)
2019-11-28 17:14:07.353 15 RALLYDEBUG rally_openstack.cleanup.manager [-] Deleting neutron.network object s_rally_f9fff42c_L4oV3c4k (e071ebae-f948-4077-be1b-9b43ebf432d2)
2019-11-28 17:14:07.360 15 RALLYDEBUG rally_openstack.cleanup.manager [-] Deleting neutron.network object s_rally_f9fff42c_ancjZW47 (e2e0db12-0859-4aa9-8670-c174c42db6c9)
2019-11-28 17:14:07.399 15 RALLYDEBUG rally_openstack.cleanup.manager [-] Deleting neutron.network object s_rally_f9fff42c_46J5uypc (e7aa80f7-daa1-4111-94f5-c7d2f0811783)
2019-11-28 17:14:07.690 15 RALLYDEBUG rally_openstack.cleanup.manager [-] Deleting neutron.network object s_rally_f9fff42c_4q9IZnw6 (fb4e0d1c-a72f-42d2-8f5f-a78fcb0ba005)
2019-11-28 17:14:10.651 15 RALLYDEBUG rally_openstack.cleanup.manager [-] Deleting neutron.network object s_rally_f9fff42c_r95in01r (fd6ba44b-1577-4b8f-b5b1-864efde0abfe)
2019-11-28 17:14:20.129 15 RALLYDEBUG rally_openstack.cleanup.manager [-] Cleaning up neutron router objects
2019-11-28 17:14:20.414 15 RALLYDEBUG rally_openstack.cleanup.manager [-] Cleaning up neutron security_group objects
2019-11-28 17:14:20.736 15 INFO rally.task.context [-] Task e3f6ae49-cc00-40f2-ba8e-d29d07ffc938 | Context cleanup@openstack cleanup() finished in 25.17 sec
2019-11-28 17:14:20.736 15 INFO rally.task.context [-] Task e3f6ae49-cc00-40f2-ba8e-d29d07ffc938 | Context quotas@openstack cleanup() started
2019-11-28 17:14:20.783 15 INFO rally.task.context [-] Task e3f6ae49-cc00-40f2-ba8e-d29d07ffc938 | Context quotas@openstack cleanup() finished in 46.83 msec
2019-11-28 17:14:20.784 15 INFO rally.task.context [-] Task e3f6ae49-cc00-40f2-ba8e-d29d07ffc938 | Context users@openstack cleanup() started
2019-11-28 17:14:22.211 15 INFO rally.task.context [-] Task e3f6ae49-cc00-40f2-ba8e-d29d07ffc938 | Context users@openstack cleanup() finished in 1.43 sec
2019-11-28 17:14:22.534 15 INFO rally.task.engine [-] Load duration is: 66.18101
2019-11-28 17:14:22.535 15 INFO rally.task.engine [-] Full runner duration is: 66.229028
2019-11-28 17:14:22.535 15 INFO rally.task.engine [-] Full duration is: 94.170809
2019-11-28 17:14:22.751 15 INFO rally.task.engine [-] Running workload: position = 0 config = { "version": 2, "title": "A cropped version of a bigger task.", "description": "Auto-generated task from a single workload (uuid=e397ed7b-02b1-4131-b660-445927151bd5)", "subtasks": [ { "title": "NeutronNetworks.create_and_list_routers", "description": "Create and a given number of routers and list all routers.", "scenario": { "NeutronNetworks.create_and_list_routers": { "network_create_args": null, "subnet_create_args": null, "subnet_cidr_start": "1.1.0.0/30", "subnets_per_network": 2, "router_create_args": null } }, "contexts": { "users": { "tenants": 1, "users_per_tenant": 1 }, "quotas": { "neutron": { "network": -1, "subnet": -1, "router": -1 } } }, "runner": { "constant": { "times": 40, "concurrency": 20 } }, "hooks": [], "sla": { "failure_rate": { "max": 0 } } } ] }
2019-11-28 17:14:22.762 15 RALLYDEBUG rally_openstack.contexts.keystone.users [-] Creating 1 tenants using 20 threads
2019-11-28 17:14:23.129 15 RALLYDEBUG rally_openstack.contexts.keystone.users [-] Creating 1 users using 20 threads
2019-11-28 17:14:23.583 15 INFO rally.task.context [-] Task e3f6ae49-cc00-40f2-ba8e-d29d07ffc938 | Context users@openstack setup() finished in 0.82 sec
2019-11-28 17:14:24.016 15 INFO rally.task.context [-] Task e3f6ae49-cc00-40f2-ba8e-d29d07ffc938 | Context quotas@openstack setup() finished in 0.43 sec
2019-11-28 17:14:24.016 15 INFO rally.task.context [-] Task e3f6ae49-cc00-40f2-ba8e-d29d07ffc938 | Context cleanup@openstack setup() finished in 0.00 msec
2019-11-28 17:14:24.025 15 RALLYDEBUG rally.task.runner [-] Starting the constant runner (task UUID: e3f6ae49-cc00-40f2-ba8e-d29d07ffc938). timeout: 0 concurrency: 20 concurrency_per_worker: 1 times: 40 concurrency_overhead: 0 processes_to_start: 20 max_cpu_used: 88
2019-11-28 17:14:24.039 2671 RALLYDEBUG rally.task.runner [-] Starting a worker. concurrency: 1 args: {"network_create_args": null, "subnet_create_args": null, "subnet_cidr_start": "1.1.0.0/30", "subnets_per_network": 2, "router_create_args": null} times: 40 method_name: run timeout: 0 duration: None cls:
2019-11-28 17:14:24.042 2672 RALLYDEBUG rally.task.runner [-] Starting a worker. concurrency: 1 args: {"network_create_args": null, "subnet_create_args": null, "subnet_cidr_start": "1.1.0.0/30", "subnets_per_network": 2, "router_create_args": null} times: 40 method_name: run timeout: 0 duration: None cls:
2019-11-28 17:14:24.044 2673 RALLYDEBUG rally.task.runner [-] Starting a worker. concurrency: 1 args: {"network_create_args": null, "subnet_create_args": null, "subnet_cidr_start": "1.1.0.0/30", "subnets_per_network": 2, "router_create_args": null} times: 40 method_name: run timeout: 0 duration: None cls:
2019-11-28 17:14:24.045 2671 INFO rally.task.runner [-] Task e3f6ae49-cc00-40f2-ba8e-d29d07ffc938 | ITER: 1 START
2019-11-28 17:14:24.047 2674 RALLYDEBUG rally.task.runner [-] Starting a worker. concurrency: 1 args: {"network_create_args": null, "subnet_create_args": null, "subnet_cidr_start": "1.1.0.0/30", "subnets_per_network": 2, "router_create_args": null} times: 40 method_name: run timeout: 0 duration: None cls:
2019-11-28 17:14:24.048 2672 INFO rally.task.runner [-] Task e3f6ae49-cc00-40f2-ba8e-d29d07ffc938 | ITER: 2 START
2019-11-28 17:14:24.050 2673 INFO rally.task.runner [-] Task e3f6ae49-cc00-40f2-ba8e-d29d07ffc938 | ITER: 3 START
2019-11-28 17:14:24.050 2675 RALLYDEBUG rally.task.runner [-] Starting a worker. concurrency: 1 args: {"network_create_args": null, "subnet_create_args": null, "subnet_cidr_start": "1.1.0.0/30", "subnets_per_network": 2, "router_create_args": null} times: 40 method_name: run timeout: 0 duration: None cls:
2019-11-28 17:14:24.053 2674 INFO rally.task.runner [-] Task e3f6ae49-cc00-40f2-ba8e-d29d07ffc938 | ITER: 4 START
2019-11-28 17:14:24.053 2678 RALLYDEBUG rally.task.runner [-] Starting a worker. concurrency: 1 args: {"network_create_args": null, "subnet_create_args": null, "subnet_cidr_start": "1.1.0.0/30", "subnets_per_network": 2, "router_create_args": null} times: 40 method_name: run timeout: 0 duration: None cls:
2019-11-28 17:14:24.055 2681 RALLYDEBUG rally.task.runner [-] Starting a worker. concurrency: 1 args: {"network_create_args": null, "subnet_create_args": null, "subnet_cidr_start": "1.1.0.0/30", "subnets_per_network": 2, "router_create_args": null} times: 40 method_name: run timeout: 0 duration: None cls:
2019-11-28 17:14:24.056 2675 INFO rally.task.runner [-] Task e3f6ae49-cc00-40f2-ba8e-d29d07ffc938 | ITER: 5 START
2019-11-28 17:14:24.058 2678 INFO rally.task.runner [-] Task e3f6ae49-cc00-40f2-ba8e-d29d07ffc938 | ITER: 6 START
2019-11-28 17:14:24.058 2684 RALLYDEBUG rally.task.runner [-] Starting a worker. concurrency: 1 args: {"network_create_args": null, "subnet_create_args": null, "subnet_cidr_start": "1.1.0.0/30", "subnets_per_network": 2, "router_create_args": null} times: 40 method_name: run timeout: 0 duration: None cls:
2019-11-28 17:14:24.061 2681 INFO rally.task.runner [-] Task e3f6ae49-cc00-40f2-ba8e-d29d07ffc938 | ITER: 7 START
2019-11-28 17:14:24.061 2687 RALLYDEBUG rally.task.runner [-] Starting a worker. concurrency: 1 args: {"network_create_args": null, "subnet_create_args": null, "subnet_cidr_start": "1.1.0.0/30", "subnets_per_network": 2, "router_create_args": null} times: 40 method_name: run timeout: 0 duration: None cls:
2019-11-28 17:14:24.064 2684 INFO rally.task.runner [-] Task e3f6ae49-cc00-40f2-ba8e-d29d07ffc938 | ITER: 8 START
2019-11-28 17:14:24.064 2690 RALLYDEBUG rally.task.runner [-] Starting a worker. concurrency: 1 args: {"network_create_args": null, "subnet_create_args": null, "subnet_cidr_start": "1.1.0.0/30", "subnets_per_network": 2, "router_create_args": null} times: 40 method_name: run timeout: 0 duration: None cls:
2019-11-28 17:14:24.065 2693 RALLYDEBUG rally.task.runner [-] Starting a worker. concurrency: 1 args: {"network_create_args": null, "subnet_create_args": null, "subnet_cidr_start": "1.1.0.0/30", "subnets_per_network": 2, "router_create_args": null} times: 40 method_name: run timeout: 0 duration: None cls:
2019-11-28 17:14:24.067 2687 INFO rally.task.runner [-] Task e3f6ae49-cc00-40f2-ba8e-d29d07ffc938 | ITER: 9 START
2019-11-28 17:14:24.067 2696 RALLYDEBUG rally.task.runner [-] Starting a worker. concurrency: 1 args: {"network_create_args": null, "subnet_create_args": null, "subnet_cidr_start": "1.1.0.0/30", "subnets_per_network": 2, "router_create_args": null} times: 40 method_name: run timeout: 0 duration: None cls:
2019-11-28 17:14:24.069 2693 INFO rally.task.runner [-] Task e3f6ae49-cc00-40f2-ba8e-d29d07ffc938 | ITER: 11 START
2019-11-28 17:14:24.069 2690 INFO rally.task.runner [-] Task e3f6ae49-cc00-40f2-ba8e-d29d07ffc938 | ITER: 10 START
2019-11-28 17:14:24.072 2696 INFO rally.task.runner [-] Task e3f6ae49-cc00-40f2-ba8e-d29d07ffc938 | ITER: 12 START
2019-11-28 17:14:24.076 2705 RALLYDEBUG rally.task.runner [-] Starting a worker. concurrency: 1 args: {"network_create_args": null, "subnet_create_args": null, "subnet_cidr_start": "1.1.0.0/30", "subnets_per_network": 2, "router_create_args": null} times: 40 method_name: run timeout: 0 duration: None cls:
2019-11-28 17:14:24.079 2708 RALLYDEBUG rally.task.runner [-] Starting a worker. concurrency: 1 args: {"network_create_args": null, "subnet_create_args": null, "subnet_cidr_start": "1.1.0.0/30", "subnets_per_network": 2, "router_create_args": null} times: 40 method_name: run timeout: 0 duration: None cls:
2019-11-28 17:14:24.082 2705 INFO rally.task.runner [-] Task e3f6ae49-cc00-40f2-ba8e-d29d07ffc938 | ITER: 13 START
2019-11-28 17:14:24.082 2709 RALLYDEBUG rally.task.runner [-] Starting a worker. concurrency: 1 args: {"network_create_args": null, "subnet_create_args": null, "subnet_cidr_start": "1.1.0.0/30", "subnets_per_network": 2, "router_create_args": null} times: 40 method_name: run timeout: 0 duration: None cls:
2019-11-28 17:14:24.085 2708 INFO rally.task.runner [-] Task e3f6ae49-cc00-40f2-ba8e-d29d07ffc938 | ITER: 14 START
