2019-12-01 13:39:06.978 725 INFO rally.task.context [-] Task 3d2f7f43-ed76-405a-84bf-45ba5950480e | Context users@openstack setup() finished in 0.73 sec
2019-12-01 13:39:07.773 725 DEBUG novaclient.v2.client [-] REQ: curl -g -i -X GET http://compute-airship.intel-pod17.opnfv.org:80/v2/9433b4f2c5d24d8a8cdccef13543f36c/flavors/detail -H "Accept: application/json" -H "User-Agent: python-novaclient" -H "X-Auth-Token: {SHA1}8fd1148613ad7b8d0d590170bd0a9463b18645be" _http_log_request /usr/lib/python2.7/site-packages/keystoneauth1/session.py:448
2019-12-01 13:39:07.974 725 DEBUG novaclient.v2.client [-] RESP: [200] Connection: keep-alive Content-Encoding: gzip Content-Type: application/json Date: Sun, 01 Dec 2019 13:39:07 GMT Transfer-Encoding: chunked Vary: Accept-Encoding X-Compute-Request-Id: req-e4271aaf-2a7b-4b09-b7db-21e0bc2870a1 _http_log_response /usr/lib/python2.7/site-packages/keystoneauth1/session.py:479
2019-12-01 13:39:07.975 725 DEBUG novaclient.v2.client [-] RESP BODY: {"flavors": [{"links": [{"href": "http://compute-airship.intel-pod17.opnfv.org/v2/9433b4f2c5d24d8a8cdccef13543f36c/flavors/17204a33-efa6-47c8-b405-791f4318cb9a", "rel": "self"}, {"href": "http://compute-airship.intel-pod17.opnfv.org/9433b4f2c5d24d8a8cdccef13543f36c/flavors/17204a33-efa6-47c8-b405-791f4318cb9a", "rel": "bookmark"}], "ram": 16384, "OS-FLV-DISABLED:disabled": false, "os-flavor-access:is_public": true, "rxtx_factor": 1.0, "disk": 160, "id": "17204a33-efa6-47c8-b405-791f4318cb9a", "name": "m1.xlarge", "vcpus": 8, "swap": "", "OS-FLV-EXT-DATA:ephemeral": 0}, {"links": [{"href": "http://compute-airship.intel-pod17.opnfv.org/v2/9433b4f2c5d24d8a8cdccef13543f36c/flavors/2f934bee-3230-4df7-a423-60b9e7a0e70a", "rel": "self"}, {"href": "http://compute-airship.intel-pod17.opnfv.org/9433b4f2c5d24d8a8cdccef13543f36c/flavors/2f934bee-3230-4df7-a423-60b9e7a0e70a", "rel": "bookmark"}], "ram": 512, "OS-FLV-DISABLED:disabled": false, "os-flavor-access:is_public": true, "rxtx_factor": 1.0, "disk": 1, "id": "2f934bee-3230-4df7-a423-60b9e7a0e70a", "name": "rally_full-flavor_76073375-32cd-41b7-8fde-7887eeff0db1", "vcpus": 1, "swap": "", "OS-FLV-EXT-DATA:ephemeral": 0}, {"links": [{"href": "http://compute-airship.intel-pod17.opnfv.org/v2/9433b4f2c5d24d8a8cdccef13543f36c/flavors/31ad6e9b-21b9-43a9-9518-06505a9a7e90", "rel": "self"}, {"href": "http://compute-airship.intel-pod17.opnfv.org/9433b4f2c5d24d8a8cdccef13543f36c/flavors/31ad6e9b-21b9-43a9-9518-06505a9a7e90", "rel": "bookmark"}], "ram": 2048, "OS-FLV-DISABLED:disabled": false, "os-flavor-access:is_public": true, "rxtx_factor": 1.0, "disk": 20, "id": "31ad6e9b-21b9-43a9-9518-06505a9a7e90", "name": "m1.small", "vcpus": 1, "swap": "", "OS-FLV-EXT-DATA:ephemeral": 0}, {"links": [{"href": "http://compute-airship.intel-pod17.opnfv.org/v2/9433b4f2c5d24d8a8cdccef13543f36c/flavors/4d2f6375-e019-4582-9c08-4b33eb5ae612", "rel": "self"}, {"href": "http://compute-airship.intel-pod17.opnfv.org/9433b4f2c5d24d8a8cdccef13543f36c/flavors/4d2f6375-e019-4582-9c08-4b33eb5ae612", "rel": "bookmark"}], "ram": 512, "OS-FLV-DISABLED:disabled": false, "os-flavor-access:is_public": true, "rxtx_factor": 1.0, "disk": 1, "id": "4d2f6375-e019-4582-9c08-4b33eb5ae612", "name": "m1.tiny", "vcpus": 1, "swap": "", "OS-FLV-EXT-DATA:ephemeral": 0}, {"links": [{"href": "http://compute-airship.intel-pod17.opnfv.org/v2/9433b4f2c5d24d8a8cdccef13543f36c/flavors/5cb8abaa-ed6a-4fd8-950c-9989b5e3383e", "rel": "self"}, {"href": "http://compute-airship.intel-pod17.opnfv.org/9433b4f2c5d24d8a8cdccef13543f36c/flavors/5cb8abaa-ed6a-4fd8-950c-9989b5e3383e", "rel": "bookmark"}], "ram": 4096, "OS-FLV-DISABLED:disabled": false, "os-flavor-access:is_public": true, "rxtx_factor": 1.0, "disk": 40, "id": "5cb8abaa-ed6a-4fd8-950c-9989b5e3383e", "name": "m1.medium", "vcpus": 2, "swap": "", "OS-FLV-EXT-DATA:ephemeral": 0}, {"links": [{"href": "http://compute-airship.intel-pod17.opnfv.org/v2/9433b4f2c5d24d8a8cdccef13543f36c/flavors/8504e573-db92-4a42-9093-87628ce255b9", "rel": "self"}, {"href": "http://compute-airship.intel-pod17.opnfv.org/9433b4f2c5d24d8a8cdccef13543f36c/flavors/8504e573-db92-4a42-9093-87628ce255b9", "rel": "bookmark"}], "ram": 1024, "OS-FLV-DISABLED:disabled": false, "os-flavor-access:is_public": true, "rxtx_factor": 1.0, "disk": 1, "id": "8504e573-db92-4a42-9093-87628ce255b9", "name": "rally_full-flavor_alt_76073375-32cd-41b7-8fde-7887eeff0db1", "vcpus": 1, "swap": "", "OS-FLV-EXT-DATA:ephemeral": 0}, {"links": [{"href": "http://compute-airship.intel-pod17.opnfv.org/v2/9433b4f2c5d24d8a8cdccef13543f36c/flavors/ae095844-b8a8-4012-8c75-c777245de78f", "rel": "self"}, {"href": "http://compute-airship.intel-pod17.opnfv.org/9433b4f2c5d24d8a8cdccef13543f36c/flavors/ae095844-b8a8-4012-8c75-c777245de78f", "rel": "bookmark"}], "ram": 8192, "OS-FLV-DISABLED:disabled": false, "os-flavor-access:is_public": true, "rxtx_factor": 1.0, "disk": 80, "id": "ae095844-b8a8-4012-8c75-c777245de78f", "name": "m1.large", "vcpus": 4, "swap": "", "OS-FLV-EXT-DATA:ephemeral": 0}]} _http_log_response /usr/lib/python2.7/site-packages/keystoneauth1/session.py:511
2019-12-01 13:39:07.976 725 DEBUG novaclient.v2.client [-] GET call to compute for http://compute-airship.intel-pod17.opnfv.org:80/v2/9433b4f2c5d24d8a8cdccef13543f36c/flavors/detail used request id req-e4271aaf-2a7b-4b09-b7db-21e0bc2870a1 request /usr/lib/python2.7/site-packages/keystoneauth1/session.py:844
2019-12-01 13:39:08.119 725 DEBUG novaclient.v2.client [-] REQ: curl -g -i -X GET http://compute-airship.intel-pod17.opnfv.org:80/v2/9433b4f2c5d24d8a8cdccef13543f36c/flavors/2f934bee-3230-4df7-a423-60b9e7a0e70a -H "Accept: application/json" -H "User-Agent: python-novaclient" -H "X-Auth-Token: {SHA1}42261472aa3ca1f27f7b83f9307c24895c209774" _http_log_request /usr/lib/python2.7/site-packages/keystoneauth1/session.py:448
2019-12-01 13:39:08.237 725 DEBUG novaclient.v2.client [-] RESP: [200] Connection: keep-alive Content-Encoding: gzip Content-Type: application/json Date: Sun, 01 Dec 2019 13:39:08 GMT Transfer-Encoding: chunked Vary: Accept-Encoding X-Compute-Request-Id: req-af7aeca9-e326-4971-b7f4-d88743374063 _http_log_response /usr/lib/python2.7/site-packages/keystoneauth1/session.py:479
2019-12-01 13:39:08.238 725 DEBUG novaclient.v2.client [-] RESP BODY: {"flavor": {"links": [{"href": "http://compute-airship.intel-pod17.opnfv.org/v2/9433b4f2c5d24d8a8cdccef13543f36c/flavors/2f934bee-3230-4df7-a423-60b9e7a0e70a", "rel": "self"}, {"href": "http://compute-airship.intel-pod17.opnfv.org/9433b4f2c5d24d8a8cdccef13543f36c/flavors/2f934bee-3230-4df7-a423-60b9e7a0e70a", "rel": "bookmark"}], "ram": 512, "OS-FLV-DISABLED:disabled": false, "os-flavor-access:is_public": true, "rxtx_factor": 1.0, "disk": 1, "id": "2f934bee-3230-4df7-a423-60b9e7a0e70a", "name": "rally_full-flavor_76073375-32cd-41b7-8fde-7887eeff0db1", "vcpus": 1, "swap": "", "OS-FLV-EXT-DATA:ephemeral": 0}} _http_log_response /usr/lib/python2.7/site-packages/keystoneauth1/session.py:511
2019-12-01 13:39:08.238 725 DEBUG novaclient.v2.client [-] GET call to compute for http://compute-airship.intel-pod17.opnfv.org:80/v2/9433b4f2c5d24d8a8cdccef13543f36c/flavors/2f934bee-3230-4df7-a423-60b9e7a0e70a used request id req-af7aeca9-e326-4971-b7f4-d88743374063 request /usr/lib/python2.7/site-packages/keystoneauth1/session.py:844
2019-12-01 13:39:08.680 725 INFO rally.task.context [-] Task 3d2f7f43-ed76-405a-84bf-45ba5950480e | Context users@openstack cleanup() started
2019-12-01 13:39:10.125 725 INFO rally.task.context [-] Task 3d2f7f43-ed76-405a-84bf-45ba5950480e | Context users@openstack cleanup() finished in 1.44 sec
2019-12-01 13:39:10.125 725 INFO rally.task.engine [-] Task 3d2f7f43-ed76-405a-84bf-45ba5950480e | Completed: Task validation of semantic.
2019-12-01 13:39:10.126 725 INFO rally.task.engine [-] Task 3d2f7f43-ed76-405a-84bf-45ba5950480e | Completed: Task validation.
2019-12-01 13:39:10.126 725 INFO rally.api [-] Task 3d2f7f43-ed76-405a-84bf-45ba5950480e input file is valid.
2019-12-01 13:39:10.126 725 INFO rally.api [-] Run Task 3d2f7f43-ed76-405a-84bf-45ba5950480e against Deployment ba1cda27-0ccc-4f04-b374-98fde2de3935
2019-12-01 13:39:10.126 725 INFO rally.task.engine [-] Task 3d2f7f43-ed76-405a-84bf-45ba5950480e | Starting: Running task.
2019-12-01 13:39:10.172 725 INFO rally.task.engine [-] Running workload: position = 0 config = { "version": 2, "title": "A cropped version of a bigger task.", "description": "Auto-generated task from a single workload (uuid=06b8a9c8-447a-4400-b4b6-4ae05447310b)", "subtasks": [ { "title": "GlanceImages.create_and_delete_image", "description": "Create and then delete an image.", "scenario": { "GlanceImages.create_and_delete_image": { "container_format": "bare", "disk_format": "qcow2", "image_location": "/home/opnfv/functest/images/cirros-0.4.0-x86_64-disk.img" } }, "contexts": { "users": { "tenants": 3, "users_per_tenant": 2 } }, "runner": { "constant": { "concurrency": 4, "times": 10 } }, "hooks": [], "sla": { "failure_rate": { "max": 0 } } } ] }
2019-12-01 13:39:10.190 725 RALLYDEBUG rally_openstack.contexts.keystone.users [-] Creating 3 tenants using 20 threads
2019-12-01 13:39:10.717 725 RALLYDEBUG rally_openstack.contexts.keystone.users [-] Creating 6 users using 20 threads
2019-12-01 13:39:11.946 725 INFO rally.task.context [-] Task 3d2f7f43-ed76-405a-84bf-45ba5950480e | Context users@openstack setup() finished in 1.76 sec
2019-12-01 13:39:11.947 725 INFO rally.task.context [-] Task 3d2f7f43-ed76-405a-84bf-45ba5950480e | Context cleanup@openstack setup() finished in 0.01 msec
2019-12-01 13:39:11.957 725 RALLYDEBUG rally.task.runner [-] Starting the constant runner (task UUID: 3d2f7f43-ed76-405a-84bf-45ba5950480e). timeout: 0 concurrency: 4 concurrency_per_worker: 1 times: 10 concurrency_overhead: 0 processes_to_start: 4 max_cpu_used: 88
2019-12-01 13:39:11.970 849 RALLYDEBUG rally.task.runner [-] Starting a worker. concurrency: 1 args: {"container_format": "bare", "disk_format": "qcow2", "image_location": "/home/opnfv/functest/images/cirros-0.4.0-x86_64-disk.img"} times: 10 method_name: run timeout: 0 duration: None cls:
2019-12-01 13:39:11.973 850 RALLYDEBUG rally.task.runner [-] Starting a worker. concurrency: 1 args: {"container_format": "bare", "disk_format": "qcow2", "image_location": "/home/opnfv/functest/images/cirros-0.4.0-x86_64-disk.img"} times: 10 method_name: run timeout: 0 duration: None cls:
2019-12-01 13:39:11.975 851 RALLYDEBUG rally.task.runner [-] Starting a worker. concurrency: 1 args: {"container_format": "bare", "disk_format": "qcow2", "image_location": "/home/opnfv/functest/images/cirros-0.4.0-x86_64-disk.img"} times: 10 method_name: run timeout: 0 duration: None cls:
2019-12-01 13:39:11.977 849 INFO rally.task.runner [-] Task 3d2f7f43-ed76-405a-84bf-45ba5950480e | ITER: 1 START
2019-12-01 13:39:11.978 852 RALLYDEBUG rally.task.runner [-] Starting a worker. concurrency: 1 args: {"container_format": "bare", "disk_format": "qcow2", "image_location": "/home/opnfv/functest/images/cirros-0.4.0-x86_64-disk.img"} times: 10 method_name: run timeout: 0 duration: None cls:
2019-12-01 13:39:11.980 850 INFO rally.task.runner [-] Task 3d2f7f43-ed76-405a-84bf-45ba5950480e | ITER: 2 START
2019-12-01 13:39:11.982 851 INFO rally.task.runner [-] Task 3d2f7f43-ed76-405a-84bf-45ba5950480e | ITER: 3 START
2019-12-01 13:39:11.985 852 INFO rally.task.runner [-] Task 3d2f7f43-ed76-405a-84bf-45ba5950480e | ITER: 4 START
2019-12-01 13:39:14.814 850 RALLYDEBUG rally.task.utils [-] Waiting for resource u'edd4189f-5d84-4f9c-8fa4-9edd10915d4f'. Status changed: NONE => QUEUED in 0.0773501396179
2019-12-01 13:39:15.118 849 RALLYDEBUG rally.task.utils [-] Waiting for resource u'17a3c4d9-2be8-4ead-8ec1-487f416db59a'. Status changed: NONE => QUEUED in 0.0900318622589
2019-12-01 13:39:15.160 852 RALLYDEBUG rally.task.utils [-] Waiting for resource u'c214c341-d551-4c89-885c-8aab498e33a7'. Status changed: NONE => QUEUED in 0.0876920223236
2019-12-01 13:39:15.190 851 RALLYDEBUG rally.task.utils [-] Waiting for resource u'0e9f4aa0-b4ec-4da1-a0ea-b7bd295d090a'. Status changed: NONE => QUEUED in 0.0842859745026
2019-12-01 13:39:15.873 850 RALLYDEBUG rally.task.utils [-] Waiting for resource s_rally_06b8a9c8_MfyccyH7. Status changed: QUEUED => ACTIVE in 0.057333946228
2019-12-01 13:39:16.220 849 RALLYDEBUG rally.task.utils [-] Waiting for resource s_rally_06b8a9c8_jOuFrWje. Status changed: QUEUED => ACTIVE in 0.0513300895691
2019-12-01 13:39:16.399 851 RALLYDEBUG rally.task.utils [-] Waiting for resource s_rally_06b8a9c8_UsqEB4lA. Status changed: QUEUED => ACTIVE in 0.0409510135651
2019-12-01 13:39:16.487 852 RALLYDEBUG rally.task.utils [-] Waiting for resource s_rally_06b8a9c8_BrR1IEx3. Status changed: QUEUED => ACTIVE in 0.0719518661499
2019-12-01 13:39:16.502 850 INFO rally.task.runner [-] Task 3d2f7f43-ed76-405a-84bf-45ba5950480e | ITER: 2 END: OK
2019-12-01 13:39:16.507 850 INFO rally.task.runner [-] Task 3d2f7f43-ed76-405a-84bf-45ba5950480e | ITER: 5 START
2019-12-01 13:39:16.955 851 INFO rally.task.runner [-] Task 3d2f7f43-ed76-405a-84bf-45ba5950480e | ITER: 3 END: OK
2019-12-01 13:39:16.960 851 INFO rally.task.runner [-] Task 3d2f7f43-ed76-405a-84bf-45ba5950480e | ITER: 6 START
2019-12-01 13:39:17.050 849 INFO rally.task.runner [-] Task 3d2f7f43-ed76-405a-84bf-45ba5950480e | ITER: 1 END: OK
2019-12-01 13:39:17.056 849 INFO rally.task.runner [-] Task 3d2f7f43-ed76-405a-84bf-45ba5950480e | ITER: 7 START
2019-12-01 13:39:17.119 852 INFO rally.task.runner [-] Task 3d2f7f43-ed76-405a-84bf-45ba5950480e | ITER: 4 END: OK
2019-12-01 13:39:17.123 852 INFO rally.task.runner [-] Task 3d2f7f43-ed76-405a-84bf-45ba5950480e | ITER: 8 START
2019-12-01 13:39:19.124 850 RALLYDEBUG rally.task.utils [-] Waiting for resource u'66524d46-4dc7-4321-9716-cf6852b89ac8'. Status changed: NONE => QUEUED in 0.0824310779572
2019-12-01 13:39:19.523 851 RALLYDEBUG rally.task.utils [-] Waiting for resource u'11a4955a-07eb-42f1-bcca-d636e5427fcf'. Status changed: NONE => QUEUED in 0.0677061080933
2019-12-01 13:39:19.960 849 RALLYDEBUG rally.task.utils [-] Waiting for resource u'1fdfe4a0-df48-42eb-9882-526c807ce31b'. Status changed: NONE => QUEUED in 0.0905210971832
2019-12-01 13:39:19.971 852 RALLYDEBUG rally.task.utils [-] Waiting for resource u'd35160f2-1710-4b55-85a6-21371f3eb4a7'. Status changed: NONE => QUEUED in 0.074569940567
2019-12-01 13:39:20.071 850 RALLYDEBUG rally.task.utils [-] Waiting for resource s_rally_06b8a9c8_LzgPJtwY. Status changed: QUEUED => ACTIVE in 0.0437989234924
2019-12-01 13:39:20.566 851 RALLYDEBUG rally.task.utils [-] Waiting for resource s_rally_06b8a9c8_pzCNySz9. Status changed: QUEUED => ACTIVE in 0.0420000553131
2019-12-01 13:39:20.694 850 INFO rally.task.runner [-] Task 3d2f7f43-ed76-405a-84bf-45ba5950480e | ITER: 5 END: OK
2019-12-01 13:39:20.698 850 INFO rally.task.runner [-] Task 3d2f7f43-ed76-405a-84bf-45ba5950480e | ITER: 9 START
2019-12-01 13:39:21.085 849 RALLYDEBUG rally.task.utils [-] Waiting for resource s_rally_06b8a9c8_AWZJOQYW. Status changed: QUEUED => ACTIVE in 0.0541391372681
2019-12-01 13:39:21.092 851 INFO rally.task.runner [-] Task 3d2f7f43-ed76-405a-84bf-45ba5950480e | ITER: 6 END: OK
2019-12-01 13:39:21.097 851 INFO rally.task.runner [-] Task 3d2f7f43-ed76-405a-84bf-45ba5950480e | ITER: 10 START
2019-12-01 13:39:21.189 852 RALLYDEBUG rally.task.utils [-] Waiting for resource s_rally_06b8a9c8_g9YHUdLM. Status changed: QUEUED => ACTIVE in 0.0502271652222
2019-12-01 13:39:21.656 849 INFO rally.task.runner [-] Task 3d2f7f43-ed76-405a-84bf-45ba5950480e | ITER: 7 END: OK
2019-12-01 13:39:21.875 852 INFO rally.task.runner [-] Task 3d2f7f43-ed76-405a-84bf-45ba5950480e | ITER: 8 END: OK
2019-12-01 13:39:23.206 850 RALLYDEBUG rally.task.utils [-] Waiting for resource u'274d1958-e808-4179-9f68-94c6d97e2956'. Status changed: NONE => QUEUED in 0.0714371204376
2019-12-01 13:39:23.651 851 RALLYDEBUG rally.task.utils [-] Waiting for resource u'01ddd73d-9b7e-4db6-8a99-66bbad639001'. Status changed: NONE => QUEUED in 0.0700390338898
2019-12-01 13:39:24.253 850 RALLYDEBUG rally.task.utils [-] Waiting for resource s_rally_06b8a9c8_2xI05duY. Status changed: QUEUED => ACTIVE in 0.0425629615784
2019-12-01 13:39:24.663 851 RALLYDEBUG rally.task.utils [-] Waiting for resource s_rally_06b8a9c8_nHzVRVko. Status changed: QUEUED => ACTIVE in 0.0508151054382
2019-12-01 13:39:24.773 850 INFO rally.task.runner [-] Task 3d2f7f43-ed76-405a-84bf-45ba5950480e | ITER: 9 END: OK
2019-12-01 13:39:25.146 851 INFO rally.task.runner [-] Task 3d2f7f43-ed76-405a-84bf-45ba5950480e | ITER: 10 END: OK
2019-12-01 13:39:25.173 725 INFO rally.task.context [-] Task 3d2f7f43-ed76-405a-84bf-45ba5950480e | Context cleanup@openstack cleanup() started
2019-12-01 13:39:25.178 725 RALLYDEBUG rally_openstack.cleanup.manager [-] Cleaning up glance images objects
2019-12-01 13:39:26.157 725 INFO rally.task.context [-] Task 3d2f7f43-ed76-405a-84bf-45ba5950480e | Context cleanup@openstack cleanup() finished in 0.98 sec
2019-12-01 13:39:26.157 725 INFO rally.task.context [-] Task 3d2f7f43-ed76-405a-84bf-45ba5950480e | Context users@openstack cleanup() started
2019-12-01 13:39:30.557 725 INFO rally.task.context [-] Task 3d2f7f43-ed76-405a-84bf-45ba5950480e | Context users@openstack cleanup() finished in 4.40 sec
2019-12-01 13:39:32.319 725 INFO rally.task.engine [-] Load duration is: 12.676578
2019-12-01 13:39:32.320 725 INFO rally.task.engine [-] Full runner duration is: 13.215977
2019-12-01 13:39:32.320 725 INFO rally.task.engine [-] Full duration is: 20.369008
2019-12-01 13:39:32.408 725 INFO rally.task.engine [-] Running workload: position = 0 config = { "version": 2, "title": "A cropped version of a bigger task.", "description": "Auto-generated task from a single workload (uuid=a92a1731-081c-44c7-a9b8-d72c3412803e)", "subtasks": [ { "title": "GlanceImages.create_and_list_image", "description": "Create an image and then list all images.", "scenario": { "GlanceImages.create_and_list_image": { "container_format": "bare", "disk_format": "qcow2", "image_location": "/home/opnfv/functest/images/cirros-0.4.0-x86_64-disk.img" } }, "contexts": { "users": { "tenants": 3, "users_per_tenant": 2 } }, "runner": { "constant": { "concurrency": 4, "times": 10 } }, "hooks": [], "sla": { "failure_rate": { "max": 0 } } } ] }
2019-12-01 13:39:32.421 725 RALLYDEBUG rally_openstack.contexts.keystone.users [-] Creating 3 tenants using 20 threads
2019-12-01 13:39:33.034 725 RALLYDEBUG rally_openstack.contexts.keystone.users [-] Creating 6 users using 20 threads
2019-12-01 13:39:34.314 725 INFO rally.task.context [-] Task 3d2f7f43-ed76-405a-84bf-45ba5950480e | Context users@openstack setup() finished in 1.89 sec
2019-12-01 13:39:34.315 725 INFO rally.task.context [-] Task 3d2f7f43-ed76-405a-84bf-45ba5950480e | Context cleanup@openstack setup() finished in 0.01 msec
2019-12-01 13:39:34.322 725 RALLYDEBUG rally.task.runner [-] Starting the constant runner (task UUID: 3d2f7f43-ed76-405a-84bf-45ba5950480e). timeout: 0 concurrency: 4 concurrency_per_worker: 1 times: 10 concurrency_overhead: 0 processes_to_start: 4 max_cpu_used: 88
2019-12-01 13:39:34.335 973 RALLYDEBUG rally.task.runner [-] Starting a worker. concurrency: 1 args: {"container_format": "bare", "disk_format": "qcow2", "image_location": "/home/opnfv/functest/images/cirros-0.4.0-x86_64-disk.img"} times: 10 method_name: run timeout: 0 duration: None cls:
2019-12-01 13:39:34.337 974 RALLYDEBUG rally.task.runner [-] Starting a worker. concurrency: 1 args: {"container_format": "bare", "disk_format": "qcow2", "image_location": "/home/opnfv/functest/images/cirros-0.4.0-x86_64-disk.img"} times: 10 method_name: run timeout: 0 duration: None cls:
2019-12-01 13:39:34.340 975 RALLYDEBUG rally.task.runner [-] Starting a worker. concurrency: 1 args: {"container_format": "bare", "disk_format": "qcow2", "image_location": "/home/opnfv/functest/images/cirros-0.4.0-x86_64-disk.img"} times: 10 method_name: run timeout: 0 duration: None cls:
2019-12-01 13:39:34.342 973 INFO rally.task.runner [-] Task 3d2f7f43-ed76-405a-84bf-45ba5950480e | ITER: 1 START
2019-12-01 13:39:34.343 976 RALLYDEBUG rally.task.runner [-] Starting a worker. concurrency: 1 args: {"container_format": "bare", "disk_format": "qcow2", "image_location": "/home/opnfv/functest/images/cirros-0.4.0-x86_64-disk.img"} times: 10 method_name: run timeout: 0 duration: None cls:
2019-12-01 13:39:34.345 974 INFO rally.task.runner [-] Task 3d2f7f43-ed76-405a-84bf-45ba5950480e | ITER: 2 START
2019-12-01 13:39:34.347 975 INFO rally.task.runner [-] Task 3d2f7f43-ed76-405a-84bf-45ba5950480e | ITER: 3 START
2019-12-01 13:39:34.350 976 INFO rally.task.runner [-] Task 3d2f7f43-ed76-405a-84bf-45ba5950480e | ITER: 4 START
2019-12-01 13:39:37.227 975 RALLYDEBUG rally.task.utils [-] Waiting for resource u'6e90e07d-e365-48cd-a404-b226d50ffddb'. Status changed: NONE => QUEUED in 0.0770020484924
2019-12-01 13:39:37.288 973 RALLYDEBUG rally.task.utils [-] Waiting for resource u'ccd9aba9-74e3-441e-afb8-a239ddf80b03'. Status changed: NONE => QUEUED in 0.0697119235992
2019-12-01 13:39:37.367 976 RALLYDEBUG rally.task.utils [-] Waiting for resource u'8171f6e1-5502-4476-9b57-ef02c9938fed'. Status changed: NONE => QUEUED in 0.0874230861664
2019-12-01 13:39:37.374 974 RALLYDEBUG rally.task.utils [-] Waiting for resource u'd4359729-6b46-4e5c-b59b-80889b6d706a'. Status changed: NONE => QUEUED in 0.073215007782
2019-12-01 13:39:38.512 973 RALLYDEBUG rally.task.utils [-] Waiting for resource s_rally_a92a1731_5FAQzIVQ. Status changed: QUEUED => ACTIVE in 0.0413961410522
2019-12-01 13:39:38.546 975 RALLYDEBUG rally.task.utils [-] Waiting for resource s_rally_a92a1731_dQ66Weyk. Status changed: QUEUED => ACTIVE in 0.0292840003967
2019-12-01 13:39:38.619 973 INFO rally.task.runner [-] Task 3d2f7f43-ed76-405a-84bf-45ba5950480e | ITER: 1 END: OK
2019-12-01 13:39:38.624 973 INFO rally.task.runner [-] Task 3d2f7f43-ed76-405a-84bf-45ba5950480e | ITER: 5 START
2019-12-01 13:39:38.634 975 INFO rally.task.runner [-] Task 3d2f7f43-ed76-405a-84bf-45ba5950480e | ITER: 3 END: OK
2019-12-01 13:39:38.639 975 INFO rally.task.runner [-] Task 3d2f7f43-ed76-405a-84bf-45ba5950480e | ITER: 6 START
2019-12-01 13:39:38.808 976 RALLYDEBUG rally.task.utils [-] Waiting for resource s_rally_a92a1731_VWMRAClD. Status changed: QUEUED => ACTIVE in 0.0372579097748
2019-12-01 13:39:38.838 974 RALLYDEBUG rally.task.utils [-] Waiting for resource s_rally_a92a1731_9aEbymz4. Status changed: QUEUED => ACTIVE in 0.0356130599976
2019-12-01 13:39:38.897 976 INFO rally.task.runner [-] Task 3d2f7f43-ed76-405a-84bf-45ba5950480e | ITER: 4 END: OK
2019-12-01 13:39:38.901 976 INFO rally.task.runner [-] Task 3d2f7f43-ed76-405a-84bf-45ba5950480e | ITER: 7 START
2019-12-01 13:39:38.912 974 INFO rally.task.runner [-] Task 3d2f7f43-ed76-405a-84bf-45ba5950480e | ITER: 2 END: OK
2019-12-01 13:39:38.917 974 INFO rally.task.runner [-] Task 3d2f7f43-ed76-405a-84bf-45ba5950480e | ITER: 8 START
2019-12-01 13:39:41.291 973 RALLYDEBUG rally.task.utils [-] Waiting for resource u'3ef95dba-6415-4ba3-aef1-78c056958a08'. Status changed: NONE => QUEUED in 0.0703508853912
2019-12-01 13:39:41.472 975 RALLYDEBUG rally.task.utils [-] Waiting for resource u'c1fc6851-457b-405e-ade3-309cd0f2aa52'. Status changed: NONE => QUEUED in 0.0734469890594
2019-12-01 13:39:41.598 976 RALLYDEBUG rally.task.utils [-] Waiting for resource u'4d860fbd-5423-4755-85a6-6e075f1c40ea'. Status changed: NONE => QUEUED in 0.072674036026
2019-12-01 13:39:41.674 974 RALLYDEBUG rally.task.utils [-] Waiting for resource u'e2fe4cae-edb3-49f9-bad1-5aed69430b7e'. Status changed: NONE => QUEUED in 0.0761888027191
2019-12-01 13:39:42.270 973 RALLYDEBUG rally.task.utils [-] Waiting for resource s_rally_a92a1731_aJbRzpJt. Status changed: QUEUED => ACTIVE in 0.0400578975677
2019-12-01 13:39:42.423 973 INFO rally.task.runner [-] Task 3d2f7f43-ed76-405a-84bf-45ba5950480e | ITER: 5 END: OK
2019-12-01 13:39:42.428 973 INFO rally.task.runner [-] Task 3d2f7f43-ed76-405a-84bf-45ba5950480e | ITER: 9 START
2019-12-01 13:39:42.665 975 RALLYDEBUG rally.task.utils [-] Waiting for resource s_rally_a92a1731_iXjD8Y9M. Status changed: QUEUED => ACTIVE in 0.0655889511108
2019-12-01 13:39:42.743 975 INFO rally.task.runner [-] Task 3d2f7f43-ed76-405a-84bf-45ba5950480e | ITER: 6 END: OK
2019-12-01 13:39:42.747 975 INFO rally.task.runner [-] Task 3d2f7f43-ed76-405a-84bf-45ba5950480e | ITER: 10 START
2019-12-01 13:39:42.781 974 RALLYDEBUG rally.task.utils [-] Waiting for resource s_rally_a92a1731_98fdRRt6. Status changed: QUEUED => ACTIVE in 0.0677540302277
2019-12-01 13:39:42.894 974 INFO rally.task.runner [-] Task 3d2f7f43-ed76-405a-84bf-45ba5950480e | ITER: 8 END: OK
2019-12-01 13:39:42.918 976 RALLYDEBUG rally.task.utils [-] Waiting for resource s_rally_a92a1731_329wMHnR. Status changed: QUEUED => ACTIVE in 0.0947852134705
2019-12-01 13:39:42.989 976 INFO rally.task.runner [-] Task 3d2f7f43-ed76-405a-84bf-45ba5950480e | ITER: 7 END: OK
2019-12-01 13:39:45.015 973 RALLYDEBUG rally.task.utils [-] Waiting for resource u'1a80d342-0067-457a-beb8-ce058533eed6'. Status changed: NONE => QUEUED in 0.0728890895844
2019-12-01 13:39:45.309 975 RALLYDEBUG rally.task.utils [-] Waiting for resource u'9b4b6a95-3b3c-4387-bece-d5a310c89c7d'. Status changed: NONE => QUEUED in 0.0831758975983
2019-12-01 13:39:46.201 975 RALLYDEBUG rally.task.utils [-] Waiting for resource s_rally_a92a1731_4KGj8Pbc. Status changed: QUEUED => ACTIVE in 0.0497140884399
2019-12-01 13:39:46.270 975 INFO rally.task.runner [-] Task 3d2f7f43-ed76-405a-84bf-45ba5950480e | ITER: 10 END: OK
2019-12-01 13:39:48.997 973 RALLYDEBUG rally.task.utils [-] Waiting for resource s_rally_a92a1731_f6Z89nOU. Status changed: QUEUED => ACTIVE in 0.0456590652466
2019-12-01 13:39:49.069 973 INFO rally.task.runner [-] Task 3d2f7f43-ed76-405a-84bf-45ba5950480e | ITER: 9 END: OK
2019-12-01 13:39:49.095 725 INFO rally.task.context [-] Task 3d2f7f43-ed76-405a-84bf-45ba5950480e | Context cleanup@openstack cleanup() started
2019-12-01 13:39:49.098 725 RALLYDEBUG rally_openstack.cleanup.manager [-] Cleaning up glance images objects
2019-12-01 13:39:50.114 725 RALLYDEBUG rally_openstack.cleanup.manager [-] Deleting glance.images object s_rally_a92a1731_VWMRAClD (8171f6e1-5502-4476-9b57-ef02c9938fed)
2019-12-01 13:39:50.114 725 RALLYDEBUG rally_openstack.cleanup.manager [-] Deleting glance.images object s_rally_a92a1731_5FAQzIVQ (ccd9aba9-74e3-441e-afb8-a239ddf80b03)
2019-12-01 13:39:50.117 725 RALLYDEBUG rally_openstack.cleanup.manager [-] Deleting glance.images object s_rally_a92a1731_aJbRzpJt (3ef95dba-6415-4ba3-aef1-78c056958a08)
2019-12-01 13:39:50.121 725 RALLYDEBUG rally_openstack.cleanup.manager [-] Deleting glance.images object s_rally_a92a1731_f6Z89nOU (1a80d342-0067-457a-beb8-ce058533eed6)
2019-12-01 13:39:50.121 725 RALLYDEBUG rally_openstack.cleanup.manager [-] Deleting glance.images object s_rally_a92a1731_98fdRRt6 (e2fe4cae-edb3-49f9-bad1-5aed69430b7e)
2019-12-01 13:39:50.124 725 RALLYDEBUG rally_openstack.cleanup.manager [-] Deleting glance.images object s_rally_a92a1731_dQ66Weyk (6e90e07d-e365-48cd-a404-b226d50ffddb)
2019-12-01 13:39:50.127 725 RALLYDEBUG rally_openstack.cleanup.manager [-] Deleting glance.images object s_rally_a92a1731_4KGj8Pbc (9b4b6a95-3b3c-4387-bece-d5a310c89c7d)
2019-12-01 13:39:50.135 725 RALLYDEBUG rally_openstack.cleanup.manager [-] Deleting glance.images object s_rally_a92a1731_iXjD8Y9M (c1fc6851-457b-405e-ade3-309cd0f2aa52)
2019-12-01 13:39:50.142 725 RALLYDEBUG rally_openstack.cleanup.manager [-] Deleting glance.images object s_rally_a92a1731_9aEbymz4 (d4359729-6b46-4e5c-b59b-80889b6d706a)
2019-12-01 13:39:50.162 725 RALLYDEBUG rally_openstack.cleanup.manager [-] Deleting glance.images object s_rally_a92a1731_329wMHnR (4d860fbd-5423-4755-85a6-6e075f1c40ea)
2019-12-01 13:39:51.659 725 DEBUG glanceclient.common.http [-] Request returned failure status 404. _handle_response /usr/lib/python2.7/site-packages/glanceclient/common/http.py:125
2019-12-01 13:39:51.703 725 DEBUG glanceclient.common.http [-] Request returned failure status 404. _handle_response /usr/lib/python2.7/site-packages/glanceclient/common/http.py:125
2019-12-01 13:39:51.729 725 DEBUG glanceclient.common.http [-] Request returned failure status 404. _handle_response /usr/lib/python2.7/site-packages/glanceclient/common/http.py:125
2019-12-01 13:39:51.782 725 DEBUG glanceclient.common.http [-] Request returned failure status 404. _handle_response /usr/lib/python2.7/site-packages/glanceclient/common/http.py:125
2019-12-01 13:39:51.793 725 DEBUG glanceclient.common.http [-] Request returned failure status 404. _handle_response /usr/lib/python2.7/site-packages/glanceclient/common/http.py:125
2019-12-01 13:39:51.801 725 DEBUG glanceclient.common.http [-] Request returned failure status 404. _handle_response /usr/lib/python2.7/site-packages/glanceclient/common/http.py:125
2019-12-01 13:39:51.806 725 DEBUG glanceclient.common.http [-] Request returned failure status 404. _handle_response /usr/lib/python2.7/site-packages/glanceclient/common/http.py:125
2019-12-01 13:39:51.818 725 DEBUG glanceclient.common.http [-] Request returned failure status 404. _handle_response /usr/lib/python2.7/site-packages/glanceclient/common/http.py:125
2019-12-01 13:39:52.173 725 DEBUG glanceclient.common.http [-] Request returned failure status 404. _handle_response /usr/lib/python2.7/site-packages/glanceclient/common/http.py:125
2019-12-01 13:39:52.191 725 DEBUG glanceclient.common.http [-] Request returned failure status 404. _handle_response /usr/lib/python2.7/site-packages/glanceclient/common/http.py:125
2019-12-01 13:39:52.230 725 DEBUG glanceclient.common.http [-] Request returned failure status 404. _handle_response /usr/lib/python2.7/site-packages/glanceclient/common/http.py:125
2019-12-01 13:39:52.372 725 DEBUG glanceclient.common.http [-] Request returned failure status 404. _handle_response /usr/lib/python2.7/site-packages/glanceclient/common/http.py:125
2019-12-01 13:39:52.375 725 DEBUG glanceclient.common.http [-] Request returned failure status 404. _handle_response /usr/lib/python2.7/site-packages/glanceclient/common/http.py:125
2019-12-01 13:39:52.391 725 DEBUG glanceclient.common.http [-] Request returned failure status 404. _handle_response /usr/lib/python2.7/site-packages/glanceclient/common/http.py:125
2019-12-01 13:39:52.453 725 DEBUG glanceclient.common.http [-] Request returned failure status 404. _handle_response /usr/lib/python2.7/site-packages/glanceclient/common/http.py:125
2019-12-01 13:39:52.457 725 DEBUG glanceclient.common.http [-] Request returned failure status 404. _handle_response /usr/lib/python2.7/site-packages/glanceclient/common/http.py:125
2019-12-01 13:39:52.465 725 DEBUG glanceclient.common.http [-] Request returned failure status 404. _handle_response /usr/lib/python2.7/site-packages/glanceclient/common/http.py:125
2019-12-01 13:39:52.480 725 DEBUG glanceclient.common.http [-] Request returned failure status 404. _handle_response /usr/lib/python2.7/site-packages/glanceclient/common/http.py:125
2019-12-01 13:39:52.502 725 DEBUG glanceclient.common.http [-] Request returned failure status 404. _handle_response /usr/lib/python2.7/site-packages/glanceclient/common/http.py:125
2019-12-01 13:39:52.513 725 DEBUG glanceclient.common.http [-] Request returned failure status 404. _handle_response /usr/lib/python2.7/site-packages/glanceclient/common/http.py:125
2019-12-01 13:39:53.518 725 INFO rally.task.context [-] Task 3d2f7f43-ed76-405a-84bf-45ba5950480e | Context cleanup@openstack cleanup() finished in 4.42 sec
2019-12-01 13:39:53.519 725 INFO rally.task.context [-] Task 3d2f7f43-ed76-405a-84bf-45ba5950480e | Context users@openstack cleanup() started
2019-12-01 13:39:58.114 725 INFO rally.task.context [-] Task 3d2f7f43-ed76-405a-84bf-45ba5950480e | Context users@openstack cleanup() finished in 4.60 sec
2019-12-01 13:39:58.541 725 INFO rally.task.engine [-] Load duration is: 14.296524
2019-12-01 13:39:58.541 725 INFO rally.task.engine [-] Full runner duration is: 14.772977
2019-12-01 13:39:58.541 725 INFO rally.task.engine [-] Full duration is: 25.694406
2019-12-01 13:39:58.628 725 INFO rally.task.engine [-] Running workload: position = 0 config = { "version": 2, "title": "A cropped version of a bigger task.", "description": "Auto-generated task from a single workload (uuid=14de1288-e3bb-4ec4-b71b-8c7f9aed1b4f)", "subtasks": [ { "title": "GlanceImages.list_images", "description": "List all images.", "scenario": { "GlanceImages.list_images": {} }, "contexts": { "users": { "tenants": 3, "users_per_tenant": 2 } }, "runner": { "constant": { "concurrency": 4, "times": 10 } }, "hooks": [], "sla": { "failure_rate": { "max": 0 } } } ] }
2019-12-01 13:39:58.639 725 RALLYDEBUG rally_openstack.contexts.keystone.users [-] Creating 3 tenants using 20 threads
2019-12-01 13:39:59.275 725 RALLYDEBUG rally_openstack.contexts.keystone.users [-] Creating 6 users using 20 threads
2019-12-01 13:40:00.365 725 INFO rally.task.context [-] Task 3d2f7f43-ed76-405a-84bf-45ba5950480e | Context users@openstack setup() finished in 1.73 sec
2019-12-01 13:40:00.374 725 RALLYDEBUG rally.task.runner [-] Starting the constant runner (task UUID: 3d2f7f43-ed76-405a-84bf-45ba5950480e). timeout: 0 concurrency: 4 concurrency_per_worker: 1 times: 10 concurrency_overhead: 0 processes_to_start: 4 max_cpu_used: 88
2019-12-01 13:40:00.387 1097 RALLYDEBUG rally.task.runner [-] Starting a worker. concurrency: 1 args: {} times: 10 method_name: run timeout: 0 duration: None cls:
2019-12-01 13:40:00.388 1098 RALLYDEBUG rally.task.runner [-] Starting a worker. concurrency: 1 args: {} times: 10 method_name: run timeout: 0 duration: None cls:
2019-12-01 13:40:00.392 1099 RALLYDEBUG rally.task.runner [-] Starting a worker. concurrency: 1 args: {} times: 10 method_name: run timeout: 0 duration: None cls:
2019-12-01 13:40:00.393 1098 INFO rally.task.runner [-] Task 3d2f7f43-ed76-405a-84bf-45ba5950480e | ITER: 2 START
2019-12-01 13:40:00.394 1097 INFO rally.task.runner [-] Task 3d2f7f43-ed76-405a-84bf-45ba5950480e | ITER: 1 START
2019-12-01 13:40:00.395 1100 RALLYDEBUG rally.task.runner [-] Starting a worker. concurrency: 1 args: {} times: 10 method_name: run timeout: 0 duration: None cls:
2019-12-01 13:40:00.398 1099 INFO rally.task.runner [-] Task 3d2f7f43-ed76-405a-84bf-45ba5950480e | ITER: 3 START
2019-12-01 13:40:00.402 1100 INFO rally.task.runner [-] Task 3d2f7f43-ed76-405a-84bf-45ba5950480e | ITER: 4 START
2019-12-01 13:40:01.141 1097 INFO rally.task.runner [-] Task 3d2f7f43-ed76-405a-84bf-45ba5950480e | ITER: 1 END: OK
2019-12-01 13:40:01.146 1097 INFO rally.task.runner [-] Task 3d2f7f43-ed76-405a-84bf-45ba5950480e | ITER: 5 START
2019-12-01 13:40:01.244 1099 INFO rally.task.runner [-] Task 3d2f7f43-ed76-405a-84bf-45ba5950480e | ITER: 3 END: OK
2019-12-01 13:40:01.248 1099 INFO rally.task.runner [-] Task 3d2f7f43-ed76-405a-84bf-45ba5950480e | ITER: 6 START
2019-12-01 13:40:01.311 1098 INFO rally.task.runner [-] Task 3d2f7f43-ed76-405a-84bf-45ba5950480e | ITER: 2 END: OK
2019-12-01 13:40:01.315 1098 INFO rally.task.runner [-] Task 3d2f7f43-ed76-405a-84bf-45ba5950480e | ITER: 7 START
2019-12-01 13:40:01.344 1100 INFO rally.task.runner [-] Task 3d2f7f43-ed76-405a-84bf-45ba5950480e | ITER: 4 END: OK
2019-12-01 13:40:01.348 1100 INFO rally.task.runner [-] Task 3d2f7f43-ed76-405a-84bf-45ba5950480e | ITER: 8 START
2019-12-01 13:40:01.796 1097 INFO rally.task.runner [-] Task 3d2f7f43-ed76-405a-84bf-45ba5950480e | ITER: 5 END: OK
2019-12-01 13:40:01.801 1097 INFO rally.task.runner [-] Task 3d2f7f43-ed76-405a-84bf-45ba5950480e | ITER: 9 START
2019-12-01 13:40:02.055 1099 INFO rally.task.runner [-] Task 3d2f7f43-ed76-405a-84bf-45ba5950480e | ITER: 6 END: OK
2019-12-01 13:40:02.060 1099 INFO rally.task.runner [-] Task 3d2f7f43-ed76-405a-84bf-45ba5950480e | ITER: 10 START
2019-12-01 13:40:02.171 1098 INFO rally.task.runner [-] Task 3d2f7f43-ed76-405a-84bf-45ba5950480e | ITER: 7 END: OK
2019-12-01 13:40:02.205 1100 INFO rally.task.runner [-] Task 3d2f7f43-ed76-405a-84bf-45ba5950480e | ITER: 8 END: OK
2019-12-01 13:40:02.528 1097 INFO rally.task.runner [-] Task 3d2f7f43-ed76-405a-84bf-45ba5950480e | ITER: 9 END: OK
2019-12-01 13:40:02.661 1099 INFO rally.task.runner [-] Task 3d2f7f43-ed76-405a-84bf-45ba5950480e | ITER: 10 END: OK
2019-12-01 13:40:02.688 725 INFO rally.task.context [-] Task 3d2f7f43-ed76-405a-84bf-45ba5950480e | Context users@openstack cleanup() started
2019-12-01 13:40:07.114 725 INFO rally.task.context [-] Task 3d2f7f43-ed76-405a-84bf-45ba5950480e | Context users@openstack cleanup() finished in 4.43 sec
2019-12-01 13:40:08.698 725 INFO rally.task.engine [-] Load duration is: 1.753862
2019-12-01 13:40:08.698 725 INFO rally.task.engine [-] Full runner duration is: 2.314177
2019-12-01 13:40:08.698 725 INFO rally.task.engine [-] Full duration is: 8.475667
2019-12-01 13:40:08.785 725 INFO rally.task.engine [-] Running workload: position = 0 config = { "version": 2, "title": "A cropped version of a bigger task.", "description": "Auto-generated task from a single workload (uuid=e8d1c5a0-4309-461f-a029-cce28a0875a5)", "subtasks": [ { "title": "GlanceImages.create_image_and_boot_instances", "description": "Create an image and boot several instances from it.", "scenario": { "GlanceImages.create_image_and_boot_instances": { "container_format": "bare", "disk_format": "qcow2", "image_location": "/home/opnfv/functest/images/cirros-0.4.0-x86_64-disk.img", "flavor": { "name": "rally_full-flavor_76073375-32cd-41b7-8fde-7887eeff0db1" }, "number_instances": 2, "nics": [ { "net-id": "c55caef0-d4bb-4ace-afa7-cc4309e93236" } ] } }, "contexts": { "users": { "tenants": 3, "users_per_tenant": 2 }, "quotas": { "nova": { "cores": -1, "floating_ips": -1, "instances": -1, "ram": -1, "security_group_rules": -1, "security_groups": -1 } } }, "runner": { "constant": { "concurrency": 4, "times": 10 } }, "hooks": [], "sla": { "failure_rate": { "max": 0 } } } ] }
2019-12-01 13:40:08.805 725 RALLYDEBUG rally_openstack.contexts.keystone.users [-] Creating 3 tenants using 20 threads
2019-12-01 13:40:09.505 725 RALLYDEBUG rally_openstack.contexts.keystone.users [-] Creating 6 users using 20 threads
2019-12-01 13:40:11.097 725 INFO rally.task.context [-] Task 3d2f7f43-ed76-405a-84bf-45ba5950480e | Context users@openstack setup() finished in 2.29 sec
2019-12-01 13:40:11.257 725 DEBUG novaclient.v2.client [-] REQ: curl -g -i -X PUT http://compute-airship.intel-pod17.opnfv.org:80/v2/7b57845db68640ad89a0a3508f6db70e/os-quota-sets/11a280f0a1424ef4af794930e369582a -H "Accept: application/json" -H "Content-Type: application/json" -H "User-Agent: python-novaclient" -H "X-Auth-Token: {SHA1}9a2c561f4eae6c7dd540ccd1e2eb651b2fcfe096" -d '{"quota_set": {"ram": -1, "floating_ips": -1, "security_group_rules": -1, "instances": -1, "cores": -1, "security_groups": -1}}' _http_log_request /usr/lib/python2.7/site-packages/keystoneauth1/session.py:448
2019-12-01 13:40:11.522 725 DEBUG novaclient.v2.client [-] RESP: [200] Connection: keep-alive Content-Encoding: gzip Content-Type: application/json Date: Sun, 01 Dec 2019 13:40:11 GMT Transfer-Encoding: chunked Vary: Accept-Encoding X-Compute-Request-Id: req-a66e7053-cee7-4839-a70d-b616057b433b _http_log_response /usr/lib/python2.7/site-packages/keystoneauth1/session.py:479
2019-12-01 13:40:11.523 725 DEBUG novaclient.v2.client [-] RESP BODY: {"quota_set": {"injected_file_content_bytes": 10240, "metadata_items": 128, "server_group_members": 10, "server_groups": 10, "ram": -1, "floating_ips": -1, "key_pairs": 100, "instances": -1, "security_group_rules": -1, "injected_files": 5, "cores": -1, "fixed_ips": -1, "injected_file_path_bytes": 255, "security_groups": -1}} _http_log_response /usr/lib/python2.7/site-packages/keystoneauth1/session.py:511
2019-12-01 13:40:11.523 725 DEBUG novaclient.v2.client [-] PUT call to compute for http://compute-airship.intel-pod17.opnfv.org:80/v2/7b57845db68640ad89a0a3508f6db70e/os-quota-sets/11a280f0a1424ef4af794930e369582a used request id req-a66e7053-cee7-4839-a70d-b616057b433b request /usr/lib/python2.7/site-packages/keystoneauth1/session.py:844
2019-12-01 13:40:11.525 725 DEBUG novaclient.v2.client [-] REQ: curl -g -i -X PUT http://compute-airship.intel-pod17.opnfv.org:80/v2/7b57845db68640ad89a0a3508f6db70e/os-quota-sets/074fe51cbe514cc78efb64660ff02ec4 -H "Accept: application/json" -H "Content-Type: application/json" -H "User-Agent: python-novaclient" -H "X-Auth-Token: {SHA1}9a2c561f4eae6c7dd540ccd1e2eb651b2fcfe096" -d '{"quota_set": {"ram": -1, "floating_ips": -1, "security_group_rules": -1, "instances": -1, "cores": -1, "security_groups": -1}}' _http_log_request /usr/lib/python2.7/site-packages/keystoneauth1/session.py:448
2019-12-01 13:40:11.670 725 DEBUG novaclient.v2.client [-] RESP: [200] Connection: keep-alive Content-Encoding: gzip Content-Type: application/json Date: Sun, 01 Dec 2019 13:40:11 GMT Transfer-Encoding: chunked Vary: Accept-Encoding X-Compute-Request-Id: req-cfb2d6ca-5aa9-45f9-857a-0eae315d0125 _http_log_response /usr/lib/python2.7/site-packages/keystoneauth1/session.py:479
2019-12-01 13:40:11.671 725 DEBUG novaclient.v2.client [-] RESP BODY: {"quota_set": {"injected_file_content_bytes": 10240, "metadata_items": 128, "server_group_members": 10, "server_groups": 10, "ram": -1, "floating_ips": -1, "key_pairs": 100, "instances": -1, "security_group_rules": -1, "injected_files": 5, "cores": -1, "fixed_ips": -1, "injected_file_path_bytes": 255, "security_groups": -1}} _http_log_response /usr/lib/python2.7/site-packages/keystoneauth1/session.py:511
2019-12-01 13:40:11.672 725 DEBUG novaclient.v2.client [-] PUT call to compute for http://compute-airship.intel-pod17.opnfv.org:80/v2/7b57845db68640ad89a0a3508f6db70e/os-quota-sets/074fe51cbe514cc78efb64660ff02ec4 used request id req-cfb2d6ca-5aa9-45f9-857a-0eae315d0125 request /usr/lib/python2.7/site-packages/keystoneauth1/session.py:844
2019-12-01 13:40:11.675 725 DEBUG novaclient.v2.client [-] REQ: curl -g -i -X PUT http://compute-airship.intel-pod17.opnfv.org:80/v2/7b57845db68640ad89a0a3508f6db70e/os-quota-sets/866a633981b4485ca2806c75a7055cf7 -H "Accept: application/json" -H "Content-Type: application/json" -H "User-Agent: python-novaclient" -H "X-Auth-Token: {SHA1}9a2c561f4eae6c7dd540ccd1e2eb651b2fcfe096" -d '{"quota_set": {"ram": -1, "floating_ips": -1, "security_group_rules": -1, "instances": -1, "cores": -1, "security_groups": -1}}' _http_log_request /usr/lib/python2.7/site-packages/keystoneauth1/session.py:448
2019-12-01 13:40:11.790 725 DEBUG novaclient.v2.client [-] RESP: [200] Connection: keep-alive Content-Encoding: gzip Content-Type: application/json Date: Sun, 01 Dec 2019 13:40:11 GMT Transfer-Encoding: chunked Vary: Accept-Encoding X-Compute-Request-Id: req-1bc7e01b-b80b-4eec-8ba8-1fd7f5289abe _http_log_response /usr/lib/python2.7/site-packages/keystoneauth1/session.py:479
2019-12-01 13:40:11.791 725 DEBUG novaclient.v2.client [-] RESP BODY: {"quota_set": {"injected_file_content_bytes": 10240, "metadata_items": 128, "server_group_members": 10, "server_groups": 10, "ram": -1, "floating_ips": -1, "key_pairs": 100, "instances": -1, "security_group_rules": -1, "injected_files": 5, "cores": -1, "fixed_ips": -1, "injected_file_path_bytes": 255, "security_groups": -1}} _http_log_response /usr/lib/python2.7/site-packages/keystoneauth1/session.py:511
2019-12-01 13:40:11.791 725 DEBUG novaclient.v2.client [-] PUT call to compute for http://compute-airship.intel-pod17.opnfv.org:80/v2/7b57845db68640ad89a0a3508f6db70e/os-quota-sets/866a633981b4485ca2806c75a7055cf7 used request id req-1bc7e01b-b80b-4eec-8ba8-1fd7f5289abe request /usr/lib/python2.7/site-packages/keystoneauth1/session.py:844
2019-12-01 13:40:11.792 725 INFO rally.task.context [-] Task 3d2f7f43-ed76-405a-84bf-45ba5950480e | Context quotas@openstack setup() finished in 0.69 sec
2019-12-01 13:40:11.793 725 INFO rally.task.context [-] Task 3d2f7f43-ed76-405a-84bf-45ba5950480e | Context cleanup@openstack setup() finished in 0.15 msec
2019-12-01 13:40:11.896 725 DEBUG novaclient.v2.client [-] REQ: curl -g -i -X GET http://compute-airship.intel-pod17.opnfv.org:80/v2/7b57845db68640ad89a0a3508f6db70e/flavors/detail -H "Accept: application/json" -H "User-Agent: python-novaclient" -H "X-Auth-Token: {SHA1}494c6f3dd3b7f7a9310511b9af29845308664cdd" _http_log_request /usr/lib/python2.7/site-packages/keystoneauth1/session.py:448
2019-12-01 13:40:12.035 725 DEBUG novaclient.v2.client [-] RESP: [200] Connection: keep-alive Content-Encoding: gzip Content-Type: application/json Date: Sun, 01 Dec 2019 13:40:12 GMT Transfer-Encoding: chunked Vary: Accept-Encoding X-Compute-Request-Id: req-2b85d1a7-aca0-41a1-9a70-354f1fbd25e8 _http_log_response /usr/lib/python2.7/site-packages/keystoneauth1/session.py:479
2019-12-01 13:40:12.036 725 DEBUG novaclient.v2.client [-] RESP BODY: {"flavors": [{"links": [{"href": "http://compute-airship.intel-pod17.opnfv.org/v2/7b57845db68640ad89a0a3508f6db70e/flavors/17204a33-efa6-47c8-b405-791f4318cb9a", "rel": "self"}, {"href": "http://compute-airship.intel-pod17.opnfv.org/7b57845db68640ad89a0a3508f6db70e/flavors/17204a33-efa6-47c8-b405-791f4318cb9a", "rel": "bookmark"}], "ram": 16384, "OS-FLV-DISABLED:disabled": false, "os-flavor-access:is_public": true, "rxtx_factor": 1.0, "disk": 160, "id": "17204a33-efa6-47c8-b405-791f4318cb9a", "name": "m1.xlarge", "vcpus": 8, "swap": "", "OS-FLV-EXT-DATA:ephemeral": 0}, {"links": [{"href": "http://compute-airship.intel-pod17.opnfv.org/v2/7b57845db68640ad89a0a3508f6db70e/flavors/2f934bee-3230-4df7-a423-60b9e7a0e70a", "rel": "self"}, {"href": "http://compute-airship.intel-pod17.opnfv.org/7b57845db68640ad89a0a3508f6db70e/flavors/2f934bee-3230-4df7-a423-60b9e7a0e70a", "rel": "bookmark"}], "ram": 512, "OS-FLV-DISABLED:disabled": false, "os-flavor-access:is_public": true, "rxtx_factor": 1.0, "disk": 1, "id": "2f934bee-3230-4df7-a423-60b9e7a0e70a", "name": "rally_full-flavor_76073375-32cd-41b7-8fde-7887eeff0db1", "vcpus": 1, "swap": "", "OS-FLV-EXT-DATA:ephemeral": 0}, {"links": [{"href": "http://compute-airship.intel-pod17.opnfv.org/v2/7b57845db68640ad89a0a3508f6db70e/flavors/31ad6e9b-21b9-43a9-9518-06505a9a7e90", "rel": "self"}, {"href": "http://compute-airship.intel-pod17.opnfv.org/7b57845db68640ad89a0a3508f6db70e/flavors/31ad6e9b-21b9-43a9-9518-06505a9a7e90", "rel": "bookmark"}], "ram": 2048, "OS-FLV-DISABLED:disabled": false, "os-flavor-access:is_public": true, "rxtx_factor": 1.0, "disk": 20, "id": "31ad6e9b-21b9-43a9-9518-06505a9a7e90", "name": "m1.small", "vcpus": 1, "swap": "", "OS-FLV-EXT-DATA:ephemeral": 0}, {"links": [{"href": "http://compute-airship.intel-pod17.opnfv.org/v2/7b57845db68640ad89a0a3508f6db70e/flavors/4d2f6375-e019-4582-9c08-4b33eb5ae612", "rel": "self"}, {"href": "http://compute-airship.intel-pod17.opnfv.org/7b57845db68640ad89a0a3508f6db70e/flavors/4d2f6375-e019-4582-9c08-4b33eb5ae612", "rel": "bookmark"}], "ram": 512, "OS-FLV-DISABLED:disabled": false, "os-flavor-access:is_public": true, "rxtx_factor": 1.0, "disk": 1, "id": "4d2f6375-e019-4582-9c08-4b33eb5ae612", "name": "m1.tiny", "vcpus": 1, "swap": "", "OS-FLV-EXT-DATA:ephemeral": 0}, {"links": [{"href": "http://compute-airship.intel-pod17.opnfv.org/v2/7b57845db68640ad89a0a3508f6db70e/flavors/5cb8abaa-ed6a-4fd8-950c-9989b5e3383e", "rel": "self"}, {"href": "http://compute-airship.intel-pod17.opnfv.org/7b57845db68640ad89a0a3508f6db70e/flavors/5cb8abaa-ed6a-4fd8-950c-9989b5e3383e", "rel": "bookmark"}], "ram": 4096, "OS-FLV-DISABLED:disabled": false, "os-flavor-access:is_public": true, "rxtx_factor": 1.0, "disk": 40, "id": "5cb8abaa-ed6a-4fd8-950c-9989b5e3383e", "name": "m1.medium", "vcpus": 2, "swap": "", "OS-FLV-EXT-DATA:ephemeral": 0}, {"links": [{"href": "http://compute-airship.intel-pod17.opnfv.org/v2/7b57845db68640ad89a0a3508f6db70e/flavors/8504e573-db92-4a42-9093-87628ce255b9", "rel": "self"}, {"href": "http://compute-airship.intel-pod17.opnfv.org/7b57845db68640ad89a0a3508f6db70e/flavors/8504e573-db92-4a42-9093-87628ce255b9", "rel": "bookmark"}], "ram": 1024, "OS-FLV-DISABLED:disabled": false, "os-flavor-access:is_public": true, "rxtx_factor": 1.0, "disk": 1, "id": "8504e573-db92-4a42-9093-87628ce255b9", "name": "rally_full-flavor_alt_76073375-32cd-41b7-8fde-7887eeff0db1", "vcpus": 1, "swap": "", "OS-FLV-EXT-DATA:ephemeral": 0}, {"links": [{"href": "http://compute-airship.intel-pod17.opnfv.org/v2/7b57845db68640ad89a0a3508f6db70e/flavors/ae095844-b8a8-4012-8c75-c777245de78f", "rel": "self"}, {"href": "http://compute-airship.intel-pod17.opnfv.org/7b57845db68640ad89a0a3508f6db70e/flavors/ae095844-b8a8-4012-8c75-c777245de78f", "rel": "bookmark"}], "ram": 8192, "OS-FLV-DISABLED:disabled": false, "os-flavor-access:is_public": true, "rxtx_factor": 1.0, "disk": 80, "id": "ae095844-b8a8-4012-8c75-c777245de78f", "name": "m1.large", "vcpus": 4, "swap": "", "OS-FLV-EXT-DATA:ephemeral": 0}]} _http_log_response /usr/lib/python2.7/site-packages/keystoneauth1/session.py:511
2019-12-01 13:40:12.036 725 DEBUG novaclient.v2.client [-] GET call to compute for http://compute-airship.intel-pod17.opnfv.org:80/v2/7b57845db68640ad89a0a3508f6db70e/flavors/detail used request id req-2b85d1a7-aca0-41a1-9a70-354f1fbd25e8 request /usr/lib/python2.7/site-packages/keystoneauth1/session.py:844
2019-12-01 13:40:12.039 725 RALLYDEBUG rally.task.runner [-] Starting the constant runner (task UUID: 3d2f7f43-ed76-405a-84bf-45ba5950480e). timeout: 0 concurrency: 4 concurrency_per_worker: 1 times: 10 concurrency_overhead: 0 processes_to_start: 4 max_cpu_used: 88
