2019-12-01 13:43:15.696 725 DEBUG glanceclient.common.http [-] Request returned failure status 404. _handle_response /usr/lib/python2.7/site-packages/glanceclient/common/http.py:125
2019-12-01 13:43:15.729 725 DEBUG glanceclient.common.http [-] Request returned failure status 404. _handle_response /usr/lib/python2.7/site-packages/glanceclient/common/http.py:125
2019-12-01 13:43:15.776 725 DEBUG glanceclient.common.http [-] Request returned failure status 404. _handle_response /usr/lib/python2.7/site-packages/glanceclient/common/http.py:125
2019-12-01 13:43:15.823 725 DEBUG glanceclient.common.http [-] Request returned failure status 404. _handle_response /usr/lib/python2.7/site-packages/glanceclient/common/http.py:125
2019-12-01 13:43:15.857 725 DEBUG glanceclient.common.http [-] Request returned failure status 404. _handle_response /usr/lib/python2.7/site-packages/glanceclient/common/http.py:125
2019-12-01 13:43:15.859 725 DEBUG glanceclient.common.http [-] Request returned failure status 404. _handle_response /usr/lib/python2.7/site-packages/glanceclient/common/http.py:125
2019-12-01 13:43:15.868 725 DEBUG glanceclient.common.http [-] Request returned failure status 404. _handle_response /usr/lib/python2.7/site-packages/glanceclient/common/http.py:125
2019-12-01 13:43:15.911 725 DEBUG glanceclient.common.http [-] Request returned failure status 404. _handle_response /usr/lib/python2.7/site-packages/glanceclient/common/http.py:125
2019-12-01 13:43:15.919 725 DEBUG glanceclient.common.http [-] Request returned failure status 404. _handle_response /usr/lib/python2.7/site-packages/glanceclient/common/http.py:125
2019-12-01 13:43:16.922 725 INFO rally.task.context [-] Task 3d2f7f43-ed76-405a-84bf-45ba5950480e | Context cleanup@openstack cleanup() finished in 33.10 sec
2019-12-01 13:43:16.923 725 INFO rally.task.context [-] Task 3d2f7f43-ed76-405a-84bf-45ba5950480e | Context quotas@openstack cleanup() started
2019-12-01 13:43:16.924 725 DEBUG novaclient.v2.client [-] REQ: curl -g -i -X DELETE http://compute-airship.intel-pod17.opnfv.org:80/v2/7b57845db68640ad89a0a3508f6db70e/os-quota-sets/11a280f0a1424ef4af794930e369582a -H "Accept: application/json" -H "User-Agent: python-novaclient" -H "X-Auth-Token: {SHA1}9a2c561f4eae6c7dd540ccd1e2eb651b2fcfe096" _http_log_request /usr/lib/python2.7/site-packages/keystoneauth1/session.py:448
2019-12-01 13:43:16.983 725 DEBUG novaclient.v2.client [-] RESP: [202] Connection: keep-alive Content-Length: 0 Content-Type: application/json Date: Sun, 01 Dec 2019 13:43:16 GMT X-Compute-Request-Id: req-6013eeaf-a0d9-4577-a4bf-0e4fb91c0df6 _http_log_response /usr/lib/python2.7/site-packages/keystoneauth1/session.py:479
2019-12-01 13:43:16.984 725 DEBUG novaclient.v2.client [-] DELETE call to compute for http://compute-airship.intel-pod17.opnfv.org:80/v2/7b57845db68640ad89a0a3508f6db70e/os-quota-sets/11a280f0a1424ef4af794930e369582a used request id req-6013eeaf-a0d9-4577-a4bf-0e4fb91c0df6 request /usr/lib/python2.7/site-packages/keystoneauth1/session.py:844
2019-12-01 13:43:16.985 725 DEBUG novaclient.v2.client [-] REQ: curl -g -i -X DELETE http://compute-airship.intel-pod17.opnfv.org:80/v2/7b57845db68640ad89a0a3508f6db70e/os-quota-sets/074fe51cbe514cc78efb64660ff02ec4 -H "Accept: application/json" -H "User-Agent: python-novaclient" -H "X-Auth-Token: {SHA1}9a2c561f4eae6c7dd540ccd1e2eb651b2fcfe096" _http_log_request /usr/lib/python2.7/site-packages/keystoneauth1/session.py:448
2019-12-01 13:43:17.058 725 DEBUG novaclient.v2.client [-] RESP: [202] Connection: keep-alive Content-Length: 0 Content-Type: application/json Date: Sun, 01 Dec 2019 13:43:17 GMT X-Compute-Request-Id: req-5a9de375-9aa9-4f7e-aeba-e524bd8f4a8c _http_log_response /usr/lib/python2.7/site-packages/keystoneauth1/session.py:479
2019-12-01 13:43:17.059 725 DEBUG novaclient.v2.client [-] DELETE call to compute for http://compute-airship.intel-pod17.opnfv.org:80/v2/7b57845db68640ad89a0a3508f6db70e/os-quota-sets/074fe51cbe514cc78efb64660ff02ec4 used request id req-5a9de375-9aa9-4f7e-aeba-e524bd8f4a8c request /usr/lib/python2.7/site-packages/keystoneauth1/session.py:844
2019-12-01 13:43:17.060 725 DEBUG novaclient.v2.client [-] REQ: curl -g -i -X DELETE http://compute-airship.intel-pod17.opnfv.org:80/v2/7b57845db68640ad89a0a3508f6db70e/os-quota-sets/866a633981b4485ca2806c75a7055cf7 -H "Accept: application/json" -H "User-Agent: python-novaclient" -H "X-Auth-Token: {SHA1}9a2c561f4eae6c7dd540ccd1e2eb651b2fcfe096" _http_log_request /usr/lib/python2.7/site-packages/keystoneauth1/session.py:448
2019-12-01 13:43:17.123 725 DEBUG novaclient.v2.client [-] RESP: [202] Connection: keep-alive Content-Length: 0 Content-Type: application/json Date: Sun, 01 Dec 2019 13:43:17 GMT X-Compute-Request-Id: req-e86a000d-e700-48a2-9aad-1ca301aa21cb _http_log_response /usr/lib/python2.7/site-packages/keystoneauth1/session.py:479
2019-12-01 13:43:17.123 725 DEBUG novaclient.v2.client [-] DELETE call to compute for http://compute-airship.intel-pod17.opnfv.org:80/v2/7b57845db68640ad89a0a3508f6db70e/os-quota-sets/866a633981b4485ca2806c75a7055cf7 used request id req-e86a000d-e700-48a2-9aad-1ca301aa21cb request /usr/lib/python2.7/site-packages/keystoneauth1/session.py:844
2019-12-01 13:43:17.124 725 INFO rally.task.context [-] Task 3d2f7f43-ed76-405a-84bf-45ba5950480e | Context quotas@openstack cleanup() finished in 0.20 sec
2019-12-01 13:43:17.124 725 INFO rally.task.context [-] Task 3d2f7f43-ed76-405a-84bf-45ba5950480e | Context users@openstack cleanup() started
2019-12-01 13:43:21.241 725 INFO rally.task.context [-] Task 3d2f7f43-ed76-405a-84bf-45ba5950480e | Context users@openstack cleanup() finished in 4.12 sec
2019-12-01 13:43:21.675 725 INFO rally.task.engine [-] Load duration is: 150.284805
2019-12-01 13:43:21.675 725 INFO rally.task.engine [-] Full runner duration is: 151.778436
2019-12-01 13:43:21.676 725 INFO rally.task.engine [-] Full duration is: 192.439799
2019-12-01 13:43:21.766 725 INFO rally.task.engine [-] Running workload: position = 0 config = { "version": 2, "title": "A cropped version of a bigger task.", "description": "Auto-generated task from a single workload (uuid=457d5360-2c15-4ff6-9e50-5ac3b4bb418d)", "subtasks": [ { "title": "GlanceImages.create_and_deactivate_image", "description": "Create an image, then deactivate it.", "scenario": { "GlanceImages.create_and_deactivate_image": { "container_format": "bare", "disk_format": "qcow2", "image_location": "/home/opnfv/functest/images/cirros-0.4.0-x86_64-disk.img" } }, "contexts": { "users": { "tenants": 3, "users_per_tenant": 2 } }, "runner": { "constant": { "concurrency": 4, "times": 10 } }, "hooks": [], "sla": { "failure_rate": { "max": 0 } } } ] }
2019-12-01 13:43:21.785 725 RALLYDEBUG rally_openstack.contexts.keystone.users [-] Creating 3 tenants using 20 threads
2019-12-01 13:43:22.367 725 RALLYDEBUG rally_openstack.contexts.keystone.users [-] Creating 6 users using 20 threads
2019-12-01 13:43:23.891 725 INFO rally.task.context [-] Task 3d2f7f43-ed76-405a-84bf-45ba5950480e | Context users@openstack setup() finished in 2.11 sec
2019-12-01 13:43:23.892 725 INFO rally.task.context [-] Task 3d2f7f43-ed76-405a-84bf-45ba5950480e | Context cleanup@openstack setup() finished in 0.02 msec
2019-12-01 13:43:23.903 725 RALLYDEBUG rally.task.runner [-] Starting the constant runner (task UUID: 3d2f7f43-ed76-405a-84bf-45ba5950480e). timeout: 0 concurrency: 4 concurrency_per_worker: 1 times: 10 concurrency_overhead: 0 processes_to_start: 4 max_cpu_used: 88
2019-12-01 13:43:23.917 1385 RALLYDEBUG rally.task.runner [-] Starting a worker. concurrency: 1 args: {"container_format": "bare", "disk_format": "qcow2", "image_location": "/home/opnfv/functest/images/cirros-0.4.0-x86_64-disk.img"} times: 10 method_name: run timeout: 0 duration: None cls:
2019-12-01 13:43:23.920 1386 RALLYDEBUG rally.task.runner [-] Starting a worker. concurrency: 1 args: {"container_format": "bare", "disk_format": "qcow2", "image_location": "/home/opnfv/functest/images/cirros-0.4.0-x86_64-disk.img"} times: 10 method_name: run timeout: 0 duration: None cls:
2019-12-01 13:43:23.923 1387 RALLYDEBUG rally.task.runner [-] Starting a worker. concurrency: 1 args: {"container_format": "bare", "disk_format": "qcow2", "image_location": "/home/opnfv/functest/images/cirros-0.4.0-x86_64-disk.img"} times: 10 method_name: run timeout: 0 duration: None cls:
2019-12-01 13:43:23.924 1385 INFO rally.task.runner [-] Task 3d2f7f43-ed76-405a-84bf-45ba5950480e | ITER: 1 START
2019-12-01 13:43:23.925 1388 RALLYDEBUG rally.task.runner [-] Starting a worker. concurrency: 1 args: {"container_format": "bare", "disk_format": "qcow2", "image_location": "/home/opnfv/functest/images/cirros-0.4.0-x86_64-disk.img"} times: 10 method_name: run timeout: 0 duration: None cls:
2019-12-01 13:43:23.927 1386 INFO rally.task.runner [-] Task 3d2f7f43-ed76-405a-84bf-45ba5950480e | ITER: 2 START
2019-12-01 13:43:23.930 1387 INFO rally.task.runner [-] Task 3d2f7f43-ed76-405a-84bf-45ba5950480e | ITER: 3 START
2019-12-01 13:43:23.933 1388 INFO rally.task.runner [-] Task 3d2f7f43-ed76-405a-84bf-45ba5950480e | ITER: 4 START
2019-12-01 13:43:26.905 1385 RALLYDEBUG rally.task.utils [-] Waiting for resource u'95f1505e-5051-4192-bf77-4a44a8868408'. Status changed: NONE => QUEUED in 0.135434865952
2019-12-01 13:43:27.189 1386 RALLYDEBUG rally.task.utils [-] Waiting for resource u'320e77d6-d282-429c-b5a4-72796a8fc346'. Status changed: NONE => QUEUED in 0.0934550762177
2019-12-01 13:43:27.215 1387 RALLYDEBUG rally.task.utils [-] Waiting for resource u'f8d7a090-caf7-4508-806b-2c089b7bc739'. Status changed: NONE => QUEUED in 0.113559007645
2019-12-01 13:43:27.255 1388 RALLYDEBUG rally.task.utils [-] Waiting for resource u'dca06e5f-9755-424b-9d96-431ed5162d24'. Status changed: NONE => QUEUED in 0.0889160633087
2019-12-01 13:43:28.044 1385 RALLYDEBUG rally.task.utils [-] Waiting for resource s_rally_457d5360_xcOQc0uc. Status changed: QUEUED => ACTIVE in 0.0397958755493
2019-12-01 13:43:28.170 1385 INFO rally.task.runner [-] Task 3d2f7f43-ed76-405a-84bf-45ba5950480e | ITER: 1 END: OK
2019-12-01 13:43:28.175 1385 INFO rally.task.runner [-] Task 3d2f7f43-ed76-405a-84bf-45ba5950480e | ITER: 5 START
2019-12-01 13:43:28.865 1388 RALLYDEBUG rally.task.utils [-] Waiting for resource s_rally_457d5360_oQHsO8ZR. Status changed: QUEUED => ACTIVE in 0.0543828010559
2019-12-01 13:43:28.875 1386 RALLYDEBUG rally.task.utils [-] Waiting for resource s_rally_457d5360_UwNDyoOr. Status changed: QUEUED => ACTIVE in 0.056391954422
2019-12-01 13:43:28.879 1387 RALLYDEBUG rally.task.utils [-] Waiting for resource s_rally_457d5360_oZWvCERo. Status changed: QUEUED => ACTIVE in 0.0589690208435
2019-12-01 13:43:28.976 1388 INFO rally.task.runner [-] Task 3d2f7f43-ed76-405a-84bf-45ba5950480e | ITER: 4 END: OK
2019-12-01 13:43:28.981 1388 INFO rally.task.runner [-] Task 3d2f7f43-ed76-405a-84bf-45ba5950480e | ITER: 6 START
2019-12-01 13:43:29.042 1386 INFO rally.task.runner [-] Task 3d2f7f43-ed76-405a-84bf-45ba5950480e | ITER: 2 END: OK
2019-12-01 13:43:29.047 1386 INFO rally.task.runner [-] Task 3d2f7f43-ed76-405a-84bf-45ba5950480e | ITER: 7 START
2019-12-01 13:43:29.061 1387 INFO rally.task.runner [-] Task 3d2f7f43-ed76-405a-84bf-45ba5950480e | ITER: 3 END: OK
2019-12-01 13:43:29.066 1387 INFO rally.task.runner [-] Task 3d2f7f43-ed76-405a-84bf-45ba5950480e | ITER: 8 START
2019-12-01 13:43:30.897 1385 RALLYDEBUG rally.task.utils [-] Waiting for resource u'48a6fb8d-88bf-45f4-8b54-53a2fea47b2d'. Status changed: NONE => QUEUED in 0.0769240856171
2019-12-01 13:43:31.436 1388 RALLYDEBUG rally.task.utils [-] Waiting for resource u'd2654f0b-b68e-44f6-8aef-1a2eb5333984'. Status changed: NONE => QUEUED in 0.0796909332275
2019-12-01 13:43:31.725 1386 RALLYDEBUG rally.task.utils [-] Waiting for resource u'1b6fb492-b3e7-4440-a37f-71d2eef64d06'. Status changed: NONE => QUEUED in 0.0730369091034
2019-12-01 13:43:31.947 1387 RALLYDEBUG rally.task.utils [-] Waiting for resource u'b03ae0e1-57c3-4c3a-b023-b04384d65c4c'. Status changed: NONE => QUEUED in 0.0916619300842
2019-12-01 13:43:31.994 1385 RALLYDEBUG rally.task.utils [-] Waiting for resource s_rally_457d5360_L7mwDIHB. Status changed: QUEUED => ACTIVE in 0.043377161026
2019-12-01 13:43:32.123 1385 INFO rally.task.runner [-] Task 3d2f7f43-ed76-405a-84bf-45ba5950480e | ITER: 5 END: OK
2019-12-01 13:43:32.127 1385 INFO rally.task.runner [-] Task 3d2f7f43-ed76-405a-84bf-45ba5950480e | ITER: 9 START
2019-12-01 13:43:32.484 1388 RALLYDEBUG rally.task.utils [-] Waiting for resource s_rally_457d5360_NyOttVfb. Status changed: QUEUED => ACTIVE in 0.0459251403809
2019-12-01 13:43:32.603 1388 INFO rally.task.runner [-] Task 3d2f7f43-ed76-405a-84bf-45ba5950480e | ITER: 6 END: OK
2019-12-01 13:43:32.608 1388 INFO rally.task.runner [-] Task 3d2f7f43-ed76-405a-84bf-45ba5950480e | ITER: 10 START
2019-12-01 13:43:32.991 1386 RALLYDEBUG rally.task.utils [-] Waiting for resource s_rally_457d5360_MPb6G7dK. Status changed: QUEUED => ACTIVE in 0.0636370182037
2019-12-01 13:43:33.091 1387 RALLYDEBUG rally.task.utils [-] Waiting for resource s_rally_457d5360_v1uVIcPh. Status changed: QUEUED => ACTIVE in 0.0662920475006
2019-12-01 13:43:33.142 1386 INFO rally.task.runner [-] Task 3d2f7f43-ed76-405a-84bf-45ba5950480e | ITER: 7 END: OK
2019-12-01 13:43:33.208 1387 INFO rally.task.runner [-] Task 3d2f7f43-ed76-405a-84bf-45ba5950480e | ITER: 8 END: OK
2019-12-01 13:43:34.805 1385 RALLYDEBUG rally.task.utils [-] Waiting for resource u'282bd4d6-b5dd-4617-9cd9-a5bf41d598d0'. Status changed: NONE => QUEUED in 0.0762689113617
2019-12-01 13:43:35.137 1388 RALLYDEBUG rally.task.utils [-] Waiting for resource u'6c762ffe-6e7a-4c73-8ea9-34a6f4e9d775'. Status changed: NONE => QUEUED in 0.0717279911041
2019-12-01 13:43:35.819 1385 RALLYDEBUG rally.task.utils [-] Waiting for resource s_rally_457d5360_CxDbe3Ps. Status changed: QUEUED => ACTIVE in 0.0359890460968
2019-12-01 13:43:35.936 1385 INFO rally.task.runner [-] Task 3d2f7f43-ed76-405a-84bf-45ba5950480e | ITER: 9 END: OK
2019-12-01 13:43:36.126 1388 RALLYDEBUG rally.task.utils [-] Waiting for resource s_rally_457d5360_6pSYBu19. Status changed: QUEUED => ACTIVE in 0.0471699237823
2019-12-01 13:43:36.259 1388 INFO rally.task.runner [-] Task 3d2f7f43-ed76-405a-84bf-45ba5950480e | ITER: 10 END: OK
2019-12-01 13:43:36.287 725 INFO rally.task.context [-] Task 3d2f7f43-ed76-405a-84bf-45ba5950480e | Context cleanup@openstack cleanup() started
2019-12-01 13:43:36.290 725 RALLYDEBUG rally_openstack.cleanup.manager [-] Cleaning up glance images objects
2019-12-01 13:43:37.294 725 RALLYDEBUG rally_openstack.cleanup.manager [-] Deleting glance.images object s_rally_457d5360_v1uVIcPh (b03ae0e1-57c3-4c3a-b023-b04384d65c4c)
2019-12-01 13:43:37.296 725 RALLYDEBUG rally_openstack.cleanup.manager [-] Deleting glance.images object s_rally_457d5360_xcOQc0uc (95f1505e-5051-4192-bf77-4a44a8868408)
2019-12-01 13:43:37.305 725 RALLYDEBUG rally_openstack.cleanup.manager [-] Deleting glance.images object s_rally_457d5360_CxDbe3Ps (282bd4d6-b5dd-4617-9cd9-a5bf41d598d0)
2019-12-01 13:43:37.308 725 RALLYDEBUG rally_openstack.cleanup.manager [-] Deleting glance.images object s_rally_457d5360_NyOttVfb (d2654f0b-b68e-44f6-8aef-1a2eb5333984)
2019-12-01 13:43:37.313 725 RALLYDEBUG rally_openstack.cleanup.manager [-] Deleting glance.images object s_rally_457d5360_oQHsO8ZR (dca06e5f-9755-424b-9d96-431ed5162d24)
2019-12-01 13:43:37.329 725 RALLYDEBUG rally_openstack.cleanup.manager [-] Deleting glance.images object s_rally_457d5360_MPb6G7dK (1b6fb492-b3e7-4440-a37f-71d2eef64d06)
2019-12-01 13:43:37.340 725 RALLYDEBUG rally_openstack.cleanup.manager [-] Deleting glance.images object s_rally_457d5360_L7mwDIHB (48a6fb8d-88bf-45f4-8b54-53a2fea47b2d)
2019-12-01 13:43:37.345 725 RALLYDEBUG rally_openstack.cleanup.manager [-] Deleting glance.images object s_rally_457d5360_oZWvCERo (f8d7a090-caf7-4508-806b-2c089b7bc739)
2019-12-01 13:43:37.351 725 RALLYDEBUG rally_openstack.cleanup.manager [-] Deleting glance.images object s_rally_457d5360_UwNDyoOr (320e77d6-d282-429c-b5a4-72796a8fc346)
2019-12-01 13:43:37.353 725 RALLYDEBUG rally_openstack.cleanup.manager [-] Deleting glance.images object s_rally_457d5360_6pSYBu19 (6c762ffe-6e7a-4c73-8ea9-34a6f4e9d775)
2019-12-01 13:43:38.682 725 DEBUG glanceclient.common.http [-] Request returned failure status 404. _handle_response /usr/lib/python2.7/site-packages/glanceclient/common/http.py:125
2019-12-01 13:43:38.734 725 DEBUG glanceclient.common.http [-] Request returned failure status 404. _handle_response /usr/lib/python2.7/site-packages/glanceclient/common/http.py:125
2019-12-01 13:43:39.054 725 DEBUG glanceclient.common.http [-] Request returned failure status 404. _handle_response /usr/lib/python2.7/site-packages/glanceclient/common/http.py:125
2019-12-01 13:43:39.133 725 DEBUG glanceclient.common.http [-] Request returned failure status 404. _handle_response /usr/lib/python2.7/site-packages/glanceclient/common/http.py:125
2019-12-01 13:43:39.189 725 DEBUG glanceclient.common.http [-] Request returned failure status 404. _handle_response /usr/lib/python2.7/site-packages/glanceclient/common/http.py:125
2019-12-01 13:43:39.242 725 DEBUG glanceclient.common.http [-] Request returned failure status 404. _handle_response /usr/lib/python2.7/site-packages/glanceclient/common/http.py:125
2019-12-01 13:43:39.248 725 DEBUG glanceclient.common.http [-] Request returned failure status 404. _handle_response /usr/lib/python2.7/site-packages/glanceclient/common/http.py:125
2019-12-01 13:43:39.289 725 DEBUG glanceclient.common.http [-] Request returned failure status 404. _handle_response /usr/lib/python2.7/site-packages/glanceclient/common/http.py:125
2019-12-01 13:43:39.291 725 DEBUG glanceclient.common.http [-] Request returned failure status 404. _handle_response /usr/lib/python2.7/site-packages/glanceclient/common/http.py:125
2019-12-01 13:43:39.298 725 DEBUG glanceclient.common.http [-] Request returned failure status 404. _handle_response /usr/lib/python2.7/site-packages/glanceclient/common/http.py:125
2019-12-01 13:43:39.327 725 DEBUG glanceclient.common.http [-] Request returned failure status 404. _handle_response /usr/lib/python2.7/site-packages/glanceclient/common/http.py:125
2019-12-01 13:43:39.353 725 DEBUG glanceclient.common.http [-] Request returned failure status 404. _handle_response /usr/lib/python2.7/site-packages/glanceclient/common/http.py:125
2019-12-01 13:43:39.358 725 DEBUG glanceclient.common.http [-] Request returned failure status 404. _handle_response /usr/lib/python2.7/site-packages/glanceclient/common/http.py:125
2019-12-01 13:43:39.394 725 DEBUG glanceclient.common.http [-] Request returned failure status 404. _handle_response /usr/lib/python2.7/site-packages/glanceclient/common/http.py:125
2019-12-01 13:43:39.665 725 DEBUG glanceclient.common.http [-] Request returned failure status 404. _handle_response /usr/lib/python2.7/site-packages/glanceclient/common/http.py:125
2019-12-01 13:43:39.712 725 DEBUG glanceclient.common.http [-] Request returned failure status 404. _handle_response /usr/lib/python2.7/site-packages/glanceclient/common/http.py:125
2019-12-01 13:43:39.714 725 DEBUG glanceclient.common.http [-] Request returned failure status 404. _handle_response /usr/lib/python2.7/site-packages/glanceclient/common/http.py:125
2019-12-01 13:43:39.720 725 DEBUG glanceclient.common.http [-] Request returned failure status 404. _handle_response /usr/lib/python2.7/site-packages/glanceclient/common/http.py:125
2019-12-01 13:43:39.764 725 DEBUG glanceclient.common.http [-] Request returned failure status 404. _handle_response /usr/lib/python2.7/site-packages/glanceclient/common/http.py:125
2019-12-01 13:43:39.766 725 DEBUG glanceclient.common.http [-] Request returned failure status 404. _handle_response /usr/lib/python2.7/site-packages/glanceclient/common/http.py:125
2019-12-01 13:43:40.769 725 INFO rally.task.context [-] Task 3d2f7f43-ed76-405a-84bf-45ba5950480e | Context cleanup@openstack cleanup() finished in 4.48 sec
2019-12-01 13:43:40.769 725 INFO rally.task.context [-] Task 3d2f7f43-ed76-405a-84bf-45ba5950480e | Context users@openstack cleanup() started
2019-12-01 13:43:44.859 725 INFO rally.task.context [-] Task 3d2f7f43-ed76-405a-84bf-45ba5950480e | Context users@openstack cleanup() finished in 4.09 sec
2019-12-01 13:43:45.908 725 INFO rally.task.engine [-] Load duration is: 11.773972
2019-12-01 13:43:45.908 725 INFO rally.task.engine [-] Full runner duration is: 12.384413
2019-12-01 13:43:45.909 725 INFO rally.task.engine [-] Full duration is: 23.076323
2019-12-01 13:43:45.995 725 INFO rally.task.engine [-] Running workload: position = 0 config = { "version": 2, "title": "A cropped version of a bigger task.", "description": "Auto-generated task from a single workload (uuid=271eaced-b978-4d59-85e4-d815f9198de0)", "subtasks": [ { "title": "GlanceImages.create_and_download_image", "description": "Create an image, then download data of the image.", "scenario": { "GlanceImages.create_and_download_image": { "container_format": "bare", "disk_format": "qcow2", "image_location": "/home/opnfv/functest/images/cirros-0.4.0-x86_64-disk.img" } }, "contexts": { "users": { "tenants": 3, "users_per_tenant": 2 } }, "runner": { "constant": { "concurrency": 4, "times": 10 } }, "hooks": [], "sla": { "failure_rate": { "max": 0 } } } ] }
2019-12-01 13:43:46.009 725 RALLYDEBUG rally_openstack.contexts.keystone.users [-] Creating 3 tenants using 20 threads
2019-12-01 13:43:46.561 725 RALLYDEBUG rally_openstack.contexts.keystone.users [-] Creating 6 users using 20 threads
2019-12-01 13:43:47.839 725 INFO rally.task.context [-] Task 3d2f7f43-ed76-405a-84bf-45ba5950480e | Context users@openstack setup() finished in 1.83 sec
2019-12-01 13:43:47.839 725 INFO rally.task.context [-] Task 3d2f7f43-ed76-405a-84bf-45ba5950480e | Context cleanup@openstack setup() finished in 0.02 msec
2019-12-01 13:43:47.849 725 RALLYDEBUG rally.task.runner [-] Starting the constant runner (task UUID: 3d2f7f43-ed76-405a-84bf-45ba5950480e). timeout: 0 concurrency: 4 concurrency_per_worker: 1 times: 10 concurrency_overhead: 0 processes_to_start: 4 max_cpu_used: 88
2019-12-01 13:43:47.862 1509 RALLYDEBUG rally.task.runner [-] Starting a worker. concurrency: 1 args: {"container_format": "bare", "disk_format": "qcow2", "image_location": "/home/opnfv/functest/images/cirros-0.4.0-x86_64-disk.img"} times: 10 method_name: run timeout: 0 duration: None cls:
2019-12-01 13:43:47.865 1510 RALLYDEBUG rally.task.runner [-] Starting a worker. concurrency: 1 args: {"container_format": "bare", "disk_format": "qcow2", "image_location": "/home/opnfv/functest/images/cirros-0.4.0-x86_64-disk.img"} times: 10 method_name: run timeout: 0 duration: None cls:
2019-12-01 13:43:47.868 1511 RALLYDEBUG rally.task.runner [-] Starting a worker. concurrency: 1 args: {"container_format": "bare", "disk_format": "qcow2", "image_location": "/home/opnfv/functest/images/cirros-0.4.0-x86_64-disk.img"} times: 10 method_name: run timeout: 0 duration: None cls:
2019-12-01 13:43:47.870 1509 INFO rally.task.runner [-] Task 3d2f7f43-ed76-405a-84bf-45ba5950480e | ITER: 1 START
2019-12-01 13:43:47.871 1512 RALLYDEBUG rally.task.runner [-] Starting a worker. concurrency: 1 args: {"container_format": "bare", "disk_format": "qcow2", "image_location": "/home/opnfv/functest/images/cirros-0.4.0-x86_64-disk.img"} times: 10 method_name: run timeout: 0 duration: None cls:
2019-12-01 13:43:47.873 1510 INFO rally.task.runner [-] Task 3d2f7f43-ed76-405a-84bf-45ba5950480e | ITER: 2 START
2019-12-01 13:43:47.875 1511 INFO rally.task.runner [-] Task 3d2f7f43-ed76-405a-84bf-45ba5950480e | ITER: 3 START
2019-12-01 13:43:47.878 1512 INFO rally.task.runner [-] Task 3d2f7f43-ed76-405a-84bf-45ba5950480e | ITER: 4 START
2019-12-01 13:43:50.734 1509 RALLYDEBUG rally.task.utils [-] Waiting for resource u'0a751cc9-10ae-4c1a-88e8-d72777d0ad1b'. Status changed: NONE => QUEUED in 0.0978620052338
2019-12-01 13:43:50.738 1511 RALLYDEBUG rally.task.utils [-] Waiting for resource u'7e48b522-e8a9-4c31-b517-e0230c874247'. Status changed: NONE => QUEUED in 0.0842480659485
2019-12-01 13:43:50.774 1510 RALLYDEBUG rally.task.utils [-] Waiting for resource u'69e55658-50aa-422c-a981-7109b264a598'. Status changed: NONE => QUEUED in 0.100216150284
2019-12-01 13:43:50.779 1512 RALLYDEBUG rally.task.utils [-] Waiting for resource u'81ba4a31-0617-4775-9045-33772eb3eedd'. Status changed: NONE => QUEUED in 0.0825009346008
2019-12-01 13:43:52.228 1510 RALLYDEBUG rally.task.utils [-] Waiting for resource s_rally_271eaced_asJPHf9K. Status changed: QUEUED => ACTIVE in 0.0777010917664
2019-12-01 13:43:52.243 1512 RALLYDEBUG rally.task.utils [-] Waiting for resource s_rally_271eaced_u9dx0hh5. Status changed: QUEUED => ACTIVE in 0.0525920391083
2019-12-01 13:43:52.298 1509 RALLYDEBUG rally.task.utils [-] Waiting for resource s_rally_271eaced_RuF3CGkn. Status changed: QUEUED => ACTIVE in 0.0873141288757
2019-12-01 13:43:52.332 1511 RALLYDEBUG rally.task.utils [-] Waiting for resource s_rally_271eaced_87Mv87Qg. Status changed: QUEUED => ACTIVE in 0.0542418956757
2019-12-01 13:43:52.722 1512 INFO rally.task.runner [-] Task 3d2f7f43-ed76-405a-84bf-45ba5950480e | ITER: 4 END: OK
2019-12-01 13:43:52.727 1512 INFO rally.task.runner [-] Task 3d2f7f43-ed76-405a-84bf-45ba5950480e | ITER: 5 START
2019-12-01 13:43:52.743 1510 INFO rally.task.runner [-] Task 3d2f7f43-ed76-405a-84bf-45ba5950480e | ITER: 2 END: OK
2019-12-01 13:43:52.748 1510 INFO rally.task.runner [-] Task 3d2f7f43-ed76-405a-84bf-45ba5950480e | ITER: 6 START
2019-12-01 13:43:52.754 1509 INFO rally.task.runner [-] Task 3d2f7f43-ed76-405a-84bf-45ba5950480e | ITER: 1 END: OK
2019-12-01 13:43:52.759 1509 INFO rally.task.runner [-] Task 3d2f7f43-ed76-405a-84bf-45ba5950480e | ITER: 7 START
2019-12-01 13:43:52.859 1511 INFO rally.task.runner [-] Task 3d2f7f43-ed76-405a-84bf-45ba5950480e | ITER: 3 END: OK
2019-12-01 13:43:52.864 1511 INFO rally.task.runner [-] Task 3d2f7f43-ed76-405a-84bf-45ba5950480e | ITER: 8 START
2019-12-01 13:43:55.404 1512 RALLYDEBUG rally.task.utils [-] Waiting for resource u'5646ae11-ce23-4be1-88b3-abd4c54ff9c9'. Status changed: NONE => QUEUED in 0.0789308547974
2019-12-01 13:43:55.914 1509 RALLYDEBUG rally.task.utils [-] Waiting for resource u'9f3210e2-5fe0-462f-b63f-c8b03e56b201'. Status changed: NONE => QUEUED in 0.091274023056
2019-12-01 13:43:55.915 1510 RALLYDEBUG rally.task.utils [-] Waiting for resource u'4ccbec84-68af-4d4c-9868-10ffd0da62ec'. Status changed: NONE => QUEUED in 0.0808808803558
2019-12-01 13:43:56.004 1511 RALLYDEBUG rally.task.utils [-] Waiting for resource u'4b8bfa37-443e-4fd9-8476-5b053b097008'. Status changed: NONE => QUEUED in 0.0799880027771
2019-12-01 13:43:56.532 1512 RALLYDEBUG rally.task.utils [-] Waiting for resource s_rally_271eaced_eLgGWjYc. Status changed: QUEUED => ACTIVE in 0.0448098182678
2019-12-01 13:43:56.939 1512 INFO rally.task.runner [-] Task 3d2f7f43-ed76-405a-84bf-45ba5950480e | ITER: 5 END: OK
2019-12-01 13:43:56.944 1512 INFO rally.task.runner [-] Task 3d2f7f43-ed76-405a-84bf-45ba5950480e | ITER: 9 START
2019-12-01 13:43:57.309 1511 RALLYDEBUG rally.task.utils [-] Waiting for resource s_rally_271eaced_F1fkHe6V. Status changed: QUEUED => ACTIVE in 0.0747559070587
2019-12-01 13:43:57.406 1509 RALLYDEBUG rally.task.utils [-] Waiting for resource s_rally_271eaced_YJeTJSZc. Status changed: QUEUED => ACTIVE in 0.0671889781952
2019-12-01 13:43:57.408 1510 RALLYDEBUG rally.task.utils [-] Waiting for resource s_rally_271eaced_DLPsY6AC. Status changed: QUEUED => ACTIVE in 0.0482828617096
2019-12-01 13:43:57.659 1511 INFO rally.task.runner [-] Task 3d2f7f43-ed76-405a-84bf-45ba5950480e | ITER: 8 END: OK
2019-12-01 13:43:57.664 1511 INFO rally.task.runner [-] Task 3d2f7f43-ed76-405a-84bf-45ba5950480e | ITER: 10 START
2019-12-01 13:43:57.872 1509 INFO rally.task.runner [-] Task 3d2f7f43-ed76-405a-84bf-45ba5950480e | ITER: 7 END: OK
2019-12-01 13:43:57.961 1510 INFO rally.task.runner [-] Task 3d2f7f43-ed76-405a-84bf-45ba5950480e | ITER: 6 END: OK
2019-12-01 13:43:59.460 1512 RALLYDEBUG rally.task.utils [-] Waiting for resource u'2834fe22-ec20-4920-968b-85961742ccfe'. Status changed: NONE => QUEUED in 0.0727920532227
2019-12-01 13:44:00.150 1511 RALLYDEBUG rally.task.utils [-] Waiting for resource u'd96635ea-0734-48e8-aae5-6167bb6b1973'. Status changed: NONE => QUEUED in 0.0528590679169
2019-12-01 13:44:00.400 1512 RALLYDEBUG rally.task.utils [-] Waiting for resource s_rally_271eaced_RkcE8IFF. Status changed: QUEUED => ACTIVE in 0.043829202652
2019-12-01 13:44:00.764 1512 INFO rally.task.runner [-] Task 3d2f7f43-ed76-405a-84bf-45ba5950480e | ITER: 9 END: OK
2019-12-01 13:44:01.152 1511 RALLYDEBUG rally.task.utils [-] Waiting for resource s_rally_271eaced_h2bnZx4F. Status changed: QUEUED => ACTIVE in 0.0513579845428
2019-12-01 13:44:01.481 1511 INFO rally.task.runner [-] Task 3d2f7f43-ed76-405a-84bf-45ba5950480e | ITER: 10 END: OK
2019-12-01 13:44:01.507 725 INFO rally.task.context [-] Task 3d2f7f43-ed76-405a-84bf-45ba5950480e | Context cleanup@openstack cleanup() started
2019-12-01 13:44:01.510 725 RALLYDEBUG rally_openstack.cleanup.manager [-] Cleaning up glance images objects
2019-12-01 13:44:02.665 725 RALLYDEBUG rally_openstack.cleanup.manager [-] Deleting glance.images object s_rally_271eaced_F1fkHe6V (4b8bfa37-443e-4fd9-8476-5b053b097008)
2019-12-01 13:44:02.672 725 RALLYDEBUG rally_openstack.cleanup.manager [-] Deleting glance.images object s_rally_271eaced_RkcE8IFF (2834fe22-ec20-4920-968b-85961742ccfe)
2019-12-01 13:44:02.678 725 RALLYDEBUG rally_openstack.cleanup.manager [-] Deleting glance.images object s_rally_271eaced_u9dx0hh5 (81ba4a31-0617-4775-9045-33772eb3eedd)
2019-12-01 13:44:02.682 725 RALLYDEBUG rally_openstack.cleanup.manager [-] Deleting glance.images object s_rally_271eaced_h2bnZx4F (d96635ea-0734-48e8-aae5-6167bb6b1973)
2019-12-01 13:44:02.682 725 RALLYDEBUG rally_openstack.cleanup.manager [-] Deleting glance.images object s_rally_271eaced_YJeTJSZc (9f3210e2-5fe0-462f-b63f-c8b03e56b201)
2019-12-01 13:44:02.693 725 RALLYDEBUG rally_openstack.cleanup.manager [-] Deleting glance.images object s_rally_271eaced_RuF3CGkn (0a751cc9-10ae-4c1a-88e8-d72777d0ad1b)
2019-12-01 13:44:02.694 725 RALLYDEBUG rally_openstack.cleanup.manager [-] Deleting glance.images object s_rally_271eaced_87Mv87Qg (7e48b522-e8a9-4c31-b517-e0230c874247)
2019-12-01 13:44:02.742 725 RALLYDEBUG rally_openstack.cleanup.manager [-] Deleting glance.images object s_rally_271eaced_eLgGWjYc (5646ae11-ce23-4be1-88b3-abd4c54ff9c9)
2019-12-01 13:44:02.760 725 RALLYDEBUG rally_openstack.cleanup.manager [-] Deleting glance.images object s_rally_271eaced_asJPHf9K (69e55658-50aa-422c-a981-7109b264a598)
2019-12-01 13:44:02.783 725 RALLYDEBUG rally_openstack.cleanup.manager [-] Deleting glance.images object s_rally_271eaced_DLPsY6AC (4ccbec84-68af-4d4c-9868-10ffd0da62ec)
2019-12-01 13:44:04.482 725 DEBUG glanceclient.common.http [-] Request returned failure status 404. _handle_response /usr/lib/python2.7/site-packages/glanceclient/common/http.py:125
2019-12-01 13:44:04.520 725 DEBUG glanceclient.common.http [-] Request returned failure status 404. _handle_response /usr/lib/python2.7/site-packages/glanceclient/common/http.py:125
2019-12-01 13:44:04.573 725 DEBUG glanceclient.common.http [-] Request returned failure status 404. _handle_response /usr/lib/python2.7/site-packages/glanceclient/common/http.py:125
2019-12-01 13:44:04.619 725 DEBUG glanceclient.common.http [-] Request returned failure status 404. _handle_response /usr/lib/python2.7/site-packages/glanceclient/common/http.py:125
2019-12-01 13:44:04.689 725 DEBUG glanceclient.common.http [-] Request returned failure status 404. _handle_response /usr/lib/python2.7/site-packages/glanceclient/common/http.py:125
2019-12-01 13:44:04.692 725 DEBUG glanceclient.common.http [-] Request returned failure status 404. _handle_response /usr/lib/python2.7/site-packages/glanceclient/common/http.py:125
2019-12-01 13:44:04.740 725 DEBUG glanceclient.common.http [-] Request returned failure status 404. _handle_response /usr/lib/python2.7/site-packages/glanceclient/common/http.py:125
2019-12-01 13:44:04.744 725 DEBUG glanceclient.common.http [-] Request returned failure status 404. _handle_response /usr/lib/python2.7/site-packages/glanceclient/common/http.py:125
2019-12-01 13:44:04.757 725 DEBUG glanceclient.common.http [-] Request returned failure status 404. _handle_response /usr/lib/python2.7/site-packages/glanceclient/common/http.py:125
2019-12-01 13:44:04.828 725 DEBUG glanceclient.common.http [-] Request returned failure status 404. _handle_response /usr/lib/python2.7/site-packages/glanceclient/common/http.py:125
2019-12-01 13:44:04.893 725 DEBUG glanceclient.common.http [-] Request returned failure status 404. _handle_response /usr/lib/python2.7/site-packages/glanceclient/common/http.py:125
2019-12-01 13:44:04.932 725 DEBUG glanceclient.common.http [-] Request returned failure status 404. _handle_response /usr/lib/python2.7/site-packages/glanceclient/common/http.py:125
2019-12-01 13:44:04.937 725 DEBUG glanceclient.common.http [-] Request returned failure status 404. _handle_response /usr/lib/python2.7/site-packages/glanceclient/common/http.py:125
2019-12-01 13:44:04.970 725 DEBUG glanceclient.common.http [-] Request returned failure status 404. _handle_response /usr/lib/python2.7/site-packages/glanceclient/common/http.py:125
2019-12-01 13:44:05.014 725 DEBUG glanceclient.common.http [-] Request returned failure status 404. _handle_response /usr/lib/python2.7/site-packages/glanceclient/common/http.py:125
2019-12-01 13:44:05.021 725 DEBUG glanceclient.common.http [-] Request returned failure status 404. _handle_response /usr/lib/python2.7/site-packages/glanceclient/common/http.py:125
2019-12-01 13:44:05.037 725 DEBUG glanceclient.common.http [-] Request returned failure status 404. _handle_response /usr/lib/python2.7/site-packages/glanceclient/common/http.py:125
2019-12-01 13:44:05.053 725 DEBUG glanceclient.common.http [-] Request returned failure status 404. _handle_response /usr/lib/python2.7/site-packages/glanceclient/common/http.py:125
2019-12-01 13:44:05.067 725 DEBUG glanceclient.common.http [-] Request returned failure status 404. _handle_response /usr/lib/python2.7/site-packages/glanceclient/common/http.py:125
2019-12-01 13:44:05.078 725 DEBUG glanceclient.common.http [-] Request returned failure status 404. _handle_response /usr/lib/python2.7/site-packages/glanceclient/common/http.py:125
2019-12-01 13:44:06.081 725 INFO rally.task.context [-] Task 3d2f7f43-ed76-405a-84bf-45ba5950480e | Context cleanup@openstack cleanup() finished in 4.57 sec
2019-12-01 13:44:06.082 725 INFO rally.task.context [-] Task 3d2f7f43-ed76-405a-84bf-45ba5950480e | Context users@openstack cleanup() started
2019-12-01 13:44:10.523 725 INFO rally.task.context [-] Task 3d2f7f43-ed76-405a-84bf-45ba5950480e | Context users@openstack cleanup() finished in 4.44 sec
2019-12-01 13:44:12.135 725 INFO rally.task.engine [-] Load duration is: 13.155447
2019-12-01 13:44:12.135 725 INFO rally.task.engine [-] Full runner duration is: 13.658076
2019-12-01 13:44:12.136 725 INFO rally.task.engine [-] Full duration is: 24.516193
2019-12-01 13:44:12.227 725 INFO rally.task.engine [-] Running workload: position = 0 config = { "version": 2, "title": "A cropped version of a bigger task.", "description": "Auto-generated task from a single workload (uuid=14ad20a8-5300-4338-8def-3cba0c56a353)", "subtasks": [ { "title": "GlanceImages.create_and_get_image", "description": "Create and get detailed information of an image.", "scenario": { "GlanceImages.create_and_get_image": { "container_format": "bare", "disk_format": "qcow2", "image_location": "/home/opnfv/functest/images/cirros-0.4.0-x86_64-disk.img" } }, "contexts": { "users": { "tenants": 3, "users_per_tenant": 2 } }, "runner": { "constant": { "concurrency": 4, "times": 10 } }, "hooks": [], "sla": { "failure_rate": { "max": 0 } } } ] }
2019-12-01 13:44:12.245 725 RALLYDEBUG rally_openstack.contexts.keystone.users [-] Creating 3 tenants using 20 threads
2019-12-01 13:44:12.816 725 RALLYDEBUG rally_openstack.contexts.keystone.users [-] Creating 6 users using 20 threads
2019-12-01 13:44:14.064 725 INFO rally.task.context [-] Task 3d2f7f43-ed76-405a-84bf-45ba5950480e | Context users@openstack setup() finished in 1.82 sec
2019-12-01 13:44:14.065 725 INFO rally.task.context [-] Task 3d2f7f43-ed76-405a-84bf-45ba5950480e | Context cleanup@openstack setup() finished in 0.01 msec
2019-12-01 13:44:14.075 725 RALLYDEBUG rally.task.runner [-] Starting the constant runner (task UUID: 3d2f7f43-ed76-405a-84bf-45ba5950480e). timeout: 0 concurrency: 4 concurrency_per_worker: 1 times: 10 concurrency_overhead: 0 processes_to_start: 4 max_cpu_used: 88
2019-12-01 13:44:14.090 1633 RALLYDEBUG rally.task.runner [-] Starting a worker. concurrency: 1 args: {"container_format": "bare", "disk_format": "qcow2", "image_location": "/home/opnfv/functest/images/cirros-0.4.0-x86_64-disk.img"} times: 10 method_name: run timeout: 0 duration: None cls:
2019-12-01 13:44:14.093 1634 RALLYDEBUG rally.task.runner [-] Starting a worker. concurrency: 1 args: {"container_format": "bare", "disk_format": "qcow2", "image_location": "/home/opnfv/functest/images/cirros-0.4.0-x86_64-disk.img"} times: 10 method_name: run timeout: 0 duration: None cls:
2019-12-01 13:44:14.095 1635 RALLYDEBUG rally.task.runner [-] Starting a worker. concurrency: 1 args: {"container_format": "bare", "disk_format": "qcow2", "image_location": "/home/opnfv/functest/images/cirros-0.4.0-x86_64-disk.img"} times: 10 method_name: run timeout: 0 duration: None cls:
2019-12-01 13:44:14.097 1633 INFO rally.task.runner [-] Task 3d2f7f43-ed76-405a-84bf-45ba5950480e | ITER: 1 START
2019-12-01 13:44:14.098 1636 RALLYDEBUG rally.task.runner [-] Starting a worker. concurrency: 1 args: {"container_format": "bare", "disk_format": "qcow2", "image_location": "/home/opnfv/functest/images/cirros-0.4.0-x86_64-disk.img"} times: 10 method_name: run timeout: 0 duration: None cls:
2019-12-01 13:44:14.100 1634 INFO rally.task.runner [-] Task 3d2f7f43-ed76-405a-84bf-45ba5950480e | ITER: 2 START
2019-12-01 13:44:14.102 1635 INFO rally.task.runner [-] Task 3d2f7f43-ed76-405a-84bf-45ba5950480e | ITER: 3 START
2019-12-01 13:44:14.106 1636 INFO rally.task.runner [-] Task 3d2f7f43-ed76-405a-84bf-45ba5950480e | ITER: 4 START
2019-12-01 13:44:16.909 1633 RALLYDEBUG rally.task.utils [-] Waiting for resource u'b3ebbd16-6dff-4607-b1b1-53aac07eef20'. Status changed: NONE => QUEUED in 0.0713319778442
2019-12-01 13:44:17.077 1634 RALLYDEBUG rally.task.utils [-] Waiting for resource u'3bb2c657-d82e-41d9-84a7-5f08d20945e0'. Status changed: NONE => QUEUED in 0.0904359817505
2019-12-01 13:44:17.406 1635 RALLYDEBUG rally.task.utils [-] Waiting for resource u'7e47dda2-2e4f-41c9-a8db-e86c58f88202'. Status changed: NONE => QUEUED in 0.0702369213104
2019-12-01 13:44:17.473 1636 RALLYDEBUG rally.task.utils [-] Waiting for resource u'b154924f-361e-4813-8325-1107989c30e0'. Status changed: NONE => QUEUED in 0.0828881263733
2019-12-01 13:44:18.080 1633 RALLYDEBUG rally.task.utils [-] Waiting for resource s_rally_14ad20a8_luA6809d. Status changed: QUEUED => ACTIVE in 0.0411829948425
2019-12-01 13:44:18.118 1633 INFO rally.task.runner [-] Task 3d2f7f43-ed76-405a-84bf-45ba5950480e | ITER: 1 END: OK
2019-12-01 13:44:18.122 1633 INFO rally.task.runner [-] Task 3d2f7f43-ed76-405a-84bf-45ba5950480e | ITER: 5 START
2019-12-01 13:44:18.556 1634 RALLYDEBUG rally.task.utils [-] Waiting for resource s_rally_14ad20a8_bPzIWFU2. Status changed: QUEUED => ACTIVE in 0.0773270130157
2019-12-01 13:44:18.565 1635 RALLYDEBUG rally.task.utils [-] Waiting for resource s_rally_14ad20a8_B1AMqseq. Status changed: QUEUED => ACTIVE in 0.0677878856659
2019-12-01 13:44:18.658 1636 RALLYDEBUG rally.task.utils [-] Waiting for resource s_rally_14ad20a8_mmN25Ojq. Status changed: QUEUED => ACTIVE in 0.0927929878235
2019-12-01 13:44:18.667 1635 INFO rally.task.runner [-] Task 3d2f7f43-ed76-405a-84bf-45ba5950480e | ITER: 3 END: OK
2019-12-01 13:44:18.672 1635 INFO rally.task.runner [-] Task 3d2f7f43-ed76-405a-84bf-45ba5950480e | ITER: 6 START
2019-12-01 13:44:18.675 1634 INFO rally.task.runner [-] Task 3d2f7f43-ed76-405a-84bf-45ba5950480e | ITER: 2 END: OK
2019-12-01 13:44:18.680 1634 INFO rally.task.runner [-] Task 3d2f7f43-ed76-405a-84bf-45ba5950480e | ITER: 7 START
2019-12-01 13:44:18.700 1636 INFO rally.task.runner [-] Task 3d2f7f43-ed76-405a-84bf-45ba5950480e | ITER: 4 END: OK
2019-12-01 13:44:18.705 1636 INFO rally.task.runner [-] Task 3d2f7f43-ed76-405a-84bf-45ba5950480e | ITER: 8 START
2019-12-01 13:44:20.779 1633 RALLYDEBUG rally.task.utils [-] Waiting for resource u'0607563e-4fa1-4b2c-8a08-34cd35477eb5'. Status changed: NONE => QUEUED in 0.0703730583191
2019-12-01 13:44:21.239 1634 RALLYDEBUG rally.task.utils [-] Waiting for resource u'b8c3e201-5775-4525-a6b3-e90c5028f4a2'. Status changed: NONE => QUEUED in 0.0708749294281
2019-12-01 13:44:21.517 1636 RALLYDEBUG rally.task.utils [-] Waiting for resource u'7e861142-5b57-49fb-94d9-efbb0eb135a0'. Status changed: NONE => QUEUED in 0.105583906174
2019-12-01 13:44:21.552 1635 RALLYDEBUG rally.task.utils [-] Waiting for resource u'293ff242-7128-4366-99b4-042ff7f93eae'. Status changed: NONE => QUEUED in 0.159887075424
2019-12-01 13:44:21.939 1633 RALLYDEBUG rally.task.utils [-] Waiting for resource s_rally_14ad20a8_Ya2l0BvT. Status changed: QUEUED => ACTIVE in 0.041827917099
2019-12-01 13:44:21.983 1633 INFO rally.task.runner [-] Task 3d2f7f43-ed76-405a-84bf-45ba5950480e | ITER: 5 END: OK
2019-12-01 13:44:21.987 1633 INFO rally.task.runner [-] Task 3d2f7f43-ed76-405a-84bf-45ba5950480e | ITER: 9 START
2019-12-01 13:44:22.510 1634 RALLYDEBUG rally.task.utils [-] Waiting for resource s_rally_14ad20a8_NYDVkUnf. Status changed: QUEUED => ACTIVE in 0.044862985611
2019-12-01 13:44:22.552 1634 INFO rally.task.runner [-] Task 3d2f7f43-ed76-405a-84bf-45ba5950480e | ITER: 7 END: OK
2019-12-01 13:44:22.557 1634 INFO rally.task.runner [-] Task 3d2f7f43-ed76-405a-84bf-45ba5950480e | ITER: 10 START
2019-12-01 13:44:22.656 1636 RALLYDEBUG rally.task.utils [-] Waiting for resource s_rally_14ad20a8_TckViWAY. Status changed: QUEUED => ACTIVE in 0.0341310501099
2019-12-01 13:44:22.700 1636 INFO rally.task.runner [-] Task 3d2f7f43-ed76-405a-84bf-45ba5950480e | ITER: 8 END: OK
2019-12-01 13:44:22.939 1635 RALLYDEBUG rally.task.utils [-] Waiting for resource s_rally_14ad20a8_QuTlLv4w. Status changed: QUEUED => ACTIVE in 0.0479729175568
2019-12-01 13:44:22.987 1635 INFO rally.task.runner [-] Task 3d2f7f43-ed76-405a-84bf-45ba5950480e | ITER: 6 END: OK
2019-12-01 13:44:24.694 1633 RALLYDEBUG rally.task.utils [-] Waiting for resource u'22d85701-4034-44cf-a3a9-9a1c19592f68'. Status changed: NONE => QUEUED in 0.0696420669556
2019-12-01 13:44:25.156 1634 RALLYDEBUG rally.task.utils [-] Waiting for resource u'450f1872-3944-45bf-9503-e916bf90ed7c'. Status changed: NONE => QUEUED in 0.0728719234467
2019-12-01 13:44:25.679 1633 RALLYDEBUG rally.task.utils [-] Waiting for resource s_rally_14ad20a8_6WXTruXx. Status changed: QUEUED => ACTIVE in 0.0467109680176
2019-12-01 13:44:25.724 1633 INFO rally.task.runner [-] Task 3d2f7f43-ed76-405a-84bf-45ba5950480e | ITER: 9 END: OK
2019-12-01 13:44:26.055 1634 RALLYDEBUG rally.task.utils [-] Waiting for resource s_rally_14ad20a8_eM6PCLI9. Status changed: QUEUED => ACTIVE in 0.0405361652374
2019-12-01 13:44:26.104 1634 INFO rally.task.runner [-] Task 3d2f7f43-ed76-405a-84bf-45ba5950480e | ITER: 10 END: OK
2019-12-01 13:44:26.137 725 INFO rally.task.context [-] Task 3d2f7f43-ed76-405a-84bf-45ba5950480e | Context cleanup@openstack cleanup() started
2019-12-01 13:44:26.140 725 RALLYDEBUG rally_openstack.cleanup.manager [-] Cleaning up glance images objects
2019-12-01 13:44:27.164 725 RALLYDEBUG rally_openstack.cleanup.manager [-] Deleting glance.images object s_rally_14ad20a8_QuTlLv4w (293ff242-7128-4366-99b4-042ff7f93eae)
2019-12-01 13:44:27.165 725 RALLYDEBUG rally_openstack.cleanup.manager [-] Deleting glance.images object s_rally_14ad20a8_TckViWAY (7e861142-5b57-49fb-94d9-efbb0eb135a0)
2019-12-01 13:44:27.170 725 RALLYDEBUG rally_openstack.cleanup.manager [-] Deleting glance.images object s_rally_14ad20a8_mmN25Ojq (b154924f-361e-4813-8325-1107989c30e0)
2019-12-01 13:44:27.177 725 RALLYDEBUG rally_openstack.cleanup.manager [-] Deleting glance.images object s_rally_14ad20a8_Ya2l0BvT (0607563e-4fa1-4b2c-8a08-34cd35477eb5)
2019-12-01 13:44:27.178 725 RALLYDEBUG rally_openstack.cleanup.manager [-] Deleting glance.images object s_rally_14ad20a8_eM6PCLI9 (450f1872-3944-45bf-9503-e916bf90ed7c)
2019-12-01 13:44:27.195 725 RALLYDEBUG rally_openstack.cleanup.manager [-] Deleting glance.images object s_rally_14ad20a8_B1AMqseq (7e47dda2-2e4f-41c9-a8db-e86c58f88202)
2019-12-01 13:44:27.219 725 RALLYDEBUG rally_openstack.cleanup.manager [-] Deleting glance.images object s_rally_14ad20a8_6WXTruXx (22d85701-4034-44cf-a3a9-9a1c19592f68)
2019-12-01 13:44:27.224 725 RALLYDEBUG rally_openstack.cleanup.manager [-] Deleting glance.images object s_rally_14ad20a8_NYDVkUnf (b8c3e201-5775-4525-a6b3-e90c5028f4a2)
2019-12-01 13:44:27.229 725 RALLYDEBUG rally_openstack.cleanup.manager [-] Deleting glance.images object s_rally_14ad20a8_luA6809d (b3ebbd16-6dff-4607-b1b1-53aac07eef20)
2019-12-01 13:44:27.241 725 RALLYDEBUG rally_openstack.cleanup.manager [-] Deleting glance.images object s_rally_14ad20a8_bPzIWFU2 (3bb2c657-d82e-41d9-84a7-5f08d20945e0)
2019-12-01 13:44:28.694 725 DEBUG glanceclient.common.http [-] Request returned failure status 404. _handle_response /usr/lib/python2.7/site-packages/glanceclient/common/http.py:125
2019-12-01 13:44:28.736 725 DEBUG glanceclient.common.http [-] Request returned failure status 404. _handle_response /usr/lib/python2.7/site-packages/glanceclient/common/http.py:125
2019-12-01 13:44:29.043 725 DEBUG glanceclient.common.http [-] Request returned failure status 404. _handle_response /usr/lib/python2.7/site-packages/glanceclient/common/http.py:125
2019-12-01 13:44:29.077 725 DEBUG glanceclient.common.http [-] Request returned failure status 404. _handle_response /usr/lib/python2.7/site-packages/glanceclient/common/http.py:125
2019-12-01 13:44:29.214 725 DEBUG glanceclient.common.http [-] Request returned failure status 404. _handle_response /usr/lib/python2.7/site-packages/glanceclient/common/http.py:125
2019-12-01 13:44:29.219 725 DEBUG glanceclient.common.http [-] Request returned failure status 404. _handle_response /usr/lib/python2.7/site-packages/glanceclient/common/http.py:125
2019-12-01 13:44:29.224 725 DEBUG glanceclient.common.http [-] Request returned failure status 404. _handle_response /usr/lib/python2.7/site-packages/glanceclient/common/http.py:125
2019-12-01 13:44:29.260 725 DEBUG glanceclient.common.http [-] Request returned failure status 404. _handle_response /usr/lib/python2.7/site-packages/glanceclient/common/http.py:125
2019-12-01 13:44:29.284 725 DEBUG glanceclient.common.http [-] Request returned failure status 404. _handle_response /usr/lib/python2.7/site-packages/glanceclient/common/http.py:125
2019-12-01 13:44:29.289 725 DEBUG glanceclient.common.http [-] Request returned failure status 404. _handle_response /usr/lib/python2.7/site-packages/glanceclient/common/http.py:125
2019-12-01 13:44:29.586 725 DEBUG glanceclient.common.http [-] Request returned failure status 404. _handle_response /usr/lib/python2.7/site-packages/glanceclient/common/http.py:125
2019-12-01 13:44:29.591 725 DEBUG glanceclient.common.http [-] Request returned failure status 404. _handle_response /usr/lib/python2.7/site-packages/glanceclient/common/http.py:125
2019-12-01 13:44:29.703 725 DEBUG glanceclient.common.http [-] Request returned failure status 404. _handle_response /usr/lib/python2.7/site-packages/glanceclient/common/http.py:125
2019-12-01 13:44:29.709 725 DEBUG glanceclient.common.http [-] Request returned failure status 404. _handle_response /usr/lib/python2.7/site-packages/glanceclient/common/http.py:125
2019-12-01 13:44:29.715 725 DEBUG glanceclient.common.http [-] Request returned failure status 404. _handle_response /usr/lib/python2.7/site-packages/glanceclient/common/http.py:125
2019-12-01 13:44:29.721 725 DEBUG glanceclient.common.http [-] Request returned failure status 404. _handle_response /usr/lib/python2.7/site-packages/glanceclient/common/http.py:125
2019-12-01 13:44:29.725 725 DEBUG glanceclient.common.http [-] Request returned failure status 404. _handle_response /usr/lib/python2.7/site-packages/glanceclient/common/http.py:125
2019-12-01 13:44:29.777 725 DEBUG glanceclient.common.http [-] Request returned failure status 404. _handle_response /usr/lib/python2.7/site-packages/glanceclient/common/http.py:125
2019-12-01 13:44:29.779 725 DEBUG glanceclient.common.http [-] Request returned failure status 404. _handle_response /usr/lib/python2.7/site-packages/glanceclient/common/http.py:125
2019-12-01 13:44:29.781 725 DEBUG glanceclient.common.http [-] Request returned failure status 404. _handle_response /usr/lib/python2.7/site-packages/glanceclient/common/http.py:125
2019-12-01 13:44:30.785 725 INFO rally.task.context [-] Task 3d2f7f43-ed76-405a-84bf-45ba5950480e | Context cleanup@openstack cleanup() finished in 4.65 sec
2019-12-01 13:44:30.785 725 INFO rally.task.context [-] Task 3d2f7f43-ed76-405a-84bf-45ba5950480e | Context users@openstack cleanup() started
2019-12-01 13:44:34.931 725 INFO rally.task.context [-] Task 3d2f7f43-ed76-405a-84bf-45ba5950480e | Context users@openstack cleanup() finished in 4.15 sec
2019-12-01 13:44:36.358 725 INFO rally.task.engine [-] Load duration is: 11.559086
2019-12-01 13:44:36.359 725 INFO rally.task.engine [-] Full runner duration is: 12.062036
2019-12-01 13:44:36.359 725 INFO rally.task.engine [-] Full duration is: 22.690724
