2019-11-30 13:44:18.702 1347 DEBUG novaclient.v2.client [-] GET call to compute for http://compute-airship.intel-pod17.opnfv.org:80/v2/11b21ff6537c4fef91a76598c0388b82/os-server-groups used request id req-93f8848f-9c5a-4b52-80ce-2f380dad1909 request /usr/lib/python2.7/site-packages/keystoneauth1/session.py:844
2019-11-30 13:44:18.711 1347 RALLYDEBUG rally_openstack.cleanup.manager [-] Cleaning up nova keypairs objects
2019-11-30 13:44:18.828 1347 DEBUG novaclient.v2.client [-] REQ: curl -g -i -X GET http://compute-airship.intel-pod17.opnfv.org:80/v2/cd18219bed224b5689e4f228961e1401/os-keypairs -H "Accept: application/json" -H "User-Agent: python-novaclient" -H "X-Auth-Token: {SHA1}16619716c1bae45da4fcbeeef89c971b28d93f93" _http_log_request /usr/lib/python2.7/site-packages/keystoneauth1/session.py:448
2019-11-30 13:44:18.940 1347 DEBUG novaclient.v2.client [-] RESP: [200] Connection: keep-alive Content-Length: 16 Content-Type: application/json Date: Sat, 30 Nov 2019 13:44:18 GMT X-Compute-Request-Id: req-9243cefe-34ce-4d2d-8919-d461ef1cce34 _http_log_response /usr/lib/python2.7/site-packages/keystoneauth1/session.py:479
2019-11-30 13:44:18.940 1347 DEBUG novaclient.v2.client [-] RESP BODY: {"keypairs": []} _http_log_response /usr/lib/python2.7/site-packages/keystoneauth1/session.py:511
2019-11-30 13:44:18.941 1347 DEBUG novaclient.v2.client [-] GET call to compute for http://compute-airship.intel-pod17.opnfv.org:80/v2/cd18219bed224b5689e4f228961e1401/os-keypairs used request id req-9243cefe-34ce-4d2d-8919-d461ef1cce34 request /usr/lib/python2.7/site-packages/keystoneauth1/session.py:844
2019-11-30 13:44:19.167 1347 DEBUG novaclient.v2.client [-] REQ: curl -g -i -X GET http://compute-airship.intel-pod17.opnfv.org:80/v2/cd18219bed224b5689e4f228961e1401/os-keypairs -H "Accept: application/json" -H "User-Agent: python-novaclient" -H "X-Auth-Token: {SHA1}e6249eba24b1ba147c107c892c8d1b44ffbed4c1" _http_log_request /usr/lib/python2.7/site-packages/keystoneauth1/session.py:448
2019-11-30 13:44:19.279 1347 DEBUG novaclient.v2.client [-] RESP: [200] Connection: keep-alive Content-Length: 16 Content-Type: application/json Date: Sat, 30 Nov 2019 13:44:19 GMT X-Compute-Request-Id: req-488447ff-faf4-4967-bed4-a688ea587a76 _http_log_response /usr/lib/python2.7/site-packages/keystoneauth1/session.py:479
2019-11-30 13:44:19.280 1347 DEBUG novaclient.v2.client [-] RESP BODY: {"keypairs": []} _http_log_response /usr/lib/python2.7/site-packages/keystoneauth1/session.py:511
2019-11-30 13:44:19.280 1347 DEBUG novaclient.v2.client [-] GET call to compute for http://compute-airship.intel-pod17.opnfv.org:80/v2/cd18219bed224b5689e4f228961e1401/os-keypairs used request id req-488447ff-faf4-4967-bed4-a688ea587a76 request /usr/lib/python2.7/site-packages/keystoneauth1/session.py:844
2019-11-30 13:44:19.376 1347 DEBUG novaclient.v2.client [-] REQ: curl -g -i -X GET http://compute-airship.intel-pod17.opnfv.org:80/v2/a6a677dc276d49d7bde44926291ee155/os-keypairs -H "Accept: application/json" -H "User-Agent: python-novaclient" -H "X-Auth-Token: {SHA1}c90a1f750fbfe7dc1d630fa9399a2489decb7659" _http_log_request /usr/lib/python2.7/site-packages/keystoneauth1/session.py:448
2019-11-30 13:44:19.487 1347 DEBUG novaclient.v2.client [-] RESP: [200] Connection: keep-alive Content-Length: 16 Content-Type: application/json Date: Sat, 30 Nov 2019 13:44:19 GMT X-Compute-Request-Id: req-7dc2a060-58d5-463a-a9c3-d65d4c0047e1 _http_log_response /usr/lib/python2.7/site-packages/keystoneauth1/session.py:479
2019-11-30 13:44:19.487 1347 DEBUG novaclient.v2.client [-] RESP BODY: {"keypairs": []} _http_log_response /usr/lib/python2.7/site-packages/keystoneauth1/session.py:511
2019-11-30 13:44:19.487 1347 DEBUG novaclient.v2.client [-] GET call to compute for http://compute-airship.intel-pod17.opnfv.org:80/v2/a6a677dc276d49d7bde44926291ee155/os-keypairs used request id req-7dc2a060-58d5-463a-a9c3-d65d4c0047e1 request /usr/lib/python2.7/site-packages/keystoneauth1/session.py:844
2019-11-30 13:44:19.578 1347 DEBUG novaclient.v2.client [-] REQ: curl -g -i -X GET http://compute-airship.intel-pod17.opnfv.org:80/v2/11b21ff6537c4fef91a76598c0388b82/os-keypairs -H "Accept: application/json" -H "User-Agent: python-novaclient" -H "X-Auth-Token: {SHA1}91ee4b13167f5a5d7a48f9e808a67967fd30834d" _http_log_request /usr/lib/python2.7/site-packages/keystoneauth1/session.py:448
2019-11-30 13:44:19.681 1347 DEBUG novaclient.v2.client [-] RESP: [200] Connection: keep-alive Content-Length: 16 Content-Type: application/json Date: Sat, 30 Nov 2019 13:44:19 GMT X-Compute-Request-Id: req-6ceba87a-f275-41cb-a7fa-e87b12484ebf _http_log_response /usr/lib/python2.7/site-packages/keystoneauth1/session.py:479
2019-11-30 13:44:19.682 1347 DEBUG novaclient.v2.client [-] RESP BODY: {"keypairs": []} _http_log_response /usr/lib/python2.7/site-packages/keystoneauth1/session.py:511
2019-11-30 13:44:19.682 1347 DEBUG novaclient.v2.client [-] GET call to compute for http://compute-airship.intel-pod17.opnfv.org:80/v2/11b21ff6537c4fef91a76598c0388b82/os-keypairs used request id req-6ceba87a-f275-41cb-a7fa-e87b12484ebf request /usr/lib/python2.7/site-packages/keystoneauth1/session.py:844
2019-11-30 13:44:19.777 1347 DEBUG novaclient.v2.client [-] REQ: curl -g -i -X GET http://compute-airship.intel-pod17.opnfv.org:80/v2/11b21ff6537c4fef91a76598c0388b82/os-keypairs -H "Accept: application/json" -H "User-Agent: python-novaclient" -H "X-Auth-Token: {SHA1}7097f36c44e093a95622c83920d2daedd868ef39" _http_log_request /usr/lib/python2.7/site-packages/keystoneauth1/session.py:448
2019-11-30 13:44:19.890 1347 DEBUG novaclient.v2.client [-] RESP: [200] Connection: keep-alive Content-Length: 16 Content-Type: application/json Date: Sat, 30 Nov 2019 13:44:19 GMT X-Compute-Request-Id: req-4191a79f-537c-4653-a571-ffbaa31a81a6 _http_log_response /usr/lib/python2.7/site-packages/keystoneauth1/session.py:479
2019-11-30 13:44:19.890 1347 DEBUG novaclient.v2.client [-] RESP BODY: {"keypairs": []} _http_log_response /usr/lib/python2.7/site-packages/keystoneauth1/session.py:511
2019-11-30 13:44:19.891 1347 DEBUG novaclient.v2.client [-] GET call to compute for http://compute-airship.intel-pod17.opnfv.org:80/v2/11b21ff6537c4fef91a76598c0388b82/os-keypairs used request id req-4191a79f-537c-4653-a571-ffbaa31a81a6 request /usr/lib/python2.7/site-packages/keystoneauth1/session.py:844
2019-11-30 13:44:19.990 1347 DEBUG novaclient.v2.client [-] REQ: curl -g -i -X GET http://compute-airship.intel-pod17.opnfv.org:80/v2/a6a677dc276d49d7bde44926291ee155/os-keypairs -H "Accept: application/json" -H "User-Agent: python-novaclient" -H "X-Auth-Token: {SHA1}44ab61dcda5f4b93dd7b118915d4ea31dbcc6f3f" _http_log_request /usr/lib/python2.7/site-packages/keystoneauth1/session.py:448
2019-11-30 13:44:20.087 1347 DEBUG novaclient.v2.client [-] RESP: [200] Connection: keep-alive Content-Length: 16 Content-Type: application/json Date: Sat, 30 Nov 2019 13:44:20 GMT X-Compute-Request-Id: req-aa615343-cf6b-44c0-a11e-51c18e152ac7 _http_log_response /usr/lib/python2.7/site-packages/keystoneauth1/session.py:479
2019-11-30 13:44:20.087 1347 DEBUG novaclient.v2.client [-] RESP BODY: {"keypairs": []} _http_log_response /usr/lib/python2.7/site-packages/keystoneauth1/session.py:511
2019-11-30 13:44:20.088 1347 DEBUG novaclient.v2.client [-] GET call to compute for http://compute-airship.intel-pod17.opnfv.org:80/v2/a6a677dc276d49d7bde44926291ee155/os-keypairs used request id req-aa615343-cf6b-44c0-a11e-51c18e152ac7 request /usr/lib/python2.7/site-packages/keystoneauth1/session.py:844
2019-11-30 13:44:20.097 1347 RALLYDEBUG rally_openstack.cleanup.manager [-] Cleaning up cinder backups objects
2019-11-30 13:44:20.705 1347 RALLYDEBUG rally_openstack.cleanup.manager [-] Cleaning up cinder volume_snapshots objects
2019-11-30 13:44:21.349 1347 RALLYDEBUG rally_openstack.cleanup.manager [-] Cleaning up cinder transfers objects
2019-11-30 13:44:21.935 1347 RALLYDEBUG rally_openstack.cleanup.manager [-] Cleaning up cinder volumes objects
2019-11-30 13:44:22.667 1347 INFO rally.task.context [-] Task 6bfef120-2ddf-4259-8fc0-0fcc446ea9d3 | Context cleanup@openstack cleanup() finished in 5.64 sec
2019-11-30 13:44:22.668 1347 INFO rally.task.context [-] Task 6bfef120-2ddf-4259-8fc0-0fcc446ea9d3 | Context quotas@openstack cleanup() started
2019-11-30 13:44:22.818 1347 INFO rally.task.context [-] Task 6bfef120-2ddf-4259-8fc0-0fcc446ea9d3 | Context quotas@openstack cleanup() finished in 0.15 sec
2019-11-30 13:44:22.819 1347 INFO rally.task.context [-] Task 6bfef120-2ddf-4259-8fc0-0fcc446ea9d3 | Context api_versions@openstack cleanup() started
2019-11-30 13:44:22.819 1347 INFO rally.task.context [-] Task 6bfef120-2ddf-4259-8fc0-0fcc446ea9d3 | Context api_versions@openstack cleanup() finished in 0.36 msec
2019-11-30 13:44:22.819 1347 INFO rally.task.context [-] Task 6bfef120-2ddf-4259-8fc0-0fcc446ea9d3 | Context users@openstack cleanup() started
2019-11-30 13:44:26.681 1347 INFO rally.task.context [-] Task 6bfef120-2ddf-4259-8fc0-0fcc446ea9d3 | Context users@openstack cleanup() finished in 3.86 sec
2019-11-30 13:44:27.868 1347 INFO rally.task.engine [-] Load duration is: 124.820743
2019-11-30 13:44:27.868 1347 INFO rally.task.engine [-] Full runner duration is: 125.87139
2019-11-30 13:44:27.868 1347 INFO rally.task.engine [-] Full duration is: 139.341606
2019-11-30 13:44:27.962 1347 INFO rally.task.engine [-] Running workload: position = 0 config = { "version": 2, "title": "A cropped version of a bigger task.", "description": "Auto-generated task from a single workload (uuid=28b2f6e1-91eb-4761-9b43-c72526b60f4c)", "subtasks": [ { "title": "CinderVolumes.create_and_list_snapshots", "description": "Create and then list a volume-snapshot.", "scenario": { "CinderVolumes.create_and_list_snapshots": { "detailed": true, "force": false } }, "contexts": { "users": { "tenants": 3, "users_per_tenant": 2 }, "quotas": { "cinder": { "gigabytes": -1, "snapshots": -1, "volumes": -1 } }, "api_versions": { "cinder": { "version": 3, "service_type": "volumev3" } }, "volumes": { "size": 1, "volumes_per_tenant": 1 } }, "runner": { "constant": { "concurrency": 4, "times": 10 } }, "hooks": [], "sla": { "failure_rate": { "max": 0 } } } ] }
2019-11-30 13:44:27.975 1347 RALLYDEBUG rally_openstack.contexts.keystone.users [-] Creating 3 tenants using 20 threads
2019-11-30 13:44:28.573 1347 RALLYDEBUG rally_openstack.contexts.keystone.users [-] Creating 6 users using 20 threads
2019-11-30 13:44:29.682 1347 INFO rally.task.context [-] Task 6bfef120-2ddf-4259-8fc0-0fcc446ea9d3 | Context users@openstack setup() finished in 1.71 sec
2019-11-30 13:44:29.890 1347 INFO rally.task.context [-] Task 6bfef120-2ddf-4259-8fc0-0fcc446ea9d3 | Context api_versions@openstack setup() finished in 0.21 sec
2019-11-30 13:44:30.697 1347 INFO rally.task.context [-] Task 6bfef120-2ddf-4259-8fc0-0fcc446ea9d3 | Context quotas@openstack setup() finished in 0.81 sec
2019-11-30 13:44:39.728 1347 INFO rally.task.context [-] Task 6bfef120-2ddf-4259-8fc0-0fcc446ea9d3 | Context volumes@openstack setup() finished in 9.03 sec
2019-11-30 13:44:39.729 1347 INFO rally.task.context [-] Task 6bfef120-2ddf-4259-8fc0-0fcc446ea9d3 | Context cleanup@openstack setup() finished in 0.01 msec
2019-11-30 13:44:39.738 1347 RALLYDEBUG rally.task.runner [-] Starting the constant runner (task UUID: 6bfef120-2ddf-4259-8fc0-0fcc446ea9d3). timeout: 0 concurrency: 4 concurrency_per_worker: 1 times: 10 concurrency_overhead: 0 processes_to_start: 4 max_cpu_used: 88
2019-11-30 13:44:39.751 1715 RALLYDEBUG rally.task.runner [-] Starting a worker. concurrency: 1 args: {"detailed": true, "force": false} times: 10 method_name: run timeout: 0 duration: None cls:
2019-11-30 13:44:39.754 1716 RALLYDEBUG rally.task.runner [-] Starting a worker. concurrency: 1 args: {"detailed": true, "force": false} times: 10 method_name: run timeout: 0 duration: None cls:
2019-11-30 13:44:39.756 1717 RALLYDEBUG rally.task.runner [-] Starting a worker. concurrency: 1 args: {"detailed": true, "force": false} times: 10 method_name: run timeout: 0 duration: None cls:
2019-11-30 13:44:39.760 1715 INFO rally.task.runner [-] Task 6bfef120-2ddf-4259-8fc0-0fcc446ea9d3 | ITER: 1 START
2019-11-30 13:44:39.759 1718 RALLYDEBUG rally.task.runner [-] Starting a worker. concurrency: 1 args: {"detailed": true, "force": false} times: 10 method_name: run timeout: 0 duration: None cls:
2019-11-30 13:44:39.763 1716 INFO rally.task.runner [-] Task 6bfef120-2ddf-4259-8fc0-0fcc446ea9d3 | ITER: 2 START
2019-11-30 13:44:39.765 1717 INFO rally.task.runner [-] Task 6bfef120-2ddf-4259-8fc0-0fcc446ea9d3 | ITER: 3 START
2019-11-30 13:44:39.768 1718 INFO rally.task.runner [-] Task 6bfef120-2ddf-4259-8fc0-0fcc446ea9d3 | ITER: 4 START
2019-11-30 13:44:42.529 1715 INFO rally.task.runner [-] Task 6bfef120-2ddf-4259-8fc0-0fcc446ea9d3 | ITER: 1 END: OK
2019-11-30 13:44:42.536 1715 INFO rally.task.runner [-] Task 6bfef120-2ddf-4259-8fc0-0fcc446ea9d3 | ITER: 5 START
2019-11-30 13:44:42.759 1717 INFO rally.task.runner [-] Task 6bfef120-2ddf-4259-8fc0-0fcc446ea9d3 | ITER: 3 END: OK
2019-11-30 13:44:42.765 1717 INFO rally.task.runner [-] Task 6bfef120-2ddf-4259-8fc0-0fcc446ea9d3 | ITER: 6 START
2019-11-30 13:44:42.807 1716 INFO rally.task.runner [-] Task 6bfef120-2ddf-4259-8fc0-0fcc446ea9d3 | ITER: 2 END: OK
2019-11-30 13:44:42.813 1716 INFO rally.task.runner [-] Task 6bfef120-2ddf-4259-8fc0-0fcc446ea9d3 | ITER: 7 START
2019-11-30 13:44:46.829 1718 RALLYDEBUG rally.task.utils [-] Waiting for resource s_rally_28b2f6e1_UpMFkcxI. Status changed: CREATING => AVAILABLE in 4.27257990837
2019-11-30 13:44:46.883 1718 INFO rally.task.runner [-] Task 6bfef120-2ddf-4259-8fc0-0fcc446ea9d3 | ITER: 4 END: OK
2019-11-30 13:44:46.889 1718 INFO rally.task.runner [-] Task 6bfef120-2ddf-4259-8fc0-0fcc446ea9d3 | ITER: 8 START
2019-11-30 13:44:47.241 1715 RALLYDEBUG rally.task.utils [-] Waiting for resource s_rally_28b2f6e1_hoFEg3Kc. Status changed: CREATING => AVAILABLE in 2.18230819702
2019-11-30 13:44:47.295 1715 INFO rally.task.runner [-] Task 6bfef120-2ddf-4259-8fc0-0fcc446ea9d3 | ITER: 5 END: OK
2019-11-30 13:44:47.301 1715 INFO rally.task.runner [-] Task 6bfef120-2ddf-4259-8fc0-0fcc446ea9d3 | ITER: 9 START
2019-11-30 13:44:47.395 1717 RALLYDEBUG rally.task.utils [-] Waiting for resource s_rally_28b2f6e1_Osxh4wKg. Status changed: CREATING => AVAILABLE in 2.19044494629
2019-11-30 13:44:47.469 1716 RALLYDEBUG rally.task.utils [-] Waiting for resource s_rally_28b2f6e1_cyb7tLqP. Status changed: CREATING => AVAILABLE in 2.2424890995
2019-11-30 13:44:47.478 1717 INFO rally.task.runner [-] Task 6bfef120-2ddf-4259-8fc0-0fcc446ea9d3 | ITER: 6 END: OK
2019-11-30 13:44:47.484 1717 INFO rally.task.runner [-] Task 6bfef120-2ddf-4259-8fc0-0fcc446ea9d3 | ITER: 10 START
2019-11-30 13:44:47.524 1716 INFO rally.task.runner [-] Task 6bfef120-2ddf-4259-8fc0-0fcc446ea9d3 | ITER: 7 END: OK
2019-11-30 13:44:49.518 1718 INFO rally.task.runner [-] Task 6bfef120-2ddf-4259-8fc0-0fcc446ea9d3 | ITER: 8 END: OK
2019-11-30 13:44:50.182 1715 INFO rally.task.runner [-] Task 6bfef120-2ddf-4259-8fc0-0fcc446ea9d3 | ITER: 9 END: OK
2019-11-30 13:44:52.285 1717 RALLYDEBUG rally.task.utils [-] Waiting for resource s_rally_28b2f6e1_Zqe6ULeZ. Status changed: CREATING => AVAILABLE in 2.33440709114
2019-11-30 13:44:52.338 1717 INFO rally.task.runner [-] Task 6bfef120-2ddf-4259-8fc0-0fcc446ea9d3 | ITER: 10 END: OK
2019-11-30 13:44:52.363 1347 INFO rally.task.context [-] Task 6bfef120-2ddf-4259-8fc0-0fcc446ea9d3 | Context cleanup@openstack cleanup() started
2019-11-30 13:44:52.368 1347 RALLYDEBUG rally_openstack.cleanup.manager [-] Cleaning up cinder backups objects
2019-11-30 13:44:52.957 1347 RALLYDEBUG rally_openstack.cleanup.manager [-] Cleaning up cinder volume_snapshots objects
2019-11-30 13:44:53.590 1347 RALLYDEBUG rally_openstack.cleanup.manager [-] Deleting cinder.volume_snapshots object s_rally_28b2f6e1_SgThj28A (35c2a3b5-3b10-47f9-af02-397673049aee)
2019-11-30 13:44:53.595 1347 RALLYDEBUG rally_openstack.cleanup.manager [-] Deleting cinder.volume_snapshots object s_rally_28b2f6e1_o3vTzLLM (ca2b2242-5217-4d8f-ac74-dd23e169f4d1)
2019-11-30 13:44:53.598 1347 RALLYDEBUG rally_openstack.cleanup.manager [-] Deleting cinder.volume_snapshots object s_rally_28b2f6e1_2BQ9dtkx (561c1400-f249-4bad-9dc4-00e6989d8dd4)
2019-11-30 13:44:53.599 1347 RALLYDEBUG rally_openstack.cleanup.manager [-] Deleting cinder.volume_snapshots object s_rally_28b2f6e1_cyb7tLqP (a9292765-e33e-4f08-b8d4-820e2893bb3e)
2019-11-30 13:44:53.607 1347 RALLYDEBUG rally_openstack.cleanup.manager [-] Deleting cinder.volume_snapshots object s_rally_28b2f6e1_UBEEp9iw (75ed454a-cfc7-4a5d-9287-889136089ca3)
2019-11-30 13:44:53.614 1347 RALLYDEBUG rally_openstack.cleanup.manager [-] Deleting cinder.volume_snapshots object s_rally_28b2f6e1_UpMFkcxI (e931954a-73bb-48c5-a5f8-fac8b6a3c6dc)
2019-11-30 13:44:53.612 1347 RALLYDEBUG rally_openstack.cleanup.manager [-] Deleting cinder.volume_snapshots object s_rally_28b2f6e1_Zqe6ULeZ (37361a3d-08f9-4f33-861b-02fb4b8446a6)
2019-11-30 13:44:53.630 1347 RALLYDEBUG rally_openstack.cleanup.manager [-] Deleting cinder.volume_snapshots object s_rally_28b2f6e1_hoFEg3Kc (5d00c660-296b-4a97-99d2-68dbe43bd2fc)
2019-11-30 13:44:53.651 1347 RALLYDEBUG rally_openstack.cleanup.manager [-] Deleting cinder.volume_snapshots object s_rally_28b2f6e1_ED7NYWHN (ef0a7615-61bb-4e0a-aecb-09e2736b60fe)
2019-11-30 13:44:53.665 1347 RALLYDEBUG rally_openstack.cleanup.manager [-] Deleting cinder.volume_snapshots object s_rally_28b2f6e1_Osxh4wKg (b0d8a749-83b5-48a6-aa77-9a5cbf50e2b1)
2019-11-30 13:45:01.563 1347 RALLYDEBUG rally_openstack.cleanup.manager [-] Cleaning up cinder transfers objects
2019-11-30 13:45:02.147 1347 RALLYDEBUG rally_openstack.cleanup.manager [-] Cleaning up cinder volumes objects
2019-11-30 13:45:02.923 1347 INFO rally.task.context [-] Task 6bfef120-2ddf-4259-8fc0-0fcc446ea9d3 | Context cleanup@openstack cleanup() finished in 10.56 sec
2019-11-30 13:45:02.923 1347 INFO rally.task.context [-] Task 6bfef120-2ddf-4259-8fc0-0fcc446ea9d3 | Context volumes@openstack cleanup() started
2019-11-30 13:45:02.923 1347 RALLYDEBUG rally_openstack.cleanup.manager [-] Cleaning up cinder volumes objects
2019-11-30 13:45:03.685 1347 RALLYDEBUG rally_openstack.cleanup.manager [-] Deleting cinder.volumes object c_rally_28b2f6e1_7jY0oDOj (04f7609c-35ea-46ca-bda3-fbb71fa1eeb6)
2019-11-30 13:45:03.692 1347 RALLYDEBUG rally_openstack.cleanup.manager [-] Deleting cinder.volumes object c_rally_28b2f6e1_5Qah9qsF (214151ae-cc12-423a-a3fa-af919a915ea4)
2019-11-30 13:45:03.692 1347 RALLYDEBUG rally_openstack.cleanup.manager [-] Deleting cinder.volumes object c_rally_28b2f6e1_Lt4gzrSn (4431626d-420b-4e72-981b-6318cc09fffa)
2019-11-30 13:45:06.395 1347 INFO rally.task.context [-] Task 6bfef120-2ddf-4259-8fc0-0fcc446ea9d3 | Context volumes@openstack cleanup() finished in 3.47 sec
2019-11-30 13:45:06.395 1347 INFO rally.task.context [-] Task 6bfef120-2ddf-4259-8fc0-0fcc446ea9d3 | Context quotas@openstack cleanup() started
2019-11-30 13:45:06.540 1347 INFO rally.task.context [-] Task 6bfef120-2ddf-4259-8fc0-0fcc446ea9d3 | Context quotas@openstack cleanup() finished in 0.14 sec
2019-11-30 13:45:06.540 1347 INFO rally.task.context [-] Task 6bfef120-2ddf-4259-8fc0-0fcc446ea9d3 | Context api_versions@openstack cleanup() started
2019-11-30 13:45:06.540 1347 INFO rally.task.context [-] Task 6bfef120-2ddf-4259-8fc0-0fcc446ea9d3 | Context api_versions@openstack cleanup() finished in 0.28 msec
2019-11-30 13:45:06.541 1347 INFO rally.task.context [-] Task 6bfef120-2ddf-4259-8fc0-0fcc446ea9d3 | Context users@openstack cleanup() started
2019-11-30 13:45:10.371 1347 INFO rally.task.context [-] Task 6bfef120-2ddf-4259-8fc0-0fcc446ea9d3 | Context users@openstack cleanup() finished in 3.83 sec
2019-11-30 13:45:12.182 1347 INFO rally.task.engine [-] Load duration is: 12.575612
2019-11-30 13:45:12.182 1347 INFO rally.task.engine [-] Full runner duration is: 12.624419
2019-11-30 13:45:12.182 1347 INFO rally.task.engine [-] Full duration is: 42.399073
2019-11-30 13:45:12.272 1347 INFO rally.task.engine [-] Running workload: position = 0 config = { "version": 2, "title": "A cropped version of a bigger task.", "description": "Auto-generated task from a single workload (uuid=38d425c8-e29f-49ac-8fe2-6cde083fb56f)", "subtasks": [ { "title": "CinderVolumes.create_and_list_volume", "description": "Create a volume and list all volumes.", "scenario": { "CinderVolumes.create_and_list_volume": { "detailed": true, "image": { "name": "rally_full-img_32871dd9-75d5-411d-8e6a-af67fb3640a0" }, "size": 1 } }, "contexts": { "users": { "tenants": 3, "users_per_tenant": 2 }, "quotas": { "cinder": { "gigabytes": -1, "snapshots": -1, "volumes": -1 } }, "api_versions": { "cinder": { "version": 3, "service_type": "volumev3" } } }, "runner": { "constant": { "concurrency": 4, "times": 10 } }, "hooks": [], "sla": { "failure_rate": { "max": 0 } } } ] }
2019-11-30 13:45:12.298 1347 RALLYDEBUG rally_openstack.contexts.keystone.users [-] Creating 3 tenants using 20 threads
2019-11-30 13:45:12.911 1347 RALLYDEBUG rally_openstack.contexts.keystone.users [-] Creating 6 users using 20 threads
2019-11-30 13:45:14.155 1347 INFO rally.task.context [-] Task 6bfef120-2ddf-4259-8fc0-0fcc446ea9d3 | Context users@openstack setup() finished in 1.86 sec
2019-11-30 13:45:14.435 1347 INFO rally.task.context [-] Task 6bfef120-2ddf-4259-8fc0-0fcc446ea9d3 | Context api_versions@openstack setup() finished in 0.28 sec
2019-11-30 13:45:15.270 1347 INFO rally.task.context [-] Task 6bfef120-2ddf-4259-8fc0-0fcc446ea9d3 | Context quotas@openstack setup() finished in 0.83 sec
2019-11-30 13:45:15.271 1347 INFO rally.task.context [-] Task 6bfef120-2ddf-4259-8fc0-0fcc446ea9d3 | Context cleanup@openstack setup() finished in 0.02 msec
2019-11-30 13:45:15.609 1347 RALLYDEBUG rally.task.runner [-] Starting the constant runner (task UUID: 6bfef120-2ddf-4259-8fc0-0fcc446ea9d3). timeout: 0 concurrency: 4 concurrency_per_worker: 1 times: 10 concurrency_overhead: 0 processes_to_start: 4 max_cpu_used: 88
2019-11-30 13:45:15.621 1919 RALLYDEBUG rally.task.runner [-] Starting a worker. concurrency: 1 args: {"detailed": true, "image": "4956b583-92f3-4b97-8381-277361c14983", "size": 1} times: 10 method_name: run timeout: 0 duration: None cls:
2019-11-30 13:45:15.624 1920 RALLYDEBUG rally.task.runner [-] Starting a worker. concurrency: 1 args: {"detailed": true, "image": "4956b583-92f3-4b97-8381-277361c14983", "size": 1} times: 10 method_name: run timeout: 0 duration: None cls:
2019-11-30 13:45:15.627 1921 RALLYDEBUG rally.task.runner [-] Starting a worker. concurrency: 1 args: {"detailed": true, "image": "4956b583-92f3-4b97-8381-277361c14983", "size": 1} times: 10 method_name: run timeout: 0 duration: None cls:
2019-11-30 13:45:15.630 1919 INFO rally.task.runner [-] Task 6bfef120-2ddf-4259-8fc0-0fcc446ea9d3 | ITER: 1 START
2019-11-30 13:45:15.630 1922 RALLYDEBUG rally.task.runner [-] Starting a worker. concurrency: 1 args: {"detailed": true, "image": "4956b583-92f3-4b97-8381-277361c14983", "size": 1} times: 10 method_name: run timeout: 0 duration: None cls:
2019-11-30 13:45:15.634 1920 INFO rally.task.runner [-] Task 6bfef120-2ddf-4259-8fc0-0fcc446ea9d3 | ITER: 2 START
2019-11-30 13:45:15.636 1921 INFO rally.task.runner [-] Task 6bfef120-2ddf-4259-8fc0-0fcc446ea9d3 | ITER: 3 START
2019-11-30 13:45:15.639 1922 INFO rally.task.runner [-] Task 6bfef120-2ddf-4259-8fc0-0fcc446ea9d3 | ITER: 4 START
2019-11-30 13:45:21.229 1920 RALLYDEBUG rally.task.utils [-] Waiting for resource s_rally_38d425c8_hXfrX9Dw. Status changed: CREATING => DOWNLOADING in 2.30887103081
2019-11-30 13:45:21.591 1921 RALLYDEBUG rally.task.utils [-] Waiting for resource s_rally_38d425c8_ZdCYGUfz. Status changed: CREATING => DOWNLOADING in 2.472001791
2019-11-30 13:45:21.595 1919 RALLYDEBUG rally.task.utils [-] Waiting for resource s_rally_38d425c8_ejP7fVsZ. Status changed: CREATING => DOWNLOADING in 2.44718503952
2019-11-30 13:45:21.815 1922 RALLYDEBUG rally.task.utils [-] Waiting for resource s_rally_38d425c8_ymzhrgar. Status changed: CREATING => DOWNLOADING in 2.76330089569
2019-11-30 13:45:25.439 1920 RALLYDEBUG rally.task.utils [-] Waiting for resource s_rally_38d425c8_hXfrX9Dw. Status changed: DOWNLOADING => AVAILABLE in 4.21027803421
2019-11-30 13:45:25.522 1920 INFO rally.task.runner [-] Task 6bfef120-2ddf-4259-8fc0-0fcc446ea9d3 | ITER: 2 END: OK
2019-11-30 13:45:25.528 1920 INFO rally.task.runner [-] Task 6bfef120-2ddf-4259-8fc0-0fcc446ea9d3 | ITER: 5 START
2019-11-30 13:45:25.901 1921 RALLYDEBUG rally.task.utils [-] Waiting for resource s_rally_38d425c8_ZdCYGUfz. Status changed: DOWNLOADING => AVAILABLE in 4.31061005592
2019-11-30 13:45:26.043 1921 INFO rally.task.runner [-] Task 6bfef120-2ddf-4259-8fc0-0fcc446ea9d3 | ITER: 3 END: OK
2019-11-30 13:45:26.049 1921 INFO rally.task.runner [-] Task 6bfef120-2ddf-4259-8fc0-0fcc446ea9d3 | ITER: 6 START
2019-11-30 13:45:26.068 1922 RALLYDEBUG rally.task.utils [-] Waiting for resource s_rally_38d425c8_ymzhrgar. Status changed: DOWNLOADING => AVAILABLE in 4.25328803062
2019-11-30 13:45:26.173 1922 INFO rally.task.runner [-] Task 6bfef120-2ddf-4259-8fc0-0fcc446ea9d3 | ITER: 4 END: OK
2019-11-30 13:45:26.179 1922 INFO rally.task.runner [-] Task 6bfef120-2ddf-4259-8fc0-0fcc446ea9d3 | ITER: 7 START
2019-11-30 13:45:27.997 1919 RALLYDEBUG rally.task.utils [-] Waiting for resource s_rally_38d425c8_ejP7fVsZ. Status changed: DOWNLOADING => AVAILABLE in 6.4015750885
2019-11-30 13:45:28.101 1919 INFO rally.task.runner [-] Task 6bfef120-2ddf-4259-8fc0-0fcc446ea9d3 | ITER: 1 END: OK
2019-11-30 13:45:28.108 1919 INFO rally.task.runner [-] Task 6bfef120-2ddf-4259-8fc0-0fcc446ea9d3 | ITER: 8 START
2019-11-30 13:45:30.691 1920 RALLYDEBUG rally.task.utils [-] Waiting for resource s_rally_38d425c8_YlS3VQBR. Status changed: CREATING => DOWNLOADING in 2.33078217506
2019-11-30 13:45:31.329 1921 RALLYDEBUG rally.task.utils [-] Waiting for resource s_rally_38d425c8_HfHhemtV. Status changed: CREATING => DOWNLOADING in 2.31598210335
2019-11-30 13:45:31.553 1922 RALLYDEBUG rally.task.utils [-] Waiting for resource s_rally_38d425c8_fmXDLH17. Status changed: CREATING => DOWNLOADING in 2.51415085793
2019-11-30 13:45:33.281 1919 RALLYDEBUG rally.task.utils [-] Waiting for resource s_rally_38d425c8_8OmU6Q37. Status changed: CREATING => DOWNLOADING in 2.31283688545
2019-11-30 13:45:35.025 1920 RALLYDEBUG rally.task.utils [-] Waiting for resource s_rally_38d425c8_YlS3VQBR. Status changed: DOWNLOADING => AVAILABLE in 4.33416485786
2019-11-30 13:45:35.126 1920 INFO rally.task.runner [-] Task 6bfef120-2ddf-4259-8fc0-0fcc446ea9d3 | ITER: 5 END: OK
2019-11-30 13:45:35.132 1920 INFO rally.task.runner [-] Task 6bfef120-2ddf-4259-8fc0-0fcc446ea9d3 | ITER: 9 START
2019-11-30 13:45:35.580 1921 RALLYDEBUG rally.task.utils [-] Waiting for resource s_rally_38d425c8_HfHhemtV. Status changed: DOWNLOADING => AVAILABLE in 4.25146698952
2019-11-30 13:45:35.674 1921 INFO rally.task.runner [-] Task 6bfef120-2ddf-4259-8fc0-0fcc446ea9d3 | ITER: 6 END: OK
2019-11-30 13:45:35.681 1921 INFO rally.task.runner [-] Task 6bfef120-2ddf-4259-8fc0-0fcc446ea9d3 | ITER: 10 START
2019-11-30 13:45:35.751 1922 RALLYDEBUG rally.task.utils [-] Waiting for resource s_rally_38d425c8_fmXDLH17. Status changed: DOWNLOADING => AVAILABLE in 4.19838809967
2019-11-30 13:45:35.861 1922 INFO rally.task.runner [-] Task 6bfef120-2ddf-4259-8fc0-0fcc446ea9d3 | ITER: 7 END: OK
2019-11-30 13:45:37.493 1919 RALLYDEBUG rally.task.utils [-] Waiting for resource s_rally_38d425c8_8OmU6Q37. Status changed: DOWNLOADING => AVAILABLE in 4.21216201782
2019-11-30 13:45:37.593 1919 INFO rally.task.runner [-] Task 6bfef120-2ddf-4259-8fc0-0fcc446ea9d3 | ITER: 8 END: OK
2019-11-30 13:45:40.374 1920 RALLYDEBUG rally.task.utils [-] Waiting for resource s_rally_38d425c8_2ZrXEqo8. Status changed: CREATING => DOWNLOADING in 2.31182694435
2019-11-30 13:45:40.794 1921 RALLYDEBUG rally.task.utils [-] Waiting for resource s_rally_38d425c8_h1jn5pIi. Status changed: CREATING => DOWNLOADING in 2.32740902901
2019-11-30 13:45:44.586 1920 RALLYDEBUG rally.task.utils [-] Waiting for resource s_rally_38d425c8_2ZrXEqo8. Status changed: DOWNLOADING => AVAILABLE in 4.21186995506
2019-11-30 13:45:44.675 1920 INFO rally.task.runner [-] Task 6bfef120-2ddf-4259-8fc0-0fcc446ea9d3 | ITER: 9 END: OK
2019-11-30 13:45:44.995 1921 RALLYDEBUG rally.task.utils [-] Waiting for resource s_rally_38d425c8_h1jn5pIi. Status changed: DOWNLOADING => AVAILABLE in 4.20138597488
2019-11-30 13:45:45.100 1921 INFO rally.task.runner [-] Task 6bfef120-2ddf-4259-8fc0-0fcc446ea9d3 | ITER: 10 END: OK
2019-11-30 13:45:45.119 1347 INFO rally.task.context [-] Task 6bfef120-2ddf-4259-8fc0-0fcc446ea9d3 | Context cleanup@openstack cleanup() started
2019-11-30 13:45:45.123 1347 RALLYDEBUG rally_openstack.cleanup.manager [-] Cleaning up cinder backups objects
2019-11-30 13:45:46.030 1347 RALLYDEBUG rally_openstack.cleanup.manager [-] Cleaning up cinder volume_snapshots objects
2019-11-30 13:45:46.651 1347 RALLYDEBUG rally_openstack.cleanup.manager [-] Cleaning up cinder transfers objects
2019-11-30 13:45:47.241 1347 RALLYDEBUG rally_openstack.cleanup.manager [-] Cleaning up cinder volumes objects
2019-11-30 13:45:48.032 1347 RALLYDEBUG rally_openstack.cleanup.manager [-] Deleting cinder.volumes object s_rally_38d425c8_8OmU6Q37 (6bb0af76-b65b-4709-8b41-d3c2b1c22aa5)
2019-11-30 13:45:48.038 1347 RALLYDEBUG rally_openstack.cleanup.manager [-] Deleting cinder.volumes object s_rally_38d425c8_h1jn5pIi (ca634a9f-993d-446d-927d-b9620f04a087)
2019-11-30 13:45:48.040 1347 RALLYDEBUG rally_openstack.cleanup.manager [-] Deleting cinder.volumes object s_rally_38d425c8_ejP7fVsZ (58002653-afbf-43b1-8d33-dad254d0a01e)
2019-11-30 13:45:48.045 1347 RALLYDEBUG rally_openstack.cleanup.manager [-] Deleting cinder.volumes object s_rally_38d425c8_ymzhrgar (5b87705b-de6e-457c-8076-713528ea371c)
2019-11-30 13:45:48.054 1347 RALLYDEBUG rally_openstack.cleanup.manager [-] Deleting cinder.volumes object s_rally_38d425c8_fmXDLH17 (f44e67a6-9e18-4eb7-bbe4-69be31f6dcb4)
2019-11-30 13:45:48.053 1347 RALLYDEBUG rally_openstack.cleanup.manager [-] Deleting cinder.volumes object s_rally_38d425c8_HfHhemtV (086ab4fd-5322-4bee-a04d-22adbbaf7921)
2019-11-30 13:45:48.078 1347 RALLYDEBUG rally_openstack.cleanup.manager [-] Deleting cinder.volumes object s_rally_38d425c8_2ZrXEqo8 (521557b7-c46f-4e1b-a15e-a14c63e60326)
2019-11-30 13:45:48.093 1347 RALLYDEBUG rally_openstack.cleanup.manager [-] Deleting cinder.volumes object s_rally_38d425c8_hXfrX9Dw (17aab5e1-bf8e-4516-af3c-44667a51dd40)
2019-11-30 13:45:48.101 1347 RALLYDEBUG rally_openstack.cleanup.manager [-] Deleting cinder.volumes object s_rally_38d425c8_ZdCYGUfz (a7d6e728-5187-4572-ae34-bce2d52c40c1)
2019-11-30 13:45:48.109 1347 RALLYDEBUG rally_openstack.cleanup.manager [-] Deleting cinder.volumes object s_rally_38d425c8_YlS3VQBR (1231eba3-bb59-49b9-a957-0dc3aeaf18fe)
2019-11-30 13:45:52.626 1347 INFO rally.task.context [-] Task 6bfef120-2ddf-4259-8fc0-0fcc446ea9d3 | Context cleanup@openstack cleanup() finished in 7.51 sec
2019-11-30 13:45:52.627 1347 INFO rally.task.context [-] Task 6bfef120-2ddf-4259-8fc0-0fcc446ea9d3 | Context quotas@openstack cleanup() started
2019-11-30 13:45:52.767 1347 INFO rally.task.context [-] Task 6bfef120-2ddf-4259-8fc0-0fcc446ea9d3 | Context quotas@openstack cleanup() finished in 0.14 sec
2019-11-30 13:45:52.768 1347 INFO rally.task.context [-] Task 6bfef120-2ddf-4259-8fc0-0fcc446ea9d3 | Context api_versions@openstack cleanup() started
2019-11-30 13:45:52.768 1347 INFO rally.task.context [-] Task 6bfef120-2ddf-4259-8fc0-0fcc446ea9d3 | Context api_versions@openstack cleanup() finished in 0.36 msec
2019-11-30 13:45:52.769 1347 INFO rally.task.context [-] Task 6bfef120-2ddf-4259-8fc0-0fcc446ea9d3 | Context users@openstack cleanup() started
2019-11-30 13:45:56.848 1347 INFO rally.task.context [-] Task 6bfef120-2ddf-4259-8fc0-0fcc446ea9d3 | Context users@openstack cleanup() finished in 4.08 sec
2019-11-30 13:45:58.495 1347 INFO rally.task.engine [-] Load duration is: 29.466606
2019-11-30 13:45:58.495 1347 INFO rally.task.engine [-] Full runner duration is: 29.510635
2019-11-30 13:45:58.496 1347 INFO rally.task.engine [-] Full duration is: 44.556366
2019-11-30 13:45:58.554 1347 INFO rally.task.engine [-] Running workload: position = 1 config = { "version": 2, "title": "A cropped version of a bigger task.", "description": "Auto-generated task from a single workload (uuid=044350e0-d8f6-4b10-b743-7fb8fe8997b6)", "subtasks": [ { "title": "CinderVolumes.create_and_list_volume", "description": "Create a volume and list all volumes.", "scenario": { "CinderVolumes.create_and_list_volume": { "detailed": true, "size": 1 } }, "contexts": { "users": { "tenants": 3, "users_per_tenant": 2 }, "quotas": { "cinder": { "gigabytes": -1, "snapshots": -1, "volumes": -1 } }, "api_versions": { "cinder": { "version": 3, "service_type": "volumev3" } } }, "runner": { "constant": { "concurrency": 4, "times": 10 } }, "hooks": [], "sla": { "failure_rate": { "max": 0 } } } ] }
2019-11-30 13:45:58.569 1347 RALLYDEBUG rally_openstack.contexts.keystone.users [-] Creating 3 tenants using 20 threads
2019-11-30 13:45:59.204 1347 RALLYDEBUG rally_openstack.contexts.keystone.users [-] Creating 6 users using 20 threads
2019-11-30 13:46:00.500 1347 INFO rally.task.context [-] Task 6bfef120-2ddf-4259-8fc0-0fcc446ea9d3 | Context users@openstack setup() finished in 1.93 sec
2019-11-30 13:46:00.747 1347 INFO rally.task.context [-] Task 6bfef120-2ddf-4259-8fc0-0fcc446ea9d3 | Context api_versions@openstack setup() finished in 0.25 sec
2019-11-30 13:46:01.541 1347 INFO rally.task.context [-] Task 6bfef120-2ddf-4259-8fc0-0fcc446ea9d3 | Context quotas@openstack setup() finished in 0.79 sec
2019-11-30 13:46:01.541 1347 INFO rally.task.context [-] Task 6bfef120-2ddf-4259-8fc0-0fcc446ea9d3 | Context cleanup@openstack setup() finished in 0.14 msec
2019-11-30 13:46:01.551 1347 RALLYDEBUG rally.task.runner [-] Starting the constant runner (task UUID: 6bfef120-2ddf-4259-8fc0-0fcc446ea9d3). timeout: 0 concurrency: 4 concurrency_per_worker: 1 times: 10 concurrency_overhead: 0 processes_to_start: 4 max_cpu_used: 88
2019-11-30 13:46:01.567 2103 RALLYDEBUG rally.task.runner [-] Starting a worker. concurrency: 1 args: {"detailed": true, "size": 1} times: 10 method_name: run timeout: 0 duration: None cls:
2019-11-30 13:46:01.571 2104 RALLYDEBUG rally.task.runner [-] Starting a worker. concurrency: 1 args: {"detailed": true, "size": 1} times: 10 method_name: run timeout: 0 duration: None cls:
2019-11-30 13:46:01.573 2103 INFO rally.task.runner [-] Task 6bfef120-2ddf-4259-8fc0-0fcc446ea9d3 | ITER: 1 START
2019-11-30 13:46:01.573 2105 RALLYDEBUG rally.task.runner [-] Starting a worker. concurrency: 1 args: {"detailed": true, "size": 1} times: 10 method_name: run timeout: 0 duration: None cls:
2019-11-30 13:46:01.576 2106 RALLYDEBUG rally.task.runner [-] Starting a worker. concurrency: 1 args: {"detailed": true, "size": 1} times: 10 method_name: run timeout: 0 duration: None cls:
2019-11-30 13:46:01.579 2104 INFO rally.task.runner [-] Task 6bfef120-2ddf-4259-8fc0-0fcc446ea9d3 | ITER: 2 START
2019-11-30 13:46:01.582 2105 INFO rally.task.runner [-] Task 6bfef120-2ddf-4259-8fc0-0fcc446ea9d3 | ITER: 3 START
2019-11-30 13:46:01.586 2106 INFO rally.task.runner [-] Task 6bfef120-2ddf-4259-8fc0-0fcc446ea9d3 | ITER: 4 START
2019-11-30 13:46:05.660 2104 INFO rally.task.runner [-] Task 6bfef120-2ddf-4259-8fc0-0fcc446ea9d3 | ITER: 2 END: OK
2019-11-30 13:46:05.661 2103 INFO rally.task.runner [-] Task 6bfef120-2ddf-4259-8fc0-0fcc446ea9d3 | ITER: 1 END: OK
2019-11-30 13:46:05.666 2104 INFO rally.task.runner [-] Task 6bfef120-2ddf-4259-8fc0-0fcc446ea9d3 | ITER: 5 START
2019-11-30 13:46:05.667 2103 INFO rally.task.runner [-] Task 6bfef120-2ddf-4259-8fc0-0fcc446ea9d3 | ITER: 6 START
2019-11-30 13:46:05.680 2106 INFO rally.task.runner [-] Task 6bfef120-2ddf-4259-8fc0-0fcc446ea9d3 | ITER: 4 END: OK
2019-11-30 13:46:05.681 2105 INFO rally.task.runner [-] Task 6bfef120-2ddf-4259-8fc0-0fcc446ea9d3 | ITER: 3 END: OK
2019-11-30 13:46:05.686 2105 INFO rally.task.runner [-] Task 6bfef120-2ddf-4259-8fc0-0fcc446ea9d3 | ITER: 7 START
2019-11-30 13:46:05.687 2106 INFO rally.task.runner [-] Task 6bfef120-2ddf-4259-8fc0-0fcc446ea9d3 | ITER: 8 START
2019-11-30 13:46:09.143 2105 INFO rally.task.runner [-] Task 6bfef120-2ddf-4259-8fc0-0fcc446ea9d3 | ITER: 7 END: OK
2019-11-30 13:46:09.149 2105 INFO rally.task.runner [-] Task 6bfef120-2ddf-4259-8fc0-0fcc446ea9d3 | ITER: 9 START
2019-11-30 13:46:09.297 2103 INFO rally.task.runner [-] Task 6bfef120-2ddf-4259-8fc0-0fcc446ea9d3 | ITER: 6 END: OK
2019-11-30 13:46:09.304 2103 INFO rally.task.runner [-] Task 6bfef120-2ddf-4259-8fc0-0fcc446ea9d3 | ITER: 10 START
2019-11-30 13:46:09.382 2104 INFO rally.task.runner [-] Task 6bfef120-2ddf-4259-8fc0-0fcc446ea9d3 | ITER: 5 END: OK
2019-11-30 13:46:09.444 2106 INFO rally.task.runner [-] Task 6bfef120-2ddf-4259-8fc0-0fcc446ea9d3 | ITER: 8 END: OK
2019-11-30 13:46:12.226 2105 INFO rally.task.runner [-] Task 6bfef120-2ddf-4259-8fc0-0fcc446ea9d3 | ITER: 9 END: OK
2019-11-30 13:46:12.230 2103 INFO rally.task.runner [-] Task 6bfef120-2ddf-4259-8fc0-0fcc446ea9d3 | ITER: 10 END: OK
2019-11-30 13:46:12.251 1347 INFO rally.task.context [-] Task 6bfef120-2ddf-4259-8fc0-0fcc446ea9d3 | Context cleanup@openstack cleanup() started
2019-11-30 13:46:12.255 1347 RALLYDEBUG rally_openstack.cleanup.manager [-] Cleaning up cinder backups objects
2019-11-30 13:46:13.008 1347 RALLYDEBUG rally_openstack.cleanup.manager [-] Cleaning up cinder volume_snapshots objects
2019-11-30 13:46:13.616 1347 RALLYDEBUG rally_openstack.cleanup.manager [-] Cleaning up cinder transfers objects
2019-11-30 13:46:14.201 1347 RALLYDEBUG rally_openstack.cleanup.manager [-] Cleaning up cinder volumes objects
2019-11-30 13:46:15.030 1347 RALLYDEBUG rally_openstack.cleanup.manager [-] Deleting cinder.volumes object s_rally_044350e0_lCSj2VBy (7e75946a-85e0-4613-8f91-998ab7933439)
2019-11-30 13:46:15.036 1347 RALLYDEBUG rally_openstack.cleanup.manager [-] Deleting cinder.volumes object s_rally_044350e0_4Fwnakfg (4d0b66e3-f013-4665-ba07-50a83a33898f)
2019-11-30 13:46:15.033 1347 RALLYDEBUG rally_openstack.cleanup.manager [-] Deleting cinder.volumes object s_rally_044350e0_LefC0b1o (50aa566d-fa2c-4c46-92ad-fd34b19d26bb)
2019-11-30 13:46:15.043 1347 RALLYDEBUG rally_openstack.cleanup.manager [-] Deleting cinder.volumes object s_rally_044350e0_c2dFaHxt (f3e6ff84-4550-4f21-a6a0-5005f2d64d92)
2019-11-30 13:46:15.048 1347 RALLYDEBUG rally_openstack.cleanup.manager [-] Deleting cinder.volumes object s_rally_044350e0_gOPysayI (9ea3c721-79da-4852-b8ef-4e9fe914e1b9)
2019-11-30 13:46:15.058 1347 RALLYDEBUG rally_openstack.cleanup.manager [-] Deleting cinder.volumes object s_rally_044350e0_8p2Ob4ZL (fd1d11e5-17aa-4f9c-977d-290cec3b92a3)
2019-11-30 13:46:15.068 1347 RALLYDEBUG rally_openstack.cleanup.manager [-] Deleting cinder.volumes object s_rally_044350e0_AKPKeM1c (befc9b21-ead3-4c45-a411-e595c6cf0468)
2019-11-30 13:46:15.102 1347 RALLYDEBUG rally_openstack.cleanup.manager [-] Deleting cinder.volumes object s_rally_044350e0_V3vQwUWT (c80c8236-0fab-4add-8ca2-c671516af916)
2019-11-30 13:46:15.112 1347 RALLYDEBUG rally_openstack.cleanup.manager [-] Deleting cinder.volumes object s_rally_044350e0_vMUxnsbu (c9906dbf-c645-4d1d-9d3a-5d78509d26f9)
2019-11-30 13:46:15.141 1347 RALLYDEBUG rally_openstack.cleanup.manager [-] Deleting cinder.volumes object s_rally_044350e0_ampDlYQm (e65c0939-7aa3-476e-8a43-8f4aa9c8a95f)
2019-11-30 13:46:19.469 1347 INFO rally.task.context [-] Task 6bfef120-2ddf-4259-8fc0-0fcc446ea9d3 | Context cleanup@openstack cleanup() finished in 7.22 sec
2019-11-30 13:46:19.470 1347 INFO rally.task.context [-] Task 6bfef120-2ddf-4259-8fc0-0fcc446ea9d3 | Context quotas@openstack cleanup() started
2019-11-30 13:46:19.611 1347 INFO rally.task.context [-] Task 6bfef120-2ddf-4259-8fc0-0fcc446ea9d3 | Context quotas@openstack cleanup() finished in 0.14 sec
2019-11-30 13:46:19.611 1347 INFO rally.task.context [-] Task 6bfef120-2ddf-4259-8fc0-0fcc446ea9d3 | Context api_versions@openstack cleanup() started
2019-11-30 13:46:19.612 1347 INFO rally.task.context [-] Task 6bfef120-2ddf-4259-8fc0-0fcc446ea9d3 | Context api_versions@openstack cleanup() finished in 0.37 msec
2019-11-30 13:46:19.612 1347 INFO rally.task.context [-] Task 6bfef120-2ddf-4259-8fc0-0fcc446ea9d3 | Context users@openstack cleanup() started
2019-11-30 13:46:23.340 1347 INFO rally.task.context [-] Task 6bfef120-2ddf-4259-8fc0-0fcc446ea9d3 | Context users@openstack cleanup() finished in 3.73 sec
2019-11-30 13:46:24.686 1347 INFO rally.task.engine [-] Load duration is: 10.654413
2019-11-30 13:46:24.687 1347 INFO rally.task.engine [-] Full runner duration is: 10.700549
2019-11-30 13:46:24.687 1347 INFO rally.task.engine [-] Full duration is: 24.773989
2019-11-30 13:46:24.774 1347 INFO rally.task.engine [-] Running workload: position = 0 config = { "version": 2, "title": "A cropped version of a bigger task.", "description": "Auto-generated task from a single workload (uuid=05242afe-1a40-4610-a8d3-3d3488f7aaa3)", "subtasks": [ { "title": "CinderVolumes.create_and_upload_volume_to_image", "description": "Create and upload a volume to image.", "scenario": { "CinderVolumes.create_and_upload_volume_to_image": { "container_format": "bare", "disk_format": "raw", "do_delete": true, "force": false, "size": 1 } }, "contexts": { "users": { "tenants": 3, "users_per_tenant": 2 }, "quotas": { "cinder": { "gigabytes": -1, "snapshots": -1, "volumes": -1 } }, "api_versions": { "cinder": { "version": 3, "service_type": "volumev3" } } }, "runner": { "constant": { "concurrency": 4, "times": 10 } }, "hooks": [], "sla": { "failure_rate": { "max": 0 } } } ] }
2019-11-30 13:46:24.791 1347 RALLYDEBUG rally_openstack.contexts.keystone.users [-] Creating 3 tenants using 20 threads
2019-11-30 13:46:25.443 1347 RALLYDEBUG rally_openstack.contexts.keystone.users [-] Creating 6 users using 20 threads
2019-11-30 13:46:26.751 1347 INFO rally.task.context [-] Task 6bfef120-2ddf-4259-8fc0-0fcc446ea9d3 | Context users@openstack setup() finished in 1.96 sec
2019-11-30 13:46:26.968 1347 INFO rally.task.context [-] Task 6bfef120-2ddf-4259-8fc0-0fcc446ea9d3 | Context api_versions@openstack setup() finished in 0.22 sec
2019-11-30 13:46:27.724 1347 INFO rally.task.context [-] Task 6bfef120-2ddf-4259-8fc0-0fcc446ea9d3 | Context quotas@openstack setup() finished in 0.76 sec
2019-11-30 13:46:27.725 1347 INFO rally.task.context [-] Task 6bfef120-2ddf-4259-8fc0-0fcc446ea9d3 | Context cleanup@openstack setup() finished in 0.04 msec
2019-11-30 13:46:27.734 1347 RALLYDEBUG rally.task.runner [-] Starting the constant runner (task UUID: 6bfef120-2ddf-4259-8fc0-0fcc446ea9d3). timeout: 0 concurrency: 4 concurrency_per_worker: 1 times: 10 concurrency_overhead: 0 processes_to_start: 4 max_cpu_used: 88
2019-11-30 13:46:27.748 2287 RALLYDEBUG rally.task.runner [-] Starting a worker. concurrency: 1 args: {"container_format": "bare", "disk_format": "raw", "do_delete": true, "force": false, "size": 1} times: 10 method_name: run timeout: 0 duration: None cls:
2019-11-30 13:46:27.752 2288 RALLYDEBUG rally.task.runner [-] Starting a worker. concurrency: 1 args: {"container_format": "bare", "disk_format": "raw", "do_delete": true, "force": false, "size": 1} times: 10 method_name: run timeout: 0 duration: None cls:
2019-11-30 13:46:27.755 2289 RALLYDEBUG rally.task.runner [-] Starting a worker. concurrency: 1 args: {"container_format": "bare", "disk_format": "raw", "do_delete": true, "force": false, "size": 1} times: 10 method_name: run timeout: 0 duration: None cls:
2019-11-30 13:46:27.756 2287 INFO rally.task.runner [-] Task 6bfef120-2ddf-4259-8fc0-0fcc446ea9d3 | ITER: 1 START
2019-11-30 13:46:27.757 2290 RALLYDEBUG rally.task.runner [-] Starting a worker. concurrency: 1 args: {"container_format": "bare", "disk_format": "raw", "do_delete": true, "force": false, "size": 1} times: 10 method_name: run timeout: 0 duration: None cls:
2019-11-30 13:46:27.760 2288 INFO rally.task.runner [-] Task 6bfef120-2ddf-4259-8fc0-0fcc446ea9d3 | ITER: 2 START
2019-11-30 13:46:27.763 2289 INFO rally.task.runner [-] Task 6bfef120-2ddf-4259-8fc0-0fcc446ea9d3 | ITER: 3 START
2019-11-30 13:46:27.767 2290 INFO rally.task.runner [-] Task 6bfef120-2ddf-4259-8fc0-0fcc446ea9d3 | ITER: 4 START
2019-11-30 13:46:31.377 2288 RALLYDEBUG rally.task.utils [-] Waiting for resource s_rally_05242afe_B6blEpu1. Status changed: AVAILABLE => UPLOADING in 0.227131128311
2019-11-30 13:46:31.772 2290 RALLYDEBUG rally.task.utils [-] Waiting for resource s_rally_05242afe_Nmo1e19R. Status changed: AVAILABLE => UPLOADING in 0.219708919525
2019-11-30 13:46:31.783 2287 RALLYDEBUG rally.task.utils [-] Waiting for resource s_rally_05242afe_OCloi6X1. Status changed: AVAILABLE => UPLOADING in 0.0869059562683
2019-11-30 13:46:32.015 2289 RALLYDEBUG rally.task.utils [-] Waiting for resource s_rally_05242afe_dkLM8auk. Status changed: AVAILABLE => UPLOADING in 0.0917580127716
2019-11-30 13:46:44.504 2287 RALLYDEBUG rally.task.utils [-] Waiting for resource s_rally_05242afe_OCloi6X1. Status changed: UPLOADING => AVAILABLE in 12.7207050323
2019-11-30 13:46:44.881 2287 RALLYDEBUG rally.task.utils [-] Waiting for resource s_rally_05242afe_OCloi6X1. Status changed: AVAILABLE => DELETING in 0.0962600708008
2019-11-30 13:46:48.965 2287 INFO rally.task.runner [-] Task 6bfef120-2ddf-4259-8fc0-0fcc446ea9d3 | ITER: 1 END: OK
2019-11-30 13:46:48.972 2287 INFO rally.task.runner [-] Task 6bfef120-2ddf-4259-8fc0-0fcc446ea9d3 | ITER: 5 START
2019-11-30 13:46:52.322 2287 RALLYDEBUG rally.task.utils [-] Waiting for resource s_rally_05242afe_IsSJ0mQH. Status changed: AVAILABLE => UPLOADING in 0.109183073044
2019-11-30 13:46:54.679 2288 RALLYDEBUG rally.task.utils [-] Waiting for resource s_rally_05242afe_B6blEpu1. Status changed: UPLOADING => AVAILABLE in 23.3017070293
2019-11-30 13:46:55.052 2288 RALLYDEBUG rally.task.utils [-] Waiting for resource s_rally_05242afe_B6blEpu1. Status changed: AVAILABLE => DELETING in 0.105139970779
2019-11-30 13:46:57.016 2290 RALLYDEBUG rally.task.utils [-] Waiting for resource s_rally_05242afe_Nmo1e19R. Status changed: UPLOADING => AVAILABLE in 25.2440500259
2019-11-30 13:46:57.318 2289 RALLYDEBUG rally.task.utils [-] Waiting for resource s_rally_05242afe_dkLM8auk. Status changed: UPLOADING => AVAILABLE in 25.3034279346
2019-11-30 13:46:57.454 2290 RALLYDEBUG rally.task.utils [-] Waiting for resource s_rally_05242afe_Nmo1e19R. Status changed: AVAILABLE => DELETING in 0.105374097824
2019-11-30 13:46:57.755 2289 RALLYDEBUG rally.task.utils [-] Waiting for resource s_rally_05242afe_dkLM8auk. Status changed: AVAILABLE => DELETING in 0.104228019714
2019-11-30 13:46:58.939 2288 INFO rally.task.runner [-] Task 6bfef120-2ddf-4259-8fc0-0fcc446ea9d3 | ITER: 2 END: OK
2019-11-30 13:46:58.949 2288 INFO rally.task.runner [-] Task 6bfef120-2ddf-4259-8fc0-0fcc446ea9d3 | ITER: 6 START
2019-11-30 13:47:01.735 2290 INFO rally.task.runner [-] Task 6bfef120-2ddf-4259-8fc0-0fcc446ea9d3 | ITER: 4 END: OK
2019-11-30 13:47:01.745 2290 INFO rally.task.runner [-] Task 6bfef120-2ddf-4259-8fc0-0fcc446ea9d3 | ITER: 7 START
2019-11-30 13:47:01.914 2289 INFO rally.task.runner [-] Task 6bfef120-2ddf-4259-8fc0-0fcc446ea9d3 | ITER: 3 END: OK
2019-11-30 13:47:01.921 2289 INFO rally.task.runner [-] Task 6bfef120-2ddf-4259-8fc0-0fcc446ea9d3 | ITER: 8 START
2019-11-30 13:47:02.362 2288 RALLYDEBUG rally.task.utils [-] Waiting for resource s_rally_05242afe_Oo7o8ivB. Status changed: AVAILABLE => UPLOADING in 0.135927200317
2019-11-30 13:47:05.199 2287 RALLYDEBUG rally.task.utils [-] Waiting for resource s_rally_05242afe_IsSJ0mQH. Status changed: UPLOADING => AVAILABLE in 12.8758859634
2019-11-30 13:47:05.518 2290 RALLYDEBUG rally.task.utils [-] Waiting for resource s_rally_05242afe_BWAlhQNI. Status changed: AVAILABLE => UPLOADING in 0.168437957764
2019-11-30 13:47:05.658 2289 RALLYDEBUG rally.task.utils [-] Waiting for resource s_rally_05242afe_7cU9WqKq. Status changed: AVAILABLE => UPLOADING in 0.180855989456
2019-11-30 13:47:05.679 2287 RALLYDEBUG rally.task.utils [-] Waiting for resource s_rally_05242afe_IsSJ0mQH. Status changed: AVAILABLE => DELETING in 0.135385990143
2019-11-30 13:47:09.991 2287 INFO rally.task.runner [-] Task 6bfef120-2ddf-4259-8fc0-0fcc446ea9d3 | ITER: 5 END: OK
2019-11-30 13:47:10.000 2287 INFO rally.task.runner [-] Task 6bfef120-2ddf-4259-8fc0-0fcc446ea9d3 | ITER: 9 START
2019-11-30 13:47:13.365 2287 RALLYDEBUG rally.task.utils [-] Waiting for resource s_rally_05242afe_cUtIFTwp. Status changed: AVAILABLE => UPLOADING in 0.100879907608
2019-11-30 13:47:17.212 2288 RALLYDEBUG rally.task.utils [-] Waiting for resource s_rally_05242afe_Oo7o8ivB. Status changed: UPLOADING => AVAILABLE in 14.8492939472
2019-11-30 13:47:17.771 2288 RALLYDEBUG rally.task.utils [-] Waiting for resource s_rally_05242afe_Oo7o8ivB. Status changed: AVAILABLE => DELETING in 0.325035095215
2019-11-30 13:47:18.378 2289 RALLYDEBUG rally.task.utils [-] Waiting for resource s_rally_05242afe_7cU9WqKq. Status changed: UPLOADING => AVAILABLE in 12.7196931839
2019-11-30 13:47:18.744 2289 RALLYDEBUG rally.task.utils [-] Waiting for resource s_rally_05242afe_7cU9WqKq. Status changed: AVAILABLE => DELETING in 0.118392944336
2019-11-30 13:47:21.896 2288 INFO rally.task.runner [-] Task 6bfef120-2ddf-4259-8fc0-0fcc446ea9d3 | ITER: 6 END: OK
2019-11-30 13:47:21.905 2288 INFO rally.task.runner [-] Task 6bfef120-2ddf-4259-8fc0-0fcc446ea9d3 | ITER: 10 START
2019-11-30 13:47:22.542 2290 RALLYDEBUG rally.task.utils [-] Waiting for resource s_rally_05242afe_BWAlhQNI. Status changed: UPLOADING => AVAILABLE in 17.0234880447
2019-11-30 13:47:22.906 2289 INFO rally.task.runner [-] Task 6bfef120-2ddf-4259-8fc0-0fcc446ea9d3 | ITER: 8 END: OK
