2019-11-30 13:38:00.323 725 DEBUG novaclient.v2.client [-] REQ: curl -g -i -X GET http://compute-airship.intel-pod17.opnfv.org:80/v2/2d9295927dd1440bb8d40c009e85382e/flavors/28cf5807-bb4a-406f-935c-219934b28531 -H "Accept: application/json" -H "User-Agent: python-novaclient" -H "X-Auth-Token: {SHA1}cdc62f646950e8a6e02f265295f1b29b5e5a151b" _http_log_request /usr/lib/python2.7/site-packages/keystoneauth1/session.py:448
2019-11-30 13:38:00.453 725 DEBUG novaclient.v2.client [-] RESP: [200] Connection: keep-alive Content-Encoding: gzip Content-Type: application/json Date: Sat, 30 Nov 2019 13:38:00 GMT Transfer-Encoding: chunked Vary: Accept-Encoding X-Compute-Request-Id: req-1e2b6146-a62f-4fe4-8896-1821ba9fe675 _http_log_response /usr/lib/python2.7/site-packages/keystoneauth1/session.py:479
2019-11-30 13:38:00.454 725 DEBUG novaclient.v2.client [-] RESP BODY: {"flavor": {"links": [{"href": "http://compute-airship.intel-pod17.opnfv.org/v2/2d9295927dd1440bb8d40c009e85382e/flavors/28cf5807-bb4a-406f-935c-219934b28531", "rel": "self"}, {"href": "http://compute-airship.intel-pod17.opnfv.org/2d9295927dd1440bb8d40c009e85382e/flavors/28cf5807-bb4a-406f-935c-219934b28531", "rel": "bookmark"}], "ram": 512, "OS-FLV-DISABLED:disabled": false, "os-flavor-access:is_public": true, "rxtx_factor": 1.0, "disk": 1, "id": "28cf5807-bb4a-406f-935c-219934b28531", "name": "rally_full-flavor_32871dd9-75d5-411d-8e6a-af67fb3640a0", "vcpus": 1, "swap": "", "OS-FLV-EXT-DATA:ephemeral": 0}} _http_log_response /usr/lib/python2.7/site-packages/keystoneauth1/session.py:511
2019-11-30 13:38:00.454 725 DEBUG novaclient.v2.client [-] GET call to compute for http://compute-airship.intel-pod17.opnfv.org:80/v2/2d9295927dd1440bb8d40c009e85382e/flavors/28cf5807-bb4a-406f-935c-219934b28531 used request id req-1e2b6146-a62f-4fe4-8896-1821ba9fe675 request /usr/lib/python2.7/site-packages/keystoneauth1/session.py:844
2019-11-30 13:38:00.886 725 INFO rally.task.context [-] Task 7664ea34-f3d1-47ab-8436-faea8391c59a | Context users@openstack cleanup() started
2019-11-30 13:38:02.295 725 INFO rally.task.context [-] Task 7664ea34-f3d1-47ab-8436-faea8391c59a | Context users@openstack cleanup() finished in 1.41 sec
2019-11-30 13:38:02.295 725 INFO rally.task.engine [-] Task 7664ea34-f3d1-47ab-8436-faea8391c59a | Completed: Task validation of semantic.
2019-11-30 13:38:02.296 725 INFO rally.task.engine [-] Task 7664ea34-f3d1-47ab-8436-faea8391c59a | Completed: Task validation.
2019-11-30 13:38:02.296 725 INFO rally.api [-] Task 7664ea34-f3d1-47ab-8436-faea8391c59a input file is valid.
2019-11-30 13:38:02.296 725 INFO rally.api [-] Run Task 7664ea34-f3d1-47ab-8436-faea8391c59a against Deployment 7446af7b-6091-4375-b8fc-1ca0c39b07a1
2019-11-30 13:38:02.297 725 INFO rally.task.engine [-] Task 7664ea34-f3d1-47ab-8436-faea8391c59a | Starting: Running task.
2019-11-30 13:38:02.345 725 INFO rally.task.engine [-] Running workload: position = 0 config = { "version": 2, "title": "A cropped version of a bigger task.", "description": "Auto-generated task from a single workload (uuid=b5840d63-ae95-44a9-b813-fcc0b3044a4b)", "subtasks": [ { "title": "GlanceImages.create_and_delete_image", "description": "Create and then delete an image.", "scenario": { "GlanceImages.create_and_delete_image": { "container_format": "bare", "disk_format": "qcow2", "image_location": "/home/opnfv/functest/images/cirros-0.4.0-x86_64-disk.img" } }, "contexts": { "users": { "tenants": 3, "users_per_tenant": 2 } }, "runner": { "constant": { "concurrency": 4, "times": 10 } }, "hooks": [], "sla": { "failure_rate": { "max": 0 } } } ] }
2019-11-30 13:38:02.364 725 RALLYDEBUG rally_openstack.contexts.keystone.users [-] Creating 3 tenants using 20 threads
2019-11-30 13:38:02.961 725 RALLYDEBUG rally_openstack.contexts.keystone.users [-] Creating 6 users using 20 threads
2019-11-30 13:38:04.112 725 INFO rally.task.context [-] Task 7664ea34-f3d1-47ab-8436-faea8391c59a | Context users@openstack setup() finished in 1.75 sec
2019-11-30 13:38:04.112 725 INFO rally.task.context [-] Task 7664ea34-f3d1-47ab-8436-faea8391c59a | Context cleanup@openstack setup() finished in 0.01 msec
2019-11-30 13:38:04.123 725 RALLYDEBUG rally.task.runner [-] Starting the constant runner (task UUID: 7664ea34-f3d1-47ab-8436-faea8391c59a). timeout: 0 concurrency: 4 concurrency_per_worker: 1 times: 10 concurrency_overhead: 0 processes_to_start: 4 max_cpu_used: 88
2019-11-30 13:38:04.138 849 RALLYDEBUG rally.task.runner [-] Starting a worker. concurrency: 1 args: {"container_format": "bare", "disk_format": "qcow2", "image_location": "/home/opnfv/functest/images/cirros-0.4.0-x86_64-disk.img"} times: 10 method_name: run timeout: 0 duration: None cls:
2019-11-30 13:38:04.141 850 RALLYDEBUG rally.task.runner [-] Starting a worker. concurrency: 1 args: {"container_format": "bare", "disk_format": "qcow2", "image_location": "/home/opnfv/functest/images/cirros-0.4.0-x86_64-disk.img"} times: 10 method_name: run timeout: 0 duration: None cls:
2019-11-30 13:38:04.145 849 INFO rally.task.runner [-] Task 7664ea34-f3d1-47ab-8436-faea8391c59a | ITER: 1 START
2019-11-30 13:38:04.145 851 RALLYDEBUG rally.task.runner [-] Starting a worker. concurrency: 1 args: {"container_format": "bare", "disk_format": "qcow2", "image_location": "/home/opnfv/functest/images/cirros-0.4.0-x86_64-disk.img"} times: 10 method_name: run timeout: 0 duration: None cls:
2019-11-30 13:38:04.147 852 RALLYDEBUG rally.task.runner [-] Starting a worker. concurrency: 1 args: {"container_format": "bare", "disk_format": "qcow2", "image_location": "/home/opnfv/functest/images/cirros-0.4.0-x86_64-disk.img"} times: 10 method_name: run timeout: 0 duration: None cls:
2019-11-30 13:38:04.148 850 INFO rally.task.runner [-] Task 7664ea34-f3d1-47ab-8436-faea8391c59a | ITER: 2 START
2019-11-30 13:38:04.152 851 INFO rally.task.runner [-] Task 7664ea34-f3d1-47ab-8436-faea8391c59a | ITER: 3 START
2019-11-30 13:38:04.154 852 INFO rally.task.runner [-] Task 7664ea34-f3d1-47ab-8436-faea8391c59a | ITER: 4 START
2019-11-30 13:38:07.055 852 RALLYDEBUG rally.task.utils [-] Waiting for resource u'54ddac31-964c-48ca-8b01-8eed5c58dcbd'. Status changed: NONE => QUEUED in 0.102532148361
2019-11-30 13:38:07.063 849 RALLYDEBUG rally.task.utils [-] Waiting for resource u'e656e128-e290-4cd7-9cbd-eb95a013885d'. Status changed: NONE => QUEUED in 0.0909581184387
2019-11-30 13:38:07.456 850 RALLYDEBUG rally.task.utils [-] Waiting for resource u'bac5998a-7b35-4c89-b19d-b4e931beabb7'. Status changed: NONE => QUEUED in 0.0750911235809
2019-11-30 13:38:07.482 851 RALLYDEBUG rally.task.utils [-] Waiting for resource u'bb2dd215-f5e4-4dcc-9125-1e356c87d230'. Status changed: NONE => QUEUED in 0.072359085083
2019-11-30 13:38:08.496 852 RALLYDEBUG rally.task.utils [-] Waiting for resource s_rally_b5840d63_XanhVESP. Status changed: QUEUED => ACTIVE in 0.037003993988
2019-11-30 13:38:08.561 849 RALLYDEBUG rally.task.utils [-] Waiting for resource s_rally_b5840d63_pIzA3sPW. Status changed: QUEUED => ACTIVE in 0.0954260826111
2019-11-30 13:38:08.672 851 RALLYDEBUG rally.task.utils [-] Waiting for resource s_rally_b5840d63_lTXxHClu. Status changed: QUEUED => ACTIVE in 0.0384540557861
2019-11-30 13:38:08.815 850 RALLYDEBUG rally.task.utils [-] Waiting for resource s_rally_b5840d63_97uPwirt. Status changed: QUEUED => ACTIVE in 0.0390648841858
2019-11-30 13:38:09.129 852 INFO rally.task.runner [-] Task 7664ea34-f3d1-47ab-8436-faea8391c59a | ITER: 4 END: OK
2019-11-30 13:38:09.134 852 INFO rally.task.runner [-] Task 7664ea34-f3d1-47ab-8436-faea8391c59a | ITER: 5 START
2019-11-30 13:38:09.182 849 INFO rally.task.runner [-] Task 7664ea34-f3d1-47ab-8436-faea8391c59a | ITER: 1 END: OK
2019-11-30 13:38:09.186 849 INFO rally.task.runner [-] Task 7664ea34-f3d1-47ab-8436-faea8391c59a | ITER: 6 START
2019-11-30 13:38:09.342 851 INFO rally.task.runner [-] Task 7664ea34-f3d1-47ab-8436-faea8391c59a | ITER: 3 END: OK
2019-11-30 13:38:09.347 851 INFO rally.task.runner [-] Task 7664ea34-f3d1-47ab-8436-faea8391c59a | ITER: 7 START
2019-11-30 13:38:09.436 850 INFO rally.task.runner [-] Task 7664ea34-f3d1-47ab-8436-faea8391c59a | ITER: 2 END: OK
2019-11-30 13:38:09.441 850 INFO rally.task.runner [-] Task 7664ea34-f3d1-47ab-8436-faea8391c59a | ITER: 8 START
2019-11-30 13:38:11.810 852 RALLYDEBUG rally.task.utils [-] Waiting for resource u'd0bf32ff-7926-4896-91b1-b4c937e1d849'. Status changed: NONE => QUEUED in 0.0671579837799
2019-11-30 13:38:12.082 849 RALLYDEBUG rally.task.utils [-] Waiting for resource u'bfcfca3e-9fbe-4717-a781-b721b7737cbc'. Status changed: NONE => QUEUED in 0.0846080780029
2019-11-30 13:38:12.300 851 RALLYDEBUG rally.task.utils [-] Waiting for resource u'a84ea841-4909-42de-8e8d-5e4d3b7442ad'. Status changed: NONE => QUEUED in 0.102045059204
2019-11-30 13:38:12.308 850 RALLYDEBUG rally.task.utils [-] Waiting for resource u'75b5f03e-55a2-4618-98b2-c3ec47525451'. Status changed: NONE => QUEUED in 0.101202011108
2019-11-30 13:38:12.777 852 RALLYDEBUG rally.task.utils [-] Waiting for resource s_rally_b5840d63_l4xLLbdI. Status changed: QUEUED => ACTIVE in 0.0544991493225
2019-11-30 13:38:13.140 849 RALLYDEBUG rally.task.utils [-] Waiting for resource s_rally_b5840d63_rWMT4liz. Status changed: QUEUED => ACTIVE in 0.0361328125
2019-11-30 13:38:13.324 852 INFO rally.task.runner [-] Task 7664ea34-f3d1-47ab-8436-faea8391c59a | ITER: 5 END: OK
2019-11-30 13:38:13.328 852 INFO rally.task.runner [-] Task 7664ea34-f3d1-47ab-8436-faea8391c59a | ITER: 9 START
2019-11-30 13:38:13.722 851 RALLYDEBUG rally.task.utils [-] Waiting for resource s_rally_b5840d63_cbZx7j81. Status changed: QUEUED => ACTIVE in 0.105145931244
2019-11-30 13:38:13.724 850 RALLYDEBUG rally.task.utils [-] Waiting for resource s_rally_b5840d63_3YkpBlCo. Status changed: QUEUED => ACTIVE in 0.0950548648834
2019-11-30 13:38:13.729 849 INFO rally.task.runner [-] Task 7664ea34-f3d1-47ab-8436-faea8391c59a | ITER: 6 END: OK
2019-11-30 13:38:13.733 849 INFO rally.task.runner [-] Task 7664ea34-f3d1-47ab-8436-faea8391c59a | ITER: 10 START
2019-11-30 13:38:14.480 851 INFO rally.task.runner [-] Task 7664ea34-f3d1-47ab-8436-faea8391c59a | ITER: 7 END: OK
2019-11-30 13:38:14.511 850 INFO rally.task.runner [-] Task 7664ea34-f3d1-47ab-8436-faea8391c59a | ITER: 8 END: OK
2019-11-30 13:38:15.936 852 RALLYDEBUG rally.task.utils [-] Waiting for resource u'bb1a6ea8-3c04-4bcb-b032-5303fdda39bb'. Status changed: NONE => QUEUED in 0.0776200294495
2019-11-30 13:38:16.300 849 RALLYDEBUG rally.task.utils [-] Waiting for resource u'91157401-968c-4415-bbdd-d721b821bac5'. Status changed: NONE => QUEUED in 0.0703840255737
2019-11-30 13:38:16.947 852 RALLYDEBUG rally.task.utils [-] Waiting for resource s_rally_b5840d63_5h8XsXIv. Status changed: QUEUED => ACTIVE in 0.0387649536133
2019-11-30 13:38:17.315 849 RALLYDEBUG rally.task.utils [-] Waiting for resource s_rally_b5840d63_kGI4E35f. Status changed: QUEUED => ACTIVE in 0.0454149246216
2019-11-30 13:38:17.458 852 INFO rally.task.runner [-] Task 7664ea34-f3d1-47ab-8436-faea8391c59a | ITER: 9 END: OK
2019-11-30 13:38:20.811 849 INFO rally.task.runner [-] Task 7664ea34-f3d1-47ab-8436-faea8391c59a | ITER: 10 END: OK
2019-11-30 13:38:20.835 725 INFO rally.task.context [-] Task 7664ea34-f3d1-47ab-8436-faea8391c59a | Context cleanup@openstack cleanup() started
2019-11-30 13:38:20.840 725 RALLYDEBUG rally_openstack.cleanup.manager [-] Cleaning up glance images objects
2019-11-30 13:38:21.745 725 INFO rally.task.context [-] Task 7664ea34-f3d1-47ab-8436-faea8391c59a | Context cleanup@openstack cleanup() finished in 0.91 sec
2019-11-30 13:38:21.746 725 INFO rally.task.context [-] Task 7664ea34-f3d1-47ab-8436-faea8391c59a | Context users@openstack cleanup() started
2019-11-30 13:38:25.866 725 INFO rally.task.context [-] Task 7664ea34-f3d1-47ab-8436-faea8391c59a | Context users@openstack cleanup() finished in 4.12 sec
2019-11-30 13:38:26.485 725 INFO rally.task.engine [-] Load duration is: 16.152665
2019-11-30 13:38:26.485 725 INFO rally.task.engine [-] Full runner duration is: 16.713095
2019-11-30 13:38:26.486 725 INFO rally.task.engine [-] Full duration is: 23.503254
2019-11-30 13:38:26.574 725 INFO rally.task.engine [-] Running workload: position = 0 config = { "version": 2, "title": "A cropped version of a bigger task.", "description": "Auto-generated task from a single workload (uuid=076d58a2-4260-4b73-aa01-646b91d6f567)", "subtasks": [ { "title": "GlanceImages.create_and_list_image", "description": "Create an image and then list all images.", "scenario": { "GlanceImages.create_and_list_image": { "container_format": "bare", "disk_format": "qcow2", "image_location": "/home/opnfv/functest/images/cirros-0.4.0-x86_64-disk.img" } }, "contexts": { "users": { "tenants": 3, "users_per_tenant": 2 } }, "runner": { "constant": { "concurrency": 4, "times": 10 } }, "hooks": [], "sla": { "failure_rate": { "max": 0 } } } ] }
2019-11-30 13:38:26.587 725 RALLYDEBUG rally_openstack.contexts.keystone.users [-] Creating 3 tenants using 20 threads
2019-11-30 13:38:27.065 725 RALLYDEBUG rally_openstack.contexts.keystone.users [-] Creating 6 users using 20 threads
2019-11-30 13:38:28.313 725 INFO rally.task.context [-] Task 7664ea34-f3d1-47ab-8436-faea8391c59a | Context users@openstack setup() finished in 1.73 sec
2019-11-30 13:38:28.313 725 INFO rally.task.context [-] Task 7664ea34-f3d1-47ab-8436-faea8391c59a | Context cleanup@openstack setup() finished in 0.12 msec
2019-11-30 13:38:28.323 725 RALLYDEBUG rally.task.runner [-] Starting the constant runner (task UUID: 7664ea34-f3d1-47ab-8436-faea8391c59a). timeout: 0 concurrency: 4 concurrency_per_worker: 1 times: 10 concurrency_overhead: 0 processes_to_start: 4 max_cpu_used: 88
2019-11-30 13:38:28.337 973 RALLYDEBUG rally.task.runner [-] Starting a worker. concurrency: 1 args: {"container_format": "bare", "disk_format": "qcow2", "image_location": "/home/opnfv/functest/images/cirros-0.4.0-x86_64-disk.img"} times: 10 method_name: run timeout: 0 duration: None cls:
2019-11-30 13:38:28.339 974 RALLYDEBUG rally.task.runner [-] Starting a worker. concurrency: 1 args: {"container_format": "bare", "disk_format": "qcow2", "image_location": "/home/opnfv/functest/images/cirros-0.4.0-x86_64-disk.img"} times: 10 method_name: run timeout: 0 duration: None cls:
2019-11-30 13:38:28.342 975 RALLYDEBUG rally.task.runner [-] Starting a worker. concurrency: 1 args: {"container_format": "bare", "disk_format": "qcow2", "image_location": "/home/opnfv/functest/images/cirros-0.4.0-x86_64-disk.img"} times: 10 method_name: run timeout: 0 duration: None cls:
2019-11-30 13:38:28.344 973 INFO rally.task.runner [-] Task 7664ea34-f3d1-47ab-8436-faea8391c59a | ITER: 1 START
2019-11-30 13:38:28.345 976 RALLYDEBUG rally.task.runner [-] Starting a worker. concurrency: 1 args: {"container_format": "bare", "disk_format": "qcow2", "image_location": "/home/opnfv/functest/images/cirros-0.4.0-x86_64-disk.img"} times: 10 method_name: run timeout: 0 duration: None cls:
2019-11-30 13:38:28.347 974 INFO rally.task.runner [-] Task 7664ea34-f3d1-47ab-8436-faea8391c59a | ITER: 2 START
2019-11-30 13:38:28.349 975 INFO rally.task.runner [-] Task 7664ea34-f3d1-47ab-8436-faea8391c59a | ITER: 3 START
2019-11-30 13:38:28.352 976 INFO rally.task.runner [-] Task 7664ea34-f3d1-47ab-8436-faea8391c59a | ITER: 4 START
2019-11-30 13:38:31.169 975 RALLYDEBUG rally.task.utils [-] Waiting for resource u'b9ab2a05-ffb9-491c-b4be-24bede236ad3'. Status changed: NONE => QUEUED in 0.0831210613251
2019-11-30 13:38:31.194 973 RALLYDEBUG rally.task.utils [-] Waiting for resource u'b7f00fd0-a9fe-4582-91f7-87c06b8aa4a1'. Status changed: NONE => QUEUED in 0.0734729766846
2019-11-30 13:38:31.203 974 RALLYDEBUG rally.task.utils [-] Waiting for resource u'eebd980a-d76a-4292-9711-bb9d4530c1ba'. Status changed: NONE => QUEUED in 0.0586369037628
2019-11-30 13:38:31.419 976 RALLYDEBUG rally.task.utils [-] Waiting for resource u'07741117-a25e-4e69-8349-f0ecd170603d'. Status changed: NONE => QUEUED in 0.0777440071106
2019-11-30 13:38:32.300 975 RALLYDEBUG rally.task.utils [-] Waiting for resource s_rally_076d58a2_zHUrmQAE. Status changed: QUEUED => ACTIVE in 0.0367131233215
2019-11-30 13:38:32.371 975 INFO rally.task.runner [-] Task 7664ea34-f3d1-47ab-8436-faea8391c59a | ITER: 3 END: OK
2019-11-30 13:38:32.376 975 INFO rally.task.runner [-] Task 7664ea34-f3d1-47ab-8436-faea8391c59a | ITER: 5 START
2019-11-30 13:38:32.486 974 RALLYDEBUG rally.task.utils [-] Waiting for resource s_rally_076d58a2_uyNzK2US. Status changed: QUEUED => ACTIVE in 0.0341491699219
2019-11-30 13:38:32.553 974 INFO rally.task.runner [-] Task 7664ea34-f3d1-47ab-8436-faea8391c59a | ITER: 2 END: OK
2019-11-30 13:38:32.558 974 INFO rally.task.runner [-] Task 7664ea34-f3d1-47ab-8436-faea8391c59a | ITER: 6 START
2019-11-30 13:38:32.835 973 RALLYDEBUG rally.task.utils [-] Waiting for resource s_rally_076d58a2_VMjntwAB. Status changed: QUEUED => ACTIVE in 0.0518138408661
2019-11-30 13:38:32.836 976 RALLYDEBUG rally.task.utils [-] Waiting for resource s_rally_076d58a2_78XC6W0o. Status changed: QUEUED => ACTIVE in 0.0429239273071
2019-11-30 13:38:32.927 973 INFO rally.task.runner [-] Task 7664ea34-f3d1-47ab-8436-faea8391c59a | ITER: 1 END: OK
2019-11-30 13:38:32.932 973 INFO rally.task.runner [-] Task 7664ea34-f3d1-47ab-8436-faea8391c59a | ITER: 7 START
2019-11-30 13:38:32.933 976 INFO rally.task.runner [-] Task 7664ea34-f3d1-47ab-8436-faea8391c59a | ITER: 4 END: OK
2019-11-30 13:38:32.938 976 INFO rally.task.runner [-] Task 7664ea34-f3d1-47ab-8436-faea8391c59a | ITER: 8 START
2019-11-30 13:38:34.867 975 RALLYDEBUG rally.task.utils [-] Waiting for resource u'8dd47aed-65bb-4390-858a-cc652ceb0b13'. Status changed: NONE => QUEUED in 0.0787150859833
2019-11-30 13:38:35.491 974 RALLYDEBUG rally.task.utils [-] Waiting for resource u'a57f2272-710f-48c4-bee1-0a0d1cf54410'. Status changed: NONE => QUEUED in 0.0602450370789
2019-11-30 13:38:35.652 973 RALLYDEBUG rally.task.utils [-] Waiting for resource u'67ddab79-a165-482b-91a8-da4e159212ae'. Status changed: NONE => QUEUED in 0.0849640369415
2019-11-30 13:38:35.716 976 RALLYDEBUG rally.task.utils [-] Waiting for resource u'5391447e-fbf9-4279-ad1d-0676c4ffc534'. Status changed: NONE => QUEUED in 0.111820936203
2019-11-30 13:38:35.804 975 RALLYDEBUG rally.task.utils [-] Waiting for resource s_rally_076d58a2_RTXMqHbK. Status changed: QUEUED => ACTIVE in 0.0418148040771
2019-11-30 13:38:35.896 975 INFO rally.task.runner [-] Task 7664ea34-f3d1-47ab-8436-faea8391c59a | ITER: 5 END: OK
2019-11-30 13:38:35.900 975 INFO rally.task.runner [-] Task 7664ea34-f3d1-47ab-8436-faea8391c59a | ITER: 9 START
2019-11-30 13:38:36.711 974 RALLYDEBUG rally.task.utils [-] Waiting for resource s_rally_076d58a2_BjcNBMpY. Status changed: QUEUED => ACTIVE in 0.0787241458893
2019-11-30 13:38:36.801 974 INFO rally.task.runner [-] Task 7664ea34-f3d1-47ab-8436-faea8391c59a | ITER: 6 END: OK
2019-11-30 13:38:36.805 974 INFO rally.task.runner [-] Task 7664ea34-f3d1-47ab-8436-faea8391c59a | ITER: 10 START
2019-11-30 13:38:36.863 973 RALLYDEBUG rally.task.utils [-] Waiting for resource s_rally_076d58a2_vk7oDQia. Status changed: QUEUED => ACTIVE in 0.0935261249542
2019-11-30 13:38:36.947 973 INFO rally.task.runner [-] Task 7664ea34-f3d1-47ab-8436-faea8391c59a | ITER: 7 END: OK
2019-11-30 13:38:36.967 976 RALLYDEBUG rally.task.utils [-] Waiting for resource s_rally_076d58a2_mVkR26T5. Status changed: QUEUED => ACTIVE in 0.0654191970825
2019-11-30 13:38:37.029 976 INFO rally.task.runner [-] Task 7664ea34-f3d1-47ab-8436-faea8391c59a | ITER: 8 END: OK
2019-11-30 13:38:38.483 975 RALLYDEBUG rally.task.utils [-] Waiting for resource u'04147fc6-dcb5-432b-8c0f-efd7a686cb9c'. Status changed: NONE => QUEUED in 0.072870016098
2019-11-30 13:38:39.263 974 RALLYDEBUG rally.task.utils [-] Waiting for resource u'4ef1c0da-ae7d-4bb1-9a14-3beedd6e9a81'. Status changed: NONE => QUEUED in 0.066143989563
2019-11-30 13:38:39.487 975 RALLYDEBUG rally.task.utils [-] Waiting for resource s_rally_076d58a2_0ncM7P2I. Status changed: QUEUED => ACTIVE in 0.0431160926819
2019-11-30 13:38:39.651 975 INFO rally.task.runner [-] Task 7664ea34-f3d1-47ab-8436-faea8391c59a | ITER: 9 END: OK
2019-11-30 13:38:40.269 974 RALLYDEBUG rally.task.utils [-] Waiting for resource s_rally_076d58a2_bGtWK9gf. Status changed: QUEUED => ACTIVE in 0.0384240150452
2019-11-30 13:38:40.351 974 INFO rally.task.runner [-] Task 7664ea34-f3d1-47ab-8436-faea8391c59a | ITER: 10 END: OK
2019-11-30 13:38:40.372 725 INFO rally.task.context [-] Task 7664ea34-f3d1-47ab-8436-faea8391c59a | Context cleanup@openstack cleanup() started
2019-11-30 13:38:40.375 725 RALLYDEBUG rally_openstack.cleanup.manager [-] Cleaning up glance images objects
2019-11-30 13:38:41.467 725 RALLYDEBUG rally_openstack.cleanup.manager [-] Deleting glance.images object s_rally_076d58a2_vk7oDQia (67ddab79-a165-482b-91a8-da4e159212ae)
2019-11-30 13:38:41.469 725 RALLYDEBUG rally_openstack.cleanup.manager [-] Deleting glance.images object s_rally_076d58a2_BjcNBMpY (a57f2272-710f-48c4-bee1-0a0d1cf54410)
2019-11-30 13:38:41.475 725 RALLYDEBUG rally_openstack.cleanup.manager [-] Deleting glance.images object s_rally_076d58a2_RTXMqHbK (8dd47aed-65bb-4390-858a-cc652ceb0b13)
2019-11-30 13:38:41.480 725 RALLYDEBUG rally_openstack.cleanup.manager [-] Deleting glance.images object s_rally_076d58a2_mVkR26T5 (5391447e-fbf9-4279-ad1d-0676c4ffc534)
2019-11-30 13:38:41.473 725 RALLYDEBUG rally_openstack.cleanup.manager [-] Deleting glance.images object s_rally_076d58a2_bGtWK9gf (4ef1c0da-ae7d-4bb1-9a14-3beedd6e9a81)
2019-11-30 13:38:41.499 725 RALLYDEBUG rally_openstack.cleanup.manager [-] Deleting glance.images object s_rally_076d58a2_0ncM7P2I (04147fc6-dcb5-432b-8c0f-efd7a686cb9c)
2019-11-30 13:38:41.510 725 RALLYDEBUG rally_openstack.cleanup.manager [-] Deleting glance.images object s_rally_076d58a2_zHUrmQAE (b9ab2a05-ffb9-491c-b4be-24bede236ad3)
2019-11-30 13:38:41.507 725 RALLYDEBUG rally_openstack.cleanup.manager [-] Deleting glance.images object s_rally_076d58a2_VMjntwAB (b7f00fd0-a9fe-4582-91f7-87c06b8aa4a1)
2019-11-30 13:38:41.517 725 RALLYDEBUG rally_openstack.cleanup.manager [-] Deleting glance.images object s_rally_076d58a2_78XC6W0o (07741117-a25e-4e69-8349-f0ecd170603d)
2019-11-30 13:38:41.528 725 RALLYDEBUG rally_openstack.cleanup.manager [-] Deleting glance.images object s_rally_076d58a2_uyNzK2US (eebd980a-d76a-4292-9711-bb9d4530c1ba)
2019-11-30 13:38:43.142 725 DEBUG glanceclient.common.http [-] Request returned failure status 404. _handle_response /usr/lib/python2.7/site-packages/glanceclient/common/http.py:125
2019-11-30 13:38:43.188 725 DEBUG glanceclient.common.http [-] Request returned failure status 404. _handle_response /usr/lib/python2.7/site-packages/glanceclient/common/http.py:125
2019-11-30 13:38:43.377 725 DEBUG glanceclient.common.http [-] Request returned failure status 404. _handle_response /usr/lib/python2.7/site-packages/glanceclient/common/http.py:125
2019-11-30 13:38:43.455 725 DEBUG glanceclient.common.http [-] Request returned failure status 404. _handle_response /usr/lib/python2.7/site-packages/glanceclient/common/http.py:125
2019-11-30 13:38:43.461 725 DEBUG glanceclient.common.http [-] Request returned failure status 404. _handle_response /usr/lib/python2.7/site-packages/glanceclient/common/http.py:125
2019-11-30 13:38:43.543 725 DEBUG glanceclient.common.http [-] Request returned failure status 404. _handle_response /usr/lib/python2.7/site-packages/glanceclient/common/http.py:125
2019-11-30 13:38:43.558 725 DEBUG glanceclient.common.http [-] Request returned failure status 404. _handle_response /usr/lib/python2.7/site-packages/glanceclient/common/http.py:125
2019-11-30 13:38:43.573 725 DEBUG glanceclient.common.http [-] Request returned failure status 404. _handle_response /usr/lib/python2.7/site-packages/glanceclient/common/http.py:125
2019-11-30 13:38:43.636 725 DEBUG glanceclient.common.http [-] Request returned failure status 404. _handle_response /usr/lib/python2.7/site-packages/glanceclient/common/http.py:125
2019-11-30 13:38:43.642 725 DEBUG glanceclient.common.http [-] Request returned failure status 404. _handle_response /usr/lib/python2.7/site-packages/glanceclient/common/http.py:125
2019-11-30 13:38:43.668 725 DEBUG glanceclient.common.http [-] Request returned failure status 404. _handle_response /usr/lib/python2.7/site-packages/glanceclient/common/http.py:125
2019-11-30 13:38:43.685 725 DEBUG glanceclient.common.http [-] Request returned failure status 404. _handle_response /usr/lib/python2.7/site-packages/glanceclient/common/http.py:125
2019-11-30 13:38:43.723 725 DEBUG glanceclient.common.http [-] Request returned failure status 404. _handle_response /usr/lib/python2.7/site-packages/glanceclient/common/http.py:125
2019-11-30 13:38:43.729 725 DEBUG glanceclient.common.http [-] Request returned failure status 404. _handle_response /usr/lib/python2.7/site-packages/glanceclient/common/http.py:125
2019-11-30 13:38:43.768 725 DEBUG glanceclient.common.http [-] Request returned failure status 404. _handle_response /usr/lib/python2.7/site-packages/glanceclient/common/http.py:125
2019-11-30 13:38:43.797 725 DEBUG glanceclient.common.http [-] Request returned failure status 404. _handle_response /usr/lib/python2.7/site-packages/glanceclient/common/http.py:125
2019-11-30 13:38:43.802 725 DEBUG glanceclient.common.http [-] Request returned failure status 404. _handle_response /usr/lib/python2.7/site-packages/glanceclient/common/http.py:125
2019-11-30 13:38:43.812 725 DEBUG glanceclient.common.http [-] Request returned failure status 404. _handle_response /usr/lib/python2.7/site-packages/glanceclient/common/http.py:125
2019-11-30 13:38:43.815 725 DEBUG glanceclient.common.http [-] Request returned failure status 404. _handle_response /usr/lib/python2.7/site-packages/glanceclient/common/http.py:125
2019-11-30 13:38:43.828 725 DEBUG glanceclient.common.http [-] Request returned failure status 404. _handle_response /usr/lib/python2.7/site-packages/glanceclient/common/http.py:125
2019-11-30 13:38:44.831 725 INFO rally.task.context [-] Task 7664ea34-f3d1-47ab-8436-faea8391c59a | Context cleanup@openstack cleanup() finished in 4.46 sec
2019-11-30 13:38:44.832 725 INFO rally.task.context [-] Task 7664ea34-f3d1-47ab-8436-faea8391c59a | Context users@openstack cleanup() started
2019-11-30 13:38:49.263 725 INFO rally.task.context [-] Task 7664ea34-f3d1-47ab-8436-faea8391c59a | Context users@openstack cleanup() finished in 4.43 sec
2019-11-30 13:38:50.707 725 INFO rally.task.engine [-] Load duration is: 11.533173
2019-11-30 13:38:50.708 725 INFO rally.task.engine [-] Full runner duration is: 12.048633
2019-11-30 13:38:50.708 725 INFO rally.task.engine [-] Full duration is: 22.67753
2019-11-30 13:38:50.791 725 INFO rally.task.engine [-] Running workload: position = 0 config = { "version": 2, "title": "A cropped version of a bigger task.", "description": "Auto-generated task from a single workload (uuid=c1b84b76-b2d9-412c-a455-96a3bba19bcd)", "subtasks": [ { "title": "GlanceImages.list_images", "description": "List all images.", "scenario": { "GlanceImages.list_images": {} }, "contexts": { "users": { "tenants": 3, "users_per_tenant": 2 } }, "runner": { "constant": { "concurrency": 4, "times": 10 } }, "hooks": [], "sla": { "failure_rate": { "max": 0 } } } ] }
2019-11-30 13:38:50.803 725 RALLYDEBUG rally_openstack.contexts.keystone.users [-] Creating 3 tenants using 20 threads
2019-11-30 13:38:51.457 725 RALLYDEBUG rally_openstack.contexts.keystone.users [-] Creating 6 users using 20 threads
2019-11-30 13:38:52.794 725 INFO rally.task.context [-] Task 7664ea34-f3d1-47ab-8436-faea8391c59a | Context users@openstack setup() finished in 1.99 sec
2019-11-30 13:38:52.803 725 RALLYDEBUG rally.task.runner [-] Starting the constant runner (task UUID: 7664ea34-f3d1-47ab-8436-faea8391c59a). timeout: 0 concurrency: 4 concurrency_per_worker: 1 times: 10 concurrency_overhead: 0 processes_to_start: 4 max_cpu_used: 88
2019-11-30 13:38:52.816 1097 RALLYDEBUG rally.task.runner [-] Starting a worker. concurrency: 1 args: {} times: 10 method_name: run timeout: 0 duration: None cls:
2019-11-30 13:38:52.819 1098 RALLYDEBUG rally.task.runner [-] Starting a worker. concurrency: 1 args: {} times: 10 method_name: run timeout: 0 duration: None cls:
2019-11-30 13:38:52.822 1099 RALLYDEBUG rally.task.runner [-] Starting a worker. concurrency: 1 args: {} times: 10 method_name: run timeout: 0 duration: None cls:
2019-11-30 13:38:52.823 1097 INFO rally.task.runner [-] Task 7664ea34-f3d1-47ab-8436-faea8391c59a | ITER: 1 START
2019-11-30 13:38:52.825 1100 RALLYDEBUG rally.task.runner [-] Starting a worker. concurrency: 1 args: {} times: 10 method_name: run timeout: 0 duration: None cls:
2019-11-30 13:38:52.826 1098 INFO rally.task.runner [-] Task 7664ea34-f3d1-47ab-8436-faea8391c59a | ITER: 2 START
2019-11-30 13:38:52.828 1099 INFO rally.task.runner [-] Task 7664ea34-f3d1-47ab-8436-faea8391c59a | ITER: 3 START
2019-11-30 13:38:52.831 1100 INFO rally.task.runner [-] Task 7664ea34-f3d1-47ab-8436-faea8391c59a | ITER: 4 START
2019-11-30 13:38:53.460 1097 INFO rally.task.runner [-] Task 7664ea34-f3d1-47ab-8436-faea8391c59a | ITER: 1 END: OK
2019-11-30 13:38:53.464 1097 INFO rally.task.runner [-] Task 7664ea34-f3d1-47ab-8436-faea8391c59a | ITER: 5 START
2019-11-30 13:38:53.747 1098 INFO rally.task.runner [-] Task 7664ea34-f3d1-47ab-8436-faea8391c59a | ITER: 2 END: OK
2019-11-30 13:38:53.752 1098 INFO rally.task.runner [-] Task 7664ea34-f3d1-47ab-8436-faea8391c59a | ITER: 6 START
2019-11-30 13:38:53.948 1100 INFO rally.task.runner [-] Task 7664ea34-f3d1-47ab-8436-faea8391c59a | ITER: 4 END: OK
2019-11-30 13:38:53.953 1100 INFO rally.task.runner [-] Task 7664ea34-f3d1-47ab-8436-faea8391c59a | ITER: 7 START
2019-11-30 13:38:54.053 1099 INFO rally.task.runner [-] Task 7664ea34-f3d1-47ab-8436-faea8391c59a | ITER: 3 END: OK
2019-11-30 13:38:54.057 1099 INFO rally.task.runner [-] Task 7664ea34-f3d1-47ab-8436-faea8391c59a | ITER: 8 START
2019-11-30 13:38:54.321 1097 INFO rally.task.runner [-] Task 7664ea34-f3d1-47ab-8436-faea8391c59a | ITER: 5 END: OK
2019-11-30 13:38:54.325 1097 INFO rally.task.runner [-] Task 7664ea34-f3d1-47ab-8436-faea8391c59a | ITER: 9 START
2019-11-30 13:38:54.462 1098 INFO rally.task.runner [-] Task 7664ea34-f3d1-47ab-8436-faea8391c59a | ITER: 6 END: OK
2019-11-30 13:38:54.466 1098 INFO rally.task.runner [-] Task 7664ea34-f3d1-47ab-8436-faea8391c59a | ITER: 10 START
2019-11-30 13:38:54.742 1100 INFO rally.task.runner [-] Task 7664ea34-f3d1-47ab-8436-faea8391c59a | ITER: 7 END: OK
2019-11-30 13:38:54.898 1099 INFO rally.task.runner [-] Task 7664ea34-f3d1-47ab-8436-faea8391c59a | ITER: 8 END: OK
2019-11-30 13:38:55.059 1097 INFO rally.task.runner [-] Task 7664ea34-f3d1-47ab-8436-faea8391c59a | ITER: 9 END: OK
2019-11-30 13:38:55.086 1098 INFO rally.task.runner [-] Task 7664ea34-f3d1-47ab-8436-faea8391c59a | ITER: 10 END: OK
2019-11-30 13:38:55.115 725 INFO rally.task.context [-] Task 7664ea34-f3d1-47ab-8436-faea8391c59a | Context users@openstack cleanup() started
2019-11-30 13:38:58.615 725 INFO rally.task.context [-] Task 7664ea34-f3d1-47ab-8436-faea8391c59a | Context users@openstack cleanup() finished in 3.50 sec
2019-11-30 13:38:58.858 725 INFO rally.task.engine [-] Load duration is: 1.84148
2019-11-30 13:38:58.858 725 INFO rally.task.engine [-] Full runner duration is: 2.312163
2019-11-30 13:38:58.858 725 INFO rally.task.engine [-] Full duration is: 7.813902
2019-11-30 13:38:58.943 725 INFO rally.task.engine [-] Running workload: position = 0 config = { "version": 2, "title": "A cropped version of a bigger task.", "description": "Auto-generated task from a single workload (uuid=96fbf1a1-cc8b-4765-8b38-6ce159215599)", "subtasks": [ { "title": "GlanceImages.create_image_and_boot_instances", "description": "Create an image and boot several instances from it.", "scenario": { "GlanceImages.create_image_and_boot_instances": { "container_format": "bare", "disk_format": "qcow2", "image_location": "/home/opnfv/functest/images/cirros-0.4.0-x86_64-disk.img", "flavor": { "name": "rally_full-flavor_32871dd9-75d5-411d-8e6a-af67fb3640a0" }, "number_instances": 2, "nics": [ { "net-id": "24f8f166-96f4-40f8-a542-d6ba32f3899e" } ] } }, "contexts": { "users": { "tenants": 3, "users_per_tenant": 2 }, "quotas": { "nova": { "cores": -1, "floating_ips": -1, "instances": -1, "ram": -1, "security_group_rules": -1, "security_groups": -1 } } }, "runner": { "constant": { "concurrency": 4, "times": 10 } }, "hooks": [], "sla": { "failure_rate": { "max": 0 } } } ] }
2019-11-30 13:38:58.957 725 RALLYDEBUG rally_openstack.contexts.keystone.users [-] Creating 3 tenants using 20 threads
2019-11-30 13:38:59.517 725 RALLYDEBUG rally_openstack.contexts.keystone.users [-] Creating 6 users using 20 threads
2019-11-30 13:39:00.712 725 INFO rally.task.context [-] Task 7664ea34-f3d1-47ab-8436-faea8391c59a | Context users@openstack setup() finished in 1.76 sec
2019-11-30 13:39:00.848 725 DEBUG novaclient.v2.client [-] REQ: curl -g -i -X PUT http://compute-airship.intel-pod17.opnfv.org:80/v2/0292f829bd08481c8fb71e934870f38c/os-quota-sets/c988ff4782234809ac4d836f0b157270 -H "Accept: application/json" -H "Content-Type: application/json" -H "User-Agent: python-novaclient" -H "X-Auth-Token: {SHA1}0a3280217a58f185656c8a57ca36585370abb69a" -d '{"quota_set": {"ram": -1, "floating_ips": -1, "security_group_rules": -1, "instances": -1, "cores": -1, "security_groups": -1}}' _http_log_request /usr/lib/python2.7/site-packages/keystoneauth1/session.py:448
2019-11-30 13:39:01.116 725 DEBUG novaclient.v2.client [-] RESP: [200] Connection: keep-alive Content-Encoding: gzip Content-Type: application/json Date: Sat, 30 Nov 2019 13:39:01 GMT Transfer-Encoding: chunked Vary: Accept-Encoding X-Compute-Request-Id: req-eda8f1bd-0bd1-4ffe-9e37-abd051f98e89 _http_log_response /usr/lib/python2.7/site-packages/keystoneauth1/session.py:479
2019-11-30 13:39:01.116 725 DEBUG novaclient.v2.client [-] RESP BODY: {"quota_set": {"injected_file_content_bytes": 10240, "metadata_items": 128, "server_group_members": 10, "server_groups": 10, "ram": -1, "floating_ips": -1, "key_pairs": 100, "instances": -1, "security_group_rules": -1, "injected_files": 5, "cores": -1, "fixed_ips": -1, "injected_file_path_bytes": 255, "security_groups": -1}} _http_log_response /usr/lib/python2.7/site-packages/keystoneauth1/session.py:511
2019-11-30 13:39:01.117 725 DEBUG novaclient.v2.client [-] PUT call to compute for http://compute-airship.intel-pod17.opnfv.org:80/v2/0292f829bd08481c8fb71e934870f38c/os-quota-sets/c988ff4782234809ac4d836f0b157270 used request id req-eda8f1bd-0bd1-4ffe-9e37-abd051f98e89 request /usr/lib/python2.7/site-packages/keystoneauth1/session.py:844
2019-11-30 13:39:01.119 725 DEBUG novaclient.v2.client [-] REQ: curl -g -i -X PUT http://compute-airship.intel-pod17.opnfv.org:80/v2/0292f829bd08481c8fb71e934870f38c/os-quota-sets/a771900e44ea4fe4813644afc95a7e29 -H "Accept: application/json" -H "Content-Type: application/json" -H "User-Agent: python-novaclient" -H "X-Auth-Token: {SHA1}0a3280217a58f185656c8a57ca36585370abb69a" -d '{"quota_set": {"ram": -1, "floating_ips": -1, "security_group_rules": -1, "instances": -1, "cores": -1, "security_groups": -1}}' _http_log_request /usr/lib/python2.7/site-packages/keystoneauth1/session.py:448
2019-11-30 13:39:01.245 725 DEBUG novaclient.v2.client [-] RESP: [200] Connection: keep-alive Content-Encoding: gzip Content-Type: application/json Date: Sat, 30 Nov 2019 13:39:01 GMT Transfer-Encoding: chunked Vary: Accept-Encoding X-Compute-Request-Id: req-ec531e3c-1881-4fff-a846-e521267d3bcb _http_log_response /usr/lib/python2.7/site-packages/keystoneauth1/session.py:479
2019-11-30 13:39:01.246 725 DEBUG novaclient.v2.client [-] RESP BODY: {"quota_set": {"injected_file_content_bytes": 10240, "metadata_items": 128, "server_group_members": 10, "server_groups": 10, "ram": -1, "floating_ips": -1, "key_pairs": 100, "instances": -1, "security_group_rules": -1, "injected_files": 5, "cores": -1, "fixed_ips": -1, "injected_file_path_bytes": 255, "security_groups": -1}} _http_log_response /usr/lib/python2.7/site-packages/keystoneauth1/session.py:511
2019-11-30 13:39:01.246 725 DEBUG novaclient.v2.client [-] PUT call to compute for http://compute-airship.intel-pod17.opnfv.org:80/v2/0292f829bd08481c8fb71e934870f38c/os-quota-sets/a771900e44ea4fe4813644afc95a7e29 used request id req-ec531e3c-1881-4fff-a846-e521267d3bcb request /usr/lib/python2.7/site-packages/keystoneauth1/session.py:844
2019-11-30 13:39:01.248 725 DEBUG novaclient.v2.client [-] REQ: curl -g -i -X PUT http://compute-airship.intel-pod17.opnfv.org:80/v2/0292f829bd08481c8fb71e934870f38c/os-quota-sets/93d6300e5f954eb1ad08f18fca898a53 -H "Accept: application/json" -H "Content-Type: application/json" -H "User-Agent: python-novaclient" -H "X-Auth-Token: {SHA1}0a3280217a58f185656c8a57ca36585370abb69a" -d '{"quota_set": {"ram": -1, "floating_ips": -1, "security_group_rules": -1, "instances": -1, "cores": -1, "security_groups": -1}}' _http_log_request /usr/lib/python2.7/site-packages/keystoneauth1/session.py:448
2019-11-30 13:39:01.382 725 DEBUG novaclient.v2.client [-] RESP: [200] Connection: keep-alive Content-Encoding: gzip Content-Type: application/json Date: Sat, 30 Nov 2019 13:39:01 GMT Transfer-Encoding: chunked Vary: Accept-Encoding X-Compute-Request-Id: req-3f731203-65c4-4eab-bbb5-4d4140a1cc7e _http_log_response /usr/lib/python2.7/site-packages/keystoneauth1/session.py:479
2019-11-30 13:39:01.383 725 DEBUG novaclient.v2.client [-] RESP BODY: {"quota_set": {"injected_file_content_bytes": 10240, "metadata_items": 128, "server_group_members": 10, "server_groups": 10, "ram": -1, "floating_ips": -1, "key_pairs": 100, "instances": -1, "security_group_rules": -1, "injected_files": 5, "cores": -1, "fixed_ips": -1, "injected_file_path_bytes": 255, "security_groups": -1}} _http_log_response /usr/lib/python2.7/site-packages/keystoneauth1/session.py:511
2019-11-30 13:39:01.383 725 DEBUG novaclient.v2.client [-] PUT call to compute for http://compute-airship.intel-pod17.opnfv.org:80/v2/0292f829bd08481c8fb71e934870f38c/os-quota-sets/93d6300e5f954eb1ad08f18fca898a53 used request id req-3f731203-65c4-4eab-bbb5-4d4140a1cc7e request /usr/lib/python2.7/site-packages/keystoneauth1/session.py:844
2019-11-30 13:39:01.384 725 INFO rally.task.context [-] Task 7664ea34-f3d1-47ab-8436-faea8391c59a | Context quotas@openstack setup() finished in 0.67 sec
2019-11-30 13:39:01.385 725 INFO rally.task.context [-] Task 7664ea34-f3d1-47ab-8436-faea8391c59a | Context cleanup@openstack setup() finished in 0.15 msec
2019-11-30 13:39:01.487 725 DEBUG novaclient.v2.client [-] REQ: curl -g -i -X GET http://compute-airship.intel-pod17.opnfv.org:80/v2/0292f829bd08481c8fb71e934870f38c/flavors/detail -H "Accept: application/json" -H "User-Agent: python-novaclient" -H "X-Auth-Token: {SHA1}8048b4bfb3b42cb847d10e44f765b204788aab89" _http_log_request /usr/lib/python2.7/site-packages/keystoneauth1/session.py:448
2019-11-30 13:39:01.644 725 DEBUG novaclient.v2.client [-] RESP: [200] Connection: keep-alive Content-Encoding: gzip Content-Type: application/json Date: Sat, 30 Nov 2019 13:39:01 GMT Transfer-Encoding: chunked Vary: Accept-Encoding X-Compute-Request-Id: req-3d4d0b90-4b3c-4495-9cf9-979853d50b61 _http_log_response /usr/lib/python2.7/site-packages/keystoneauth1/session.py:479
2019-11-30 13:39:01.645 725 DEBUG novaclient.v2.client [-] RESP BODY: {"flavors": [{"links": [{"href": "http://compute-airship.intel-pod17.opnfv.org/v2/0292f829bd08481c8fb71e934870f38c/flavors/0d22ae25-221a-429b-84f5-ab650ecbd254", "rel": "self"}, {"href": "http://compute-airship.intel-pod17.opnfv.org/0292f829bd08481c8fb71e934870f38c/flavors/0d22ae25-221a-429b-84f5-ab650ecbd254", "rel": "bookmark"}], "ram": 16384, "OS-FLV-DISABLED:disabled": false, "os-flavor-access:is_public": true, "rxtx_factor": 1.0, "disk": 160, "id": "0d22ae25-221a-429b-84f5-ab650ecbd254", "name": "m1.xlarge", "vcpus": 8, "swap": "", "OS-FLV-EXT-DATA:ephemeral": 0}, {"links": [{"href": "http://compute-airship.intel-pod17.opnfv.org/v2/0292f829bd08481c8fb71e934870f38c/flavors/28cf5807-bb4a-406f-935c-219934b28531", "rel": "self"}, {"href": "http://compute-airship.intel-pod17.opnfv.org/0292f829bd08481c8fb71e934870f38c/flavors/28cf5807-bb4a-406f-935c-219934b28531", "rel": "bookmark"}], "ram": 512, "OS-FLV-DISABLED:disabled": false, "os-flavor-access:is_public": true, "rxtx_factor": 1.0, "disk": 1, "id": "28cf5807-bb4a-406f-935c-219934b28531", "name": "rally_full-flavor_32871dd9-75d5-411d-8e6a-af67fb3640a0", "vcpus": 1, "swap": "", "OS-FLV-EXT-DATA:ephemeral": 0}, {"links": [{"href": "http://compute-airship.intel-pod17.opnfv.org/v2/0292f829bd08481c8fb71e934870f38c/flavors/6e08409a-557c-4e06-9bcd-b99983decacc", "rel": "self"}, {"href": "http://compute-airship.intel-pod17.opnfv.org/0292f829bd08481c8fb71e934870f38c/flavors/6e08409a-557c-4e06-9bcd-b99983decacc", "rel": "bookmark"}], "ram": 512, "OS-FLV-DISABLED:disabled": false, "os-flavor-access:is_public": true, "rxtx_factor": 1.0, "disk": 1, "id": "6e08409a-557c-4e06-9bcd-b99983decacc", "name": "m1.tiny", "vcpus": 1, "swap": "", "OS-FLV-EXT-DATA:ephemeral": 0}, {"links": [{"href": "http://compute-airship.intel-pod17.opnfv.org/v2/0292f829bd08481c8fb71e934870f38c/flavors/885a6576-bc1d-42d8-a7ca-ed721bcdffeb", "rel": "self"}, {"href": "http://compute-airship.intel-pod17.opnfv.org/0292f829bd08481c8fb71e934870f38c/flavors/885a6576-bc1d-42d8-a7ca-ed721bcdffeb", "rel": "bookmark"}], "ram": 4096, "OS-FLV-DISABLED:disabled": false, "os-flavor-access:is_public": true, "rxtx_factor": 1.0, "disk": 40, "id": "885a6576-bc1d-42d8-a7ca-ed721bcdffeb", "name": "m1.medium", "vcpus": 2, "swap": "", "OS-FLV-EXT-DATA:ephemeral": 0}, {"links": [{"href": "http://compute-airship.intel-pod17.opnfv.org/v2/0292f829bd08481c8fb71e934870f38c/flavors/ab83423b-6872-4c12-bd71-287ae80b9285", "rel": "self"}, {"href": "http://compute-airship.intel-pod17.opnfv.org/0292f829bd08481c8fb71e934870f38c/flavors/ab83423b-6872-4c12-bd71-287ae80b9285", "rel": "bookmark"}], "ram": 1024, "OS-FLV-DISABLED:disabled": false, "os-flavor-access:is_public": true, "rxtx_factor": 1.0, "disk": 1, "id": "ab83423b-6872-4c12-bd71-287ae80b9285", "name": "rally_full-flavor_alt_32871dd9-75d5-411d-8e6a-af67fb3640a0", "vcpus": 1, "swap": "", "OS-FLV-EXT-DATA:ephemeral": 0}, {"links": [{"href": "http://compute-airship.intel-pod17.opnfv.org/v2/0292f829bd08481c8fb71e934870f38c/flavors/b23484a8-6463-44d1-90cc-8c1eec284865", "rel": "self"}, {"href": "http://compute-airship.intel-pod17.opnfv.org/0292f829bd08481c8fb71e934870f38c/flavors/b23484a8-6463-44d1-90cc-8c1eec284865", "rel": "bookmark"}], "ram": 2048, "OS-FLV-DISABLED:disabled": false, "os-flavor-access:is_public": true, "rxtx_factor": 1.0, "disk": 20, "id": "b23484a8-6463-44d1-90cc-8c1eec284865", "name": "m1.small", "vcpus": 1, "swap": "", "OS-FLV-EXT-DATA:ephemeral": 0}, {"links": [{"href": "http://compute-airship.intel-pod17.opnfv.org/v2/0292f829bd08481c8fb71e934870f38c/flavors/ec96dc42-ba09-4812-8efa-17c6e6644738", "rel": "self"}, {"href": "http://compute-airship.intel-pod17.opnfv.org/0292f829bd08481c8fb71e934870f38c/flavors/ec96dc42-ba09-4812-8efa-17c6e6644738", "rel": "bookmark"}], "ram": 8192, "OS-FLV-DISABLED:disabled": false, "os-flavor-access:is_public": true, "rxtx_factor": 1.0, "disk": 80, "id": "ec96dc42-ba09-4812-8efa-17c6e6644738", "name": "m1.large", "vcpus": 4, "swap": "", "OS-FLV-EXT-DATA:ephemeral": 0}]} _http_log_response /usr/lib/python2.7/site-packages/keystoneauth1/session.py:511
2019-11-30 13:39:01.646 725 DEBUG novaclient.v2.client [-] GET call to compute for http://compute-airship.intel-pod17.opnfv.org:80/v2/0292f829bd08481c8fb71e934870f38c/flavors/detail used request id req-3d4d0b90-4b3c-4495-9cf9-979853d50b61 request /usr/lib/python2.7/site-packages/keystoneauth1/session.py:844
2019-11-30 13:39:01.648 725 RALLYDEBUG rally.task.runner [-] Starting the constant runner (task UUID: 7664ea34-f3d1-47ab-8436-faea8391c59a). timeout: 0 concurrency: 4 concurrency_per_worker: 1 times: 10 concurrency_overhead: 0 processes_to_start: 4 max_cpu_used: 88
2019-11-30 13:39:01.660 1201 RALLYDEBUG rally.task.runner [-] Starting a worker. concurrency: 1 args: {"container_format": "bare", "disk_format": "qcow2", "image_location": "/home/opnfv/functest/images/cirros-0.4.0-x86_64-disk.img", "flavor": "28cf5807-bb4a-406f-935c-219934b28531", "number_instances": 2, "nics": [{"net-id": "24f8f166-96f4-40f8-a542-d6ba32f3899e"}]} times: 10 method_name: run timeout: 0 duration: None cls:
2019-11-30 13:39:01.663 1202 RALLYDEBUG rally.task.runner [-] Starting a worker. concurrency: 1 args: {"container_format": "bare", "disk_format": "qcow2", "image_location": "/home/opnfv/functest/images/cirros-0.4.0-x86_64-disk.img", "flavor": "28cf5807-bb4a-406f-935c-219934b28531", "number_instances": 2, "nics": [{"net-id": "24f8f166-96f4-40f8-a542-d6ba32f3899e"}]} times: 10 method_name: run timeout: 0 duration: None cls:
2019-11-30 13:39:01.667 1203 RALLYDEBUG rally.task.runner [-] Starting a worker. concurrency: 1 args: {"container_format": "bare", "disk_format": "qcow2", "image_location": "/home/opnfv/functest/images/cirros-0.4.0-x86_64-disk.img", "flavor": "28cf5807-bb4a-406f-935c-219934b28531", "number_instances": 2, "nics": [{"net-id": "24f8f166-96f4-40f8-a542-d6ba32f3899e"}]} times: 10 method_name: run timeout: 0 duration: None cls:
2019-11-30 13:39:01.668 1201 INFO rally.task.runner [-] Task 7664ea34-f3d1-47ab-8436-faea8391c59a | ITER: 1 START
2019-11-30 13:39:01.670 1204 RALLYDEBUG rally.task.runner [-] Starting a worker. concurrency: 1 args: {"container_format": "bare", "disk_format": "qcow2", "image_location": "/home/opnfv/functest/images/cirros-0.4.0-x86_64-disk.img", "flavor": "28cf5807-bb4a-406f-935c-219934b28531", "number_instances": 2, "nics": [{"net-id": "24f8f166-96f4-40f8-a542-d6ba32f3899e"}]} times: 10 method_name: run timeout: 0 duration: None cls:
2019-11-30 13:39:01.671 1202 INFO rally.task.runner [-] Task 7664ea34-f3d1-47ab-8436-faea8391c59a | ITER: 2 START
2019-11-30 13:39:01.674 1203 INFO rally.task.runner [-] Task 7664ea34-f3d1-47ab-8436-faea8391c59a | ITER: 3 START
2019-11-30 13:39:01.678 1204 INFO rally.task.runner [-] Task 7664ea34-f3d1-47ab-8436-faea8391c59a | ITER: 4 START
2019-11-30 13:39:02.067 1204 WARNING rally_openstack.scenarios.glance.images [-] 'kwargs' is deprecated in Rally v0.8.0: Use 'boot_server_kwargs' for additional parameters when booting servers.
2019-11-30 13:39:02.069 1201 WARNING rally_openstack.scenarios.glance.images [-] 'kwargs' is deprecated in Rally v0.8.0: Use 'boot_server_kwargs' for additional parameters when booting servers.
2019-11-30 13:39:02.129 1202 WARNING rally_openstack.scenarios.glance.images [-] 'kwargs' is deprecated in Rally v0.8.0: Use 'boot_server_kwargs' for additional parameters when booting servers.
2019-11-30 13:39:02.193 1203 WARNING rally_openstack.scenarios.glance.images [-] 'kwargs' is deprecated in Rally v0.8.0: Use 'boot_server_kwargs' for additional parameters when booting servers.
2019-11-30 13:39:04.607 1201 RALLYDEBUG rally.task.utils [-] Waiting for resource u'dfed353e-ca82-4283-acb2-ed5266382238'. Status changed: NONE => QUEUED in 0.148671865463
2019-11-30 13:39:04.627 1204 RALLYDEBUG rally.task.utils [-] Waiting for resource u'3bed370b-4e34-471f-b961-6091790cc579'. Status changed: NONE => QUEUED in 0.143332004547
2019-11-30 13:39:04.630 1203 RALLYDEBUG rally.task.utils [-] Waiting for resource u'e0b15747-beb9-414e-8d90-19d04f195bce'. Status changed: NONE => QUEUED in 0.161951065063
2019-11-30 13:39:04.632 1202 RALLYDEBUG rally.task.utils [-] Waiting for resource u'0bfb256b-d821-4bf9-b656-3512ae1ff893'. Status changed: NONE => QUEUED in 0.166021108627
2019-11-30 13:39:06.443 1201 RALLYDEBUG rally.task.utils [-] Waiting for resource s_rally_96fbf1a1_HZOeNGFx. Status changed: QUEUED => ACTIVE in 0.0453400611877
2019-11-30 13:39:06.450 1201 DEBUG novaclient.v2.client [-] REQ: curl -g -i -X POST http://compute-airship.intel-pod17.opnfv.org:80/v2/c988ff4782234809ac4d836f0b157270/servers -H "Accept: application/json" -H "Content-Type: application/json" -H "User-Agent: python-novaclient" -H "X-Auth-Token: {SHA1}daa7f1f6c7b162bb3220f2a9494fb3e819ffabbe" -d '{"server": {"name": "s_rally_96fbf1a1_SP01oNWE_0", "imageRef": "dfed353e-ca82-4283-acb2-ed5266382238", "flavorRef": "28cf5807-bb4a-406f-935c-219934b28531", "max_count": 1, "min_count": 1, "networks": [{"uuid": "24f8f166-96f4-40f8-a542-d6ba32f3899e"}]}}' _http_log_request /usr/lib/python2.7/site-packages/keystoneauth1/session.py:448
2019-11-30 13:39:06.890 1204 RALLYDEBUG rally.task.utils [-] Waiting for resource s_rally_96fbf1a1_ziYYyiQN. Status changed: QUEUED => ACTIVE in 0.0830140113831
2019-11-30 13:39:06.892 1202 RALLYDEBUG rally.task.utils [-] Waiting for resource s_rally_96fbf1a1_xEXqU0ER. Status changed: QUEUED => ACTIVE in 0.0735230445862
2019-11-30 13:39:06.897 1203 RALLYDEBUG rally.task.utils [-] Waiting for resource s_rally_96fbf1a1_piCMLB6B. Status changed: QUEUED => ACTIVE in 0.0613820552826
2019-11-30 13:39:06.897 1204 DEBUG novaclient.v2.client [-] REQ: curl -g -i -X POST http://compute-airship.intel-pod17.opnfv.org:80/v2/c988ff4782234809ac4d836f0b157270/servers -H "Accept: application/json" -H "Content-Type: application/json" -H "User-Agent: python-novaclient" -H "X-Auth-Token: {SHA1}96890c1739de9011f07ef91991e59d9b057c0547" -d '{"server": {"name": "s_rally_96fbf1a1_CdgTxtVx_0", "imageRef": "3bed370b-4e34-471f-b961-6091790cc579", "flavorRef": "28cf5807-bb4a-406f-935c-219934b28531", "max_count": 1, "min_count": 1, "networks": [{"uuid": "24f8f166-96f4-40f8-a542-d6ba32f3899e"}]}}' _http_log_request /usr/lib/python2.7/site-packages/keystoneauth1/session.py:448
