2019-11-28 15:34:18.171 725 DEBUG novaclient.v2.client [-] REQ: curl -g -i -X GET http://compute-airship.intel-pod17.opnfv.org:80/v2/5099a133c73f4a5f93036ab1e84996b1/flavors/78ead859-6e0b-4868-8b8a-7e2e41c0119d -H "Accept: application/json" -H "User-Agent: python-novaclient" -H "X-Auth-Token: {SHA1}6151ed2d153569c061e78c3c5975e658140b193e" _http_log_request /usr/lib/python2.7/site-packages/keystoneauth1/session.py:448
2019-11-28 15:34:18.293 725 DEBUG novaclient.v2.client [-] RESP: [200] Connection: keep-alive Content-Encoding: gzip Content-Type: application/json Date: Thu, 28 Nov 2019 15:34:18 GMT Transfer-Encoding: chunked Vary: Accept-Encoding X-Compute-Request-Id: req-35fc3ac3-0379-47e1-a780-88735f73e6b5 _http_log_response /usr/lib/python2.7/site-packages/keystoneauth1/session.py:479
2019-11-28 15:34:18.293 725 DEBUG novaclient.v2.client [-] RESP BODY: {"flavor": {"links": [{"href": "http://compute-airship.intel-pod17.opnfv.org/v2/5099a133c73f4a5f93036ab1e84996b1/flavors/78ead859-6e0b-4868-8b8a-7e2e41c0119d", "rel": "self"}, {"href": "http://compute-airship.intel-pod17.opnfv.org/5099a133c73f4a5f93036ab1e84996b1/flavors/78ead859-6e0b-4868-8b8a-7e2e41c0119d", "rel": "bookmark"}], "ram": 512, "OS-FLV-DISABLED:disabled": false, "os-flavor-access:is_public": true, "rxtx_factor": 1.0, "disk": 1, "id": "78ead859-6e0b-4868-8b8a-7e2e41c0119d", "name": "rally_full-flavor_d3c16acd-e549-4f96-8085-9fabf5b4043c", "vcpus": 1, "swap": "", "OS-FLV-EXT-DATA:ephemeral": 0}} _http_log_response /usr/lib/python2.7/site-packages/keystoneauth1/session.py:511
2019-11-28 15:34:18.294 725 DEBUG novaclient.v2.client [-] GET call to compute for http://compute-airship.intel-pod17.opnfv.org:80/v2/5099a133c73f4a5f93036ab1e84996b1/flavors/78ead859-6e0b-4868-8b8a-7e2e41c0119d used request id req-35fc3ac3-0379-47e1-a780-88735f73e6b5 request /usr/lib/python2.7/site-packages/keystoneauth1/session.py:844
2019-11-28 15:34:18.722 725 INFO rally.task.context [-] Task d985ed5c-bd30-4469-9d91-83d6502b4b16 | Context users@openstack cleanup() started
2019-11-28 15:34:20.177 725 INFO rally.task.context [-] Task d985ed5c-bd30-4469-9d91-83d6502b4b16 | Context users@openstack cleanup() finished in 1.45 sec
2019-11-28 15:34:20.177 725 INFO rally.task.engine [-] Task d985ed5c-bd30-4469-9d91-83d6502b4b16 | Completed: Task validation of semantic.
2019-11-28 15:34:20.177 725 INFO rally.task.engine [-] Task d985ed5c-bd30-4469-9d91-83d6502b4b16 | Completed: Task validation.
2019-11-28 15:34:20.178 725 INFO rally.api [-] Task d985ed5c-bd30-4469-9d91-83d6502b4b16 input file is valid.
2019-11-28 15:34:20.178 725 INFO rally.api [-] Run Task d985ed5c-bd30-4469-9d91-83d6502b4b16 against Deployment 792e2871-92c6-4052-8f45-c8f38967b207
2019-11-28 15:34:20.179 725 INFO rally.task.engine [-] Task d985ed5c-bd30-4469-9d91-83d6502b4b16 | Starting: Running task.
2019-11-28 15:34:20.227 725 INFO rally.task.engine [-] Running workload: position = 0 config = { "version": 2, "title": "A cropped version of a bigger task.", "description": "Auto-generated task from a single workload (uuid=26a428f6-6a5a-4438-80b3-3ed3d7631e27)", "subtasks": [ { "title": "GlanceImages.create_and_delete_image", "description": "Create and then delete an image.", "scenario": { "GlanceImages.create_and_delete_image": { "container_format": "bare", "disk_format": "qcow2", "image_location": "/home/opnfv/functest/images/cirros-0.4.0-x86_64-disk.img" } }, "contexts": { "users": { "tenants": 3, "users_per_tenant": 2 } }, "runner": { "constant": { "concurrency": 4, "times": 10 } }, "hooks": [], "sla": { "failure_rate": { "max": 0 } } } ] }
2019-11-28 15:34:20.247 725 RALLYDEBUG rally_openstack.contexts.keystone.users [-] Creating 3 tenants using 20 threads
2019-11-28 15:34:20.741 725 RALLYDEBUG rally_openstack.contexts.keystone.users [-] Creating 6 users using 20 threads
2019-11-28 15:34:21.897 725 INFO rally.task.context [-] Task d985ed5c-bd30-4469-9d91-83d6502b4b16 | Context users@openstack setup() finished in 1.65 sec
2019-11-28 15:34:21.898 725 INFO rally.task.context [-] Task d985ed5c-bd30-4469-9d91-83d6502b4b16 | Context cleanup@openstack setup() finished in 0.01 msec
2019-11-28 15:34:21.908 725 RALLYDEBUG rally.task.runner [-] Starting the constant runner (task UUID: d985ed5c-bd30-4469-9d91-83d6502b4b16). timeout: 0 concurrency: 4 concurrency_per_worker: 1 times: 10 concurrency_overhead: 0 processes_to_start: 4 max_cpu_used: 88
2019-11-28 15:34:21.922 849 RALLYDEBUG rally.task.runner [-] Starting a worker. concurrency: 1 args: {"container_format": "bare", "disk_format": "qcow2", "image_location": "/home/opnfv/functest/images/cirros-0.4.0-x86_64-disk.img"} times: 10 method_name: run timeout: 0 duration: None cls:
2019-11-28 15:34:21.925 850 RALLYDEBUG rally.task.runner [-] Starting a worker. concurrency: 1 args: {"container_format": "bare", "disk_format": "qcow2", "image_location": "/home/opnfv/functest/images/cirros-0.4.0-x86_64-disk.img"} times: 10 method_name: run timeout: 0 duration: None cls:
2019-11-28 15:34:21.928 851 RALLYDEBUG rally.task.runner [-] Starting a worker. concurrency: 1 args: {"container_format": "bare", "disk_format": "qcow2", "image_location": "/home/opnfv/functest/images/cirros-0.4.0-x86_64-disk.img"} times: 10 method_name: run timeout: 0 duration: None cls:
2019-11-28 15:34:21.929 849 INFO rally.task.runner [-] Task d985ed5c-bd30-4469-9d91-83d6502b4b16 | ITER: 1 START
2019-11-28 15:34:21.931 852 RALLYDEBUG rally.task.runner [-] Starting a worker. concurrency: 1 args: {"container_format": "bare", "disk_format": "qcow2", "image_location": "/home/opnfv/functest/images/cirros-0.4.0-x86_64-disk.img"} times: 10 method_name: run timeout: 0 duration: None cls:
2019-11-28 15:34:21.932 850 INFO rally.task.runner [-] Task d985ed5c-bd30-4469-9d91-83d6502b4b16 | ITER: 2 START
2019-11-28 15:34:21.935 851 INFO rally.task.runner [-] Task d985ed5c-bd30-4469-9d91-83d6502b4b16 | ITER: 3 START
2019-11-28 15:34:21.938 852 INFO rally.task.runner [-] Task d985ed5c-bd30-4469-9d91-83d6502b4b16 | ITER: 4 START
2019-11-28 15:34:24.837 850 RALLYDEBUG rally.task.utils [-] Waiting for resource u'f948c76c-dfe0-478c-9c27-a2e74b2fec3f'. Status changed: NONE => QUEUED in 0.0670330524445
2019-11-28 15:34:25.178 849 RALLYDEBUG rally.task.utils [-] Waiting for resource u'fddcf1b4-759e-44d6-9cff-38fd56052139'. Status changed: NONE => QUEUED in 0.0708699226379
2019-11-28 15:34:25.317 851 RALLYDEBUG rally.task.utils [-] Waiting for resource u'556f87dd-1a32-4786-bec7-d27d55a3e2fe'. Status changed: NONE => QUEUED in 0.0625329017639
2019-11-28 15:34:25.371 852 RALLYDEBUG rally.task.utils [-] Waiting for resource u'4e955190-5b3c-4593-8a3f-af5b282ebc5a'. Status changed: NONE => QUEUED in 0.0727138519287
2019-11-28 15:34:26.636 849 RALLYDEBUG rally.task.utils [-] Waiting for resource s_rally_26a428f6_nvjYdHSp. Status changed: QUEUED => ACTIVE in 0.0834131240845
2019-11-28 15:34:26.658 851 RALLYDEBUG rally.task.utils [-] Waiting for resource s_rally_26a428f6_yQpHRew2. Status changed: QUEUED => ACTIVE in 0.068274974823
2019-11-28 15:34:26.736 850 RALLYDEBUG rally.task.utils [-] Waiting for resource s_rally_26a428f6_6DzLZ4Z6. Status changed: QUEUED => ACTIVE in 0.0858860015869
2019-11-28 15:34:26.751 852 RALLYDEBUG rally.task.utils [-] Waiting for resource s_rally_26a428f6_vyTKmf9S. Status changed: QUEUED => ACTIVE in 0.088928937912
2019-11-28 15:34:27.295 852 INFO rally.task.runner [-] Task d985ed5c-bd30-4469-9d91-83d6502b4b16 | ITER: 4 END: OK
2019-11-28 15:34:27.299 852 INFO rally.task.runner [-] Task d985ed5c-bd30-4469-9d91-83d6502b4b16 | ITER: 5 START
2019-11-28 15:34:27.465 849 INFO rally.task.runner [-] Task d985ed5c-bd30-4469-9d91-83d6502b4b16 | ITER: 1 END: OK
2019-11-28 15:34:27.469 849 INFO rally.task.runner [-] Task d985ed5c-bd30-4469-9d91-83d6502b4b16 | ITER: 6 START
2019-11-28 15:34:27.487 850 INFO rally.task.runner [-] Task d985ed5c-bd30-4469-9d91-83d6502b4b16 | ITER: 2 END: OK
2019-11-28 15:34:27.489 851 INFO rally.task.runner [-] Task d985ed5c-bd30-4469-9d91-83d6502b4b16 | ITER: 3 END: OK
2019-11-28 15:34:27.491 850 INFO rally.task.runner [-] Task d985ed5c-bd30-4469-9d91-83d6502b4b16 | ITER: 7 START
2019-11-28 15:34:27.493 851 INFO rally.task.runner [-] Task d985ed5c-bd30-4469-9d91-83d6502b4b16 | ITER: 8 START
2019-11-28 15:34:29.789 852 RALLYDEBUG rally.task.utils [-] Waiting for resource u'aa06546c-a342-4a79-95b2-cd37a173b20f'. Status changed: NONE => QUEUED in 0.0619549751282
2019-11-28 15:34:30.289 850 RALLYDEBUG rally.task.utils [-] Waiting for resource u'9280716b-903e-4a2a-952f-b2d5ca44c7b0'. Status changed: NONE => QUEUED in 0.0860910415649
2019-11-28 15:34:30.301 849 RALLYDEBUG rally.task.utils [-] Waiting for resource u'39c599a0-e8ed-45a8-aa01-ba505f43857b'. Status changed: NONE => QUEUED in 0.0792088508606
2019-11-28 15:34:30.309 851 RALLYDEBUG rally.task.utils [-] Waiting for resource u'5f052314-417a-4380-86a9-81485bf64686'. Status changed: NONE => QUEUED in 0.0766158103943
2019-11-28 15:34:30.789 852 RALLYDEBUG rally.task.utils [-] Waiting for resource s_rally_26a428f6_wlj3p3fh. Status changed: QUEUED => ACTIVE in 0.0644111633301
2019-11-28 15:34:31.398 852 INFO rally.task.runner [-] Task d985ed5c-bd30-4469-9d91-83d6502b4b16 | ITER: 5 END: OK
2019-11-28 15:34:31.402 852 INFO rally.task.runner [-] Task d985ed5c-bd30-4469-9d91-83d6502b4b16 | ITER: 9 START
2019-11-28 15:34:31.583 849 RALLYDEBUG rally.task.utils [-] Waiting for resource s_rally_26a428f6_wCPjO7Mo. Status changed: QUEUED => ACTIVE in 0.0531871318817
2019-11-28 15:34:31.696 851 RALLYDEBUG rally.task.utils [-] Waiting for resource s_rally_26a428f6_01t4sJXD. Status changed: QUEUED => ACTIVE in 0.100368976593
2019-11-28 15:34:31.815 850 RALLYDEBUG rally.task.utils [-] Waiting for resource s_rally_26a428f6_qtfgoEsx. Status changed: QUEUED => ACTIVE in 0.0498969554901
2019-11-28 15:34:32.223 849 INFO rally.task.runner [-] Task d985ed5c-bd30-4469-9d91-83d6502b4b16 | ITER: 6 END: OK
2019-11-28 15:34:32.228 849 INFO rally.task.runner [-] Task d985ed5c-bd30-4469-9d91-83d6502b4b16 | ITER: 10 START
2019-11-28 15:34:32.301 851 INFO rally.task.runner [-] Task d985ed5c-bd30-4469-9d91-83d6502b4b16 | ITER: 8 END: OK
2019-11-28 15:34:32.378 850 INFO rally.task.runner [-] Task d985ed5c-bd30-4469-9d91-83d6502b4b16 | ITER: 7 END: OK
2019-11-28 15:34:33.916 852 RALLYDEBUG rally.task.utils [-] Waiting for resource u'ff3fcee1-7ae7-46bb-87d8-95a8ed53f3c5'. Status changed: NONE => QUEUED in 0.0673868656158
2019-11-28 15:34:34.658 849 RALLYDEBUG rally.task.utils [-] Waiting for resource u'fbf1c02e-d036-422d-ac98-13a07efc9b55'. Status changed: NONE => QUEUED in 0.0599479675293
2019-11-28 15:34:34.891 852 RALLYDEBUG rally.task.utils [-] Waiting for resource s_rally_26a428f6_anYGT3d2. Status changed: QUEUED => ACTIVE in 0.0476169586182
2019-11-28 15:34:35.523 852 INFO rally.task.runner [-] Task d985ed5c-bd30-4469-9d91-83d6502b4b16 | ITER: 9 END: OK
2019-11-28 15:34:35.621 849 RALLYDEBUG rally.task.utils [-] Waiting for resource s_rally_26a428f6_LruTbIdW. Status changed: QUEUED => ACTIVE in 0.0467731952667
2019-11-28 15:34:36.096 849 INFO rally.task.runner [-] Task d985ed5c-bd30-4469-9d91-83d6502b4b16 | ITER: 10 END: OK
2019-11-28 15:34:36.120 725 INFO rally.task.context [-] Task d985ed5c-bd30-4469-9d91-83d6502b4b16 | Context cleanup@openstack cleanup() started
2019-11-28 15:34:36.125 725 RALLYDEBUG rally_openstack.cleanup.manager [-] Cleaning up glance images objects
2019-11-28 15:34:37.041 725 INFO rally.task.context [-] Task d985ed5c-bd30-4469-9d91-83d6502b4b16 | Context cleanup@openstack cleanup() finished in 0.92 sec
2019-11-28 15:34:37.041 725 INFO rally.task.context [-] Task d985ed5c-bd30-4469-9d91-83d6502b4b16 | Context users@openstack cleanup() started
2019-11-28 15:34:40.691 725 INFO rally.task.context [-] Task d985ed5c-bd30-4469-9d91-83d6502b4b16 | Context users@openstack cleanup() finished in 3.65 sec
2019-11-28 15:34:42.368 725 INFO rally.task.engine [-] Load duration is: 13.619154
2019-11-28 15:34:42.368 725 INFO rally.task.engine [-] Full runner duration is: 14.212532
2019-11-28 15:34:42.369 725 INFO rally.task.engine [-] Full duration is: 20.445159
2019-11-28 15:34:42.457 725 INFO rally.task.engine [-] Running workload: position = 0 config = { "version": 2, "title": "A cropped version of a bigger task.", "description": "Auto-generated task from a single workload (uuid=e79e8968-3b6a-4a46-a53a-f03d30ca2c2b)", "subtasks": [ { "title": "GlanceImages.create_and_list_image", "description": "Create an image and then list all images.", "scenario": { "GlanceImages.create_and_list_image": { "container_format": "bare", "disk_format": "qcow2", "image_location": "/home/opnfv/functest/images/cirros-0.4.0-x86_64-disk.img" } }, "contexts": { "users": { "tenants": 3, "users_per_tenant": 2 } }, "runner": { "constant": { "concurrency": 4, "times": 10 } }, "hooks": [], "sla": { "failure_rate": { "max": 0 } } } ] }
2019-11-28 15:34:42.470 725 RALLYDEBUG rally_openstack.contexts.keystone.users [-] Creating 3 tenants using 20 threads
2019-11-28 15:34:43.010 725 RALLYDEBUG rally_openstack.contexts.keystone.users [-] Creating 6 users using 20 threads
2019-11-28 15:34:44.177 725 INFO rally.task.context [-] Task d985ed5c-bd30-4469-9d91-83d6502b4b16 | Context users@openstack setup() finished in 1.71 sec
2019-11-28 15:34:44.178 725 INFO rally.task.context [-] Task d985ed5c-bd30-4469-9d91-83d6502b4b16 | Context cleanup@openstack setup() finished in 0.01 msec
2019-11-28 15:34:44.188 725 RALLYDEBUG rally.task.runner [-] Starting the constant runner (task UUID: d985ed5c-bd30-4469-9d91-83d6502b4b16). timeout: 0 concurrency: 4 concurrency_per_worker: 1 times: 10 concurrency_overhead: 0 processes_to_start: 4 max_cpu_used: 88
2019-11-28 15:34:44.198 973 RALLYDEBUG rally.task.runner [-] Starting a worker. concurrency: 1 args: {"container_format": "bare", "disk_format": "qcow2", "image_location": "/home/opnfv/functest/images/cirros-0.4.0-x86_64-disk.img"} times: 10 method_name: run timeout: 0 duration: None cls:
2019-11-28 15:34:44.201 974 RALLYDEBUG rally.task.runner [-] Starting a worker. concurrency: 1 args: {"container_format": "bare", "disk_format": "qcow2", "image_location": "/home/opnfv/functest/images/cirros-0.4.0-x86_64-disk.img"} times: 10 method_name: run timeout: 0 duration: None cls:
2019-11-28 15:34:44.203 975 RALLYDEBUG rally.task.runner [-] Starting a worker. concurrency: 1 args: {"container_format": "bare", "disk_format": "qcow2", "image_location": "/home/opnfv/functest/images/cirros-0.4.0-x86_64-disk.img"} times: 10 method_name: run timeout: 0 duration: None cls:
2019-11-28 15:34:44.205 973 INFO rally.task.runner [-] Task d985ed5c-bd30-4469-9d91-83d6502b4b16 | ITER: 1 START
2019-11-28 15:34:44.206 976 RALLYDEBUG rally.task.runner [-] Starting a worker. concurrency: 1 args: {"container_format": "bare", "disk_format": "qcow2", "image_location": "/home/opnfv/functest/images/cirros-0.4.0-x86_64-disk.img"} times: 10 method_name: run timeout: 0 duration: None cls:
2019-11-28 15:34:44.208 974 INFO rally.task.runner [-] Task d985ed5c-bd30-4469-9d91-83d6502b4b16 | ITER: 2 START
2019-11-28 15:34:44.210 975 INFO rally.task.runner [-] Task d985ed5c-bd30-4469-9d91-83d6502b4b16 | ITER: 3 START
2019-11-28 15:34:44.213 976 INFO rally.task.runner [-] Task d985ed5c-bd30-4469-9d91-83d6502b4b16 | ITER: 4 START
2019-11-28 15:34:47.175 975 RALLYDEBUG rally.task.utils [-] Waiting for resource u'845d5330-53c2-43a9-8864-c8e520762197'. Status changed: NONE => QUEUED in 0.070897102356
2019-11-28 15:34:47.196 974 RALLYDEBUG rally.task.utils [-] Waiting for resource u'a01853f0-8652-49a3-af4d-62b6180b9ff6'. Status changed: NONE => QUEUED in 0.101588964462
2019-11-28 15:34:47.232 973 RALLYDEBUG rally.task.utils [-] Waiting for resource u'6214f504-540e-4dd4-8414-485ba36124ce'. Status changed: NONE => QUEUED in 0.0974678993225
2019-11-28 15:34:47.239 976 RALLYDEBUG rally.task.utils [-] Waiting for resource u'789aed8f-9d28-47b3-bddd-bbf2f720d516'. Status changed: NONE => QUEUED in 0.0941989421844
2019-11-28 15:34:48.562 974 RALLYDEBUG rally.task.utils [-] Waiting for resource s_rally_e79e8968_51V6AU4K. Status changed: QUEUED => ACTIVE in 0.0507860183716
2019-11-28 15:34:48.614 974 INFO rally.task.runner [-] Task d985ed5c-bd30-4469-9d91-83d6502b4b16 | ITER: 2 END: OK
2019-11-28 15:34:48.618 974 INFO rally.task.runner [-] Task d985ed5c-bd30-4469-9d91-83d6502b4b16 | ITER: 5 START
2019-11-28 15:34:48.951 975 RALLYDEBUG rally.task.utils [-] Waiting for resource s_rally_e79e8968_tqI4GPYN. Status changed: QUEUED => ACTIVE in 0.0601010322571
2019-11-28 15:34:49.024 975 INFO rally.task.runner [-] Task d985ed5c-bd30-4469-9d91-83d6502b4b16 | ITER: 3 END: OK
2019-11-28 15:34:49.029 975 INFO rally.task.runner [-] Task d985ed5c-bd30-4469-9d91-83d6502b4b16 | ITER: 6 START
2019-11-28 15:34:49.442 973 RALLYDEBUG rally.task.utils [-] Waiting for resource s_rally_e79e8968_DHYb4n2m. Status changed: QUEUED => ACTIVE in 0.0396511554718
2019-11-28 15:34:49.516 973 INFO rally.task.runner [-] Task d985ed5c-bd30-4469-9d91-83d6502b4b16 | ITER: 1 END: OK
2019-11-28 15:34:49.521 973 INFO rally.task.runner [-] Task d985ed5c-bd30-4469-9d91-83d6502b4b16 | ITER: 7 START
2019-11-28 15:34:49.547 976 RALLYDEBUG rally.task.utils [-] Waiting for resource s_rally_e79e8968_Qsp71INw. Status changed: QUEUED => ACTIVE in 0.0482640266418
2019-11-28 15:34:49.611 976 INFO rally.task.runner [-] Task d985ed5c-bd30-4469-9d91-83d6502b4b16 | ITER: 4 END: OK
2019-11-28 15:34:49.616 976 INFO rally.task.runner [-] Task d985ed5c-bd30-4469-9d91-83d6502b4b16 | ITER: 8 START
2019-11-28 15:34:51.170 974 RALLYDEBUG rally.task.utils [-] Waiting for resource u'd9380bf0-4b4b-48bb-a084-d31bb846730b'. Status changed: NONE => QUEUED in 0.062469959259
2019-11-28 15:34:51.605 975 RALLYDEBUG rally.task.utils [-] Waiting for resource u'bb19c758-4dfa-48bc-b1d7-4e59b9ebab94'. Status changed: NONE => QUEUED in 0.0727679729462
2019-11-28 15:34:52.140 973 RALLYDEBUG rally.task.utils [-] Waiting for resource u'410a3c90-62cf-4b5a-a834-ac38a4644654'. Status changed: NONE => QUEUED in 0.0733799934387
2019-11-28 15:34:52.156 974 RALLYDEBUG rally.task.utils [-] Waiting for resource s_rally_e79e8968_IV1sMlT1. Status changed: QUEUED => ACTIVE in 0.0478711128235
2019-11-28 15:34:52.216 974 INFO rally.task.runner [-] Task d985ed5c-bd30-4469-9d91-83d6502b4b16 | ITER: 5 END: OK
2019-11-28 15:34:52.221 974 INFO rally.task.runner [-] Task d985ed5c-bd30-4469-9d91-83d6502b4b16 | ITER: 9 START
2019-11-28 15:34:52.523 976 RALLYDEBUG rally.task.utils [-] Waiting for resource u'b8ca7615-b3ea-4650-bbe9-ea43e524f617'. Status changed: NONE => QUEUED in 0.121022939682
2019-11-28 15:34:52.607 975 RALLYDEBUG rally.task.utils [-] Waiting for resource s_rally_e79e8968_ms2wJufN. Status changed: QUEUED => ACTIVE in 0.0609769821167
2019-11-28 15:34:52.685 975 INFO rally.task.runner [-] Task d985ed5c-bd30-4469-9d91-83d6502b4b16 | ITER: 6 END: OK
2019-11-28 15:34:52.690 975 INFO rally.task.runner [-] Task d985ed5c-bd30-4469-9d91-83d6502b4b16 | ITER: 10 START
2019-11-28 15:34:53.157 973 RALLYDEBUG rally.task.utils [-] Waiting for resource s_rally_e79e8968_LLHTRq85. Status changed: QUEUED => ACTIVE in 0.04065990448
2019-11-28 15:34:53.221 973 INFO rally.task.runner [-] Task d985ed5c-bd30-4469-9d91-83d6502b4b16 | ITER: 7 END: OK
2019-11-28 15:34:53.471 976 RALLYDEBUG rally.task.utils [-] Waiting for resource s_rally_e79e8968_NIRWRJj0. Status changed: QUEUED => ACTIVE in 0.0466530323029
2019-11-28 15:34:53.527 976 INFO rally.task.runner [-] Task d985ed5c-bd30-4469-9d91-83d6502b4b16 | ITER: 8 END: OK
2019-11-28 15:34:54.709 974 RALLYDEBUG rally.task.utils [-] Waiting for resource u'7df926b0-82c0-4015-8135-56cd7eaf223e'. Status changed: NONE => QUEUED in 0.0691759586334
2019-11-28 15:34:55.162 975 RALLYDEBUG rally.task.utils [-] Waiting for resource u'28f608ba-59a2-4200-b8af-d9ec29a23575'. Status changed: NONE => QUEUED in 0.0742399692535
2019-11-28 15:34:59.255 974 RALLYDEBUG rally.task.utils [-] Waiting for resource s_rally_e79e8968_iOihZLG1. Status changed: QUEUED => ACTIVE in 0.0529539585114
2019-11-28 15:34:59.313 974 INFO rally.task.runner [-] Task d985ed5c-bd30-4469-9d91-83d6502b4b16 | ITER: 9 END: OK
2019-11-28 15:35:06.694 975 RALLYDEBUG rally.task.utils [-] Waiting for resource s_rally_e79e8968_BoVrvKX0. Status changed: QUEUED => ACTIVE in 0.0523989200592
2019-11-28 15:35:06.765 975 INFO rally.task.runner [-] Task d985ed5c-bd30-4469-9d91-83d6502b4b16 | ITER: 10 END: OK
2019-11-28 15:35:06.795 725 INFO rally.task.context [-] Task d985ed5c-bd30-4469-9d91-83d6502b4b16 | Context cleanup@openstack cleanup() started
2019-11-28 15:35:06.798 725 RALLYDEBUG rally_openstack.cleanup.manager [-] Cleaning up glance images objects
2019-11-28 15:35:07.980 725 RALLYDEBUG rally_openstack.cleanup.manager [-] Deleting glance.images object s_rally_e79e8968_ms2wJufN (bb19c758-4dfa-48bc-b1d7-4e59b9ebab94)
2019-11-28 15:35:07.982 725 RALLYDEBUG rally_openstack.cleanup.manager [-] Deleting glance.images object s_rally_e79e8968_Qsp71INw (789aed8f-9d28-47b3-bddd-bbf2f720d516)
2019-11-28 15:35:07.985 725 RALLYDEBUG rally_openstack.cleanup.manager [-] Deleting glance.images object s_rally_e79e8968_DHYb4n2m (6214f504-540e-4dd4-8414-485ba36124ce)
2019-11-28 15:35:07.984 725 RALLYDEBUG rally_openstack.cleanup.manager [-] Deleting glance.images object s_rally_e79e8968_NIRWRJj0 (b8ca7615-b3ea-4650-bbe9-ea43e524f617)
2019-11-28 15:35:07.986 725 RALLYDEBUG rally_openstack.cleanup.manager [-] Deleting glance.images object s_rally_e79e8968_IV1sMlT1 (d9380bf0-4b4b-48bb-a084-d31bb846730b)
2019-11-28 15:35:07.990 725 RALLYDEBUG rally_openstack.cleanup.manager [-] Deleting glance.images object s_rally_e79e8968_tqI4GPYN (845d5330-53c2-43a9-8864-c8e520762197)
2019-11-28 15:35:07.998 725 RALLYDEBUG rally_openstack.cleanup.manager [-] Deleting glance.images object s_rally_e79e8968_51V6AU4K (a01853f0-8652-49a3-af4d-62b6180b9ff6)
2019-11-28 15:35:07.995 725 RALLYDEBUG rally_openstack.cleanup.manager [-] Deleting glance.images object s_rally_e79e8968_LLHTRq85 (410a3c90-62cf-4b5a-a834-ac38a4644654)
2019-11-28 15:35:08.002 725 RALLYDEBUG rally_openstack.cleanup.manager [-] Deleting glance.images object s_rally_e79e8968_BoVrvKX0 (28f608ba-59a2-4200-b8af-d9ec29a23575)
2019-11-28 15:35:08.001 725 RALLYDEBUG rally_openstack.cleanup.manager [-] Deleting glance.images object s_rally_e79e8968_iOihZLG1 (7df926b0-82c0-4015-8135-56cd7eaf223e)
2019-11-28 15:35:09.590 725 DEBUG glanceclient.common.http [-] Request returned failure status 404. _handle_response /usr/lib/python2.7/site-packages/glanceclient/common/http.py:125
2019-11-28 15:35:09.637 725 DEBUG glanceclient.common.http [-] Request returned failure status 404. _handle_response /usr/lib/python2.7/site-packages/glanceclient/common/http.py:125
2019-11-28 15:35:09.720 725 DEBUG glanceclient.common.http [-] Request returned failure status 404. _handle_response /usr/lib/python2.7/site-packages/glanceclient/common/http.py:125
2019-11-28 15:35:09.872 725 DEBUG glanceclient.common.http [-] Request returned failure status 404. _handle_response /usr/lib/python2.7/site-packages/glanceclient/common/http.py:125
2019-11-28 15:35:09.876 725 DEBUG glanceclient.common.http [-] Request returned failure status 404. _handle_response /usr/lib/python2.7/site-packages/glanceclient/common/http.py:125
2019-11-28 15:35:09.910 725 DEBUG glanceclient.common.http [-] Request returned failure status 404. _handle_response /usr/lib/python2.7/site-packages/glanceclient/common/http.py:125
2019-11-28 15:35:10.071 725 DEBUG glanceclient.common.http [-] Request returned failure status 404. _handle_response /usr/lib/python2.7/site-packages/glanceclient/common/http.py:125
2019-11-28 15:35:10.084 725 DEBUG glanceclient.common.http [-] Request returned failure status 404. _handle_response /usr/lib/python2.7/site-packages/glanceclient/common/http.py:125
2019-11-28 15:35:10.108 725 DEBUG glanceclient.common.http [-] Request returned failure status 404. _handle_response /usr/lib/python2.7/site-packages/glanceclient/common/http.py:125
2019-11-28 15:35:10.127 725 DEBUG glanceclient.common.http [-] Request returned failure status 404. _handle_response /usr/lib/python2.7/site-packages/glanceclient/common/http.py:125
2019-11-28 15:35:10.190 725 DEBUG glanceclient.common.http [-] Request returned failure status 404. _handle_response /usr/lib/python2.7/site-packages/glanceclient/common/http.py:125
2019-11-28 15:35:15.212 725 DEBUG glanceclient.common.http [-] Request returned failure status 404. _handle_response /usr/lib/python2.7/site-packages/glanceclient/common/http.py:125
2019-11-28 15:35:15.231 725 DEBUG glanceclient.common.http [-] Request returned failure status 404. _handle_response /usr/lib/python2.7/site-packages/glanceclient/common/http.py:125
2019-11-28 15:35:15.266 725 DEBUG glanceclient.common.http [-] Request returned failure status 404. _handle_response /usr/lib/python2.7/site-packages/glanceclient/common/http.py:125
2019-11-28 15:35:15.310 725 DEBUG glanceclient.common.http [-] Request returned failure status 404. _handle_response /usr/lib/python2.7/site-packages/glanceclient/common/http.py:125
2019-11-28 15:35:15.314 725 DEBUG glanceclient.common.http [-] Request returned failure status 404. _handle_response /usr/lib/python2.7/site-packages/glanceclient/common/http.py:125
2019-11-28 15:35:15.320 725 DEBUG glanceclient.common.http [-] Request returned failure status 404. _handle_response /usr/lib/python2.7/site-packages/glanceclient/common/http.py:125
2019-11-28 15:35:15.366 725 DEBUG glanceclient.common.http [-] Request returned failure status 404. _handle_response /usr/lib/python2.7/site-packages/glanceclient/common/http.py:125
2019-11-28 15:35:15.376 725 DEBUG glanceclient.common.http [-] Request returned failure status 404. _handle_response /usr/lib/python2.7/site-packages/glanceclient/common/http.py:125
2019-11-28 15:35:15.378 725 DEBUG glanceclient.common.http [-] Request returned failure status 404. _handle_response /usr/lib/python2.7/site-packages/glanceclient/common/http.py:125
2019-11-28 15:35:16.381 725 INFO rally.task.context [-] Task d985ed5c-bd30-4469-9d91-83d6502b4b16 | Context cleanup@openstack cleanup() finished in 9.59 sec
2019-11-28 15:35:16.381 725 INFO rally.task.context [-] Task d985ed5c-bd30-4469-9d91-83d6502b4b16 | Context users@openstack cleanup() started
2019-11-28 15:35:20.075 725 INFO rally.task.context [-] Task d985ed5c-bd30-4469-9d91-83d6502b4b16 | Context users@openstack cleanup() finished in 3.69 sec
2019-11-28 15:35:20.636 725 INFO rally.task.engine [-] Load duration is: 22.137148
2019-11-28 15:35:20.637 725 INFO rally.task.engine [-] Full runner duration is: 22.607137
2019-11-28 15:35:20.637 725 INFO rally.task.engine [-] Full duration is: 37.606834
2019-11-28 15:35:20.721 725 INFO rally.task.engine [-] Running workload: position = 0 config = { "version": 2, "title": "A cropped version of a bigger task.", "description": "Auto-generated task from a single workload (uuid=d5236622-d3d7-45ca-abc8-33b01cc62eab)", "subtasks": [ { "title": "GlanceImages.list_images", "description": "List all images.", "scenario": { "GlanceImages.list_images": {} }, "contexts": { "users": { "tenants": 3, "users_per_tenant": 2 } }, "runner": { "constant": { "concurrency": 4, "times": 10 } }, "hooks": [], "sla": { "failure_rate": { "max": 0 } } } ] }
2019-11-28 15:35:20.732 725 RALLYDEBUG rally_openstack.contexts.keystone.users [-] Creating 3 tenants using 20 threads
2019-11-28 15:35:21.335 725 RALLYDEBUG rally_openstack.contexts.keystone.users [-] Creating 6 users using 20 threads
2019-11-28 15:35:22.665 725 INFO rally.task.context [-] Task d985ed5c-bd30-4469-9d91-83d6502b4b16 | Context users@openstack setup() finished in 1.93 sec
2019-11-28 15:35:22.673 725 RALLYDEBUG rally.task.runner [-] Starting the constant runner (task UUID: d985ed5c-bd30-4469-9d91-83d6502b4b16). timeout: 0 concurrency: 4 concurrency_per_worker: 1 times: 10 concurrency_overhead: 0 processes_to_start: 4 max_cpu_used: 88
2019-11-28 15:35:22.686 1097 RALLYDEBUG rally.task.runner [-] Starting a worker. concurrency: 1 args: {} times: 10 method_name: run timeout: 0 duration: None cls:
2019-11-28 15:35:22.688 1098 RALLYDEBUG rally.task.runner [-] Starting a worker. concurrency: 1 args: {} times: 10 method_name: run timeout: 0 duration: None cls:
2019-11-28 15:35:22.690 1099 RALLYDEBUG rally.task.runner [-] Starting a worker. concurrency: 1 args: {} times: 10 method_name: run timeout: 0 duration: None cls:
2019-11-28 15:35:22.693 1097 INFO rally.task.runner [-] Task d985ed5c-bd30-4469-9d91-83d6502b4b16 | ITER: 1 START
2019-11-28 15:35:22.693 1100 RALLYDEBUG rally.task.runner [-] Starting a worker. concurrency: 1 args: {} times: 10 method_name: run timeout: 0 duration: None cls:
2019-11-28 15:35:22.695 1098 INFO rally.task.runner [-] Task d985ed5c-bd30-4469-9d91-83d6502b4b16 | ITER: 2 START
2019-11-28 15:35:22.696 1099 INFO rally.task.runner [-] Task d985ed5c-bd30-4469-9d91-83d6502b4b16 | ITER: 3 START
2019-11-28 15:35:22.700 1100 INFO rally.task.runner [-] Task d985ed5c-bd30-4469-9d91-83d6502b4b16 | ITER: 4 START
2019-11-28 15:35:23.446 1099 INFO rally.task.runner [-] Task d985ed5c-bd30-4469-9d91-83d6502b4b16 | ITER: 3 END: OK
2019-11-28 15:35:23.451 1099 INFO rally.task.runner [-] Task d985ed5c-bd30-4469-9d91-83d6502b4b16 | ITER: 5 START
2019-11-28 15:35:23.465 1097 INFO rally.task.runner [-] Task d985ed5c-bd30-4469-9d91-83d6502b4b16 | ITER: 1 END: OK
2019-11-28 15:35:23.469 1097 INFO rally.task.runner [-] Task d985ed5c-bd30-4469-9d91-83d6502b4b16 | ITER: 6 START
2019-11-28 15:35:23.617 1098 INFO rally.task.runner [-] Task d985ed5c-bd30-4469-9d91-83d6502b4b16 | ITER: 2 END: OK
2019-11-28 15:35:23.618 1100 INFO rally.task.runner [-] Task d985ed5c-bd30-4469-9d91-83d6502b4b16 | ITER: 4 END: OK
2019-11-28 15:35:23.621 1098 INFO rally.task.runner [-] Task d985ed5c-bd30-4469-9d91-83d6502b4b16 | ITER: 7 START
2019-11-28 15:35:23.622 1100 INFO rally.task.runner [-] Task d985ed5c-bd30-4469-9d91-83d6502b4b16 | ITER: 8 START
2019-11-28 15:35:23.993 1099 INFO rally.task.runner [-] Task d985ed5c-bd30-4469-9d91-83d6502b4b16 | ITER: 5 END: OK
2019-11-28 15:35:23.997 1099 INFO rally.task.runner [-] Task d985ed5c-bd30-4469-9d91-83d6502b4b16 | ITER: 9 START
2019-11-28 15:35:24.355 1097 INFO rally.task.runner [-] Task d985ed5c-bd30-4469-9d91-83d6502b4b16 | ITER: 6 END: OK
2019-11-28 15:35:24.359 1097 INFO rally.task.runner [-] Task d985ed5c-bd30-4469-9d91-83d6502b4b16 | ITER: 10 START
2019-11-28 15:35:24.546 1100 INFO rally.task.runner [-] Task d985ed5c-bd30-4469-9d91-83d6502b4b16 | ITER: 8 END: OK
2019-11-28 15:35:24.554 1098 INFO rally.task.runner [-] Task d985ed5c-bd30-4469-9d91-83d6502b4b16 | ITER: 7 END: OK
2019-11-28 15:35:24.861 1099 INFO rally.task.runner [-] Task d985ed5c-bd30-4469-9d91-83d6502b4b16 | ITER: 9 END: OK
2019-11-28 15:35:24.950 1097 INFO rally.task.runner [-] Task d985ed5c-bd30-4469-9d91-83d6502b4b16 | ITER: 10 END: OK
2019-11-28 15:35:24.977 725 INFO rally.task.context [-] Task d985ed5c-bd30-4469-9d91-83d6502b4b16 | Context users@openstack cleanup() started
2019-11-28 15:35:29.467 725 INFO rally.task.context [-] Task d985ed5c-bd30-4469-9d91-83d6502b4b16 | Context users@openstack cleanup() finished in 4.49 sec
2019-11-28 15:35:30.793 725 INFO rally.task.engine [-] Load duration is: 1.786685
2019-11-28 15:35:30.793 725 INFO rally.task.engine [-] Full runner duration is: 2.303891
2019-11-28 15:35:30.794 725 INFO rally.task.engine [-] Full duration is: 8.736381
2019-11-28 15:35:30.876 725 INFO rally.task.engine [-] Running workload: position = 0 config = { "version": 2, "title": "A cropped version of a bigger task.", "description": "Auto-generated task from a single workload (uuid=a914ac5b-3709-49be-98db-c8c0c231b8b9)", "subtasks": [ { "title": "GlanceImages.create_image_and_boot_instances", "description": "Create an image and boot several instances from it.", "scenario": { "GlanceImages.create_image_and_boot_instances": { "container_format": "bare", "disk_format": "qcow2", "image_location": "/home/opnfv/functest/images/cirros-0.4.0-x86_64-disk.img", "flavor": { "name": "rally_full-flavor_d3c16acd-e549-4f96-8085-9fabf5b4043c" }, "number_instances": 2, "nics": [ { "net-id": "e1db6e84-e045-4ed7-aa87-6e8f3d680f1f" } ] } }, "contexts": { "users": { "tenants": 3, "users_per_tenant": 2 }, "quotas": { "nova": { "cores": -1, "floating_ips": -1, "instances": -1, "ram": -1, "security_group_rules": -1, "security_groups": -1 } } }, "runner": { "constant": { "concurrency": 4, "times": 10 } }, "hooks": [], "sla": { "failure_rate": { "max": 0 } } } ] }
2019-11-28 15:35:30.889 725 RALLYDEBUG rally_openstack.contexts.keystone.users [-] Creating 3 tenants using 20 threads
2019-11-28 15:35:31.529 725 RALLYDEBUG rally_openstack.contexts.keystone.users [-] Creating 6 users using 20 threads
2019-11-28 15:35:32.920 725 INFO rally.task.context [-] Task d985ed5c-bd30-4469-9d91-83d6502b4b16 | Context users@openstack setup() finished in 2.03 sec
2019-11-28 15:35:33.063 725 DEBUG novaclient.v2.client [-] REQ: curl -g -i -X PUT http://compute-airship.intel-pod17.opnfv.org:80/v2/cae43d8fc9cc4aa48764f2f34df2b1f6/os-quota-sets/6f405ef3abbd4930a006566bdd2f5de1 -H "Accept: application/json" -H "Content-Type: application/json" -H "User-Agent: python-novaclient" -H "X-Auth-Token: {SHA1}1b1450b07a226b6c164b110931a215032c245545" -d '{"quota_set": {"ram": -1, "floating_ips": -1, "security_group_rules": -1, "instances": -1, "cores": -1, "security_groups": -1}}' _http_log_request /usr/lib/python2.7/site-packages/keystoneauth1/session.py:448
2019-11-28 15:35:33.472 725 DEBUG novaclient.v2.client [-] RESP: [200] Connection: keep-alive Content-Encoding: gzip Content-Type: application/json Date: Thu, 28 Nov 2019 15:35:33 GMT Transfer-Encoding: chunked Vary: Accept-Encoding X-Compute-Request-Id: req-3812627e-e582-4c54-8d0b-e291ecb085f2 _http_log_response /usr/lib/python2.7/site-packages/keystoneauth1/session.py:479
2019-11-28 15:35:33.473 725 DEBUG novaclient.v2.client [-] RESP BODY: {"quota_set": {"injected_file_content_bytes": 10240, "metadata_items": 128, "server_group_members": 10, "server_groups": 10, "ram": -1, "floating_ips": -1, "key_pairs": 100, "instances": -1, "security_group_rules": -1, "injected_files": 5, "cores": -1, "fixed_ips": -1, "injected_file_path_bytes": 255, "security_groups": -1}} _http_log_response /usr/lib/python2.7/site-packages/keystoneauth1/session.py:511
2019-11-28 15:35:33.473 725 DEBUG novaclient.v2.client [-] PUT call to compute for http://compute-airship.intel-pod17.opnfv.org:80/v2/cae43d8fc9cc4aa48764f2f34df2b1f6/os-quota-sets/6f405ef3abbd4930a006566bdd2f5de1 used request id req-3812627e-e582-4c54-8d0b-e291ecb085f2 request /usr/lib/python2.7/site-packages/keystoneauth1/session.py:844
2019-11-28 15:35:33.476 725 DEBUG novaclient.v2.client [-] REQ: curl -g -i -X PUT http://compute-airship.intel-pod17.opnfv.org:80/v2/cae43d8fc9cc4aa48764f2f34df2b1f6/os-quota-sets/d1cbfae9018148dfb8dccc90796cfefc -H "Accept: application/json" -H "Content-Type: application/json" -H "User-Agent: python-novaclient" -H "X-Auth-Token: {SHA1}1b1450b07a226b6c164b110931a215032c245545" -d '{"quota_set": {"ram": -1, "floating_ips": -1, "security_group_rules": -1, "instances": -1, "cores": -1, "security_groups": -1}}' _http_log_request /usr/lib/python2.7/site-packages/keystoneauth1/session.py:448
2019-11-28 15:35:33.605 725 DEBUG novaclient.v2.client [-] RESP: [200] Connection: keep-alive Content-Encoding: gzip Content-Type: application/json Date: Thu, 28 Nov 2019 15:35:33 GMT Transfer-Encoding: chunked Vary: Accept-Encoding X-Compute-Request-Id: req-c22a0ac8-b868-4fb9-9651-51b2e0246fed _http_log_response /usr/lib/python2.7/site-packages/keystoneauth1/session.py:479
2019-11-28 15:35:33.606 725 DEBUG novaclient.v2.client [-] RESP BODY: {"quota_set": {"injected_file_content_bytes": 10240, "metadata_items": 128, "server_group_members": 10, "server_groups": 10, "ram": -1, "floating_ips": -1, "key_pairs": 100, "instances": -1, "security_group_rules": -1, "injected_files": 5, "cores": -1, "fixed_ips": -1, "injected_file_path_bytes": 255, "security_groups": -1}} _http_log_response /usr/lib/python2.7/site-packages/keystoneauth1/session.py:511
2019-11-28 15:35:33.606 725 DEBUG novaclient.v2.client [-] PUT call to compute for http://compute-airship.intel-pod17.opnfv.org:80/v2/cae43d8fc9cc4aa48764f2f34df2b1f6/os-quota-sets/d1cbfae9018148dfb8dccc90796cfefc used request id req-c22a0ac8-b868-4fb9-9651-51b2e0246fed request /usr/lib/python2.7/site-packages/keystoneauth1/session.py:844
2019-11-28 15:35:33.608 725 DEBUG novaclient.v2.client [-] REQ: curl -g -i -X PUT http://compute-airship.intel-pod17.opnfv.org:80/v2/cae43d8fc9cc4aa48764f2f34df2b1f6/os-quota-sets/ee1b06c7d8244f9d8becb3619169e606 -H "Accept: application/json" -H "Content-Type: application/json" -H "User-Agent: python-novaclient" -H "X-Auth-Token: {SHA1}1b1450b07a226b6c164b110931a215032c245545" -d '{"quota_set": {"ram": -1, "floating_ips": -1, "security_group_rules": -1, "instances": -1, "cores": -1, "security_groups": -1}}' _http_log_request /usr/lib/python2.7/site-packages/keystoneauth1/session.py:448
2019-11-28 15:35:33.747 725 DEBUG novaclient.v2.client [-] RESP: [200] Connection: keep-alive Content-Encoding: gzip Content-Type: application/json Date: Thu, 28 Nov 2019 15:35:33 GMT Transfer-Encoding: chunked Vary: Accept-Encoding X-Compute-Request-Id: req-b1f80839-b6e0-4bea-8c39-c8b51dde9040 _http_log_response /usr/lib/python2.7/site-packages/keystoneauth1/session.py:479
2019-11-28 15:35:33.748 725 DEBUG novaclient.v2.client [-] RESP BODY: {"quota_set": {"injected_file_content_bytes": 10240, "metadata_items": 128, "server_group_members": 10, "server_groups": 10, "ram": -1, "floating_ips": -1, "key_pairs": 100, "instances": -1, "security_group_rules": -1, "injected_files": 5, "cores": -1, "fixed_ips": -1, "injected_file_path_bytes": 255, "security_groups": -1}} _http_log_response /usr/lib/python2.7/site-packages/keystoneauth1/session.py:511
2019-11-28 15:35:33.749 725 DEBUG novaclient.v2.client [-] PUT call to compute for http://compute-airship.intel-pod17.opnfv.org:80/v2/cae43d8fc9cc4aa48764f2f34df2b1f6/os-quota-sets/ee1b06c7d8244f9d8becb3619169e606 used request id req-b1f80839-b6e0-4bea-8c39-c8b51dde9040 request /usr/lib/python2.7/site-packages/keystoneauth1/session.py:844
2019-11-28 15:35:33.749 725 INFO rally.task.context [-] Task d985ed5c-bd30-4469-9d91-83d6502b4b16 | Context quotas@openstack setup() finished in 0.83 sec
2019-11-28 15:35:33.750 725 INFO rally.task.context [-] Task d985ed5c-bd30-4469-9d91-83d6502b4b16 | Context cleanup@openstack setup() finished in 0.02 msec
2019-11-28 15:35:33.866 725 DEBUG novaclient.v2.client [-] REQ: curl -g -i -X GET http://compute-airship.intel-pod17.opnfv.org:80/v2/cae43d8fc9cc4aa48764f2f34df2b1f6/flavors/detail -H "Accept: application/json" -H "User-Agent: python-novaclient" -H "X-Auth-Token: {SHA1}06ec04e28f0511d4a62cc390ebcbc0524c5f5172" _http_log_request /usr/lib/python2.7/site-packages/keystoneauth1/session.py:448
2019-11-28 15:35:34.010 725 DEBUG novaclient.v2.client [-] RESP: [200] Connection: keep-alive Content-Encoding: gzip Content-Type: application/json Date: Thu, 28 Nov 2019 15:35:34 GMT Transfer-Encoding: chunked Vary: Accept-Encoding X-Compute-Request-Id: req-eb0803b9-2716-4636-9c6a-d0dcd191c85a _http_log_response /usr/lib/python2.7/site-packages/keystoneauth1/session.py:479
2019-11-28 15:35:34.011 725 DEBUG novaclient.v2.client [-] RESP BODY: {"flavors": [{"links": [{"href": "http://compute-airship.intel-pod17.opnfv.org/v2/cae43d8fc9cc4aa48764f2f34df2b1f6/flavors/5b944683-8170-404c-a95d-db0d77fa1cc3", "rel": "self"}, {"href": "http://compute-airship.intel-pod17.opnfv.org/cae43d8fc9cc4aa48764f2f34df2b1f6/flavors/5b944683-8170-404c-a95d-db0d77fa1cc3", "rel": "bookmark"}], "ram": 16384, "OS-FLV-DISABLED:disabled": false, "os-flavor-access:is_public": true, "rxtx_factor": 1.0, "disk": 160, "id": "5b944683-8170-404c-a95d-db0d77fa1cc3", "name": "m1.xlarge", "vcpus": 8, "swap": "", "OS-FLV-EXT-DATA:ephemeral": 0}, {"links": [{"href": "http://compute-airship.intel-pod17.opnfv.org/v2/cae43d8fc9cc4aa48764f2f34df2b1f6/flavors/5ed2e879-a7d3-40e9-a9d2-dc8b8c41871d", "rel": "self"}, {"href": "http://compute-airship.intel-pod17.opnfv.org/cae43d8fc9cc4aa48764f2f34df2b1f6/flavors/5ed2e879-a7d3-40e9-a9d2-dc8b8c41871d", "rel": "bookmark"}], "ram": 512, "OS-FLV-DISABLED:disabled": false, "os-flavor-access:is_public": true, "rxtx_factor": 1.0, "disk": 1, "id": "5ed2e879-a7d3-40e9-a9d2-dc8b8c41871d", "name": "m1.tiny", "vcpus": 1, "swap": "", "OS-FLV-EXT-DATA:ephemeral": 0}, {"links": [{"href": "http://compute-airship.intel-pod17.opnfv.org/v2/cae43d8fc9cc4aa48764f2f34df2b1f6/flavors/77f9215f-8274-48d5-95b5-818201222231", "rel": "self"}, {"href": "http://compute-airship.intel-pod17.opnfv.org/cae43d8fc9cc4aa48764f2f34df2b1f6/flavors/77f9215f-8274-48d5-95b5-818201222231", "rel": "bookmark"}], "ram": 4096, "OS-FLV-DISABLED:disabled": false, "os-flavor-access:is_public": true, "rxtx_factor": 1.0, "disk": 40, "id": "77f9215f-8274-48d5-95b5-818201222231", "name": "m1.medium", "vcpus": 2, "swap": "", "OS-FLV-EXT-DATA:ephemeral": 0}, {"links": [{"href": "http://compute-airship.intel-pod17.opnfv.org/v2/cae43d8fc9cc4aa48764f2f34df2b1f6/flavors/78ead859-6e0b-4868-8b8a-7e2e41c0119d", "rel": "self"}, {"href": "http://compute-airship.intel-pod17.opnfv.org/cae43d8fc9cc4aa48764f2f34df2b1f6/flavors/78ead859-6e0b-4868-8b8a-7e2e41c0119d", "rel": "bookmark"}], "ram": 512, "OS-FLV-DISABLED:disabled": false, "os-flavor-access:is_public": true, "rxtx_factor": 1.0, "disk": 1, "id": "78ead859-6e0b-4868-8b8a-7e2e41c0119d", "name": "rally_full-flavor_d3c16acd-e549-4f96-8085-9fabf5b4043c", "vcpus": 1, "swap": "", "OS-FLV-EXT-DATA:ephemeral": 0}, {"links": [{"href": "http://compute-airship.intel-pod17.opnfv.org/v2/cae43d8fc9cc4aa48764f2f34df2b1f6/flavors/9fe65e9a-49f8-4185-a9a5-5d7e7c26c949", "rel": "self"}, {"href": "http://compute-airship.intel-pod17.opnfv.org/cae43d8fc9cc4aa48764f2f34df2b1f6/flavors/9fe65e9a-49f8-4185-a9a5-5d7e7c26c949", "rel": "bookmark"}], "ram": 8192, "OS-FLV-DISABLED:disabled": false, "os-flavor-access:is_public": true, "rxtx_factor": 1.0, "disk": 80, "id": "9fe65e9a-49f8-4185-a9a5-5d7e7c26c949", "name": "m1.large", "vcpus": 4, "swap": "", "OS-FLV-EXT-DATA:ephemeral": 0}, {"links": [{"href": "http://compute-airship.intel-pod17.opnfv.org/v2/cae43d8fc9cc4aa48764f2f34df2b1f6/flavors/bc11b868-ac64-498a-869c-db6cbfffe545", "rel": "self"}, {"href": "http://compute-airship.intel-pod17.opnfv.org/cae43d8fc9cc4aa48764f2f34df2b1f6/flavors/bc11b868-ac64-498a-869c-db6cbfffe545", "rel": "bookmark"}], "ram": 1024, "OS-FLV-DISABLED:disabled": false, "os-flavor-access:is_public": true, "rxtx_factor": 1.0, "disk": 1, "id": "bc11b868-ac64-498a-869c-db6cbfffe545", "name": "rally_full-flavor_alt_d3c16acd-e549-4f96-8085-9fabf5b4043c", "vcpus": 1, "swap": "", "OS-FLV-EXT-DATA:ephemeral": 0}, {"links": [{"href": "http://compute-airship.intel-pod17.opnfv.org/v2/cae43d8fc9cc4aa48764f2f34df2b1f6/flavors/c52c687a-ca26-454d-a695-c975f2c75c4b", "rel": "self"}, {"href": "http://compute-airship.intel-pod17.opnfv.org/cae43d8fc9cc4aa48764f2f34df2b1f6/flavors/c52c687a-ca26-454d-a695-c975f2c75c4b", "rel": "bookmark"}], "ram": 2048, "OS-FLV-DISABLED:disabled": false, "os-flavor-access:is_public": true, "rxtx_factor": 1.0, "disk": 20, "id": "c52c687a-ca26-454d-a695-c975f2c75c4b", "name": "m1.small", "vcpus": 1, "swap": "", "OS-FLV-EXT-DATA:ephemeral": 0}]} _http_log_response /usr/lib/python2.7/site-packages/keystoneauth1/session.py:511
2019-11-28 15:35:34.012 725 DEBUG novaclient.v2.client [-] GET call to compute for http://compute-airship.intel-pod17.opnfv.org:80/v2/cae43d8fc9cc4aa48764f2f34df2b1f6/flavors/detail used request id req-eb0803b9-2716-4636-9c6a-d0dcd191c85a request /usr/lib/python2.7/site-packages/keystoneauth1/session.py:844
2019-11-28 15:35:34.015 725 RALLYDEBUG rally.task.runner [-] Starting the constant runner (task UUID: d985ed5c-bd30-4469-9d91-83d6502b4b16). timeout: 0 concurrency: 4 concurrency_per_worker: 1 times: 10 concurrency_overhead: 0 processes_to_start: 4 max_cpu_used: 88
2019-11-28 15:35:34.027 1201 RALLYDEBUG rally.task.runner [-] Starting a worker. concurrency: 1 args: {"container_format": "bare", "disk_format": "qcow2", "image_location": "/home/opnfv/functest/images/cirros-0.4.0-x86_64-disk.img", "flavor": "78ead859-6e0b-4868-8b8a-7e2e41c0119d", "number_instances": 2, "nics": [{"net-id": "e1db6e84-e045-4ed7-aa87-6e8f3d680f1f"}]} times: 10 method_name: run timeout: 0 duration: None cls:
2019-11-28 15:35:34.030 1202 RALLYDEBUG rally.task.runner [-] Starting a worker. concurrency: 1 args: {"container_format": "bare", "disk_format": "qcow2", "image_location": "/home/opnfv/functest/images/cirros-0.4.0-x86_64-disk.img", "flavor": "78ead859-6e0b-4868-8b8a-7e2e41c0119d", "number_instances": 2, "nics": [{"net-id": "e1db6e84-e045-4ed7-aa87-6e8f3d680f1f"}]} times: 10 method_name: run timeout: 0 duration: None cls:
2019-11-28 15:35:34.032 1203 RALLYDEBUG rally.task.runner [-] Starting a worker. concurrency: 1 args: {"container_format": "bare", "disk_format": "qcow2", "image_location": "/home/opnfv/functest/images/cirros-0.4.0-x86_64-disk.img", "flavor": "78ead859-6e0b-4868-8b8a-7e2e41c0119d", "number_instances": 2, "nics": [{"net-id": "e1db6e84-e045-4ed7-aa87-6e8f3d680f1f"}]} times: 10 method_name: run timeout: 0 duration: None cls:
2019-11-28 15:35:34.035 1201 INFO rally.task.runner [-] Task d985ed5c-bd30-4469-9d91-83d6502b4b16 | ITER: 1 START
2019-11-28 15:35:34.035 1204 RALLYDEBUG rally.task.runner [-] Starting a worker. concurrency: 1 args: {"container_format": "bare", "disk_format": "qcow2", "image_location": "/home/opnfv/functest/images/cirros-0.4.0-x86_64-disk.img", "flavor": "78ead859-6e0b-4868-8b8a-7e2e41c0119d", "number_instances": 2, "nics": [{"net-id": "e1db6e84-e045-4ed7-aa87-6e8f3d680f1f"}]} times: 10 method_name: run timeout: 0 duration: None cls:
2019-11-28 15:35:34.038 1202 INFO rally.task.runner [-] Task d985ed5c-bd30-4469-9d91-83d6502b4b16 | ITER: 2 START
2019-11-28 15:35:34.040 1203 INFO rally.task.runner [-] Task d985ed5c-bd30-4469-9d91-83d6502b4b16 | ITER: 3 START
2019-11-28 15:35:34.042 1204 INFO rally.task.runner [-] Task d985ed5c-bd30-4469-9d91-83d6502b4b16 | ITER: 4 START
2019-11-28 15:35:34.529 1204 WARNING rally_openstack.scenarios.glance.images [-] 'kwargs' is deprecated in Rally v0.8.0: Use 'boot_server_kwargs' for additional parameters when booting servers.
2019-11-28 15:35:34.539 1201 WARNING rally_openstack.scenarios.glance.images [-] 'kwargs' is deprecated in Rally v0.8.0: Use 'boot_server_kwargs' for additional parameters when booting servers.
2019-11-28 15:35:34.733 1202 WARNING rally_openstack.scenarios.glance.images [-] 'kwargs' is deprecated in Rally v0.8.0: Use 'boot_server_kwargs' for additional parameters when booting servers.
2019-11-28 15:35:34.802 1203 WARNING rally_openstack.scenarios.glance.images [-] 'kwargs' is deprecated in Rally v0.8.0: Use 'boot_server_kwargs' for additional parameters when booting servers.
2019-11-28 15:35:36.901 1204 RALLYDEBUG rally.task.utils [-] Waiting for resource u'7fdeeec5-2f32-4ab3-a9af-9899c6d76f6c'. Status changed: NONE => QUEUED in 0.081650018692
2019-11-28 15:35:36.947 1201 RALLYDEBUG rally.task.utils [-] Waiting for resource u'84b17b59-8630-4302-b4b5-c2f9ddc14400'. Status changed: NONE => QUEUED in 0.0810940265656
2019-11-28 15:35:37.072 1202 RALLYDEBUG rally.task.utils [-] Waiting for resource u'c1608e9e-90dc-48a0-821e-91cae1e4f173'. Status changed: NONE => QUEUED in 0.0809731483459
2019-11-28 15:35:37.145 1203 RALLYDEBUG rally.task.utils [-] Waiting for resource u'c70eacd6-be1a-4404-8f4a-a9db7de7eb6f'. Status changed: NONE => QUEUED in 0.0904440879822
2019-11-28 15:35:38.025 1201 RALLYDEBUG rally.task.utils [-] Waiting for resource s_rally_a914ac5b_dqPyjnO7. Status changed: QUEUED => ACTIVE in 0.066468000412
2019-11-28 15:35:38.033 1201 DEBUG novaclient.v2.client [-] REQ: curl -g -i -X POST http://compute-airship.intel-pod17.opnfv.org:80/v2/d1cbfae9018148dfb8dccc90796cfefc/servers -H "Accept: application/json" -H "Content-Type: application/json" -H "User-Agent: python-novaclient" -H "X-Auth-Token: {SHA1}5dee59aab4b72a82ddbb8158022f4bb7941e0d4b" -d '{"server": {"name": "s_rally_a914ac5b_6t1zbylm_0", "imageRef": "84b17b59-8630-4302-b4b5-c2f9ddc14400", "flavorRef": "78ead859-6e0b-4868-8b8a-7e2e41c0119d", "max_count": 1, "min_count": 1, "networks": [{"uuid": "e1db6e84-e045-4ed7-aa87-6e8f3d680f1f"}]}}' _http_log_request /usr/lib/python2.7/site-packages/keystoneauth1/session.py:448
2019-11-28 15:35:38.251 1204 RALLYDEBUG rally.task.utils [-] Waiting for resource s_rally_a914ac5b_wAIBnZ7A. Status changed: QUEUED => ACTIVE in 0.0697681903839
2019-11-28 15:35:38.259 1204 DEBUG novaclient.v2.client [-] REQ: curl -g -i -X POST http://compute-airship.intel-pod17.opnfv.org:80/v2/ee1b06c7d8244f9d8becb3619169e606/servers -H "Accept: application/json" -H "Content-Type: application/json" -H "User-Agent: python-novaclient" -H "X-Auth-Token: {SHA1}5aec5a8d5f4a571e6b12ce7f4db6f24deb2b2200" -d '{"server": {"name": "s_rally_a914ac5b_jX5u4w3P_0", "imageRef": "7fdeeec5-2f32-4ab3-a9af-9899c6d76f6c", "flavorRef": "78ead859-6e0b-4868-8b8a-7e2e41c0119d", "max_count": 1, "min_count": 1, "networks": [{"uuid": "e1db6e84-e045-4ed7-aa87-6e8f3d680f1f"}]}}' _http_log_request /usr/lib/python2.7/site-packages/keystoneauth1/session.py:448
2019-11-28 15:35:38.327 1203 RALLYDEBUG rally.task.utils [-] Waiting for resource s_rally_a914ac5b_yPQHNiQr. Status changed: QUEUED => ACTIVE in 0.0432939529419
