2019-12-20 03:46:14.626 22837 RALLYDEBUG rally_openstack.cleanup.manager [-] Deleting neutron.port object s_rally_6cf7a2a6_6qFFYlJl (4c7f172c-9899-4300-afd2-2be8ac4c7d02)
2019-12-20 03:46:14.942 22837 RALLYDEBUG rally_openstack.cleanup.manager [-] Deleting neutron.port object s_rally_6cf7a2a6_ULZkkuX8 (4d605168-5e39-4415-b6c0-264ab9e832f5)
2019-12-20 03:46:15.038 22837 RALLYDEBUG rally_openstack.cleanup.manager [-] Deleting neutron.port object s_rally_6cf7a2a6_7qjOYoRR (4e6cbade-e9e3-43a8-b933-4f9a0c92a4f8)
2019-12-20 03:46:15.154 22837 RALLYDEBUG rally_openstack.cleanup.manager [-] Deleting neutron.port object s_rally_6cf7a2a6_t6nMRTbS (51556f58-c6bc-4c17-8826-b373297c66ed)
2019-12-20 03:46:15.263 22837 RALLYDEBUG rally_openstack.cleanup.manager [-] Deleting neutron.port object s_rally_6cf7a2a6_A8KGOky6 (523f3f9c-9eb1-465f-b648-2e25a5f911a0)
2019-12-20 03:46:15.447 22837 RALLYDEBUG rally_openstack.cleanup.manager [-] Deleting neutron.port object s_rally_6cf7a2a6_I9ekwrZK (539c777d-775d-4972-b0cf-ab83c728b0d0)
2019-12-20 03:46:15.506 22837 RALLYDEBUG rally_openstack.cleanup.manager [-] Deleting neutron.port object s_rally_6cf7a2a6_ri8rRPV6 (543ee574-2d6d-4ba5-938e-5d938ae64e2a)
2019-12-20 03:46:15.515 22837 RALLYDEBUG rally_openstack.cleanup.manager [-] Deleting neutron.port object s_rally_6cf7a2a6_dw19vlQW (55d99e27-6f9f-40c4-b3d7-2cd5ad775288)
2019-12-20 03:46:15.599 22837 RALLYDEBUG rally_openstack.cleanup.manager [-] Deleting neutron.port object s_rally_6cf7a2a6_JJUXgFwm (565bc1fa-a934-4814-8555-50adc690a2bf)
2019-12-20 03:46:15.602 22837 RALLYDEBUG rally_openstack.cleanup.manager [-] Deleting neutron.port object s_rally_6cf7a2a6_UFTbNntI (58ea0a16-7e1f-4fca-a396-f01bfc98e1f7)
2019-12-20 03:46:15.780 22837 RALLYDEBUG rally_openstack.cleanup.manager [-] Deleting neutron.port object s_rally_6cf7a2a6_FtuAsyFV (5a2ffbb6-76f2-4704-a494-a0489d87d8c8)
2019-12-20 03:46:15.865 22837 RALLYDEBUG rally_openstack.cleanup.manager [-] Deleting neutron.port object s_rally_6cf7a2a6_c3NfYtux (5a7ff5c2-7d88-4e17-81ae-ff3e5dcf3a17)
2019-12-20 03:46:15.881 22837 RALLYDEBUG rally_openstack.cleanup.manager [-] Deleting neutron.port object s_rally_6cf7a2a6_lRAzGRn9 (5af258ec-bdf9-46b8-b67c-7fe6f3c87d37)
2019-12-20 03:46:15.963 22837 RALLYDEBUG rally_openstack.cleanup.manager [-] Deleting neutron.port object s_rally_6cf7a2a6_V93JDwHL (5d3f9de2-c60e-4bcb-be26-e33ba2f06d3a)
2019-12-20 03:46:15.981 22837 RALLYDEBUG rally_openstack.cleanup.manager [-] Deleting neutron.port object s_rally_6cf7a2a6_R6hcft29 (5d6ea4fb-4878-46e8-ba14-feee30dd66a2)
2019-12-20 03:46:16.057 22837 RALLYDEBUG rally_openstack.cleanup.manager [-] Deleting neutron.port object s_rally_6cf7a2a6_qcQn2Js6 (5f4f554f-d614-4322-8f06-e1fe083501e7)
2019-12-20 03:46:16.085 22837 RALLYDEBUG rally_openstack.cleanup.manager [-] Deleting neutron.port object s_rally_6cf7a2a6_qk4N8PkN (62f6b1c5-2394-4299-8bdf-575bb7c6e526)
2019-12-20 03:46:16.092 22837 RALLYDEBUG rally_openstack.cleanup.manager [-] Deleting neutron.port object s_rally_6cf7a2a6_Mp7WVexS (63396545-dc50-4d89-82ef-4b1ff1019d43)
2019-12-20 03:46:16.100 22837 RALLYDEBUG rally_openstack.cleanup.manager [-] Deleting neutron.port object s_rally_6cf7a2a6_6LKI4ndJ (649cb707-150e-48d5-8710-f30e92a1c962)
2019-12-20 03:46:16.139 22837 RALLYDEBUG rally_openstack.cleanup.manager [-] Deleting neutron.port object s_rally_6cf7a2a6_8JN0JLsH (654ac07e-8808-47b1-b067-a363b81bb22f)
2019-12-20 03:46:16.420 22837 RALLYDEBUG rally_openstack.cleanup.manager [-] Deleting neutron.port object s_rally_6cf7a2a6_ZwdiNI51 (6b5513cd-0f66-44a6-aef1-e52528304f18)
2019-12-20 03:46:16.636 22837 RALLYDEBUG rally_openstack.cleanup.manager [-] Deleting neutron.port object s_rally_6cf7a2a6_5eHss2w3 (6cacb651-c124-496b-a225-5801460ba479)
2019-12-20 03:46:16.751 22837 RALLYDEBUG rally_openstack.cleanup.manager [-] Deleting neutron.port object s_rally_6cf7a2a6_cROABaTl (6cf08965-fe19-4551-b25c-951cbcf54f1a)
2019-12-20 03:46:16.864 22837 RALLYDEBUG rally_openstack.cleanup.manager [-] Deleting neutron.port object s_rally_6cf7a2a6_b2S53U9y (715419d7-be47-4b05-a51e-aeab53e8f3f1)
2019-12-20 03:46:16.982 22837 RALLYDEBUG rally_openstack.cleanup.manager [-] Deleting neutron.port object s_rally_6cf7a2a6_1Hfk5tOy (760a5d69-670f-4034-a202-66c9aaf0a9b2)
2019-12-20 03:46:17.237 22837 RALLYDEBUG rally_openstack.cleanup.manager [-] Deleting neutron.port object s_rally_6cf7a2a6_S4fnHmSB (769d3228-1404-4a11-bbc6-f5ece5f645d1)
2019-12-20 03:46:17.261 22837 RALLYDEBUG rally_openstack.cleanup.manager [-] Deleting neutron.port object s_rally_6cf7a2a6_CQypt4Bd (7870c494-5968-4da3-816f-2e78ffce24fa)
2019-12-20 03:46:17.337 22837 RALLYDEBUG rally_openstack.cleanup.manager [-] Deleting neutron.port object s_rally_6cf7a2a6_GiigIgIG (79ac86cf-17d2-440c-a675-6aa4f14c03e0)
2019-12-20 03:46:17.361 22837 RALLYDEBUG rally_openstack.cleanup.manager [-] Deleting neutron.port object s_rally_6cf7a2a6_BzyhQzFm (79bdf7aa-e585-43ad-a3b7-794b498077be)
2019-12-20 03:46:17.519 22837 RALLYDEBUG rally_openstack.cleanup.manager [-] Deleting neutron.port object s_rally_6cf7a2a6_58vEdhuL (7c6fdaa4-96cc-4d23-996f-166f62380797)
2019-12-20 03:46:17.603 22837 RALLYDEBUG rally_openstack.cleanup.manager [-] Deleting neutron.port object s_rally_6cf7a2a6_O0Ykyr7B (7c8ba2ce-7d64-4eb3-908e-cc63f3aaaf7e)
2019-12-20 03:46:17.669 22837 RALLYDEBUG rally_openstack.cleanup.manager [-] Deleting neutron.port object s_rally_6cf7a2a6_cKw9Weyr (7cb2ef77-b3f1-4915-811d-651bbc393bae)
2019-12-20 03:46:17.797 22837 RALLYDEBUG rally_openstack.cleanup.manager [-] Deleting neutron.port object s_rally_6cf7a2a6_hfiQlvYl (7d395258-06ed-4157-ac64-4f44e90f12ca)
2019-12-20 03:46:17.829 22837 RALLYDEBUG rally_openstack.cleanup.manager [-] Deleting neutron.port object s_rally_6cf7a2a6_gipBFI3P (7df12109-335f-4b73-83c6-9c533cace555)
2019-12-20 03:46:17.851 22837 RALLYDEBUG rally_openstack.cleanup.manager [-] Deleting neutron.port object s_rally_6cf7a2a6_qg2hVfkg (7fe10861-9d73-45ca-ab7a-ef87afaaccd7)
2019-12-20 03:46:17.863 22837 RALLYDEBUG rally_openstack.cleanup.manager [-] Deleting neutron.port object s_rally_6cf7a2a6_NcLTGnjk (812d6dde-8dd5-409c-9ef4-995df424f04b)
2019-12-20 03:46:17.887 22837 RALLYDEBUG rally_openstack.cleanup.manager [-] Deleting neutron.port object s_rally_6cf7a2a6_cTuA5I3c (813cf5f8-1baf-4f27-ade8-e82de28cee1c)
2019-12-20 03:46:17.896 22837 RALLYDEBUG rally_openstack.cleanup.manager [-] Deleting neutron.port object s_rally_6cf7a2a6_HlqDdIA1 (81db48c6-4397-4018-9fe5-d39ce07f1659)
2019-12-20 03:46:18.028 22837 RALLYDEBUG rally_openstack.cleanup.manager [-] Deleting neutron.port object s_rally_6cf7a2a6_Wn9tLocy (827d980c-5e6f-4f5a-a68f-c08ab3e309a1)
2019-12-20 03:46:18.063 22837 RALLYDEBUG rally_openstack.cleanup.manager [-] Deleting neutron.port object s_rally_6cf7a2a6_Ilq7WRYx (82e2417b-7f55-4626-bc8f-d8eadd33e2a9)
2019-12-20 03:46:18.181 22837 RALLYDEBUG rally_openstack.cleanup.manager [-] Deleting neutron.port object s_rally_6cf7a2a6_KMWxK6Mu (82fa84a3-a97b-45df-b71b-57972c2e2873)
2019-12-20 03:46:18.481 22837 RALLYDEBUG rally_openstack.cleanup.manager [-] Deleting neutron.port object s_rally_6cf7a2a6_aYpiRVbX (876efc14-f720-4692-b56f-29819dd0f5ca)
2019-12-20 03:46:18.599 22837 RALLYDEBUG rally_openstack.cleanup.manager [-] Deleting neutron.port object s_rally_6cf7a2a6_UBKgKNzq (8aa72f0f-70ce-4c29-9f30-6251b72b54c2)
2019-12-20 03:46:18.619 22837 RALLYDEBUG rally_openstack.cleanup.manager [-] Deleting neutron.port object s_rally_6cf7a2a6_VtLAZVhf (8c60e1ae-a85e-4756-8be3-afcd1f301da9)
2019-12-20 03:46:18.710 22837 RALLYDEBUG rally_openstack.cleanup.manager [-] Deleting neutron.port object s_rally_6cf7a2a6_rA7zgHe7 (8f214f16-0176-4a0b-b52e-b6bb25901528)
2019-12-20 03:46:18.978 22837 RALLYDEBUG rally_openstack.cleanup.manager [-] Deleting neutron.port object s_rally_6cf7a2a6_dXX6P0Tf (8f97a99c-b862-4e8f-b92a-6760ccda8277)
2019-12-20 03:46:19.023 22837 RALLYDEBUG rally_openstack.cleanup.manager [-] Deleting neutron.port object s_rally_6cf7a2a6_ZPpw7pc2 (8fa1af47-1016-42d9-b966-5cd33574f349)
2019-12-20 03:46:19.383 22837 RALLYDEBUG rally_openstack.cleanup.manager [-] Deleting neutron.port object s_rally_6cf7a2a6_1ZUf4NBW (91651605-a1d1-4455-a12f-754cb9b4653c)
2019-12-20 03:46:19.424 22837 RALLYDEBUG rally_openstack.cleanup.manager [-] Deleting neutron.port object s_rally_6cf7a2a6_M6cgKghw (91924eeb-06e6-43e4-8f70-108d38e2d1d4)
2019-12-20 03:46:19.436 22837 RALLYDEBUG rally_openstack.cleanup.manager [-] Deleting neutron.port object s_rally_6cf7a2a6_wKg0h154 (92144b78-589d-4386-9e3c-156cc2f83b26)
2019-12-20 03:46:19.516 22837 RALLYDEBUG rally_openstack.cleanup.manager [-] Deleting neutron.port object s_rally_6cf7a2a6_4SXPr8Nj (9256062b-4919-4a1a-9941-5733e1a00f87)
2019-12-20 03:46:19.550 22837 RALLYDEBUG rally_openstack.cleanup.manager [-] Deleting neutron.port object s_rally_6cf7a2a6_pIvd1g4v (9263d284-97bb-4217-87f5-e8530cab509b)
2019-12-20 03:46:19.726 22837 RALLYDEBUG rally_openstack.cleanup.manager [-] Deleting neutron.port object s_rally_6cf7a2a6_HjBXvpdC (930b7994-b4fb-4e81-9619-d84f617c7924)
2019-12-20 03:46:19.791 22837 RALLYDEBUG rally_openstack.cleanup.manager [-] Deleting neutron.port object s_rally_6cf7a2a6_pYfbhe5G (94efad5d-fc55-4b30-9d43-3645d90db979)
2019-12-20 03:46:19.808 22837 RALLYDEBUG rally_openstack.cleanup.manager [-] Deleting neutron.port object s_rally_6cf7a2a6_dmizAZW0 (95c4437f-fb6a-4cdd-bce5-b684877b98fb)
2019-12-20 03:46:19.841 22837 RALLYDEBUG rally_openstack.cleanup.manager [-] Deleting neutron.port object s_rally_6cf7a2a6_FKSgxQ2r (97a7ed70-a817-46e3-adaa-ec978fcbdb3f)
2019-12-20 03:46:19.958 22837 RALLYDEBUG rally_openstack.cleanup.manager [-] Deleting neutron.port object s_rally_6cf7a2a6_sqxtqwBl (9c0827bc-5f90-4f3f-a7d6-cbaee7bf8f97)
2019-12-20 03:46:20.157 22837 RALLYDEBUG rally_openstack.cleanup.manager [-] Deleting neutron.port object s_rally_6cf7a2a6_zwlYVh9z (9c29696d-47bb-48f8-aa06-ae86c8467335)
2019-12-20 03:46:20.161 22837 RALLYDEBUG rally_openstack.cleanup.manager [-] Deleting neutron.port object s_rally_6cf7a2a6_I2GP2aNB (9ccab44a-e696-4c3b-b196-4f12ffa597e0)
2019-12-20 03:46:20.164 22837 RALLYDEBUG rally_openstack.cleanup.manager [-] Deleting neutron.port object s_rally_6cf7a2a6_AguNrba4 (9ea83ba1-fc2c-4ed4-b4e0-3dbd893f7afd)
2019-12-20 03:46:20.270 22837 RALLYDEBUG rally_openstack.cleanup.manager [-] Deleting neutron.port object s_rally_6cf7a2a6_Ii2hAGiW (9f9aa0d1-2c41-400e-8758-66229644826a)
2019-12-20 03:46:20.346 22837 RALLYDEBUG rally_openstack.cleanup.manager [-] Deleting neutron.port object s_rally_6cf7a2a6_CGwZsfou (a0a686d4-43ad-4759-8459-1d2354a670ef)
2019-12-20 03:46:20.436 22837 RALLYDEBUG rally_openstack.cleanup.manager [-] Deleting neutron.port object s_rally_6cf7a2a6_OeEnLaXp (a1ec8671-188b-4296-812b-993adc35826e)
2019-12-20 03:46:20.545 22837 RALLYDEBUG rally_openstack.cleanup.manager [-] Deleting neutron.port object s_rally_6cf7a2a6_DNVyNiqf (a59c30cc-38c8-4f09-a905-cc28e03fc14d)
2019-12-20 03:46:20.593 22837 RALLYDEBUG rally_openstack.cleanup.manager [-] Deleting neutron.port object s_rally_6cf7a2a6_GpkNh0hN (a863837a-8362-4ba9-b0e0-b0b94c9f36c7)
2019-12-20 03:46:20.693 22837 RALLYDEBUG rally_openstack.cleanup.manager [-] Deleting neutron.port object s_rally_6cf7a2a6_dfN8sScy (a9821844-66e1-4e1c-b355-80aabd22631a)
2019-12-20 03:46:20.727 22837 RALLYDEBUG rally_openstack.cleanup.manager [-] Deleting neutron.port object s_rally_6cf7a2a6_1OL0Ura9 (acced6d2-591c-4acd-a687-44ffa79cf85a)
2019-12-20 03:46:21.082 22837 RALLYDEBUG rally_openstack.cleanup.manager [-] Deleting neutron.port object s_rally_6cf7a2a6_6YQE4lYX (ae205687-4756-411a-bf2f-ba60c593f911)
2019-12-20 03:46:21.150 22837 RALLYDEBUG rally_openstack.cleanup.manager [-] Deleting neutron.port object s_rally_6cf7a2a6_plb8wFDU (af054611-7422-4e37-84e1-9b285c4f99bc)
2019-12-20 03:46:21.159 22837 RALLYDEBUG rally_openstack.cleanup.manager [-] Deleting neutron.port object s_rally_6cf7a2a6_ZvQkuECw (b35495c2-ddfa-4f68-b335-bb51bfef80c9)
2019-12-20 03:46:21.224 22837 RALLYDEBUG rally_openstack.cleanup.manager [-] Deleting neutron.port object s_rally_6cf7a2a6_ucXc95q9 (b57aa11f-d07d-46f0-91d3-002c1d6659cb)
2019-12-20 03:46:21.268 22837 RALLYDEBUG rally_openstack.cleanup.manager [-] Deleting neutron.port object s_rally_6cf7a2a6_eucc8RTh (b5afb841-e418-4930-adca-44841e09f05a)
2019-12-20 03:46:21.533 22837 RALLYDEBUG rally_openstack.cleanup.manager [-] Deleting neutron.port object s_rally_6cf7a2a6_Q1BS9LEY (b74fa35b-c340-4263-8ff2-83ef67bd9154)
2019-12-20 03:46:21.560 22837 RALLYDEBUG rally_openstack.cleanup.manager [-] Deleting neutron.port object s_rally_6cf7a2a6_AevSqYTE (b761fc0c-0648-499d-9f94-54cd48ad17a0)
2019-12-20 03:46:21.677 22837 RALLYDEBUG rally_openstack.cleanup.manager [-] Deleting neutron.port object s_rally_6cf7a2a6_Aue77NxD (b7b48b25-4a4b-459f-bee8-363303d8def2)
2019-12-20 03:46:21.692 22837 RALLYDEBUG rally_openstack.cleanup.manager [-] Deleting neutron.port object s_rally_6cf7a2a6_f2BSwmND (b80d3d3c-b9f8-48d8-9e16-d20977836d76)
2019-12-20 03:46:21.814 22837 RALLYDEBUG rally_openstack.cleanup.manager [-] Deleting neutron.port object s_rally_6cf7a2a6_43fNzBN2 (b8ad9656-f802-4277-97ee-d1b66aa1c934)
2019-12-20 03:46:21.887 22837 RALLYDEBUG rally_openstack.cleanup.manager [-] Deleting neutron.port object s_rally_6cf7a2a6_9ZHi6ZIE (b905098b-a8d0-40fe-863c-b5f6064b68f0)
2019-12-20 03:46:21.903 22837 RALLYDEBUG rally_openstack.cleanup.manager [-] Deleting neutron.port object s_rally_6cf7a2a6_h9yg5K1u (b9db12dd-2ad5-469d-ab7f-fd9bc912ae69)
2019-12-20 03:46:21.986 22837 RALLYDEBUG rally_openstack.cleanup.manager [-] Deleting neutron.port object s_rally_6cf7a2a6_BIjdpOPc (bc99b60f-0abc-429a-806d-816ebe1840e3)
2019-12-20 03:46:22.013 22837 RALLYDEBUG rally_openstack.cleanup.manager [-] Deleting neutron.port object s_rally_6cf7a2a6_mirOSYaG (bca16bd5-4096-4fe2-aad0-e282b294260b)
2019-12-20 03:46:22.224 22837 RALLYDEBUG rally_openstack.cleanup.manager [-] Deleting neutron.port object s_rally_6cf7a2a6_U6ELLOV5 (be276b0e-6f0d-4df7-bf96-64f4dc38629d)
2019-12-20 03:46:22.297 22837 RALLYDEBUG rally_openstack.cleanup.manager [-] Deleting neutron.port object s_rally_6cf7a2a6_uHACckxr (bef4bddf-b389-49b7-963f-11b45d5b999e)
2019-12-20 03:46:22.328 22837 RALLYDEBUG rally_openstack.cleanup.manager [-] Deleting neutron.port object s_rally_6cf7a2a6_Qstf3Xn3 (bf215dcc-63cd-4ad4-8218-6ace7ee9f317)
2019-12-20 03:46:22.355 22837 RALLYDEBUG rally_openstack.cleanup.manager [-] Deleting neutron.port object s_rally_6cf7a2a6_LGIOI2il (bfa9d6a2-7292-4322-8f0d-f6e4c30738fd)
2019-12-20 03:46:22.436 22837 RALLYDEBUG rally_openstack.cleanup.manager [-] Deleting neutron.port object s_rally_6cf7a2a6_YoKPKikT (bfd08323-c800-462b-b8b3-9bacece7e318)
2019-12-20 03:46:22.736 22837 RALLYDEBUG rally_openstack.cleanup.manager [-] Deleting neutron.port object s_rally_6cf7a2a6_Xc0VFtIj (c248ebfc-09f8-495e-813f-094c0848f9e4)
2019-12-20 03:46:22.941 22837 RALLYDEBUG rally_openstack.cleanup.manager [-] Deleting neutron.port object s_rally_6cf7a2a6_g2kof74p (c2be794c-da5d-494f-8bea-744b8412852c)
2019-12-20 03:46:22.965 22837 RALLYDEBUG rally_openstack.cleanup.manager [-] Deleting neutron.port object s_rally_6cf7a2a6_VmhXLhBF (c30cd4d3-81f2-4f02-b34f-3e529fa0b8f0)
2019-12-20 03:46:23.052 22837 RALLYDEBUG rally_openstack.cleanup.manager [-] Deleting neutron.port object s_rally_6cf7a2a6_SljCGrgF (c3987f08-446d-4472-bf08-f6ee7fbf825b)
2019-12-20 03:46:23.074 22837 RALLYDEBUG rally_openstack.cleanup.manager [-] Deleting neutron.port object s_rally_6cf7a2a6_EDMklzED (c44dc770-e5b0-4cfd-a841-d8c518d166db)
2019-12-20 03:46:23.174 22837 RALLYDEBUG rally_openstack.cleanup.manager [-] Deleting neutron.port object s_rally_6cf7a2a6_KROrSotB (c5f86804-581f-4c6d-8fa5-9e5a0226b1b1)
2019-12-20 03:46:23.366 22837 RALLYDEBUG rally_openstack.cleanup.manager [-] Deleting neutron.port object s_rally_6cf7a2a6_wk24YXKE (c7ccb00e-5438-43d6-ae8f-a0480019d2a5)
2019-12-20 03:46:23.476 22837 RALLYDEBUG rally_openstack.cleanup.manager [-] Deleting neutron.port object s_rally_6cf7a2a6_lDoHDvH6 (c7f9eda6-6c20-4927-93ce-f16c3d738b6d)
2019-12-20 03:46:23.485 22837 RALLYDEBUG rally_openstack.cleanup.manager [-] Deleting neutron.port object s_rally_6cf7a2a6_O3gIHdJW (c9ec582d-431d-448a-bdce-13f99cbe34f1)
2019-12-20 03:46:23.563 22837 RALLYDEBUG rally_openstack.cleanup.manager [-] Deleting neutron.port object s_rally_6cf7a2a6_AzfiE2Q5 (cc5946fa-503e-46ae-a13c-012810af9fc8)
2019-12-20 03:46:23.593 22837 RALLYDEBUG rally_openstack.cleanup.manager [-] Deleting neutron.port object s_rally_6cf7a2a6_iqoPGeEA (cdc5eb36-5a28-4c61-9c78-44d708dceb2b)
2019-12-20 03:46:23.671 22837 RALLYDEBUG rally_openstack.cleanup.manager [-] Deleting neutron.port object s_rally_6cf7a2a6_bfgpcke8 (cdc9367c-5e7e-487d-be7c-d1b82737d87e)
2019-12-20 03:46:23.717 22837 RALLYDEBUG rally_openstack.cleanup.manager [-] Deleting neutron.port object s_rally_6cf7a2a6_6DCK8cXJ (ce8fd11e-89d1-430f-91be-4bec982cf89d)
2019-12-20 03:46:23.789 22837 RALLYDEBUG rally_openstack.cleanup.manager [-] Deleting neutron.port object s_rally_6cf7a2a6_bcKdaRr0 (d028c1ca-f0a6-429f-b251-4e6c27fd20a7)
2019-12-20 03:46:23.793 22837 RALLYDEBUG rally_openstack.cleanup.manager [-] Deleting neutron.port object s_rally_6cf7a2a6_xcyOm2j3 (d09a1f48-3988-4a01-bd0d-3806f6b9b4ad)
2019-12-20 03:46:24.023 22837 RALLYDEBUG rally_openstack.cleanup.manager [-] Deleting neutron.port object s_rally_6cf7a2a6_uWb7Q2vh (d0ea42d6-f09f-432c-a2c5-6db1321c0d77)
2019-12-20 03:46:24.091 22837 RALLYDEBUG rally_openstack.cleanup.manager [-] Deleting neutron.port object s_rally_6cf7a2a6_laXKrsYy (d1c4608a-9cd0-4d68-b5d8-11a61a4bac0c)
2019-12-20 03:46:24.189 22837 RALLYDEBUG rally_openstack.cleanup.manager [-] Deleting neutron.port object s_rally_6cf7a2a6_usawOhK4 (d2dd575b-35c0-4f01-9a99-65ae4200a2b4)
2019-12-20 03:46:24.453 22837 RALLYDEBUG rally_openstack.cleanup.manager [-] Deleting neutron.port object s_rally_6cf7a2a6_AQNNXyYw (d3bcec92-c651-4f6a-9c23-66f1a1c5dc91)
2019-12-20 03:46:24.472 22837 RALLYDEBUG rally_openstack.cleanup.manager [-] Deleting neutron.port object s_rally_6cf7a2a6_ZgrsMZHz (d40b59ba-b56e-4dd0-95b6-3c4200d6473b)
2019-12-20 03:46:24.599 22837 RALLYDEBUG rally_openstack.cleanup.manager [-] Deleting neutron.port object s_rally_6cf7a2a6_LkroPA1Z (d6c62c36-e94e-479c-bf2e-80bf7c47c056)
2019-12-20 03:46:24.703 22837 RALLYDEBUG rally_openstack.cleanup.manager [-] Deleting neutron.port object s_rally_6cf7a2a6_9nfcOSmt (d7ac30fb-3b26-4d9a-b664-fecba991b667)
2019-12-20 03:46:24.763 22837 RALLYDEBUG rally_openstack.cleanup.manager [-] Deleting neutron.port object s_rally_6cf7a2a6_fsUeAPL6 (d7dbb349-843f-4621-8eed-69f764b958f4)
2019-12-20 03:46:24.811 22837 RALLYDEBUG rally_openstack.cleanup.manager [-] Deleting neutron.port object s_rally_6cf7a2a6_iJCNdVf8 (d9fe66d4-0ed7-48b4-a1ae-7bff3d54485e)
2019-12-20 03:46:24.945 22837 RALLYDEBUG rally_openstack.cleanup.manager [-] Deleting neutron.port object s_rally_6cf7a2a6_96H1lbaP (da7ab41c-6f33-4419-bfaa-9ca105309a02)
2019-12-20 03:46:24.982 22837 RALLYDEBUG rally_openstack.cleanup.manager [-] Deleting neutron.port object s_rally_6cf7a2a6_WLeRqkZf (db6c8cac-18b5-48ef-ad5b-344f72f3d257)
2019-12-20 03:46:25.273 22837 RALLYDEBUG rally_openstack.cleanup.manager [-] Deleting neutron.port object s_rally_6cf7a2a6_ZeARM8s1 (dc10de10-420c-4c37-978c-52623002fd47)
2019-12-20 03:46:25.360 22837 RALLYDEBUG rally_openstack.cleanup.manager [-] Deleting neutron.port object s_rally_6cf7a2a6_3Dn3vg5E (de207289-60e9-4486-8808-40d8aa4035c4)
2019-12-20 03:46:25.426 22837 RALLYDEBUG rally_openstack.cleanup.manager [-] Deleting neutron.port object s_rally_6cf7a2a6_ABcpmkUq (df2ff231-41cd-4c61-9ba7-5f1984e94493)
2019-12-20 03:46:25.476 22837 RALLYDEBUG rally_openstack.cleanup.manager [-] Deleting neutron.port object s_rally_6cf7a2a6_m0DcImBr (e03249b6-1a54-49fe-ad8c-d3fa437b4b0e)
2019-12-20 03:46:25.646 22837 RALLYDEBUG rally_openstack.cleanup.manager [-] Deleting neutron.port object s_rally_6cf7a2a6_eyPad59L (e08e4f38-c575-4636-9615-9bdf1afbf8d8)
2019-12-20 03:46:25.743 22837 RALLYDEBUG rally_openstack.cleanup.manager [-] Deleting neutron.port object s_rally_6cf7a2a6_sa2ncoJg (e232936c-2b66-493e-99ee-52fcc77fc2fd)
2019-12-20 03:46:25.785 22837 RALLYDEBUG rally_openstack.cleanup.manager [-] Deleting neutron.port object s_rally_6cf7a2a6_yIJOEH7s (e35e8e4a-7769-400d-b77b-ecf52f8fa5fb)
2019-12-20 03:46:25.808 22837 RALLYDEBUG rally_openstack.cleanup.manager [-] Deleting neutron.port object s_rally_6cf7a2a6_zLjoNVZl (e557bd14-9614-4440-aa43-51f51273781a)
2019-12-20 03:46:25.819 22837 RALLYDEBUG rally_openstack.cleanup.manager [-] Deleting neutron.port object s_rally_6cf7a2a6_2aDcWxda (e56079d1-14b0-494a-b11c-c17ef52f9155)
2019-12-20 03:46:25.822 22837 RALLYDEBUG rally_openstack.cleanup.manager [-] Deleting neutron.port object s_rally_6cf7a2a6_tcxKQ0mK (e72b4c31-4ac9-4684-bc8d-59d32e33591f)
2019-12-20 03:46:25.930 22837 RALLYDEBUG rally_openstack.cleanup.manager [-] Deleting neutron.port object s_rally_6cf7a2a6_e9tWDByw (e74bd4d4-9d0a-4a64-8f62-64b61f96b52c)
2019-12-20 03:46:25.964 22837 RALLYDEBUG rally_openstack.cleanup.manager [-] Deleting neutron.port object s_rally_6cf7a2a6_SRrPZKn4 (ea8b8c28-d0fe-4b5a-866e-0f1e3801d596)
2019-12-20 03:46:26.203 22837 RALLYDEBUG rally_openstack.cleanup.manager [-] Deleting neutron.port object s_rally_6cf7a2a6_pP8gHcFO (ec8175c3-57f1-49a5-95fb-c3aab566fb58)
2019-12-20 03:46:26.212 22837 RALLYDEBUG rally_openstack.cleanup.manager [-] Deleting neutron.port object s_rally_6cf7a2a6_DWkFX0e5 (ed9e2a86-63b0-406b-a6d3-241573802c94)
2019-12-20 03:46:26.336 22837 RALLYDEBUG rally_openstack.cleanup.manager [-] Deleting neutron.port object s_rally_6cf7a2a6_vKNtKrru (ede7cd14-ac85-4d6c-9f57-77cb41d27679)
2019-12-20 03:46:26.669 22837 RALLYDEBUG rally_openstack.cleanup.manager [-] Deleting neutron.port object s_rally_6cf7a2a6_H9v0jDzd (ee9c90cc-274b-4c91-9454-ef263db880d4)
2019-12-20 03:46:26.686 22837 RALLYDEBUG rally_openstack.cleanup.manager [-] Deleting neutron.port object s_rally_6cf7a2a6_MXiL4GOk (f029c64b-3c4d-4b4f-80e4-797079294831)
2019-12-20 03:46:26.697 22837 RALLYDEBUG rally_openstack.cleanup.manager [-] Deleting neutron.port object s_rally_6cf7a2a6_p0qNCprh (f239bc78-eb16-4e94-acea-eae265abb539)
2019-12-20 03:46:26.736 22837 RALLYDEBUG rally_openstack.cleanup.manager [-] Deleting neutron.port object s_rally_6cf7a2a6_PygjyNVG (f24770a4-32e3-4410-a39c-88839389cd55)
2019-12-20 03:46:26.852 22837 RALLYDEBUG rally_openstack.cleanup.manager [-] Deleting neutron.port object s_rally_6cf7a2a6_oxhhXrHY (f2cc29e0-ed0e-4a9f-b77b-38e233791cff)
2019-12-20 03:46:27.120 22837 RALLYDEBUG rally_openstack.cleanup.manager [-] Deleting neutron.port object s_rally_6cf7a2a6_mDsyR3tf (f6eb522f-8eeb-455c-afcc-fdcee511bd07)
2019-12-20 03:46:27.141 22837 RALLYDEBUG rally_openstack.cleanup.manager [-] Deleting neutron.port object s_rally_6cf7a2a6_gf0gF7qW (f9a67bf4-8556-4883-9367-7f080606d3e2)
2019-12-20 03:46:27.414 22837 RALLYDEBUG rally_openstack.cleanup.manager [-] Deleting neutron.port object s_rally_6cf7a2a6_EZcHv7ur (fadcc5f0-f88f-4da1-9b82-c3fbf36cea5c)
2019-12-20 03:46:27.430 22837 RALLYDEBUG rally_openstack.cleanup.manager [-] Deleting neutron.port object s_rally_6cf7a2a6_ySapxI6G (fb2248a0-bbf3-4d7f-8d80-a805edfb19b6)
2019-12-20 03:46:27.503 22837 RALLYDEBUG rally_openstack.cleanup.manager [-] Deleting neutron.port object s_rally_6cf7a2a6_tNoP0Vdb (fb9abd62-6d99-4e5a-a055-acc5a1f30e67)
2019-12-20 03:46:27.607 22837 RALLYDEBUG rally_openstack.cleanup.manager [-] Deleting neutron.port object s_rally_6cf7a2a6_qi4Gp7by (fc0f0f7a-61cb-4b0c-8a59-3ebcce74a669)
2019-12-20 03:46:27.630 22837 RALLYDEBUG rally_openstack.cleanup.manager [-] Deleting neutron.port object s_rally_6cf7a2a6_KsWYJpgs (fc6f5a39-9dc8-4afa-ac6d-c88be9d8c6fd)
2019-12-20 03:46:27.784 22837 RALLYDEBUG rally_openstack.cleanup.manager [-] Deleting neutron.port object s_rally_6cf7a2a6_Wqfv2FOy (fe3083db-92d0-4290-af3f-a85a8675cc5b)
2019-12-20 03:46:29.574 22837 RALLYDEBUG rally_openstack.cleanup.manager [-] Cleaning up neutron subnet objects
2019-12-20 03:46:29.984 22837 RALLYDEBUG rally_openstack.cleanup.manager [-] Cleaning up neutron network objects
2019-12-20 03:46:30.552 22837 RALLYDEBUG rally_openstack.cleanup.manager [-] Deleting neutron.network object s_rally_6cf7a2a6_l0R6O1p7 (0112440f-5e96-43ab-8765-bde34d10db33)
2019-12-20 03:46:30.562 22837 RALLYDEBUG rally_openstack.cleanup.manager [-] Deleting neutron.network object s_rally_6cf7a2a6_QrM1mVSK (053d1fc2-51ca-4ec2-baf8-f347da858ed4)
2019-12-20 03:46:30.571 22837 RALLYDEBUG rally_openstack.cleanup.manager [-] Deleting neutron.network object s_rally_6cf7a2a6_FYVDMEp0 (0b383568-d4a8-4c69-8324-1d880b585c89)
2019-12-20 03:46:30.581 22837 RALLYDEBUG rally_openstack.cleanup.manager [-] Deleting neutron.network object s_rally_6cf7a2a6_2ZWv02SR (10e765f5-02f6-402a-9c49-4477b0cef3f3)
2019-12-20 03:46:30.586 22837 RALLYDEBUG rally_openstack.cleanup.manager [-] Deleting neutron.network object s_rally_6cf7a2a6_IqHGtFqE (220c30b8-838d-4ae6-883f-430735a7066c)
2019-12-20 03:46:30.594 22837 RALLYDEBUG rally_openstack.cleanup.manager [-] Deleting neutron.network object s_rally_6cf7a2a6_JZZW6SoN (34af6835-47da-45e4-891b-8840be13b5e8)
2019-12-20 03:46:30.599 22837 RALLYDEBUG rally_openstack.cleanup.manager [-] Deleting neutron.network object s_rally_6cf7a2a6_2zJ722VX (3b239009-beb8-4856-ba64-c9a124864712)
2019-12-20 03:46:30.611 22837 RALLYDEBUG rally_openstack.cleanup.manager [-] Deleting neutron.network object s_rally_6cf7a2a6_LgjpJdmg (3b9101f8-77a3-46ce-9223-d1280af0e9ed)
2019-12-20 03:46:30.614 22837 RALLYDEBUG rally_openstack.cleanup.manager [-] Deleting neutron.network object s_rally_6cf7a2a6_f0CHbUYy (40c8a011-e9ae-4cc2-9ea2-3f5b850f0cf6)
2019-12-20 03:46:30.626 22837 RALLYDEBUG rally_openstack.cleanup.manager [-] Deleting neutron.network object s_rally_6cf7a2a6_glS1GbLQ (4348d502-582e-4de3-87fb-21e98685d96a)
2019-12-20 03:46:30.641 22837 RALLYDEBUG rally_openstack.cleanup.manager [-] Deleting neutron.network object s_rally_6cf7a2a6_E7WGF1Sr (5d6fa1ed-41ee-4cff-a782-7d069232b24c)
2019-12-20 03:46:30.649 22837 RALLYDEBUG rally_openstack.cleanup.manager [-] Deleting neutron.network object s_rally_6cf7a2a6_oeN7yD7p (606310a7-34ec-4c06-93a5-36dc28103298)
2019-12-20 03:46:30.652 22837 RALLYDEBUG rally_openstack.cleanup.manager [-] Deleting neutron.network object s_rally_6cf7a2a6_KT9fiZwb (76f2916f-ca8b-48d2-9529-0b37bf4e8b9e)
2019-12-20 03:46:30.671 22837 RALLYDEBUG rally_openstack.cleanup.manager [-] Deleting neutron.network object s_rally_6cf7a2a6_CwMCVqAr (85ba1bd0-a1e4-42a5-8e7a-aa2cb47b0520)
2019-12-20 03:46:30.674 22837 RALLYDEBUG rally_openstack.cleanup.manager [-] Deleting neutron.network object s_rally_6cf7a2a6_NP0il6RO (89657259-9d5b-4b91-9390-9c0da1b7a2d9)
2019-12-20 03:46:30.679 22837 RALLYDEBUG rally_openstack.cleanup.manager [-] Deleting neutron.network object s_rally_6cf7a2a6_wqwDTRlO (9256508d-9d6f-4f17-8ec3-260c127ce41b)
2019-12-20 03:46:30.691 22837 RALLYDEBUG rally_openstack.cleanup.manager [-] Deleting neutron.network object s_rally_6cf7a2a6_Fgexm8Ki (9567d562-7442-444f-9776-4b317e931c47)
2019-12-20 03:46:30.698 22837 RALLYDEBUG rally_openstack.cleanup.manager [-] Deleting neutron.network object s_rally_6cf7a2a6_KlXnrT3R (9ff99ecd-5887-4044-8762-3db41d09fd71)
2019-12-20 03:46:30.707 22837 RALLYDEBUG rally_openstack.cleanup.manager [-] Deleting neutron.network object s_rally_6cf7a2a6_GJhLyuYm (a259be11-0d3a-4871-80c3-af3f45b5d6ad)
2019-12-20 03:46:30.724 22837 RALLYDEBUG rally_openstack.cleanup.manager [-] Deleting neutron.network object s_rally_6cf7a2a6_vQJeAYPC (a3227c22-6b82-4c58-8281-afd62b8242a0)
2019-12-20 03:46:32.540 22837 RALLYDEBUG rally_openstack.cleanup.manager [-] Deleting neutron.network object s_rally_6cf7a2a6_uMfZWZJG (a87a2047-d85c-4934-9c45-750e52cee7f6)
2019-12-20 03:46:32.717 22837 RALLYDEBUG rally_openstack.cleanup.manager [-] Deleting neutron.network object s_rally_6cf7a2a6_3qqaenaT (a886014a-abdd-4ce1-b2a0-260a501739fd)
2019-12-20 03:46:32.721 22837 RALLYDEBUG rally_openstack.cleanup.manager [-] Deleting neutron.network object s_rally_6cf7a2a6_vt90xKrM (ae315156-013f-44ab-a2e9-4f0b3377e38f)
2019-12-20 03:46:32.945 22837 RALLYDEBUG rally_openstack.cleanup.manager [-] Deleting neutron.network object s_rally_6cf7a2a6_suyvlbSk (afc74c51-701f-4b21-806e-b3d0e7aac797)
2019-12-20 03:46:32.987 22837 RALLYDEBUG rally_openstack.cleanup.manager [-] Deleting neutron.network object s_rally_6cf7a2a6_69WKETE7 (b3405ecd-efeb-425c-acf8-72d13ff2b435)
2019-12-20 03:46:33.117 22837 RALLYDEBUG rally_openstack.cleanup.manager [-] Deleting neutron.network object s_rally_6cf7a2a6_ig734Yj9 (b586a529-ae96-4243-bfad-b0662ffa5678)
2019-12-20 03:46:33.150 22837 RALLYDEBUG rally_openstack.cleanup.manager [-] Deleting neutron.network object s_rally_6cf7a2a6_yAA7yqYT (b6f51038-860c-49ef-be34-e8049dabe245)
2019-12-20 03:46:33.236 22837 RALLYDEBUG rally_openstack.cleanup.manager [-] Deleting neutron.network object s_rally_6cf7a2a6_4f3Sfxuv (bedf4bfa-860a-48f8-be76-b97fb09c2b3d)
2019-12-20 03:46:33.299 22837 RALLYDEBUG rally_openstack.cleanup.manager [-] Deleting neutron.network object s_rally_6cf7a2a6_NugHMbgB (bf08c3bb-3a90-4913-9e06-fd673fd9204e)
2019-12-20 03:46:33.346 22837 RALLYDEBUG rally_openstack.cleanup.manager [-] Deleting neutron.network object s_rally_6cf7a2a6_YtQNm2fA (c0b3d023-fedc-4267-9f3c-d1df3e54a505)
2019-12-20 03:46:33.355 22837 RALLYDEBUG rally_openstack.cleanup.manager [-] Deleting neutron.network object s_rally_6cf7a2a6_DnbstqqD (c735848d-7eb4-43c3-9a55-3abca71d9355)
2019-12-20 03:46:33.369 22837 RALLYDEBUG rally_openstack.cleanup.manager [-] Deleting neutron.network object s_rally_6cf7a2a6_9brSN1tp (ca56abc2-097a-4f49-8893-f451b874f9cb)
2019-12-20 03:46:33.376 22837 RALLYDEBUG rally_openstack.cleanup.manager [-] Deleting neutron.network object s_rally_6cf7a2a6_PbDTcGfr (d42a672a-3ffe-4136-8f19-9b77904341c7)
2019-12-20 03:46:33.391 22837 RALLYDEBUG rally_openstack.cleanup.manager [-] Deleting neutron.network object s_rally_6cf7a2a6_fUY5p01E (d6d726f0-4612-4ff7-99bd-b4b0294585fd)
2019-12-20 03:46:33.501 22837 RALLYDEBUG rally_openstack.cleanup.manager [-] Deleting neutron.network object s_rally_6cf7a2a6_qa2TuaD8 (d8fdf90d-bcd5-4e2b-9f20-34c9d478e30b)
2019-12-20 03:46:33.564 22837 RALLYDEBUG rally_openstack.cleanup.manager [-] Deleting neutron.network object s_rally_6cf7a2a6_7NPKlrG9 (d90fcd18-7143-434d-a7a0-6c10a744d40d)
2019-12-20 03:46:33.637 22837 RALLYDEBUG rally_openstack.cleanup.manager [-] Deleting neutron.network object s_rally_6cf7a2a6_YlkCAZSE (e01942fd-a693-43cf-aa6d-be1436c73fdf)
2019-12-20 03:46:33.796 22837 RALLYDEBUG rally_openstack.cleanup.manager [-] Deleting neutron.network object s_rally_6cf7a2a6_cWPMZXJ7 (e7e1ff05-4692-4459-a696-219480cde0e7)
2019-12-20 03:46:33.845 22837 RALLYDEBUG rally_openstack.cleanup.manager [-] Deleting neutron.network object s_rally_6cf7a2a6_XvFESsMQ (f504a558-ac6b-486d-b75f-7de05f68be99)
2019-12-20 03:46:33.929 22837 RALLYDEBUG rally_openstack.cleanup.manager [-] Deleting neutron.network object s_rally_6cf7a2a6_y2SH8zsy (ff9bd0eb-694d-452e-9e3e-92eca080d1c3)
2019-12-20 03:46:36.141 22837 RALLYDEBUG rally_openstack.cleanup.manager [-] Cleaning up neutron router objects
2019-12-20 03:46:36.561 22837 RALLYDEBUG rally_openstack.cleanup.manager [-] Cleaning up neutron security_group objects
2019-12-20 03:46:37.003 22837 INFO rally.task.context [-] Task 84746148-888c-473c-b4f6-f4e13c6f4f74 | Context cleanup@openstack cleanup() finished in 31.17 sec
2019-12-20 03:46:37.003 22837 INFO rally.task.context [-] Task 84746148-888c-473c-b4f6-f4e13c6f4f74 | Context quotas@openstack cleanup() started
2019-12-20 03:46:37.086 22837 INFO rally.task.context [-] Task 84746148-888c-473c-b4f6-f4e13c6f4f74 | Context quotas@openstack cleanup() finished in 83.35 msec
2019-12-20 03:46:37.087 22837 INFO rally.task.context [-] Task 84746148-888c-473c-b4f6-f4e13c6f4f74 | Context users@openstack cleanup() started
2019-12-20 03:46:39.749 22837 INFO rally.task.context [-] Task 84746148-888c-473c-b4f6-f4e13c6f4f74 | Context users@openstack cleanup() finished in 2.66 sec
2019-12-20 03:46:40.105 22837 INFO rally.task.engine [-] Load duration is: 19.135483
2019-12-20 03:46:40.106 22837 INFO rally.task.engine [-] Full runner duration is: 19.185607
2019-12-20 03:46:40.106 22837 INFO rally.task.engine [-] Full duration is: 55.921006
2019-12-20 03:46:40.381 22837 INFO rally.task.engine [-] Running workload: position = 2 config = { "version": 2, "title": "A cropped version of a bigger task.", "description": "Auto-generated task from a single workload (uuid=16d88932-0d34-4aeb-8145-299873c32138)", "subtasks": [ { "title": "NeutronNetworks.create_and_delete_ports", "description": "Create and delete a port.", "scenario": { "NeutronNetworks.create_and_delete_ports": { "network_create_args": {}, "port_create_args": {}, "ports_per_network": 5 } }, "contexts": { "users": { "tenants": 1, "users_per_tenant": 1 }, "quotas": { "neutron": { "network": -1, "port": -1 } } }, "runner": { "constant": { "times": 40, "concurrency": 20 } }, "hooks": [], "sla": { "failure_rate": { "max": 0 } } } ] }
2019-12-20 03:46:40.404 22837 RALLYDEBUG rally_openstack.contexts.keystone.users [-] Creating 1 tenants using 20 threads
2019-12-20 03:46:41.346 22837 RALLYDEBUG rally_openstack.contexts.keystone.users [-] Creating 1 users using 20 threads
2019-12-20 03:46:42.762 22837 INFO rally.task.context [-] Task 84746148-888c-473c-b4f6-f4e13c6f4f74 | Context users@openstack setup() finished in 2.36 sec
2019-12-20 03:46:43.263 22837 INFO rally.task.context [-] Task 84746148-888c-473c-b4f6-f4e13c6f4f74 | Context quotas@openstack setup() finished in 0.50 sec
2019-12-20 03:46:43.264 22837 INFO rally.task.context [-] Task 84746148-888c-473c-b4f6-f4e13c6f4f74 | Context cleanup@openstack setup() finished in 0.01 msec
2019-12-20 03:46:43.272 22837 RALLYDEBUG rally.task.runner [-] Starting the constant runner (task UUID: 84746148-888c-473c-b4f6-f4e13c6f4f74). times: 40 concurrency: 20 timeout: 0 max_cpu_used: 16 processes_to_start: 16 concurrency_per_worker: 1 concurrency_overhead: 4
2019-12-20 03:46:43.283 27303 RALLYDEBUG rally.task.runner [-] Starting a worker. times: 40 duration: None concurrency: 2 timeout: 0 cls: method_name: run args: {"network_create_args": {}, "port_create_args": {}, "ports_per_network": 5}
2019-12-20 03:46:43.287 27304 RALLYDEBUG rally.task.runner [-] Starting a worker. times: 40 duration: None concurrency: 2 timeout: 0 cls: method_name: run args: {"network_create_args": {}, "port_create_args": {}, "ports_per_network": 5}
2019-12-20 03:46:43.290 27305 RALLYDEBUG rally.task.runner [-] Starting a worker. times: 40 duration: None concurrency: 2 timeout: 0 cls: method_name: run args: {"network_create_args": {}, "port_create_args": {}, "ports_per_network": 5}
2019-12-20 03:46:43.291 27303 INFO rally.task.runner [-] Task 84746148-888c-473c-b4f6-f4e13c6f4f74 | ITER: 1 START
2019-12-20 03:46:43.292 27303 INFO rally.task.runner [-] Task 84746148-888c-473c-b4f6-f4e13c6f4f74 | ITER: 2 START
2019-12-20 03:46:43.294 27308 RALLYDEBUG rally.task.runner [-] Starting a worker. times: 40 duration: None concurrency: 2 timeout: 0 cls: method_name: run args: {"network_create_args": {}, "port_create_args": {}, "ports_per_network": 5}
2019-12-20 03:46:43.295 27304 INFO rally.task.runner [-] Task 84746148-888c-473c-b4f6-f4e13c6f4f74 | ITER: 3 START
2019-12-20 03:46:43.294 27303 WARNING rally_openstack.scenarios.neutron.utils [-] Running this scenario without either the 'network' or 'existing_network' context is deprecated
2019-12-20 03:46:43.298 27305 INFO rally.task.runner [-] Task 84746148-888c-473c-b4f6-f4e13c6f4f74 | ITER: 4 START
2019-12-20 03:46:43.295 27304 INFO rally.task.runner [-] Task 84746148-888c-473c-b4f6-f4e13c6f4f74 | ITER: 5 START
2019-12-20 03:46:43.297 27312 RALLYDEBUG rally.task.runner [-] Starting a worker. times: 40 duration: None concurrency: 1 timeout: 0 cls: method_name: run args: {"network_create_args": {}, "port_create_args": {}, "ports_per_network": 5}
2019-12-20 03:46:43.298 27304 WARNING rally_openstack.scenarios.neutron.utils [-] Running this scenario without either the 'network' or 'existing_network' context is deprecated
2019-12-20 03:46:43.299 27305 INFO rally.task.runner [-] Task 84746148-888c-473c-b4f6-f4e13c6f4f74 | ITER: 6 START
2019-12-20 03:46:43.300 27305 WARNING rally_openstack.scenarios.neutron.utils [-] Running this scenario without either the 'network' or 'existing_network' context is deprecated
2019-12-20 03:46:43.301 27315 RALLYDEBUG rally.task.runner [-] Starting a worker. times: 40 duration: None concurrency: 1 timeout: 0 cls: method_name: run args: {"network_create_args": {}, "port_create_args": {}, "ports_per_network": 5}
2019-12-20 03:46:43.301 27308 INFO rally.task.runner [-] Task 84746148-888c-473c-b4f6-f4e13c6f4f74 | ITER: 7 START
2019-12-20 03:46:43.303 27312 INFO rally.task.runner [-] Task 84746148-888c-473c-b4f6-f4e13c6f4f74 | ITER: 9 START
2019-12-20 03:46:43.303 27308 INFO rally.task.runner [-] Task 84746148-888c-473c-b4f6-f4e13c6f4f74 | ITER: 8 START
2019-12-20 03:46:43.304 27308 WARNING rally_openstack.scenarios.neutron.utils [-] Running this scenario without either the 'network' or 'existing_network' context is deprecated
2019-12-20 03:46:43.306 27312 WARNING rally_openstack.scenarios.neutron.utils [-] Running this scenario without either the 'network' or 'existing_network' context is deprecated
2019-12-20 03:46:43.305 27320 RALLYDEBUG rally.task.runner [-] Starting a worker. times: 40 duration: None concurrency: 1 timeout: 0 cls: method_name: run args: {"network_create_args": {}, "port_create_args": {}, "ports_per_network": 5}
2019-12-20 03:46:43.306 27315 INFO rally.task.runner [-] Task 84746148-888c-473c-b4f6-f4e13c6f4f74 | ITER: 10 START
2019-12-20 03:46:43.296 27303 WARNING rally_openstack.scenarios.neutron.utils [-] Running this scenario without either the 'network' or 'existing_network' context is deprecated
2019-12-20 03:46:43.308 27315 WARNING rally_openstack.scenarios.neutron.utils [-] Running this scenario without either the 'network' or 'existing_network' context is deprecated
2019-12-20 03:46:43.299 27304 WARNING rally_openstack.scenarios.neutron.utils [-] Running this scenario without either the 'network' or 'existing_network' context is deprecated
2019-12-20 03:46:43.301 27305 WARNING rally_openstack.scenarios.neutron.utils [-] Running this scenario without either the 'network' or 'existing_network' context is deprecated
2019-12-20 03:46:43.311 27320 INFO rally.task.runner [-] Task 84746148-888c-473c-b4f6-f4e13c6f4f74 | ITER: 11 START
2019-12-20 03:46:43.311 27325 RALLYDEBUG rally.task.runner [-] Starting a worker. times: 40 duration: None concurrency: 1 timeout: 0 cls: method_name: run args: {"network_create_args": {}, "port_create_args": {}, "ports_per_network": 5}
2019-12-20 03:46:43.313 27320 WARNING rally_openstack.scenarios.neutron.utils [-] Running this scenario without either the 'network' or 'existing_network' context is deprecated
2019-12-20 03:46:43.305 27308 WARNING rally_openstack.scenarios.neutron.utils [-] Running this scenario without either the 'network' or 'existing_network' context is deprecated
2019-12-20 03:46:43.318 27325 INFO rally.task.runner [-] Task 84746148-888c-473c-b4f6-f4e13c6f4f74 | ITER: 12 START
2019-12-20 03:46:43.318 27329 RALLYDEBUG rally.task.runner [-] Starting a worker. times: 40 duration: None concurrency: 1 timeout: 0 cls: method_name: run args: {"network_create_args": {}, "port_create_args": {}, "ports_per_network": 5}
2019-12-20 03:46:43.320 27325 WARNING rally_openstack.scenarios.neutron.utils [-] Running this scenario without either the 'network' or 'existing_network' context is deprecated
2019-12-20 03:46:43.324 27329 INFO rally.task.runner [-] Task 84746148-888c-473c-b4f6-f4e13c6f4f74 | ITER: 13 START
2019-12-20 03:46:43.325 27332 RALLYDEBUG rally.task.runner [-] Starting a worker. times: 40 duration: None concurrency: 1 timeout: 0 cls: method_name: run args: {"network_create_args": {}, "port_create_args": {}, "ports_per_network": 5}
2019-12-20 03:46:43.327 27329 WARNING rally_openstack.scenarios.neutron.utils [-] Running this scenario without either the 'network' or 'existing_network' context is deprecated
2019-12-20 03:46:43.330 27332 INFO rally.task.runner [-] Task 84746148-888c-473c-b4f6-f4e13c6f4f74 | ITER: 14 START
2019-12-20 03:46:43.331 27335 RALLYDEBUG rally.task.runner [-] Starting a worker. times: 40 duration: None concurrency: 1 timeout: 0 cls: method_name: run args: {"network_create_args": {}, "port_create_args": {}, "ports_per_network": 5}
2019-12-20 03:46:43.332 27332 WARNING rally_openstack.scenarios.neutron.utils [-] Running this scenario without either the 'network' or 'existing_network' context is deprecated
2019-12-20 03:46:43.336 27338 RALLYDEBUG rally.task.runner [-] Starting a worker. times: 40 duration: None concurrency: 1 timeout: 0 cls: method_name: run args: {"network_create_args": {}, "port_create_args": {}, "ports_per_network": 5}
2019-12-20 03:46:43.337 27335 INFO rally.task.runner [-] Task 84746148-888c-473c-b4f6-f4e13c6f4f74 | ITER: 15 START
2019-12-20 03:46:43.339 27335 WARNING rally_openstack.scenarios.neutron.utils [-] Running this scenario without either the 'network' or 'existing_network' context is deprecated
2019-12-20 03:46:43.341 27338 INFO rally.task.runner [-] Task 84746148-888c-473c-b4f6-f4e13c6f4f74 | ITER: 16 START
2019-12-20 03:46:43.341 27340 RALLYDEBUG rally.task.runner [-] Starting a worker. times: 40 duration: None concurrency: 1 timeout: 0 cls: method_name: run args: {"network_create_args": {}, "port_create_args": {}, "ports_per_network": 5}
2019-12-20 03:46:43.342 27338 WARNING rally_openstack.scenarios.neutron.utils [-] Running this scenario without either the 'network' or 'existing_network' context is deprecated
2019-12-20 03:46:43.345 27340 INFO rally.task.runner [-] Task 84746148-888c-473c-b4f6-f4e13c6f4f74 | ITER: 17 START
2019-12-20 03:46:43.347 27340 WARNING rally_openstack.scenarios.neutron.utils [-] Running this scenario without either the 'network' or 'existing_network' context is deprecated
2019-12-20 03:46:43.348 27344 RALLYDEBUG rally.task.runner [-] Starting a worker. times: 40 duration: None concurrency: 1 timeout: 0 cls: method_name: run args: {"network_create_args": {}, "port_create_args": {}, "ports_per_network": 5}
2019-12-20 03:46:43.352 27344 INFO rally.task.runner [-] Task 84746148-888c-473c-b4f6-f4e13c6f4f74 | ITER: 18 START
2019-12-20 03:46:43.352 27347 RALLYDEBUG rally.task.runner [-] Starting a worker. times: 40 duration: None concurrency: 1 timeout: 0 cls: method_name: run args: {"network_create_args": {}, "port_create_args": {}, "ports_per_network": 5}
2019-12-20 03:46:43.354 27344 WARNING rally_openstack.scenarios.neutron.utils [-] Running this scenario without either the 'network' or 'existing_network' context is deprecated
2019-12-20 03:46:43.356 27347 INFO rally.task.runner [-] Task 84746148-888c-473c-b4f6-f4e13c6f4f74 | ITER: 19 START
2019-12-20 03:46:43.356 27350 RALLYDEBUG rally.task.runner [-] Starting a worker. times: 40 duration: None concurrency: 1 timeout: 0 cls: method_name: run args: {"network_create_args": {}, "port_create_args": {}, "ports_per_network": 5}
2019-12-20 03:46:43.358 27347 WARNING rally_openstack.scenarios.neutron.utils [-] Running this scenario without either the 'network' or 'existing_network' context is deprecated
2019-12-20 03:46:43.360 27350 INFO rally.task.runner [-] Task 84746148-888c-473c-b4f6-f4e13c6f4f74 | ITER: 20 START
2019-12-20 03:46:43.362 27350 WARNING rally_openstack.scenarios.neutron.utils [-] Running this scenario without either the 'network' or 'existing_network' context is deprecated
2019-12-20 03:46:51.716 27308 INFO rally.task.runner [-] Task 84746148-888c-473c-b4f6-f4e13c6f4f74 | ITER: 7 END: OK
2019-12-20 03:46:51.720 27308 INFO rally.task.runner [-] Task 84746148-888c-473c-b4f6-f4e13c6f4f74 | ITER: 21 START
2019-12-20 03:46:51.721 27308 WARNING rally_openstack.scenarios.neutron.utils [-] Running this scenario without either the 'network' or 'existing_network' context is deprecated
2019-12-20 03:46:52.110 27305 INFO rally.task.runner [-] Task 84746148-888c-473c-b4f6-f4e13c6f4f74 | ITER: 4 END: OK
2019-12-20 03:46:52.114 27305 INFO rally.task.runner [-] Task 84746148-888c-473c-b4f6-f4e13c6f4f74 | ITER: 22 START
2019-12-20 03:46:52.115 27305 WARNING rally_openstack.scenarios.neutron.utils [-] Running this scenario without either the 'network' or 'existing_network' context is deprecated
2019-12-20 03:46:52.291 27338 INFO rally.task.runner [-] Task 84746148-888c-473c-b4f6-f4e13c6f4f74 | ITER: 16 END: OK
2019-12-20 03:46:52.295 27338 INFO rally.task.runner [-] Task 84746148-888c-473c-b4f6-f4e13c6f4f74 | ITER: 23 START
2019-12-20 03:46:52.296 27338 WARNING rally_openstack.scenarios.neutron.utils [-] Running this scenario without either the 'network' or 'existing_network' context is deprecated
2019-12-20 03:46:52.299 27312 INFO rally.task.runner [-] Task 84746148-888c-473c-b4f6-f4e13c6f4f74 | ITER: 9 END: OK
2019-12-20 03:46:52.302 27312 INFO rally.task.runner [-] Task 84746148-888c-473c-b4f6-f4e13c6f4f74 | ITER: 24 START
2019-12-20 03:46:52.303 27312 WARNING rally_openstack.scenarios.neutron.utils [-] Running this scenario without either the 'network' or 'existing_network' context is deprecated
2019-12-20 03:46:52.477 27308 INFO rally.task.runner [-] Task 84746148-888c-473c-b4f6-f4e13c6f4f74 | ITER: 8 END: OK
2019-12-20 03:46:52.480 27308 INFO rally.task.runner [-] Task 84746148-888c-473c-b4f6-f4e13c6f4f74 | ITER: 25 START
2019-12-20 03:46:52.481 27308 WARNING rally_openstack.scenarios.neutron.utils [-] Running this scenario without either the 'network' or 'existing_network' context is deprecated
2019-12-20 03:46:52.616 27350 INFO rally.task.runner [-] Task 84746148-888c-473c-b4f6-f4e13c6f4f74 | ITER: 20 END: OK
2019-12-20 03:46:52.619 27350 INFO rally.task.runner [-] Task 84746148-888c-473c-b4f6-f4e13c6f4f74 | ITER: 26 START
2019-12-20 03:46:52.620 27350 WARNING rally_openstack.scenarios.neutron.utils [-] Running this scenario without either the 'network' or 'existing_network' context is deprecated
2019-12-20 03:46:52.635 27325 INFO rally.task.runner [-] Task 84746148-888c-473c-b4f6-f4e13c6f4f74 | ITER: 12 END: OK
2019-12-20 03:46:52.639 27325 INFO rally.task.runner [-] Task 84746148-888c-473c-b4f6-f4e13c6f4f74 | ITER: 27 START
2019-12-20 03:46:52.640 27325 WARNING rally_openstack.scenarios.neutron.utils [-] Running this scenario without either the 'network' or 'existing_network' context is deprecated
2019-12-20 03:46:53.049 27347 INFO rally.task.runner [-] Task 84746148-888c-473c-b4f6-f4e13c6f4f74 | ITER: 19 END: OK
2019-12-20 03:46:53.053 27347 INFO rally.task.runner [-] Task 84746148-888c-473c-b4f6-f4e13c6f4f74 | ITER: 28 START
2019-12-20 03:46:53.054 27347 WARNING rally_openstack.scenarios.neutron.utils [-] Running this scenario without either the 'network' or 'existing_network' context is deprecated
2019-12-20 03:46:53.142 27340 INFO rally.task.runner [-] Task 84746148-888c-473c-b4f6-f4e13c6f4f74 | ITER: 17 END: OK
2019-12-20 03:46:53.146 27340 INFO rally.task.runner [-] Task 84746148-888c-473c-b4f6-f4e13c6f4f74 | ITER: 29 START
2019-12-20 03:46:53.147 27340 WARNING rally_openstack.scenarios.neutron.utils [-] Running this scenario without either the 'network' or 'existing_network' context is deprecated
2019-12-20 03:46:53.267 27305 INFO rally.task.runner [-] Task 84746148-888c-473c-b4f6-f4e13c6f4f74 | ITER: 6 END: OK
2019-12-20 03:46:53.269 27305 INFO rally.task.runner [-] Task 84746148-888c-473c-b4f6-f4e13c6f4f74 | ITER: 30 START
2019-12-20 03:46:53.271 27305 WARNING rally_openstack.scenarios.neutron.utils [-] Running this scenario without either the 'network' or 'existing_network' context is deprecated
2019-12-20 03:46:53.515 27304 INFO rally.task.runner [-] Task 84746148-888c-473c-b4f6-f4e13c6f4f74 | ITER: 5 END: OK
2019-12-20 03:46:53.519 27304 INFO rally.task.runner [-] Task 84746148-888c-473c-b4f6-f4e13c6f4f74 | ITER: 31 START
2019-12-20 03:46:53.520 27304 WARNING rally_openstack.scenarios.neutron.utils [-] Running this scenario without either the 'network' or 'existing_network' context is deprecated
2019-12-20 03:46:53.567 27332 INFO rally.task.runner [-] Task 84746148-888c-473c-b4f6-f4e13c6f4f74 | ITER: 14 END: OK
2019-12-20 03:46:53.571 27332 INFO rally.task.runner [-] Task 84746148-888c-473c-b4f6-f4e13c6f4f74 | ITER: 32 START
2019-12-20 03:46:53.572 27332 WARNING rally_openstack.scenarios.neutron.utils [-] Running this scenario without either the 'network' or 'existing_network' context is deprecated
2019-12-20 03:46:53.695 27303 INFO rally.task.runner [-] Task 84746148-888c-473c-b4f6-f4e13c6f4f74 | ITER: 2 END: OK
2019-12-20 03:46:53.699 27303 INFO rally.task.runner [-] Task 84746148-888c-473c-b4f6-f4e13c6f4f74 | ITER: 33 START
2019-12-20 03:46:53.699 27303 WARNING rally_openstack.scenarios.neutron.utils [-] Running this scenario without either the 'network' or 'existing_network' context is deprecated
2019-12-20 03:46:53.907 27315 INFO rally.task.runner [-] Task 84746148-888c-473c-b4f6-f4e13c6f4f74 | ITER: 10 END: OK
2019-12-20 03:46:53.911 27315 INFO rally.task.runner [-] Task 84746148-888c-473c-b4f6-f4e13c6f4f74 | ITER: 34 START
2019-12-20 03:46:53.912 27315 WARNING rally_openstack.scenarios.neutron.utils [-] Running this scenario without either the 'network' or 'existing_network' context is deprecated
2019-12-20 03:46:53.948 27344 INFO rally.task.runner [-] Task 84746148-888c-473c-b4f6-f4e13c6f4f74 | ITER: 18 END: OK
2019-12-20 03:46:53.953 27344 INFO rally.task.runner [-] Task 84746148-888c-473c-b4f6-f4e13c6f4f74 | ITER: 35 START
2019-12-20 03:46:53.953 27344 WARNING rally_openstack.scenarios.neutron.utils [-] Running this scenario without either the 'network' or 'existing_network' context is deprecated
