2019-12-20 03:33:22.732 22828 RALLYDEBUG rally.api [-] INFO logs from urllib3 and requests module are hide.
2019-12-20 03:33:22.733 22828 RALLYDEBUG rally.api [-] urllib3 insecure warnings are hidden.
2019-12-20 03:33:22.733 22828 RALLYDEBUG rally.api [-] ERROR log from boto module is hide.
2019-12-20 03:33:26.075 22830 RALLYDEBUG rally.api [-] INFO logs from urllib3 and requests module are hide.
2019-12-20 03:33:26.075 22830 RALLYDEBUG rally.api [-] urllib3 insecure warnings are hidden.
2019-12-20 03:33:26.076 22830 RALLYDEBUG rally.api [-] ERROR log from boto module is hide.
2019-12-20 03:33:29.058 22832 RALLYDEBUG rally.api [-] INFO logs from urllib3 and requests module are hide.
2019-12-20 03:33:29.059 22832 RALLYDEBUG rally.api [-] urllib3 insecure warnings are hidden.
2019-12-20 03:33:29.059 22832 RALLYDEBUG rally.api [-] ERROR log from boto module is hide.
2019-12-20 03:33:33.343 22835 RALLYDEBUG rally.api [-] INFO logs from urllib3 and requests module are hide.
2019-12-20 03:33:33.344 22835 RALLYDEBUG rally.api [-] urllib3 insecure warnings are hidden.
2019-12-20 03:33:33.344 22835 RALLYDEBUG rally.api [-] ERROR log from boto module is hide.
2019-12-20 03:33:35.053 22837 RALLYDEBUG rally.api [-] INFO logs from urllib3 and requests module are hide.
2019-12-20 03:33:35.053 22837 RALLYDEBUG rally.api [-] urllib3 insecure warnings are hidden.
2019-12-20 03:33:35.054 22837 RALLYDEBUG rally.api [-] ERROR log from boto module is hide.
2019-12-20 03:33:36.590 22837 INFO rally.common.plugin.discover [-] Loading plugins from directories /root/.rally/plugins/*
2019-12-20 03:33:36.591 22837 INFO rally.common.plugin.discover [-] Loaded module with plugins: /root/.rally/plugins/__init__.py
2019-12-20 03:33:36.926 22837 INFO rally.task.engine [-] Task 84746148-888c-473c-b4f6-f4e13c6f4f74 | Starting: Task validation.
2019-12-20 03:33:36.977 22837 INFO rally.task.engine [-] Task 84746148-888c-473c-b4f6-f4e13c6f4f74 | Starting: Task validation of syntax.
2019-12-20 03:33:37.276 22837 INFO rally.task.engine [-] Task 84746148-888c-473c-b4f6-f4e13c6f4f74 | Completed: Task validation of syntax.
2019-12-20 03:33:37.277 22837 INFO rally.task.engine [-] Task 84746148-888c-473c-b4f6-f4e13c6f4f74 | Starting: Task validation of required platforms.
2019-12-20 03:33:37.393 22837 INFO rally.task.engine [-] Task 84746148-888c-473c-b4f6-f4e13c6f4f74 | Completed: Task validation of required platforms.
2019-12-20 03:33:37.393 22837 INFO rally.task.engine [-] Task 84746148-888c-473c-b4f6-f4e13c6f4f74 | Starting: Task validation of semantic.
2019-12-20 03:33:37.393 22837 INFO rally.task.engine [-] Check health of the environment '6e4f5402-86a7-45ea-a2fe-b301451c6da2'.
2019-12-20 03:33:38.287 22837 INFO rally.task.engine [-] Platform existing@openstack (available: True): OK!
2019-12-20 03:33:38.306 22837 RALLYDEBUG rally_openstack.contexts.keystone.users [-] Creating 1 tenants using 20 threads
2019-12-20 03:33:39.191 22837 RALLYDEBUG rally_openstack.contexts.keystone.users [-] Creating 1 users using 20 threads
2019-12-20 03:33:40.693 22837 INFO rally.task.context [-] Task 84746148-888c-473c-b4f6-f4e13c6f4f74 | Context users@openstack setup() finished in 2.39 sec
2019-12-20 03:33:50.225 22837 INFO rally.task.context [-] Task 84746148-888c-473c-b4f6-f4e13c6f4f74 | Context users@openstack cleanup() started
2019-12-20 03:33:52.999 22837 INFO rally.task.context [-] Task 84746148-888c-473c-b4f6-f4e13c6f4f74 | Context users@openstack cleanup() finished in 2.77 sec
2019-12-20 03:33:52.999 22837 INFO rally.task.engine [-] Task 84746148-888c-473c-b4f6-f4e13c6f4f74 | Completed: Task validation of semantic.
2019-12-20 03:33:53.000 22837 INFO rally.task.engine [-] Task 84746148-888c-473c-b4f6-f4e13c6f4f74 | Completed: Task validation.
2019-12-20 03:33:53.000 22837 INFO rally.api [-] Task 84746148-888c-473c-b4f6-f4e13c6f4f74 input file is valid.
2019-12-20 03:33:53.000 22837 INFO rally.api [-] Run Task 84746148-888c-473c-b4f6-f4e13c6f4f74 against Deployment 6e4f5402-86a7-45ea-a2fe-b301451c6da2
2019-12-20 03:33:53.001 22837 INFO rally.task.engine [-] Task 84746148-888c-473c-b4f6-f4e13c6f4f74 | Starting: Running task.
2019-12-20 03:33:53.171 22837 INFO rally.task.engine [-] Running workload: position = 0 config = { "version": 2, "title": "A cropped version of a bigger task.", "description": "Auto-generated task from a single workload (uuid=4b4e2a71-9528-4822-a4be-c762e4a9783b)", "subtasks": [ { "title": "NeutronNetworks.create_and_list_networks", "description": "Check performance of list_networks action and ensure > network quotas are not exceeded", "scenario": { "NeutronNetworks.create_and_list_networks": {} }, "contexts": { "users": { "tenants": 1, "users_per_tenant": 1 }, "quotas": { "neutron": { "network": 119 } } }, "runner": { "constant": { "times": 100, "concurrency": 20 } }, "hooks": [], "sla": { "max_avg_duration_per_atomic": { "neutron.list_networks": 15 }, "failure_rate": { "max": 0 } } } ] }
2019-12-20 03:33:53.195 22837 RALLYDEBUG rally_openstack.contexts.keystone.users [-] Creating 1 tenants using 20 threads
2019-12-20 03:33:54.129 22837 RALLYDEBUG rally_openstack.contexts.keystone.users [-] Creating 1 users using 20 threads
2019-12-20 03:33:55.543 22837 INFO rally.task.context [-] Task 84746148-888c-473c-b4f6-f4e13c6f4f74 | Context users@openstack setup() finished in 2.35 sec
2019-12-20 03:33:56.024 22837 INFO rally.task.context [-] Task 84746148-888c-473c-b4f6-f4e13c6f4f74 | Context quotas@openstack setup() finished in 0.48 sec
2019-12-20 03:33:56.025 22837 INFO rally.task.context [-] Task 84746148-888c-473c-b4f6-f4e13c6f4f74 | Context cleanup@openstack setup() finished in 0.01 msec
2019-12-20 03:33:56.034 22837 RALLYDEBUG rally.task.runner [-] Starting the constant runner (task UUID: 84746148-888c-473c-b4f6-f4e13c6f4f74). times: 100 concurrency: 20 timeout: 0 max_cpu_used: 16 processes_to_start: 16 concurrency_per_worker: 1 concurrency_overhead: 4
2019-12-20 03:33:56.047 22961 RALLYDEBUG rally.task.runner [-] Starting a worker. times: 100 duration: None concurrency: 2 timeout: 0 cls: method_name: run args: {}
2019-12-20 03:33:56.050 22962 RALLYDEBUG rally.task.runner [-] Starting a worker. times: 100 duration: None concurrency: 2 timeout: 0 cls: method_name: run args: {}
2019-12-20 03:33:56.054 22961 INFO rally.task.runner [-] Task 84746148-888c-473c-b4f6-f4e13c6f4f74 | ITER: 1 START
2019-12-20 03:33:56.053 22963 RALLYDEBUG rally.task.runner [-] Starting a worker. times: 100 duration: None concurrency: 2 timeout: 0 cls: method_name: run args: {}
2019-12-20 03:33:56.057 22962 INFO rally.task.runner [-] Task 84746148-888c-473c-b4f6-f4e13c6f4f74 | ITER: 2 START
2019-12-20 03:33:56.056 22966 RALLYDEBUG rally.task.runner [-] Starting a worker. times: 100 duration: None concurrency: 2 timeout: 0 cls: method_name: run args: {}
2019-12-20 03:33:56.060 22963 INFO rally.task.runner [-] Task 84746148-888c-473c-b4f6-f4e13c6f4f74 | ITER: 5 START
2019-12-20 03:33:56.061 22961 INFO rally.task.runner [-] Task 84746148-888c-473c-b4f6-f4e13c6f4f74 | ITER: 3 START
2019-12-20 03:33:56.061 22970 RALLYDEBUG rally.task.runner [-] Starting a worker. times: 100 duration: None concurrency: 1 timeout: 0 cls: method_name: run args: {}
2019-12-20 03:33:56.063 22974 RALLYDEBUG rally.task.runner [-] Starting a worker. times: 100 duration: None concurrency: 1 timeout: 0 cls: method_name: run args: {}
2019-12-20 03:33:56.063 22966 INFO rally.task.runner [-] Task 84746148-888c-473c-b4f6-f4e13c6f4f74 | ITER: 7 START
2019-12-20 03:33:56.066 22978 RALLYDEBUG rally.task.runner [-] Starting a worker. times: 100 duration: None concurrency: 1 timeout: 0 cls: method_name: run args: {}
2019-12-20 03:33:56.067 22970 INFO rally.task.runner [-] Task 84746148-888c-473c-b4f6-f4e13c6f4f74 | ITER: 9 START
2019-12-20 03:33:56.068 22974 INFO rally.task.runner [-] Task 84746148-888c-473c-b4f6-f4e13c6f4f74 | ITER: 10 START
2019-12-20 03:33:56.058 22962 INFO rally.task.runner [-] Task 84746148-888c-473c-b4f6-f4e13c6f4f74 | ITER: 4 START
2019-12-20 03:33:56.070 22980 RALLYDEBUG rally.task.runner [-] Starting a worker. times: 100 duration: None concurrency: 1 timeout: 0 cls: method_name: run args: {}
2019-12-20 03:33:56.071 22978 INFO rally.task.runner [-] Task 84746148-888c-473c-b4f6-f4e13c6f4f74 | ITER: 11 START
2019-12-20 03:33:56.075 22980 INFO rally.task.runner [-] Task 84746148-888c-473c-b4f6-f4e13c6f4f74 | ITER: 12 START
2019-12-20 03:33:56.076 22987 RALLYDEBUG rally.task.runner [-] Starting a worker. times: 100 duration: None concurrency: 1 timeout: 0 cls: method_name: run args: {}
2019-12-20 03:33:56.061 22963 INFO rally.task.runner [-] Task 84746148-888c-473c-b4f6-f4e13c6f4f74 | ITER: 6 START
2019-12-20 03:33:56.064 22966 INFO rally.task.runner [-] Task 84746148-888c-473c-b4f6-f4e13c6f4f74 | ITER: 8 START
2019-12-20 03:33:56.083 22987 INFO rally.task.runner [-] Task 84746148-888c-473c-b4f6-f4e13c6f4f74 | ITER: 13 START
2019-12-20 03:33:56.083 22990 RALLYDEBUG rally.task.runner [-] Starting a worker. times: 100 duration: None concurrency: 1 timeout: 0 cls: method_name: run args: {}
2019-12-20 03:33:56.088 22990 INFO rally.task.runner [-] Task 84746148-888c-473c-b4f6-f4e13c6f4f74 | ITER: 14 START
2019-12-20 03:33:56.091 22993 RALLYDEBUG rally.task.runner [-] Starting a worker. times: 100 duration: None concurrency: 1 timeout: 0 cls: method_name: run args: {}
2019-12-20 03:33:56.097 22993 INFO rally.task.runner [-] Task 84746148-888c-473c-b4f6-f4e13c6f4f74 | ITER: 15 START
2019-12-20 03:33:56.098 22996 RALLYDEBUG rally.task.runner [-] Starting a worker. times: 100 duration: None concurrency: 1 timeout: 0 cls: method_name: run args: {}
2019-12-20 03:33:56.104 22996 INFO rally.task.runner [-] Task 84746148-888c-473c-b4f6-f4e13c6f4f74 | ITER: 16 START
2019-12-20 03:33:56.105 22999 RALLYDEBUG rally.task.runner [-] Starting a worker. times: 100 duration: None concurrency: 1 timeout: 0 cls: method_name: run args: {}
2019-12-20 03:33:56.109 23002 RALLYDEBUG rally.task.runner [-] Starting a worker. times: 100 duration: None concurrency: 1 timeout: 0 cls: method_name: run args: {}
2019-12-20 03:33:56.110 22999 INFO rally.task.runner [-] Task 84746148-888c-473c-b4f6-f4e13c6f4f74 | ITER: 17 START
2019-12-20 03:33:56.112 23003 RALLYDEBUG rally.task.runner [-] Starting a worker. times: 100 duration: None concurrency: 1 timeout: 0 cls: method_name: run args: {}
2019-12-20 03:33:56.113 23002 INFO rally.task.runner [-] Task 84746148-888c-473c-b4f6-f4e13c6f4f74 | ITER: 18 START
2019-12-20 03:33:56.116 23003 INFO rally.task.runner [-] Task 84746148-888c-473c-b4f6-f4e13c6f4f74 | ITER: 19 START
2019-12-20 03:33:56.116 23007 RALLYDEBUG rally.task.runner [-] Starting a worker. times: 100 duration: None concurrency: 1 timeout: 0 cls: method_name: run args: {}
2019-12-20 03:33:56.120 23007 INFO rally.task.runner [-] Task 84746148-888c-473c-b4f6-f4e13c6f4f74 | ITER: 20 START
2019-12-20 03:33:56.968 22961 INFO rally.task.runner [-] Task 84746148-888c-473c-b4f6-f4e13c6f4f74 | ITER: 1 END: OK
2019-12-20 03:33:56.972 22961 INFO rally.task.runner [-] Task 84746148-888c-473c-b4f6-f4e13c6f4f74 | ITER: 21 START
2019-12-20 03:33:57.011 22978 INFO rally.task.runner [-] Task 84746148-888c-473c-b4f6-f4e13c6f4f74 | ITER: 11 END: OK
2019-12-20 03:33:57.015 22978 INFO rally.task.runner [-] Task 84746148-888c-473c-b4f6-f4e13c6f4f74 | ITER: 22 START
2019-12-20 03:33:57.091 22980 INFO rally.task.runner [-] Task 84746148-888c-473c-b4f6-f4e13c6f4f74 | ITER: 12 END: OK
2019-12-20 03:33:57.095 22980 INFO rally.task.runner [-] Task 84746148-888c-473c-b4f6-f4e13c6f4f74 | ITER: 23 START
2019-12-20 03:33:57.123 22962 INFO rally.task.runner [-] Task 84746148-888c-473c-b4f6-f4e13c6f4f74 | ITER: 4 END: OK
2019-12-20 03:33:57.126 22962 INFO rally.task.runner [-] Task 84746148-888c-473c-b4f6-f4e13c6f4f74 | ITER: 24 START
2019-12-20 03:33:57.155 22974 INFO rally.task.runner [-] Task 84746148-888c-473c-b4f6-f4e13c6f4f74 | ITER: 10 END: OK
2019-12-20 03:33:57.158 22974 INFO rally.task.runner [-] Task 84746148-888c-473c-b4f6-f4e13c6f4f74 | ITER: 25 START
2019-12-20 03:33:57.319 23002 INFO rally.task.runner [-] Task 84746148-888c-473c-b4f6-f4e13c6f4f74 | ITER: 18 END: OK
2019-12-20 03:33:57.323 23002 INFO rally.task.runner [-] Task 84746148-888c-473c-b4f6-f4e13c6f4f74 | ITER: 26 START
2019-12-20 03:33:57.338 23003 INFO rally.task.runner [-] Task 84746148-888c-473c-b4f6-f4e13c6f4f74 | ITER: 19 END: OK
2019-12-20 03:33:57.341 23003 INFO rally.task.runner [-] Task 84746148-888c-473c-b4f6-f4e13c6f4f74 | ITER: 27 START
2019-12-20 03:33:57.487 22996 INFO rally.task.runner [-] Task 84746148-888c-473c-b4f6-f4e13c6f4f74 | ITER: 16 END: OK
2019-12-20 03:33:57.487 23007 INFO rally.task.runner [-] Task 84746148-888c-473c-b4f6-f4e13c6f4f74 | ITER: 20 END: OK
2019-12-20 03:33:57.490 22987 INFO rally.task.runner [-] Task 84746148-888c-473c-b4f6-f4e13c6f4f74 | ITER: 13 END: OK
2019-12-20 03:33:57.490 22996 INFO rally.task.runner [-] Task 84746148-888c-473c-b4f6-f4e13c6f4f74 | ITER: 28 START
2019-12-20 03:33:57.491 23007 INFO rally.task.runner [-] Task 84746148-888c-473c-b4f6-f4e13c6f4f74 | ITER: 29 START
2019-12-20 03:33:57.493 22987 INFO rally.task.runner [-] Task 84746148-888c-473c-b4f6-f4e13c6f4f74 | ITER: 30 START
2019-12-20 03:33:57.555 22966 INFO rally.task.runner [-] Task 84746148-888c-473c-b4f6-f4e13c6f4f74 | ITER: 7 END: OK
2019-12-20 03:33:57.559 22966 INFO rally.task.runner [-] Task 84746148-888c-473c-b4f6-f4e13c6f4f74 | ITER: 31 START
2019-12-20 03:33:57.565 22970 INFO rally.task.runner [-] Task 84746148-888c-473c-b4f6-f4e13c6f4f74 | ITER: 9 END: OK
2019-12-20 03:33:57.568 22970 INFO rally.task.runner [-] Task 84746148-888c-473c-b4f6-f4e13c6f4f74 | ITER: 32 START
2019-12-20 03:33:57.597 22993 INFO rally.task.runner [-] Task 84746148-888c-473c-b4f6-f4e13c6f4f74 | ITER: 15 END: OK
2019-12-20 03:33:57.601 22993 INFO rally.task.runner [-] Task 84746148-888c-473c-b4f6-f4e13c6f4f74 | ITER: 33 START
2019-12-20 03:33:57.603 22962 INFO rally.task.runner [-] Task 84746148-888c-473c-b4f6-f4e13c6f4f74 | ITER: 2 END: OK
2019-12-20 03:33:57.606 22962 INFO rally.task.runner [-] Task 84746148-888c-473c-b4f6-f4e13c6f4f74 | ITER: 34 START
2019-12-20 03:33:57.797 22999 INFO rally.task.runner [-] Task 84746148-888c-473c-b4f6-f4e13c6f4f74 | ITER: 17 END: OK
2019-12-20 03:33:57.801 22999 INFO rally.task.runner [-] Task 84746148-888c-473c-b4f6-f4e13c6f4f74 | ITER: 35 START
2019-12-20 03:33:57.832 22978 INFO rally.task.runner [-] Task 84746148-888c-473c-b4f6-f4e13c6f4f74 | ITER: 22 END: OK
2019-12-20 03:33:57.833 22963 INFO rally.task.runner [-] Task 84746148-888c-473c-b4f6-f4e13c6f4f74 | ITER: 6 END: OK
2019-12-20 03:33:57.835 22978 INFO rally.task.runner [-] Task 84746148-888c-473c-b4f6-f4e13c6f4f74 | ITER: 36 START
2019-12-20 03:33:57.836 22963 INFO rally.task.runner [-] Task 84746148-888c-473c-b4f6-f4e13c6f4f74 | ITER: 37 START
2019-12-20 03:33:57.940 22962 INFO rally.task.runner [-] Task 84746148-888c-473c-b4f6-f4e13c6f4f74 | ITER: 24 END: OK
2019-12-20 03:33:57.943 22962 INFO rally.task.runner [-] Task 84746148-888c-473c-b4f6-f4e13c6f4f74 | ITER: 38 START
2019-12-20 03:33:58.078 22961 INFO rally.task.runner [-] Task 84746148-888c-473c-b4f6-f4e13c6f4f74 | ITER: 3 END: OK
2019-12-20 03:33:58.081 22961 INFO rally.task.runner [-] Task 84746148-888c-473c-b4f6-f4e13c6f4f74 | ITER: 39 START
2019-12-20 03:33:58.142 22980 INFO rally.task.runner [-] Task 84746148-888c-473c-b4f6-f4e13c6f4f74 | ITER: 23 END: OK
2019-12-20 03:33:58.145 22980 INFO rally.task.runner [-] Task 84746148-888c-473c-b4f6-f4e13c6f4f74 | ITER: 40 START
2019-12-20 03:33:58.158 22966 INFO rally.task.runner [-] Task 84746148-888c-473c-b4f6-f4e13c6f4f74 | ITER: 8 END: OK
2019-12-20 03:33:58.161 22966 INFO rally.task.runner [-] Task 84746148-888c-473c-b4f6-f4e13c6f4f74 | ITER: 41 START
2019-12-20 03:33:58.259 22963 INFO rally.task.runner [-] Task 84746148-888c-473c-b4f6-f4e13c6f4f74 | ITER: 5 END: OK
2019-12-20 03:33:58.262 22963 INFO rally.task.runner [-] Task 84746148-888c-473c-b4f6-f4e13c6f4f74 | ITER: 42 START
2019-12-20 03:33:58.273 22990 INFO rally.task.runner [-] Task 84746148-888c-473c-b4f6-f4e13c6f4f74 | ITER: 14 END: OK
2019-12-20 03:33:58.277 22990 INFO rally.task.runner [-] Task 84746148-888c-473c-b4f6-f4e13c6f4f74 | ITER: 43 START
2019-12-20 03:33:58.305 23002 INFO rally.task.runner [-] Task 84746148-888c-473c-b4f6-f4e13c6f4f74 | ITER: 26 END: OK
2019-12-20 03:33:58.308 23002 INFO rally.task.runner [-] Task 84746148-888c-473c-b4f6-f4e13c6f4f74 | ITER: 44 START
2019-12-20 03:33:58.418 22961 INFO rally.task.runner [-] Task 84746148-888c-473c-b4f6-f4e13c6f4f74 | ITER: 21 END: OK
2019-12-20 03:33:58.421 22961 INFO rally.task.runner [-] Task 84746148-888c-473c-b4f6-f4e13c6f4f74 | ITER: 45 START
2019-12-20 03:33:58.429 22974 INFO rally.task.runner [-] Task 84746148-888c-473c-b4f6-f4e13c6f4f74 | ITER: 25 END: OK
2019-12-20 03:33:58.432 22974 INFO rally.task.runner [-] Task 84746148-888c-473c-b4f6-f4e13c6f4f74 | ITER: 46 START
2019-12-20 03:33:58.513 22970 INFO rally.task.runner [-] Task 84746148-888c-473c-b4f6-f4e13c6f4f74 | ITER: 32 END: OK
2019-12-20 03:33:58.516 22970 INFO rally.task.runner [-] Task 84746148-888c-473c-b4f6-f4e13c6f4f74 | ITER: 47 START
2019-12-20 03:33:58.616 22993 INFO rally.task.runner [-] Task 84746148-888c-473c-b4f6-f4e13c6f4f74 | ITER: 33 END: OK
2019-12-20 03:33:58.619 22993 INFO rally.task.runner [-] Task 84746148-888c-473c-b4f6-f4e13c6f4f74 | ITER: 48 START
2019-12-20 03:33:58.635 23007 INFO rally.task.runner [-] Task 84746148-888c-473c-b4f6-f4e13c6f4f74 | ITER: 29 END: OK
2019-12-20 03:33:58.638 23007 INFO rally.task.runner [-] Task 84746148-888c-473c-b4f6-f4e13c6f4f74 | ITER: 49 START
2019-12-20 03:33:58.738 23003 INFO rally.task.runner [-] Task 84746148-888c-473c-b4f6-f4e13c6f4f74 | ITER: 27 END: OK
2019-12-20 03:33:58.742 23003 INFO rally.task.runner [-] Task 84746148-888c-473c-b4f6-f4e13c6f4f74 | ITER: 50 START
2019-12-20 03:33:58.750 22966 INFO rally.task.runner [-] Task 84746148-888c-473c-b4f6-f4e13c6f4f74 | ITER: 31 END: OK
2019-12-20 03:33:58.753 22966 INFO rally.task.runner [-] Task 84746148-888c-473c-b4f6-f4e13c6f4f74 | ITER: 51 START
2019-12-20 03:33:58.767 22996 INFO rally.task.runner [-] Task 84746148-888c-473c-b4f6-f4e13c6f4f74 | ITER: 28 END: OK
2019-12-20 03:33:58.771 22996 INFO rally.task.runner [-] Task 84746148-888c-473c-b4f6-f4e13c6f4f74 | ITER: 52 START
2019-12-20 03:33:58.792 22962 INFO rally.task.runner [-] Task 84746148-888c-473c-b4f6-f4e13c6f4f74 | ITER: 34 END: OK
2019-12-20 03:33:58.795 22962 INFO rally.task.runner [-] Task 84746148-888c-473c-b4f6-f4e13c6f4f74 | ITER: 53 START
2019-12-20 03:33:58.820 22999 INFO rally.task.runner [-] Task 84746148-888c-473c-b4f6-f4e13c6f4f74 | ITER: 35 END: OK
2019-12-20 03:33:58.823 22999 INFO rally.task.runner [-] Task 84746148-888c-473c-b4f6-f4e13c6f4f74 | ITER: 54 START
2019-12-20 03:33:58.898 22978 INFO rally.task.runner [-] Task 84746148-888c-473c-b4f6-f4e13c6f4f74 | ITER: 36 END: OK
2019-12-20 03:33:58.901 22978 INFO rally.task.runner [-] Task 84746148-888c-473c-b4f6-f4e13c6f4f74 | ITER: 55 START
2019-12-20 03:33:58.937 22987 INFO rally.task.runner [-] Task 84746148-888c-473c-b4f6-f4e13c6f4f74 | ITER: 30 END: OK
2019-12-20 03:33:58.940 22987 INFO rally.task.runner [-] Task 84746148-888c-473c-b4f6-f4e13c6f4f74 | ITER: 56 START
2019-12-20 03:33:59.052 22962 INFO rally.task.runner [-] Task 84746148-888c-473c-b4f6-f4e13c6f4f74 | ITER: 38 END: OK
2019-12-20 03:33:59.055 22962 INFO rally.task.runner [-] Task 84746148-888c-473c-b4f6-f4e13c6f4f74 | ITER: 57 START
2019-12-20 03:33:59.106 22961 INFO rally.task.runner [-] Task 84746148-888c-473c-b4f6-f4e13c6f4f74 | ITER: 39 END: OK
2019-12-20 03:33:59.109 22961 INFO rally.task.runner [-] Task 84746148-888c-473c-b4f6-f4e13c6f4f74 | ITER: 58 START
2019-12-20 03:33:59.384 22963 INFO rally.task.runner [-] Task 84746148-888c-473c-b4f6-f4e13c6f4f74 | ITER: 42 END: OK
2019-12-20 03:33:59.386 22963 INFO rally.task.runner [-] Task 84746148-888c-473c-b4f6-f4e13c6f4f74 | ITER: 59 START
2019-12-20 03:33:59.399 23002 INFO rally.task.runner [-] Task 84746148-888c-473c-b4f6-f4e13c6f4f74 | ITER: 44 END: OK
2019-12-20 03:33:59.402 23002 INFO rally.task.runner [-] Task 84746148-888c-473c-b4f6-f4e13c6f4f74 | ITER: 60 START
2019-12-20 03:33:59.492 22990 INFO rally.task.runner [-] Task 84746148-888c-473c-b4f6-f4e13c6f4f74 | ITER: 43 END: OK
2019-12-20 03:33:59.495 22990 INFO rally.task.runner [-] Task 84746148-888c-473c-b4f6-f4e13c6f4f74 | ITER: 61 START
2019-12-20 03:33:59.500 22970 INFO rally.task.runner [-] Task 84746148-888c-473c-b4f6-f4e13c6f4f74 | ITER: 47 END: OK
2019-12-20 03:33:59.503 22970 INFO rally.task.runner [-] Task 84746148-888c-473c-b4f6-f4e13c6f4f74 | ITER: 62 START
2019-12-20 03:33:59.553 22980 INFO rally.task.runner [-] Task 84746148-888c-473c-b4f6-f4e13c6f4f74 | ITER: 40 END: OK
2019-12-20 03:33:59.556 22980 INFO rally.task.runner [-] Task 84746148-888c-473c-b4f6-f4e13c6f4f74 | ITER: 63 START
2019-12-20 03:33:59.572 22966 INFO rally.task.runner [-] Task 84746148-888c-473c-b4f6-f4e13c6f4f74 | ITER: 41 END: OK
2019-12-20 03:33:59.575 22966 INFO rally.task.runner [-] Task 84746148-888c-473c-b4f6-f4e13c6f4f74 | ITER: 64 START
2019-12-20 03:33:59.693 22974 INFO rally.task.runner [-] Task 84746148-888c-473c-b4f6-f4e13c6f4f74 | ITER: 46 END: OK
2019-12-20 03:33:59.696 22974 INFO rally.task.runner [-] Task 84746148-888c-473c-b4f6-f4e13c6f4f74 | ITER: 65 START
2019-12-20 03:33:59.761 22962 INFO rally.task.runner [-] Task 84746148-888c-473c-b4f6-f4e13c6f4f74 | ITER: 53 END: OK
2019-12-20 03:33:59.764 22962 INFO rally.task.runner [-] Task 84746148-888c-473c-b4f6-f4e13c6f4f74 | ITER: 66 START
2019-12-20 03:33:59.892 22961 INFO rally.task.runner [-] Task 84746148-888c-473c-b4f6-f4e13c6f4f74 | ITER: 45 END: OK
2019-12-20 03:33:59.895 22961 INFO rally.task.runner [-] Task 84746148-888c-473c-b4f6-f4e13c6f4f74 | ITER: 67 START
2019-12-20 03:33:59.977 22993 INFO rally.task.runner [-] Task 84746148-888c-473c-b4f6-f4e13c6f4f74 | ITER: 48 END: OK
2019-12-20 03:33:59.980 22993 INFO rally.task.runner [-] Task 84746148-888c-473c-b4f6-f4e13c6f4f74 | ITER: 68 START
2019-12-20 03:34:00.030 22978 INFO rally.task.runner [-] Task 84746148-888c-473c-b4f6-f4e13c6f4f74 | ITER: 55 END: OK
2019-12-20 03:34:00.034 22978 INFO rally.task.runner [-] Task 84746148-888c-473c-b4f6-f4e13c6f4f74 | ITER: 69 START
2019-12-20 03:34:00.069 23007 INFO rally.task.runner [-] Task 84746148-888c-473c-b4f6-f4e13c6f4f74 | ITER: 49 END: OK
2019-12-20 03:34:00.071 22987 INFO rally.task.runner [-] Task 84746148-888c-473c-b4f6-f4e13c6f4f74 | ITER: 56 END: OK
2019-12-20 03:34:00.072 23007 INFO rally.task.runner [-] Task 84746148-888c-473c-b4f6-f4e13c6f4f74 | ITER: 70 START
2019-12-20 03:34:00.074 22987 INFO rally.task.runner [-] Task 84746148-888c-473c-b4f6-f4e13c6f4f74 | ITER: 71 START
2019-12-20 03:34:00.226 22963 INFO rally.task.runner [-] Task 84746148-888c-473c-b4f6-f4e13c6f4f74 | ITER: 37 END: OK
2019-12-20 03:34:00.231 22963 INFO rally.task.runner [-] Task 84746148-888c-473c-b4f6-f4e13c6f4f74 | ITER: 72 START
2019-12-20 03:34:00.244 22999 INFO rally.task.runner [-] Task 84746148-888c-473c-b4f6-f4e13c6f4f74 | ITER: 54 END: OK
2019-12-20 03:34:00.247 22999 INFO rally.task.runner [-] Task 84746148-888c-473c-b4f6-f4e13c6f4f74 | ITER: 73 START
2019-12-20 03:34:00.256 22996 INFO rally.task.runner [-] Task 84746148-888c-473c-b4f6-f4e13c6f4f74 | ITER: 52 END: OK
2019-12-20 03:34:00.259 22996 INFO rally.task.runner [-] Task 84746148-888c-473c-b4f6-f4e13c6f4f74 | ITER: 74 START
2019-12-20 03:34:00.392 22961 INFO rally.task.runner [-] Task 84746148-888c-473c-b4f6-f4e13c6f4f74 | ITER: 58 END: OK
2019-12-20 03:34:00.395 22961 INFO rally.task.runner [-] Task 84746148-888c-473c-b4f6-f4e13c6f4f74 | ITER: 75 START
2019-12-20 03:34:00.549 22990 INFO rally.task.runner [-] Task 84746148-888c-473c-b4f6-f4e13c6f4f74 | ITER: 61 END: OK
2019-12-20 03:34:00.552 22990 INFO rally.task.runner [-] Task 84746148-888c-473c-b4f6-f4e13c6f4f74 | ITER: 76 START
2019-12-20 03:34:00.611 22970 INFO rally.task.runner [-] Task 84746148-888c-473c-b4f6-f4e13c6f4f74 | ITER: 62 END: OK
2019-12-20 03:34:00.614 22970 INFO rally.task.runner [-] Task 84746148-888c-473c-b4f6-f4e13c6f4f74 | ITER: 77 START
2019-12-20 03:34:00.822 22962 INFO rally.task.runner [-] Task 84746148-888c-473c-b4f6-f4e13c6f4f74 | ITER: 57 END: OK
2019-12-20 03:34:00.825 22962 INFO rally.task.runner [-] Task 84746148-888c-473c-b4f6-f4e13c6f4f74 | ITER: 78 START
2019-12-20 03:34:00.826 22974 INFO rally.task.runner [-] Task 84746148-888c-473c-b4f6-f4e13c6f4f74 | ITER: 65 END: OK
2019-12-20 03:34:00.829 22974 INFO rally.task.runner [-] Task 84746148-888c-473c-b4f6-f4e13c6f4f74 | ITER: 79 START
2019-12-20 03:34:00.830 23002 INFO rally.task.runner [-] Task 84746148-888c-473c-b4f6-f4e13c6f4f74 | ITER: 60 END: OK
2019-12-20 03:34:00.831 23003 INFO rally.task.runner [-] Task 84746148-888c-473c-b4f6-f4e13c6f4f74 | ITER: 50 END: OK
2019-12-20 03:34:00.831 22963 INFO rally.task.runner [-] Task 84746148-888c-473c-b4f6-f4e13c6f4f74 | ITER: 59 END: OK
2019-12-20 03:34:00.833 23002 INFO rally.task.runner [-] Task 84746148-888c-473c-b4f6-f4e13c6f4f74 | ITER: 80 START
2019-12-20 03:34:00.833 23003 INFO rally.task.runner [-] Task 84746148-888c-473c-b4f6-f4e13c6f4f74 | ITER: 81 START
2019-12-20 03:34:00.835 22963 INFO rally.task.runner [-] Task 84746148-888c-473c-b4f6-f4e13c6f4f74 | ITER: 82 START
2019-12-20 03:34:01.017 22962 INFO rally.task.runner [-] Task 84746148-888c-473c-b4f6-f4e13c6f4f74 | ITER: 66 END: OK
2019-12-20 03:34:01.020 22962 INFO rally.task.runner [-] Task 84746148-888c-473c-b4f6-f4e13c6f4f74 | ITER: 83 START
2019-12-20 03:34:01.102 22961 INFO rally.task.runner [-] Task 84746148-888c-473c-b4f6-f4e13c6f4f74 | ITER: 67 END: OK
2019-12-20 03:34:01.105 22961 INFO rally.task.runner [-] Task 84746148-888c-473c-b4f6-f4e13c6f4f74 | ITER: 84 START
2019-12-20 03:34:01.226 22993 INFO rally.task.runner [-] Task 84746148-888c-473c-b4f6-f4e13c6f4f74 | ITER: 68 END: OK
2019-12-20 03:34:01.228 22993 INFO rally.task.runner [-] Task 84746148-888c-473c-b4f6-f4e13c6f4f74 | ITER: 85 START
2019-12-20 03:34:01.265 22978 INFO rally.task.runner [-] Task 84746148-888c-473c-b4f6-f4e13c6f4f74 | ITER: 69 END: OK
2019-12-20 03:34:01.268 22978 INFO rally.task.runner [-] Task 84746148-888c-473c-b4f6-f4e13c6f4f74 | ITER: 86 START
2019-12-20 03:34:01.301 22980 INFO rally.task.runner [-] Task 84746148-888c-473c-b4f6-f4e13c6f4f74 | ITER: 63 END: OK
2019-12-20 03:34:01.302 22966 INFO rally.task.runner [-] Task 84746148-888c-473c-b4f6-f4e13c6f4f74 | ITER: 51 END: OK
2019-12-20 03:34:01.303 22980 INFO rally.task.runner [-] Task 84746148-888c-473c-b4f6-f4e13c6f4f74 | ITER: 87 START
2019-12-20 03:34:01.305 22966 INFO rally.task.runner [-] Task 84746148-888c-473c-b4f6-f4e13c6f4f74 | ITER: 88 START
2019-12-20 03:34:01.432 22996 INFO rally.task.runner [-] Task 84746148-888c-473c-b4f6-f4e13c6f4f74 | ITER: 74 END: OK
2019-12-20 03:34:01.434 22996 INFO rally.task.runner [-] Task 84746148-888c-473c-b4f6-f4e13c6f4f74 | ITER: 89 START
2019-12-20 03:34:01.467 22999 INFO rally.task.runner [-] Task 84746148-888c-473c-b4f6-f4e13c6f4f74 | ITER: 73 END: OK
2019-12-20 03:34:01.470 22999 INFO rally.task.runner [-] Task 84746148-888c-473c-b4f6-f4e13c6f4f74 | ITER: 90 START
2019-12-20 03:34:01.614 22987 INFO rally.task.runner [-] Task 84746148-888c-473c-b4f6-f4e13c6f4f74 | ITER: 71 END: OK
2019-12-20 03:34:01.617 22987 INFO rally.task.runner [-] Task 84746148-888c-473c-b4f6-f4e13c6f4f74 | ITER: 91 START
2019-12-20 03:34:01.639 22966 INFO rally.task.runner [-] Task 84746148-888c-473c-b4f6-f4e13c6f4f74 | ITER: 64 END: OK
2019-12-20 03:34:01.642 22966 INFO rally.task.runner [-] Task 84746148-888c-473c-b4f6-f4e13c6f4f74 | ITER: 92 START
2019-12-20 03:34:01.667 23007 INFO rally.task.runner [-] Task 84746148-888c-473c-b4f6-f4e13c6f4f74 | ITER: 70 END: OK
2019-12-20 03:34:01.670 23007 INFO rally.task.runner [-] Task 84746148-888c-473c-b4f6-f4e13c6f4f74 | ITER: 93 START
2019-12-20 03:34:01.976 22961 INFO rally.task.runner [-] Task 84746148-888c-473c-b4f6-f4e13c6f4f74 | ITER: 75 END: OK
2019-12-20 03:34:01.979 22961 INFO rally.task.runner [-] Task 84746148-888c-473c-b4f6-f4e13c6f4f74 | ITER: 94 START
2019-12-20 03:34:01.980 22970 INFO rally.task.runner [-] Task 84746148-888c-473c-b4f6-f4e13c6f4f74 | ITER: 77 END: OK
2019-12-20 03:34:01.983 22970 INFO rally.task.runner [-] Task 84746148-888c-473c-b4f6-f4e13c6f4f74 | ITER: 95 START
2019-12-20 03:34:02.001 22990 INFO rally.task.runner [-] Task 84746148-888c-473c-b4f6-f4e13c6f4f74 | ITER: 76 END: OK
2019-12-20 03:34:02.003 22990 INFO rally.task.runner [-] Task 84746148-888c-473c-b4f6-f4e13c6f4f74 | ITER: 96 START
2019-12-20 03:34:02.194 22963 INFO rally.task.runner [-] Task 84746148-888c-473c-b4f6-f4e13c6f4f74 | ITER: 72 END: OK
2019-12-20 03:34:02.197 22963 INFO rally.task.runner [-] Task 84746148-888c-473c-b4f6-f4e13c6f4f74 | ITER: 97 START
2019-12-20 03:34:02.229 23002 INFO rally.task.runner [-] Task 84746148-888c-473c-b4f6-f4e13c6f4f74 | ITER: 80 END: OK
2019-12-20 03:34:02.232 23002 INFO rally.task.runner [-] Task 84746148-888c-473c-b4f6-f4e13c6f4f74 | ITER: 98 START
2019-12-20 03:34:02.337 22974 INFO rally.task.runner [-] Task 84746148-888c-473c-b4f6-f4e13c6f4f74 | ITER: 79 END: OK
2019-12-20 03:34:02.341 22974 INFO rally.task.runner [-] Task 84746148-888c-473c-b4f6-f4e13c6f4f74 | ITER: 99 START
2019-12-20 03:34:02.426 22962 INFO rally.task.runner [-] Task 84746148-888c-473c-b4f6-f4e13c6f4f74 | ITER: 83 END: OK
2019-12-20 03:34:02.429 22962 INFO rally.task.runner [-] Task 84746148-888c-473c-b4f6-f4e13c6f4f74 | ITER: 100 START
2019-12-20 03:34:02.560 22961 INFO rally.task.runner [-] Task 84746148-888c-473c-b4f6-f4e13c6f4f74 | ITER: 84 END: OK
2019-12-20 03:34:02.630 22978 INFO rally.task.runner [-] Task 84746148-888c-473c-b4f6-f4e13c6f4f74 | ITER: 86 END: OK
2019-12-20 03:34:02.737 22962 INFO rally.task.runner [-] Task 84746148-888c-473c-b4f6-f4e13c6f4f74 | ITER: 78 END: OK
2019-12-20 03:34:02.828 22993 INFO rally.task.runner [-] Task 84746148-888c-473c-b4f6-f4e13c6f4f74 | ITER: 85 END: OK
2019-12-20 03:34:02.838 22996 INFO rally.task.runner [-] Task 84746148-888c-473c-b4f6-f4e13c6f4f74 | ITER: 89 END: OK
2019-12-20 03:34:02.871 22966 INFO rally.task.runner [-] Task 84746148-888c-473c-b4f6-f4e13c6f4f74 | ITER: 92 END: OK
2019-12-20 03:34:02.912 22963 INFO rally.task.runner [-] Task 84746148-888c-473c-b4f6-f4e13c6f4f74 | ITER: 82 END: OK
2019-12-20 03:34:02.915 23003 INFO rally.task.runner [-] Task 84746148-888c-473c-b4f6-f4e13c6f4f74 | ITER: 81 END: OK
2019-12-20 03:34:03.057 22999 INFO rally.task.runner [-] Task 84746148-888c-473c-b4f6-f4e13c6f4f74 | ITER: 90 END: OK
2019-12-20 03:34:03.059 22970 INFO rally.task.runner [-] Task 84746148-888c-473c-b4f6-f4e13c6f4f74 | ITER: 95 END: OK
2019-12-20 03:34:03.059 23007 INFO rally.task.runner [-] Task 84746148-888c-473c-b4f6-f4e13c6f4f74 | ITER: 93 END: OK
2019-12-20 03:34:03.061 22980 INFO rally.task.runner [-] Task 84746148-888c-473c-b4f6-f4e13c6f4f74 | ITER: 87 END: OK
2019-12-20 03:34:03.067 22987 INFO rally.task.runner [-] Task 84746148-888c-473c-b4f6-f4e13c6f4f74 | ITER: 91 END: OK
2019-12-20 03:34:03.109 22990 INFO rally.task.runner [-] Task 84746148-888c-473c-b4f6-f4e13c6f4f74 | ITER: 96 END: OK
2019-12-20 03:34:03.153 22966 INFO rally.task.runner [-] Task 84746148-888c-473c-b4f6-f4e13c6f4f74 | ITER: 88 END: OK
2019-12-20 03:34:03.269 23002 INFO rally.task.runner [-] Task 84746148-888c-473c-b4f6-f4e13c6f4f74 | ITER: 98 END: OK
2019-12-20 03:34:03.269 22963 INFO rally.task.runner [-] Task 84746148-888c-473c-b4f6-f4e13c6f4f74 | ITER: 97 END: OK
2019-12-20 03:34:03.514 22974 INFO rally.task.runner [-] Task 84746148-888c-473c-b4f6-f4e13c6f4f74 | ITER: 99 END: OK
2019-12-20 03:34:03.578 22961 INFO rally.task.runner [-] Task 84746148-888c-473c-b4f6-f4e13c6f4f74 | ITER: 94 END: OK
2019-12-20 03:34:03.599 22962 INFO rally.task.runner [-] Task 84746148-888c-473c-b4f6-f4e13c6f4f74 | ITER: 100 END: OK
2019-12-20 03:34:03.629 22837 INFO rally.task.context [-] Task 84746148-888c-473c-b4f6-f4e13c6f4f74 | Context cleanup@openstack cleanup() started
2019-12-20 03:34:03.632 22837 RALLYDEBUG rally_openstack.cleanup.manager [-] Cleaning up neutron vip objects
2019-12-20 03:34:04.009 22837 RALLYDEBUG rally_openstack.cleanup.manager [-] Cleaning up neutron health_monitor objects
2019-12-20 03:34:04.395 22837 RALLYDEBUG rally_openstack.cleanup.manager [-] Cleaning up neutron pool objects
2019-12-20 03:34:04.769 22837 RALLYDEBUG rally_openstack.cleanup.manager [-] Cleaning up neutron loadbalancer objects
2019-12-20 03:34:05.136 22837 RALLYDEBUG rally_openstack.cleanup.manager [-] Cleaning up neutron floatingip objects
2019-12-20 03:34:05.560 22837 RALLYDEBUG rally_openstack.cleanup.manager [-] Cleaning up neutron trunk objects
2019-12-20 03:34:05.958 22837 RALLYDEBUG rally_openstack.cleanup.manager [-] Cleaning up neutron port objects
2019-12-20 03:34:06.358 22837 RALLYDEBUG rally_openstack.cleanup.manager [-] Cleaning up neutron subnet objects
2019-12-20 03:34:06.769 22837 RALLYDEBUG rally_openstack.cleanup.manager [-] Cleaning up neutron network objects
2019-12-20 03:34:07.488 22837 RALLYDEBUG rally_openstack.cleanup.manager [-] Deleting neutron.network object s_rally_4b4e2a71_0ncVboFL (0064f3cb-17c1-4eaa-8bb3-529c768067bf)
2019-12-20 03:34:07.497 22837 RALLYDEBUG rally_openstack.cleanup.manager [-] Deleting neutron.network object s_rally_4b4e2a71_zwjiquZt (03357eab-86c4-48b7-b49f-75efad053f89)
2019-12-20 03:34:07.506 22837 RALLYDEBUG rally_openstack.cleanup.manager [-] Deleting neutron.network object s_rally_4b4e2a71_nXIo4etJ (048bba05-0ac1-4beb-a48c-c359e50799c2)
2019-12-20 03:34:07.515 22837 RALLYDEBUG rally_openstack.cleanup.manager [-] Deleting neutron.network object s_rally_4b4e2a71_KrHIvXqz (06bee0dd-b3ad-4dcd-b145-f8be566ce80e)
2019-12-20 03:34:07.526 22837 RALLYDEBUG rally_openstack.cleanup.manager [-] Deleting neutron.network object s_rally_4b4e2a71_UFmGCPkL (0dbf85d2-d843-493b-aafe-672c0d39d98d)
2019-12-20 03:34:07.539 22837 RALLYDEBUG rally_openstack.cleanup.manager [-] Deleting neutron.network object s_rally_4b4e2a71_JWEBUbGv (0df63301-944f-4ec9-918a-6175436387ed)
2019-12-20 03:34:07.553 22837 RALLYDEBUG rally_openstack.cleanup.manager [-] Deleting neutron.network object s_rally_4b4e2a71_A6231BOE (0e53f1c5-4cd4-4a8b-b05a-bcbd4767cbfa)
2019-12-20 03:34:07.558 22837 RALLYDEBUG rally_openstack.cleanup.manager [-] Deleting neutron.network object s_rally_4b4e2a71_2mnQWoRt (1062df62-ebbd-40ff-902c-3b529cc6cab0)
2019-12-20 03:34:07.568 22837 RALLYDEBUG rally_openstack.cleanup.manager [-] Deleting neutron.network object s_rally_4b4e2a71_dpMja1Ic (11163431-d1f5-4f8e-b45b-8bd842d00f70)
2019-12-20 03:34:07.596 22837 RALLYDEBUG rally_openstack.cleanup.manager [-] Deleting neutron.network object s_rally_4b4e2a71_57p7wivq (11d853f2-43e3-4b9c-abc0-be72721dd75c)
2019-12-20 03:34:07.603 22837 RALLYDEBUG rally_openstack.cleanup.manager [-] Deleting neutron.network object s_rally_4b4e2a71_1UKoH0xE (1dd6d2a9-1c83-463b-9880-44756ec45e44)
2019-12-20 03:34:07.614 22837 RALLYDEBUG rally_openstack.cleanup.manager [-] Deleting neutron.network object s_rally_4b4e2a71_5kEDK3bi (1e64d4c5-78e0-4d6c-a56a-ad84e8128f2b)
2019-12-20 03:34:07.625 22837 RALLYDEBUG rally_openstack.cleanup.manager [-] Deleting neutron.network object s_rally_4b4e2a71_y4lmqbop (1eaddb3b-85f6-428e-9c72-6da254062cd4)
2019-12-20 03:34:07.631 22837 RALLYDEBUG rally_openstack.cleanup.manager [-] Deleting neutron.network object s_rally_4b4e2a71_V7ycZYep (1eee5d8a-2cc3-43ea-bf02-321d9bcfb08c)
2019-12-20 03:34:07.636 22837 RALLYDEBUG rally_openstack.cleanup.manager [-] Deleting neutron.network object s_rally_4b4e2a71_74e9AWZR (201cabd9-fe2d-416b-bbda-85f550f6980f)
2019-12-20 03:34:07.645 22837 RALLYDEBUG rally_openstack.cleanup.manager [-] Deleting neutron.network object s_rally_4b4e2a71_z48FuIWU (261aa8da-c9da-4a6b-8094-e93dbc1f8fa4)
2019-12-20 03:34:07.650 22837 RALLYDEBUG rally_openstack.cleanup.manager [-] Deleting neutron.network object s_rally_4b4e2a71_tCAy7dqy (2b48dfb7-f1ac-479f-b893-097f6042e86b)
2019-12-20 03:34:07.665 22837 RALLYDEBUG rally_openstack.cleanup.manager [-] Deleting neutron.network object s_rally_4b4e2a71_JgJvixfc (2f16542d-bf1b-47dd-a97e-549bf6dc0e03)
2019-12-20 03:34:07.672 22837 RALLYDEBUG rally_openstack.cleanup.manager [-] Deleting neutron.network object s_rally_4b4e2a71_loBhomZm (2fbb6186-5025-4a3e-8b7e-2996af5a913e)
2019-12-20 03:34:07.684 22837 RALLYDEBUG rally_openstack.cleanup.manager [-] Deleting neutron.network object s_rally_4b4e2a71_Ox8aHyVX (31e0cf54-9b15-43bc-99a3-2616390a3c7a)
2019-12-20 03:34:09.463 22837 RALLYDEBUG rally_openstack.cleanup.manager [-] Deleting neutron.network object s_rally_4b4e2a71_47ae3Y2F (3268271b-ebb6-41c3-8e4d-5b05ee0926a3)
2019-12-20 03:34:09.753 22837 RALLYDEBUG rally_openstack.cleanup.manager [-] Deleting neutron.network object s_rally_4b4e2a71_QUMOHT8R (33f68d4f-4d36-4b41-8efc-938db8544b72)
2019-12-20 03:34:09.931 22837 RALLYDEBUG rally_openstack.cleanup.manager [-] Deleting neutron.network object s_rally_4b4e2a71_AEClUk7q (36d3c80c-e00d-43cf-847b-c81cf30955ba)
2019-12-20 03:34:09.940 22837 RALLYDEBUG rally_openstack.cleanup.manager [-] Deleting neutron.network object s_rally_4b4e2a71_V40UJzDn (37db2138-ea4b-4b69-8bbc-0e3458a15771)
2019-12-20 03:34:09.973 22837 RALLYDEBUG rally_openstack.cleanup.manager [-] Deleting neutron.network object s_rally_4b4e2a71_JaRp0QZC (38c2ed18-77eb-43b9-b2f8-dfc62230f166)
2019-12-20 03:34:10.031 22837 RALLYDEBUG rally_openstack.cleanup.manager [-] Deleting neutron.network object s_rally_4b4e2a71_ccuYxCiE (3f04450e-4969-4af0-b853-1d689d946f82)
2019-12-20 03:34:10.040 22837 RALLYDEBUG rally_openstack.cleanup.manager [-] Deleting neutron.network object s_rally_4b4e2a71_OoAaNJtf (42ec09d6-0699-4fa5-8a65-0c403ab3d4de)
2019-12-20 03:34:10.053 22837 RALLYDEBUG rally_openstack.cleanup.manager [-] Deleting neutron.network object s_rally_4b4e2a71_10SGOhsG (4bb6ad47-cfbe-4727-bece-597880b1cee3)
2019-12-20 03:34:10.073 22837 RALLYDEBUG rally_openstack.cleanup.manager [-] Deleting neutron.network object s_rally_4b4e2a71_yyPUXRDX (4bd472d4-f53a-4670-8b52-3bf9babdd797)
2019-12-20 03:34:10.085 22837 RALLYDEBUG rally_openstack.cleanup.manager [-] Deleting neutron.network object s_rally_4b4e2a71_errdzGyX (4cdb0cec-9550-40fa-a75d-c044a08a8d62)
2019-12-20 03:34:10.192 22837 RALLYDEBUG rally_openstack.cleanup.manager [-] Deleting neutron.network object s_rally_4b4e2a71_z50YNmIO (4df849bb-d6eb-4d78-b294-0187e9c0b7cc)
2019-12-20 03:34:10.245 22837 RALLYDEBUG rally_openstack.cleanup.manager [-] Deleting neutron.network object s_rally_4b4e2a71_4ZFYo1Wb (526ef6dd-b941-4849-b45f-037233a86aa4)
2019-12-20 03:34:10.255 22837 RALLYDEBUG rally_openstack.cleanup.manager [-] Deleting neutron.network object s_rally_4b4e2a71_lVJFJsAT (55e3c8a6-4c44-49a5-b36d-5006f757ab76)
2019-12-20 03:34:10.299 22837 RALLYDEBUG rally_openstack.cleanup.manager [-] Deleting neutron.network object s_rally_4b4e2a71_8IGVA00F (56614c62-b8f2-4f68-a91f-0525cee2953c)
2019-12-20 03:34:10.310 22837 RALLYDEBUG rally_openstack.cleanup.manager [-] Deleting neutron.network object s_rally_4b4e2a71_7Llx4Pmd (56c2b831-6ee2-47b9-a28e-eeee882e1992)
2019-12-20 03:34:10.386 22837 RALLYDEBUG rally_openstack.cleanup.manager [-] Deleting neutron.network object s_rally_4b4e2a71_neN3wkpr (5ac753d2-42df-4018-adc8-1e719fba3c63)
2019-12-20 03:34:10.402 22837 RALLYDEBUG rally_openstack.cleanup.manager [-] Deleting neutron.network object s_rally_4b4e2a71_oYn3EXac (5b02267b-f0ed-4b8d-b7d2-841c0577a042)
2019-12-20 03:34:10.471 22837 RALLYDEBUG rally_openstack.cleanup.manager [-] Deleting neutron.network object s_rally_4b4e2a71_re0vUkYg (5e1283bd-8bff-4b87-a489-e22f4cd428f4)
2019-12-20 03:34:10.512 22837 RALLYDEBUG rally_openstack.cleanup.manager [-] Deleting neutron.network object s_rally_4b4e2a71_OGn8fU7Z (63284036-5028-47c8-ad52-59b64e5d3cfd)
2019-12-20 03:34:10.761 22837 RALLYDEBUG rally_openstack.cleanup.manager [-] Deleting neutron.network object s_rally_4b4e2a71_05mq0Zej (660505ca-c562-4f69-966f-2e2f2b398d4c)
2019-12-20 03:34:11.741 22837 RALLYDEBUG rally_openstack.cleanup.manager [-] Deleting neutron.network object s_rally_4b4e2a71_1J7AYGq1 (677b317b-03b0-4791-9451-f137c021101f)
2019-12-20 03:34:11.791 22837 RALLYDEBUG rally_openstack.cleanup.manager [-] Deleting neutron.network object s_rally_4b4e2a71_RA1i0Mr1 (6e363ab0-5962-43a8-9bcb-80a9bd718b7a)
2019-12-20 03:34:12.009 22837 RALLYDEBUG rally_openstack.cleanup.manager [-] Deleting neutron.network object s_rally_4b4e2a71_iFODSQ0W (735af863-123b-4c5a-804c-1d5f4a3ec914)
2019-12-20 03:34:12.117 22837 RALLYDEBUG rally_openstack.cleanup.manager [-] Deleting neutron.network object s_rally_4b4e2a71_ZgsV2q9D (749b22a1-cf12-4ab6-978b-7173436cee7a)
2019-12-20 03:34:12.246 22837 RALLYDEBUG rally_openstack.cleanup.manager [-] Deleting neutron.network object s_rally_4b4e2a71_elv1JSAC (7530ff6f-efe8-44e9-8cc6-5dbe8f7e11e8)
2019-12-20 03:34:12.305 22837 RALLYDEBUG rally_openstack.cleanup.manager [-] Deleting neutron.network object s_rally_4b4e2a71_tv5EB7S1 (7979c203-01c8-4e9f-885e-78592187d25d)
2019-12-20 03:34:12.316 22837 RALLYDEBUG rally_openstack.cleanup.manager [-] Deleting neutron.network object s_rally_4b4e2a71_W1tH4iQM (7a1cea67-bb87-424f-98e5-683d03306669)
2019-12-20 03:34:12.338 22837 RALLYDEBUG rally_openstack.cleanup.manager [-] Deleting neutron.network object s_rally_4b4e2a71_ixtDADVw (7ccf203f-447a-43a5-a3a0-ab00c2f1b248)
2019-12-20 03:34:12.369 22837 RALLYDEBUG rally_openstack.cleanup.manager [-] Deleting neutron.network object s_rally_4b4e2a71_M4jWT5Hn (7d9b1cfa-bde8-49e3-91b6-8ed22eafdc76)
2019-12-20 03:34:12.396 22837 RALLYDEBUG rally_openstack.cleanup.manager [-] Deleting neutron.network object s_rally_4b4e2a71_UqkrvGpt (7ea95f73-5a47-4c8f-b0c1-749003cc02e9)
2019-12-20 03:34:12.507 22837 RALLYDEBUG rally_openstack.cleanup.manager [-] Deleting neutron.network object s_rally_4b4e2a71_r26Wzynz (7ec1e0d9-e12a-4d9b-a214-a1db4d71efa4)
2019-12-20 03:34:12.603 22837 RALLYDEBUG rally_openstack.cleanup.manager [-] Deleting neutron.network object s_rally_4b4e2a71_PjfgVNAA (7f122c08-eb77-48c0-8ee6-fba5b0926f79)
2019-12-20 03:34:12.660 22837 RALLYDEBUG rally_openstack.cleanup.manager [-] Deleting neutron.network object s_rally_4b4e2a71_uA9a6IiF (7fac5bef-c790-49b8-af09-72116c727238)
2019-12-20 03:34:12.703 22837 RALLYDEBUG rally_openstack.cleanup.manager [-] Deleting neutron.network object s_rally_4b4e2a71_CGabn31z (801334a5-2de9-4b98-99c1-d8de02bd853c)
2019-12-20 03:34:12.901 22837 RALLYDEBUG rally_openstack.cleanup.manager [-] Deleting neutron.network object s_rally_4b4e2a71_51YV4m86 (846ae1e4-d1d0-460b-86cf-88c743d2a385)
2019-12-20 03:34:12.928 22837 RALLYDEBUG rally_openstack.cleanup.manager [-] Deleting neutron.network object s_rally_4b4e2a71_opQ7dThu (85da31d5-9e18-491d-8600-a86d0b6ed38b)
2019-12-20 03:34:13.077 22837 RALLYDEBUG rally_openstack.cleanup.manager [-] Deleting neutron.network object s_rally_4b4e2a71_ZJJ5L675 (87284fcd-9997-4c19-afc9-b8f10888be41)
2019-12-20 03:34:13.260 22837 RALLYDEBUG rally_openstack.cleanup.manager [-] Deleting neutron.network object s_rally_4b4e2a71_8xtTdipH (8744f367-2f42-4208-9657-80d7e7360217)
2019-12-20 03:34:13.278 22837 RALLYDEBUG rally_openstack.cleanup.manager [-] Deleting neutron.network object s_rally_4b4e2a71_1LToidfr (88936148-cfc4-42c3-872a-609ef35a0569)
2019-12-20 03:34:13.281 22837 RALLYDEBUG rally_openstack.cleanup.manager [-] Deleting neutron.network object s_rally_4b4e2a71_PTojb6Sp (8d3ceef4-ffd3-474f-ac54-ce605a2eaba6)
2019-12-20 03:34:13.591 22837 RALLYDEBUG rally_openstack.cleanup.manager [-] Deleting neutron.network object s_rally_4b4e2a71_Jie6GakV (8fde5959-489e-4e2d-b705-6c427600be5b)
2019-12-20 03:34:13.875 22837 RALLYDEBUG rally_openstack.cleanup.manager [-] Deleting neutron.network object s_rally_4b4e2a71_HQWEVzy0 (9a9fc018-5cb2-49cf-9892-b61eb8cf544d)
2019-12-20 03:34:13.948 22837 RALLYDEBUG rally_openstack.cleanup.manager [-] Deleting neutron.network object s_rally_4b4e2a71_daD3nWc8 (9dbff85a-0671-4cab-92a5-96092a4405cf)
2019-12-20 03:34:14.207 22837 RALLYDEBUG rally_openstack.cleanup.manager [-] Deleting neutron.network object s_rally_4b4e2a71_uumW3pIT (9f02a071-db8d-443d-8386-9c19274342a0)
2019-12-20 03:34:14.306 22837 RALLYDEBUG rally_openstack.cleanup.manager [-] Deleting neutron.network object s_rally_4b4e2a71_LS8KN6sg (9f84d83d-de7b-4dbd-98e6-a6a09c0c4dee)
2019-12-20 03:34:14.344 22837 RALLYDEBUG rally_openstack.cleanup.manager [-] Deleting neutron.network object s_rally_4b4e2a71_taHicLFp (ad46eab0-f4c9-4432-accd-571efad9b86b)
2019-12-20 03:34:14.512 22837 RALLYDEBUG rally_openstack.cleanup.manager [-] Deleting neutron.network object s_rally_4b4e2a71_DOkHcY43 (ad6c15c9-b9f7-4fce-adac-6604bce219da)
2019-12-20 03:34:14.723 22837 RALLYDEBUG rally_openstack.cleanup.manager [-] Deleting neutron.network object s_rally_4b4e2a71_V3XPxoJT (b3125d37-91fd-4669-8263-d478500a8a30)
2019-12-20 03:34:14.762 22837 RALLYDEBUG rally_openstack.cleanup.manager [-] Deleting neutron.network object s_rally_4b4e2a71_08uzldiI (b4147ed4-5d9b-4747-ad7c-e35065dead87)
2019-12-20 03:34:14.833 22837 RALLYDEBUG rally_openstack.cleanup.manager [-] Deleting neutron.network object s_rally_4b4e2a71_5iEywf3U (b641bfab-c6e3-4deb-9625-f36d71010c86)
2019-12-20 03:34:14.887 22837 RALLYDEBUG rally_openstack.cleanup.manager [-] Deleting neutron.network object s_rally_4b4e2a71_jGZUHqFa (b827a378-4b31-4414-83af-721df10c4651)
2019-12-20 03:34:14.921 22837 RALLYDEBUG rally_openstack.cleanup.manager [-] Deleting neutron.network object s_rally_4b4e2a71_NCkhgNza (ba42bca4-defa-4d2a-ac61-5e6508b5971c)
2019-12-20 03:34:14.926 22837 RALLYDEBUG rally_openstack.cleanup.manager [-] Deleting neutron.network object s_rally_4b4e2a71_0CxXCOwA (bb2adee8-d7c2-4bd2-a877-b5a50bb9dbf1)
2019-12-20 03:34:15.026 22837 RALLYDEBUG rally_openstack.cleanup.manager [-] Deleting neutron.network object s_rally_4b4e2a71_MngW4SCS (bbed9025-b82e-4ed2-98e1-4cbd9cedd441)
2019-12-20 03:34:15.076 22837 RALLYDEBUG rally_openstack.cleanup.manager [-] Deleting neutron.network object s_rally_4b4e2a71_FVJnDts4 (bbefdb81-dd36-4425-94c1-f83b07c94256)
2019-12-20 03:34:15.096 22837 RALLYDEBUG rally_openstack.cleanup.manager [-] Deleting neutron.network object s_rally_4b4e2a71_KqhNicVp (beac18d2-833c-46b4-bc36-cfc8c99d0e9e)
2019-12-20 03:34:15.162 22837 RALLYDEBUG rally_openstack.cleanup.manager [-] Deleting neutron.network object s_rally_4b4e2a71_MwBvVo8Y (c22836c2-87a5-41a9-b0b3-722f538d4cd2)
2019-12-20 03:34:15.207 22837 RALLYDEBUG rally_openstack.cleanup.manager [-] Deleting neutron.network object s_rally_4b4e2a71_dkbNp13D (c33c71fd-a65f-47fe-a0ea-f1d6053d14e1)
2019-12-20 03:34:15.376 22837 RALLYDEBUG rally_openstack.cleanup.manager [-] Deleting neutron.network object s_rally_4b4e2a71_sY8RwMNk (c714fe51-b6a1-41f8-a8aa-62cf669f4085)
2019-12-20 03:34:15.574 22837 RALLYDEBUG rally_openstack.cleanup.manager [-] Deleting neutron.network object s_rally_4b4e2a71_Ph0ZPIq9 (c811f3bd-3885-4c1b-86a9-6b24b260c11e)
2019-12-20 03:34:15.673 22837 RALLYDEBUG rally_openstack.cleanup.manager [-] Deleting neutron.network object s_rally_4b4e2a71_amR6WC9y (ca58dccd-bcb3-4758-861c-b8c0c60e7222)
2019-12-20 03:34:15.740 22837 RALLYDEBUG rally_openstack.cleanup.manager [-] Deleting neutron.network object s_rally_4b4e2a71_JcM5l0L5 (cafb97ba-9c5b-4c0c-91bd-c18fb36df913)
2019-12-20 03:34:15.800 22837 RALLYDEBUG rally_openstack.cleanup.manager [-] Deleting neutron.network object s_rally_4b4e2a71_RAiRDa4d (cf53cc53-2624-4c01-ac59-e943b7150f18)
2019-12-20 03:34:16.021 22837 RALLYDEBUG rally_openstack.cleanup.manager [-] Deleting neutron.network object s_rally_4b4e2a71_KLa5BUnY (d1d0e31e-6940-48b3-847a-78bf8b7b67b9)
2019-12-20 03:34:16.173 22837 RALLYDEBUG rally_openstack.cleanup.manager [-] Deleting neutron.network object s_rally_4b4e2a71_Jaif3QaH (d2bdbb9d-ee37-42f0-9946-106088da9c5f)
2019-12-20 03:34:16.497 22837 RALLYDEBUG rally_openstack.cleanup.manager [-] Deleting neutron.network object s_rally_4b4e2a71_ZZTuIun9 (d308a12b-a26b-4e8c-b0f5-c8cd3482b5e4)
2019-12-20 03:34:16.591 22837 RALLYDEBUG rally_openstack.cleanup.manager [-] Deleting neutron.network object s_rally_4b4e2a71_htl1eytT (d33e64b8-e817-4435-b9cc-70627f8098ac)
2019-12-20 03:34:16.807 22837 RALLYDEBUG rally_openstack.cleanup.manager [-] Deleting neutron.network object s_rally_4b4e2a71_RlGuQ8RQ (d5db6ddd-944a-4639-99c3-e0b47b698527)
2019-12-20 03:34:16.854 22837 RALLYDEBUG rally_openstack.cleanup.manager [-] Deleting neutron.network object s_rally_4b4e2a71_2b4331T0 (db40ade8-4eca-467d-a2df-ef24ecdc49bd)
2019-12-20 03:34:16.915 22837 RALLYDEBUG rally_openstack.cleanup.manager [-] Deleting neutron.network object s_rally_4b4e2a71_SzTPDooc (e1d9cb45-ee52-410b-be65-2bdcda002fab)
2019-12-20 03:34:16.919 22837 RALLYDEBUG rally_openstack.cleanup.manager [-] Deleting neutron.network object s_rally_4b4e2a71_mAnqFUt5 (e46b3c94-b298-440a-aa11-572a18410d50)
2019-12-20 03:34:16.978 22837 RALLYDEBUG rally_openstack.cleanup.manager [-] Deleting neutron.network object s_rally_4b4e2a71_X9njv2Fz (e8a68496-f738-43a3-bfa3-71b8354c40ca)
2019-12-20 03:34:17.037 22837 RALLYDEBUG rally_openstack.cleanup.manager [-] Deleting neutron.network object s_rally_4b4e2a71_AfHZPgkO (ea5ee740-b340-4722-aef1-e9389e2d0254)
2019-12-20 03:34:17.128 22837 RALLYDEBUG rally_openstack.cleanup.manager [-] Deleting neutron.network object s_rally_4b4e2a71_PyFx5fWd (ec8df174-0bcd-42b1-b1ee-6578096799ab)
2019-12-20 03:34:17.186 22837 RALLYDEBUG rally_openstack.cleanup.manager [-] Deleting neutron.network object s_rally_4b4e2a71_ZhpUsjAs (ef3124dd-324b-4617-a31f-54433d201a9d)
2019-12-20 03:34:17.271 22837 RALLYDEBUG rally_openstack.cleanup.manager [-] Deleting neutron.network object s_rally_4b4e2a71_Q3nl8c0q (f35ff0bc-22a0-43ac-a51a-37b14a599130)
2019-12-20 03:34:17.285 22837 RALLYDEBUG rally_openstack.cleanup.manager [-] Deleting neutron.network object s_rally_4b4e2a71_rSgfxGxt (f403554d-bf76-44cf-9923-9b5a97a8e8e0)
