2019-12-20 03:54:32.563 22837 RALLYDEBUG rally_openstack.cleanup.manager [-] Deleting neutron.security_group object s_rally_b07e5047_vmOQhEwa (97db568e-0e92-427d-8317-734e5c838374)
2019-12-20 03:54:32.593 22837 RALLYDEBUG rally_openstack.cleanup.manager [-] Deleting neutron.security_group object s_rally_b07e5047_xkWN63zw (a98fa548-4e11-4880-8f00-c7a5dc39a501)
2019-12-20 03:54:32.622 22837 RALLYDEBUG rally_openstack.cleanup.manager [-] Deleting neutron.security_group object s_rally_b07e5047_rZX8KERM (b2bb6a37-84a9-4ee1-81db-02a704152734)
2019-12-20 03:54:32.631 22837 RALLYDEBUG rally_openstack.cleanup.manager [-] Deleting neutron.security_group object s_rally_b07e5047_jrx9fa5Z (b9594cc4-e83c-4861-94af-03fb6f799d21)
2019-12-20 03:54:32.689 22837 RALLYDEBUG rally_openstack.cleanup.manager [-] Deleting neutron.security_group object s_rally_b07e5047_VqHNzwYo (be023351-9302-4abe-9862-e75af223cabc)
2019-12-20 03:54:32.708 22837 RALLYDEBUG rally_openstack.cleanup.manager [-] Deleting neutron.security_group object s_rally_b07e5047_adE5yGzA (d528c446-460a-41c1-8156-b89c6e1a7f52)
2019-12-20 03:54:32.741 22837 RALLYDEBUG rally_openstack.cleanup.manager [-] Deleting neutron.security_group object s_rally_b07e5047_Tj0MqwIe (e0bdda1a-ddf0-4aba-b2f8-c5e3114e048c)
2019-12-20 03:54:32.782 22837 RALLYDEBUG rally_openstack.cleanup.manager [-] Deleting neutron.security_group object s_rally_b07e5047_fNHO8GpB (e5347fc6-f1d9-4ceb-a6f2-bbf46961a509)
2019-12-20 03:54:32.800 22837 RALLYDEBUG rally_openstack.cleanup.manager [-] Deleting neutron.security_group object s_rally_b07e5047_0NMgU9QW (f01f2549-221f-4048-af2d-e4724544a2ba)
2019-12-20 03:54:34.286 22837 INFO rally.task.context [-] Task 84746148-888c-473c-b4f6-f4e13c6f4f74 | Context cleanup@openstack cleanup() finished in 14.23 sec
2019-12-20 03:54:34.286 22837 INFO rally.task.context [-] Task 84746148-888c-473c-b4f6-f4e13c6f4f74 | Context quotas@openstack cleanup() started
2019-12-20 03:54:34.397 22837 INFO rally.task.context [-] Task 84746148-888c-473c-b4f6-f4e13c6f4f74 | Context quotas@openstack cleanup() finished in 0.11 sec
2019-12-20 03:54:34.397 22837 INFO rally.task.context [-] Task 84746148-888c-473c-b4f6-f4e13c6f4f74 | Context users@openstack cleanup() started
2019-12-20 03:54:37.822 22837 INFO rally.task.context [-] Task 84746148-888c-473c-b4f6-f4e13c6f4f74 | Context users@openstack cleanup() finished in 3.42 sec
2019-12-20 03:54:38.870 22837 INFO rally.task.engine [-] Load duration is: 3.862415
2019-12-20 03:54:38.870 22837 INFO rally.task.engine [-] Full runner duration is: 3.914325
2019-12-20 03:54:38.871 22837 INFO rally.task.engine [-] Full duration is: 25.127053
2019-12-20 03:54:39.136 22837 INFO rally.task.engine [-] Running workload: position = 6 config = { "version": 2, "title": "A cropped version of a bigger task.", "description": "Auto-generated task from a single workload (uuid=2b1ac99c-fa38-47d0-818d-e1f8dedaa3ec)", "subtasks": [ { "title": "NeutronSecurityGroup.create_and_update_security_groups", "description": "Create and update Neutron security-groups.", "scenario": { "NeutronSecurityGroup.create_and_update_security_groups": { "security_group_create_args": {}, "security_group_update_args": {} } }, "contexts": { "users": { "tenants": 2, "users_per_tenant": 3 }, "quotas": { "neutron": { "security_group": -1 } } }, "runner": { "constant": { "times": 50, "concurrency": 10 } }, "hooks": [], "sla": { "failure_rate": { "max": 0 } } } ] }
2019-12-20 03:54:39.161 22837 RALLYDEBUG rally_openstack.contexts.keystone.users [-] Creating 2 tenants using 20 threads
2019-12-20 03:54:40.135 22837 RALLYDEBUG rally_openstack.contexts.keystone.users [-] Creating 6 users using 20 threads
2019-12-20 03:54:41.749 22837 INFO rally.task.context [-] Task 84746148-888c-473c-b4f6-f4e13c6f4f74 | Context users@openstack setup() finished in 2.59 sec
2019-12-20 03:54:42.369 22837 INFO rally.task.context [-] Task 84746148-888c-473c-b4f6-f4e13c6f4f74 | Context quotas@openstack setup() finished in 0.62 sec
2019-12-20 03:54:42.369 22837 INFO rally.task.context [-] Task 84746148-888c-473c-b4f6-f4e13c6f4f74 | Context cleanup@openstack setup() finished in 0.01 msec
2019-12-20 03:54:42.378 22837 RALLYDEBUG rally.task.runner [-] Starting the constant runner (task UUID: 84746148-888c-473c-b4f6-f4e13c6f4f74). times: 50 concurrency: 10 timeout: 0 max_cpu_used: 16 processes_to_start: 10 concurrency_per_worker: 1 concurrency_overhead: 0
2019-12-20 03:54:42.389 31474 RALLYDEBUG rally.task.runner [-] Starting a worker. times: 50 duration: None concurrency: 1 timeout: 0 cls: method_name: run args: {"security_group_create_args": {}, "security_group_update_args": {}}
2019-12-20 03:54:42.393 31475 RALLYDEBUG rally.task.runner [-] Starting a worker. times: 50 duration: None concurrency: 1 timeout: 0 cls: method_name: run args: {"security_group_create_args": {}, "security_group_update_args": {}}
2019-12-20 03:54:42.396 31474 INFO rally.task.runner [-] Task 84746148-888c-473c-b4f6-f4e13c6f4f74 | ITER: 1 START
2019-12-20 03:54:42.396 31476 RALLYDEBUG rally.task.runner [-] Starting a worker. times: 50 duration: None concurrency: 1 timeout: 0 cls: method_name: run args: {"security_group_create_args": {}, "security_group_update_args": {}}
2019-12-20 03:54:42.400 31475 INFO rally.task.runner [-] Task 84746148-888c-473c-b4f6-f4e13c6f4f74 | ITER: 2 START
2019-12-20 03:54:42.399 31478 RALLYDEBUG rally.task.runner [-] Starting a worker. times: 50 duration: None concurrency: 1 timeout: 0 cls: method_name: run args: {"security_group_create_args": {}, "security_group_update_args": {}}
2019-12-20 03:54:42.403 31476 INFO rally.task.runner [-] Task 84746148-888c-473c-b4f6-f4e13c6f4f74 | ITER: 3 START
2019-12-20 03:54:42.403 31480 RALLYDEBUG rally.task.runner [-] Starting a worker. times: 50 duration: None concurrency: 1 timeout: 0 cls: method_name: run args: {"security_group_create_args": {}, "security_group_update_args": {}}
2019-12-20 03:54:42.406 31478 INFO rally.task.runner [-] Task 84746148-888c-473c-b4f6-f4e13c6f4f74 | ITER: 4 START
2019-12-20 03:54:42.407 31484 RALLYDEBUG rally.task.runner [-] Starting a worker. times: 50 duration: None concurrency: 1 timeout: 0 cls: method_name: run args: {"security_group_create_args": {}, "security_group_update_args": {}}
2019-12-20 03:54:42.409 31480 INFO rally.task.runner [-] Task 84746148-888c-473c-b4f6-f4e13c6f4f74 | ITER: 5 START
2019-12-20 03:54:42.411 31488 RALLYDEBUG rally.task.runner [-] Starting a worker. times: 50 duration: None concurrency: 1 timeout: 0 cls: method_name: run args: {"security_group_create_args": {}, "security_group_update_args": {}}
2019-12-20 03:54:42.414 31484 INFO rally.task.runner [-] Task 84746148-888c-473c-b4f6-f4e13c6f4f74 | ITER: 6 START
2019-12-20 03:54:42.415 31491 RALLYDEBUG rally.task.runner [-] Starting a worker. times: 50 duration: None concurrency: 1 timeout: 0 cls: method_name: run args: {"security_group_create_args": {}, "security_group_update_args": {}}
2019-12-20 03:54:42.417 31488 INFO rally.task.runner [-] Task 84746148-888c-473c-b4f6-f4e13c6f4f74 | ITER: 7 START
2019-12-20 03:54:42.422 31491 INFO rally.task.runner [-] Task 84746148-888c-473c-b4f6-f4e13c6f4f74 | ITER: 8 START
2019-12-20 03:54:42.424 31496 RALLYDEBUG rally.task.runner [-] Starting a worker. times: 50 duration: None concurrency: 1 timeout: 0 cls: method_name: run args: {"security_group_create_args": {}, "security_group_update_args": {}}
2019-12-20 03:54:42.429 31499 RALLYDEBUG rally.task.runner [-] Starting a worker. times: 50 duration: None concurrency: 1 timeout: 0 cls: method_name: run args: {"security_group_create_args": {}, "security_group_update_args": {}}
2019-12-20 03:54:42.433 31496 INFO rally.task.runner [-] Task 84746148-888c-473c-b4f6-f4e13c6f4f74 | ITER: 9 START
2019-12-20 03:54:42.435 31499 INFO rally.task.runner [-] Task 84746148-888c-473c-b4f6-f4e13c6f4f74 | ITER: 10 START
2019-12-20 03:54:43.132 31480 INFO rally.task.runner [-] Task 84746148-888c-473c-b4f6-f4e13c6f4f74 | ITER: 5 END: OK
2019-12-20 03:54:43.137 31480 INFO rally.task.runner [-] Task 84746148-888c-473c-b4f6-f4e13c6f4f74 | ITER: 11 START
2019-12-20 03:54:43.224 31499 INFO rally.task.runner [-] Task 84746148-888c-473c-b4f6-f4e13c6f4f74 | ITER: 10 END: OK
2019-12-20 03:54:43.228 31499 INFO rally.task.runner [-] Task 84746148-888c-473c-b4f6-f4e13c6f4f74 | ITER: 12 START
2019-12-20 03:54:43.426 31484 INFO rally.task.runner [-] Task 84746148-888c-473c-b4f6-f4e13c6f4f74 | ITER: 6 END: OK
2019-12-20 03:54:43.430 31484 INFO rally.task.runner [-] Task 84746148-888c-473c-b4f6-f4e13c6f4f74 | ITER: 13 START
2019-12-20 03:54:43.709 31475 INFO rally.task.runner [-] Task 84746148-888c-473c-b4f6-f4e13c6f4f74 | ITER: 2 END: OK
2019-12-20 03:54:43.714 31475 INFO rally.task.runner [-] Task 84746148-888c-473c-b4f6-f4e13c6f4f74 | ITER: 14 START
2019-12-20 03:54:43.717 31491 INFO rally.task.runner [-] Task 84746148-888c-473c-b4f6-f4e13c6f4f74 | ITER: 8 END: OK
2019-12-20 03:54:43.721 31491 INFO rally.task.runner [-] Task 84746148-888c-473c-b4f6-f4e13c6f4f74 | ITER: 15 START
2019-12-20 03:54:43.745 31476 INFO rally.task.runner [-] Task 84746148-888c-473c-b4f6-f4e13c6f4f74 | ITER: 3 END: OK
2019-12-20 03:54:43.750 31476 INFO rally.task.runner [-] Task 84746148-888c-473c-b4f6-f4e13c6f4f74 | ITER: 16 START
2019-12-20 03:54:43.785 31474 INFO rally.task.runner [-] Task 84746148-888c-473c-b4f6-f4e13c6f4f74 | ITER: 1 END: OK
2019-12-20 03:54:43.788 31499 INFO rally.task.runner [-] Task 84746148-888c-473c-b4f6-f4e13c6f4f74 | ITER: 12 END: OK
2019-12-20 03:54:43.789 31474 INFO rally.task.runner [-] Task 84746148-888c-473c-b4f6-f4e13c6f4f74 | ITER: 17 START
2019-12-20 03:54:43.791 31499 INFO rally.task.runner [-] Task 84746148-888c-473c-b4f6-f4e13c6f4f74 | ITER: 18 START
2019-12-20 03:54:43.795 31496 INFO rally.task.runner [-] Task 84746148-888c-473c-b4f6-f4e13c6f4f74 | ITER: 9 END: OK
2019-12-20 03:54:43.799 31496 INFO rally.task.runner [-] Task 84746148-888c-473c-b4f6-f4e13c6f4f74 | ITER: 19 START
2019-12-20 03:54:43.844 31488 INFO rally.task.runner [-] Task 84746148-888c-473c-b4f6-f4e13c6f4f74 | ITER: 7 END: OK
2019-12-20 03:54:43.849 31488 INFO rally.task.runner [-] Task 84746148-888c-473c-b4f6-f4e13c6f4f74 | ITER: 20 START
2019-12-20 03:54:43.871 31478 INFO rally.task.runner [-] Task 84746148-888c-473c-b4f6-f4e13c6f4f74 | ITER: 4 END: OK
2019-12-20 03:54:43.876 31478 INFO rally.task.runner [-] Task 84746148-888c-473c-b4f6-f4e13c6f4f74 | ITER: 21 START
2019-12-20 03:54:44.086 31480 INFO rally.task.runner [-] Task 84746148-888c-473c-b4f6-f4e13c6f4f74 | ITER: 11 END: OK
2019-12-20 03:54:44.091 31480 INFO rally.task.runner [-] Task 84746148-888c-473c-b4f6-f4e13c6f4f74 | ITER: 22 START
2019-12-20 03:54:44.307 31484 INFO rally.task.runner [-] Task 84746148-888c-473c-b4f6-f4e13c6f4f74 | ITER: 13 END: OK
2019-12-20 03:54:44.311 31484 INFO rally.task.runner [-] Task 84746148-888c-473c-b4f6-f4e13c6f4f74 | ITER: 23 START
2019-12-20 03:54:44.378 31474 INFO rally.task.runner [-] Task 84746148-888c-473c-b4f6-f4e13c6f4f74 | ITER: 17 END: OK
2019-12-20 03:54:44.381 31474 INFO rally.task.runner [-] Task 84746148-888c-473c-b4f6-f4e13c6f4f74 | ITER: 24 START
2019-12-20 03:54:44.405 31475 INFO rally.task.runner [-] Task 84746148-888c-473c-b4f6-f4e13c6f4f74 | ITER: 14 END: OK
2019-12-20 03:54:44.409 31475 INFO rally.task.runner [-] Task 84746148-888c-473c-b4f6-f4e13c6f4f74 | ITER: 25 START
2019-12-20 03:54:44.412 31476 INFO rally.task.runner [-] Task 84746148-888c-473c-b4f6-f4e13c6f4f74 | ITER: 16 END: OK
2019-12-20 03:54:44.416 31476 INFO rally.task.runner [-] Task 84746148-888c-473c-b4f6-f4e13c6f4f74 | ITER: 26 START
2019-12-20 03:54:44.425 31496 INFO rally.task.runner [-] Task 84746148-888c-473c-b4f6-f4e13c6f4f74 | ITER: 19 END: OK
2019-12-20 03:54:44.428 31496 INFO rally.task.runner [-] Task 84746148-888c-473c-b4f6-f4e13c6f4f74 | ITER: 27 START
2019-12-20 03:54:44.513 31491 INFO rally.task.runner [-] Task 84746148-888c-473c-b4f6-f4e13c6f4f74 | ITER: 15 END: OK
2019-12-20 03:54:44.517 31491 INFO rally.task.runner [-] Task 84746148-888c-473c-b4f6-f4e13c6f4f74 | ITER: 28 START
2019-12-20 03:54:44.552 31499 INFO rally.task.runner [-] Task 84746148-888c-473c-b4f6-f4e13c6f4f74 | ITER: 18 END: OK
2019-12-20 03:54:44.556 31499 INFO rally.task.runner [-] Task 84746148-888c-473c-b4f6-f4e13c6f4f74 | ITER: 29 START
2019-12-20 03:54:44.570 31488 INFO rally.task.runner [-] Task 84746148-888c-473c-b4f6-f4e13c6f4f74 | ITER: 20 END: OK
2019-12-20 03:54:44.574 31488 INFO rally.task.runner [-] Task 84746148-888c-473c-b4f6-f4e13c6f4f74 | ITER: 30 START
2019-12-20 03:54:44.635 31478 INFO rally.task.runner [-] Task 84746148-888c-473c-b4f6-f4e13c6f4f74 | ITER: 21 END: OK
2019-12-20 03:54:44.638 31478 INFO rally.task.runner [-] Task 84746148-888c-473c-b4f6-f4e13c6f4f74 | ITER: 31 START
2019-12-20 03:54:44.670 31480 INFO rally.task.runner [-] Task 84746148-888c-473c-b4f6-f4e13c6f4f74 | ITER: 22 END: OK
2019-12-20 03:54:44.673 31480 INFO rally.task.runner [-] Task 84746148-888c-473c-b4f6-f4e13c6f4f74 | ITER: 32 START
2019-12-20 03:54:44.894 31484 INFO rally.task.runner [-] Task 84746148-888c-473c-b4f6-f4e13c6f4f74 | ITER: 23 END: OK
2019-12-20 03:54:44.897 31484 INFO rally.task.runner [-] Task 84746148-888c-473c-b4f6-f4e13c6f4f74 | ITER: 33 START
2019-12-20 03:54:45.017 31476 INFO rally.task.runner [-] Task 84746148-888c-473c-b4f6-f4e13c6f4f74 | ITER: 26 END: OK
2019-12-20 03:54:45.020 31476 INFO rally.task.runner [-] Task 84746148-888c-473c-b4f6-f4e13c6f4f74 | ITER: 34 START
2019-12-20 03:54:45.028 31496 INFO rally.task.runner [-] Task 84746148-888c-473c-b4f6-f4e13c6f4f74 | ITER: 27 END: OK
2019-12-20 03:54:45.032 31496 INFO rally.task.runner [-] Task 84746148-888c-473c-b4f6-f4e13c6f4f74 | ITER: 35 START
2019-12-20 03:54:45.054 31474 INFO rally.task.runner [-] Task 84746148-888c-473c-b4f6-f4e13c6f4f74 | ITER: 24 END: OK
2019-12-20 03:54:45.054 31475 INFO rally.task.runner [-] Task 84746148-888c-473c-b4f6-f4e13c6f4f74 | ITER: 25 END: OK
2019-12-20 03:54:45.058 31475 INFO rally.task.runner [-] Task 84746148-888c-473c-b4f6-f4e13c6f4f74 | ITER: 37 START
2019-12-20 03:54:45.058 31474 INFO rally.task.runner [-] Task 84746148-888c-473c-b4f6-f4e13c6f4f74 | ITER: 36 START
2019-12-20 03:54:45.137 31491 INFO rally.task.runner [-] Task 84746148-888c-473c-b4f6-f4e13c6f4f74 | ITER: 28 END: OK
2019-12-20 03:54:45.142 31491 INFO rally.task.runner [-] Task 84746148-888c-473c-b4f6-f4e13c6f4f74 | ITER: 38 START
2019-12-20 03:54:45.196 31478 INFO rally.task.runner [-] Task 84746148-888c-473c-b4f6-f4e13c6f4f74 | ITER: 31 END: OK
2019-12-20 03:54:45.200 31478 INFO rally.task.runner [-] Task 84746148-888c-473c-b4f6-f4e13c6f4f74 | ITER: 39 START
2019-12-20 03:54:45.215 31488 INFO rally.task.runner [-] Task 84746148-888c-473c-b4f6-f4e13c6f4f74 | ITER: 30 END: OK
2019-12-20 03:54:45.219 31488 INFO rally.task.runner [-] Task 84746148-888c-473c-b4f6-f4e13c6f4f74 | ITER: 40 START
2019-12-20 03:54:45.219 31499 INFO rally.task.runner [-] Task 84746148-888c-473c-b4f6-f4e13c6f4f74 | ITER: 29 END: OK
2019-12-20 03:54:45.223 31499 INFO rally.task.runner [-] Task 84746148-888c-473c-b4f6-f4e13c6f4f74 | ITER: 41 START
2019-12-20 03:54:45.289 31480 INFO rally.task.runner [-] Task 84746148-888c-473c-b4f6-f4e13c6f4f74 | ITER: 32 END: OK
2019-12-20 03:54:45.293 31480 INFO rally.task.runner [-] Task 84746148-888c-473c-b4f6-f4e13c6f4f74 | ITER: 42 START
2019-12-20 03:54:45.436 31484 INFO rally.task.runner [-] Task 84746148-888c-473c-b4f6-f4e13c6f4f74 | ITER: 33 END: OK
2019-12-20 03:54:45.439 31484 INFO rally.task.runner [-] Task 84746148-888c-473c-b4f6-f4e13c6f4f74 | ITER: 43 START
2019-12-20 03:54:45.599 31476 INFO rally.task.runner [-] Task 84746148-888c-473c-b4f6-f4e13c6f4f74 | ITER: 34 END: OK
2019-12-20 03:54:45.603 31476 INFO rally.task.runner [-] Task 84746148-888c-473c-b4f6-f4e13c6f4f74 | ITER: 44 START
2019-12-20 03:54:45.612 31496 INFO rally.task.runner [-] Task 84746148-888c-473c-b4f6-f4e13c6f4f74 | ITER: 35 END: OK
2019-12-20 03:54:45.617 31496 INFO rally.task.runner [-] Task 84746148-888c-473c-b4f6-f4e13c6f4f74 | ITER: 45 START
2019-12-20 03:54:45.656 31475 INFO rally.task.runner [-] Task 84746148-888c-473c-b4f6-f4e13c6f4f74 | ITER: 37 END: OK
2019-12-20 03:54:45.660 31475 INFO rally.task.runner [-] Task 84746148-888c-473c-b4f6-f4e13c6f4f74 | ITER: 46 START
2019-12-20 03:54:45.730 31491 INFO rally.task.runner [-] Task 84746148-888c-473c-b4f6-f4e13c6f4f74 | ITER: 38 END: OK
2019-12-20 03:54:45.733 31491 INFO rally.task.runner [-] Task 84746148-888c-473c-b4f6-f4e13c6f4f74 | ITER: 47 START
2019-12-20 03:54:45.734 31478 INFO rally.task.runner [-] Task 84746148-888c-473c-b4f6-f4e13c6f4f74 | ITER: 39 END: OK
2019-12-20 03:54:45.738 31478 INFO rally.task.runner [-] Task 84746148-888c-473c-b4f6-f4e13c6f4f74 | ITER: 48 START
2019-12-20 03:54:45.847 31499 INFO rally.task.runner [-] Task 84746148-888c-473c-b4f6-f4e13c6f4f74 | ITER: 41 END: OK
2019-12-20 03:54:45.851 31499 INFO rally.task.runner [-] Task 84746148-888c-473c-b4f6-f4e13c6f4f74 | ITER: 49 START
2019-12-20 03:54:45.897 31480 INFO rally.task.runner [-] Task 84746148-888c-473c-b4f6-f4e13c6f4f74 | ITER: 42 END: OK
2019-12-20 03:54:45.900 31480 INFO rally.task.runner [-] Task 84746148-888c-473c-b4f6-f4e13c6f4f74 | ITER: 50 START
2019-12-20 03:54:45.992 31474 INFO rally.task.runner [-] Task 84746148-888c-473c-b4f6-f4e13c6f4f74 | ITER: 36 END: OK
2019-12-20 03:54:46.041 31484 INFO rally.task.runner [-] Task 84746148-888c-473c-b4f6-f4e13c6f4f74 | ITER: 43 END: OK
2019-12-20 03:54:46.106 31488 INFO rally.task.runner [-] Task 84746148-888c-473c-b4f6-f4e13c6f4f74 | ITER: 40 END: OK
2019-12-20 03:54:46.177 31496 INFO rally.task.runner [-] Task 84746148-888c-473c-b4f6-f4e13c6f4f74 | ITER: 45 END: OK
2019-12-20 03:54:46.222 31476 INFO rally.task.runner [-] Task 84746148-888c-473c-b4f6-f4e13c6f4f74 | ITER: 44 END: OK
2019-12-20 03:54:46.244 31475 INFO rally.task.runner [-] Task 84746148-888c-473c-b4f6-f4e13c6f4f74 | ITER: 46 END: OK
2019-12-20 03:54:46.275 31491 INFO rally.task.runner [-] Task 84746148-888c-473c-b4f6-f4e13c6f4f74 | ITER: 47 END: OK
2019-12-20 03:54:46.328 31478 INFO rally.task.runner [-] Task 84746148-888c-473c-b4f6-f4e13c6f4f74 | ITER: 48 END: OK
2019-12-20 03:54:46.463 31480 INFO rally.task.runner [-] Task 84746148-888c-473c-b4f6-f4e13c6f4f74 | ITER: 50 END: OK
2019-12-20 03:54:46.510 31499 INFO rally.task.runner [-] Task 84746148-888c-473c-b4f6-f4e13c6f4f74 | ITER: 49 END: OK
2019-12-20 03:54:46.533 22837 INFO rally.task.context [-] Task 84746148-888c-473c-b4f6-f4e13c6f4f74 | Context cleanup@openstack cleanup() started
2019-12-20 03:54:46.536 22837 RALLYDEBUG rally_openstack.cleanup.manager [-] Cleaning up neutron vip objects
2019-12-20 03:54:47.264 22837 RALLYDEBUG rally_openstack.cleanup.manager [-] Cleaning up neutron health_monitor objects
2019-12-20 03:54:48.014 22837 RALLYDEBUG rally_openstack.cleanup.manager [-] Cleaning up neutron pool objects
2019-12-20 03:54:48.779 22837 RALLYDEBUG rally_openstack.cleanup.manager [-] Cleaning up neutron loadbalancer objects
2019-12-20 03:54:49.508 22837 RALLYDEBUG rally_openstack.cleanup.manager [-] Cleaning up neutron floatingip objects
2019-12-20 03:54:50.339 22837 RALLYDEBUG rally_openstack.cleanup.manager [-] Cleaning up neutron trunk objects
2019-12-20 03:54:51.109 22837 RALLYDEBUG rally_openstack.cleanup.manager [-] Cleaning up neutron port objects
2019-12-20 03:54:51.916 22837 RALLYDEBUG rally_openstack.cleanup.manager [-] Cleaning up neutron subnet objects
2019-12-20 03:54:52.738 22837 RALLYDEBUG rally_openstack.cleanup.manager [-] Cleaning up neutron network objects
2019-12-20 03:54:53.529 22837 RALLYDEBUG rally_openstack.cleanup.manager [-] Cleaning up neutron router objects
2019-12-20 03:54:54.371 22837 RALLYDEBUG rally_openstack.cleanup.manager [-] Cleaning up neutron security_group objects
2019-12-20 03:54:55.753 22837 RALLYDEBUG rally_openstack.cleanup.manager [-] Deleting neutron.security_group object s_rally_2b1ac99c_a91mO4Jr (09d6b6f8-c9cb-4c5f-adaf-4cf63675ef6e)
2019-12-20 03:54:55.762 22837 RALLYDEBUG rally_openstack.cleanup.manager [-] Deleting neutron.security_group object s_rally_2b1ac99c_7jszR2sN (0e1e8818-f290-4a7b-9581-78cb4edb2d6a)
2019-12-20 03:54:55.770 22837 RALLYDEBUG rally_openstack.cleanup.manager [-] Deleting neutron.security_group object s_rally_2b1ac99c_DQLr16J9 (13f02572-8f61-4180-8d00-e7840b6cf454)
2019-12-20 03:54:55.774 22837 RALLYDEBUG rally_openstack.cleanup.manager [-] Deleting neutron.security_group object s_rally_2b1ac99c_pV6kCKHI (1ddf018e-86cb-4698-877c-8dc4dc149ac1)
2019-12-20 03:54:55.783 22837 RALLYDEBUG rally_openstack.cleanup.manager [-] Deleting neutron.security_group object s_rally_2b1ac99c_LGq9xEWw (30c96cc9-633f-4f00-8a87-6da36b2e10c6)
2019-12-20 03:54:55.800 22837 RALLYDEBUG rally_openstack.cleanup.manager [-] Deleting neutron.security_group object s_rally_2b1ac99c_Zq34dVYz (38da3f5f-9440-456d-801b-9099e8e9377b)
2019-12-20 03:54:55.805 22837 RALLYDEBUG rally_openstack.cleanup.manager [-] Deleting neutron.security_group object s_rally_2b1ac99c_5PZfR67Z (5fe1e3e7-7768-4c47-84ad-0caeb8de7a77)
2019-12-20 03:54:55.824 22837 RALLYDEBUG rally_openstack.cleanup.manager [-] Deleting neutron.security_group object s_rally_2b1ac99c_cpy1JJMp (62c6dabd-2dca-4106-ae22-bafa13b14c4f)
2019-12-20 03:54:55.829 22837 RALLYDEBUG rally_openstack.cleanup.manager [-] Deleting neutron.security_group object s_rally_2b1ac99c_tfBbyZ5i (6544ef0c-8bbc-414a-bb13-501078d417e4)
2019-12-20 03:54:55.834 22837 RALLYDEBUG rally_openstack.cleanup.manager [-] Deleting neutron.security_group object s_rally_2b1ac99c_r3Z4wQN0 (66c8cb7f-2567-45ef-b96c-ec7bc70ab4fb)
2019-12-20 03:54:55.853 22837 RALLYDEBUG rally_openstack.cleanup.manager [-] Deleting neutron.security_group object s_rally_2b1ac99c_n4doKUoG (69f5280e-d64a-430c-9a3d-4e9e3f98bd80)
2019-12-20 03:54:55.879 22837 RALLYDEBUG rally_openstack.cleanup.manager [-] Deleting neutron.security_group object s_rally_2b1ac99c_tuX7ey4e (79109c15-b919-44e1-b2da-ea114ab852cf)
2019-12-20 03:54:55.890 22837 RALLYDEBUG rally_openstack.cleanup.manager [-] Deleting neutron.security_group object s_rally_2b1ac99c_naVTLg0c (8269eced-a309-417d-8ff7-5b37571b8d4b)
2019-12-20 03:54:55.898 22837 RALLYDEBUG rally_openstack.cleanup.manager [-] Deleting neutron.security_group object s_rally_2b1ac99c_33DdDY66 (90b0b680-ce72-4a30-b32b-dd4e60a0ab26)
2019-12-20 03:54:55.910 22837 RALLYDEBUG rally_openstack.cleanup.manager [-] Deleting neutron.security_group object s_rally_2b1ac99c_ebuyIm7w (99ddacb5-40b2-4f5e-a9e4-42d97fd42c64)
2019-12-20 03:54:55.937 22837 RALLYDEBUG rally_openstack.cleanup.manager [-] Deleting neutron.security_group object s_rally_2b1ac99c_nvPjJpHt (b1c873c2-f5ff-497a-9ec6-0b91c6255842)
2019-12-20 03:54:55.959 22837 RALLYDEBUG rally_openstack.cleanup.manager [-] Deleting neutron.security_group object s_rally_2b1ac99c_NlrhWGhX (c20a1895-f413-4930-9355-d2375d468e51)
2019-12-20 03:54:55.964 22837 RALLYDEBUG rally_openstack.cleanup.manager [-] Deleting neutron.security_group object s_rally_2b1ac99c_84lfnpND (c338fd83-9524-4786-a9c3-0c83a0024dcf)
2019-12-20 03:54:55.973 22837 RALLYDEBUG rally_openstack.cleanup.manager [-] Deleting neutron.security_group object s_rally_2b1ac99c_Spmxh4uH (e840f221-27fc-4e01-936f-b4697d624d8b)
2019-12-20 03:54:55.992 22837 RALLYDEBUG rally_openstack.cleanup.manager [-] Deleting neutron.security_group object s_rally_2b1ac99c_vzAETLhQ (e870c358-84e4-4955-b0f1-db7cee43b113)
2019-12-20 03:54:57.326 22837 RALLYDEBUG rally_openstack.cleanup.manager [-] Deleting neutron.security_group object s_rally_2b1ac99c_Bnz7URep (f86e3337-701d-4460-9866-065f5e918764)
2019-12-20 03:54:57.348 22837 RALLYDEBUG rally_openstack.cleanup.manager [-] Deleting neutron.security_group object s_rally_2b1ac99c_70uk9yRv (01d1f3f3-25f0-4974-b579-5425570a770f)
2019-12-20 03:54:57.373 22837 RALLYDEBUG rally_openstack.cleanup.manager [-] Deleting neutron.security_group object s_rally_2b1ac99c_MZvQoGok (1d1afe0d-8617-47fc-9e55-2cb84d240bdf)
2019-12-20 03:54:57.515 22837 RALLYDEBUG rally_openstack.cleanup.manager [-] Deleting neutron.security_group object s_rally_2b1ac99c_EKaHxoHf (24bc2b72-32fc-4728-8fe0-2f78b3ecd4be)
2019-12-20 03:54:57.519 22837 RALLYDEBUG rally_openstack.cleanup.manager [-] Deleting neutron.security_group object s_rally_2b1ac99c_54IyG3wK (279029c1-f7fd-4850-99fa-ff6b9bac2b3d)
2019-12-20 03:54:57.527 22837 RALLYDEBUG rally_openstack.cleanup.manager [-] Deleting neutron.security_group object s_rally_2b1ac99c_ub8cH7JN (27cafbe4-2672-42f7-a7e6-b7cf0c32cb1a)
2019-12-20 03:54:57.541 22837 RALLYDEBUG rally_openstack.cleanup.manager [-] Deleting neutron.security_group object s_rally_2b1ac99c_5XjUP4xO (29aaa002-91ed-45bc-85bc-e0ed80054f36)
2019-12-20 03:54:57.559 22837 RALLYDEBUG rally_openstack.cleanup.manager [-] Deleting neutron.security_group object s_rally_2b1ac99c_lknzVZbG (2d38394e-490e-4929-aeb8-3628dfcae162)
2019-12-20 03:54:57.567 22837 RALLYDEBUG rally_openstack.cleanup.manager [-] Deleting neutron.security_group object s_rally_2b1ac99c_TLqX5l0E (35a9e2b2-d17b-4856-bbaf-e38636a1ed59)
2019-12-20 03:54:57.583 22837 RALLYDEBUG rally_openstack.cleanup.manager [-] Deleting neutron.security_group object s_rally_2b1ac99c_GlIKCdot (384032e1-6e9a-4cae-8eef-4f3ff70efe46)
2019-12-20 03:54:57.586 22837 RALLYDEBUG rally_openstack.cleanup.manager [-] Deleting neutron.security_group object s_rally_2b1ac99c_FCHG2jnD (3957f2c9-d8f2-4b12-b45d-938a7fe96b63)
2019-12-20 03:54:57.598 22837 RALLYDEBUG rally_openstack.cleanup.manager [-] Deleting neutron.security_group object s_rally_2b1ac99c_uA5TG9Zr (3d02323e-6ff3-4a89-b203-e2981c2a41a3)
2019-12-20 03:54:57.676 22837 RALLYDEBUG rally_openstack.cleanup.manager [-] Deleting neutron.security_group object s_rally_2b1ac99c_5AJgqQ8J (4211888c-255f-4813-9d5b-38be15936d59)
2019-12-20 03:54:57.709 22837 RALLYDEBUG rally_openstack.cleanup.manager [-] Deleting neutron.security_group object s_rally_2b1ac99c_gZIKKwFC (63cbaa89-1d46-4577-988c-a41ad6dfa744)
2019-12-20 03:54:57.712 22837 RALLYDEBUG rally_openstack.cleanup.manager [-] Deleting neutron.security_group object s_rally_2b1ac99c_kDJY10A7 (74cbf4e1-b990-4f69-98e1-f2b85edc64f4)
2019-12-20 03:54:57.732 22837 RALLYDEBUG rally_openstack.cleanup.manager [-] Deleting neutron.security_group object s_rally_2b1ac99c_mDZCHqCn (82798173-ed4a-4fd3-a4d4-e090e8ff1ade)
2019-12-20 03:54:57.812 22837 RALLYDEBUG rally_openstack.cleanup.manager [-] Deleting neutron.security_group object s_rally_2b1ac99c_uns5P80j (94132fab-c768-469f-9137-f9636c2d8e5a)
2019-12-20 03:54:57.840 22837 RALLYDEBUG rally_openstack.cleanup.manager [-] Deleting neutron.security_group object s_rally_2b1ac99c_r10WehQC (9511ed65-9f4e-4c56-bb31-c1602c8c9159)
2019-12-20 03:54:57.883 22837 RALLYDEBUG rally_openstack.cleanup.manager [-] Deleting neutron.security_group object s_rally_2b1ac99c_FI7hygZY (9b47b1ed-06dd-4834-96a1-b320d686c53c)
2019-12-20 03:54:57.887 22837 RALLYDEBUG rally_openstack.cleanup.manager [-] Deleting neutron.security_group object s_rally_2b1ac99c_lVe663Md (a2e92210-5bd3-4069-8cde-1e1fd78d0549)
2019-12-20 03:54:58.821 22837 RALLYDEBUG rally_openstack.cleanup.manager [-] Deleting neutron.security_group object s_rally_2b1ac99c_l90k8vLa (b76e391a-2c7d-45a8-9ba6-d5178767dd11)
2019-12-20 03:54:58.840 22837 RALLYDEBUG rally_openstack.cleanup.manager [-] Deleting neutron.security_group object s_rally_2b1ac99c_WQ82hHry (d10ccf52-aebb-481a-8537-cce9908dc611)
2019-12-20 03:54:58.878 22837 RALLYDEBUG rally_openstack.cleanup.manager [-] Deleting neutron.security_group object s_rally_2b1ac99c_my4LvRRk (dd8e6dd9-371b-478e-b004-959df95959a4)
2019-12-20 03:54:59.103 22837 RALLYDEBUG rally_openstack.cleanup.manager [-] Deleting neutron.security_group object s_rally_2b1ac99c_jd1IRJad (dfef1ba4-7b4b-444a-914f-b35209a25a9e)
2019-12-20 03:54:59.141 22837 RALLYDEBUG rally_openstack.cleanup.manager [-] Deleting neutron.security_group object s_rally_2b1ac99c_xF5lgM0A (e87803fe-5f09-4b65-90c0-98df54d238fd)
2019-12-20 03:54:59.169 22837 RALLYDEBUG rally_openstack.cleanup.manager [-] Deleting neutron.security_group object s_rally_2b1ac99c_752gOdvs (ee9e8fbb-e625-4105-a982-3337fcaba26d)
2019-12-20 03:54:59.188 22837 RALLYDEBUG rally_openstack.cleanup.manager [-] Deleting neutron.security_group object s_rally_2b1ac99c_XwuwNSz9 (ef6af2bc-7eb0-4626-8c11-e41a3755c3d9)
2019-12-20 03:54:59.201 22837 RALLYDEBUG rally_openstack.cleanup.manager [-] Deleting neutron.security_group object s_rally_2b1ac99c_lySNQnk2 (f3d43527-7f47-4fc0-9e2e-4a0669007695)
2019-12-20 03:54:59.209 22837 RALLYDEBUG rally_openstack.cleanup.manager [-] Deleting neutron.security_group object s_rally_2b1ac99c_Wc5czNyq (fbad0d24-49c0-4c79-bf26-66ed276cf963)
2019-12-20 03:54:59.234 22837 RALLYDEBUG rally_openstack.cleanup.manager [-] Deleting neutron.security_group object s_rally_2b1ac99c_JaU1dQMZ (ff106789-2b0d-4fac-886e-31e36d4dac8a)
2019-12-20 03:55:00.954 22837 INFO rally.task.context [-] Task 84746148-888c-473c-b4f6-f4e13c6f4f74 | Context cleanup@openstack cleanup() finished in 14.42 sec
2019-12-20 03:55:00.955 22837 INFO rally.task.context [-] Task 84746148-888c-473c-b4f6-f4e13c6f4f74 | Context quotas@openstack cleanup() started
2019-12-20 03:55:01.113 22837 INFO rally.task.context [-] Task 84746148-888c-473c-b4f6-f4e13c6f4f74 | Context quotas@openstack cleanup() finished in 0.16 sec
2019-12-20 03:55:01.114 22837 INFO rally.task.context [-] Task 84746148-888c-473c-b4f6-f4e13c6f4f74 | Context users@openstack cleanup() started
2019-12-20 03:55:04.483 22837 INFO rally.task.context [-] Task 84746148-888c-473c-b4f6-f4e13c6f4f74 | Context users@openstack cleanup() finished in 3.37 sec
2019-12-20 03:55:05.289 22837 INFO rally.task.engine [-] Load duration is: 4.112131
2019-12-20 03:55:05.289 22837 INFO rally.task.engine [-] Full runner duration is: 4.155067
2019-12-20 03:55:05.290 22837 INFO rally.task.engine [-] Full duration is: 25.324292
2019-12-20 03:55:05.579 22837 INFO rally.task.engine [-] Task 84746148-888c-473c-b4f6-f4e13c6f4f74 | Completed: Running task.
2019-12-20 03:55:07.337 31814 RALLYDEBUG rally.api [-] INFO logs from urllib3 and requests module are hide.
2019-12-20 03:55:07.337 31814 RALLYDEBUG rally.api [-] urllib3 insecure warnings are hidden.
2019-12-20 03:55:07.337 31814 RALLYDEBUG rally.api [-] ERROR log from boto module is hide.
2019-12-20 03:55:08.558 31815 RALLYDEBUG rally.api [-] INFO logs from urllib3 and requests module are hide.
2019-12-20 03:55:08.558 31815 RALLYDEBUG rally.api [-] urllib3 insecure warnings are hidden.
2019-12-20 03:55:08.558 31815 RALLYDEBUG rally.api [-] ERROR log from boto module is hide.
2019-12-20 03:55:09.788 31816 RALLYDEBUG rally.api [-] INFO logs from urllib3 and requests module are hide.
2019-12-20 03:55:09.788 31816 RALLYDEBUG rally.api [-] urllib3 insecure warnings are hidden.
2019-12-20 03:55:09.788 31816 RALLYDEBUG rally.api [-] ERROR log from boto module is hide.
2019-12-20 03:55:11.333 31816 INFO rally.common.plugin.discover [-] Loading plugins from directories /root/.rally/plugins/*
2019-12-20 03:55:11.334 31816 INFO rally.common.plugin.discover [-] Loaded module with plugins: /root/.rally/plugins/__init__.py
2019-12-20 03:55:11.496 31816 INFO rally.api [-] Building 'json' report for the following task(s): '84746148-888c-473c-b4f6-f4e13c6f4f74'.
2019-12-20 03:55:11.680 31816 INFO rally.api [-] The report has been successfully built.
2019-12-20 03:55:13.118 31818 RALLYDEBUG rally.api [-] INFO logs from urllib3 and requests module are hide.
2019-12-20 03:55:13.119 31818 RALLYDEBUG rally.api [-] urllib3 insecure warnings are hidden.
2019-12-20 03:55:13.119 31818 RALLYDEBUG rally.api [-] ERROR log from boto module is hide.
2019-12-20 03:55:14.673 31818 INFO rally.common.plugin.discover [-] Loading plugins from directories /root/.rally/plugins/*
2019-12-20 03:55:14.673 31818 INFO rally.common.plugin.discover [-] Loaded module with plugins: /root/.rally/plugins/__init__.py
2019-12-20 03:55:14.843 31818 INFO rally.api [-] Building 'html' report for the following task(s): '84746148-888c-473c-b4f6-f4e13c6f4f74'.
2019-12-20 03:55:15.027 31818 INFO rally.api [-] The report has been successfully built.
2019-12-20 03:55:16.296 31820 RALLYDEBUG rally.api [-] INFO logs from urllib3 and requests module are hide.
2019-12-20 03:55:16.297 31820 RALLYDEBUG rally.api [-] urllib3 insecure warnings are hidden.
2019-12-20 03:55:16.297 31820 RALLYDEBUG rally.api [-] ERROR log from boto module is hide.
2019-12-20 03:55:17.909 31820 INFO rally.common.plugin.discover [-] Loading plugins from directories /root/.rally/plugins/*
2019-12-20 03:55:17.910 31820 INFO rally.common.plugin.discover [-] Loaded module with plugins: /root/.rally/plugins/__init__.py
2019-12-20 03:55:18.081 31820 INFO rally.api [-] Building 'junit-xml' report for the following task(s): '84746148-888c-473c-b4f6-f4e13c6f4f74'.
2019-12-20 03:55:18.086 31820 INFO rally.api [-] The report has been successfully built.