2019-12-20 03:45:26.629 22837 RALLYDEBUG rally_openstack.cleanup.manager [-] Deleting neutron.port object s_rally_c4af7efd_bTsfEYKX (d74c39e5-ac17-4e7e-b37d-ffdfd10b3e79)
2019-12-20 03:45:26.683 22837 RALLYDEBUG rally_openstack.cleanup.manager [-] Deleting neutron.port object s_rally_c4af7efd_JEmB1gRa (d787cf3b-9d06-4306-bd0b-8519f5fece05)
2019-12-20 03:45:26.789 22837 RALLYDEBUG rally_openstack.cleanup.manager [-] Deleting neutron.port object s_rally_c4af7efd_M6g5R20n (d818e340-71e2-49a5-a646-4441bd14b9da)
2019-12-20 03:45:26.888 22837 RALLYDEBUG rally_openstack.cleanup.manager [-] Deleting neutron.port object s_rally_c4af7efd_VTjXPzQN (d826e9ee-e547-4752-8b20-017b47eae68b)
2019-12-20 03:45:27.004 22837 RALLYDEBUG rally_openstack.cleanup.manager [-] Deleting neutron.port object s_rally_c4af7efd_BSWY9DVR (d8a69470-e9ff-4140-bcf0-f833d8690fc8)
2019-12-20 03:45:27.044 22837 RALLYDEBUG rally_openstack.cleanup.manager [-] Deleting neutron.port object s_rally_c4af7efd_i7oEjtHl (d9bb52f9-014b-4c80-8486-2b0dc7084913)
2019-12-20 03:45:27.052 22837 RALLYDEBUG rally_openstack.cleanup.manager [-] Deleting neutron.port object s_rally_c4af7efd_gQEmZYRr (d9eed111-42a8-4b38-9d60-fee151be09d9)
2019-12-20 03:45:27.230 22837 RALLYDEBUG rally_openstack.cleanup.manager [-] Deleting neutron.port object s_rally_c4af7efd_QlYvv2X7 (db982d6a-685a-432f-9d22-8a915edf1326)
2019-12-20 03:45:27.245 22837 RALLYDEBUG rally_openstack.cleanup.manager [-] Deleting neutron.port object s_rally_c4af7efd_rdWyZXji (dc473fde-6e82-4644-a1bf-5a76ebe6f320)
2019-12-20 03:45:27.451 22837 RALLYDEBUG rally_openstack.cleanup.manager [-] Deleting neutron.port object s_rally_c4af7efd_FA8Lvl10 (dcbd7cce-f6cf-456e-b4d6-efedd091f178)
2019-12-20 03:45:27.597 22837 RALLYDEBUG rally_openstack.cleanup.manager [-] Deleting neutron.port object s_rally_c4af7efd_oCMpuZrI (de140b78-059f-413f-9a10-3c4615896399)
2019-12-20 03:45:27.601 22837 RALLYDEBUG rally_openstack.cleanup.manager [-] Deleting neutron.port object s_rally_c4af7efd_AMatWLQ2 (de3d76c1-009e-45ff-b06d-0e01e54bb47a)
2019-12-20 03:45:27.605 22837 RALLYDEBUG rally_openstack.cleanup.manager [-] Deleting neutron.port object s_rally_c4af7efd_XA4bamWZ (defc867f-269f-4410-89b3-f34297bb3cf4)
2019-12-20 03:45:27.725 22837 RALLYDEBUG rally_openstack.cleanup.manager [-] Deleting neutron.port object s_rally_c4af7efd_OMPeHj74 (dfb1e085-c1ff-4420-9006-735346bb9815)
2019-12-20 03:45:27.774 22837 RALLYDEBUG rally_openstack.cleanup.manager [-] Deleting neutron.port object s_rally_c4af7efd_tzNAxW72 (dfdb31ee-4338-4346-8875-14bd48c32e82)
2019-12-20 03:45:27.924 22837 RALLYDEBUG rally_openstack.cleanup.manager [-] Deleting neutron.port object s_rally_c4af7efd_BtSYWPeh (e01033ca-0ea5-486e-aecf-db02f3264e39)
2019-12-20 03:45:27.962 22837 RALLYDEBUG rally_openstack.cleanup.manager [-] Deleting neutron.port object s_rally_c4af7efd_7VbeZWy8 (e0f1cc79-5a60-4bae-bf2b-4fa468d7e709)
2019-12-20 03:45:27.967 22837 RALLYDEBUG rally_openstack.cleanup.manager [-] Deleting neutron.port object s_rally_c4af7efd_L93eOEYI (e2f3a450-57b9-4e57-9c06-ac8cfddb6f06)
2019-12-20 03:45:28.140 22837 RALLYDEBUG rally_openstack.cleanup.manager [-] Deleting neutron.port object s_rally_c4af7efd_S0zDXqL6 (e31bd16a-c655-407a-8d10-58e423a6f63a)
2019-12-20 03:45:28.167 22837 RALLYDEBUG rally_openstack.cleanup.manager [-] Deleting neutron.port object s_rally_c4af7efd_za4b94T2 (e3575f95-bb24-4c82-b462-f481b088484c)
2019-12-20 03:45:28.357 22837 RALLYDEBUG rally_openstack.cleanup.manager [-] Deleting neutron.port object s_rally_c4af7efd_xIAtdiyw (e3d45517-4038-41cc-8eeb-3d47a3c5d92b)
2019-12-20 03:45:28.393 22837 RALLYDEBUG rally_openstack.cleanup.manager [-] Deleting neutron.port object s_rally_c4af7efd_CVVcWAOp (e457ca05-63e0-436d-9d71-bdf203aff827)
2019-12-20 03:45:28.484 22837 RALLYDEBUG rally_openstack.cleanup.manager [-] Deleting neutron.port object s_rally_c4af7efd_ckkHo5Mt (e4712da6-254b-41e1-bf01-4b9b4257ada2)
2019-12-20 03:45:28.649 22837 RALLYDEBUG rally_openstack.cleanup.manager [-] Deleting neutron.port object s_rally_c4af7efd_tNzgoxGu (e4b5ee54-5fc4-4ef2-93f0-2570f57762ff)
2019-12-20 03:45:28.716 22837 RALLYDEBUG rally_openstack.cleanup.manager [-] Deleting neutron.port object s_rally_c4af7efd_dGGX548A (e5acdb4c-8fa1-44bd-8b80-7eb6f0df4e62)
2019-12-20 03:45:28.774 22837 RALLYDEBUG rally_openstack.cleanup.manager [-] Deleting neutron.port object s_rally_c4af7efd_AN5IrzI3 (e6b33872-53a3-4976-aaf6-87588cb79d7e)
2019-12-20 03:45:28.974 22837 RALLYDEBUG rally_openstack.cleanup.manager [-] Deleting neutron.port object s_rally_c4af7efd_4uhQacwy (e6c1f1f6-2cd0-455b-9613-7f6a90cc1c8d)
2019-12-20 03:45:29.001 22837 RALLYDEBUG rally_openstack.cleanup.manager [-] Deleting neutron.port object s_rally_c4af7efd_7cCWWwVO (e7227461-51e1-4148-9757-0237c63d2a00)
2019-12-20 03:45:29.182 22837 RALLYDEBUG rally_openstack.cleanup.manager [-] Deleting neutron.port object s_rally_c4af7efd_kRl7KuFn (e7542710-bfcd-430b-a3b0-6372593a75a4)
2019-12-20 03:45:29.349 22837 RALLYDEBUG rally_openstack.cleanup.manager [-] Deleting neutron.port object s_rally_c4af7efd_ASx4aj5w (e864eaae-bc38-456d-8c5c-60080791ffd8)
2019-12-20 03:45:29.357 22837 RALLYDEBUG rally_openstack.cleanup.manager [-] Deleting neutron.port object s_rally_c4af7efd_hWy3FLAe (e87a70d7-a512-41fc-bb1b-603f39b94693)
2019-12-20 03:45:29.387 22837 RALLYDEBUG rally_openstack.cleanup.manager [-] Deleting neutron.port object s_rally_c4af7efd_OcyJFNhJ (e880581e-0c15-4d11-abc9-06102ae14274)
2019-12-20 03:45:29.669 22837 RALLYDEBUG rally_openstack.cleanup.manager [-] Deleting neutron.port object s_rally_c4af7efd_rUbFnTqT (ea4bed95-f550-4fd7-8129-0fef4a21d2ab)
2019-12-20 03:45:29.700 22837 RALLYDEBUG rally_openstack.cleanup.manager [-] Deleting neutron.port object s_rally_c4af7efd_kyHMlleB (ec2f98e1-3a22-424c-a742-c7a180167078)
2019-12-20 03:45:29.734 22837 RALLYDEBUG rally_openstack.cleanup.manager [-] Deleting neutron.port object s_rally_c4af7efd_NxKOmq12 (ecbab1bb-4626-489c-abc4-8590ff855514)
2019-12-20 03:45:29.913 22837 RALLYDEBUG rally_openstack.cleanup.manager [-] Deleting neutron.port object s_rally_c4af7efd_3ewYpFHW (ee9ca78e-e668-4ae5-afb1-0b6d7f85988d)
2019-12-20 03:45:29.969 22837 RALLYDEBUG rally_openstack.cleanup.manager [-] Deleting neutron.port object s_rally_c4af7efd_P3CuuLNH (ef028c57-fc84-4803-9667-0089d494be92)
2019-12-20 03:45:29.983 22837 RALLYDEBUG rally_openstack.cleanup.manager [-] Deleting neutron.port object s_rally_c4af7efd_TaKgTJZm (ef910b3f-aa8a-4a50-938f-c9d124b6ab8d)
2019-12-20 03:45:30.101 22837 RALLYDEBUG rally_openstack.cleanup.manager [-] Deleting neutron.port object s_rally_c4af7efd_Ux588IUe (efb14cf6-e928-4430-ae06-63a656da09cb)
2019-12-20 03:45:30.118 22837 RALLYDEBUG rally_openstack.cleanup.manager [-] Deleting neutron.port object s_rally_c4af7efd_6RcvW5B4 (f05d3cb3-97f6-404f-a9fa-888bc7c6cd2d)
2019-12-20 03:45:30.187 22837 RALLYDEBUG rally_openstack.cleanup.manager [-] Deleting neutron.port object s_rally_c4af7efd_W9WeoI0f (f066bd99-3a4c-4dbb-80cf-3d77c9fe6a91)
2019-12-20 03:45:30.270 22837 RALLYDEBUG rally_openstack.cleanup.manager [-] Deleting neutron.port object s_rally_c4af7efd_BfYUFiPL (f0fa1db6-1ed2-4518-8265-e1e5555ed184)
2019-12-20 03:45:30.379 22837 RALLYDEBUG rally_openstack.cleanup.manager [-] Deleting neutron.port object s_rally_c4af7efd_YjvZz1jJ (f14461a8-6223-4b27-ab13-f579c2895ccb)
2019-12-20 03:45:30.397 22837 RALLYDEBUG rally_openstack.cleanup.manager [-] Deleting neutron.port object s_rally_c4af7efd_qfnG3WcF (f18732e4-1d16-4915-9a18-c52409086c42)
2019-12-20 03:45:30.451 22837 RALLYDEBUG rally_openstack.cleanup.manager [-] Deleting neutron.port object s_rally_c4af7efd_7nGRy5NO (f4003e9e-a890-42de-9420-8d882b49cc45)
2019-12-20 03:45:30.551 22837 RALLYDEBUG rally_openstack.cleanup.manager [-] Deleting neutron.port object s_rally_c4af7efd_FIAjiLBV (f430437f-3fea-475a-94d2-d6877de33d4c)
2019-12-20 03:45:30.703 22837 RALLYDEBUG rally_openstack.cleanup.manager [-] Deleting neutron.port object s_rally_c4af7efd_lEguZCfV (f4db13c1-7d09-427a-86e2-f95dc1317428)
2019-12-20 03:45:30.711 22837 RALLYDEBUG rally_openstack.cleanup.manager [-] Deleting neutron.port object s_rally_c4af7efd_iGsJFhkX (f552e3bd-adb8-4fb6-a14a-90a06905508d)
2019-12-20 03:45:30.917 22837 RALLYDEBUG rally_openstack.cleanup.manager [-] Deleting neutron.port object s_rally_c4af7efd_8YYAG3Y8 (f5c14fb0-8de7-4c3f-bef9-703f738bc09e)
2019-12-20 03:45:31.077 22837 RALLYDEBUG rally_openstack.cleanup.manager [-] Deleting neutron.port object s_rally_c4af7efd_y5BGZUCs (f6cf5ed8-7ee4-442b-969f-b3da6c2e777b)
2019-12-20 03:45:31.103 22837 RALLYDEBUG rally_openstack.cleanup.manager [-] Deleting neutron.port object s_rally_c4af7efd_kz2HtcUa (f8792cd1-cae4-4685-a897-007942e016dd)
2019-12-20 03:45:31.126 22837 RALLYDEBUG rally_openstack.cleanup.manager [-] Deleting neutron.port object s_rally_c4af7efd_yW2xnqJP (f8d6af5e-1730-4c3d-903f-52c6d331438d)
2019-12-20 03:45:31.440 22837 RALLYDEBUG rally_openstack.cleanup.manager [-] Deleting neutron.port object s_rally_c4af7efd_K2OWoVJS (f9215cc6-964d-4103-ba80-1e565dc577cc)
2019-12-20 03:45:31.494 22837 RALLYDEBUG rally_openstack.cleanup.manager [-] Deleting neutron.port object s_rally_c4af7efd_SreW4X3y (f9653429-aa8e-4127-91bd-d2d8f9707aaa)
2019-12-20 03:45:31.755 22837 RALLYDEBUG rally_openstack.cleanup.manager [-] Deleting neutron.port object s_rally_c4af7efd_xm1UWcFb (f98349b6-c1fc-4dc0-bf8b-03c2b803f0d4)
2019-12-20 03:45:31.772 22837 RALLYDEBUG rally_openstack.cleanup.manager [-] Deleting neutron.port object s_rally_c4af7efd_1TuUyhUJ (faaf02fe-4a92-45de-9a75-3131a9722e86)
2019-12-20 03:45:31.956 22837 RALLYDEBUG rally_openstack.cleanup.manager [-] Deleting neutron.port object s_rally_c4af7efd_dNeqxrRB (fab76510-0c54-4ac9-b149-12cdca8b2282)
2019-12-20 03:45:31.964 22837 RALLYDEBUG rally_openstack.cleanup.manager [-] Deleting neutron.port object s_rally_c4af7efd_p1R20QDK (fb1c58ef-13f7-4839-836a-71fe82a8abf5)
2019-12-20 03:45:31.968 22837 RALLYDEBUG rally_openstack.cleanup.manager [-] Deleting neutron.port object s_rally_c4af7efd_uA5kLp13 (fb6fdf7c-8c5c-472a-8eda-19fef6e37aa1)
2019-12-20 03:45:32.068 22837 RALLYDEBUG rally_openstack.cleanup.manager [-] Deleting neutron.port object s_rally_c4af7efd_X1BwIvdB (fb9db1da-f494-44a8-934d-de6573b4fbd3)
2019-12-20 03:45:32.122 22837 RALLYDEBUG rally_openstack.cleanup.manager [-] Deleting neutron.port object s_rally_c4af7efd_s9Ext2Uz (fc4b20ae-9a6f-4f36-adce-40ef1b597224)
2019-12-20 03:45:32.157 22837 RALLYDEBUG rally_openstack.cleanup.manager [-] Deleting neutron.port object s_rally_c4af7efd_rWJTF40j (fc556a59-ae9a-4f7b-9b63-7b373304de2f)
2019-12-20 03:45:32.173 22837 RALLYDEBUG rally_openstack.cleanup.manager [-] Deleting neutron.port object s_rally_c4af7efd_xj2JvLWg (fc5a0282-828d-4391-a047-f6b1fc6f0e09)
2019-12-20 03:45:32.316 22837 RALLYDEBUG rally_openstack.cleanup.manager [-] Deleting neutron.port object s_rally_c4af7efd_PFxAuouV (fc7e5fed-9d7d-4ce4-8bd3-9a55e7788a83)
2019-12-20 03:45:32.504 22837 RALLYDEBUG rally_openstack.cleanup.manager [-] Deleting neutron.port object s_rally_c4af7efd_2el6fqa0 (fce05a65-1855-483a-b3b8-0d80179d02ce)
2019-12-20 03:45:32.512 22837 RALLYDEBUG rally_openstack.cleanup.manager [-] Deleting neutron.port object s_rally_c4af7efd_bV9yKn7Q (ff4049d2-97e7-4fac-9bca-c2ad0c6349a9)
2019-12-20 03:45:32.613 22837 RALLYDEBUG rally_openstack.cleanup.manager [-] Deleting neutron.port object s_rally_c4af7efd_0sdOhTC5 (ff615772-a7e3-4ee2-82db-43eacf3bc23e)
2019-12-20 03:45:32.674 22837 RALLYDEBUG rally_openstack.cleanup.manager [-] Deleting neutron.port object s_rally_c4af7efd_PGRQd0LK (ff9bc40b-1c3a-4e79-8928-57006402125d)
2019-12-20 03:45:34.417 22837 RALLYDEBUG rally_openstack.cleanup.manager [-] Cleaning up neutron subnet objects
2019-12-20 03:45:34.833 22837 RALLYDEBUG rally_openstack.cleanup.manager [-] Cleaning up neutron network objects
2019-12-20 03:45:35.302 22837 RALLYDEBUG rally_openstack.cleanup.manager [-] Deleting neutron.network object s_rally_c4af7efd_MCdN6HHV (1995fdee-5f92-4774-b38b-1d45e28828e8)
2019-12-20 03:45:35.311 22837 RALLYDEBUG rally_openstack.cleanup.manager [-] Deleting neutron.network object s_rally_c4af7efd_ueOngeNZ (3a23d9fa-bb9f-4a2d-83c1-2e9dc9e97da9)
2019-12-20 03:45:35.320 22837 RALLYDEBUG rally_openstack.cleanup.manager [-] Deleting neutron.network object s_rally_c4af7efd_pNHXUojG (6543b79a-9289-4793-b7db-61664687b8f8)
2019-12-20 03:45:35.328 22837 RALLYDEBUG rally_openstack.cleanup.manager [-] Deleting neutron.network object s_rally_c4af7efd_fHSxIGrz (a14067e3-7781-4adc-bec8-d206722fa628)
2019-12-20 03:45:35.337 22837 RALLYDEBUG rally_openstack.cleanup.manager [-] Deleting neutron.network object s_rally_c4af7efd_lsnsrGNQ (a15c5271-0609-4ce7-92a0-5633d0bf26c0)
2019-12-20 03:45:35.343 22837 RALLYDEBUG rally_openstack.cleanup.manager [-] Deleting neutron.network object s_rally_c4af7efd_0enGBeBO (c3b56f80-d707-4232-be4f-82ea6cc5d60e)
2019-12-20 03:45:35.355 22837 RALLYDEBUG rally_openstack.cleanup.manager [-] Deleting neutron.network object s_rally_c4af7efd_gdFxKHsg (e098187c-b379-4def-8fb4-aac50e24ae81)
2019-12-20 03:45:35.363 22837 RALLYDEBUG rally_openstack.cleanup.manager [-] Deleting neutron.network object s_rally_c4af7efd_sC1RR3BF (ffd1cf73-e940-4825-b21c-9d1ffbd678bb)
2019-12-20 03:45:38.345 22837 RALLYDEBUG rally_openstack.cleanup.manager [-] Cleaning up neutron router objects
2019-12-20 03:45:38.786 22837 RALLYDEBUG rally_openstack.cleanup.manager [-] Cleaning up neutron security_group objects
2019-12-20 03:45:39.208 22837 INFO rally.task.context [-] Task 84746148-888c-473c-b4f6-f4e13c6f4f74 | Context cleanup@openstack cleanup() finished in 46.74 sec
2019-12-20 03:45:39.208 22837 INFO rally.task.context [-] Task 84746148-888c-473c-b4f6-f4e13c6f4f74 | Context quotas@openstack cleanup() started
2019-12-20 03:45:39.309 22837 INFO rally.task.context [-] Task 84746148-888c-473c-b4f6-f4e13c6f4f74 | Context quotas@openstack cleanup() finished in 0.10 sec
2019-12-20 03:45:39.309 22837 INFO rally.task.context [-] Task 84746148-888c-473c-b4f6-f4e13c6f4f74 | Context users@openstack cleanup() started
2019-12-20 03:45:42.028 22837 INFO rally.task.context [-] Task 84746148-888c-473c-b4f6-f4e13c6f4f74 | Context users@openstack cleanup() finished in 2.72 sec
2019-12-20 03:45:43.539 22837 INFO rally.task.engine [-] Load duration is: 56.289421
2019-12-20 03:45:43.539 22837 INFO rally.task.engine [-] Full runner duration is: 56.470004
2019-12-20 03:45:43.540 22837 INFO rally.task.engine [-] Full duration is: 108.97029
2019-12-20 03:45:43.806 22837 INFO rally.task.engine [-] Running workload: position = 1 config = { "version": 2, "title": "A cropped version of a bigger task.", "description": "Auto-generated task from a single workload (uuid=6cf7a2a6-a12a-482e-8d6e-33b74325c1f1)", "subtasks": [ { "title": "NeutronNetworks.create_and_update_ports", "description": "Create and update a given number of ports.", "scenario": { "NeutronNetworks.create_and_update_ports": { "network_create_args": {}, "port_create_args": {}, "ports_per_network": 5, "port_update_args": { "admin_state_up": false, "device_id": "dummy_id", "device_owner": "dummy_owner", "name": "_port_updated" } } }, "contexts": { "users": { "tenants": 1, "users_per_tenant": 1 }, "quotas": { "neutron": { "network": -1, "port": -1 } } }, "runner": { "constant": { "times": 40, "concurrency": 20 } }, "hooks": [], "sla": { "failure_rate": { "max": 0 } } } ] }
2019-12-20 03:45:43.830 22837 RALLYDEBUG rally_openstack.contexts.keystone.users [-] Creating 1 tenants using 20 threads
2019-12-20 03:45:44.763 22837 RALLYDEBUG rally_openstack.contexts.keystone.users [-] Creating 1 users using 20 threads
2019-12-20 03:45:46.177 22837 INFO rally.task.context [-] Task 84746148-888c-473c-b4f6-f4e13c6f4f74 | Context users@openstack setup() finished in 2.35 sec
2019-12-20 03:45:46.642 22837 INFO rally.task.context [-] Task 84746148-888c-473c-b4f6-f4e13c6f4f74 | Context quotas@openstack setup() finished in 0.46 sec
2019-12-20 03:45:46.643 22837 INFO rally.task.context [-] Task 84746148-888c-473c-b4f6-f4e13c6f4f74 | Context cleanup@openstack setup() finished in 0.01 msec
2019-12-20 03:45:46.651 22837 RALLYDEBUG rally.task.runner [-] Starting the constant runner (task UUID: 84746148-888c-473c-b4f6-f4e13c6f4f74). times: 40 concurrency: 20 timeout: 0 max_cpu_used: 16 processes_to_start: 16 concurrency_per_worker: 1 concurrency_overhead: 4
2019-12-20 03:45:46.662 26913 RALLYDEBUG rally.task.runner [-] Starting a worker. times: 40 duration: None concurrency: 2 timeout: 0 cls: method_name: run args: {"network_create_args": {}, "port_create_args": {}, "ports_per_network": 5, "port_update_args": {"admin_state_up": false, "device_id": "dummy_id", "device_owner": "dummy_owner", "name": "_port_updated"}}
2019-12-20 03:45:46.666 26914 RALLYDEBUG rally.task.runner [-] Starting a worker. times: 40 duration: None concurrency: 2 timeout: 0 cls: method_name: run args: {"network_create_args": {}, "port_create_args": {}, "ports_per_network": 5, "port_update_args": {"admin_state_up": false, "device_id": "dummy_id", "device_owner": "dummy_owner", "name": "_port_updated"}}
2019-12-20 03:45:46.670 26913 INFO rally.task.runner [-] Task 84746148-888c-473c-b4f6-f4e13c6f4f74 | ITER: 1 START
2019-12-20 03:45:46.669 26915 RALLYDEBUG rally.task.runner [-] Starting a worker. times: 40 duration: None concurrency: 2 timeout: 0 cls: method_name: run args: {"network_create_args": {}, "port_create_args": {}, "ports_per_network": 5, "port_update_args": {"admin_state_up": false, "device_id": "dummy_id", "device_owner": "dummy_owner", "name": "_port_updated"}}
2019-12-20 03:45:46.673 26914 INFO rally.task.runner [-] Task 84746148-888c-473c-b4f6-f4e13c6f4f74 | ITER: 3 START
2019-12-20 03:45:46.671 26913 INFO rally.task.runner [-] Task 84746148-888c-473c-b4f6-f4e13c6f4f74 | ITER: 2 START
2019-12-20 03:45:46.673 26918 RALLYDEBUG rally.task.runner [-] Starting a worker. times: 40 duration: None concurrency: 2 timeout: 0 cls: method_name: run args: {"network_create_args": {}, "port_create_args": {}, "ports_per_network": 5, "port_update_args": {"admin_state_up": false, "device_id": "dummy_id", "device_owner": "dummy_owner", "name": "_port_updated"}}
2019-12-20 03:45:46.672 26913 WARNING rally_openstack.scenarios.neutron.utils [-] Running this scenario without either the 'network' or 'existing_network' context is deprecated
2019-12-20 03:45:46.674 26914 WARNING rally_openstack.scenarios.neutron.utils [-] Running this scenario without either the 'network' or 'existing_network' context is deprecated
2019-12-20 03:45:46.675 26922 RALLYDEBUG rally.task.runner [-] Starting a worker. times: 40 duration: None concurrency: 1 timeout: 0 cls: method_name: run args: {"network_create_args": {}, "port_create_args": {}, "ports_per_network": 5, "port_update_args": {"admin_state_up": false, "device_id": "dummy_id", "device_owner": "dummy_owner", "name": "_port_updated"}}
2019-12-20 03:45:46.677 26915 INFO rally.task.runner [-] Task 84746148-888c-473c-b4f6-f4e13c6f4f74 | ITER: 5 START
2019-12-20 03:45:46.680 26918 INFO rally.task.runner [-] Task 84746148-888c-473c-b4f6-f4e13c6f4f74 | ITER: 7 START
2019-12-20 03:45:46.679 26926 RALLYDEBUG rally.task.runner [-] Starting a worker. times: 40 duration: None concurrency: 1 timeout: 0 cls: method_name: run args: {"network_create_args": {}, "port_create_args": {}, "ports_per_network": 5, "port_update_args": {"admin_state_up": false, "device_id": "dummy_id", "device_owner": "dummy_owner", "name": "_port_updated"}}
2019-12-20 03:45:46.678 26915 INFO rally.task.runner [-] Task 84746148-888c-473c-b4f6-f4e13c6f4f74 | ITER: 6 START
2019-12-20 03:45:46.681 26922 INFO rally.task.runner [-] Task 84746148-888c-473c-b4f6-f4e13c6f4f74 | ITER: 8 START
2019-12-20 03:45:46.679 26915 WARNING rally_openstack.scenarios.neutron.utils [-] Running this scenario without either the 'network' or 'existing_network' context is deprecated
2019-12-20 03:45:46.683 26922 WARNING rally_openstack.scenarios.neutron.utils [-] Running this scenario without either the 'network' or 'existing_network' context is deprecated
2019-12-20 03:45:46.682 26918 INFO rally.task.runner [-] Task 84746148-888c-473c-b4f6-f4e13c6f4f74 | ITER: 9 START
2019-12-20 03:45:46.683 26918 WARNING rally_openstack.scenarios.neutron.utils [-] Running this scenario without either the 'network' or 'existing_network' context is deprecated
2019-12-20 03:45:46.684 26930 RALLYDEBUG rally.task.runner [-] Starting a worker. times: 40 duration: None concurrency: 1 timeout: 0 cls: method_name: run args: {"network_create_args": {}, "port_create_args": {}, "ports_per_network": 5, "port_update_args": {"admin_state_up": false, "device_id": "dummy_id", "device_owner": "dummy_owner", "name": "_port_updated"}}
2019-12-20 03:45:46.685 26926 INFO rally.task.runner [-] Task 84746148-888c-473c-b4f6-f4e13c6f4f74 | ITER: 10 START
2019-12-20 03:45:46.674 26913 WARNING rally_openstack.scenarios.neutron.utils [-] Running this scenario without either the 'network' or 'existing_network' context is deprecated
2019-12-20 03:45:46.687 26926 WARNING rally_openstack.scenarios.neutron.utils [-] Running this scenario without either the 'network' or 'existing_network' context is deprecated
2019-12-20 03:45:46.682 26914 INFO rally.task.runner [-] Task 84746148-888c-473c-b4f6-f4e13c6f4f74 | ITER: 4 START
2019-12-20 03:45:46.687 26934 RALLYDEBUG rally.task.runner [-] Starting a worker. times: 40 duration: None concurrency: 1 timeout: 0 cls: method_name: run args: {"network_create_args": {}, "port_create_args": {}, "ports_per_network": 5, "port_update_args": {"admin_state_up": false, "device_id": "dummy_id", "device_owner": "dummy_owner", "name": "_port_updated"}}
2019-12-20 03:45:46.689 26914 WARNING rally_openstack.scenarios.neutron.utils [-] Running this scenario without either the 'network' or 'existing_network' context is deprecated
2019-12-20 03:45:46.691 26930 INFO rally.task.runner [-] Task 84746148-888c-473c-b4f6-f4e13c6f4f74 | ITER: 11 START
2019-12-20 03:45:46.692 26930 WARNING rally_openstack.scenarios.neutron.utils [-] Running this scenario without either the 'network' or 'existing_network' context is deprecated
2019-12-20 03:45:46.692 26934 INFO rally.task.runner [-] Task 84746148-888c-473c-b4f6-f4e13c6f4f74 | ITER: 12 START
2019-12-20 03:45:46.694 26934 WARNING rally_openstack.scenarios.neutron.utils [-] Running this scenario without either the 'network' or 'existing_network' context is deprecated
2019-12-20 03:45:46.682 26915 WARNING rally_openstack.scenarios.neutron.utils [-] Running this scenario without either the 'network' or 'existing_network' context is deprecated
2019-12-20 03:45:46.684 26918 WARNING rally_openstack.scenarios.neutron.utils [-] Running this scenario without either the 'network' or 'existing_network' context is deprecated
2019-12-20 03:45:46.694 26937 RALLYDEBUG rally.task.runner [-] Starting a worker. times: 40 duration: None concurrency: 1 timeout: 0 cls: method_name: run args: {"network_create_args": {}, "port_create_args": {}, "ports_per_network": 5, "port_update_args": {"admin_state_up": false, "device_id": "dummy_id", "device_owner": "dummy_owner", "name": "_port_updated"}}
2019-12-20 03:45:46.698 26942 RALLYDEBUG rally.task.runner [-] Starting a worker. times: 40 duration: None concurrency: 1 timeout: 0 cls: method_name: run args: {"network_create_args": {}, "port_create_args": {}, "ports_per_network": 5, "port_update_args": {"admin_state_up": false, "device_id": "dummy_id", "device_owner": "dummy_owner", "name": "_port_updated"}}
2019-12-20 03:45:46.701 26937 INFO rally.task.runner [-] Task 84746148-888c-473c-b4f6-f4e13c6f4f74 | ITER: 13 START
2019-12-20 03:45:46.702 26937 WARNING rally_openstack.scenarios.neutron.utils [-] Running this scenario without either the 'network' or 'existing_network' context is deprecated
2019-12-20 03:45:46.703 26942 INFO rally.task.runner [-] Task 84746148-888c-473c-b4f6-f4e13c6f4f74 | ITER: 14 START
2019-12-20 03:45:46.706 26942 WARNING rally_openstack.scenarios.neutron.utils [-] Running this scenario without either the 'network' or 'existing_network' context is deprecated
2019-12-20 03:45:46.708 26947 RALLYDEBUG rally.task.runner [-] Starting a worker. times: 40 duration: None concurrency: 1 timeout: 0 cls: method_name: run args: {"network_create_args": {}, "port_create_args": {}, "ports_per_network": 5, "port_update_args": {"admin_state_up": false, "device_id": "dummy_id", "device_owner": "dummy_owner", "name": "_port_updated"}}
2019-12-20 03:45:46.713 26947 INFO rally.task.runner [-] Task 84746148-888c-473c-b4f6-f4e13c6f4f74 | ITER: 15 START
2019-12-20 03:45:46.715 26947 WARNING rally_openstack.scenarios.neutron.utils [-] Running this scenario without either the 'network' or 'existing_network' context is deprecated
2019-12-20 03:45:46.716 26948 RALLYDEBUG rally.task.runner [-] Starting a worker. times: 40 duration: None concurrency: 1 timeout: 0 cls: method_name: run args: {"network_create_args": {}, "port_create_args": {}, "ports_per_network": 5, "port_update_args": {"admin_state_up": false, "device_id": "dummy_id", "device_owner": "dummy_owner", "name": "_port_updated"}}
2019-12-20 03:45:46.720 26948 INFO rally.task.runner [-] Task 84746148-888c-473c-b4f6-f4e13c6f4f74 | ITER: 16 START
2019-12-20 03:45:46.721 26948 WARNING rally_openstack.scenarios.neutron.utils [-] Running this scenario without either the 'network' or 'existing_network' context is deprecated
2019-12-20 03:45:46.722 26951 RALLYDEBUG rally.task.runner [-] Starting a worker. times: 40 duration: None concurrency: 1 timeout: 0 cls: method_name: run args: {"network_create_args": {}, "port_create_args": {}, "ports_per_network": 5, "port_update_args": {"admin_state_up": false, "device_id": "dummy_id", "device_owner": "dummy_owner", "name": "_port_updated"}}
2019-12-20 03:45:46.725 26954 RALLYDEBUG rally.task.runner [-] Starting a worker. times: 40 duration: None concurrency: 1 timeout: 0 cls: method_name: run args: {"network_create_args": {}, "port_create_args": {}, "ports_per_network": 5, "port_update_args": {"admin_state_up": false, "device_id": "dummy_id", "device_owner": "dummy_owner", "name": "_port_updated"}}
2019-12-20 03:45:46.728 26951 INFO rally.task.runner [-] Task 84746148-888c-473c-b4f6-f4e13c6f4f74 | ITER: 17 START
2019-12-20 03:45:46.729 26951 WARNING rally_openstack.scenarios.neutron.utils [-] Running this scenario without either the 'network' or 'existing_network' context is deprecated
2019-12-20 03:45:46.729 26954 INFO rally.task.runner [-] Task 84746148-888c-473c-b4f6-f4e13c6f4f74 | ITER: 18 START
2019-12-20 03:45:46.729 26955 RALLYDEBUG rally.task.runner [-] Starting a worker. times: 40 duration: None concurrency: 1 timeout: 0 cls: method_name: run args: {"network_create_args": {}, "port_create_args": {}, "ports_per_network": 5, "port_update_args": {"admin_state_up": false, "device_id": "dummy_id", "device_owner": "dummy_owner", "name": "_port_updated"}}
2019-12-20 03:45:46.730 26954 WARNING rally_openstack.scenarios.neutron.utils [-] Running this scenario without either the 'network' or 'existing_network' context is deprecated
2019-12-20 03:45:46.733 26955 INFO rally.task.runner [-] Task 84746148-888c-473c-b4f6-f4e13c6f4f74 | ITER: 19 START
2019-12-20 03:45:46.733 26960 RALLYDEBUG rally.task.runner [-] Starting a worker. times: 40 duration: None concurrency: 1 timeout: 0 cls: method_name: run args: {"network_create_args": {}, "port_create_args": {}, "ports_per_network": 5, "port_update_args": {"admin_state_up": false, "device_id": "dummy_id", "device_owner": "dummy_owner", "name": "_port_updated"}}
2019-12-20 03:45:46.734 26955 WARNING rally_openstack.scenarios.neutron.utils [-] Running this scenario without either the 'network' or 'existing_network' context is deprecated
2019-12-20 03:45:46.738 26960 INFO rally.task.runner [-] Task 84746148-888c-473c-b4f6-f4e13c6f4f74 | ITER: 20 START
2019-12-20 03:45:46.739 26960 WARNING rally_openstack.scenarios.neutron.utils [-] Running this scenario without either the 'network' or 'existing_network' context is deprecated
2019-12-20 03:45:54.094 26913 INFO rally.task.runner [-] Task 84746148-888c-473c-b4f6-f4e13c6f4f74 | ITER: 2 END: OK
2019-12-20 03:45:54.098 26913 INFO rally.task.runner [-] Task 84746148-888c-473c-b4f6-f4e13c6f4f74 | ITER: 21 START
2019-12-20 03:45:54.099 26913 WARNING rally_openstack.scenarios.neutron.utils [-] Running this scenario without either the 'network' or 'existing_network' context is deprecated
2019-12-20 03:45:54.215 26960 INFO rally.task.runner [-] Task 84746148-888c-473c-b4f6-f4e13c6f4f74 | ITER: 20 END: OK
2019-12-20 03:45:54.218 26960 INFO rally.task.runner [-] Task 84746148-888c-473c-b4f6-f4e13c6f4f74 | ITER: 22 START
2019-12-20 03:45:54.219 26960 WARNING rally_openstack.scenarios.neutron.utils [-] Running this scenario without either the 'network' or 'existing_network' context is deprecated
2019-12-20 03:45:54.375 26951 INFO rally.task.runner [-] Task 84746148-888c-473c-b4f6-f4e13c6f4f74 | ITER: 17 END: OK
2019-12-20 03:45:54.378 26951 INFO rally.task.runner [-] Task 84746148-888c-473c-b4f6-f4e13c6f4f74 | ITER: 23 START
2019-12-20 03:45:54.379 26951 WARNING rally_openstack.scenarios.neutron.utils [-] Running this scenario without either the 'network' or 'existing_network' context is deprecated
2019-12-20 03:45:54.540 26930 INFO rally.task.runner [-] Task 84746148-888c-473c-b4f6-f4e13c6f4f74 | ITER: 11 END: OK
2019-12-20 03:45:54.544 26930 INFO rally.task.runner [-] Task 84746148-888c-473c-b4f6-f4e13c6f4f74 | ITER: 24 START
2019-12-20 03:45:54.545 26930 WARNING rally_openstack.scenarios.neutron.utils [-] Running this scenario without either the 'network' or 'existing_network' context is deprecated
2019-12-20 03:45:54.556 26937 INFO rally.task.runner [-] Task 84746148-888c-473c-b4f6-f4e13c6f4f74 | ITER: 13 END: OK
2019-12-20 03:45:54.561 26937 INFO rally.task.runner [-] Task 84746148-888c-473c-b4f6-f4e13c6f4f74 | ITER: 25 START
2019-12-20 03:45:54.561 26937 WARNING rally_openstack.scenarios.neutron.utils [-] Running this scenario without either the 'network' or 'existing_network' context is deprecated
2019-12-20 03:45:54.711 26942 INFO rally.task.runner [-] Task 84746148-888c-473c-b4f6-f4e13c6f4f74 | ITER: 14 END: OK
2019-12-20 03:45:54.715 26942 INFO rally.task.runner [-] Task 84746148-888c-473c-b4f6-f4e13c6f4f74 | ITER: 26 START
2019-12-20 03:45:54.716 26942 WARNING rally_openstack.scenarios.neutron.utils [-] Running this scenario without either the 'network' or 'existing_network' context is deprecated
2019-12-20 03:45:55.586 26915 INFO rally.task.runner [-] Task 84746148-888c-473c-b4f6-f4e13c6f4f74 | ITER: 5 END: OK
2019-12-20 03:45:55.590 26915 INFO rally.task.runner [-] Task 84746148-888c-473c-b4f6-f4e13c6f4f74 | ITER: 27 START
2019-12-20 03:45:55.591 26915 WARNING rally_openstack.scenarios.neutron.utils [-] Running this scenario without either the 'network' or 'existing_network' context is deprecated
2019-12-20 03:45:55.789 26955 INFO rally.task.runner [-] Task 84746148-888c-473c-b4f6-f4e13c6f4f74 | ITER: 19 END: OK
2019-12-20 03:45:55.793 26955 INFO rally.task.runner [-] Task 84746148-888c-473c-b4f6-f4e13c6f4f74 | ITER: 28 START
2019-12-20 03:45:55.794 26955 WARNING rally_openstack.scenarios.neutron.utils [-] Running this scenario without either the 'network' or 'existing_network' context is deprecated
2019-12-20 03:45:55.870 26918 INFO rally.task.runner [-] Task 84746148-888c-473c-b4f6-f4e13c6f4f74 | ITER: 9 END: OK
2019-12-20 03:45:55.874 26918 INFO rally.task.runner [-] Task 84746148-888c-473c-b4f6-f4e13c6f4f74 | ITER: 29 START
2019-12-20 03:45:55.875 26918 WARNING rally_openstack.scenarios.neutron.utils [-] Running this scenario without either the 'network' or 'existing_network' context is deprecated
2019-12-20 03:45:55.976 26922 INFO rally.task.runner [-] Task 84746148-888c-473c-b4f6-f4e13c6f4f74 | ITER: 8 END: OK
2019-12-20 03:45:55.981 26922 INFO rally.task.runner [-] Task 84746148-888c-473c-b4f6-f4e13c6f4f74 | ITER: 30 START
2019-12-20 03:45:55.982 26922 WARNING rally_openstack.scenarios.neutron.utils [-] Running this scenario without either the 'network' or 'existing_network' context is deprecated
2019-12-20 03:45:56.090 26947 INFO rally.task.runner [-] Task 84746148-888c-473c-b4f6-f4e13c6f4f74 | ITER: 15 END: OK
2019-12-20 03:45:56.094 26947 INFO rally.task.runner [-] Task 84746148-888c-473c-b4f6-f4e13c6f4f74 | ITER: 31 START
2019-12-20 03:45:56.095 26947 WARNING rally_openstack.scenarios.neutron.utils [-] Running this scenario without either the 'network' or 'existing_network' context is deprecated
2019-12-20 03:45:56.675 26954 INFO rally.task.runner [-] Task 84746148-888c-473c-b4f6-f4e13c6f4f74 | ITER: 18 END: OK
2019-12-20 03:45:56.679 26954 INFO rally.task.runner [-] Task 84746148-888c-473c-b4f6-f4e13c6f4f74 | ITER: 32 START
2019-12-20 03:45:56.679 26954 WARNING rally_openstack.scenarios.neutron.utils [-] Running this scenario without either the 'network' or 'existing_network' context is deprecated
2019-12-20 03:45:56.815 26914 INFO rally.task.runner [-] Task 84746148-888c-473c-b4f6-f4e13c6f4f74 | ITER: 4 END: OK
2019-12-20 03:45:56.819 26914 INFO rally.task.runner [-] Task 84746148-888c-473c-b4f6-f4e13c6f4f74 | ITER: 33 START
2019-12-20 03:45:56.820 26914 WARNING rally_openstack.scenarios.neutron.utils [-] Running this scenario without either the 'network' or 'existing_network' context is deprecated
2019-12-20 03:45:57.073 26948 INFO rally.task.runner [-] Task 84746148-888c-473c-b4f6-f4e13c6f4f74 | ITER: 16 END: OK
2019-12-20 03:45:57.077 26948 INFO rally.task.runner [-] Task 84746148-888c-473c-b4f6-f4e13c6f4f74 | ITER: 34 START
2019-12-20 03:45:57.078 26948 WARNING rally_openstack.scenarios.neutron.utils [-] Running this scenario without either the 'network' or 'existing_network' context is deprecated
2019-12-20 03:45:57.202 26926 INFO rally.task.runner [-] Task 84746148-888c-473c-b4f6-f4e13c6f4f74 | ITER: 10 END: OK
2019-12-20 03:45:57.206 26926 INFO rally.task.runner [-] Task 84746148-888c-473c-b4f6-f4e13c6f4f74 | ITER: 35 START
2019-12-20 03:45:57.207 26926 WARNING rally_openstack.scenarios.neutron.utils [-] Running this scenario without either the 'network' or 'existing_network' context is deprecated
2019-12-20 03:45:57.262 26934 INFO rally.task.runner [-] Task 84746148-888c-473c-b4f6-f4e13c6f4f74 | ITER: 12 END: OK
2019-12-20 03:45:57.265 26934 INFO rally.task.runner [-] Task 84746148-888c-473c-b4f6-f4e13c6f4f74 | ITER: 36 START
2019-12-20 03:45:57.266 26934 WARNING rally_openstack.scenarios.neutron.utils [-] Running this scenario without either the 'network' or 'existing_network' context is deprecated
2019-12-20 03:45:57.389 26913 INFO rally.task.runner [-] Task 84746148-888c-473c-b4f6-f4e13c6f4f74 | ITER: 1 END: OK
2019-12-20 03:45:57.392 26913 INFO rally.task.runner [-] Task 84746148-888c-473c-b4f6-f4e13c6f4f74 | ITER: 37 START
2019-12-20 03:45:57.393 26913 WARNING rally_openstack.scenarios.neutron.utils [-] Running this scenario without either the 'network' or 'existing_network' context is deprecated
2019-12-20 03:45:57.817 26915 INFO rally.task.runner [-] Task 84746148-888c-473c-b4f6-f4e13c6f4f74 | ITER: 6 END: OK
2019-12-20 03:45:57.820 26915 INFO rally.task.runner [-] Task 84746148-888c-473c-b4f6-f4e13c6f4f74 | ITER: 38 START
2019-12-20 03:45:57.821 26915 WARNING rally_openstack.scenarios.neutron.utils [-] Running this scenario without either the 'network' or 'existing_network' context is deprecated
2019-12-20 03:45:58.030 26918 INFO rally.task.runner [-] Task 84746148-888c-473c-b4f6-f4e13c6f4f74 | ITER: 7 END: OK
2019-12-20 03:45:58.032 26914 INFO rally.task.runner [-] Task 84746148-888c-473c-b4f6-f4e13c6f4f74 | ITER: 3 END: OK
2019-12-20 03:45:58.033 26918 INFO rally.task.runner [-] Task 84746148-888c-473c-b4f6-f4e13c6f4f74 | ITER: 39 START
2019-12-20 03:45:58.034 26918 WARNING rally_openstack.scenarios.neutron.utils [-] Running this scenario without either the 'network' or 'existing_network' context is deprecated
2019-12-20 03:45:58.040 26914 INFO rally.task.runner [-] Task 84746148-888c-473c-b4f6-f4e13c6f4f74 | ITER: 40 START
2019-12-20 03:45:58.041 26914 WARNING rally_openstack.scenarios.neutron.utils [-] Running this scenario without either the 'network' or 'existing_network' context is deprecated
2019-12-20 03:46:02.049 26942 INFO rally.task.runner [-] Task 84746148-888c-473c-b4f6-f4e13c6f4f74 | ITER: 26 END: OK
2019-12-20 03:46:02.384 26951 INFO rally.task.runner [-] Task 84746148-888c-473c-b4f6-f4e13c6f4f74 | ITER: 23 END: OK
2019-12-20 03:46:02.620 26913 INFO rally.task.runner [-] Task 84746148-888c-473c-b4f6-f4e13c6f4f74 | ITER: 21 END: OK
2019-12-20 03:46:03.001 26937 INFO rally.task.runner [-] Task 84746148-888c-473c-b4f6-f4e13c6f4f74 | ITER: 25 END: OK
2019-12-20 03:46:03.716 26955 INFO rally.task.runner [-] Task 84746148-888c-473c-b4f6-f4e13c6f4f74 | ITER: 28 END: OK
2019-12-20 03:46:03.856 26914 INFO rally.task.runner [-] Task 84746148-888c-473c-b4f6-f4e13c6f4f74 | ITER: 33 END: OK
2019-12-20 03:46:03.891 26960 INFO rally.task.runner [-] Task 84746148-888c-473c-b4f6-f4e13c6f4f74 | ITER: 22 END: OK
2019-12-20 03:46:03.912 26922 INFO rally.task.runner [-] Task 84746148-888c-473c-b4f6-f4e13c6f4f74 | ITER: 30 END: OK
2019-12-20 03:46:03.981 26947 INFO rally.task.runner [-] Task 84746148-888c-473c-b4f6-f4e13c6f4f74 | ITER: 31 END: OK
2019-12-20 03:46:04.450 26948 INFO rally.task.runner [-] Task 84746148-888c-473c-b4f6-f4e13c6f4f74 | ITER: 34 END: OK
2019-12-20 03:46:04.614 26915 INFO rally.task.runner [-] Task 84746148-888c-473c-b4f6-f4e13c6f4f74 | ITER: 38 END: OK
2019-12-20 03:46:04.667 26934 INFO rally.task.runner [-] Task 84746148-888c-473c-b4f6-f4e13c6f4f74 | ITER: 36 END: OK
2019-12-20 03:46:04.790 26918 INFO rally.task.runner [-] Task 84746148-888c-473c-b4f6-f4e13c6f4f74 | ITER: 29 END: OK
2019-12-20 03:46:04.794 26930 INFO rally.task.runner [-] Task 84746148-888c-473c-b4f6-f4e13c6f4f74 | ITER: 24 END: OK
2019-12-20 03:46:04.897 26954 INFO rally.task.runner [-] Task 84746148-888c-473c-b4f6-f4e13c6f4f74 | ITER: 32 END: OK
2019-12-20 03:46:05.178 26926 INFO rally.task.runner [-] Task 84746148-888c-473c-b4f6-f4e13c6f4f74 | ITER: 35 END: OK
2019-12-20 03:46:05.289 26915 INFO rally.task.runner [-] Task 84746148-888c-473c-b4f6-f4e13c6f4f74 | ITER: 27 END: OK
2019-12-20 03:46:05.380 26913 INFO rally.task.runner [-] Task 84746148-888c-473c-b4f6-f4e13c6f4f74 | ITER: 37 END: OK
2019-12-20 03:46:05.695 26918 INFO rally.task.runner [-] Task 84746148-888c-473c-b4f6-f4e13c6f4f74 | ITER: 39 END: OK
2019-12-20 03:46:05.807 26914 INFO rally.task.runner [-] Task 84746148-888c-473c-b4f6-f4e13c6f4f74 | ITER: 40 END: OK
2019-12-20 03:46:05.836 22837 INFO rally.task.context [-] Task 84746148-888c-473c-b4f6-f4e13c6f4f74 | Context cleanup@openstack cleanup() started
2019-12-20 03:46:05.840 22837 RALLYDEBUG rally_openstack.cleanup.manager [-] Cleaning up neutron vip objects
2019-12-20 03:46:06.226 22837 RALLYDEBUG rally_openstack.cleanup.manager [-] Cleaning up neutron health_monitor objects
2019-12-20 03:46:06.609 22837 RALLYDEBUG rally_openstack.cleanup.manager [-] Cleaning up neutron pool objects
2019-12-20 03:46:06.991 22837 RALLYDEBUG rally_openstack.cleanup.manager [-] Cleaning up neutron loadbalancer objects
2019-12-20 03:46:07.373 22837 RALLYDEBUG rally_openstack.cleanup.manager [-] Cleaning up neutron floatingip objects
2019-12-20 03:46:07.789 22837 RALLYDEBUG rally_openstack.cleanup.manager [-] Cleaning up neutron trunk objects
2019-12-20 03:46:08.182 22837 RALLYDEBUG rally_openstack.cleanup.manager [-] Cleaning up neutron port objects
2019-12-20 03:46:09.143 22837 RALLYDEBUG rally_openstack.cleanup.manager [-] Deleting neutron.port object s_rally_6cf7a2a6_U9CtI8XS (01cf24e6-c0a5-4ec6-994f-e231f0b304c8)
2019-12-20 03:46:09.147 22837 RALLYDEBUG rally_openstack.cleanup.manager [-] Deleting neutron.port object s_rally_6cf7a2a6_UeUbIS1M (01dc7dba-ac3f-4c6f-9640-2b1e6ff73d06)
2019-12-20 03:46:09.157 22837 RALLYDEBUG rally_openstack.cleanup.manager [-] Deleting neutron.port object s_rally_6cf7a2a6_DoZo8guO (0213cca8-274a-45ed-8c54-d9ff8552ddc5)
2019-12-20 03:46:09.166 22837 RALLYDEBUG rally_openstack.cleanup.manager [-] Deleting neutron.port object s_rally_6cf7a2a6_9UWT3jOO (0413defd-06c1-4d39-8804-592cd9b354c1)
2019-12-20 03:46:09.170 22837 RALLYDEBUG rally_openstack.cleanup.manager [-] Deleting neutron.port object s_rally_6cf7a2a6_OEPseIdz (074b8ef0-c286-4911-bc8a-4b0ff096df35)
2019-12-20 03:46:09.192 22837 RALLYDEBUG rally_openstack.cleanup.manager [-] Deleting neutron.port object s_rally_6cf7a2a6_7wZqlrfp (0776bade-9824-4490-9bdb-fe3a45636ee2)
2019-12-20 03:46:09.202 22837 RALLYDEBUG rally_openstack.cleanup.manager [-] Deleting neutron.port object s_rally_6cf7a2a6_odomIhoV (0782e0ad-d8e2-4e78-9fe2-6ddfbef2b9bf)
2019-12-20 03:46:09.210 22837 RALLYDEBUG rally_openstack.cleanup.manager [-] Deleting neutron.port object s_rally_6cf7a2a6_uoaSa0Oy (08534ca2-9325-41f5-be6c-0a5c7adaff32)
2019-12-20 03:46:09.225 22837 RALLYDEBUG rally_openstack.cleanup.manager [-] Deleting neutron.port object s_rally_6cf7a2a6_PbWKu2Gw (0a7ef4ea-dedf-40df-ba7a-983ce7000e4b)
2019-12-20 03:46:09.238 22837 RALLYDEBUG rally_openstack.cleanup.manager [-] Deleting neutron.port object s_rally_6cf7a2a6_BtjMPDVV (0cf14575-ac1d-4485-9be4-f34eb1331d32)
2019-12-20 03:46:09.241 22837 RALLYDEBUG rally_openstack.cleanup.manager [-] Deleting neutron.port object s_rally_6cf7a2a6_4248cL0c (0dcd3c1d-a295-4679-be53-c830817cbde0)
2019-12-20 03:46:09.251 22837 RALLYDEBUG rally_openstack.cleanup.manager [-] Deleting neutron.port object s_rally_6cf7a2a6_wGEv46Bf (0f1d3320-b95c-49dc-a0f2-96359104ef0c)
2019-12-20 03:46:09.267 22837 RALLYDEBUG rally_openstack.cleanup.manager [-] Deleting neutron.port object s_rally_6cf7a2a6_cRVkOsSW (0f69e5d8-92ce-4da8-b889-8d34bec3348f)
2019-12-20 03:46:09.271 22837 RALLYDEBUG rally_openstack.cleanup.manager [-] Deleting neutron.port object s_rally_6cf7a2a6_brFOD7EI (1010376d-f565-4b55-be29-18d627a51f4a)
2019-12-20 03:46:09.290 22837 RALLYDEBUG rally_openstack.cleanup.manager [-] Deleting neutron.port object s_rally_6cf7a2a6_Tu8VQXU3 (101ab212-818c-4604-a030-480223a8efee)
2019-12-20 03:46:09.299 22837 RALLYDEBUG rally_openstack.cleanup.manager [-] Deleting neutron.port object s_rally_6cf7a2a6_6PIgvzzx (12068d89-1d44-4a26-8288-dac73413e03f)
2019-12-20 03:46:09.312 22837 RALLYDEBUG rally_openstack.cleanup.manager [-] Deleting neutron.port object s_rally_6cf7a2a6_mU1dSkS3 (131a9a29-8516-471d-b98d-d37af2a7e606)
2019-12-20 03:46:09.321 22837 RALLYDEBUG rally_openstack.cleanup.manager [-] Deleting neutron.port object s_rally_6cf7a2a6_RnI2SWw1 (13f970a9-c161-47a7-9186-4f913ecc0155)
2019-12-20 03:46:09.334 22837 RALLYDEBUG rally_openstack.cleanup.manager [-] Deleting neutron.port object s_rally_6cf7a2a6_Wt2X5r7D (14a9141c-eca0-4d6f-b7ad-18c93ac9c2a1)
2019-12-20 03:46:09.341 22837 RALLYDEBUG rally_openstack.cleanup.manager [-] Deleting neutron.port object s_rally_6cf7a2a6_s5KFqpnp (14e55062-2ca8-4200-ae94-8582fee6a144)
2019-12-20 03:46:11.059 22837 RALLYDEBUG rally_openstack.cleanup.manager [-] Deleting neutron.port object s_rally_6cf7a2a6_yBtofu8f (1581b3c4-863a-4946-876f-7cd13c446642)
2019-12-20 03:46:11.234 22837 RALLYDEBUG rally_openstack.cleanup.manager [-] Deleting neutron.port object s_rally_6cf7a2a6_zTHVF1Yc (15d6b72d-18f1-4f9d-ae79-4c63e277c009)
2019-12-20 03:46:11.289 22837 RALLYDEBUG rally_openstack.cleanup.manager [-] Deleting neutron.port object s_rally_6cf7a2a6_vKIhqXL6 (19572f74-8ef4-4d00-b85b-10928705cb05)
2019-12-20 03:46:11.298 22837 RALLYDEBUG rally_openstack.cleanup.manager [-] Deleting neutron.port object s_rally_6cf7a2a6_iW6IjZ6x (1b32c4f5-dacf-4103-b9c7-d843a3cc28b6)
2019-12-20 03:46:11.389 22837 RALLYDEBUG rally_openstack.cleanup.manager [-] Deleting neutron.port object s_rally_6cf7a2a6_mi7X1hbZ (1be0661c-4eb5-4c09-83e4-dbb92e70450a)
2019-12-20 03:46:11.472 22837 RALLYDEBUG rally_openstack.cleanup.manager [-] Deleting neutron.port object s_rally_6cf7a2a6_gqZqdxa7 (1c858a20-4f59-4ea3-acb3-ea6e10e319f4)
2019-12-20 03:46:11.481 22837 RALLYDEBUG rally_openstack.cleanup.manager [-] Deleting neutron.port object s_rally_6cf7a2a6_slDuLOPh (1d826b67-8431-41ab-8be6-a997ecf65234)
2019-12-20 03:46:11.490 22837 RALLYDEBUG rally_openstack.cleanup.manager [-] Deleting neutron.port object s_rally_6cf7a2a6_TNi9W7Lk (1e18f7b1-6435-4467-b343-940b7da72250)
2019-12-20 03:46:11.525 22837 RALLYDEBUG rally_openstack.cleanup.manager [-] Deleting neutron.port object s_rally_6cf7a2a6_7L7LM04Q (1e5b78d4-0d10-4931-955b-eda27930fd9e)
2019-12-20 03:46:11.707 22837 RALLYDEBUG rally_openstack.cleanup.manager [-] Deleting neutron.port object s_rally_6cf7a2a6_09fiNOrH (20be7c11-0707-4a23-8996-a4d3ff8c288e)
2019-12-20 03:46:11.716 22837 RALLYDEBUG rally_openstack.cleanup.manager [-] Deleting neutron.port object s_rally_6cf7a2a6_h57Gnoji (211150a6-9236-4041-abfc-5f6c70103fec)
2019-12-20 03:46:11.824 22837 RALLYDEBUG rally_openstack.cleanup.manager [-] Deleting neutron.port object s_rally_6cf7a2a6_83w3A4sQ (21ec6063-3ed7-40cf-a6d3-eadd2382c0a4)
2019-12-20 03:46:11.828 22837 RALLYDEBUG rally_openstack.cleanup.manager [-] Deleting neutron.port object s_rally_6cf7a2a6_Qylkw7qu (22001165-81ff-4e26-ab8a-9d9a1313a3cf)
2019-12-20 03:46:11.859 22837 RALLYDEBUG rally_openstack.cleanup.manager [-] Deleting neutron.port object s_rally_6cf7a2a6_vSSb8WTj (248f6f04-38cb-41b6-91c8-2f609ea8d316)
2019-12-20 03:46:11.871 22837 RALLYDEBUG rally_openstack.cleanup.manager [-] Deleting neutron.port object s_rally_6cf7a2a6_djqz97c1 (2521abcd-6d5b-4316-8e12-ba2a1ea6c73e)
2019-12-20 03:46:11.874 22837 RALLYDEBUG rally_openstack.cleanup.manager [-] Deleting neutron.port object s_rally_6cf7a2a6_zdqWYmpn (2c375efd-812d-453a-ad53-97bf683b8589)
2019-12-20 03:46:11.948 22837 RALLYDEBUG rally_openstack.cleanup.manager [-] Deleting neutron.port object s_rally_6cf7a2a6_XV4vyJvr (2ccb8751-7fa2-42fe-a4c9-ff16ed9f2d8d)
2019-12-20 03:46:11.952 22837 RALLYDEBUG rally_openstack.cleanup.manager [-] Deleting neutron.port object s_rally_6cf7a2a6_euZxVDiR (2ddd5e2f-38ca-48b8-b2f1-fed5e434b13b)
2019-12-20 03:46:11.976 22837 RALLYDEBUG rally_openstack.cleanup.manager [-] Deleting neutron.port object s_rally_6cf7a2a6_EQ2HsazU (2e4a9073-9e6f-4109-92fa-f9f0f90e0981)
2019-12-20 03:46:11.988 22837 RALLYDEBUG rally_openstack.cleanup.manager [-] Deleting neutron.port object s_rally_6cf7a2a6_U5O2UjAO (2e65c65b-06ef-4b48-9f8c-89e2347d34b5)
2019-12-20 03:46:12.895 22837 RALLYDEBUG rally_openstack.cleanup.manager [-] Deleting neutron.port object s_rally_6cf7a2a6_cB983Sct (2f23ac48-232b-4e12-82bd-80777cee41d4)
2019-12-20 03:46:13.137 22837 RALLYDEBUG rally_openstack.cleanup.manager [-] Deleting neutron.port object s_rally_6cf7a2a6_rnjRf4BL (2fbaa85e-198e-4c78-b0a0-3645ed1f4c82)
2019-12-20 03:46:13.237 22837 RALLYDEBUG rally_openstack.cleanup.manager [-] Deleting neutron.port object s_rally_6cf7a2a6_bqVhqfFj (30852b33-5eb4-4ba4-bee2-501049f627da)
2019-12-20 03:46:13.305 22837 RALLYDEBUG rally_openstack.cleanup.manager [-] Deleting neutron.port object s_rally_6cf7a2a6_FzW8XbVT (30dc5579-8f9a-4232-a81e-6600d1627cf9)
2019-12-20 03:46:13.322 22837 RALLYDEBUG rally_openstack.cleanup.manager [-] Deleting neutron.port object s_rally_6cf7a2a6_P94PwhIc (30ed9561-7813-4d1f-87a0-a602cb840c57)
2019-12-20 03:46:13.462 22837 RALLYDEBUG rally_openstack.cleanup.manager [-] Deleting neutron.port object s_rally_6cf7a2a6_43DBQmUa (31de13b3-eead-4294-a1e8-5b1d7543e5e5)
2019-12-20 03:46:13.526 22837 RALLYDEBUG rally_openstack.cleanup.manager [-] Deleting neutron.port object s_rally_6cf7a2a6_UCbp0XSO (32187723-005f-4787-87f2-1539660b4feb)
2019-12-20 03:46:13.549 22837 RALLYDEBUG rally_openstack.cleanup.manager [-] Deleting neutron.port object s_rally_6cf7a2a6_MVTzAlPO (365287e4-07bf-435e-8c23-517752d68555)
2019-12-20 03:46:13.615 22837 RALLYDEBUG rally_openstack.cleanup.manager [-] Deleting neutron.port object s_rally_6cf7a2a6_e6cjG4le (3662b622-4843-4867-9850-e165ab7d9574)
2019-12-20 03:46:13.677 22837 RALLYDEBUG rally_openstack.cleanup.manager [-] Deleting neutron.port object s_rally_6cf7a2a6_cyFG2UkI (382da920-f0dd-4d0f-a276-02a509e5483a)
2019-12-20 03:46:13.695 22837 RALLYDEBUG rally_openstack.cleanup.manager [-] Deleting neutron.port object s_rally_6cf7a2a6_awqDkt8c (399c39bc-5b30-4c36-9510-bfcc2a79bd6b)
2019-12-20 03:46:13.702 22837 RALLYDEBUG rally_openstack.cleanup.manager [-] Deleting neutron.port object s_rally_6cf7a2a6_DNtDyoe3 (3a668c60-28bc-46ae-8517-96a2aef60eaa)
2019-12-20 03:46:13.770 22837 RALLYDEBUG rally_openstack.cleanup.manager [-] Deleting neutron.port object s_rally_6cf7a2a6_Cinn5iUV (3aacff0b-b809-401c-8100-dec7cddff45c)
2019-12-20 03:46:13.839 22837 RALLYDEBUG rally_openstack.cleanup.manager [-] Deleting neutron.port object s_rally_6cf7a2a6_9hE9NLKY (3d10db46-2655-42d6-a96b-7873ef27a7f2)
2019-12-20 03:46:13.847 22837 RALLYDEBUG rally_openstack.cleanup.manager [-] Deleting neutron.port object s_rally_6cf7a2a6_UQEPEojq (3d77c4e1-862a-409b-917e-c598d69813c7)
2019-12-20 03:46:13.856 22837 RALLYDEBUG rally_openstack.cleanup.manager [-] Deleting neutron.port object s_rally_6cf7a2a6_M9NsQVQ9 (45761b2c-a5f6-4968-bd8c-4687b4d31daa)
2019-12-20 03:46:14.032 22837 RALLYDEBUG rally_openstack.cleanup.manager [-] Deleting neutron.port object s_rally_6cf7a2a6_HloZqYWi (478d7bbe-850e-4a2c-818e-6a9da390ef8e)
2019-12-20 03:46:14.116 22837 RALLYDEBUG rally_openstack.cleanup.manager [-] Deleting neutron.port object s_rally_6cf7a2a6_gVG3xOqv (492ebac9-c66a-4790-a21d-3cda9969d700)
2019-12-20 03:46:14.275 22837 RALLYDEBUG rally_openstack.cleanup.manager [-] Deleting neutron.port object s_rally_6cf7a2a6_5VomxUEt (49c1422e-24d6-46d3-9d89-288c7b0336f3)
2019-12-20 03:46:14.286 22837 RALLYDEBUG rally_openstack.cleanup.manager [-] Deleting neutron.port object s_rally_6cf7a2a6_xRNXWUV0 (49ea1738-5057-4b88-b156-47ee31d9c47a)
