2019-12-20 03:46:53.967 27303 INFO rally.task.runner [-] Task 84746148-888c-473c-b4f6-f4e13c6f4f74 | ITER: 1 END: OK
2019-12-20 03:46:53.970 27303 INFO rally.task.runner [-] Task 84746148-888c-473c-b4f6-f4e13c6f4f74 | ITER: 36 START
2019-12-20 03:46:53.970 27335 INFO rally.task.runner [-] Task 84746148-888c-473c-b4f6-f4e13c6f4f74 | ITER: 15 END: OK
2019-12-20 03:46:53.970 27303 WARNING rally_openstack.scenarios.neutron.utils [-] Running this scenario without either the 'network' or 'existing_network' context is deprecated
2019-12-20 03:46:53.974 27335 INFO rally.task.runner [-] Task 84746148-888c-473c-b4f6-f4e13c6f4f74 | ITER: 37 START
2019-12-20 03:46:53.975 27335 WARNING rally_openstack.scenarios.neutron.utils [-] Running this scenario without either the 'network' or 'existing_network' context is deprecated
2019-12-20 03:46:54.027 27304 INFO rally.task.runner [-] Task 84746148-888c-473c-b4f6-f4e13c6f4f74 | ITER: 3 END: OK
2019-12-20 03:46:54.030 27304 INFO rally.task.runner [-] Task 84746148-888c-473c-b4f6-f4e13c6f4f74 | ITER: 38 START
2019-12-20 03:46:54.031 27304 WARNING rally_openstack.scenarios.neutron.utils [-] Running this scenario without either the 'network' or 'existing_network' context is deprecated
2019-12-20 03:46:54.126 27320 INFO rally.task.runner [-] Task 84746148-888c-473c-b4f6-f4e13c6f4f74 | ITER: 11 END: OK
2019-12-20 03:46:54.130 27320 INFO rally.task.runner [-] Task 84746148-888c-473c-b4f6-f4e13c6f4f74 | ITER: 39 START
2019-12-20 03:46:54.131 27320 WARNING rally_openstack.scenarios.neutron.utils [-] Running this scenario without either the 'network' or 'existing_network' context is deprecated
2019-12-20 03:46:54.487 27329 INFO rally.task.runner [-] Task 84746148-888c-473c-b4f6-f4e13c6f4f74 | ITER: 13 END: OK
2019-12-20 03:46:54.491 27329 INFO rally.task.runner [-] Task 84746148-888c-473c-b4f6-f4e13c6f4f74 | ITER: 40 START
2019-12-20 03:46:54.491 27329 WARNING rally_openstack.scenarios.neutron.utils [-] Running this scenario without either the 'network' or 'existing_network' context is deprecated
2019-12-20 03:47:00.861 27325 INFO rally.task.runner [-] Task 84746148-888c-473c-b4f6-f4e13c6f4f74 | ITER: 27 END: OK
2019-12-20 03:47:01.118 27303 INFO rally.task.runner [-] Task 84746148-888c-473c-b4f6-f4e13c6f4f74 | ITER: 33 END: OK
2019-12-20 03:47:01.629 27312 INFO rally.task.runner [-] Task 84746148-888c-473c-b4f6-f4e13c6f4f74 | ITER: 24 END: OK
2019-12-20 03:47:01.851 27308 INFO rally.task.runner [-] Task 84746148-888c-473c-b4f6-f4e13c6f4f74 | ITER: 21 END: OK
2019-12-20 03:47:01.863 27308 INFO rally.task.runner [-] Task 84746148-888c-473c-b4f6-f4e13c6f4f74 | ITER: 25 END: OK
2019-12-20 03:47:01.921 27338 INFO rally.task.runner [-] Task 84746148-888c-473c-b4f6-f4e13c6f4f74 | ITER: 23 END: OK
2019-12-20 03:47:01.956 27303 INFO rally.task.runner [-] Task 84746148-888c-473c-b4f6-f4e13c6f4f74 | ITER: 36 END: OK
2019-12-20 03:47:01.979 27335 INFO rally.task.runner [-] Task 84746148-888c-473c-b4f6-f4e13c6f4f74 | ITER: 37 END: OK
2019-12-20 03:47:02.015 27340 INFO rally.task.runner [-] Task 84746148-888c-473c-b4f6-f4e13c6f4f74 | ITER: 29 END: OK
2019-12-20 03:47:02.022 27350 INFO rally.task.runner [-] Task 84746148-888c-473c-b4f6-f4e13c6f4f74 | ITER: 26 END: OK
2019-12-20 03:47:02.048 27332 INFO rally.task.runner [-] Task 84746148-888c-473c-b4f6-f4e13c6f4f74 | ITER: 32 END: OK
2019-12-20 03:47:02.205 27347 INFO rally.task.runner [-] Task 84746148-888c-473c-b4f6-f4e13c6f4f74 | ITER: 28 END: OK
2019-12-20 03:47:02.423 27304 INFO rally.task.runner [-] Task 84746148-888c-473c-b4f6-f4e13c6f4f74 | ITER: 31 END: OK
2019-12-20 03:47:02.685 27305 INFO rally.task.runner [-] Task 84746148-888c-473c-b4f6-f4e13c6f4f74 | ITER: 30 END: OK
2019-12-20 03:47:03.037 27344 INFO rally.task.runner [-] Task 84746148-888c-473c-b4f6-f4e13c6f4f74 | ITER: 35 END: OK
2019-12-20 03:47:03.144 27305 INFO rally.task.runner [-] Task 84746148-888c-473c-b4f6-f4e13c6f4f74 | ITER: 22 END: OK
2019-12-20 03:47:03.144 27304 INFO rally.task.runner [-] Task 84746148-888c-473c-b4f6-f4e13c6f4f74 | ITER: 38 END: OK
2019-12-20 03:47:03.292 27329 INFO rally.task.runner [-] Task 84746148-888c-473c-b4f6-f4e13c6f4f74 | ITER: 40 END: OK
2019-12-20 03:47:03.892 27315 INFO rally.task.runner [-] Task 84746148-888c-473c-b4f6-f4e13c6f4f74 | ITER: 34 END: OK
2019-12-20 03:47:04.043 27320 INFO rally.task.runner [-] Task 84746148-888c-473c-b4f6-f4e13c6f4f74 | ITER: 39 END: OK
2019-12-20 03:47:04.072 22837 INFO rally.task.context [-] Task 84746148-888c-473c-b4f6-f4e13c6f4f74 | Context cleanup@openstack cleanup() started
2019-12-20 03:47:04.076 22837 RALLYDEBUG rally_openstack.cleanup.manager [-] Cleaning up neutron vip objects
2019-12-20 03:47:04.462 22837 RALLYDEBUG rally_openstack.cleanup.manager [-] Cleaning up neutron health_monitor objects
2019-12-20 03:47:04.838 22837 RALLYDEBUG rally_openstack.cleanup.manager [-] Cleaning up neutron pool objects
2019-12-20 03:47:05.209 22837 RALLYDEBUG rally_openstack.cleanup.manager [-] Cleaning up neutron loadbalancer objects
2019-12-20 03:47:05.593 22837 RALLYDEBUG rally_openstack.cleanup.manager [-] Cleaning up neutron floatingip objects
2019-12-20 03:47:06.016 22837 RALLYDEBUG rally_openstack.cleanup.manager [-] Cleaning up neutron trunk objects
2019-12-20 03:47:06.414 22837 RALLYDEBUG rally_openstack.cleanup.manager [-] Cleaning up neutron port objects
2019-12-20 03:47:06.843 22837 RALLYDEBUG rally_openstack.cleanup.manager [-] Cleaning up neutron subnet objects
2019-12-20 03:47:07.249 22837 RALLYDEBUG rally_openstack.cleanup.manager [-] Cleaning up neutron network objects
2019-12-20 03:47:07.848 22837 RALLYDEBUG rally_openstack.cleanup.manager [-] Deleting neutron.network object s_rally_16d88932_hGYmENn3 (07e5f9ae-3a60-443f-bd94-5f74ca6537c9)
2019-12-20 03:47:07.857 22837 RALLYDEBUG rally_openstack.cleanup.manager [-] Deleting neutron.network object s_rally_16d88932_8ug3dxE7 (0fe74bc7-836f-4844-b6d0-189fd9df6530)
2019-12-20 03:47:07.865 22837 RALLYDEBUG rally_openstack.cleanup.manager [-] Deleting neutron.network object s_rally_16d88932_7ovOO7Aj (16773779-19d5-45f0-bd4f-be418aa124ff)
2019-12-20 03:47:07.869 22837 RALLYDEBUG rally_openstack.cleanup.manager [-] Deleting neutron.network object s_rally_16d88932_sQxj2ngV (1986c812-c6b0-4d56-9d33-29d954b560c0)
2019-12-20 03:47:07.873 22837 RALLYDEBUG rally_openstack.cleanup.manager [-] Deleting neutron.network object s_rally_16d88932_3S63UKeL (1bb2aacd-e0c0-4b6e-ae6e-1bfb2d097a78)
2019-12-20 03:47:07.882 22837 RALLYDEBUG rally_openstack.cleanup.manager [-] Deleting neutron.network object s_rally_16d88932_6QOxrAYr (1de8b152-cc25-456d-8eca-39457a1526d4)
2019-12-20 03:47:07.891 22837 RALLYDEBUG rally_openstack.cleanup.manager [-] Deleting neutron.network object s_rally_16d88932_W3ioLNVx (23d34fe2-1881-41a7-a484-9ac137b6dd10)
2019-12-20 03:47:07.895 22837 RALLYDEBUG rally_openstack.cleanup.manager [-] Deleting neutron.network object s_rally_16d88932_e4vf5ne9 (2995a0eb-abb3-4804-98ec-b5c0c5e00a84)
2019-12-20 03:47:07.914 22837 RALLYDEBUG rally_openstack.cleanup.manager [-] Deleting neutron.network object s_rally_16d88932_4gerF7jz (2e8cfd50-b634-45c0-837a-6bf5665653ed)
2019-12-20 03:47:07.920 22837 RALLYDEBUG rally_openstack.cleanup.manager [-] Deleting neutron.network object s_rally_16d88932_xnELUsdX (30741dd7-b014-4d02-9059-24fe7136bbe9)
2019-12-20 03:47:07.932 22837 RALLYDEBUG rally_openstack.cleanup.manager [-] Deleting neutron.network object s_rally_16d88932_gC7RWCXO (34fbc0fd-a10b-46a2-8a44-49fd0e458a51)
2019-12-20 03:47:07.947 22837 RALLYDEBUG rally_openstack.cleanup.manager [-] Deleting neutron.network object s_rally_16d88932_tKjQ7WZU (3c692661-e9a0-4559-af72-8c8d26657802)
2019-12-20 03:47:07.957 22837 RALLYDEBUG rally_openstack.cleanup.manager [-] Deleting neutron.network object s_rally_16d88932_LuReQBKW (432703d1-3529-4e71-9683-9961a9a670c0)
2019-12-20 03:47:07.983 22837 RALLYDEBUG rally_openstack.cleanup.manager [-] Deleting neutron.network object s_rally_16d88932_Ep3bauSi (4d69daa7-5e2e-429f-aceb-218acd7173f1)
2019-12-20 03:47:07.993 22837 RALLYDEBUG rally_openstack.cleanup.manager [-] Deleting neutron.network object s_rally_16d88932_3NgLddVT (5110bb39-9c4d-4a50-b97d-59398af89616)
2019-12-20 03:47:07.999 22837 RALLYDEBUG rally_openstack.cleanup.manager [-] Deleting neutron.network object s_rally_16d88932_BwPIxgIM (55916f18-6386-464d-9eef-468b042d403d)
2019-12-20 03:47:08.025 22837 RALLYDEBUG rally_openstack.cleanup.manager [-] Deleting neutron.network object s_rally_16d88932_hcRWIGXP (61e0bfa5-1be9-4f7e-8edc-50ae65dbe008)
2019-12-20 03:47:08.035 22837 RALLYDEBUG rally_openstack.cleanup.manager [-] Deleting neutron.network object s_rally_16d88932_eMR9uHGJ (68533d68-43fe-449a-941f-ecafcd1ea6c5)
2019-12-20 03:47:08.046 22837 RALLYDEBUG rally_openstack.cleanup.manager [-] Deleting neutron.network object s_rally_16d88932_57yxcT0p (83d8f0f4-bb9a-4d8a-9a13-737337f7d3ed)
2019-12-20 03:47:08.061 22837 RALLYDEBUG rally_openstack.cleanup.manager [-] Deleting neutron.network object s_rally_16d88932_jXgv5PHz (867d7f86-d271-4fd7-a56b-c3c87e16a90d)
2019-12-20 03:47:09.952 22837 RALLYDEBUG rally_openstack.cleanup.manager [-] Deleting neutron.network object s_rally_16d88932_RalM1EhO (8cc28a71-a820-4b04-829b-a5ba71bf63e4)
2019-12-20 03:47:09.997 22837 RALLYDEBUG rally_openstack.cleanup.manager [-] Deleting neutron.network object s_rally_16d88932_SP16Qx6I (8d397905-772b-4a4d-b05f-deddb6080e44)
2019-12-20 03:47:10.206 22837 RALLYDEBUG rally_openstack.cleanup.manager [-] Deleting neutron.network object s_rally_16d88932_lFuPe9HI (908a288d-56ed-4cfe-b360-7ea1e0d5e0f2)
2019-12-20 03:47:10.231 22837 RALLYDEBUG rally_openstack.cleanup.manager [-] Deleting neutron.network object s_rally_16d88932_ARCYYkZz (917b960f-f344-4cdf-8dfd-24ae721fb738)
2019-12-20 03:47:10.266 22837 RALLYDEBUG rally_openstack.cleanup.manager [-] Deleting neutron.network object s_rally_16d88932_qQzQG9z6 (9620ed66-027d-4cd2-bb57-854975248e07)
2019-12-20 03:47:10.427 22837 RALLYDEBUG rally_openstack.cleanup.manager [-] Deleting neutron.network object s_rally_16d88932_k81TxxjS (9695cbc1-b851-462b-867b-365469e16f1f)
2019-12-20 03:47:10.463 22837 RALLYDEBUG rally_openstack.cleanup.manager [-] Deleting neutron.network object s_rally_16d88932_ZnzYVVH9 (a33baa6f-19ae-4021-8e9e-f387af107d16)
2019-12-20 03:47:10.562 22837 RALLYDEBUG rally_openstack.cleanup.manager [-] Deleting neutron.network object s_rally_16d88932_T5lSXtCU (b40a9e74-9736-4fda-81a5-25c879971287)
2019-12-20 03:47:10.589 22837 RALLYDEBUG rally_openstack.cleanup.manager [-] Deleting neutron.network object s_rally_16d88932_JGzhFCW7 (b44abd43-4ddf-477f-8ba3-ace6d0dd92f0)
2019-12-20 03:47:10.685 22837 RALLYDEBUG rally_openstack.cleanup.manager [-] Deleting neutron.network object s_rally_16d88932_K3B3IXwn (bc5aa45b-1c27-4407-8563-57320d1c68cf)
2019-12-20 03:47:10.703 22837 RALLYDEBUG rally_openstack.cleanup.manager [-] Deleting neutron.network object s_rally_16d88932_5yacErDx (c3eb205d-8fbf-4ba3-8fb0-2b3a536ed866)
2019-12-20 03:47:10.776 22837 RALLYDEBUG rally_openstack.cleanup.manager [-] Deleting neutron.network object s_rally_16d88932_q0AVfpMA (c62b36a5-c5e4-4871-a41c-449359e7503a)
2019-12-20 03:47:10.794 22837 RALLYDEBUG rally_openstack.cleanup.manager [-] Deleting neutron.network object s_rally_16d88932_gIsAc2FV (c8a01927-5b9c-409e-9812-1fdeb7ab5623)
2019-12-20 03:47:10.841 22837 RALLYDEBUG rally_openstack.cleanup.manager [-] Deleting neutron.network object s_rally_16d88932_KdOKW1db (d04f8ece-d180-4e94-97bf-536bb8db3557)
2019-12-20 03:47:10.890 22837 RALLYDEBUG rally_openstack.cleanup.manager [-] Deleting neutron.network object s_rally_16d88932_k2uUHPLs (d2d7aa2b-f5fb-4495-83c3-d1815d3ba5d9)
2019-12-20 03:47:10.976 22837 RALLYDEBUG rally_openstack.cleanup.manager [-] Deleting neutron.network object s_rally_16d88932_M5udhDRu (d58cb458-633d-46c1-8ed7-f762a8ce80b9)
2019-12-20 03:47:10.980 22837 RALLYDEBUG rally_openstack.cleanup.manager [-] Deleting neutron.network object s_rally_16d88932_tQ1dnqj7 (d9b4e56c-ae64-4198-8cf5-e2194c245941)
2019-12-20 03:47:11.104 22837 RALLYDEBUG rally_openstack.cleanup.manager [-] Deleting neutron.network object s_rally_16d88932_yDUJ2Qsz (e155abf1-d539-41f2-bfa2-15938ff98892)
2019-12-20 03:47:11.113 22837 RALLYDEBUG rally_openstack.cleanup.manager [-] Deleting neutron.network object s_rally_16d88932_fW2PE176 (e214990e-296f-4501-9d7c-b0df0b12ae6a)
2019-12-20 03:47:11.356 22837 RALLYDEBUG rally_openstack.cleanup.manager [-] Deleting neutron.network object s_rally_16d88932_xclRg2qb (f173d9fd-8c90-41cf-8b14-3a47b408dc4e)
2019-12-20 03:47:13.471 22837 RALLYDEBUG rally_openstack.cleanup.manager [-] Cleaning up neutron router objects
2019-12-20 03:47:13.888 22837 RALLYDEBUG rally_openstack.cleanup.manager [-] Cleaning up neutron security_group objects
2019-12-20 03:47:14.332 22837 INFO rally.task.context [-] Task 84746148-888c-473c-b4f6-f4e13c6f4f74 | Context cleanup@openstack cleanup() finished in 10.26 sec
2019-12-20 03:47:14.332 22837 INFO rally.task.context [-] Task 84746148-888c-473c-b4f6-f4e13c6f4f74 | Context quotas@openstack cleanup() started
2019-12-20 03:47:14.412 22837 INFO rally.task.context [-] Task 84746148-888c-473c-b4f6-f4e13c6f4f74 | Context quotas@openstack cleanup() finished in 79.75 msec
2019-12-20 03:47:14.413 22837 INFO rally.task.context [-] Task 84746148-888c-473c-b4f6-f4e13c6f4f74 | Context users@openstack cleanup() started
2019-12-20 03:47:17.091 22837 INFO rally.task.context [-] Task 84746148-888c-473c-b4f6-f4e13c6f4f74 | Context users@openstack cleanup() finished in 2.68 sec
2019-12-20 03:47:18.574 22837 INFO rally.task.engine [-] Load duration is: 20.749246
2019-12-20 03:47:18.575 22837 INFO rally.task.engine [-] Full runner duration is: 20.800324
2019-12-20 03:47:18.575 22837 INFO rally.task.engine [-] Full duration is: 36.689051
2019-12-20 03:47:18.947 22837 INFO rally.task.engine [-] Running workload: position = 0 config = { "version": 2, "title": "A cropped version of a bigger task.", "description": "Auto-generated task from a single workload (uuid=f87ebd1a-0ecd-45d9-be26-fcfb8b27e9d8)", "subtasks": [ { "title": "Quotas.neutron_update", "description": "Update quotas for neutron.", "scenario": { "Quotas.neutron_update": { "max_quota": 1024 } }, "contexts": { "users": { "tenants": 20, "users_per_tenant": 1 } }, "runner": { "constant": { "times": 40, "concurrency": 20 } }, "hooks": [], "sla": { "failure_rate": { "max": 0 } } } ] }
2019-12-20 03:47:18.971 22837 RALLYDEBUG rally_openstack.contexts.keystone.users [-] Creating 20 tenants using 20 threads
2019-12-20 03:47:21.054 22837 RALLYDEBUG rally_openstack.contexts.keystone.users [-] Creating 20 users using 20 threads
2019-12-20 03:47:23.607 22837 INFO rally.task.context [-] Task 84746148-888c-473c-b4f6-f4e13c6f4f74 | Context users@openstack setup() finished in 4.64 sec
2019-12-20 03:47:23.607 22837 INFO rally.task.context [-] Task 84746148-888c-473c-b4f6-f4e13c6f4f74 | Context admin_cleanup@openstack setup() finished in 0.01 msec
2019-12-20 03:47:23.616 22837 RALLYDEBUG rally.task.runner [-] Starting the constant runner (task UUID: 84746148-888c-473c-b4f6-f4e13c6f4f74). times: 40 concurrency: 20 timeout: 0 max_cpu_used: 16 processes_to_start: 16 concurrency_per_worker: 1 concurrency_overhead: 4
2019-12-20 03:47:23.628 27693 RALLYDEBUG rally.task.runner [-] Starting a worker. times: 40 duration: None concurrency: 2 timeout: 0 cls: method_name: run args: {"max_quota": 1024}
2019-12-20 03:47:23.631 27694 RALLYDEBUG rally.task.runner [-] Starting a worker. times: 40 duration: None concurrency: 2 timeout: 0 cls: method_name: run args: {"max_quota": 1024}
2019-12-20 03:47:23.635 27695 RALLYDEBUG rally.task.runner [-] Starting a worker. times: 40 duration: None concurrency: 2 timeout: 0 cls: method_name: run args: {"max_quota": 1024}
2019-12-20 03:47:23.640 27696 RALLYDEBUG rally.task.runner [-] Starting a worker. times: 40 duration: None concurrency: 2 timeout: 0 cls: method_name: run args: {"max_quota": 1024}
2019-12-20 03:47:23.644 27693 INFO rally.task.runner [-] Task 84746148-888c-473c-b4f6-f4e13c6f4f74 | ITER: 1 START
2019-12-20 03:47:23.647 27694 INFO rally.task.runner [-] Task 84746148-888c-473c-b4f6-f4e13c6f4f74 | ITER: 2 START
2019-12-20 03:47:23.648 27701 RALLYDEBUG rally.task.runner [-] Starting a worker. times: 40 duration: None concurrency: 1 timeout: 0 cls: method_name: run args: {"max_quota": 1024}
2019-12-20 03:47:23.651 27695 INFO rally.task.runner [-] Task 84746148-888c-473c-b4f6-f4e13c6f4f74 | ITER: 3 START
2019-12-20 03:47:23.657 27696 INFO rally.task.runner [-] Task 84746148-888c-473c-b4f6-f4e13c6f4f74 | ITER: 6 START
2019-12-20 03:47:23.656 27706 RALLYDEBUG rally.task.runner [-] Starting a worker. times: 40 duration: None concurrency: 1 timeout: 0 cls: method_name: run args: {"max_quota": 1024}
2019-12-20 03:47:23.648 27694 INFO rally.task.runner [-] Task 84746148-888c-473c-b4f6-f4e13c6f4f74 | ITER: 5 START
2019-12-20 03:47:23.660 27695 INFO rally.task.runner [-] Task 84746148-888c-473c-b4f6-f4e13c6f4f74 | ITER: 7 START
2019-12-20 03:47:23.662 27693 INFO rally.task.runner [-] Task 84746148-888c-473c-b4f6-f4e13c6f4f74 | ITER: 4 START
2019-12-20 03:47:23.662 27701 INFO rally.task.runner [-] Task 84746148-888c-473c-b4f6-f4e13c6f4f74 | ITER: 8 START
2019-12-20 03:47:23.662 27711 RALLYDEBUG rally.task.runner [-] Starting a worker. times: 40 duration: None concurrency: 1 timeout: 0 cls: method_name: run args: {"max_quota": 1024}
2019-12-20 03:47:23.669 27706 INFO rally.task.runner [-] Task 84746148-888c-473c-b4f6-f4e13c6f4f74 | ITER: 10 START
2019-12-20 03:47:23.669 27696 INFO rally.task.runner [-] Task 84746148-888c-473c-b4f6-f4e13c6f4f74 | ITER: 9 START
2019-12-20 03:47:23.671 27711 INFO rally.task.runner [-] Task 84746148-888c-473c-b4f6-f4e13c6f4f74 | ITER: 11 START
2019-12-20 03:47:23.672 27714 RALLYDEBUG rally.task.runner [-] Starting a worker. times: 40 duration: None concurrency: 1 timeout: 0 cls: method_name: run args: {"max_quota": 1024}
2019-12-20 03:47:23.678 27719 RALLYDEBUG rally.task.runner [-] Starting a worker. times: 40 duration: None concurrency: 1 timeout: 0 cls: method_name: run args: {"max_quota": 1024}
2019-12-20 03:47:23.682 27714 INFO rally.task.runner [-] Task 84746148-888c-473c-b4f6-f4e13c6f4f74 | ITER: 12 START
2019-12-20 03:47:23.682 27720 RALLYDEBUG rally.task.runner [-] Starting a worker. times: 40 duration: None concurrency: 1 timeout: 0 cls: method_name: run args: {"max_quota": 1024}
2019-12-20 03:47:23.686 27723 RALLYDEBUG rally.task.runner [-] Starting a worker. times: 40 duration: None concurrency: 1 timeout: 0 cls: method_name: run args: {"max_quota": 1024}
2019-12-20 03:47:23.688 27719 INFO rally.task.runner [-] Task 84746148-888c-473c-b4f6-f4e13c6f4f74 | ITER: 13 START
2019-12-20 03:47:23.693 27720 INFO rally.task.runner [-] Task 84746148-888c-473c-b4f6-f4e13c6f4f74 | ITER: 14 START
2019-12-20 03:47:23.696 27726 RALLYDEBUG rally.task.runner [-] Starting a worker. times: 40 duration: None concurrency: 1 timeout: 0 cls: method_name: run args: {"max_quota": 1024}
2019-12-20 03:47:23.697 27723 INFO rally.task.runner [-] Task 84746148-888c-473c-b4f6-f4e13c6f4f74 | ITER: 15 START
2019-12-20 03:47:23.696 27727 RALLYDEBUG rally.task.runner [-] Starting a worker. times: 40 duration: None concurrency: 1 timeout: 0 cls: method_name: run args: {"max_quota": 1024}
2019-12-20 03:47:23.698 27730 RALLYDEBUG rally.task.runner [-] Starting a worker. times: 40 duration: None concurrency: 1 timeout: 0 cls: method_name: run args: {"max_quota": 1024}
2019-12-20 03:47:23.703 27726 INFO rally.task.runner [-] Task 84746148-888c-473c-b4f6-f4e13c6f4f74 | ITER: 16 START
2019-12-20 03:47:23.703 27733 RALLYDEBUG rally.task.runner [-] Starting a worker. times: 40 duration: None concurrency: 1 timeout: 0 cls: method_name: run args: {"max_quota": 1024}
2019-12-20 03:47:23.705 27730 INFO rally.task.runner [-] Task 84746148-888c-473c-b4f6-f4e13c6f4f74 | ITER: 18 START
2019-12-20 03:47:23.707 27727 INFO rally.task.runner [-] Task 84746148-888c-473c-b4f6-f4e13c6f4f74 | ITER: 17 START
2019-12-20 03:47:23.707 27734 RALLYDEBUG rally.task.runner [-] Starting a worker. times: 40 duration: None concurrency: 1 timeout: 0 cls: method_name: run args: {"max_quota": 1024}
2019-12-20 03:47:23.713 27733 INFO rally.task.runner [-] Task 84746148-888c-473c-b4f6-f4e13c6f4f74 | ITER: 19 START
2019-12-20 03:47:23.715 27734 INFO rally.task.runner [-] Task 84746148-888c-473c-b4f6-f4e13c6f4f74 | ITER: 20 START
2019-12-20 03:47:24.206 27693 INFO rally.task.runner [-] Task 84746148-888c-473c-b4f6-f4e13c6f4f74 | ITER: 4 END: OK
2019-12-20 03:47:24.213 27701 INFO rally.task.runner [-] Task 84746148-888c-473c-b4f6-f4e13c6f4f74 | ITER: 8 END: OK
2019-12-20 03:47:24.214 27693 INFO rally.task.runner [-] Task 84746148-888c-473c-b4f6-f4e13c6f4f74 | ITER: 21 START
2019-12-20 03:47:24.220 27701 INFO rally.task.runner [-] Task 84746148-888c-473c-b4f6-f4e13c6f4f74 | ITER: 22 START
2019-12-20 03:47:24.226 27695 INFO rally.task.runner [-] Task 84746148-888c-473c-b4f6-f4e13c6f4f74 | ITER: 7 END: OK
2019-12-20 03:47:24.233 27695 INFO rally.task.runner [-] Task 84746148-888c-473c-b4f6-f4e13c6f4f74 | ITER: 23 START
2019-12-20 03:47:24.264 27694 INFO rally.task.runner [-] Task 84746148-888c-473c-b4f6-f4e13c6f4f74 | ITER: 2 END: OK
2019-12-20 03:47:24.269 27695 INFO rally.task.runner [-] Task 84746148-888c-473c-b4f6-f4e13c6f4f74 | ITER: 3 END: OK
2019-12-20 03:47:24.271 27696 INFO rally.task.runner [-] Task 84746148-888c-473c-b4f6-f4e13c6f4f74 | ITER: 6 END: OK
2019-12-20 03:47:24.272 27694 INFO rally.task.runner [-] Task 84746148-888c-473c-b4f6-f4e13c6f4f74 | ITER: 24 START
2019-12-20 03:47:24.274 27706 INFO rally.task.runner [-] Task 84746148-888c-473c-b4f6-f4e13c6f4f74 | ITER: 10 END: OK
2019-12-20 03:47:24.275 27695 INFO rally.task.runner [-] Task 84746148-888c-473c-b4f6-f4e13c6f4f74 | ITER: 25 START
2019-12-20 03:47:24.276 27693 INFO rally.task.runner [-] Task 84746148-888c-473c-b4f6-f4e13c6f4f74 | ITER: 1 END: OK
2019-12-20 03:47:24.277 27696 INFO rally.task.runner [-] Task 84746148-888c-473c-b4f6-f4e13c6f4f74 | ITER: 26 START
2019-12-20 03:47:24.283 27693 INFO rally.task.runner [-] Task 84746148-888c-473c-b4f6-f4e13c6f4f74 | ITER: 28 START
2019-12-20 03:47:24.283 27706 INFO rally.task.runner [-] Task 84746148-888c-473c-b4f6-f4e13c6f4f74 | ITER: 27 START
2019-12-20 03:47:24.324 27727 INFO rally.task.runner [-] Task 84746148-888c-473c-b4f6-f4e13c6f4f74 | ITER: 17 END: OK
2019-12-20 03:47:24.332 27727 INFO rally.task.runner [-] Task 84746148-888c-473c-b4f6-f4e13c6f4f74 | ITER: 29 START
2019-12-20 03:47:24.355 27711 INFO rally.task.runner [-] Task 84746148-888c-473c-b4f6-f4e13c6f4f74 | ITER: 11 END: OK
2019-12-20 03:47:24.357 27694 INFO rally.task.runner [-] Task 84746148-888c-473c-b4f6-f4e13c6f4f74 | ITER: 5 END: OK
2019-12-20 03:47:24.361 27711 INFO rally.task.runner [-] Task 84746148-888c-473c-b4f6-f4e13c6f4f74 | ITER: 30 START
2019-12-20 03:47:24.363 27694 INFO rally.task.runner [-] Task 84746148-888c-473c-b4f6-f4e13c6f4f74 | ITER: 31 START
2019-12-20 03:47:24.399 27696 INFO rally.task.runner [-] Task 84746148-888c-473c-b4f6-f4e13c6f4f74 | ITER: 9 END: OK
2019-12-20 03:47:24.406 27696 INFO rally.task.runner [-] Task 84746148-888c-473c-b4f6-f4e13c6f4f74 | ITER: 32 START
2019-12-20 03:47:24.432 27723 INFO rally.task.runner [-] Task 84746148-888c-473c-b4f6-f4e13c6f4f74 | ITER: 15 END: OK
2019-12-20 03:47:24.439 27723 INFO rally.task.runner [-] Task 84746148-888c-473c-b4f6-f4e13c6f4f74 | ITER: 33 START
2019-12-20 03:47:24.457 27720 INFO rally.task.runner [-] Task 84746148-888c-473c-b4f6-f4e13c6f4f74 | ITER: 14 END: OK
2019-12-20 03:47:24.458 27733 INFO rally.task.runner [-] Task 84746148-888c-473c-b4f6-f4e13c6f4f74 | ITER: 19 END: OK
2019-12-20 03:47:24.466 27720 INFO rally.task.runner [-] Task 84746148-888c-473c-b4f6-f4e13c6f4f74 | ITER: 34 START
2019-12-20 03:47:24.467 27733 INFO rally.task.runner [-] Task 84746148-888c-473c-b4f6-f4e13c6f4f74 | ITER: 35 START
2019-12-20 03:47:24.484 27730 INFO rally.task.runner [-] Task 84746148-888c-473c-b4f6-f4e13c6f4f74 | ITER: 18 END: OK
2019-12-20 03:47:24.491 27730 INFO rally.task.runner [-] Task 84746148-888c-473c-b4f6-f4e13c6f4f74 | ITER: 36 START
2019-12-20 03:47:24.506 27726 INFO rally.task.runner [-] Task 84746148-888c-473c-b4f6-f4e13c6f4f74 | ITER: 16 END: OK
2019-12-20 03:47:24.513 27726 INFO rally.task.runner [-] Task 84746148-888c-473c-b4f6-f4e13c6f4f74 | ITER: 37 START
2019-12-20 03:47:24.521 27719 INFO rally.task.runner [-] Task 84746148-888c-473c-b4f6-f4e13c6f4f74 | ITER: 13 END: OK
2019-12-20 03:47:24.529 27719 INFO rally.task.runner [-] Task 84746148-888c-473c-b4f6-f4e13c6f4f74 | ITER: 38 START
2019-12-20 03:47:24.569 27714 INFO rally.task.runner [-] Task 84746148-888c-473c-b4f6-f4e13c6f4f74 | ITER: 12 END: OK
2019-12-20 03:47:24.577 27714 INFO rally.task.runner [-] Task 84746148-888c-473c-b4f6-f4e13c6f4f74 | ITER: 39 START
2019-12-20 03:47:24.655 27701 INFO rally.task.runner [-] Task 84746148-888c-473c-b4f6-f4e13c6f4f74 | ITER: 22 END: OK
2019-12-20 03:47:24.658 27734 INFO rally.task.runner [-] Task 84746148-888c-473c-b4f6-f4e13c6f4f74 | ITER: 20 END: OK
2019-12-20 03:47:24.661 27701 INFO rally.task.runner [-] Task 84746148-888c-473c-b4f6-f4e13c6f4f74 | ITER: 40 START
2019-12-20 03:47:24.721 27693 INFO rally.task.runner [-] Task 84746148-888c-473c-b4f6-f4e13c6f4f74 | ITER: 28 END: OK
2019-12-20 03:47:24.786 27696 INFO rally.task.runner [-] Task 84746148-888c-473c-b4f6-f4e13c6f4f74 | ITER: 26 END: OK
2019-12-20 03:47:24.815 27693 INFO rally.task.runner [-] Task 84746148-888c-473c-b4f6-f4e13c6f4f74 | ITER: 21 END: OK
2019-12-20 03:47:24.889 27694 INFO rally.task.runner [-] Task 84746148-888c-473c-b4f6-f4e13c6f4f74 | ITER: 31 END: OK
2019-12-20 03:47:24.893 27694 INFO rally.task.runner [-] Task 84746148-888c-473c-b4f6-f4e13c6f4f74 | ITER: 24 END: OK
2019-12-20 03:47:24.898 27695 INFO rally.task.runner [-] Task 84746148-888c-473c-b4f6-f4e13c6f4f74 | ITER: 25 END: OK
2019-12-20 03:47:24.941 27706 INFO rally.task.runner [-] Task 84746148-888c-473c-b4f6-f4e13c6f4f74 | ITER: 27 END: OK
2019-12-20 03:47:24.948 27711 INFO rally.task.runner [-] Task 84746148-888c-473c-b4f6-f4e13c6f4f74 | ITER: 30 END: OK
2019-12-20 03:47:24.961 27696 INFO rally.task.runner [-] Task 84746148-888c-473c-b4f6-f4e13c6f4f74 | ITER: 32 END: OK
2019-12-20 03:47:24.983 27695 INFO rally.task.runner [-] Task 84746148-888c-473c-b4f6-f4e13c6f4f74 | ITER: 23 END: OK
2019-12-20 03:47:25.151 27720 INFO rally.task.runner [-] Task 84746148-888c-473c-b4f6-f4e13c6f4f74 | ITER: 34 END: OK
2019-12-20 03:47:25.168 27727 INFO rally.task.runner [-] Task 84746148-888c-473c-b4f6-f4e13c6f4f74 | ITER: 29 END: OK
2019-12-20 03:47:25.176 27726 INFO rally.task.runner [-] Task 84746148-888c-473c-b4f6-f4e13c6f4f74 | ITER: 37 END: OK
2019-12-20 03:47:25.206 27719 INFO rally.task.runner [-] Task 84746148-888c-473c-b4f6-f4e13c6f4f74 | ITER: 38 END: OK
2019-12-20 03:47:25.232 27723 INFO rally.task.runner [-] Task 84746148-888c-473c-b4f6-f4e13c6f4f74 | ITER: 33 END: OK
2019-12-20 03:47:25.233 27733 INFO rally.task.runner [-] Task 84746148-888c-473c-b4f6-f4e13c6f4f74 | ITER: 35 END: OK
2019-12-20 03:47:25.242 27730 INFO rally.task.runner [-] Task 84746148-888c-473c-b4f6-f4e13c6f4f74 | ITER: 36 END: OK
2019-12-20 03:47:25.359 27714 INFO rally.task.runner [-] Task 84746148-888c-473c-b4f6-f4e13c6f4f74 | ITER: 39 END: OK
2019-12-20 03:47:25.506 27701 INFO rally.task.runner [-] Task 84746148-888c-473c-b4f6-f4e13c6f4f74 | ITER: 40 END: OK
2019-12-20 03:47:25.532 22837 INFO rally.task.context [-] Task 84746148-888c-473c-b4f6-f4e13c6f4f74 | Context admin_cleanup@openstack cleanup() started
2019-12-20 03:47:25.536 22837 RALLYDEBUG rally_openstack.cleanup.manager [-] Cleaning up neutron quota objects
2019-12-20 03:47:27.028 22837 INFO rally.task.context [-] Task 84746148-888c-473c-b4f6-f4e13c6f4f74 | Context admin_cleanup@openstack cleanup() finished in 1.50 sec
2019-12-20 03:47:27.028 22837 INFO rally.task.context [-] Task 84746148-888c-473c-b4f6-f4e13c6f4f74 | Context users@openstack cleanup() started
2019-12-20 03:47:47.464 22837 INFO rally.task.context [-] Task 84746148-888c-473c-b4f6-f4e13c6f4f74 | Context users@openstack cleanup() finished in 20.44 sec
2019-12-20 03:47:49.220 22837 INFO rally.task.engine [-] Load duration is: 1.860522
2019-12-20 03:47:49.221 22837 INFO rally.task.engine [-] Full runner duration is: 1.916604
2019-12-20 03:47:49.221 22837 INFO rally.task.engine [-] Full duration is: 28.49534
2019-12-20 03:47:49.547 22837 INFO rally.task.engine [-] Running workload: position = 0 config = { "version": 2, "title": "A cropped version of a bigger task.", "description": "Auto-generated task from a single workload (uuid=b343e7a7-d871-470d-bf14-9b60742ec9a7)", "subtasks": [ { "title": "NeutronTrunks.create_and_list_trunks", "description": "Create and a given number of trunks with subports and list all trunks", "scenario": { "NeutronTrunks.create_and_list_trunks": { "subport_count": 125 } }, "contexts": { "users": { "tenants": 1, "users_per_tenant": 1 }, "quotas": { "neutron": { "network": -1, "port": 1000 } } }, "runner": { "constant": { "times": 4, "concurrency": 4 } }, "hooks": [], "sla": { "failure_rate": { "max": 0 } } } ] }
2019-12-20 03:47:49.572 22837 RALLYDEBUG rally_openstack.contexts.keystone.users [-] Creating 1 tenants using 20 threads
2019-12-20 03:47:50.588 22837 RALLYDEBUG rally_openstack.contexts.keystone.users [-] Creating 1 users using 20 threads
2019-12-20 03:47:52.260 22837 INFO rally.task.context [-] Task 84746148-888c-473c-b4f6-f4e13c6f4f74 | Context users@openstack setup() finished in 2.69 sec
2019-12-20 03:47:52.848 22837 INFO rally.task.context [-] Task 84746148-888c-473c-b4f6-f4e13c6f4f74 | Context quotas@openstack setup() finished in 0.59 sec
2019-12-20 03:47:52.849 22837 INFO rally.task.context [-] Task 84746148-888c-473c-b4f6-f4e13c6f4f74 | Context cleanup@openstack setup() finished in 0.03 msec
2019-12-20 03:47:52.858 22837 RALLYDEBUG rally.task.runner [-] Starting the constant runner (task UUID: 84746148-888c-473c-b4f6-f4e13c6f4f74). times: 4 concurrency: 4 timeout: 0 max_cpu_used: 16 processes_to_start: 4 concurrency_per_worker: 1 concurrency_overhead: 0
2019-12-20 03:47:52.870 27883 RALLYDEBUG rally.task.runner [-] Starting a worker. times: 4 duration: None concurrency: 1 timeout: 0 cls: method_name: run args: {"subport_count": 125}
2019-12-20 03:47:52.873 27884 RALLYDEBUG rally.task.runner [-] Starting a worker. times: 4 duration: None concurrency: 1 timeout: 0 cls: method_name: run args: {"subport_count": 125}
2019-12-20 03:47:52.876 27883 INFO rally.task.runner [-] Task 84746148-888c-473c-b4f6-f4e13c6f4f74 | ITER: 1 START
2019-12-20 03:47:52.877 27885 RALLYDEBUG rally.task.runner [-] Starting a worker. times: 4 duration: None concurrency: 1 timeout: 0 cls: method_name: run args: {"subport_count": 125}
2019-12-20 03:47:52.879 27884 INFO rally.task.runner [-] Task 84746148-888c-473c-b4f6-f4e13c6f4f74 | ITER: 2 START
2019-12-20 03:47:52.880 27888 RALLYDEBUG rally.task.runner [-] Starting a worker. times: 4 duration: None concurrency: 1 timeout: 0 cls: method_name: run args: {"subport_count": 125}
2019-12-20 03:47:52.882 27885 INFO rally.task.runner [-] Task 84746148-888c-473c-b4f6-f4e13c6f4f74 | ITER: 3 START
2019-12-20 03:47:52.885 27888 INFO rally.task.runner [-] Task 84746148-888c-473c-b4f6-f4e13c6f4f74 | ITER: 4 START
2019-12-20 03:49:05.710 27885 INFO rally.task.runner [-] Task 84746148-888c-473c-b4f6-f4e13c6f4f74 | ITER: 3 END: OK
2019-12-20 03:49:06.064 27883 INFO rally.task.runner [-] Task 84746148-888c-473c-b4f6-f4e13c6f4f74 | ITER: 1 END: OK
2019-12-20 03:49:06.963 27888 INFO rally.task.runner [-] Task 84746148-888c-473c-b4f6-f4e13c6f4f74 | ITER: 4 END: OK
2019-12-20 03:49:07.674 27884 INFO rally.task.runner [-] Task 84746148-888c-473c-b4f6-f4e13c6f4f74 | ITER: 2 END: OK
2019-12-20 03:49:07.705 22837 INFO rally.task.context [-] Task 84746148-888c-473c-b4f6-f4e13c6f4f74 | Context cleanup@openstack cleanup() started
2019-12-20 03:49:07.709 22837 RALLYDEBUG rally_openstack.cleanup.manager [-] Cleaning up neutron vip objects
2019-12-20 03:49:08.134 22837 RALLYDEBUG rally_openstack.cleanup.manager [-] Cleaning up neutron health_monitor objects
2019-12-20 03:49:08.534 22837 RALLYDEBUG rally_openstack.cleanup.manager [-] Cleaning up neutron pool objects
2019-12-20 03:49:08.933 22837 RALLYDEBUG rally_openstack.cleanup.manager [-] Cleaning up neutron loadbalancer objects
2019-12-20 03:49:09.343 22837 RALLYDEBUG rally_openstack.cleanup.manager [-] Cleaning up neutron floatingip objects
2019-12-20 03:49:09.788 22837 RALLYDEBUG rally_openstack.cleanup.manager [-] Cleaning up neutron trunk objects
2019-12-20 03:49:10.250 22837 RALLYDEBUG rally_openstack.cleanup.manager [-] Deleting neutron.trunk object s_rally_b343e7a7_MaBeiL6H (301b71cf-85a0-404c-bb05-e5925a68f065)
2019-12-20 03:49:10.259 22837 RALLYDEBUG rally_openstack.cleanup.manager [-] Deleting neutron.trunk object s_rally_b343e7a7_vGpi0y79 (55c8f325-b621-48af-980d-723ad2776ac6)
2019-12-20 03:49:10.267 22837 RALLYDEBUG rally_openstack.cleanup.manager [-] Deleting neutron.trunk object s_rally_b343e7a7_8NIxgng0 (5ec5996c-464b-4e54-bd18-9434c0d2f0ec)
2019-12-20 03:49:10.271 22837 RALLYDEBUG rally_openstack.cleanup.manager [-] Deleting neutron.trunk object s_rally_b343e7a7_kA20U1PP (95747a54-fb87-4487-9356-73df8cd7bd25)
2019-12-20 03:49:11.952 22837 RALLYDEBUG rally_openstack.cleanup.manager [-] Cleaning up neutron port objects
2019-12-20 03:49:13.897 22837 RALLYDEBUG rally_openstack.cleanup.manager [-] Deleting neutron.port object s_rally_b343e7a7_MeTsyEx9 (0006da81-0cc1-4575-8589-7548262705e6)
2019-12-20 03:49:13.907 22837 RALLYDEBUG rally_openstack.cleanup.manager [-] Deleting neutron.port object s_rally_b343e7a7_YXZjZCH7 (010e810c-f4bd-4c4c-8ea7-c5fc5647057c)
2019-12-20 03:49:13.917 22837 RALLYDEBUG rally_openstack.cleanup.manager [-] Deleting neutron.port object s_rally_b343e7a7_42CYish6 (0120431b-efb6-45fe-8ee0-d26ab979242c)
2019-12-20 03:49:13.926 22837 RALLYDEBUG rally_openstack.cleanup.manager [-] Deleting neutron.port object s_rally_b343e7a7_Ral5ZNkm (01650580-bc4c-4698-b1a3-eafd02341a8b)
2019-12-20 03:49:13.933 22837 RALLYDEBUG rally_openstack.cleanup.manager [-] Deleting neutron.port object s_rally_b343e7a7_dydoWywZ (016507ba-94f9-4817-8e00-67ebf8de4e40)
2019-12-20 03:49:13.955 22837 RALLYDEBUG rally_openstack.cleanup.manager [-] Deleting neutron.port object s_rally_b343e7a7_sT4Uk5zV (01d214b6-ae95-4d09-b7a7-cfce67d61a46)
2019-12-20 03:49:13.967 22837 RALLYDEBUG rally_openstack.cleanup.manager [-] Deleting neutron.port object s_rally_b343e7a7_9VGdLdu2 (0214d20a-8f78-455d-847e-ff594bc0885c)
2019-12-20 03:49:13.972 22837 RALLYDEBUG rally_openstack.cleanup.manager [-] Deleting neutron.port object s_rally_b343e7a7_8b67krzZ (0234fb08-95ec-410b-8eef-42004499a74f)
2019-12-20 03:49:13.982 22837 RALLYDEBUG rally_openstack.cleanup.manager [-] Deleting neutron.port object s_rally_b343e7a7_8jgRCQCe (0286e183-793d-4caa-8f21-b40f2a44e992)
2019-12-20 03:49:14.007 22837 RALLYDEBUG rally_openstack.cleanup.manager [-] Deleting neutron.port object s_rally_b343e7a7_UwMLq0EI (028988d8-ea26-44c2-b5c4-08e5dfa379a6)
2019-12-20 03:49:14.018 22837 RALLYDEBUG rally_openstack.cleanup.manager [-] Deleting neutron.port object s_rally_b343e7a7_Ku0Wjt1P (02973ac3-a989-488d-8207-3f91133fb622)
2019-12-20 03:49:14.037 22837 RALLYDEBUG rally_openstack.cleanup.manager [-] Deleting neutron.port object s_rally_b343e7a7_Xrgba5OD (02c6856d-e62a-4622-8470-70c791d1e03d)
2019-12-20 03:49:14.042 22837 RALLYDEBUG rally_openstack.cleanup.manager [-] Deleting neutron.port object s_rally_b343e7a7_kz1KdzaI (0458e582-eb47-4e57-8977-224b4158d223)
2019-12-20 03:49:14.047 22837 RALLYDEBUG rally_openstack.cleanup.manager [-] Deleting neutron.port object s_rally_b343e7a7_ZSopnxkJ (05ab04dd-0b48-4388-9a13-587420cd5a9c)
2019-12-20 03:49:14.056 22837 RALLYDEBUG rally_openstack.cleanup.manager [-] Deleting neutron.port object s_rally_b343e7a7_Ru3QbbBB (05e8d28b-bf25-4a2d-9ec8-234fea389f5f)
2019-12-20 03:49:14.069 22837 RALLYDEBUG rally_openstack.cleanup.manager [-] Deleting neutron.port object s_rally_b343e7a7_9OiuN63L (071d10de-2670-4155-a55e-044c8cf70564)
2019-12-20 03:49:14.093 22837 RALLYDEBUG rally_openstack.cleanup.manager [-] Deleting neutron.port object s_rally_b343e7a7_BN6YXAC6 (0791677a-dcd3-4a46-82a6-b7f8083c3637)
2019-12-20 03:49:14.096 22837 RALLYDEBUG rally_openstack.cleanup.manager [-] Deleting neutron.port object s_rally_b343e7a7_KERyjKxV (07b813ad-c5f7-4249-a3c2-b22ecc6cd6e1)
2019-12-20 03:49:14.133 22837 RALLYDEBUG rally_openstack.cleanup.manager [-] Deleting neutron.port object s_rally_b343e7a7_peZ2xw8N (07fd7ab8-0a6b-47d2-a780-653495c09eed)
2019-12-20 03:49:14.153 22837 RALLYDEBUG rally_openstack.cleanup.manager [-] Deleting neutron.port object s_rally_b343e7a7_Vsw4nheD (08bddc50-a8f2-4eae-94eb-69e7300c3228)
2019-12-20 03:49:15.745 22837 RALLYDEBUG rally_openstack.cleanup.manager [-] Deleting neutron.port object s_rally_b343e7a7_s6bb7Vn8 (08c2fa77-95bd-4da8-b493-6355d5cdf1e4)
2019-12-20 03:49:15.816 22837 RALLYDEBUG rally_openstack.cleanup.manager [-] Deleting neutron.port object s_rally_b343e7a7_AjI8NdPa (08dd1373-bf2b-4e36-91be-f14782419eb9)
2019-12-20 03:49:15.953 22837 RALLYDEBUG rally_openstack.cleanup.manager [-] Deleting neutron.port object s_rally_b343e7a7_RwJS6LD9 (092dc45b-dd13-43e1-8996-02862820b73a)
2019-12-20 03:49:15.969 22837 RALLYDEBUG rally_openstack.cleanup.manager [-] Deleting neutron.port object s_rally_b343e7a7_E6E9Hvwg (0949f418-6117-43e8-8066-45011f49eb04)
2019-12-20 03:49:16.036 22837 RALLYDEBUG rally_openstack.cleanup.manager [-] Deleting neutron.port object s_rally_b343e7a7_eIdLgskT (09f8dee3-e1aa-4816-9695-776bd844097d)
2019-12-20 03:49:16.180 22837 RALLYDEBUG rally_openstack.cleanup.manager [-] Deleting neutron.port object s_rally_b343e7a7_AQ3Yug0C (0a702bb3-4915-4070-ae6e-98fce0b94c21)
2019-12-20 03:49:16.183 22837 RALLYDEBUG rally_openstack.cleanup.manager [-] Deleting neutron.port object s_rally_b343e7a7_tyhg4K3m (0a8fc6db-45b3-4bc1-b813-38f78ef939f0)
2019-12-20 03:49:16.192 22837 RALLYDEBUG rally_openstack.cleanup.manager [-] Deleting neutron.port object s_rally_b343e7a7_b3wH1xoP (0ac90d35-a714-4a4e-86c4-0472e2f3417f)
2019-12-20 03:49:16.200 22837 RALLYDEBUG rally_openstack.cleanup.manager [-] Deleting neutron.port object s_rally_b343e7a7_rg3tDgsA (0b8e0387-cae9-4fbc-b550-db3c4d748ae3)
2019-12-20 03:49:16.228 22837 RALLYDEBUG rally_openstack.cleanup.manager [-] Deleting neutron.port object s_rally_b343e7a7_BdZgluq0 (0c0031f1-aefd-4619-b8cf-13c5a3d14011)
2019-12-20 03:49:16.304 22837 RALLYDEBUG rally_openstack.cleanup.manager [-] Deleting neutron.port object s_rally_b343e7a7_0yPkjCvD (0cd2ab70-3ad0-4526-8a00-16862d85006d)
2019-12-20 03:49:16.312 22837 RALLYDEBUG rally_openstack.cleanup.manager [-] Deleting neutron.port object s_rally_b343e7a7_OwxfDkJN (0cdce677-8d85-43c3-85b3-32163bbece48)
2019-12-20 03:49:16.336 22837 RALLYDEBUG rally_openstack.cleanup.manager [-] Deleting neutron.port object s_rally_b343e7a7_CNNhEVZb (0d26eb70-c7ea-44d0-99a3-8312960c59ec)
2019-12-20 03:49:16.359 22837 RALLYDEBUG rally_openstack.cleanup.manager [-] Deleting neutron.port object s_rally_b343e7a7_vJkQZF3b (0e7d497a-b8f2-42c4-a9b6-a8441173cb44)
2019-12-20 03:49:16.440 22837 RALLYDEBUG rally_openstack.cleanup.manager [-] Deleting neutron.port object s_rally_b343e7a7_IDMItvhZ (0e9641e4-2d29-4705-a0ae-b624db5e772c)
2019-12-20 03:49:16.467 22837 RALLYDEBUG rally_openstack.cleanup.manager [-] Deleting neutron.port object s_rally_b343e7a7_kCOy1FXi (0f70298a-0697-475a-9ec8-c83e61b86772)
2019-12-20 03:49:16.478 22837 RALLYDEBUG rally_openstack.cleanup.manager [-] Deleting neutron.port object s_rally_b343e7a7_JPiYOBOF (102a34b1-794a-4cf4-b6e2-c6e773a92c94)
2019-12-20 03:49:16.582 22837 RALLYDEBUG rally_openstack.cleanup.manager [-] Deleting neutron.port object s_rally_b343e7a7_RKcXwKnO (10d73661-d021-4642-aa12-ea463ae1d4d9)
2019-12-20 03:49:16.595 22837 RALLYDEBUG rally_openstack.cleanup.manager [-] Deleting neutron.port object s_rally_b343e7a7_gOf9ZUQ6 (1155ce51-101e-46f0-8aed-72368c131923)
2019-12-20 03:49:16.743 22837 RALLYDEBUG rally_openstack.cleanup.manager [-] Deleting neutron.port object s_rally_b343e7a7_k1v5HvsO (11bb7805-7fa0-4fd2-9e87-77585270093c)
2019-12-20 03:49:17.601 22837 RALLYDEBUG rally_openstack.cleanup.manager [-] Deleting neutron.port object s_rally_b343e7a7_9rkKJ4AO (11bd3b03-931a-408a-9175-a6565959f522)
2019-12-20 03:49:17.695 22837 RALLYDEBUG rally_openstack.cleanup.manager [-] Deleting neutron.port object s_rally_b343e7a7_rciquG4K (11f30031-29ef-4a8b-8a95-395eacf646bf)
2019-12-20 03:49:17.946 22837 RALLYDEBUG rally_openstack.cleanup.manager [-] Deleting neutron.port object s_rally_b343e7a7_MIwFZCJw (14ab0cd4-46bc-4f22-a364-30fa3bb737c2)
2019-12-20 03:49:17.985 22837 RALLYDEBUG rally_openstack.cleanup.manager [-] Deleting neutron.port object s_rally_b343e7a7_NnjQCc0h (1565d720-dae4-47f9-877c-2a6d80c82f47)
2019-12-20 03:49:18.039 22837 RALLYDEBUG rally_openstack.cleanup.manager [-] Deleting neutron.port object s_rally_b343e7a7_u29Zm6gM (15a98b5a-7f49-4511-8025-7dc6dc646f8a)
2019-12-20 03:49:18.083 22837 RALLYDEBUG rally_openstack.cleanup.manager [-] Deleting neutron.port object s_rally_b343e7a7_oxHbdC41 (1651cfcc-1a7f-49da-907f-1293e6f452b8)
2019-12-20 03:49:18.143 22837 RALLYDEBUG rally_openstack.cleanup.manager [-] Deleting neutron.port object s_rally_b343e7a7_TW2RxJYJ (16ceefac-e17b-4811-aad8-dfd18c6db3b0)
2019-12-20 03:49:18.146 22837 RALLYDEBUG rally_openstack.cleanup.manager [-] Deleting neutron.port object s_rally_b343e7a7_rYlg5Gh9 (16d58ca3-d34e-4acb-9802-aea644ffe956)
2019-12-20 03:49:18.179 22837 RALLYDEBUG rally_openstack.cleanup.manager [-] Deleting neutron.port object s_rally_b343e7a7_HTlPjUiE (16f90507-0c7c-49b1-9de8-590b8a382c85)
2019-12-20 03:49:18.261 22837 RALLYDEBUG rally_openstack.cleanup.manager [-] Deleting neutron.port object s_rally_b343e7a7_zzTe8Hv2 (17059ce6-8c6b-4e2a-bb06-aa66d3548316)
2019-12-20 03:49:18.339 22837 RALLYDEBUG rally_openstack.cleanup.manager [-] Deleting neutron.port object s_rally_b343e7a7_aSdEeTF1 (17834008-67c7-42a3-a2b6-4e5ac8f9d771)
2019-12-20 03:49:18.426 22837 RALLYDEBUG rally_openstack.cleanup.manager [-] Deleting neutron.port object s_rally_b343e7a7_v7D15eBY (17d8dd90-8fd7-434b-82e2-8fda126913f8)
2019-12-20 03:49:18.429 22837 RALLYDEBUG rally_openstack.cleanup.manager [-] Deleting neutron.port object s_rally_b343e7a7_vNVqvxcq (17e03522-db70-48a8-a956-2949f50c4c12)
2019-12-20 03:49:18.520 22837 RALLYDEBUG rally_openstack.cleanup.manager [-] Deleting neutron.port object s_rally_b343e7a7_K7RQaQJJ (17ed01d6-9a76-476e-9af9-1788542886fc)
2019-12-20 03:49:18.679 22837 RALLYDEBUG rally_openstack.cleanup.manager [-] Deleting neutron.port object s_rally_b343e7a7_TYorLaW8 (18278aa2-4f29-484d-b46a-052ef3098a6c)
2019-12-20 03:49:18.688 22837 RALLYDEBUG rally_openstack.cleanup.manager [-] Deleting neutron.port object s_rally_b343e7a7_0MVEmOgm (185a2520-f8ef-4db8-958c-1cdb59d8fcd1)
2019-12-20 03:49:18.692 22837 RALLYDEBUG rally_openstack.cleanup.manager [-] Deleting neutron.port object s_rally_b343e7a7_k8ppZ1lY (189914af-229f-4a72-a4d1-47fe23a2cf64)
2019-12-20 03:49:18.703 22837 RALLYDEBUG rally_openstack.cleanup.manager [-] Deleting neutron.port object s_rally_b343e7a7_yiS6QMGx (18b9c5ce-68bd-4813-af0c-d296a01e86c5)
2019-12-20 03:49:18.867 22837 RALLYDEBUG rally_openstack.cleanup.manager [-] Deleting neutron.port object s_rally_b343e7a7_RzpKhZqc (18ccac2f-7da8-4696-a64a-0f7f5cc969bc)
2019-12-20 03:49:18.923 22837 RALLYDEBUG rally_openstack.cleanup.manager [-] Deleting neutron.port object s_rally_b343e7a7_VWas8ARg (18f9777c-fa74-4d57-bafe-5813da979705)
2019-12-20 03:49:19.333 22837 RALLYDEBUG rally_openstack.cleanup.manager [-] Deleting neutron.port object s_rally_b343e7a7_HQnT5NvK (19422ec9-02e2-4b0e-9c9b-67b0e034be8c)
2019-12-20 03:49:19.435 22837 RALLYDEBUG rally_openstack.cleanup.manager [-] Deleting neutron.port object s_rally_b343e7a7_P9V213A6 (195ae39b-0d7c-473f-9cfd-328b4f0071c6)
2019-12-20 03:49:19.679 22837 RALLYDEBUG rally_openstack.cleanup.manager [-] Deleting neutron.port object s_rally_b343e7a7_JUMXDlUU (1a252326-c4e7-49fc-b369-8dff628c38d7)
2019-12-20 03:49:19.745 22837 RALLYDEBUG rally_openstack.cleanup.manager [-] Deleting neutron.port object s_rally_b343e7a7_SIP0jpDw (1abb0a7f-d02a-4c46-a89d-8a46edb852f5)
2019-12-20 03:49:19.789 22837 RALLYDEBUG rally_openstack.cleanup.manager [-] Deleting neutron.port object s_rally_b343e7a7_llhuDvC3 (1abe548a-2375-4904-ae92-5090b9a9f1ee)
2019-12-20 03:49:19.853 22837 RALLYDEBUG rally_openstack.cleanup.manager [-] Deleting neutron.port object s_rally_b343e7a7_59DuYLCk (1b806168-23f3-4979-b459-da15e71c2e53)
2019-12-20 03:49:19.866 22837 RALLYDEBUG rally_openstack.cleanup.manager [-] Deleting neutron.port object s_rally_b343e7a7_Yd00hMVt (1c777125-e5ae-4f6f-8e3b-1b2b14e79554)
2019-12-20 03:49:19.910 22837 RALLYDEBUG rally_openstack.cleanup.manager [-] Deleting neutron.port object s_rally_b343e7a7_5tj5dnAg (1c7d0681-07a4-456b-9853-19ca6a68d173)
2019-12-20 03:49:19.935 22837 RALLYDEBUG rally_openstack.cleanup.manager [-] Deleting neutron.port object s_rally_b343e7a7_aqC5Z5lJ (1c7f211a-874d-4957-aa40-f9179d71bf82)
2019-12-20 03:49:20.100 22837 RALLYDEBUG rally_openstack.cleanup.manager [-] Deleting neutron.port object s_rally_b343e7a7_OzaFHcuq (1c8b4803-a32f-4d68-8934-a2fa71a2d149)
2019-12-20 03:49:20.263 22837 RALLYDEBUG rally_openstack.cleanup.manager [-] Deleting neutron.port object s_rally_b343e7a7_3pZ5dM1o (1c9de36f-2946-4358-8762-bd83b5bb32dc)
2019-12-20 03:49:20.283 22837 RALLYDEBUG rally_openstack.cleanup.manager [-] Deleting neutron.port object s_rally_b343e7a7_H80YyeBL (1ccc28eb-e740-40ff-8572-e04c37bdbbd6)
2019-12-20 03:49:20.424 22837 RALLYDEBUG rally_openstack.cleanup.manager [-] Deleting neutron.port object s_rally_b343e7a7_DjCbOaEF (1fac23c9-2a59-4e63-986f-6f2a4931a671)
2019-12-20 03:49:20.453 22837 RALLYDEBUG rally_openstack.cleanup.manager [-] Deleting neutron.port object s_rally_b343e7a7_ZSHkwsRZ (1fd46c90-9d45-4149-b731-ae37d2bf75c2)
2019-12-20 03:49:20.520 22837 RALLYDEBUG rally_openstack.cleanup.manager [-] Deleting neutron.port object s_rally_b343e7a7_noEMJHmN (201abd18-0d01-4079-8a48-db89b01e3b6a)
2019-12-20 03:49:20.671 22837 RALLYDEBUG rally_openstack.cleanup.manager [-] Deleting neutron.port object s_rally_b343e7a7_7RAg2B6q (202cddb2-f05f-4e31-8014-be6b0dfaaf3b)
2019-12-20 03:49:20.701 22837 RALLYDEBUG rally_openstack.cleanup.manager [-] Deleting neutron.port object s_rally_b343e7a7_YeGPucL0 (2046eb63-607b-4758-9fde-ada2b13061d2)
2019-12-20 03:49:20.724 22837 RALLYDEBUG rally_openstack.cleanup.manager [-] Deleting neutron.port object s_rally_b343e7a7_zDOyyipq (21a90e25-6b9e-4387-a8e3-8c989fed63a7)
2019-12-20 03:49:20.810 22837 RALLYDEBUG rally_openstack.cleanup.manager [-] Deleting neutron.port object s_rally_b343e7a7_pkLku8dC (22130a72-0dba-4111-882c-aaa7a0839a0f)
2019-12-20 03:49:20.879 22837 RALLYDEBUG rally_openstack.cleanup.manager [-] Deleting neutron.port object s_rally_b343e7a7_VnkPtejB (223c8460-5521-4279-97ca-647f2db17a3d)
2019-12-20 03:49:21.151 22837 RALLYDEBUG rally_openstack.cleanup.manager [-] Deleting neutron.port object s_rally_b343e7a7_dwrPqBAu (22648ef6-2c39-44ad-a278-63b6813af51f)
2019-12-20 03:49:21.328 22837 RALLYDEBUG rally_openstack.cleanup.manager [-] Deleting neutron.port object s_rally_b343e7a7_dOrtJVjs (226ce881-2928-417b-bdc8-99b7d17db78b)
2019-12-20 03:49:21.394 22837 RALLYDEBUG rally_openstack.cleanup.manager [-] Deleting neutron.port object s_rally_b343e7a7_ns8s05Qs (22d2f322-6c6c-4eea-88d2-2218c322dd01)
2019-12-20 03:49:21.466 22837 RALLYDEBUG rally_openstack.cleanup.manager [-] Deleting neutron.port object s_rally_b343e7a7_itfxvrxn (23184492-e3ea-4a0f-8398-bfbaa261958e)
2019-12-20 03:49:21.487 22837 RALLYDEBUG rally_openstack.cleanup.manager [-] Deleting neutron.port object s_rally_b343e7a7_PrP04gXq (2351d59f-131b-404a-8568-09c8cd8295aa)
2019-12-20 03:49:21.604 22837 RALLYDEBUG rally_openstack.cleanup.manager [-] Deleting neutron.port object s_rally_b343e7a7_0C2JcDxA (23b49fe3-d495-4298-b239-bbd2f85f7f98)
2019-12-20 03:49:21.616 22837 RALLYDEBUG rally_openstack.cleanup.manager [-] Deleting neutron.port object s_rally_b343e7a7_LEGFdPgz (25e39ab2-4736-4315-b39f-b4f2e9f7590b)
2019-12-20 03:49:21.625 22837 RALLYDEBUG rally_openstack.cleanup.manager [-] Deleting neutron.port object s_rally_b343e7a7_3tvW593X (25e930f2-387c-4e80-bd85-6dc7d092a356)
2019-12-20 03:49:21.814 22837 RALLYDEBUG rally_openstack.cleanup.manager [-] Deleting neutron.port object s_rally_b343e7a7_8gFstEDI (264fc642-b4d5-45cf-bd8e-52a2e4c9869b)
2019-12-20 03:49:21.976 22837 RALLYDEBUG rally_openstack.cleanup.manager [-] Deleting neutron.port object s_rally_b343e7a7_QTqu1BGd (2729f865-368d-49b0-94d3-cf6375f83792)
2019-12-20 03:49:22.036 22837 RALLYDEBUG rally_openstack.cleanup.manager [-] Deleting neutron.port object s_rally_b343e7a7_JEsazqCD (2891084a-5f1a-4372-b912-b1f5a099ae40)
2019-12-20 03:49:22.148 22837 RALLYDEBUG rally_openstack.cleanup.manager [-] Deleting neutron.port object s_rally_b343e7a7_Vb75bVLv (2893afe9-75f0-4775-b948-b89ea8ecb055)
2019-12-20 03:49:22.210 22837 RALLYDEBUG rally_openstack.cleanup.manager [-] Deleting neutron.port object s_rally_b343e7a7_O9jJn34l (28e2fafb-b667-401b-bc5e-e7f7936879c3)
2019-12-20 03:49:22.248 22837 RALLYDEBUG rally_openstack.cleanup.manager [-] Deleting neutron.port object s_rally_b343e7a7_2ora7mac (29389a23-92d4-47d2-8a3e-5f5f4339cf73)
2019-12-20 03:49:22.282 22837 RALLYDEBUG rally_openstack.cleanup.manager [-] Deleting neutron.port object s_rally_b343e7a7_wibLvNgg (29853211-4278-484c-a52d-dbd3bbd65e40)
2019-12-20 03:49:22.499 22837 RALLYDEBUG rally_openstack.cleanup.manager [-] Deleting neutron.port object s_rally_b343e7a7_sJGLuVqH (2a30b26b-6237-466c-b869-e1ca86cac885)
