2019-12-20 01:14:11.482 11211 INFO rally.task.runner [-] Task 261d1435-95bf-42bb-ab3c-cb3bfc8ed104 | ITER: 7 END: OK
2019-12-20 01:14:11.485 11211 INFO rally.task.runner [-] Task 261d1435-95bf-42bb-ab3c-cb3bfc8ed104 | ITER: 9 START
2019-12-20 01:14:11.485 11212 INFO rally.task.runner [-] Task 261d1435-95bf-42bb-ab3c-cb3bfc8ed104 | ITER: 8 END: OK
2019-12-20 01:14:11.489 11212 INFO rally.task.runner [-] Task 261d1435-95bf-42bb-ab3c-cb3bfc8ed104 | ITER: 10 START
2019-12-20 01:14:12.571 11213 INFO rally.task.runner [-] Task 261d1435-95bf-42bb-ab3c-cb3bfc8ed104 | ITER: 5 END: OK
2019-12-20 01:14:12.572 11215 INFO rally.task.runner [-] Task 261d1435-95bf-42bb-ab3c-cb3bfc8ed104 | ITER: 6 END: OK
2019-12-20 01:14:14.955 11212 RALLYDEBUG rally.task.utils [-] Waiting for resource . Status changed: CREATE_IN_PROGRESS => CREATE_COMPLETE in 0.07401156425476074
2019-12-20 01:14:15.069 11211 RALLYDEBUG rally.task.utils [-] Waiting for resource . Status changed: CREATE_IN_PROGRESS => CREATE_COMPLETE in 0.07131481170654297
2019-12-20 01:14:15.148 11212 RALLYDEBUG rally.task.utils [-] Waiting for resource . Status changed: CREATE_COMPLETE => CHECK_IN_PROGRESS in 0.06482553482055664
2019-12-20 01:14:15.241 11211 RALLYDEBUG rally.task.utils [-] Waiting for resource . Status changed: CREATE_COMPLETE => CHECK_IN_PROGRESS in 0.06749820709228516
2019-12-20 01:14:16.224 11212 RALLYDEBUG rally.task.utils [-] Waiting for resource . Status changed: CHECK_IN_PROGRESS => CHECK_COMPLETE in 1.075838565826416
2019-12-20 01:14:16.313 11211 RALLYDEBUG rally.task.utils [-] Waiting for resource . Status changed: CHECK_IN_PROGRESS => CHECK_COMPLETE in 1.07185697555542
2019-12-20 01:14:16.355 11212 RALLYDEBUG rally.task.utils [-] Waiting for resource . Status changed: CREATE_COMPLETE => DELETE_IN_PROGRESS in 0.05707979202270508
2019-12-20 01:14:16.429 11211 RALLYDEBUG rally.task.utils [-] Waiting for resource . Status changed: CREATE_COMPLETE => DELETE_IN_PROGRESS in 0.05673646926879883
2019-12-20 01:14:18.470 11212 INFO rally.task.runner [-] Task 261d1435-95bf-42bb-ab3c-cb3bfc8ed104 | ITER: 10 END: OK
2019-12-20 01:14:18.540 11211 INFO rally.task.runner [-] Task 261d1435-95bf-42bb-ab3c-cb3bfc8ed104 | ITER: 9 END: OK
2019-12-20 01:14:18.568 8497 INFO rally.task.context [-] Task 261d1435-95bf-42bb-ab3c-cb3bfc8ed104 | Context cleanup@openstack cleanup() started
2019-12-20 01:14:18.571 8497 RALLYDEBUG rally_openstack.cleanup.manager [-] Cleaning up heat stacks objects
2019-12-20 01:14:20.096 8497 INFO rally.task.context [-] Task 261d1435-95bf-42bb-ab3c-cb3bfc8ed104 | Context cleanup@openstack cleanup() finished in 1.53 sec
2019-12-20 01:14:20.096 8497 INFO rally.task.context [-] Task 261d1435-95bf-42bb-ab3c-cb3bfc8ed104 | Context roles@openstack cleanup() started
2019-12-20 01:14:20.097 8497 RALLYDEBUG rally_openstack.contexts.keystone.roles [-] Removing assigned role 9c01536b92f24ba29ec0710c0c0263d5 from all users
2019-12-20 01:14:21.073 8497 INFO rally.task.context [-] Task 261d1435-95bf-42bb-ab3c-cb3bfc8ed104 | Context roles@openstack cleanup() finished in 0.98 sec
2019-12-20 01:14:21.074 8497 INFO rally.task.context [-] Task 261d1435-95bf-42bb-ab3c-cb3bfc8ed104 | Context users@openstack cleanup() started
2019-12-20 01:14:26.006 8497 INFO rally.task.context [-] Task 261d1435-95bf-42bb-ab3c-cb3bfc8ed104 | Context users@openstack cleanup() finished in 4.93 sec
2019-12-20 01:14:27.381 8497 INFO rally.task.engine [-] Load duration is: 16.755819
2019-12-20 01:14:27.381 8497 INFO rally.task.engine [-] Full runner duration is: 18.803877
2019-12-20 01:14:27.382 8497 INFO rally.task.engine [-] Full duration is: 34.827016
2019-12-20 01:14:27.706 8497 INFO rally.task.engine [-] Running workload: position = 0 config = { "version": 2, "title": "A cropped version of a bigger task.", "description": "Auto-generated task from a single workload (uuid=6c5c63e4-4f66-41b1-ba59-8e59433c98c9)", "subtasks": [ { "title": "HeatStacks.create_suspend_resume_delete_stack", "description": "Create, suspend-resume and then delete a stack.", "scenario": { "HeatStacks.create_suspend_resume_delete_stack": { "template_path": "/usr/lib/python3.6/site-packages/functest/opnfv_tests/openstack/rally/scenario/templates/random_strings.yaml.template" } }, "contexts": { "users": { "tenants": 3, "users_per_tenant": 2 }, "roles": [ "heat_stack_owner" ] }, "runner": { "constant": { "concurrency": 4, "times": 10 } }, "hooks": [], "sla": { "failure_rate": { "max": 0 } } } ] }
2019-12-20 01:14:27.730 8497 RALLYDEBUG rally_openstack.contexts.keystone.users [-] Creating 3 tenants using 20 threads
2019-12-20 01:14:28.794 8497 RALLYDEBUG rally_openstack.contexts.keystone.users [-] Creating 6 users using 20 threads
2019-12-20 01:14:30.307 8497 INFO rally.task.context [-] Task 261d1435-95bf-42bb-ab3c-cb3bfc8ed104 | Context users@openstack setup() finished in 2.58 sec
2019-12-20 01:14:30.994 8497 RALLYDEBUG rally_openstack.contexts.keystone.roles [-] Adding role heat_stack_owner having ID 9c01536b92f24ba29ec0710c0c0263d5 to all users using 30 threads
2019-12-20 01:14:36.244 8497 INFO rally.task.context [-] Task 261d1435-95bf-42bb-ab3c-cb3bfc8ed104 | Context roles@openstack setup() finished in 5.94 sec
2019-12-20 01:14:36.244 8497 INFO rally.task.context [-] Task 261d1435-95bf-42bb-ab3c-cb3bfc8ed104 | Context cleanup@openstack setup() finished in 0.01 msec
2019-12-20 01:14:36.254 8497 RALLYDEBUG rally.task.runner [-] Starting the constant runner (task UUID: 261d1435-95bf-42bb-ab3c-cb3bfc8ed104). times: 10 concurrency: 4 timeout: 0 max_cpu_used: 16 processes_to_start: 4 concurrency_per_worker: 1 concurrency_overhead: 0
2019-12-20 01:14:36.265 11395 RALLYDEBUG rally.task.runner [-] Starting a worker. times: 10 duration: None concurrency: 1 timeout: 0 cls: method_name: run args: {"template_path": "heat_template_version: 2014-10-16\n\ndescription: Test template for rally create-update-delete scenario\n\nresources:\n test_string_one:\n type: OS::Heat::RandomString\n properties:\n length: 20\n test_string_two:\n type: OS::Heat::RandomString\n properties:\n length: 20"}
2019-12-20 01:14:36.269 11396 RALLYDEBUG rally.task.runner [-] Starting a worker. times: 10 duration: None concurrency: 1 timeout: 0 cls: method_name: run args: {"template_path": "heat_template_version: 2014-10-16\n\ndescription: Test template for rally create-update-delete scenario\n\nresources:\n test_string_one:\n type: OS::Heat::RandomString\n properties:\n length: 20\n test_string_two:\n type: OS::Heat::RandomString\n properties:\n length: 20"}
2019-12-20 01:14:36.272 11395 INFO rally.task.runner [-] Task 261d1435-95bf-42bb-ab3c-cb3bfc8ed104 | ITER: 1 START
2019-12-20 01:14:36.272 11397 RALLYDEBUG rally.task.runner [-] Starting a worker. times: 10 duration: None concurrency: 1 timeout: 0 cls: method_name: run args: {"template_path": "heat_template_version: 2014-10-16\n\ndescription: Test template for rally create-update-delete scenario\n\nresources:\n test_string_one:\n type: OS::Heat::RandomString\n properties:\n length: 20\n test_string_two:\n type: OS::Heat::RandomString\n properties:\n length: 20"}
2019-12-20 01:14:36.275 11396 INFO rally.task.runner [-] Task 261d1435-95bf-42bb-ab3c-cb3bfc8ed104 | ITER: 2 START
2019-12-20 01:14:36.276 11399 RALLYDEBUG rally.task.runner [-] Starting a worker. times: 10 duration: None concurrency: 1 timeout: 0 cls: method_name: run args: {"template_path": "heat_template_version: 2014-10-16\n\ndescription: Test template for rally create-update-delete scenario\n\nresources:\n test_string_one:\n type: OS::Heat::RandomString\n properties:\n length: 20\n test_string_two:\n type: OS::Heat::RandomString\n properties:\n length: 20"}
2019-12-20 01:14:36.279 11397 INFO rally.task.runner [-] Task 261d1435-95bf-42bb-ab3c-cb3bfc8ed104 | ITER: 3 START
2019-12-20 01:14:36.282 11399 INFO rally.task.runner [-] Task 261d1435-95bf-42bb-ab3c-cb3bfc8ed104 | ITER: 4 START
2019-12-20 01:14:39.751 11399 RALLYDEBUG rally.task.utils [-] Waiting for resource . Status changed: CREATE_IN_PROGRESS => CREATE_COMPLETE in 0.07489299774169922
2019-12-20 01:14:39.769 11395 RALLYDEBUG rally.task.utils [-] Waiting for resource . Status changed: CREATE_IN_PROGRESS => CREATE_COMPLETE in 0.07226347923278809
2019-12-20 01:14:39.812 11397 RALLYDEBUG rally.task.utils [-] Waiting for resource . Status changed: CREATE_IN_PROGRESS => CREATE_COMPLETE in 0.08040523529052734
2019-12-20 01:14:39.886 11396 RALLYDEBUG rally.task.utils [-] Waiting for resource . Status changed: CREATE_IN_PROGRESS => CREATE_COMPLETE in 0.06941604614257812
2019-12-20 01:14:39.907 11399 RALLYDEBUG rally.task.utils [-] Waiting for resource . Status changed: CREATE_COMPLETE => SUSPEND_IN_PROGRESS in 0.057950735092163086
2019-12-20 01:14:39.920 11395 RALLYDEBUG rally.task.utils [-] Waiting for resource . Status changed: CREATE_COMPLETE => SUSPEND_IN_PROGRESS in 0.05880284309387207
2019-12-20 01:14:39.967 11397 RALLYDEBUG rally.task.utils [-] Waiting for resource . Status changed: CREATE_COMPLETE => SUSPEND_IN_PROGRESS in 0.05291867256164551
2019-12-20 01:14:40.021 11396 RALLYDEBUG rally.task.utils [-] Waiting for resource . Status changed: CREATE_COMPLETE => SUSPEND_IN_PROGRESS in 0.05369067192077637
2019-12-20 01:14:40.991 11399 RALLYDEBUG rally.task.utils [-] Waiting for resource . Status changed: SUSPEND_IN_PROGRESS => SUSPEND_COMPLETE in 1.0840792655944824
2019-12-20 01:14:41.000 11395 RALLYDEBUG rally.task.utils [-] Waiting for resource . Status changed: SUSPEND_IN_PROGRESS => SUSPEND_COMPLETE in 1.080190896987915
2019-12-20 01:14:41.036 11397 RALLYDEBUG rally.task.utils [-] Waiting for resource . Status changed: SUSPEND_IN_PROGRESS => SUSPEND_COMPLETE in 1.0692806243896484
2019-12-20 01:14:41.084 11396 RALLYDEBUG rally.task.utils [-] Waiting for resource . Status changed: SUSPEND_IN_PROGRESS => SUSPEND_COMPLETE in 1.062676191329956
2019-12-20 01:14:41.144 11399 RALLYDEBUG rally.task.utils [-] Waiting for resource . Status changed: CREATE_COMPLETE => RESUME_IN_PROGRESS in 0.06157994270324707
2019-12-20 01:14:41.159 11395 RALLYDEBUG rally.task.utils [-] Waiting for resource . Status changed: CREATE_COMPLETE => RESUME_IN_PROGRESS in 0.05968642234802246
2019-12-20 01:14:41.195 11397 RALLYDEBUG rally.task.utils [-] Waiting for resource . Status changed: CREATE_COMPLETE => RESUME_IN_PROGRESS in 0.058980464935302734
2019-12-20 01:14:41.226 11396 RALLYDEBUG rally.task.utils [-] Waiting for resource . Status changed: CREATE_COMPLETE => RESUME_IN_PROGRESS in 0.060863494873046875
2019-12-20 01:14:42.220 11399 RALLYDEBUG rally.task.utils [-] Waiting for resource . Status changed: RESUME_IN_PROGRESS => RESUME_COMPLETE in 1.0757555961608887
2019-12-20 01:14:42.227 11395 RALLYDEBUG rally.task.utils [-] Waiting for resource . Status changed: RESUME_IN_PROGRESS => RESUME_COMPLETE in 1.06839919090271
2019-12-20 01:14:42.262 11397 RALLYDEBUG rally.task.utils [-] Waiting for resource . Status changed: RESUME_IN_PROGRESS => RESUME_COMPLETE in 1.066575527191162
2019-12-20 01:14:42.291 11396 RALLYDEBUG rally.task.utils [-] Waiting for resource . Status changed: RESUME_IN_PROGRESS => RESUME_COMPLETE in 1.0644629001617432
2019-12-20 01:14:42.333 11399 RALLYDEBUG rally.task.utils [-] Waiting for resource . Status changed: CREATE_COMPLETE => DELETE_IN_PROGRESS in 0.04925036430358887
2019-12-20 01:14:42.344 11395 RALLYDEBUG rally.task.utils [-] Waiting for resource . Status changed: CREATE_COMPLETE => DELETE_IN_PROGRESS in 0.05149483680725098
2019-12-20 01:14:42.375 11397 RALLYDEBUG rally.task.utils [-] Waiting for resource . Status changed: CREATE_COMPLETE => DELETE_IN_PROGRESS in 0.047408103942871094
2019-12-20 01:14:42.401 11396 RALLYDEBUG rally.task.utils [-] Waiting for resource . Status changed: CREATE_COMPLETE => DELETE_IN_PROGRESS in 0.046169281005859375
2019-12-20 01:14:43.410 11395 INFO rally.task.runner [-] Task 261d1435-95bf-42bb-ab3c-cb3bfc8ed104 | ITER: 1 END: OK
2019-12-20 01:14:43.414 11395 INFO rally.task.runner [-] Task 261d1435-95bf-42bb-ab3c-cb3bfc8ed104 | ITER: 5 START
2019-12-20 01:14:44.458 11399 INFO rally.task.runner [-] Task 261d1435-95bf-42bb-ab3c-cb3bfc8ed104 | ITER: 4 END: OK
2019-12-20 01:14:44.462 11399 INFO rally.task.runner [-] Task 261d1435-95bf-42bb-ab3c-cb3bfc8ed104 | ITER: 6 START
2019-12-20 01:14:44.487 11397 INFO rally.task.runner [-] Task 261d1435-95bf-42bb-ab3c-cb3bfc8ed104 | ITER: 3 END: OK
2019-12-20 01:14:44.492 11397 INFO rally.task.runner [-] Task 261d1435-95bf-42bb-ab3c-cb3bfc8ed104 | ITER: 7 START
2019-12-20 01:14:44.509 11396 INFO rally.task.runner [-] Task 261d1435-95bf-42bb-ab3c-cb3bfc8ed104 | ITER: 2 END: OK
2019-12-20 01:14:44.514 11396 INFO rally.task.runner [-] Task 261d1435-95bf-42bb-ab3c-cb3bfc8ed104 | ITER: 8 START
2019-12-20 01:14:46.878 11395 RALLYDEBUG rally.task.utils [-] Waiting for resource . Status changed: CREATE_IN_PROGRESS => CREATE_COMPLETE in 0.06386041641235352
2019-12-20 01:14:47.027 11395 RALLYDEBUG rally.task.utils [-] Waiting for resource . Status changed: CREATE_COMPLETE => SUSPEND_IN_PROGRESS in 0.05585503578186035
2019-12-20 01:14:47.874 11399 RALLYDEBUG rally.task.utils [-] Waiting for resource . Status changed: CREATE_IN_PROGRESS => CREATE_COMPLETE in 0.0733494758605957
2019-12-20 01:14:47.959 11397 RALLYDEBUG rally.task.utils [-] Waiting for resource . Status changed: CREATE_IN_PROGRESS => CREATE_COMPLETE in 0.06719660758972168
2019-12-20 01:14:47.981 11396 RALLYDEBUG rally.task.utils [-] Waiting for resource . Status changed: CREATE_IN_PROGRESS => CREATE_COMPLETE in 0.07298111915588379
2019-12-20 01:14:48.044 11399 RALLYDEBUG rally.task.utils [-] Waiting for resource . Status changed: CREATE_COMPLETE => SUSPEND_IN_PROGRESS in 0.06494665145874023
2019-12-20 01:14:48.086 11395 RALLYDEBUG rally.task.utils [-] Waiting for resource . Status changed: SUSPEND_IN_PROGRESS => SUSPEND_COMPLETE in 1.0599143505096436
2019-12-20 01:14:48.115 11397 RALLYDEBUG rally.task.utils [-] Waiting for resource . Status changed: CREATE_COMPLETE => SUSPEND_IN_PROGRESS in 0.06032156944274902
2019-12-20 01:14:48.130 11396 RALLYDEBUG rally.task.utils [-] Waiting for resource . Status changed: CREATE_COMPLETE => SUSPEND_IN_PROGRESS in 0.061281442642211914
2019-12-20 01:14:48.359 11395 RALLYDEBUG rally.task.utils [-] Waiting for resource . Status changed: CREATE_COMPLETE => RESUME_COMPLETE in 0.17408967018127441
2019-12-20 01:14:48.487 11395 RALLYDEBUG rally.task.utils [-] Waiting for resource . Status changed: CREATE_COMPLETE => DELETE_IN_PROGRESS in 0.06330609321594238
2019-12-20 01:14:49.137 11399 RALLYDEBUG rally.task.utils [-] Waiting for resource . Status changed: SUSPEND_IN_PROGRESS => SUSPEND_COMPLETE in 1.0930917263031006
2019-12-20 01:14:49.186 11397 RALLYDEBUG rally.task.utils [-] Waiting for resource . Status changed: SUSPEND_IN_PROGRESS => SUSPEND_COMPLETE in 1.0707995891571045
2019-12-20 01:14:49.194 11396 RALLYDEBUG rally.task.utils [-] Waiting for resource . Status changed: SUSPEND_IN_PROGRESS => SUSPEND_COMPLETE in 1.0639560222625732
2019-12-20 01:14:49.308 11399 RALLYDEBUG rally.task.utils [-] Waiting for resource . Status changed: CREATE_COMPLETE => RESUME_IN_PROGRESS in 0.06709504127502441
2019-12-20 01:14:49.337 11397 RALLYDEBUG rally.task.utils [-] Waiting for resource . Status changed: CREATE_COMPLETE => RESUME_IN_PROGRESS in 0.061553001403808594
2019-12-20 01:14:49.354 11396 RALLYDEBUG rally.task.utils [-] Waiting for resource . Status changed: CREATE_COMPLETE => RESUME_IN_PROGRESS in 0.05553388595581055
2019-12-20 01:14:50.373 11399 RALLYDEBUG rally.task.utils [-] Waiting for resource . Status changed: RESUME_IN_PROGRESS => RESUME_COMPLETE in 1.0653140544891357
2019-12-20 01:14:50.407 11397 RALLYDEBUG rally.task.utils [-] Waiting for resource . Status changed: RESUME_IN_PROGRESS => RESUME_COMPLETE in 1.0695099830627441
2019-12-20 01:14:50.429 11396 RALLYDEBUG rally.task.utils [-] Waiting for resource . Status changed: RESUME_IN_PROGRESS => RESUME_COMPLETE in 1.074345350265503
2019-12-20 01:14:50.496 11399 RALLYDEBUG rally.task.utils [-] Waiting for resource . Status changed: CREATE_COMPLETE => DELETE_IN_PROGRESS in 0.05877351760864258
2019-12-20 01:14:50.529 11397 RALLYDEBUG rally.task.utils [-] Waiting for resource . Status changed: CREATE_COMPLETE => DELETE_IN_PROGRESS in 0.048460960388183594
2019-12-20 01:14:50.543 11396 RALLYDEBUG rally.task.utils [-] Waiting for resource . Status changed: CREATE_COMPLETE => DELETE_IN_PROGRESS in 0.050084829330444336
2019-12-20 01:14:50.585 11395 INFO rally.task.runner [-] Task 261d1435-95bf-42bb-ab3c-cb3bfc8ed104 | ITER: 5 END: OK
2019-12-20 01:14:50.588 11395 INFO rally.task.runner [-] Task 261d1435-95bf-42bb-ab3c-cb3bfc8ed104 | ITER: 9 START
2019-12-20 01:14:52.620 11399 INFO rally.task.runner [-] Task 261d1435-95bf-42bb-ab3c-cb3bfc8ed104 | ITER: 6 END: OK
2019-12-20 01:14:52.624 11399 INFO rally.task.runner [-] Task 261d1435-95bf-42bb-ab3c-cb3bfc8ed104 | ITER: 10 START
2019-12-20 01:14:52.644 11397 INFO rally.task.runner [-] Task 261d1435-95bf-42bb-ab3c-cb3bfc8ed104 | ITER: 7 END: OK
2019-12-20 01:14:52.653 11396 INFO rally.task.runner [-] Task 261d1435-95bf-42bb-ab3c-cb3bfc8ed104 | ITER: 8 END: OK
2019-12-20 01:14:54.078 11395 RALLYDEBUG rally.task.utils [-] Waiting for resource . Status changed: CREATE_IN_PROGRESS => CREATE_COMPLETE in 0.07402992248535156
2019-12-20 01:14:54.235 11395 RALLYDEBUG rally.task.utils [-] Waiting for resource . Status changed: CREATE_COMPLETE => SUSPEND_IN_PROGRESS in 0.058185577392578125
2019-12-20 01:14:55.309 11395 RALLYDEBUG rally.task.utils [-] Waiting for resource . Status changed: SUSPEND_IN_PROGRESS => SUSPEND_COMPLETE in 1.0737102031707764
2019-12-20 01:14:55.473 11395 RALLYDEBUG rally.task.utils [-] Waiting for resource . Status changed: CREATE_COMPLETE => RESUME_IN_PROGRESS in 0.06190776824951172
2019-12-20 01:14:56.275 11399 RALLYDEBUG rally.task.utils [-] Waiting for resource . Status changed: CREATE_IN_PROGRESS => CREATE_COMPLETE in 0.0769033432006836
2019-12-20 01:14:56.449 11399 RALLYDEBUG rally.task.utils [-] Waiting for resource . Status changed: CREATE_COMPLETE => SUSPEND_IN_PROGRESS in 0.0661466121673584
2019-12-20 01:14:56.548 11395 RALLYDEBUG rally.task.utils [-] Waiting for resource . Status changed: RESUME_IN_PROGRESS => RESUME_COMPLETE in 1.0753440856933594
2019-12-20 01:14:56.688 11395 RALLYDEBUG rally.task.utils [-] Waiting for resource . Status changed: CREATE_COMPLETE => DELETE_IN_PROGRESS in 0.06463193893432617
2019-12-20 01:14:57.525 11399 RALLYDEBUG rally.task.utils [-] Waiting for resource . Status changed: SUSPEND_IN_PROGRESS => SUSPEND_COMPLETE in 1.07594633102417
2019-12-20 01:14:57.703 11399 RALLYDEBUG rally.task.utils [-] Waiting for resource . Status changed: CREATE_COMPLETE => RESUME_IN_PROGRESS in 0.06797027587890625
2019-12-20 01:14:58.768 11399 RALLYDEBUG rally.task.utils [-] Waiting for resource . Status changed: RESUME_IN_PROGRESS => RESUME_COMPLETE in 1.0651934146881104
2019-12-20 01:14:58.797 11395 INFO rally.task.runner [-] Task 261d1435-95bf-42bb-ab3c-cb3bfc8ed104 | ITER: 9 END: OK
2019-12-20 01:14:58.890 11399 RALLYDEBUG rally.task.utils [-] Waiting for resource . Status changed: CREATE_COMPLETE => DELETE_IN_PROGRESS in 0.06067943572998047
2019-12-20 01:15:01.147 11399 INFO rally.task.runner [-] Task 261d1435-95bf-42bb-ab3c-cb3bfc8ed104 | ITER: 10 END: OK
2019-12-20 01:15:01.171 8497 INFO rally.task.context [-] Task 261d1435-95bf-42bb-ab3c-cb3bfc8ed104 | Context cleanup@openstack cleanup() started
2019-12-20 01:15:01.174 8497 RALLYDEBUG rally_openstack.cleanup.manager [-] Cleaning up heat stacks objects
2019-12-20 01:15:02.817 8497 INFO rally.task.context [-] Task 261d1435-95bf-42bb-ab3c-cb3bfc8ed104 | Context cleanup@openstack cleanup() finished in 1.65 sec
2019-12-20 01:15:02.818 8497 INFO rally.task.context [-] Task 261d1435-95bf-42bb-ab3c-cb3bfc8ed104 | Context roles@openstack cleanup() started
2019-12-20 01:15:02.818 8497 RALLYDEBUG rally_openstack.contexts.keystone.roles [-] Removing assigned role 9c01536b92f24ba29ec0710c0c0263d5 from all users
2019-12-20 01:15:03.820 8497 INFO rally.task.context [-] Task 261d1435-95bf-42bb-ab3c-cb3bfc8ed104 | Context roles@openstack cleanup() finished in 1.00 sec
2019-12-20 01:15:03.820 8497 INFO rally.task.context [-] Task 261d1435-95bf-42bb-ab3c-cb3bfc8ed104 | Context users@openstack cleanup() started
2019-12-20 01:15:09.064 8497 INFO rally.task.context [-] Task 261d1435-95bf-42bb-ab3c-cb3bfc8ed104 | Context users@openstack cleanup() finished in 5.24 sec
2019-12-20 01:15:09.944 8497 INFO rally.task.engine [-] Load duration is: 22.873445
2019-12-20 01:15:09.944 8497 INFO rally.task.engine [-] Full runner duration is: 24.917222
2019-12-20 01:15:09.945 8497 INFO rally.task.engine [-] Full duration is: 41.33629
2019-12-20 01:15:10.227 8497 INFO rally.task.engine [-] Running workload: position = 0 config = { "version": 2, "title": "A cropped version of a bigger task.", "description": "Auto-generated task from a single workload (uuid=670db882-6f12-459a-8929-8065a4cd337e)", "subtasks": [ { "title": "HeatStacks.list_stacks_and_resources", "description": "List all resources from tenant stacks.", "scenario": { "HeatStacks.list_stacks_and_resources": {} }, "contexts": { "users": { "tenants": 3, "users_per_tenant": 2 }, "roles": [ "heat_stack_owner" ] }, "runner": { "constant": { "concurrency": 4, "times": 10 } }, "hooks": [], "sla": { "failure_rate": { "max": 0 } } } ] }
2019-12-20 01:15:10.248 8497 RALLYDEBUG rally_openstack.contexts.keystone.users [-] Creating 3 tenants using 20 threads
2019-12-20 01:15:11.255 8497 RALLYDEBUG rally_openstack.contexts.keystone.users [-] Creating 6 users using 20 threads
2019-12-20 01:15:12.809 8497 INFO rally.task.context [-] Task 261d1435-95bf-42bb-ab3c-cb3bfc8ed104 | Context users@openstack setup() finished in 2.56 sec
2019-12-20 01:15:13.504 8497 RALLYDEBUG rally_openstack.contexts.keystone.roles [-] Adding role heat_stack_owner having ID 9c01536b92f24ba29ec0710c0c0263d5 to all users using 30 threads
2019-12-20 01:15:18.755 8497 INFO rally.task.context [-] Task 261d1435-95bf-42bb-ab3c-cb3bfc8ed104 | Context roles@openstack setup() finished in 5.94 sec
2019-12-20 01:15:18.763 8497 RALLYDEBUG rally.task.runner [-] Starting the constant runner (task UUID: 261d1435-95bf-42bb-ab3c-cb3bfc8ed104). times: 10 concurrency: 4 timeout: 0 max_cpu_used: 16 processes_to_start: 4 concurrency_per_worker: 1 concurrency_overhead: 0
2019-12-20 01:15:18.774 11579 RALLYDEBUG rally.task.runner [-] Starting a worker. times: 10 duration: None concurrency: 1 timeout: 0 cls: method_name: run args: {}
2019-12-20 01:15:18.775 11580 RALLYDEBUG rally.task.runner [-] Starting a worker. times: 10 duration: None concurrency: 1 timeout: 0 cls: method_name: run args: {}
2019-12-20 01:15:18.780 11580 INFO rally.task.runner [-] Task 261d1435-95bf-42bb-ab3c-cb3bfc8ed104 | ITER: 2 START
2019-12-20 01:15:18.781 11579 INFO rally.task.runner [-] Task 261d1435-95bf-42bb-ab3c-cb3bfc8ed104 | ITER: 1 START
2019-12-20 01:15:18.780 11581 RALLYDEBUG rally.task.runner [-] Starting a worker. times: 10 duration: None concurrency: 1 timeout: 0 cls: method_name: run args: {}
2019-12-20 01:15:18.782 11583 RALLYDEBUG rally.task.runner [-] Starting a worker. times: 10 duration: None concurrency: 1 timeout: 0 cls: method_name: run args: {}
2019-12-20 01:15:18.786 11583 INFO rally.task.runner [-] Task 261d1435-95bf-42bb-ab3c-cb3bfc8ed104 | ITER: 4 START
2019-12-20 01:15:18.787 11581 INFO rally.task.runner [-] Task 261d1435-95bf-42bb-ab3c-cb3bfc8ed104 | ITER: 3 START
2019-12-20 01:15:19.293 11580 INFO rally.task.runner [-] Task 261d1435-95bf-42bb-ab3c-cb3bfc8ed104 | ITER: 2 END: OK
2019-12-20 01:15:19.294 11579 INFO rally.task.runner [-] Task 261d1435-95bf-42bb-ab3c-cb3bfc8ed104 | ITER: 1 END: OK
2019-12-20 01:15:19.298 11580 INFO rally.task.runner [-] Task 261d1435-95bf-42bb-ab3c-cb3bfc8ed104 | ITER: 5 START
2019-12-20 01:15:19.298 11579 INFO rally.task.runner [-] Task 261d1435-95bf-42bb-ab3c-cb3bfc8ed104 | ITER: 6 START
2019-12-20 01:15:19.302 11583 INFO rally.task.runner [-] Task 261d1435-95bf-42bb-ab3c-cb3bfc8ed104 | ITER: 4 END: OK
2019-12-20 01:15:19.307 11583 INFO rally.task.runner [-] Task 261d1435-95bf-42bb-ab3c-cb3bfc8ed104 | ITER: 7 START
2019-12-20 01:15:19.310 11581 INFO rally.task.runner [-] Task 261d1435-95bf-42bb-ab3c-cb3bfc8ed104 | ITER: 3 END: OK
2019-12-20 01:15:19.315 11581 INFO rally.task.runner [-] Task 261d1435-95bf-42bb-ab3c-cb3bfc8ed104 | ITER: 8 START
2019-12-20 01:15:19.672 11583 INFO rally.task.runner [-] Task 261d1435-95bf-42bb-ab3c-cb3bfc8ed104 | ITER: 7 END: OK
2019-12-20 01:15:19.676 11583 INFO rally.task.runner [-] Task 261d1435-95bf-42bb-ab3c-cb3bfc8ed104 | ITER: 9 START
2019-12-20 01:15:19.713 11580 INFO rally.task.runner [-] Task 261d1435-95bf-42bb-ab3c-cb3bfc8ed104 | ITER: 5 END: OK
2019-12-20 01:15:19.717 11580 INFO rally.task.runner [-] Task 261d1435-95bf-42bb-ab3c-cb3bfc8ed104 | ITER: 10 START
2019-12-20 01:15:19.735 11581 INFO rally.task.runner [-] Task 261d1435-95bf-42bb-ab3c-cb3bfc8ed104 | ITER: 8 END: OK
2019-12-20 01:15:19.774 11579 INFO rally.task.runner [-] Task 261d1435-95bf-42bb-ab3c-cb3bfc8ed104 | ITER: 6 END: OK
2019-12-20 01:15:20.214 11580 INFO rally.task.runner [-] Task 261d1435-95bf-42bb-ab3c-cb3bfc8ed104 | ITER: 10 END: OK
2019-12-20 01:15:20.235 11583 INFO rally.task.runner [-] Task 261d1435-95bf-42bb-ab3c-cb3bfc8ed104 | ITER: 9 END: OK
2019-12-20 01:15:20.258 8497 INFO rally.task.context [-] Task 261d1435-95bf-42bb-ab3c-cb3bfc8ed104 | Context roles@openstack cleanup() started
2019-12-20 01:15:20.259 8497 RALLYDEBUG rally_openstack.contexts.keystone.roles [-] Removing assigned role 9c01536b92f24ba29ec0710c0c0263d5 from all users
2019-12-20 01:15:21.274 8497 INFO rally.task.context [-] Task 261d1435-95bf-42bb-ab3c-cb3bfc8ed104 | Context roles@openstack cleanup() finished in 1.02 sec
2019-12-20 01:15:21.274 8497 INFO rally.task.context [-] Task 261d1435-95bf-42bb-ab3c-cb3bfc8ed104 | Context users@openstack cleanup() started
2019-12-20 01:15:26.065 8497 INFO rally.task.context [-] Task 261d1435-95bf-42bb-ab3c-cb3bfc8ed104 | Context users@openstack cleanup() finished in 4.79 sec
2019-12-20 01:15:26.370 8497 INFO rally.task.engine [-] Load duration is: 1.453757
2019-12-20 01:15:26.370 8497 INFO rally.task.engine [-] Full runner duration is: 1.495655
2019-12-20 01:15:26.370 8497 INFO rally.task.engine [-] Full duration is: 15.81873
2019-12-20 01:15:26.649 8497 INFO rally.task.engine [-] Task 261d1435-95bf-42bb-ab3c-cb3bfc8ed104 | Completed: Running task.
2019-12-20 01:15:28.155 11671 RALLYDEBUG rally.api [-] INFO logs from urllib3 and requests module are hide.
2019-12-20 01:15:28.155 11671 RALLYDEBUG rally.api [-] urllib3 insecure warnings are hidden.
2019-12-20 01:15:28.156 11671 RALLYDEBUG rally.api [-] ERROR log from boto module is hide.
2019-12-20 01:15:29.383 11672 RALLYDEBUG rally.api [-] INFO logs from urllib3 and requests module are hide.
2019-12-20 01:15:29.383 11672 RALLYDEBUG rally.api [-] urllib3 insecure warnings are hidden.
2019-12-20 01:15:29.383 11672 RALLYDEBUG rally.api [-] ERROR log from boto module is hide.
2019-12-20 01:15:30.689 11673 RALLYDEBUG rally.api [-] INFO logs from urllib3 and requests module are hide.
2019-12-20 01:15:30.690 11673 RALLYDEBUG rally.api [-] urllib3 insecure warnings are hidden.
2019-12-20 01:15:30.690 11673 RALLYDEBUG rally.api [-] ERROR log from boto module is hide.
2019-12-20 01:15:32.263 11673 INFO rally.api [-] Building 'json' report for the following task(s): '261d1435-95bf-42bb-ab3c-cb3bfc8ed104'.
2019-12-20 01:15:32.285 11673 INFO rally.api [-] The report has been successfully built.
2019-12-20 01:15:33.657 11675 RALLYDEBUG rally.api [-] INFO logs from urllib3 and requests module are hide.
2019-12-20 01:15:33.657 11675 RALLYDEBUG rally.api [-] urllib3 insecure warnings are hidden.
2019-12-20 01:15:33.657 11675 RALLYDEBUG rally.api [-] ERROR log from boto module is hide.
2019-12-20 01:15:35.618 11675 INFO rally.task.engine [-] Task 9c1baca5-6a38-4be6-940a-cf7f08f8ba0c | Starting: Task validation.
2019-12-20 01:15:35.673 11675 INFO rally.task.engine [-] Task 9c1baca5-6a38-4be6-940a-cf7f08f8ba0c | Starting: Task validation of syntax.
2019-12-20 01:15:35.823 11675 INFO rally.task.engine [-] Task 9c1baca5-6a38-4be6-940a-cf7f08f8ba0c | Completed: Task validation of syntax.
2019-12-20 01:15:35.823 11675 INFO rally.task.engine [-] Task 9c1baca5-6a38-4be6-940a-cf7f08f8ba0c | Starting: Task validation of required platforms.
2019-12-20 01:15:35.884 11675 INFO rally.task.engine [-] Task 9c1baca5-6a38-4be6-940a-cf7f08f8ba0c | Completed: Task validation of required platforms.
2019-12-20 01:15:35.884 11675 INFO rally.task.engine [-] Task 9c1baca5-6a38-4be6-940a-cf7f08f8ba0c | Starting: Task validation of semantic.
2019-12-20 01:15:35.885 11675 INFO rally.task.engine [-] Check health of the environment '8363868b-25da-4284-b3e4-5ec1a9f15510'.
2019-12-20 01:15:36.865 11675 INFO rally.task.engine [-] Platform existing@openstack (available: True): OK!
2019-12-20 01:15:36.883 11675 RALLYDEBUG rally_openstack.contexts.keystone.users [-] Creating 1 tenants using 20 threads
2019-12-20 01:15:37.716 11675 RALLYDEBUG rally_openstack.contexts.keystone.users [-] Creating 1 users using 20 threads
2019-12-20 01:15:39.077 11675 INFO rally.task.context [-] Task 9c1baca5-6a38-4be6-940a-cf7f08f8ba0c | Context users@openstack setup() finished in 2.19 sec
2019-12-20 01:15:39.161 11675 INFO rally.task.context [-] Task 9c1baca5-6a38-4be6-940a-cf7f08f8ba0c | Context users@openstack cleanup() started
2019-12-20 01:15:42.217 11675 INFO rally.task.context [-] Task 9c1baca5-6a38-4be6-940a-cf7f08f8ba0c | Context users@openstack cleanup() finished in 3.06 sec
2019-12-20 01:15:42.218 11675 INFO rally.task.engine [-] Task 9c1baca5-6a38-4be6-940a-cf7f08f8ba0c | Completed: Task validation of semantic.
2019-12-20 01:15:42.218 11675 INFO rally.task.engine [-] Task 9c1baca5-6a38-4be6-940a-cf7f08f8ba0c | Completed: Task validation.
2019-12-20 01:15:42.218 11675 INFO rally.api [-] Task 9c1baca5-6a38-4be6-940a-cf7f08f8ba0c input file is valid.
2019-12-20 01:15:42.219 11675 INFO rally.api [-] Run Task 9c1baca5-6a38-4be6-940a-cf7f08f8ba0c against Deployment 8363868b-25da-4284-b3e4-5ec1a9f15510
2019-12-20 01:15:42.219 11675 INFO rally.task.engine [-] Task 9c1baca5-6a38-4be6-940a-cf7f08f8ba0c | Starting: Running task.
2019-12-20 01:15:42.398 11675 INFO rally.task.engine [-] Running workload: position = 0 config = { "version": 2, "title": "A cropped version of a bigger task.", "description": "Auto-generated task from a single workload (uuid=8b78cbe6-04a9-426d-905e-eb3adc32acdb)", "subtasks": [ { "title": "KeystoneBasic.add_and_remove_user_role", "description": "Create a user role add to a user and disassociate.", "scenario": { "KeystoneBasic.add_and_remove_user_role": {} }, "contexts": { "users": { "tenants": 3, "users_per_tenant": 2 } }, "runner": { "constant": { "concurrency": 4, "times": 10 } }, "hooks": [], "sla": { "failure_rate": { "max": 0 } } } ] }
2019-12-20 01:15:42.422 11675 RALLYDEBUG rally_openstack.contexts.keystone.users [-] Creating 3 tenants using 20 threads
2019-12-20 01:15:43.514 11675 RALLYDEBUG rally_openstack.contexts.keystone.users [-] Creating 6 users using 20 threads
2019-12-20 01:15:45.037 11675 INFO rally.task.context [-] Task 9c1baca5-6a38-4be6-940a-cf7f08f8ba0c | Context users@openstack setup() finished in 2.62 sec
2019-12-20 01:15:45.038 11675 INFO rally.task.context [-] Task 9c1baca5-6a38-4be6-940a-cf7f08f8ba0c | Context admin_cleanup@openstack setup() finished in 0.01 msec
2019-12-20 01:15:45.047 11675 RALLYDEBUG rally.task.runner [-] Starting the constant runner (task UUID: 9c1baca5-6a38-4be6-940a-cf7f08f8ba0c). times: 10 concurrency: 4 timeout: 0 max_cpu_used: 16 processes_to_start: 4 concurrency_per_worker: 1 concurrency_overhead: 0
2019-12-20 01:15:45.061 11799 RALLYDEBUG rally.task.runner [-] Starting a worker. times: 10 duration: None concurrency: 1 timeout: 0 cls: method_name: run args: {}
2019-12-20 01:15:45.063 11800 RALLYDEBUG rally.task.runner [-] Starting a worker. times: 10 duration: None concurrency: 1 timeout: 0 cls: method_name: run args: {}
2019-12-20 01:15:45.067 11799 INFO rally.task.runner [-] Task 9c1baca5-6a38-4be6-940a-cf7f08f8ba0c | ITER: 1 START
2019-12-20 01:15:45.067 11801 RALLYDEBUG rally.task.runner [-] Starting a worker. times: 10 duration: None concurrency: 1 timeout: 0 cls: method_name: run args: {}
2019-12-20 01:15:45.069 11800 INFO rally.task.runner [-] Task 9c1baca5-6a38-4be6-940a-cf7f08f8ba0c | ITER: 2 START
2019-12-20 01:15:45.071 11802 RALLYDEBUG rally.task.runner [-] Starting a worker. times: 10 duration: None concurrency: 1 timeout: 0 cls: method_name: run args: {}
2019-12-20 01:15:45.074 11801 INFO rally.task.runner [-] Task 9c1baca5-6a38-4be6-940a-cf7f08f8ba0c | ITER: 3 START
2019-12-20 01:15:45.077 11802 INFO rally.task.runner [-] Task 9c1baca5-6a38-4be6-940a-cf7f08f8ba0c | ITER: 4 START
2019-12-20 01:15:46.563 11802 INFO rally.task.runner [-] Task 9c1baca5-6a38-4be6-940a-cf7f08f8ba0c | ITER: 4 END: OK
2019-12-20 01:15:46.563 11800 INFO rally.task.runner [-] Task 9c1baca5-6a38-4be6-940a-cf7f08f8ba0c | ITER: 2 END: OK
2019-12-20 01:15:46.563 11801 INFO rally.task.runner [-] Task 9c1baca5-6a38-4be6-940a-cf7f08f8ba0c | ITER: 3 END: OK
2019-12-20 01:15:46.567 11800 INFO rally.task.runner [-] Task 9c1baca5-6a38-4be6-940a-cf7f08f8ba0c | ITER: 5 START
2019-12-20 01:15:46.568 11802 INFO rally.task.runner [-] Task 9c1baca5-6a38-4be6-940a-cf7f08f8ba0c | ITER: 6 START
2019-12-20 01:15:46.568 11801 INFO rally.task.runner [-] Task 9c1baca5-6a38-4be6-940a-cf7f08f8ba0c | ITER: 7 START
2019-12-20 01:15:46.570 11799 INFO rally.task.runner [-] Task 9c1baca5-6a38-4be6-940a-cf7f08f8ba0c | ITER: 1 END: OK
2019-12-20 01:15:46.576 11799 INFO rally.task.runner [-] Task 9c1baca5-6a38-4be6-940a-cf7f08f8ba0c | ITER: 8 START
2019-12-20 01:15:48.088 11800 INFO rally.task.runner [-] Task 9c1baca5-6a38-4be6-940a-cf7f08f8ba0c | ITER: 5 END: OK
2019-12-20 01:15:48.091 11800 INFO rally.task.runner [-] Task 9c1baca5-6a38-4be6-940a-cf7f08f8ba0c | ITER: 9 START
2019-12-20 01:15:48.144 11801 INFO rally.task.runner [-] Task 9c1baca5-6a38-4be6-940a-cf7f08f8ba0c | ITER: 7 END: OK
2019-12-20 01:15:48.147 11801 INFO rally.task.runner [-] Task 9c1baca5-6a38-4be6-940a-cf7f08f8ba0c | ITER: 10 START
2019-12-20 01:15:48.221 11802 INFO rally.task.runner [-] Task 9c1baca5-6a38-4be6-940a-cf7f08f8ba0c | ITER: 6 END: OK
2019-12-20 01:15:48.227 11799 INFO rally.task.runner [-] Task 9c1baca5-6a38-4be6-940a-cf7f08f8ba0c | ITER: 8 END: OK
2019-12-20 01:15:49.639 11801 INFO rally.task.runner [-] Task 9c1baca5-6a38-4be6-940a-cf7f08f8ba0c | ITER: 10 END: OK
2019-12-20 01:15:49.767 11800 INFO rally.task.runner [-] Task 9c1baca5-6a38-4be6-940a-cf7f08f8ba0c | ITER: 9 END: OK
2019-12-20 01:15:49.789 11675 INFO rally.task.context [-] Task 9c1baca5-6a38-4be6-940a-cf7f08f8ba0c | Context admin_cleanup@openstack cleanup() started
2019-12-20 01:15:49.792 11675 RALLYDEBUG rally_openstack.cleanup.manager [-] Cleaning up keystone user objects
2019-12-20 01:15:50.671 11675 RALLYDEBUG rally_openstack.cleanup.manager [-] Cleaning up keystone project objects
2019-12-20 01:15:51.422 11675 RALLYDEBUG rally_openstack.cleanup.manager [-] Cleaning up keystone service objects
2019-12-20 01:15:52.169 11675 RALLYDEBUG rally_openstack.cleanup.manager [-] Cleaning up keystone role objects
2019-12-20 01:15:52.882 11675 RALLYDEBUG rally_openstack.cleanup.manager [-] Deleting keystone.role object s_rally_8b78cbe6_qpjDAjj2 (16bb62c3cc454d1c98484a80a9512ee5)
2019-12-20 01:15:52.892 11675 RALLYDEBUG rally_openstack.cleanup.manager [-] Deleting keystone.role object s_rally_8b78cbe6_jsDXomFo (1950871f7e0e46f4b07b342d0c9831ed)
2019-12-20 01:15:52.904 11675 RALLYDEBUG rally_openstack.cleanup.manager [-] Deleting keystone.role object s_rally_8b78cbe6_VpPlIfCp (29530dc0cd774a869a6d39123bc8931c)
2019-12-20 01:15:52.912 11675 RALLYDEBUG rally_openstack.cleanup.manager [-] Deleting keystone.role object s_rally_8b78cbe6_Dx97GLtI (3eebfd680b0a4f1785c4cce04d514cb7)
2019-12-20 01:15:52.919 11675 RALLYDEBUG rally_openstack.cleanup.manager [-] Deleting keystone.role object s_rally_8b78cbe6_W9bIPWMd (3cfc56b7c2084d948404db9207894284)
2019-12-20 01:15:52.922 11675 RALLYDEBUG rally_openstack.cleanup.manager [-] Deleting keystone.role object s_rally_8b78cbe6_kUu7WM4r (5dcba01ece684e3a8c0f1de8f7f44914)
2019-12-20 01:15:52.931 11675 RALLYDEBUG rally_openstack.cleanup.manager [-] Deleting keystone.role object s_rally_8b78cbe6_mHD98dEk (742a20161cfd49db8011a9d920c6175e)
2019-12-20 01:15:52.942 11675 RALLYDEBUG rally_openstack.cleanup.manager [-] Deleting keystone.role object s_rally_8b78cbe6_mqUy0Gbi (9200de7374044b5e86351b62d0dca50a)
2019-12-20 01:15:52.980 11675 RALLYDEBUG rally_openstack.cleanup.manager [-] Deleting keystone.role object s_rally_8b78cbe6_PYOfNioT (c354c6f640ba4eb39137145ab30bd7f2)
2019-12-20 01:15:52.989 11675 RALLYDEBUG rally_openstack.cleanup.manager [-] Deleting keystone.role object s_rally_8b78cbe6_bXi3iBtV (96250a2ba7c043df9198d5519a1a9a7c)
2019-12-20 01:15:55.137 11675 INFO rally.task.context [-] Task 9c1baca5-6a38-4be6-940a-cf7f08f8ba0c | Context admin_cleanup@openstack cleanup() finished in 5.35 sec
2019-12-20 01:15:55.138 11675 INFO rally.task.context [-] Task 9c1baca5-6a38-4be6-940a-cf7f08f8ba0c | Context users@openstack cleanup() started
2019-12-20 01:16:00.371 11675 INFO rally.task.context [-] Task 9c1baca5-6a38-4be6-940a-cf7f08f8ba0c | Context users@openstack cleanup() finished in 5.23 sec
2019-12-20 01:16:00.532 11675 INFO rally.task.engine [-] Load duration is: 3.398871
2019-12-20 01:16:00.532 11675 INFO rally.task.engine [-] Full runner duration is: 4.742152
2019-12-20 01:16:00.533 11675 INFO rally.task.engine [-] Full duration is: 17.951149
2019-12-20 01:16:00.862 11675 INFO rally.task.engine [-] Running workload: position = 0 config = { "version": 2, "title": "A cropped version of a bigger task.", "description": "Auto-generated task from a single workload (uuid=a877b94c-edff-4e3b-a178-cc5fc7549dd6)", "subtasks": [ { "title": "KeystoneBasic.create_add_and_list_user_roles", "description": "Create user role, add it and list user roles for given user.", "scenario": { "KeystoneBasic.create_add_and_list_user_roles": {} }, "contexts": { "users": { "tenants": 3, "users_per_tenant": 2 } }, "runner": { "constant": { "concurrency": 4, "times": 10 } }, "hooks": [], "sla": { "failure_rate": { "max": 0 } } } ] }
2019-12-20 01:16:00.887 11675 RALLYDEBUG rally_openstack.contexts.keystone.users [-] Creating 3 tenants using 20 threads
2019-12-20 01:16:01.875 11675 RALLYDEBUG rally_openstack.contexts.keystone.users [-] Creating 6 users using 20 threads
2019-12-20 01:16:03.385 11675 INFO rally.task.context [-] Task 9c1baca5-6a38-4be6-940a-cf7f08f8ba0c | Context users@openstack setup() finished in 2.50 sec
2019-12-20 01:16:03.385 11675 INFO rally.task.context [-] Task 9c1baca5-6a38-4be6-940a-cf7f08f8ba0c | Context admin_cleanup@openstack setup() finished in 0.01 msec
2019-12-20 01:16:03.394 11675 RALLYDEBUG rally.task.runner [-] Starting the constant runner (task UUID: 9c1baca5-6a38-4be6-940a-cf7f08f8ba0c). times: 10 concurrency: 4 timeout: 0 max_cpu_used: 16 processes_to_start: 4 concurrency_per_worker: 1 concurrency_overhead: 0
2019-12-20 01:16:03.405 11983 RALLYDEBUG rally.task.runner [-] Starting a worker. times: 10 duration: None concurrency: 1 timeout: 0 cls: method_name: run args: {}
2019-12-20 01:16:03.408 11984 RALLYDEBUG rally.task.runner [-] Starting a worker. times: 10 duration: None concurrency: 1 timeout: 0 cls: method_name: run args: {}
2019-12-20 01:16:03.412 11983 INFO rally.task.runner [-] Task 9c1baca5-6a38-4be6-940a-cf7f08f8ba0c | ITER: 1 START
2019-12-20 01:16:03.412 11985 RALLYDEBUG rally.task.runner [-] Starting a worker. times: 10 duration: None concurrency: 1 timeout: 0 cls: method_name: run args: {}
2019-12-20 01:16:03.414 11984 INFO rally.task.runner [-] Task 9c1baca5-6a38-4be6-940a-cf7f08f8ba0c | ITER: 2 START
2019-12-20 01:16:03.415 11987 RALLYDEBUG rally.task.runner [-] Starting a worker. times: 10 duration: None concurrency: 1 timeout: 0 cls: method_name: run args: {}
2019-12-20 01:16:03.418 11985 INFO rally.task.runner [-] Task 9c1baca5-6a38-4be6-940a-cf7f08f8ba0c | ITER: 3 START
2019-12-20 01:16:03.421 11987 INFO rally.task.runner [-] Task 9c1baca5-6a38-4be6-940a-cf7f08f8ba0c | ITER: 4 START
2019-12-20 01:16:04.899 11985 INFO rally.task.runner [-] Task 9c1baca5-6a38-4be6-940a-cf7f08f8ba0c | ITER: 3 END: OK
2019-12-20 01:16:04.904 11985 INFO rally.task.runner [-] Task 9c1baca5-6a38-4be6-940a-cf7f08f8ba0c | ITER: 5 START
2019-12-20 01:16:04.914 11983 INFO rally.task.runner [-] Task 9c1baca5-6a38-4be6-940a-cf7f08f8ba0c | ITER: 1 END: OK
2019-12-20 01:16:04.918 11983 INFO rally.task.runner [-] Task 9c1baca5-6a38-4be6-940a-cf7f08f8ba0c | ITER: 6 START
2019-12-20 01:16:05.012 11984 INFO rally.task.runner [-] Task 9c1baca5-6a38-4be6-940a-cf7f08f8ba0c | ITER: 2 END: OK
2019-12-20 01:16:05.012 11987 INFO rally.task.runner [-] Task 9c1baca5-6a38-4be6-940a-cf7f08f8ba0c | ITER: 4 END: OK
2019-12-20 01:16:05.017 11984 INFO rally.task.runner [-] Task 9c1baca5-6a38-4be6-940a-cf7f08f8ba0c | ITER: 7 START
2019-12-20 01:16:05.017 11987 INFO rally.task.runner [-] Task 9c1baca5-6a38-4be6-940a-cf7f08f8ba0c | ITER: 8 START
2019-12-20 01:16:06.372 11985 INFO rally.task.runner [-] Task 9c1baca5-6a38-4be6-940a-cf7f08f8ba0c | ITER: 5 END: OK
2019-12-20 01:16:06.375 11985 INFO rally.task.runner [-] Task 9c1baca5-6a38-4be6-940a-cf7f08f8ba0c | ITER: 9 START
2019-12-20 01:16:06.475 11983 INFO rally.task.runner [-] Task 9c1baca5-6a38-4be6-940a-cf7f08f8ba0c | ITER: 6 END: OK
2019-12-20 01:16:06.478 11983 INFO rally.task.runner [-] Task 9c1baca5-6a38-4be6-940a-cf7f08f8ba0c | ITER: 10 START
2019-12-20 01:16:06.611 11987 INFO rally.task.runner [-] Task 9c1baca5-6a38-4be6-940a-cf7f08f8ba0c | ITER: 8 END: OK
2019-12-20 01:16:06.611 11984 INFO rally.task.runner [-] Task 9c1baca5-6a38-4be6-940a-cf7f08f8ba0c | ITER: 7 END: OK
2019-12-20 01:16:07.906 11985 INFO rally.task.runner [-] Task 9c1baca5-6a38-4be6-940a-cf7f08f8ba0c | ITER: 9 END: OK
2019-12-20 01:16:08.066 11983 INFO rally.task.runner [-] Task 9c1baca5-6a38-4be6-940a-cf7f08f8ba0c | ITER: 10 END: OK
2019-12-20 01:16:08.093 11675 INFO rally.task.context [-] Task 9c1baca5-6a38-4be6-940a-cf7f08f8ba0c | Context admin_cleanup@openstack cleanup() started
2019-12-20 01:16:08.096 11675 RALLYDEBUG rally_openstack.cleanup.manager [-] Cleaning up keystone user objects
2019-12-20 01:16:08.921 11675 RALLYDEBUG rally_openstack.cleanup.manager [-] Cleaning up keystone project objects
2019-12-20 01:16:09.686 11675 RALLYDEBUG rally_openstack.cleanup.manager [-] Cleaning up keystone service objects
2019-12-20 01:16:10.453 11675 RALLYDEBUG rally_openstack.cleanup.manager [-] Cleaning up keystone role objects
2019-12-20 01:16:11.176 11675 RALLYDEBUG rally_openstack.cleanup.manager [-] Deleting keystone.role object s_rally_a877b94c_74UGkUOM (09afbc5f9b45478ab2cf381e3747b3bd)
2019-12-20 01:16:11.195 11675 RALLYDEBUG rally_openstack.cleanup.manager [-] Deleting keystone.role object s_rally_a877b94c_pJaSnlYP (2797b37530d84c70a9059f1669f635c6)
2019-12-20 01:16:11.203 11675 RALLYDEBUG rally_openstack.cleanup.manager [-] Deleting keystone.role object s_rally_a877b94c_zKjy2YRG (4b7eb6fdc5df4694972ce4121ac2686e)
2019-12-20 01:16:11.209 11675 RALLYDEBUG rally_openstack.cleanup.manager [-] Deleting keystone.role object s_rally_a877b94c_NecIObDk (472ccdab639044829925101269db8ccd)
2019-12-20 01:16:11.219 11675 RALLYDEBUG rally_openstack.cleanup.manager [-] Deleting keystone.role object s_rally_a877b94c_qYb85wCo (5a8a8fcde37740d3a8511cbe088ad238)
2019-12-20 01:16:11.230 11675 RALLYDEBUG rally_openstack.cleanup.manager [-] Deleting keystone.role object s_rally_a877b94c_5y7IpI3l (60df8e3e89154448bffd67398e7b6199)
2019-12-20 01:16:11.267 11675 RALLYDEBUG rally_openstack.cleanup.manager [-] Deleting keystone.role object s_rally_a877b94c_yOf7IqoL (992f2abf878a4ad88ed32bbd60c9d331)
2019-12-20 01:16:11.283 11675 RALLYDEBUG rally_openstack.cleanup.manager [-] Deleting keystone.role object s_rally_a877b94c_yhuZHa0V (b55ffe63736447f4aa4b6abcab4930f9)
2019-12-20 01:16:11.302 11675 RALLYDEBUG rally_openstack.cleanup.manager [-] Deleting keystone.role object s_rally_a877b94c_aZm9r61X (d702a2256700498ab19547dfa218cf01)
2019-12-20 01:16:11.305 11675 RALLYDEBUG rally_openstack.cleanup.manager [-] Deleting keystone.role object s_rally_a877b94c_TZrKLOia (c560e604ff8e45edbef7f41d3376fa2c)
2019-12-20 01:16:13.433 11675 INFO rally.task.context [-] Task 9c1baca5-6a38-4be6-940a-cf7f08f8ba0c | Context admin_cleanup@openstack cleanup() finished in 5.34 sec
2019-12-20 01:16:13.433 11675 INFO rally.task.context [-] Task 9c1baca5-6a38-4be6-940a-cf7f08f8ba0c | Context users@openstack cleanup() started
2019-12-20 01:16:18.376 11675 INFO rally.task.context [-] Task 9c1baca5-6a38-4be6-940a-cf7f08f8ba0c | Context users@openstack cleanup() finished in 4.94 sec
2019-12-20 01:16:18.990 11675 INFO rally.task.engine [-] Load duration is: 3.355162
2019-12-20 01:16:18.991 11675 INFO rally.task.engine [-] Full runner duration is: 4.69923
2019-12-20 01:16:18.991 11675 INFO rally.task.engine [-] Full duration is: 17.490376
2019-12-20 01:16:19.336 11675 INFO rally.task.engine [-] Running workload: position = 0 config = { "version": 2, "title": "A cropped version of a bigger task.", "description": "Auto-generated task from a single workload (uuid=05156a53-16b2-45d1-ac07-bf111ef0e58d)", "subtasks": [ { "title": "KeystoneBasic.create_and_list_tenants", "description": "Create a keystone tenant with random name and list all tenants.", "scenario": { "KeystoneBasic.create_and_list_tenants": {} }, "contexts": { "users": { "tenants": 3, "users_per_tenant": 2 } }, "runner": { "constant": { "concurrency": 4, "times": 10 } }, "hooks": [], "sla": { "failure_rate": { "max": 0 } } } ] }
2019-12-20 01:16:19.358 11675 RALLYDEBUG rally_openstack.contexts.keystone.users [-] Creating 3 tenants using 20 threads
2019-12-20 01:16:20.420 11675 RALLYDEBUG rally_openstack.contexts.keystone.users [-] Creating 6 users using 20 threads
2019-12-20 01:16:21.985 11675 INFO rally.task.context [-] Task 9c1baca5-6a38-4be6-940a-cf7f08f8ba0c | Context users@openstack setup() finished in 2.63 sec
2019-12-20 01:16:21.986 11675 INFO rally.task.context [-] Task 9c1baca5-6a38-4be6-940a-cf7f08f8ba0c | Context admin_cleanup@openstack setup() finished in 0.01 msec
2019-12-20 01:16:21.995 11675 RALLYDEBUG rally.task.runner [-] Starting the constant runner (task UUID: 9c1baca5-6a38-4be6-940a-cf7f08f8ba0c). times: 10 concurrency: 4 timeout: 0 max_cpu_used: 16 processes_to_start: 4 concurrency_per_worker: 1 concurrency_overhead: 0
2019-12-20 01:16:22.006 12167 RALLYDEBUG rally.task.runner [-] Starting a worker. times: 10 duration: None concurrency: 1 timeout: 0 cls: method_name: run args: {}
2019-12-20 01:16:22.010 12168 RALLYDEBUG rally.task.runner [-] Starting a worker. times: 10 duration: None concurrency: 1 timeout: 0 cls: method_name: run args: {}
2019-12-20 01:16:22.013 12167 INFO rally.task.runner [-] Task 9c1baca5-6a38-4be6-940a-cf7f08f8ba0c | ITER: 1 START
2019-12-20 01:16:22.014 12169 RALLYDEBUG rally.task.runner [-] Starting a worker. times: 10 duration: None concurrency: 1 timeout: 0 cls: method_name: run args: {}
2019-12-20 01:16:22.017 12168 INFO rally.task.runner [-] Task 9c1baca5-6a38-4be6-940a-cf7f08f8ba0c | ITER: 2 START
2019-12-20 01:16:22.017 12172 RALLYDEBUG rally.task.runner [-] Starting a worker. times: 10 duration: None concurrency: 1 timeout: 0 cls: method_name: run args: {}
2019-12-20 01:16:22.020 12169 INFO rally.task.runner [-] Task 9c1baca5-6a38-4be6-940a-cf7f08f8ba0c | ITER: 3 START
2019-12-20 01:16:22.024 12172 INFO rally.task.runner [-] Task 9c1baca5-6a38-4be6-940a-cf7f08f8ba0c | ITER: 4 START
2019-12-20 01:16:23.546 12168 INFO rally.task.runner [-] Task 9c1baca5-6a38-4be6-940a-cf7f08f8ba0c | ITER: 2 END: OK
2019-12-20 01:16:23.549 12169 INFO rally.task.runner [-] Task 9c1baca5-6a38-4be6-940a-cf7f08f8ba0c | ITER: 3 END: OK
2019-12-20 01:16:23.550 12168 INFO rally.task.runner [-] Task 9c1baca5-6a38-4be6-940a-cf7f08f8ba0c | ITER: 5 START
2019-12-20 01:16:23.553 12169 INFO rally.task.runner [-] Task 9c1baca5-6a38-4be6-940a-cf7f08f8ba0c | ITER: 6 START
2019-12-20 01:16:23.627 12167 INFO rally.task.runner [-] Task 9c1baca5-6a38-4be6-940a-cf7f08f8ba0c | ITER: 1 END: OK
2019-12-20 01:16:23.632 12167 INFO rally.task.runner [-] Task 9c1baca5-6a38-4be6-940a-cf7f08f8ba0c | ITER: 7 START
2019-12-20 01:16:23.724 12172 INFO rally.task.runner [-] Task 9c1baca5-6a38-4be6-940a-cf7f08f8ba0c | ITER: 4 END: OK
2019-12-20 01:16:23.728 12172 INFO rally.task.runner [-] Task 9c1baca5-6a38-4be6-940a-cf7f08f8ba0c | ITER: 8 START
2019-12-20 01:16:25.103 12168 INFO rally.task.runner [-] Task 9c1baca5-6a38-4be6-940a-cf7f08f8ba0c | ITER: 5 END: OK
2019-12-20 01:16:25.107 12168 INFO rally.task.runner [-] Task 9c1baca5-6a38-4be6-940a-cf7f08f8ba0c | ITER: 9 START
2019-12-20 01:16:25.200 12169 INFO rally.task.runner [-] Task 9c1baca5-6a38-4be6-940a-cf7f08f8ba0c | ITER: 6 END: OK
2019-12-20 01:16:25.204 12169 INFO rally.task.runner [-] Task 9c1baca5-6a38-4be6-940a-cf7f08f8ba0c | ITER: 10 START
2019-12-20 01:16:25.210 12167 INFO rally.task.runner [-] Task 9c1baca5-6a38-4be6-940a-cf7f08f8ba0c | ITER: 7 END: OK
2019-12-20 01:16:25.432 12172 INFO rally.task.runner [-] Task 9c1baca5-6a38-4be6-940a-cf7f08f8ba0c | ITER: 8 END: OK
2019-12-20 01:16:26.785 12168 INFO rally.task.runner [-] Task 9c1baca5-6a38-4be6-940a-cf7f08f8ba0c | ITER: 9 END: OK
2019-12-20 01:16:26.873 12169 INFO rally.task.runner [-] Task 9c1baca5-6a38-4be6-940a-cf7f08f8ba0c | ITER: 10 END: OK
2019-12-20 01:16:26.896 11675 INFO rally.task.context [-] Task 9c1baca5-6a38-4be6-940a-cf7f08f8ba0c | Context admin_cleanup@openstack cleanup() started
