2019-12-20 01:23:42.787 15853 RALLYDEBUG rally_openstack.wrappers.network [-] CIDR generated: 1.1.0.124/30
2019-12-20 01:23:42.859 15857 RALLYDEBUG rally_openstack.wrappers.network [-] CIDR generated: 1.1.0.128/30
2019-12-20 01:23:43.321 15855 INFO rally.task.runner [-] Task 3acac26d-d59f-4247-8a29-57c0db0b4acf | ITER: 3 END: OK
2019-12-20 01:23:43.326 15855 INFO rally.task.runner [-] Task 3acac26d-d59f-4247-8a29-57c0db0b4acf | ITER: 8 START
2019-12-20 01:23:43.838 15855 RALLYDEBUG rally_openstack.wrappers.network [-] CIDR generated: 1.1.0.132/30
2019-12-20 01:23:47.829 15854 INFO rally.task.runner [-] Task 3acac26d-d59f-4247-8a29-57c0db0b4acf | ITER: 5 END: OK
2019-12-20 01:23:47.832 15854 INFO rally.task.runner [-] Task 3acac26d-d59f-4247-8a29-57c0db0b4acf | ITER: 9 START
2019-12-20 01:23:48.206 15853 INFO rally.task.runner [-] Task 3acac26d-d59f-4247-8a29-57c0db0b4acf | ITER: 6 END: OK
2019-12-20 01:23:48.210 15853 INFO rally.task.runner [-] Task 3acac26d-d59f-4247-8a29-57c0db0b4acf | ITER: 10 START
2019-12-20 01:23:48.326 15854 RALLYDEBUG rally_openstack.wrappers.network [-] CIDR generated: 1.1.0.136/30
2019-12-20 01:23:48.784 15853 RALLYDEBUG rally_openstack.wrappers.network [-] CIDR generated: 1.1.0.140/30
2019-12-20 01:23:48.968 15857 INFO rally.task.runner [-] Task 3acac26d-d59f-4247-8a29-57c0db0b4acf | ITER: 7 END: OK
2019-12-20 01:23:49.337 15855 INFO rally.task.runner [-] Task 3acac26d-d59f-4247-8a29-57c0db0b4acf | ITER: 8 END: OK
2019-12-20 01:23:52.870 15854 INFO rally.task.runner [-] Task 3acac26d-d59f-4247-8a29-57c0db0b4acf | ITER: 9 END: OK
2019-12-20 01:23:54.918 15853 INFO rally.task.runner [-] Task 3acac26d-d59f-4247-8a29-57c0db0b4acf | ITER: 10 END: OK
2019-12-20 01:23:54.944 13785 INFO rally.task.context [-] Task 3acac26d-d59f-4247-8a29-57c0db0b4acf | Context cleanup@openstack cleanup() started
2019-12-20 01:23:54.947 13785 RALLYDEBUG rally_openstack.cleanup.manager [-] Cleaning up neutron vip objects
2019-12-20 01:23:56.107 13785 RALLYDEBUG rally_openstack.cleanup.manager [-] Cleaning up neutron health_monitor objects
2019-12-20 01:23:57.257 13785 RALLYDEBUG rally_openstack.cleanup.manager [-] Cleaning up neutron pool objects
2019-12-20 01:23:58.383 13785 RALLYDEBUG rally_openstack.cleanup.manager [-] Cleaning up neutron loadbalancer objects
2019-12-20 01:23:59.510 13785 RALLYDEBUG rally_openstack.cleanup.manager [-] Cleaning up neutron floatingip objects
2019-12-20 01:24:00.759 13785 RALLYDEBUG rally_openstack.cleanup.manager [-] Cleaning up neutron trunk objects
2019-12-20 01:24:01.922 13785 RALLYDEBUG rally_openstack.cleanup.manager [-] Cleaning up neutron port objects
2019-12-20 01:24:03.334 13785 RALLYDEBUG rally_openstack.cleanup.manager [-] Cleaning up neutron subnet objects
2019-12-20 01:24:04.643 13785 RALLYDEBUG rally_openstack.cleanup.manager [-] Deleting neutron.subnet object s_rally_256cbc35_zELJNe2F (e99ee7f9-1d9b-4344-8d8e-14c300087859)
2019-12-20 01:24:04.653 13785 RALLYDEBUG rally_openstack.cleanup.manager [-] Deleting neutron.subnet object s_rally_256cbc35_dFb6gn5M (853a0c7c-7421-4068-89fb-1f96ad83cdc9)
2019-12-20 01:24:04.662 13785 RALLYDEBUG rally_openstack.cleanup.manager [-] Deleting neutron.subnet object s_rally_256cbc35_9NjKqVlO (97b78278-dd65-4540-98a6-d26a95e6f3a7)
2019-12-20 01:24:04.671 13785 RALLYDEBUG rally_openstack.cleanup.manager [-] Deleting neutron.subnet object s_rally_256cbc35_5pUoXtqZ (d1395543-6e2e-4b72-9c59-865440570507)
2019-12-20 01:24:04.680 13785 RALLYDEBUG rally_openstack.cleanup.manager [-] Deleting neutron.subnet object s_rally_256cbc35_vUN0jcXU (170bd164-a753-4a55-979c-f598a26e921e)
2019-12-20 01:24:04.690 13785 RALLYDEBUG rally_openstack.cleanup.manager [-] Deleting neutron.subnet object s_rally_256cbc35_orqFTcIz (4bf0b667-6bdc-4f21-9ef6-eb0a619a841b)
2019-12-20 01:24:04.703 13785 RALLYDEBUG rally_openstack.cleanup.manager [-] Deleting neutron.subnet object s_rally_256cbc35_iEpiOMxG (8b94bf0a-925b-4778-9ea5-d8c00c5f487f)
2019-12-20 01:24:04.707 13785 RALLYDEBUG rally_openstack.cleanup.manager [-] Deleting neutron.subnet object s_rally_256cbc35_VBVCYLmd (bb28fb82-cd22-4919-85f0-b86169707b56)
2019-12-20 01:24:04.719 13785 RALLYDEBUG rally_openstack.cleanup.manager [-] Deleting neutron.subnet object s_rally_256cbc35_AOtEauKl (cff1b539-9ff5-4d62-94f0-e3da98f50603)
2019-12-20 01:24:04.746 13785 RALLYDEBUG rally_openstack.cleanup.manager [-] Deleting neutron.subnet object s_rally_256cbc35_hecmIA0y (f72e0de6-9780-4bab-8fbd-5dcb20336b27)
2019-12-20 01:24:07.804 13785 RALLYDEBUG rally_openstack.cleanup.manager [-] Cleaning up neutron network objects
2019-12-20 01:24:09.162 13785 RALLYDEBUG rally_openstack.cleanup.manager [-] Deleting neutron.network object s_rally_256cbc35_NcVgV1Ve (7c87de16-5a81-4ac9-8a3c-8db203a5b510)
2019-12-20 01:24:09.171 13785 RALLYDEBUG rally_openstack.cleanup.manager [-] Deleting neutron.network object s_rally_256cbc35_2zmyxsxq (1254c8c8-23b0-4325-b9b9-ae28072cb3a6)
2019-12-20 01:24:09.180 13785 RALLYDEBUG rally_openstack.cleanup.manager [-] Deleting neutron.network object s_rally_256cbc35_8qS7Eq6i (b4976a8e-655d-45cd-af30-2074193b4070)
2019-12-20 01:24:09.184 13785 RALLYDEBUG rally_openstack.cleanup.manager [-] Deleting neutron.network object s_rally_256cbc35_riX4PmS8 (fdf4c614-6763-4dec-8881-efccd92dc95c)
2019-12-20 01:24:09.200 13785 RALLYDEBUG rally_openstack.cleanup.manager [-] Deleting neutron.network object s_rally_256cbc35_LyXBNDYh (254e1b7f-67de-466f-96bb-461c01816413)
2019-12-20 01:24:09.214 13785 RALLYDEBUG rally_openstack.cleanup.manager [-] Deleting neutron.network object s_rally_256cbc35_Tm20oZK1 (4a85dee8-17d8-4728-8931-f7ef08f89a9b)
2019-12-20 01:24:09.219 13785 RALLYDEBUG rally_openstack.cleanup.manager [-] Deleting neutron.network object s_rally_256cbc35_M82eP4OF (b5dc565c-0307-4265-b18b-2d969d821f65)
2019-12-20 01:24:09.232 13785 RALLYDEBUG rally_openstack.cleanup.manager [-] Deleting neutron.network object s_rally_256cbc35_isxE5hei (d0afc231-49cf-4a07-af1d-f45f85a6a49f)
2019-12-20 01:24:09.239 13785 RALLYDEBUG rally_openstack.cleanup.manager [-] Deleting neutron.network object s_rally_256cbc35_Q5A3UsK1 (d3bfc897-8799-4288-b502-a36ee523f93e)
2019-12-20 01:24:09.249 13785 RALLYDEBUG rally_openstack.cleanup.manager [-] Deleting neutron.network object s_rally_256cbc35_YXRPu1r4 (f5830043-086f-43fa-bf05-255f0a568f80)
2019-12-20 01:24:13.411 13785 RALLYDEBUG rally_openstack.cleanup.manager [-] Cleaning up neutron router objects
2019-12-20 01:24:14.687 13785 RALLYDEBUG rally_openstack.cleanup.manager [-] Cleaning up neutron security_group objects
2019-12-20 01:24:15.987 13785 INFO rally.task.context [-] Task 3acac26d-d59f-4247-8a29-57c0db0b4acf | Context cleanup@openstack cleanup() finished in 21.04 sec
2019-12-20 01:24:15.988 13785 INFO rally.task.context [-] Task 3acac26d-d59f-4247-8a29-57c0db0b4acf | Context quotas@openstack cleanup() started
2019-12-20 01:24:16.265 13785 INFO rally.task.context [-] Task 3acac26d-d59f-4247-8a29-57c0db0b4acf | Context quotas@openstack cleanup() finished in 0.28 sec
2019-12-20 01:24:16.265 13785 INFO rally.task.context [-] Task 3acac26d-d59f-4247-8a29-57c0db0b4acf | Context users@openstack cleanup() started
2019-12-20 01:24:20.561 13785 INFO rally.task.context [-] Task 3acac26d-d59f-4247-8a29-57c0db0b4acf | Context users@openstack cleanup() finished in 4.30 sec
2019-12-20 01:24:22.547 13785 INFO rally.task.engine [-] Load duration is: 19.007951
2019-12-20 01:24:22.547 13785 INFO rally.task.engine [-] Full runner duration is: 19.054178
2019-12-20 01:24:22.548 13785 INFO rally.task.engine [-] Full duration is: 48.261864
2019-12-20 01:24:22.887 13785 INFO rally.task.engine [-] Running workload: position = 0 config = { "version": 2, "title": "A cropped version of a bigger task.", "description": "Auto-generated task from a single workload (uuid=bc9d34cb-0c7e-4dc7-8d91-27942aa40f75)", "subtasks": [ { "title": "NeutronNetworks.create_and_delete_subnets", "description": "Create and delete a given number of subnets.", "scenario": { "NeutronNetworks.create_and_delete_subnets": { "network_create_args": {}, "subnet_cidr_start": "1.1.0.0/30", "subnet_create_args": {}, "subnets_per_network": 1 } }, "contexts": { "users": { "tenants": 3, "users_per_tenant": 2 }, "network": { "router": {} }, "quotas": { "neutron": { "network": -1, "subnet": -1 } } }, "runner": { "constant": { "concurrency": 4, "times": 10 } }, "hooks": [], "sla": { "failure_rate": { "max": 0 } } } ] }
2019-12-20 01:24:22.911 13785 RALLYDEBUG rally_openstack.contexts.keystone.users [-] Creating 3 tenants using 20 threads
2019-12-20 01:24:23.855 13785 RALLYDEBUG rally_openstack.contexts.keystone.users [-] Creating 6 users using 20 threads
2019-12-20 01:24:25.387 13785 INFO rally.task.context [-] Task 3acac26d-d59f-4247-8a29-57c0db0b4acf | Context users@openstack setup() finished in 2.48 sec
2019-12-20 01:24:26.260 13785 INFO rally.task.context [-] Task 3acac26d-d59f-4247-8a29-57c0db0b4acf | Context quotas@openstack setup() finished in 0.87 sec
2019-12-20 01:24:26.859 13785 RALLYDEBUG rally_openstack.wrappers.network [-] CIDR generated: 10.2.36.0/24
2019-12-20 01:24:27.846 13785 RALLYDEBUG rally_openstack.wrappers.network [-] CIDR generated: 10.2.37.0/24
2019-12-20 01:24:28.735 13785 RALLYDEBUG rally_openstack.wrappers.network [-] CIDR generated: 10.2.38.0/24
2019-12-20 01:24:29.278 13785 INFO rally.task.context [-] Task 3acac26d-d59f-4247-8a29-57c0db0b4acf | Context network@openstack setup() finished in 3.02 sec
2019-12-20 01:24:29.279 13785 INFO rally.task.context [-] Task 3acac26d-d59f-4247-8a29-57c0db0b4acf | Context cleanup@openstack setup() finished in 0.01 msec
2019-12-20 01:24:29.288 13785 RALLYDEBUG rally.task.runner [-] Starting the constant runner (task UUID: 3acac26d-d59f-4247-8a29-57c0db0b4acf). times: 10 concurrency: 4 timeout: 0 max_cpu_used: 16 processes_to_start: 4 concurrency_per_worker: 1 concurrency_overhead: 0
2019-12-20 01:24:29.299 16177 RALLYDEBUG rally.task.runner [-] Starting a worker. times: 10 duration: None concurrency: 1 timeout: 0 cls: method_name: run args: {"network_create_args": {}, "subnet_cidr_start": "1.1.0.0/30", "subnet_create_args": {}, "subnets_per_network": 1}
2019-12-20 01:24:29.303 16178 RALLYDEBUG rally.task.runner [-] Starting a worker. times: 10 duration: None concurrency: 1 timeout: 0 cls: method_name: run args: {"network_create_args": {}, "subnet_cidr_start": "1.1.0.0/30", "subnet_create_args": {}, "subnets_per_network": 1}
2019-12-20 01:24:29.307 16177 INFO rally.task.runner [-] Task 3acac26d-d59f-4247-8a29-57c0db0b4acf | ITER: 1 START
2019-12-20 01:24:29.306 16179 RALLYDEBUG rally.task.runner [-] Starting a worker. times: 10 duration: None concurrency: 1 timeout: 0 cls: method_name: run args: {"network_create_args": {}, "subnet_cidr_start": "1.1.0.0/30", "subnet_create_args": {}, "subnets_per_network": 1}
2019-12-20 01:24:29.309 16177 RALLYDEBUG rally_openstack.wrappers.network [-] CIDR generated: 1.1.0.156/30
2019-12-20 01:24:29.310 16178 INFO rally.task.runner [-] Task 3acac26d-d59f-4247-8a29-57c0db0b4acf | ITER: 2 START
2019-12-20 01:24:29.310 16180 RALLYDEBUG rally.task.runner [-] Starting a worker. times: 10 duration: None concurrency: 1 timeout: 0 cls: method_name: run args: {"network_create_args": {}, "subnet_cidr_start": "1.1.0.0/30", "subnet_create_args": {}, "subnets_per_network": 1}
2019-12-20 01:24:29.313 16178 RALLYDEBUG rally_openstack.wrappers.network [-] CIDR generated: 1.1.0.160/30
2019-12-20 01:24:29.313 16179 INFO rally.task.runner [-] Task 3acac26d-d59f-4247-8a29-57c0db0b4acf | ITER: 3 START
2019-12-20 01:24:29.316 16179 RALLYDEBUG rally_openstack.wrappers.network [-] CIDR generated: 1.1.0.164/30
2019-12-20 01:24:29.317 16180 INFO rally.task.runner [-] Task 3acac26d-d59f-4247-8a29-57c0db0b4acf | ITER: 4 START
2019-12-20 01:24:29.319 16180 RALLYDEBUG rally_openstack.wrappers.network [-] CIDR generated: 1.1.0.168/30
2019-12-20 01:24:30.781 16178 INFO rally.task.runner [-] Task 3acac26d-d59f-4247-8a29-57c0db0b4acf | ITER: 2 END: OK
2019-12-20 01:24:30.786 16178 INFO rally.task.runner [-] Task 3acac26d-d59f-4247-8a29-57c0db0b4acf | ITER: 5 START
2019-12-20 01:24:30.788 16178 RALLYDEBUG rally_openstack.wrappers.network [-] CIDR generated: 1.1.0.172/30
2019-12-20 01:24:30.816 16180 INFO rally.task.runner [-] Task 3acac26d-d59f-4247-8a29-57c0db0b4acf | ITER: 4 END: OK
2019-12-20 01:24:30.821 16180 INFO rally.task.runner [-] Task 3acac26d-d59f-4247-8a29-57c0db0b4acf | ITER: 6 START
2019-12-20 01:24:30.822 16180 RALLYDEBUG rally_openstack.wrappers.network [-] CIDR generated: 1.1.0.176/30
2019-12-20 01:24:31.335 16177 INFO rally.task.runner [-] Task 3acac26d-d59f-4247-8a29-57c0db0b4acf | ITER: 1 END: OK
2019-12-20 01:24:31.340 16177 INFO rally.task.runner [-] Task 3acac26d-d59f-4247-8a29-57c0db0b4acf | ITER: 7 START
2019-12-20 01:24:31.342 16177 RALLYDEBUG rally_openstack.wrappers.network [-] CIDR generated: 1.1.0.180/30
2019-12-20 01:24:31.651 16179 INFO rally.task.runner [-] Task 3acac26d-d59f-4247-8a29-57c0db0b4acf | ITER: 3 END: OK
2019-12-20 01:24:31.656 16179 INFO rally.task.runner [-] Task 3acac26d-d59f-4247-8a29-57c0db0b4acf | ITER: 8 START
2019-12-20 01:24:31.657 16179 RALLYDEBUG rally_openstack.wrappers.network [-] CIDR generated: 1.1.0.184/30
2019-12-20 01:24:32.162 16178 INFO rally.task.runner [-] Task 3acac26d-d59f-4247-8a29-57c0db0b4acf | ITER: 5 END: OK
2019-12-20 01:24:32.166 16178 INFO rally.task.runner [-] Task 3acac26d-d59f-4247-8a29-57c0db0b4acf | ITER: 9 START
2019-12-20 01:24:32.168 16178 RALLYDEBUG rally_openstack.wrappers.network [-] CIDR generated: 1.1.0.188/30
2019-12-20 01:24:32.585 16180 INFO rally.task.runner [-] Task 3acac26d-d59f-4247-8a29-57c0db0b4acf | ITER: 6 END: OK
2019-12-20 01:24:32.589 16180 INFO rally.task.runner [-] Task 3acac26d-d59f-4247-8a29-57c0db0b4acf | ITER: 10 START
2019-12-20 01:24:32.590 16180 RALLYDEBUG rally_openstack.wrappers.network [-] CIDR generated: 1.1.0.192/30
2019-12-20 01:24:32.952 16177 INFO rally.task.runner [-] Task 3acac26d-d59f-4247-8a29-57c0db0b4acf | ITER: 7 END: OK
2019-12-20 01:24:32.981 16179 INFO rally.task.runner [-] Task 3acac26d-d59f-4247-8a29-57c0db0b4acf | ITER: 8 END: OK
2019-12-20 01:24:33.935 16178 INFO rally.task.runner [-] Task 3acac26d-d59f-4247-8a29-57c0db0b4acf | ITER: 9 END: OK
2019-12-20 01:24:34.711 16180 INFO rally.task.runner [-] Task 3acac26d-d59f-4247-8a29-57c0db0b4acf | ITER: 10 END: OK
2019-12-20 01:24:34.733 13785 INFO rally.task.context [-] Task 3acac26d-d59f-4247-8a29-57c0db0b4acf | Context cleanup@openstack cleanup() started
2019-12-20 01:24:34.736 13785 RALLYDEBUG rally_openstack.cleanup.manager [-] Cleaning up neutron vip objects
2019-12-20 01:24:35.808 13785 RALLYDEBUG rally_openstack.cleanup.manager [-] Cleaning up neutron health_monitor objects
2019-12-20 01:24:36.914 13785 RALLYDEBUG rally_openstack.cleanup.manager [-] Cleaning up neutron pool objects
2019-12-20 01:24:38.031 13785 RALLYDEBUG rally_openstack.cleanup.manager [-] Cleaning up neutron loadbalancer objects
2019-12-20 01:24:39.158 13785 RALLYDEBUG rally_openstack.cleanup.manager [-] Cleaning up neutron floatingip objects
2019-12-20 01:24:40.400 13785 RALLYDEBUG rally_openstack.cleanup.manager [-] Cleaning up neutron trunk objects
2019-12-20 01:24:41.575 13785 RALLYDEBUG rally_openstack.cleanup.manager [-] Cleaning up neutron port objects
2019-12-20 01:24:42.901 13785 RALLYDEBUG rally_openstack.cleanup.manager [-] Cleaning up neutron subnet objects
2019-12-20 01:24:44.223 13785 RALLYDEBUG rally_openstack.cleanup.manager [-] Cleaning up neutron network objects
2019-12-20 01:24:45.930 13785 RALLYDEBUG rally_openstack.cleanup.manager [-] Cleaning up neutron router objects
2019-12-20 01:24:47.176 13785 RALLYDEBUG rally_openstack.cleanup.manager [-] Cleaning up neutron security_group objects
2019-12-20 01:24:48.470 13785 INFO rally.task.context [-] Task 3acac26d-d59f-4247-8a29-57c0db0b4acf | Context cleanup@openstack cleanup() finished in 13.74 sec
2019-12-20 01:24:48.471 13785 INFO rally.task.context [-] Task 3acac26d-d59f-4247-8a29-57c0db0b4acf | Context network@openstack cleanup() started
2019-12-20 01:25:00.354 13785 INFO rally.task.context [-] Task 3acac26d-d59f-4247-8a29-57c0db0b4acf | Context network@openstack cleanup() finished in 11.88 sec
2019-12-20 01:25:00.355 13785 INFO rally.task.context [-] Task 3acac26d-d59f-4247-8a29-57c0db0b4acf | Context quotas@openstack cleanup() started
2019-12-20 01:25:00.617 13785 INFO rally.task.context [-] Task 3acac26d-d59f-4247-8a29-57c0db0b4acf | Context quotas@openstack cleanup() finished in 0.26 sec
2019-12-20 01:25:00.618 13785 INFO rally.task.context [-] Task 3acac26d-d59f-4247-8a29-57c0db0b4acf | Context users@openstack cleanup() started
2019-12-20 01:25:04.709 13785 INFO rally.task.context [-] Task 3acac26d-d59f-4247-8a29-57c0db0b4acf | Context users@openstack cleanup() finished in 4.09 sec
2019-12-20 01:25:05.117 13785 INFO rally.task.engine [-] Load duration is: 5.402998
2019-12-20 01:25:05.117 13785 INFO rally.task.engine [-] Full runner duration is: 5.44513
2019-12-20 01:25:05.118 13785 INFO rally.task.engine [-] Full duration is: 41.800955
2019-12-20 01:25:05.462 13785 INFO rally.task.engine [-] Running workload: position = 0 config = { "version": 2, "title": "A cropped version of a bigger task.", "description": "Auto-generated task from a single workload (uuid=38fcd54a-f784-4030-9a2e-25cbffdd1078)", "subtasks": [ { "title": "NeutronNetworks.create_and_list_networks", "description": "Create a network and then list all networks.", "scenario": { "NeutronNetworks.create_and_list_networks": { "network_create_args": {} } }, "contexts": { "users": { "tenants": 3, "users_per_tenant": 2 }, "quotas": { "neutron": { "network": -1 } } }, "runner": { "constant": { "concurrency": 4, "times": 10 } }, "hooks": [], "sla": { "failure_rate": { "max": 0 } } } ] }
2019-12-20 01:25:05.488 13785 RALLYDEBUG rally_openstack.contexts.keystone.users [-] Creating 3 tenants using 20 threads
2019-12-20 01:25:06.582 13785 RALLYDEBUG rally_openstack.contexts.keystone.users [-] Creating 6 users using 20 threads
2019-12-20 01:25:08.084 13785 INFO rally.task.context [-] Task 3acac26d-d59f-4247-8a29-57c0db0b4acf | Context users@openstack setup() finished in 2.60 sec
2019-12-20 01:25:08.882 13785 INFO rally.task.context [-] Task 3acac26d-d59f-4247-8a29-57c0db0b4acf | Context quotas@openstack setup() finished in 0.80 sec
2019-12-20 01:25:08.882 13785 INFO rally.task.context [-] Task 3acac26d-d59f-4247-8a29-57c0db0b4acf | Context cleanup@openstack setup() finished in 0.02 msec
2019-12-20 01:25:08.891 13785 RALLYDEBUG rally.task.runner [-] Starting the constant runner (task UUID: 3acac26d-d59f-4247-8a29-57c0db0b4acf). times: 10 concurrency: 4 timeout: 0 max_cpu_used: 16 processes_to_start: 4 concurrency_per_worker: 1 concurrency_overhead: 0
2019-12-20 01:25:08.903 16501 RALLYDEBUG rally.task.runner [-] Starting a worker. times: 10 duration: None concurrency: 1 timeout: 0 cls: method_name: run args: {"network_create_args": {}}
2019-12-20 01:25:08.907 16502 RALLYDEBUG rally.task.runner [-] Starting a worker. times: 10 duration: None concurrency: 1 timeout: 0 cls: method_name: run args: {"network_create_args": {}}
2019-12-20 01:25:08.910 16501 INFO rally.task.runner [-] Task 3acac26d-d59f-4247-8a29-57c0db0b4acf | ITER: 1 START
2019-12-20 01:25:08.910 16503 RALLYDEBUG rally.task.runner [-] Starting a worker. times: 10 duration: None concurrency: 1 timeout: 0 cls: method_name: run args: {"network_create_args": {}}
2019-12-20 01:25:08.913 16502 INFO rally.task.runner [-] Task 3acac26d-d59f-4247-8a29-57c0db0b4acf | ITER: 2 START
2019-12-20 01:25:08.913 16505 RALLYDEBUG rally.task.runner [-] Starting a worker. times: 10 duration: None concurrency: 1 timeout: 0 cls: method_name: run args: {"network_create_args": {}}
2019-12-20 01:25:08.917 16503 INFO rally.task.runner [-] Task 3acac26d-d59f-4247-8a29-57c0db0b4acf | ITER: 3 START
2019-12-20 01:25:08.919 16505 INFO rally.task.runner [-] Task 3acac26d-d59f-4247-8a29-57c0db0b4acf | ITER: 4 START
2019-12-20 01:25:09.739 16505 INFO rally.task.runner [-] Task 3acac26d-d59f-4247-8a29-57c0db0b4acf | ITER: 4 END: OK
2019-12-20 01:25:09.744 16505 INFO rally.task.runner [-] Task 3acac26d-d59f-4247-8a29-57c0db0b4acf | ITER: 5 START
2019-12-20 01:25:09.751 16501 INFO rally.task.runner [-] Task 3acac26d-d59f-4247-8a29-57c0db0b4acf | ITER: 1 END: OK
2019-12-20 01:25:09.755 16501 INFO rally.task.runner [-] Task 3acac26d-d59f-4247-8a29-57c0db0b4acf | ITER: 6 START
2019-12-20 01:25:10.297 16503 INFO rally.task.runner [-] Task 3acac26d-d59f-4247-8a29-57c0db0b4acf | ITER: 3 END: OK
2019-12-20 01:25:10.302 16503 INFO rally.task.runner [-] Task 3acac26d-d59f-4247-8a29-57c0db0b4acf | ITER: 7 START
2019-12-20 01:25:10.466 16505 INFO rally.task.runner [-] Task 3acac26d-d59f-4247-8a29-57c0db0b4acf | ITER: 5 END: OK
2019-12-20 01:25:10.470 16505 INFO rally.task.runner [-] Task 3acac26d-d59f-4247-8a29-57c0db0b4acf | ITER: 8 START
2019-12-20 01:25:10.548 16502 INFO rally.task.runner [-] Task 3acac26d-d59f-4247-8a29-57c0db0b4acf | ITER: 2 END: OK
2019-12-20 01:25:10.552 16502 INFO rally.task.runner [-] Task 3acac26d-d59f-4247-8a29-57c0db0b4acf | ITER: 9 START
2019-12-20 01:25:10.671 16501 INFO rally.task.runner [-] Task 3acac26d-d59f-4247-8a29-57c0db0b4acf | ITER: 6 END: OK
2019-12-20 01:25:10.675 16501 INFO rally.task.runner [-] Task 3acac26d-d59f-4247-8a29-57c0db0b4acf | ITER: 10 START
2019-12-20 01:25:11.024 16503 INFO rally.task.runner [-] Task 3acac26d-d59f-4247-8a29-57c0db0b4acf | ITER: 7 END: OK
2019-12-20 01:25:11.182 16505 INFO rally.task.runner [-] Task 3acac26d-d59f-4247-8a29-57c0db0b4acf | ITER: 8 END: OK
2019-12-20 01:25:11.299 16501 INFO rally.task.runner [-] Task 3acac26d-d59f-4247-8a29-57c0db0b4acf | ITER: 10 END: OK
2019-12-20 01:25:11.299 16502 INFO rally.task.runner [-] Task 3acac26d-d59f-4247-8a29-57c0db0b4acf | ITER: 9 END: OK
2019-12-20 01:25:11.322 13785 INFO rally.task.context [-] Task 3acac26d-d59f-4247-8a29-57c0db0b4acf | Context cleanup@openstack cleanup() started
2019-12-20 01:25:11.325 13785 RALLYDEBUG rally_openstack.cleanup.manager [-] Cleaning up neutron vip objects
2019-12-20 01:25:12.456 13785 RALLYDEBUG rally_openstack.cleanup.manager [-] Cleaning up neutron health_monitor objects
2019-12-20 01:25:13.590 13785 RALLYDEBUG rally_openstack.cleanup.manager [-] Cleaning up neutron pool objects
2019-12-20 01:25:14.730 13785 RALLYDEBUG rally_openstack.cleanup.manager [-] Cleaning up neutron loadbalancer objects
2019-12-20 01:25:15.883 13785 RALLYDEBUG rally_openstack.cleanup.manager [-] Cleaning up neutron floatingip objects
2019-12-20 01:25:17.150 13785 RALLYDEBUG rally_openstack.cleanup.manager [-] Cleaning up neutron trunk objects
2019-12-20 01:25:18.354 13785 RALLYDEBUG rally_openstack.cleanup.manager [-] Cleaning up neutron port objects
2019-12-20 01:25:19.664 13785 RALLYDEBUG rally_openstack.cleanup.manager [-] Cleaning up neutron subnet objects
2019-12-20 01:25:20.887 13785 RALLYDEBUG rally_openstack.cleanup.manager [-] Cleaning up neutron network objects
2019-12-20 01:25:22.358 13785 RALLYDEBUG rally_openstack.cleanup.manager [-] Deleting neutron.network object s_rally_38fcd54a_q5qeXsE5 (620a0959-ce75-4ad5-a206-d36e0af6ea5e)
2019-12-20 01:25:22.368 13785 RALLYDEBUG rally_openstack.cleanup.manager [-] Deleting neutron.network object s_rally_38fcd54a_syHh1rxS (bd7c24b1-eb31-4e38-8211-a48dea10fc75)
2019-12-20 01:25:22.376 13785 RALLYDEBUG rally_openstack.cleanup.manager [-] Deleting neutron.network object s_rally_38fcd54a_fyPi4dV1 (239aa8b7-6b91-46cd-beef-1b81dd32d14b)
2019-12-20 01:25:22.380 13785 RALLYDEBUG rally_openstack.cleanup.manager [-] Deleting neutron.network object s_rally_38fcd54a_5CgdPX53 (dcbe33d0-8e1c-4054-a7b9-328708be78b6)
2019-12-20 01:25:22.397 13785 RALLYDEBUG rally_openstack.cleanup.manager [-] Deleting neutron.network object s_rally_38fcd54a_RhR7Pd2S (14e063fc-03f8-4077-af15-33549878f8bb)
2019-12-20 01:25:22.409 13785 RALLYDEBUG rally_openstack.cleanup.manager [-] Deleting neutron.network object s_rally_38fcd54a_6ESC249P (2df0e54c-38b7-4375-8cdc-f4fa5c406a87)
2019-12-20 01:25:22.417 13785 RALLYDEBUG rally_openstack.cleanup.manager [-] Deleting neutron.network object s_rally_38fcd54a_7rekCm43 (6b49c858-dec3-4337-9a1a-651511249a15)
2019-12-20 01:25:22.432 13785 RALLYDEBUG rally_openstack.cleanup.manager [-] Deleting neutron.network object s_rally_38fcd54a_QfrEeUeZ (963a523e-5c15-4742-be30-1075122aa536)
2019-12-20 01:25:22.447 13785 RALLYDEBUG rally_openstack.cleanup.manager [-] Deleting neutron.network object s_rally_38fcd54a_UwAesWJr (be5c6294-7d71-4b78-bdda-710aaa4b831b)
2019-12-20 01:25:22.455 13785 RALLYDEBUG rally_openstack.cleanup.manager [-] Deleting neutron.network object s_rally_38fcd54a_MHlXT0f0 (bf5f63fd-bfea-46c2-acd3-af7ad8fda715)
2019-12-20 01:25:25.615 13785 RALLYDEBUG rally_openstack.cleanup.manager [-] Cleaning up neutron router objects
2019-12-20 01:25:27.096 13785 RALLYDEBUG rally_openstack.cleanup.manager [-] Cleaning up neutron security_group objects
2019-12-20 01:25:28.378 13785 INFO rally.task.context [-] Task 3acac26d-d59f-4247-8a29-57c0db0b4acf | Context cleanup@openstack cleanup() finished in 17.06 sec
2019-12-20 01:25:28.378 13785 INFO rally.task.context [-] Task 3acac26d-d59f-4247-8a29-57c0db0b4acf | Context quotas@openstack cleanup() started
2019-12-20 01:25:28.598 13785 INFO rally.task.context [-] Task 3acac26d-d59f-4247-8a29-57c0db0b4acf | Context quotas@openstack cleanup() finished in 0.22 sec
2019-12-20 01:25:28.598 13785 INFO rally.task.context [-] Task 3acac26d-d59f-4247-8a29-57c0db0b4acf | Context users@openstack cleanup() started
2019-12-20 01:25:32.583 13785 INFO rally.task.context [-] Task 3acac26d-d59f-4247-8a29-57c0db0b4acf | Context users@openstack cleanup() finished in 3.98 sec
2019-12-20 01:25:33.700 13785 INFO rally.task.engine [-] Load duration is: 2.386923
2019-12-20 01:25:33.700 13785 INFO rally.task.engine [-] Full runner duration is: 2.430909
2019-12-20 01:25:33.701 13785 INFO rally.task.engine [-] Full duration is: 27.096837
2019-12-20 01:25:33.966 13785 INFO rally.task.engine [-] Running workload: position = 0 config = { "version": 2, "title": "A cropped version of a bigger task.", "description": "Auto-generated task from a single workload (uuid=93865f9f-2be2-4577-b29a-998b28305ea6)", "subtasks": [ { "title": "NeutronNetworks.create_and_list_ports", "description": "Create and a given number of ports and list all ports.", "scenario": { "NeutronNetworks.create_and_list_ports": { "network_create_args": {}, "port_create_args": {}, "ports_per_network": 1 } }, "contexts": { "users": { "tenants": 3, "users_per_tenant": 2 }, "network": { "router": {} }, "quotas": { "neutron": { "network": -1, "port": -1 } } }, "runner": { "constant": { "concurrency": 4, "times": 10 } }, "hooks": [], "sla": { "failure_rate": { "max": 0 } } } ] }
2019-12-20 01:25:33.990 13785 RALLYDEBUG rally_openstack.contexts.keystone.users [-] Creating 3 tenants using 20 threads
2019-12-20 01:25:35.037 13785 RALLYDEBUG rally_openstack.contexts.keystone.users [-] Creating 6 users using 20 threads
2019-12-20 01:25:36.653 13785 INFO rally.task.context [-] Task 3acac26d-d59f-4247-8a29-57c0db0b4acf | Context users@openstack setup() finished in 2.66 sec
2019-12-20 01:25:37.532 13785 INFO rally.task.context [-] Task 3acac26d-d59f-4247-8a29-57c0db0b4acf | Context quotas@openstack setup() finished in 0.88 sec
2019-12-20 01:25:38.244 13785 RALLYDEBUG rally_openstack.wrappers.network [-] CIDR generated: 10.2.49.0/24
2019-12-20 01:25:39.431 13785 RALLYDEBUG rally_openstack.wrappers.network [-] CIDR generated: 10.2.50.0/24
2019-12-20 01:25:40.258 13785 RALLYDEBUG rally_openstack.wrappers.network [-] CIDR generated: 10.2.51.0/24
2019-12-20 01:25:40.763 13785 INFO rally.task.context [-] Task 3acac26d-d59f-4247-8a29-57c0db0b4acf | Context network@openstack setup() finished in 3.23 sec
2019-12-20 01:25:40.763 13785 INFO rally.task.context [-] Task 3acac26d-d59f-4247-8a29-57c0db0b4acf | Context cleanup@openstack setup() finished in 0.01 msec
2019-12-20 01:25:40.772 13785 RALLYDEBUG rally.task.runner [-] Starting the constant runner (task UUID: 3acac26d-d59f-4247-8a29-57c0db0b4acf). times: 10 concurrency: 4 timeout: 0 max_cpu_used: 16 processes_to_start: 4 concurrency_per_worker: 1 concurrency_overhead: 0
2019-12-20 01:25:40.784 16825 RALLYDEBUG rally.task.runner [-] Starting a worker. times: 10 duration: None concurrency: 1 timeout: 0 cls: method_name: run args: {"network_create_args": {}, "port_create_args": {}, "ports_per_network": 1}
2019-12-20 01:25:40.788 16826 RALLYDEBUG rally.task.runner [-] Starting a worker. times: 10 duration: None concurrency: 1 timeout: 0 cls: method_name: run args: {"network_create_args": {}, "port_create_args": {}, "ports_per_network": 1}
2019-12-20 01:25:40.791 16825 INFO rally.task.runner [-] Task 3acac26d-d59f-4247-8a29-57c0db0b4acf | ITER: 1 START
2019-12-20 01:25:40.791 16827 RALLYDEBUG rally.task.runner [-] Starting a worker. times: 10 duration: None concurrency: 1 timeout: 0 cls: method_name: run args: {"network_create_args": {}, "port_create_args": {}, "ports_per_network": 1}
2019-12-20 01:25:40.795 16826 INFO rally.task.runner [-] Task 3acac26d-d59f-4247-8a29-57c0db0b4acf | ITER: 2 START
2019-12-20 01:25:40.794 16828 RALLYDEBUG rally.task.runner [-] Starting a worker. times: 10 duration: None concurrency: 1 timeout: 0 cls: method_name: run args: {"network_create_args": {}, "port_create_args": {}, "ports_per_network": 1}
2019-12-20 01:25:40.798 16827 INFO rally.task.runner [-] Task 3acac26d-d59f-4247-8a29-57c0db0b4acf | ITER: 3 START
2019-12-20 01:25:40.801 16828 INFO rally.task.runner [-] Task 3acac26d-d59f-4247-8a29-57c0db0b4acf | ITER: 4 START
2019-12-20 01:25:41.849 16827 INFO rally.task.runner [-] Task 3acac26d-d59f-4247-8a29-57c0db0b4acf | ITER: 3 END: OK
2019-12-20 01:25:41.853 16827 INFO rally.task.runner [-] Task 3acac26d-d59f-4247-8a29-57c0db0b4acf | ITER: 5 START
2019-12-20 01:25:41.900 16828 INFO rally.task.runner [-] Task 3acac26d-d59f-4247-8a29-57c0db0b4acf | ITER: 4 END: OK
2019-12-20 01:25:41.904 16828 INFO rally.task.runner [-] Task 3acac26d-d59f-4247-8a29-57c0db0b4acf | ITER: 6 START
2019-12-20 01:25:42.612 16825 INFO rally.task.runner [-] Task 3acac26d-d59f-4247-8a29-57c0db0b4acf | ITER: 1 END: OK
2019-12-20 01:25:42.612 16826 INFO rally.task.runner [-] Task 3acac26d-d59f-4247-8a29-57c0db0b4acf | ITER: 2 END: OK
2019-12-20 01:25:42.616 16826 INFO rally.task.runner [-] Task 3acac26d-d59f-4247-8a29-57c0db0b4acf | ITER: 7 START
2019-12-20 01:25:42.617 16825 INFO rally.task.runner [-] Task 3acac26d-d59f-4247-8a29-57c0db0b4acf | ITER: 8 START
2019-12-20 01:25:43.216 16828 INFO rally.task.runner [-] Task 3acac26d-d59f-4247-8a29-57c0db0b4acf | ITER: 6 END: OK
2019-12-20 01:25:43.221 16828 INFO rally.task.runner [-] Task 3acac26d-d59f-4247-8a29-57c0db0b4acf | ITER: 9 START
2019-12-20 01:25:43.237 16827 INFO rally.task.runner [-] Task 3acac26d-d59f-4247-8a29-57c0db0b4acf | ITER: 5 END: OK
2019-12-20 01:25:43.241 16827 INFO rally.task.runner [-] Task 3acac26d-d59f-4247-8a29-57c0db0b4acf | ITER: 10 START
2019-12-20 01:25:43.579 16825 INFO rally.task.runner [-] Task 3acac26d-d59f-4247-8a29-57c0db0b4acf | ITER: 8 END: OK
2019-12-20 01:25:43.640 16826 INFO rally.task.runner [-] Task 3acac26d-d59f-4247-8a29-57c0db0b4acf | ITER: 7 END: OK
2019-12-20 01:25:44.274 16827 INFO rally.task.runner [-] Task 3acac26d-d59f-4247-8a29-57c0db0b4acf | ITER: 10 END: OK
2019-12-20 01:25:44.335 16828 INFO rally.task.runner [-] Task 3acac26d-d59f-4247-8a29-57c0db0b4acf | ITER: 9 END: OK
2019-12-20 01:25:44.359 13785 INFO rally.task.context [-] Task 3acac26d-d59f-4247-8a29-57c0db0b4acf | Context cleanup@openstack cleanup() started
2019-12-20 01:25:44.363 13785 RALLYDEBUG rally_openstack.cleanup.manager [-] Cleaning up neutron vip objects
2019-12-20 01:25:45.453 13785 RALLYDEBUG rally_openstack.cleanup.manager [-] Cleaning up neutron health_monitor objects
2019-12-20 01:25:46.541 13785 RALLYDEBUG rally_openstack.cleanup.manager [-] Cleaning up neutron pool objects
2019-12-20 01:25:47.660 13785 RALLYDEBUG rally_openstack.cleanup.manager [-] Cleaning up neutron loadbalancer objects
2019-12-20 01:25:48.742 13785 RALLYDEBUG rally_openstack.cleanup.manager [-] Cleaning up neutron floatingip objects
2019-12-20 01:25:49.966 13785 RALLYDEBUG rally_openstack.cleanup.manager [-] Cleaning up neutron trunk objects
2019-12-20 01:25:51.111 13785 RALLYDEBUG rally_openstack.cleanup.manager [-] Cleaning up neutron port objects
2019-12-20 01:25:52.440 13785 RALLYDEBUG rally_openstack.cleanup.manager [-] Deleting neutron.port object s_rally_93865f9f_OqVpwfXD (0870e25c-e950-4ef8-9c59-c68c0e36d851)
2019-12-20 01:25:52.450 13785 RALLYDEBUG rally_openstack.cleanup.manager [-] Deleting neutron.port object s_rally_93865f9f_V8PArgET (3bb00f34-fdf5-4cd7-b179-0e278ba85557)
2019-12-20 01:25:52.458 13785 RALLYDEBUG rally_openstack.cleanup.manager [-] Deleting neutron.port object s_rally_93865f9f_3LGXw2Ye (3f80fcfe-b7ba-4283-b4ce-f6fc0167df4d)
2019-12-20 01:25:52.476 13785 RALLYDEBUG rally_openstack.cleanup.manager [-] Deleting neutron.port object s_rally_93865f9f_1pHhguXA (f5127cd1-793d-45c7-a812-89054737e8f6)
2019-12-20 01:25:52.489 13785 RALLYDEBUG rally_openstack.cleanup.manager [-] Deleting neutron.port object s_rally_93865f9f_bR2ry9aL (4499f4e4-c63a-4840-93ed-443700e6642b)
2019-12-20 01:25:52.507 13785 RALLYDEBUG rally_openstack.cleanup.manager [-] Deleting neutron.port object s_rally_93865f9f_NOVK9dAi (6386e496-96ed-485f-8330-c06f5ff23fd8)
2019-12-20 01:25:52.511 13785 RALLYDEBUG rally_openstack.cleanup.manager [-] Deleting neutron.port object s_rally_93865f9f_QuiNMwvV (66130f2a-e0dd-4d48-9ad8-5144a69e5617)
2019-12-20 01:25:52.524 13785 RALLYDEBUG rally_openstack.cleanup.manager [-] Deleting neutron.port object s_rally_93865f9f_UkyB7auC (a3e04a4f-31a2-4e71-be5b-7b4f38bc0357)
2019-12-20 01:25:52.545 13785 RALLYDEBUG rally_openstack.cleanup.manager [-] Deleting neutron.port object s_rally_93865f9f_25C2bmYv (55254f76-343e-47af-b39b-945536f16982)
2019-12-20 01:25:52.549 13785 RALLYDEBUG rally_openstack.cleanup.manager [-] Deleting neutron.port object s_rally_93865f9f_GApBqjkH (73d32da1-d0f6-4c46-b5bb-953dd3f9ca1c)
2019-12-20 01:25:54.948 13785 RALLYDEBUG rally_openstack.cleanup.manager [-] Cleaning up neutron subnet objects
2019-12-20 01:25:56.250 13785 RALLYDEBUG rally_openstack.cleanup.manager [-] Cleaning up neutron network objects
2019-12-20 01:25:57.935 13785 RALLYDEBUG rally_openstack.cleanup.manager [-] Cleaning up neutron router objects
2019-12-20 01:25:59.199 13785 RALLYDEBUG rally_openstack.cleanup.manager [-] Cleaning up neutron security_group objects
2019-12-20 01:26:00.486 13785 INFO rally.task.context [-] Task 3acac26d-d59f-4247-8a29-57c0db0b4acf | Context cleanup@openstack cleanup() finished in 16.13 sec
2019-12-20 01:26:00.487 13785 INFO rally.task.context [-] Task 3acac26d-d59f-4247-8a29-57c0db0b4acf | Context network@openstack cleanup() started
2019-12-20 01:26:12.013 13785 INFO rally.task.context [-] Task 3acac26d-d59f-4247-8a29-57c0db0b4acf | Context network@openstack cleanup() finished in 11.53 sec
2019-12-20 01:26:12.014 13785 INFO rally.task.context [-] Task 3acac26d-d59f-4247-8a29-57c0db0b4acf | Context quotas@openstack cleanup() started
2019-12-20 01:26:12.264 13785 INFO rally.task.context [-] Task 3acac26d-d59f-4247-8a29-57c0db0b4acf | Context quotas@openstack cleanup() finished in 0.25 sec
2019-12-20 01:26:12.265 13785 INFO rally.task.context [-] Task 3acac26d-d59f-4247-8a29-57c0db0b4acf | Context users@openstack cleanup() started
2019-12-20 01:26:16.431 13785 INFO rally.task.context [-] Task 3acac26d-d59f-4247-8a29-57c0db0b4acf | Context users@openstack cleanup() finished in 4.17 sec
2019-12-20 01:26:18.195 13785 INFO rally.task.engine [-] Load duration is: 3.542232
2019-12-20 01:26:18.195 13785 INFO rally.task.engine [-] Full runner duration is: 3.587294
2019-12-20 01:26:18.195 13785 INFO rally.task.engine [-] Full duration is: 42.443578
2019-12-20 01:26:18.529 13785 INFO rally.task.engine [-] Running workload: position = 0 config = { "version": 2, "title": "A cropped version of a bigger task.", "description": "Auto-generated task from a single workload (uuid=9e8a8364-f6d1-4b87-86c9-1a859057a6b8)", "subtasks": [ { "title": "NeutronNetworks.create_and_list_routers", "description": "Create and a given number of routers and list all routers.", "scenario": { "NeutronNetworks.create_and_list_routers": { "network_create_args": {}, "router_create_args": {}, "subnet_cidr_start": "1.1.0.0/30", "subnet_create_args": {}, "subnets_per_network": 1 } }, "contexts": { "users": { "tenants": 3, "users_per_tenant": 2 }, "quotas": { "neutron": { "network": -1, "subnet": -1, "router": -1 } } }, "runner": { "constant": { "concurrency": 4, "times": 10 } }, "hooks": [], "sla": { "failure_rate": { "max": 0 } } } ] }
2019-12-20 01:26:18.553 13785 RALLYDEBUG rally_openstack.contexts.keystone.users [-] Creating 3 tenants using 20 threads
2019-12-20 01:26:19.728 13785 RALLYDEBUG rally_openstack.contexts.keystone.users [-] Creating 6 users using 20 threads
2019-12-20 01:26:21.190 13785 INFO rally.task.context [-] Task 3acac26d-d59f-4247-8a29-57c0db0b4acf | Context users@openstack setup() finished in 2.64 sec
2019-12-20 01:26:22.225 13785 INFO rally.task.context [-] Task 3acac26d-d59f-4247-8a29-57c0db0b4acf | Context quotas@openstack setup() finished in 1.03 sec
2019-12-20 01:26:22.225 13785 INFO rally.task.context [-] Task 3acac26d-d59f-4247-8a29-57c0db0b4acf | Context cleanup@openstack setup() finished in 0.02 msec
2019-12-20 01:26:22.235 13785 RALLYDEBUG rally.task.runner [-] Starting the constant runner (task UUID: 3acac26d-d59f-4247-8a29-57c0db0b4acf). times: 10 concurrency: 4 timeout: 0 max_cpu_used: 16 processes_to_start: 4 concurrency_per_worker: 1 concurrency_overhead: 0
2019-12-20 01:26:22.246 17149 RALLYDEBUG rally.task.runner [-] Starting a worker. times: 10 duration: None concurrency: 1 timeout: 0 cls: method_name: run args: {"network_create_args": {}, "router_create_args": {}, "subnet_cidr_start": "1.1.0.0/30", "subnet_create_args": {}, "subnets_per_network": 1}
2019-12-20 01:26:22.250 17150 RALLYDEBUG rally.task.runner [-] Starting a worker. times: 10 duration: None concurrency: 1 timeout: 0 cls: method_name: run args: {"network_create_args": {}, "router_create_args": {}, "subnet_cidr_start": "1.1.0.0/30", "subnet_create_args": {}, "subnets_per_network": 1}
2019-12-20 01:26:22.253 17149 INFO rally.task.runner [-] Task 3acac26d-d59f-4247-8a29-57c0db0b4acf | ITER: 1 START
2019-12-20 01:26:22.253 17151 RALLYDEBUG rally.task.runner [-] Starting a worker. times: 10 duration: None concurrency: 1 timeout: 0 cls: method_name: run args: {"network_create_args": {}, "router_create_args": {}, "subnet_cidr_start": "1.1.0.0/30", "subnet_create_args": {}, "subnets_per_network": 1}
2019-12-20 01:26:22.256 17150 INFO rally.task.runner [-] Task 3acac26d-d59f-4247-8a29-57c0db0b4acf | ITER: 2 START
2019-12-20 01:26:22.256 17153 RALLYDEBUG rally.task.runner [-] Starting a worker. times: 10 duration: None concurrency: 1 timeout: 0 cls: method_name: run args: {"network_create_args": {}, "router_create_args": {}, "subnet_cidr_start": "1.1.0.0/30", "subnet_create_args": {}, "subnets_per_network": 1}
2019-12-20 01:26:22.260 17151 INFO rally.task.runner [-] Task 3acac26d-d59f-4247-8a29-57c0db0b4acf | ITER: 3 START
2019-12-20 01:26:22.262 17153 INFO rally.task.runner [-] Task 3acac26d-d59f-4247-8a29-57c0db0b4acf | ITER: 4 START
2019-12-20 01:26:22.936 17150 RALLYDEBUG rally_openstack.wrappers.network [-] CIDR generated: 1.1.0.208/30
2019-12-20 01:26:22.940 17153 RALLYDEBUG rally_openstack.wrappers.network [-] CIDR generated: 1.1.0.212/30
2019-12-20 01:26:23.564 17149 RALLYDEBUG rally_openstack.wrappers.network [-] CIDR generated: 1.1.0.216/30
2019-12-20 01:26:23.659 17151 RALLYDEBUG rally_openstack.wrappers.network [-] CIDR generated: 1.1.0.220/30
2019-12-20 01:26:25.720 17150 INFO rally.task.runner [-] Task 3acac26d-d59f-4247-8a29-57c0db0b4acf | ITER: 2 END: OK
2019-12-20 01:26:25.724 17150 INFO rally.task.runner [-] Task 3acac26d-d59f-4247-8a29-57c0db0b4acf | ITER: 5 START
2019-12-20 01:26:25.843 17153 INFO rally.task.runner [-] Task 3acac26d-d59f-4247-8a29-57c0db0b4acf | ITER: 4 END: OK
2019-12-20 01:26:25.847 17153 INFO rally.task.runner [-] Task 3acac26d-d59f-4247-8a29-57c0db0b4acf | ITER: 6 START
2019-12-20 01:26:25.971 17149 INFO rally.task.runner [-] Task 3acac26d-d59f-4247-8a29-57c0db0b4acf | ITER: 1 END: OK
2019-12-20 01:26:25.976 17149 INFO rally.task.runner [-] Task 3acac26d-d59f-4247-8a29-57c0db0b4acf | ITER: 7 START
2019-12-20 01:26:26.355 17150 RALLYDEBUG rally_openstack.wrappers.network [-] CIDR generated: 1.1.0.224/30
2019-12-20 01:26:26.527 17153 RALLYDEBUG rally_openstack.wrappers.network [-] CIDR generated: 1.1.0.228/30
2019-12-20 01:26:26.534 17151 INFO rally.task.runner [-] Task 3acac26d-d59f-4247-8a29-57c0db0b4acf | ITER: 3 END: OK
2019-12-20 01:26:26.538 17151 INFO rally.task.runner [-] Task 3acac26d-d59f-4247-8a29-57c0db0b4acf | ITER: 8 START
2019-12-20 01:26:26.551 17149 RALLYDEBUG rally_openstack.wrappers.network [-] CIDR generated: 1.1.0.232/30
2019-12-20 01:26:27.031 17151 RALLYDEBUG rally_openstack.wrappers.network [-] CIDR generated: 1.1.0.236/30
2019-12-20 01:26:29.137 17153 INFO rally.task.runner [-] Task 3acac26d-d59f-4247-8a29-57c0db0b4acf | ITER: 6 END: OK
2019-12-20 01:26:29.141 17153 INFO rally.task.runner [-] Task 3acac26d-d59f-4247-8a29-57c0db0b4acf | ITER: 9 START
2019-12-20 01:26:29.451 17149 INFO rally.task.runner [-] Task 3acac26d-d59f-4247-8a29-57c0db0b4acf | ITER: 7 END: OK
2019-12-20 01:26:29.455 17149 INFO rally.task.runner [-] Task 3acac26d-d59f-4247-8a29-57c0db0b4acf | ITER: 10 START
2019-12-20 01:26:29.619 17150 INFO rally.task.runner [-] Task 3acac26d-d59f-4247-8a29-57c0db0b4acf | ITER: 5 END: OK
2019-12-20 01:26:29.631 17153 RALLYDEBUG rally_openstack.wrappers.network [-] CIDR generated: 1.1.0.240/30
2019-12-20 01:26:29.951 17149 RALLYDEBUG rally_openstack.wrappers.network [-] CIDR generated: 1.1.0.244/30
2019-12-20 01:26:30.003 17151 INFO rally.task.runner [-] Task 3acac26d-d59f-4247-8a29-57c0db0b4acf | ITER: 8 END: OK
2019-12-20 01:26:32.690 17149 INFO rally.task.runner [-] Task 3acac26d-d59f-4247-8a29-57c0db0b4acf | ITER: 10 END: OK
2019-12-20 01:26:32.706 17153 INFO rally.task.runner [-] Task 3acac26d-d59f-4247-8a29-57c0db0b4acf | ITER: 9 END: OK
2019-12-20 01:26:32.731 13785 INFO rally.task.context [-] Task 3acac26d-d59f-4247-8a29-57c0db0b4acf | Context cleanup@openstack cleanup() started
2019-12-20 01:26:32.735 13785 RALLYDEBUG rally_openstack.cleanup.manager [-] Cleaning up neutron vip objects
2019-12-20 01:26:33.802 13785 RALLYDEBUG rally_openstack.cleanup.manager [-] Cleaning up neutron health_monitor objects
2019-12-20 01:26:34.890 13785 RALLYDEBUG rally_openstack.cleanup.manager [-] Cleaning up neutron pool objects
2019-12-20 01:26:35.986 13785 RALLYDEBUG rally_openstack.cleanup.manager [-] Cleaning up neutron loadbalancer objects
2019-12-20 01:26:37.063 13785 RALLYDEBUG rally_openstack.cleanup.manager [-] Cleaning up neutron floatingip objects
2019-12-20 01:26:38.264 13785 RALLYDEBUG rally_openstack.cleanup.manager [-] Cleaning up neutron trunk objects
2019-12-20 01:26:39.615 13785 RALLYDEBUG rally_openstack.cleanup.manager [-] Cleaning up neutron port objects
2019-12-20 01:26:41.477 13785 RALLYDEBUG rally_openstack.cleanup.manager [-] Deleting neutron.port object s_rally_9e8a8364_0GPqjN81 (50a29733-7ed5-4d9a-822c-1e88cb742a3e)
2019-12-20 01:26:41.486 13785 RALLYDEBUG rally_openstack.cleanup.manager [-] Deleting neutron.port object s_rally_9e8a8364_bMf6Qrxx (76c9793a-1538-4ef0-a0cd-2be1a43a6eae)
2019-12-20 01:26:41.494 13785 RALLYDEBUG rally_openstack.cleanup.manager [-] Deleting neutron.port object s_rally_9e8a8364_tDMBJhWJ (9afbc4fb-26b1-4028-9b62-a9677cfa757e)
2019-12-20 01:26:41.508 13785 RALLYDEBUG rally_openstack.cleanup.manager [-] Deleting neutron.port object s_rally_9e8a8364_yFthRODv (579a1c69-ab8b-4971-828f-42a1edd30b39)
2019-12-20 01:26:41.520 13785 RALLYDEBUG rally_openstack.cleanup.manager [-] Deleting neutron.port object s_rally_9e8a8364_WxqrQWQr (58bea710-b055-4a5e-b8e8-0cb457633a23)
2019-12-20 01:26:41.521 13785 RALLYDEBUG rally_openstack.cleanup.manager [-] Deleting neutron.port object s_rally_9e8a8364_gU0n5S9U (c4378d05-8a3d-483c-a66f-b8964acdcbe1)
2019-12-20 01:26:41.525 13785 RALLYDEBUG rally_openstack.cleanup.manager [-] Deleting neutron.port object s_rally_9e8a8364_HjPCBV7T (cc3736d4-ceb2-4fc1-bcdf-1a1837e04e32)
2019-12-20 01:26:41.528 13785 RALLYDEBUG rally_openstack.cleanup.manager [-] Deleting neutron.port object s_rally_9e8a8364_QNUBzhSQ (d1664bc6-68d8-4743-ba3c-1b3df03ff36c)
2019-12-20 01:26:41.564 13785 RALLYDEBUG rally_openstack.cleanup.manager [-] Deleting neutron.port object s_rally_9e8a8364_uKbXnwNM (5692bf29-7ff4-404d-9d39-68b686ca4f9d)
2019-12-20 01:26:41.572 13785 RALLYDEBUG rally_openstack.cleanup.manager [-] Deleting neutron.port object s_rally_9e8a8364_qNtEuaHQ (0023ca29-236b-4ec0-a4a1-34af07d73668)
2019-12-20 01:26:45.929 13785 RALLYDEBUG rally_openstack.cleanup.manager [-] Cleaning up neutron subnet objects
2019-12-20 01:26:47.200 13785 RALLYDEBUG rally_openstack.cleanup.manager [-] Deleting neutron.subnet object s_rally_9e8a8364_gipUeGuc (4a9b3ac5-2881-49be-ad22-4536479b6af0)
2019-12-20 01:26:47.210 13785 RALLYDEBUG rally_openstack.cleanup.manager [-] Deleting neutron.subnet object s_rally_9e8a8364_a8y6Df4L (5650f5b0-5d1a-433a-83d2-26745a3bb9b8)
2019-12-20 01:26:47.219 13785 RALLYDEBUG rally_openstack.cleanup.manager [-] Deleting neutron.subnet object s_rally_9e8a8364_ylff6T4b (b6c841ba-6f8a-4a15-a615-da680beb4853)
2019-12-20 01:26:47.223 13785 RALLYDEBUG rally_openstack.cleanup.manager [-] Deleting neutron.subnet object s_rally_9e8a8364_NjQKGJL9 (28e7ee56-14c0-40a9-9758-d3cdb8e4ae87)
2019-12-20 01:26:47.237 13785 RALLYDEBUG rally_openstack.cleanup.manager [-] Deleting neutron.subnet object s_rally_9e8a8364_9wu1qnoN (52a8055a-3bbd-4aac-b377-74051cdd12f2)
2019-12-20 01:26:47.248 13785 RALLYDEBUG rally_openstack.cleanup.manager [-] Deleting neutron.subnet object s_rally_9e8a8364_Jb86uzvP (6453a1b8-bff3-4e95-88ed-0fb5ce119a80)
2019-12-20 01:26:47.257 13785 RALLYDEBUG rally_openstack.cleanup.manager [-] Deleting neutron.subnet object s_rally_9e8a8364_uK2IQxPd (79b97399-8d80-494d-8610-cb5e46aa0842)
2019-12-20 01:26:47.266 13785 RALLYDEBUG rally_openstack.cleanup.manager [-] Deleting neutron.subnet object s_rally_9e8a8364_yZduGIXg (93dff928-2951-4519-b24a-410c824adaa7)
2019-12-20 01:26:47.278 13785 RALLYDEBUG rally_openstack.cleanup.manager [-] Deleting neutron.subnet object s_rally_9e8a8364_Z2lSjNUT (3d0c8884-0faf-4c08-b6b3-c6590bae9402)
2019-12-20 01:26:47.285 13785 RALLYDEBUG rally_openstack.cleanup.manager [-] Deleting neutron.subnet object s_rally_9e8a8364_sFZUK424 (9751b726-6357-4250-bb28-ea8addb45023)
2019-12-20 01:26:50.682 13785 RALLYDEBUG rally_openstack.cleanup.manager [-] Cleaning up neutron network objects
2019-12-20 01:26:52.035 13785 RALLYDEBUG rally_openstack.cleanup.manager [-] Deleting neutron.network object s_rally_9e8a8364_udx6zVyV (0aa5f70f-db84-44cc-8e17-d97aae937f3e)
2019-12-20 01:26:52.045 13785 RALLYDEBUG rally_openstack.cleanup.manager [-] Deleting neutron.network object s_rally_9e8a8364_M7hndPEx (ab7d7ec2-adf1-4006-b21c-72ffc83fee04)
2019-12-20 01:26:52.054 13785 RALLYDEBUG rally_openstack.cleanup.manager [-] Deleting neutron.network object s_rally_9e8a8364_MwXTV0oD (b696acc6-08f5-43a3-99a9-9a282baf9439)
2019-12-20 01:26:52.063 13785 RALLYDEBUG rally_openstack.cleanup.manager [-] Deleting neutron.network object s_rally_9e8a8364_o5k82lrE (22f64ccf-6c81-4c6d-aef0-fba59b7a5412)
2019-12-20 01:26:52.072 13785 RALLYDEBUG rally_openstack.cleanup.manager [-] Deleting neutron.network object s_rally_9e8a8364_xvmW8QPc (25b34f29-e280-451f-bbe2-66ee9ada9115)
2019-12-20 01:26:52.076 13785 RALLYDEBUG rally_openstack.cleanup.manager [-] Deleting neutron.network object s_rally_9e8a8364_30GbLBDi (4197f060-3565-4305-8e78-d1f16b2f33bc)
2019-12-20 01:26:52.085 13785 RALLYDEBUG rally_openstack.cleanup.manager [-] Deleting neutron.network object s_rally_9e8a8364_QuEEBje5 (5f3ab84c-b973-48e6-949d-717ee0d11aec)
2019-12-20 01:26:52.089 13785 RALLYDEBUG rally_openstack.cleanup.manager [-] Deleting neutron.network object s_rally_9e8a8364_A0fVEPMz (77908996-709a-47e4-96fd-d7934c16853a)
2019-12-20 01:26:52.099 13785 RALLYDEBUG rally_openstack.cleanup.manager [-] Deleting neutron.network object s_rally_9e8a8364_BR87Fq4w (ab184ab7-8be3-4459-95bd-cd737506c8e2)
2019-12-20 01:26:52.117 13785 RALLYDEBUG rally_openstack.cleanup.manager [-] Deleting neutron.network object s_rally_9e8a8364_MhCxG14B (bccbe1b6-0219-473d-8d04-73575bb38239)
2019-12-20 01:26:55.493 13785 RALLYDEBUG rally_openstack.cleanup.manager [-] Cleaning up neutron router objects
2019-12-20 01:26:56.898 13785 RALLYDEBUG rally_openstack.cleanup.manager [-] Deleting neutron.router object s_rally_9e8a8364_0GPqjN81 (3b145538-c660-4abe-ab2d-6239117927a8)
2019-12-20 01:26:56.908 13785 RALLYDEBUG rally_openstack.cleanup.manager [-] Deleting neutron.router object s_rally_9e8a8364_tDMBJhWJ (4e7f78d9-bc66-4fd5-a744-ce7626b95f32)
2019-12-20 01:26:56.917 13785 RALLYDEBUG rally_openstack.cleanup.manager [-] Deleting neutron.router object s_rally_9e8a8364_bMf6Qrxx (d5601ec8-c9e3-47e4-a1e9-7f81134dddfb)
2019-12-20 01:26:56.925 13785 RALLYDEBUG rally_openstack.cleanup.manager [-] Deleting neutron.router object s_rally_9e8a8364_yFthRODv (1cc553af-e832-42ba-82f5-58e0fbd3f12a)
2019-12-20 01:26:56.935 13785 RALLYDEBUG rally_openstack.cleanup.manager [-] Deleting neutron.router object s_rally_9e8a8364_QNUBzhSQ (54b29080-1a56-4bad-b60c-87ea94841da3)
2019-12-20 01:26:56.963 13785 RALLYDEBUG rally_openstack.cleanup.manager [-] Deleting neutron.router object s_rally_9e8a8364_gU0n5S9U (7a3bab44-e837-4961-9fa2-648fd395da24)
