2019-12-20 00:38:44.857 727 RALLYDEBUG rally.task.runner [-] Starting the constant runner (task UUID: 87f71275-8948-4b6a-b126-ce5acb86d5c2). times: 10 concurrency: 4 timeout: 0 max_cpu_used: 16 processes_to_start: 4 concurrency_per_worker: 1 concurrency_overhead: 0
2019-12-20 00:38:44.869 975 RALLYDEBUG rally.task.runner [-] Starting a worker. times: 10 duration: None concurrency: 1 timeout: 0 cls: method_name: run args: {"container_format": "bare", "disk_format": "qcow2", "image_location": "/home/opnfv/functest/images/cirros-0.4.0-x86_64-disk.img"}
2019-12-20 00:38:44.873 976 RALLYDEBUG rally.task.runner [-] Starting a worker. times: 10 duration: None concurrency: 1 timeout: 0 cls: method_name: run args: {"container_format": "bare", "disk_format": "qcow2", "image_location": "/home/opnfv/functest/images/cirros-0.4.0-x86_64-disk.img"}
2019-12-20 00:38:44.875 975 INFO rally.task.runner [-] Task 87f71275-8948-4b6a-b126-ce5acb86d5c2 | ITER: 1 START
2019-12-20 00:38:44.875 977 RALLYDEBUG rally.task.runner [-] Starting a worker. times: 10 duration: None concurrency: 1 timeout: 0 cls: method_name: run args: {"container_format": "bare", "disk_format": "qcow2", "image_location": "/home/opnfv/functest/images/cirros-0.4.0-x86_64-disk.img"}
2019-12-20 00:38:44.879 976 INFO rally.task.runner [-] Task 87f71275-8948-4b6a-b126-ce5acb86d5c2 | ITER: 2 START
2019-12-20 00:38:44.880 980 RALLYDEBUG rally.task.runner [-] Starting a worker. times: 10 duration: None concurrency: 1 timeout: 0 cls: method_name: run args: {"container_format": "bare", "disk_format": "qcow2", "image_location": "/home/opnfv/functest/images/cirros-0.4.0-x86_64-disk.img"}
2019-12-20 00:38:44.881 977 INFO rally.task.runner [-] Task 87f71275-8948-4b6a-b126-ce5acb86d5c2 | ITER: 3 START
2019-12-20 00:38:44.885 980 INFO rally.task.runner [-] Task 87f71275-8948-4b6a-b126-ce5acb86d5c2 | ITER: 4 START
2019-12-20 00:38:47.834 980 RALLYDEBUG rally.task.utils [-] Waiting for resource 'e42838c8-5fa5-49f9-8f57-38552b1af771'. Status changed: NONE => QUEUED in 0.04100489616394043
2019-12-20 00:38:47.835 976 RALLYDEBUG rally.task.utils [-] Waiting for resource '2b7d2ac2-cc22-4739-89ed-0f37117cd30b'. Status changed: NONE => QUEUED in 0.03886270523071289
2019-12-20 00:38:47.851 977 RALLYDEBUG rally.task.utils [-] Waiting for resource '813c3345-0eb2-4afc-9699-f68c4bbb63b0'. Status changed: NONE => QUEUED in 0.038690805435180664
2019-12-20 00:38:48.049 975 RALLYDEBUG rally.task.utils [-] Waiting for resource '5f152885-7b55-441e-9939-bfcbac47bae5'. Status changed: NONE => QUEUED in 0.03259134292602539
2019-12-20 00:38:48.052 977 RALLYDEBUG rally.task.utils [-] Waiting for resource s_rally_bbe7f4d1_zwA8lk3d. Status changed: QUEUED => ACTIVE in 0.0157773494720459
2019-12-20 00:38:48.062 976 RALLYDEBUG rally.task.utils [-] Waiting for resource s_rally_bbe7f4d1_VGuAcCq1. Status changed: QUEUED => ACTIVE in 0.01663064956665039
2019-12-20 00:38:48.072 980 RALLYDEBUG rally.task.utils [-] Waiting for resource s_rally_bbe7f4d1_15iqcN28. Status changed: QUEUED => ACTIVE in 0.015570878982543945
2019-12-20 00:38:48.078 977 INFO rally.task.runner [-] Task 87f71275-8948-4b6a-b126-ce5acb86d5c2 | ITER: 3 END: OK
2019-12-20 00:38:48.082 977 INFO rally.task.runner [-] Task 87f71275-8948-4b6a-b126-ce5acb86d5c2 | ITER: 5 START
2019-12-20 00:38:48.097 976 INFO rally.task.runner [-] Task 87f71275-8948-4b6a-b126-ce5acb86d5c2 | ITER: 2 END: OK
2019-12-20 00:38:48.100 980 INFO rally.task.runner [-] Task 87f71275-8948-4b6a-b126-ce5acb86d5c2 | ITER: 4 END: OK
2019-12-20 00:38:48.100 976 INFO rally.task.runner [-] Task 87f71275-8948-4b6a-b126-ce5acb86d5c2 | ITER: 6 START
2019-12-20 00:38:48.103 980 INFO rally.task.runner [-] Task 87f71275-8948-4b6a-b126-ce5acb86d5c2 | ITER: 7 START
2019-12-20 00:38:48.234 975 RALLYDEBUG rally.task.utils [-] Waiting for resource s_rally_bbe7f4d1_Xa3DHUBO. Status changed: QUEUED => ACTIVE in 0.015583038330078125
2019-12-20 00:38:48.262 975 INFO rally.task.runner [-] Task 87f71275-8948-4b6a-b126-ce5acb86d5c2 | ITER: 1 END: OK
2019-12-20 00:38:48.265 975 INFO rally.task.runner [-] Task 87f71275-8948-4b6a-b126-ce5acb86d5c2 | ITER: 8 START
2019-12-20 00:38:50.864 980 RALLYDEBUG rally.task.utils [-] Waiting for resource 'fb60ecb6-0324-4c32-a9a0-090a478ddc90'. Status changed: NONE => QUEUED in 0.03959846496582031
2019-12-20 00:38:50.891 976 RALLYDEBUG rally.task.utils [-] Waiting for resource 'b9f5bca0-317b-4822-a662-1eb2c2f33d90'. Status changed: NONE => QUEUED in 0.03979086875915527
2019-12-20 00:38:50.941 977 RALLYDEBUG rally.task.utils [-] Waiting for resource '9864055f-d87e-4b7a-ac92-09722271cde2'. Status changed: NONE => QUEUED in 0.04375147819519043
2019-12-20 00:38:51.022 975 RALLYDEBUG rally.task.utils [-] Waiting for resource 'd533f154-8edd-401c-a571-c7116b6074b7'. Status changed: NONE => QUEUED in 0.03682446479797363
2019-12-20 00:38:51.100 980 RALLYDEBUG rally.task.utils [-] Waiting for resource s_rally_bbe7f4d1_uwYpM707. Status changed: QUEUED => ACTIVE in 0.017618656158447266
2019-12-20 00:38:51.134 980 INFO rally.task.runner [-] Task 87f71275-8948-4b6a-b126-ce5acb86d5c2 | ITER: 7 END: OK
2019-12-20 00:38:51.138 980 INFO rally.task.runner [-] Task 87f71275-8948-4b6a-b126-ce5acb86d5c2 | ITER: 9 START
2019-12-20 00:38:51.172 976 RALLYDEBUG rally.task.utils [-] Waiting for resource s_rally_bbe7f4d1_4J8yZtlC. Status changed: QUEUED => ACTIVE in 0.024683713912963867
2019-12-20 00:38:51.208 976 INFO rally.task.runner [-] Task 87f71275-8948-4b6a-b126-ce5acb86d5c2 | ITER: 6 END: OK
2019-12-20 00:38:51.211 976 INFO rally.task.runner [-] Task 87f71275-8948-4b6a-b126-ce5acb86d5c2 | ITER: 10 START
2019-12-20 00:38:51.261 977 RALLYDEBUG rally.task.utils [-] Waiting for resource s_rally_bbe7f4d1_yFgwqojo. Status changed: QUEUED => ACTIVE in 0.017377853393554688
2019-12-20 00:38:51.283 975 RALLYDEBUG rally.task.utils [-] Waiting for resource s_rally_bbe7f4d1_r3d6Otmn. Status changed: QUEUED => ACTIVE in 0.017879724502563477
2019-12-20 00:38:51.294 977 INFO rally.task.runner [-] Task 87f71275-8948-4b6a-b126-ce5acb86d5c2 | ITER: 5 END: OK
2019-12-20 00:38:51.313 975 INFO rally.task.runner [-] Task 87f71275-8948-4b6a-b126-ce5acb86d5c2 | ITER: 8 END: OK
2019-12-20 00:38:54.000 976 RALLYDEBUG rally.task.utils [-] Waiting for resource '1b1c27cb-5ef4-427d-8c49-e1598848c3cf'. Status changed: NONE => QUEUED in 0.04098963737487793
2019-12-20 00:38:54.048 980 RALLYDEBUG rally.task.utils [-] Waiting for resource '46948f9d-7536-4054-92d5-613ded1ecb93'. Status changed: NONE => QUEUED in 0.03455638885498047
2019-12-20 00:38:54.240 976 RALLYDEBUG rally.task.utils [-] Waiting for resource s_rally_bbe7f4d1_VwPIVeHj. Status changed: QUEUED => ACTIVE in 0.01916790008544922
2019-12-20 00:38:54.273 976 INFO rally.task.runner [-] Task 87f71275-8948-4b6a-b126-ce5acb86d5c2 | ITER: 10 END: OK
2019-12-20 00:38:54.308 980 RALLYDEBUG rally.task.utils [-] Waiting for resource s_rally_bbe7f4d1_v8o28AEJ. Status changed: QUEUED => ACTIVE in 0.017762422561645508
2019-12-20 00:38:54.358 980 INFO rally.task.runner [-] Task 87f71275-8948-4b6a-b126-ce5acb86d5c2 | ITER: 9 END: OK
2019-12-20 00:38:54.390 727 INFO rally.task.context [-] Task 87f71275-8948-4b6a-b126-ce5acb86d5c2 | Context cleanup@openstack cleanup() started
2019-12-20 00:38:54.394 727 RALLYDEBUG rally_openstack.cleanup.manager [-] Cleaning up glance images objects
2019-12-20 00:38:55.725 727 RALLYDEBUG rally_openstack.cleanup.manager [-] Deleting glance.images object s_rally_bbe7f4d1_r3d6Otmn (d533f154-8edd-401c-a571-c7116b6074b7)
2019-12-20 00:38:55.729 727 RALLYDEBUG rally_openstack.cleanup.manager [-] Deleting glance.images object s_rally_bbe7f4d1_yFgwqojo (9864055f-d87e-4b7a-ac92-09722271cde2)
2019-12-20 00:38:55.738 727 RALLYDEBUG rally_openstack.cleanup.manager [-] Deleting glance.images object s_rally_bbe7f4d1_zwA8lk3d (813c3345-0eb2-4afc-9699-f68c4bbb63b0)
2019-12-20 00:38:55.742 727 RALLYDEBUG rally_openstack.cleanup.manager [-] Deleting glance.images object s_rally_bbe7f4d1_v8o28AEJ (46948f9d-7536-4054-92d5-613ded1ecb93)
2019-12-20 00:38:55.751 727 RALLYDEBUG rally_openstack.cleanup.manager [-] Deleting glance.images object s_rally_bbe7f4d1_VwPIVeHj (1b1c27cb-5ef4-427d-8c49-e1598848c3cf)
2019-12-20 00:38:55.762 727 RALLYDEBUG rally_openstack.cleanup.manager [-] Deleting glance.images object s_rally_bbe7f4d1_4J8yZtlC (b9f5bca0-317b-4822-a662-1eb2c2f33d90)
2019-12-20 00:38:55.776 727 RALLYDEBUG rally_openstack.cleanup.manager [-] Deleting glance.images object s_rally_bbe7f4d1_Xa3DHUBO (5f152885-7b55-441e-9939-bfcbac47bae5)
2019-12-20 00:38:55.788 727 RALLYDEBUG rally_openstack.cleanup.manager [-] Deleting glance.images object s_rally_bbe7f4d1_uwYpM707 (fb60ecb6-0324-4c32-a9a0-090a478ddc90)
2019-12-20 00:38:55.792 727 RALLYDEBUG rally_openstack.cleanup.manager [-] Deleting glance.images object s_rally_bbe7f4d1_15iqcN28 (e42838c8-5fa5-49f9-8f57-38552b1af771)
2019-12-20 00:38:55.803 727 RALLYDEBUG rally_openstack.cleanup.manager [-] Deleting glance.images object s_rally_bbe7f4d1_VGuAcCq1 (2b7d2ac2-cc22-4739-89ed-0f37117cd30b)
2019-12-20 00:38:56.240 727 DEBUG glanceclient.common.http [-] Request returned failure status 404. _handle_response /usr/lib/python3.6/site-packages/glanceclient/common/http.py:125
2019-12-20 00:38:56.259 727 DEBUG glanceclient.common.http [-] Request returned failure status 404. _handle_response /usr/lib/python3.6/site-packages/glanceclient/common/http.py:125
2019-12-20 00:38:56.299 727 DEBUG glanceclient.common.http [-] Request returned failure status 404. _handle_response /usr/lib/python3.6/site-packages/glanceclient/common/http.py:125
2019-12-20 00:38:56.313 727 DEBUG glanceclient.common.http [-] Request returned failure status 404. _handle_response /usr/lib/python3.6/site-packages/glanceclient/common/http.py:125
2019-12-20 00:38:56.341 727 DEBUG glanceclient.common.http [-] Request returned failure status 404. _handle_response /usr/lib/python3.6/site-packages/glanceclient/common/http.py:125
2019-12-20 00:38:56.343 727 DEBUG glanceclient.common.http [-] Request returned failure status 404. _handle_response /usr/lib/python3.6/site-packages/glanceclient/common/http.py:125
2019-12-20 00:38:56.354 727 DEBUG glanceclient.common.http [-] Request returned failure status 404. _handle_response /usr/lib/python3.6/site-packages/glanceclient/common/http.py:125
2019-12-20 00:38:56.364 727 DEBUG glanceclient.common.http [-] Request returned failure status 404. _handle_response /usr/lib/python3.6/site-packages/glanceclient/common/http.py:125
2019-12-20 00:38:56.370 727 DEBUG glanceclient.common.http [-] Request returned failure status 404. _handle_response /usr/lib/python3.6/site-packages/glanceclient/common/http.py:125
2019-12-20 00:38:56.373 727 DEBUG glanceclient.common.http [-] Request returned failure status 404. _handle_response /usr/lib/python3.6/site-packages/glanceclient/common/http.py:125
2019-12-20 00:38:56.391 727 DEBUG glanceclient.common.http [-] Request returned failure status 404. _handle_response /usr/lib/python3.6/site-packages/glanceclient/common/http.py:125
2019-12-20 00:38:56.396 727 DEBUG glanceclient.common.http [-] Request returned failure status 404. _handle_response /usr/lib/python3.6/site-packages/glanceclient/common/http.py:125
2019-12-20 00:38:56.398 727 DEBUG glanceclient.common.http [-] Request returned failure status 404. _handle_response /usr/lib/python3.6/site-packages/glanceclient/common/http.py:125
2019-12-20 00:38:56.410 727 DEBUG glanceclient.common.http [-] Request returned failure status 404. _handle_response /usr/lib/python3.6/site-packages/glanceclient/common/http.py:125
2019-12-20 00:38:56.506 727 DEBUG glanceclient.common.http [-] Request returned failure status 404. _handle_response /usr/lib/python3.6/site-packages/glanceclient/common/http.py:125
2019-12-20 00:38:56.523 727 DEBUG glanceclient.common.http [-] Request returned failure status 404. _handle_response /usr/lib/python3.6/site-packages/glanceclient/common/http.py:125
2019-12-20 00:38:56.645 727 DEBUG glanceclient.common.http [-] Request returned failure status 404. _handle_response /usr/lib/python3.6/site-packages/glanceclient/common/http.py:125
2019-12-20 00:38:56.647 727 DEBUG glanceclient.common.http [-] Request returned failure status 404. _handle_response /usr/lib/python3.6/site-packages/glanceclient/common/http.py:125
2019-12-20 00:38:56.665 727 DEBUG glanceclient.common.http [-] Request returned failure status 404. _handle_response /usr/lib/python3.6/site-packages/glanceclient/common/http.py:125
2019-12-20 00:38:56.667 727 DEBUG glanceclient.common.http [-] Request returned failure status 404. _handle_response /usr/lib/python3.6/site-packages/glanceclient/common/http.py:125
2019-12-20 00:38:57.670 727 INFO rally.task.context [-] Task 87f71275-8948-4b6a-b126-ce5acb86d5c2 | Context cleanup@openstack cleanup() finished in 3.28 sec
2019-12-20 00:38:57.671 727 INFO rally.task.context [-] Task 87f71275-8948-4b6a-b126-ce5acb86d5c2 | Context users@openstack cleanup() started
2019-12-20 00:39:02.168 727 INFO rally.task.context [-] Task 87f71275-8948-4b6a-b126-ce5acb86d5c2 | Context users@openstack cleanup() finished in 4.50 sec
2019-12-20 00:39:02.453 727 INFO rally.task.engine [-] Load duration is: 8.802964
2019-12-20 00:39:02.453 727 INFO rally.task.engine [-] Full runner duration is: 9.533698
2019-12-20 00:39:02.454 727 INFO rally.task.engine [-] Full duration is: 19.83474
2019-12-20 00:39:03.023 727 INFO rally.task.engine [-] Running workload: position = 0 config = { "version": 2, "title": "A cropped version of a bigger task.", "description": "Auto-generated task from a single workload (uuid=344933e6-d431-4b61-85a9-6e04e4d22238)", "subtasks": [ { "title": "GlanceImages.list_images", "description": "List all images.", "scenario": { "GlanceImages.list_images": {} }, "contexts": { "users": { "tenants": 3, "users_per_tenant": 2 } }, "runner": { "constant": { "concurrency": 4, "times": 10 } }, "hooks": [], "sla": { "failure_rate": { "max": 0 } } } ] }
2019-12-20 00:39:03.045 727 RALLYDEBUG rally_openstack.contexts.keystone.users [-] Creating 3 tenants using 20 threads
2019-12-20 00:39:04.026 727 RALLYDEBUG rally_openstack.contexts.keystone.users [-] Creating 6 users using 20 threads
2019-12-20 00:39:05.584 727 INFO rally.task.context [-] Task 87f71275-8948-4b6a-b126-ce5acb86d5c2 | Context users@openstack setup() finished in 2.54 sec
2019-12-20 00:39:05.593 727 RALLYDEBUG rally.task.runner [-] Starting the constant runner (task UUID: 87f71275-8948-4b6a-b126-ce5acb86d5c2). times: 10 concurrency: 4 timeout: 0 max_cpu_used: 16 processes_to_start: 4 concurrency_per_worker: 1 concurrency_overhead: 0
2019-12-20 00:39:05.604 1099 RALLYDEBUG rally.task.runner [-] Starting a worker. times: 10 duration: None concurrency: 1 timeout: 0 cls: method_name: run args: {}
2019-12-20 00:39:05.608 1100 RALLYDEBUG rally.task.runner [-] Starting a worker. times: 10 duration: None concurrency: 1 timeout: 0 cls: method_name: run args: {}
2019-12-20 00:39:05.611 1099 INFO rally.task.runner [-] Task 87f71275-8948-4b6a-b126-ce5acb86d5c2 | ITER: 1 START
2019-12-20 00:39:05.611 1101 RALLYDEBUG rally.task.runner [-] Starting a worker. times: 10 duration: None concurrency: 1 timeout: 0 cls: method_name: run args: {}
2019-12-20 00:39:05.614 1100 INFO rally.task.runner [-] Task 87f71275-8948-4b6a-b126-ce5acb86d5c2 | ITER: 2 START
2019-12-20 00:39:05.615 1103 RALLYDEBUG rally.task.runner [-] Starting a worker. times: 10 duration: None concurrency: 1 timeout: 0 cls: method_name: run args: {}
2019-12-20 00:39:05.618 1101 INFO rally.task.runner [-] Task 87f71275-8948-4b6a-b126-ce5acb86d5c2 | ITER: 3 START
2019-12-20 00:39:05.621 1103 INFO rally.task.runner [-] Task 87f71275-8948-4b6a-b126-ce5acb86d5c2 | ITER: 4 START
2019-12-20 00:39:06.473 1103 INFO rally.task.runner [-] Task 87f71275-8948-4b6a-b126-ce5acb86d5c2 | ITER: 4 END: OK
2019-12-20 00:39:06.477 1103 INFO rally.task.runner [-] Task 87f71275-8948-4b6a-b126-ce5acb86d5c2 | ITER: 5 START
2019-12-20 00:39:06.489 1101 INFO rally.task.runner [-] Task 87f71275-8948-4b6a-b126-ce5acb86d5c2 | ITER: 3 END: OK
2019-12-20 00:39:06.490 1099 INFO rally.task.runner [-] Task 87f71275-8948-4b6a-b126-ce5acb86d5c2 | ITER: 1 END: OK
2019-12-20 00:39:06.494 1101 INFO rally.task.runner [-] Task 87f71275-8948-4b6a-b126-ce5acb86d5c2 | ITER: 6 START
2019-12-20 00:39:06.495 1099 INFO rally.task.runner [-] Task 87f71275-8948-4b6a-b126-ce5acb86d5c2 | ITER: 7 START
2019-12-20 00:39:06.499 1100 INFO rally.task.runner [-] Task 87f71275-8948-4b6a-b126-ce5acb86d5c2 | ITER: 2 END: OK
2019-12-20 00:39:06.503 1100 INFO rally.task.runner [-] Task 87f71275-8948-4b6a-b126-ce5acb86d5c2 | ITER: 8 START
2019-12-20 00:39:07.261 1101 INFO rally.task.runner [-] Task 87f71275-8948-4b6a-b126-ce5acb86d5c2 | ITER: 6 END: OK
2019-12-20 00:39:07.265 1101 INFO rally.task.runner [-] Task 87f71275-8948-4b6a-b126-ce5acb86d5c2 | ITER: 9 START
2019-12-20 00:39:07.267 1100 INFO rally.task.runner [-] Task 87f71275-8948-4b6a-b126-ce5acb86d5c2 | ITER: 8 END: OK
2019-12-20 00:39:07.270 1100 INFO rally.task.runner [-] Task 87f71275-8948-4b6a-b126-ce5acb86d5c2 | ITER: 10 START
2019-12-20 00:39:07.331 1099 INFO rally.task.runner [-] Task 87f71275-8948-4b6a-b126-ce5acb86d5c2 | ITER: 7 END: OK
2019-12-20 00:39:07.565 1103 INFO rally.task.runner [-] Task 87f71275-8948-4b6a-b126-ce5acb86d5c2 | ITER: 5 END: OK
2019-12-20 00:39:07.959 1100 INFO rally.task.runner [-] Task 87f71275-8948-4b6a-b126-ce5acb86d5c2 | ITER: 10 END: OK
2019-12-20 00:39:07.969 1101 INFO rally.task.runner [-] Task 87f71275-8948-4b6a-b126-ce5acb86d5c2 | ITER: 9 END: OK
2019-12-20 00:39:07.993 727 INFO rally.task.context [-] Task 87f71275-8948-4b6a-b126-ce5acb86d5c2 | Context users@openstack cleanup() started
2019-12-20 00:39:12.561 727 INFO rally.task.context [-] Task 87f71275-8948-4b6a-b126-ce5acb86d5c2 | Context users@openstack cleanup() finished in 4.57 sec
2019-12-20 00:39:13.117 727 INFO rally.task.engine [-] Load duration is: 1.67377
2019-12-20 00:39:13.118 727 INFO rally.task.engine [-] Full runner duration is: 2.40016
2019-12-20 00:39:13.118 727 INFO rally.task.engine [-] Full duration is: 9.517317
2019-12-20 00:39:13.736 727 INFO rally.task.engine [-] Running workload: position = 0 config = { "version": 2, "title": "A cropped version of a bigger task.", "description": "Auto-generated task from a single workload (uuid=b499e84e-fed2-4f70-874c-b629ab7bfd55)", "subtasks": [ { "title": "GlanceImages.create_image_and_boot_instances", "description": "Create an image and boot several instances from it.", "scenario": { "GlanceImages.create_image_and_boot_instances": { "container_format": "bare", "disk_format": "qcow2", "image_location": "/home/opnfv/functest/images/cirros-0.4.0-x86_64-disk.img", "flavor": { "name": "rally_full-flavor_aa5cb567-149c-4467-982a-9c05bad8048a" }, "number_instances": 2, "nics": [ { "net-id": "ec715f9f-97db-49ca-b75c-c1382ea24986" } ] } }, "contexts": { "users": { "tenants": 3, "users_per_tenant": 2 }, "quotas": { "nova": { "cores": -1, "floating_ips": -1, "instances": -1, "ram": -1, "security_group_rules": -1, "security_groups": -1 } } }, "runner": { "constant": { "concurrency": 4, "times": 10 } }, "hooks": [], "sla": { "failure_rate": { "max": 0 } } } ] }
2019-12-20 00:39:13.760 727 RALLYDEBUG rally_openstack.contexts.keystone.users [-] Creating 3 tenants using 20 threads
2019-12-20 00:39:14.871 727 RALLYDEBUG rally_openstack.contexts.keystone.users [-] Creating 6 users using 20 threads
2019-12-20 00:39:16.318 727 INFO rally.task.context [-] Task 87f71275-8948-4b6a-b126-ce5acb86d5c2 | Context users@openstack setup() finished in 2.56 sec
2019-12-20 00:39:17.585 727 INFO rally.task.context [-] Task 87f71275-8948-4b6a-b126-ce5acb86d5c2 | Context quotas@openstack setup() finished in 1.27 sec
2019-12-20 00:39:17.586 727 INFO rally.task.context [-] Task 87f71275-8948-4b6a-b126-ce5acb86d5c2 | Context cleanup@openstack setup() finished in 0.01 msec
2019-12-20 00:39:18.066 727 RALLYDEBUG rally.task.runner [-] Starting the constant runner (task UUID: 87f71275-8948-4b6a-b126-ce5acb86d5c2). times: 10 concurrency: 4 timeout: 0 max_cpu_used: 16 processes_to_start: 4 concurrency_per_worker: 1 concurrency_overhead: 0
2019-12-20 00:39:18.079 1203 RALLYDEBUG rally.task.runner [-] Starting a worker. times: 10 duration: None concurrency: 1 timeout: 0 cls: method_name: run args: {"container_format": "bare", "disk_format": "qcow2", "image_location": "/home/opnfv/functest/images/cirros-0.4.0-x86_64-disk.img", "flavor": "8f24f274-2ec7-4ee9-81fe-eb3126b4566a", "number_instances": 2, "nics": [{"net-id": "ec715f9f-97db-49ca-b75c-c1382ea24986"}]}
2019-12-20 00:39:18.082 1204 RALLYDEBUG rally.task.runner [-] Starting a worker. times: 10 duration: None concurrency: 1 timeout: 0 cls: method_name: run args: {"container_format": "bare", "disk_format": "qcow2", "image_location": "/home/opnfv/functest/images/cirros-0.4.0-x86_64-disk.img", "flavor": "8f24f274-2ec7-4ee9-81fe-eb3126b4566a", "number_instances": 2, "nics": [{"net-id": "ec715f9f-97db-49ca-b75c-c1382ea24986"}]}
2019-12-20 00:39:18.086 1203 INFO rally.task.runner [-] Task 87f71275-8948-4b6a-b126-ce5acb86d5c2 | ITER: 1 START
2019-12-20 00:39:18.086 1205 RALLYDEBUG rally.task.runner [-] Starting a worker. times: 10 duration: None concurrency: 1 timeout: 0 cls: method_name: run args: {"container_format": "bare", "disk_format": "qcow2", "image_location": "/home/opnfv/functest/images/cirros-0.4.0-x86_64-disk.img", "flavor": "8f24f274-2ec7-4ee9-81fe-eb3126b4566a", "number_instances": 2, "nics": [{"net-id": "ec715f9f-97db-49ca-b75c-c1382ea24986"}]}
2019-12-20 00:39:18.089 1204 INFO rally.task.runner [-] Task 87f71275-8948-4b6a-b126-ce5acb86d5c2 | ITER: 2 START
2019-12-20 00:39:18.089 1207 RALLYDEBUG rally.task.runner [-] Starting a worker. times: 10 duration: None concurrency: 1 timeout: 0 cls: method_name: run args: {"container_format": "bare", "disk_format": "qcow2", "image_location": "/home/opnfv/functest/images/cirros-0.4.0-x86_64-disk.img", "flavor": "8f24f274-2ec7-4ee9-81fe-eb3126b4566a", "number_instances": 2, "nics": [{"net-id": "ec715f9f-97db-49ca-b75c-c1382ea24986"}]}
2019-12-20 00:39:18.093 1205 INFO rally.task.runner [-] Task 87f71275-8948-4b6a-b126-ce5acb86d5c2 | ITER: 3 START
2019-12-20 00:39:18.096 1207 INFO rally.task.runner [-] Task 87f71275-8948-4b6a-b126-ce5acb86d5c2 | ITER: 4 START
2019-12-20 00:39:18.778 1203 WARNING rally_openstack.scenarios.glance.images [-] 'kwargs' is deprecated in Rally v0.8.0: Use 'boot_server_kwargs' for additional parameters when booting servers.
2019-12-20 00:39:18.778 1204 WARNING rally_openstack.scenarios.glance.images [-] 'kwargs' is deprecated in Rally v0.8.0: Use 'boot_server_kwargs' for additional parameters when booting servers.
2019-12-20 00:39:18.783 1205 WARNING rally_openstack.scenarios.glance.images [-] 'kwargs' is deprecated in Rally v0.8.0: Use 'boot_server_kwargs' for additional parameters when booting servers.
2019-12-20 00:39:18.787 1207 WARNING rally_openstack.scenarios.glance.images [-] 'kwargs' is deprecated in Rally v0.8.0: Use 'boot_server_kwargs' for additional parameters when booting servers.
2019-12-20 00:39:21.015 1203 RALLYDEBUG rally.task.utils [-] Waiting for resource 'c969f86e-dd14-45f0-b0d2-64b231f41b59'. Status changed: NONE => QUEUED in 0.04181838035583496
2019-12-20 00:39:21.016 1204 RALLYDEBUG rally.task.utils [-] Waiting for resource 'a7b70be7-6154-4966-9b4d-5e8b932a224d'. Status changed: NONE => QUEUED in 0.04009413719177246
2019-12-20 00:39:21.016 1205 RALLYDEBUG rally.task.utils [-] Waiting for resource 'e30d864a-1c15-494b-9007-b9c6df1e569a'. Status changed: NONE => QUEUED in 0.039388418197631836
2019-12-20 00:39:21.036 1207 RALLYDEBUG rally.task.utils [-] Waiting for resource 'e6ac8d90-1e0f-4fb6-8b85-6349e95aca41'. Status changed: NONE => QUEUED in 0.037314653396606445
2019-12-20 00:39:21.226 1204 RALLYDEBUG rally.task.utils [-] Waiting for resource s_rally_b499e84e_jxaoTndn. Status changed: QUEUED => ACTIVE in 0.018543004989624023
2019-12-20 00:39:21.253 1203 RALLYDEBUG rally.task.utils [-] Waiting for resource s_rally_b499e84e_D4SsXdPI. Status changed: QUEUED => ACTIVE in 0.018478870391845703
2019-12-20 00:39:21.335 1205 RALLYDEBUG rally.task.utils [-] Waiting for resource s_rally_b499e84e_5erxd8s1. Status changed: QUEUED => ACTIVE in 0.019803524017333984
2019-12-20 00:39:21.349 1207 RALLYDEBUG rally.task.utils [-] Waiting for resource s_rally_b499e84e_TX0jGxLD. Status changed: QUEUED => ACTIVE in 0.018817901611328125
2019-12-20 00:39:31.212 1207 RALLYDEBUG rally.task.utils [-] Waiting for resource s_rally_b499e84e_rrlB9vaI_1. Status changed: BUILD => ACTIVE in 6.811328172683716
2019-12-20 00:39:31.356 1207 RALLYDEBUG rally.task.utils [-] Waiting for resource s_rally_b499e84e_rrlB9vaI_0. Status changed: BUILD => ACTIVE in 0.14366579055786133
2019-12-20 00:39:31.357 1207 INFO rally.task.runner [-] Task 87f71275-8948-4b6a-b126-ce5acb86d5c2 | ITER: 4 END: OK
2019-12-20 00:39:31.361 1207 INFO rally.task.runner [-] Task 87f71275-8948-4b6a-b126-ce5acb86d5c2 | ITER: 5 START
2019-12-20 00:39:31.969 1207 WARNING rally_openstack.scenarios.glance.images [-] 'kwargs' is deprecated in Rally v0.8.0: Use 'boot_server_kwargs' for additional parameters when booting servers.
2019-12-20 00:39:33.667 1203 RALLYDEBUG rally.task.utils [-] Waiting for resource s_rally_b499e84e_87mljAvI_1. Status changed: BUILD => ACTIVE in 9.138796329498291
2019-12-20 00:39:33.811 1203 RALLYDEBUG rally.task.utils [-] Waiting for resource s_rally_b499e84e_87mljAvI_0. Status changed: BUILD => ACTIVE in 0.1442415714263916
2019-12-20 00:39:33.812 1203 INFO rally.task.runner [-] Task 87f71275-8948-4b6a-b126-ce5acb86d5c2 | ITER: 1 END: OK
2019-12-20 00:39:33.816 1203 INFO rally.task.runner [-] Task 87f71275-8948-4b6a-b126-ce5acb86d5c2 | ITER: 6 START
2019-12-20 00:39:34.150 1207 RALLYDEBUG rally.task.utils [-] Waiting for resource '49e61cf7-5606-4679-aa6a-e65f2a484923'. Status changed: NONE => QUEUED in 0.03414463996887207
2019-12-20 00:39:34.379 1207 RALLYDEBUG rally.task.utils [-] Waiting for resource s_rally_b499e84e_MPkd8XYr. Status changed: QUEUED => ACTIVE in 0.019359588623046875
2019-12-20 00:39:34.416 1203 WARNING rally_openstack.scenarios.glance.images [-] 'kwargs' is deprecated in Rally v0.8.0: Use 'boot_server_kwargs' for additional parameters when booting servers.
2019-12-20 00:39:36.575 1203 RALLYDEBUG rally.task.utils [-] Waiting for resource '9427d9fb-3c69-4964-be29-9035c0bf3aa1'. Status changed: NONE => QUEUED in 0.0315244197845459
2019-12-20 00:39:36.846 1203 RALLYDEBUG rally.task.utils [-] Waiting for resource s_rally_b499e84e_v8PytUtS. Status changed: QUEUED => ACTIVE in 0.023936986923217773
2019-12-20 00:39:37.410 1205 RALLYDEBUG rally.task.utils [-] Waiting for resource s_rally_b499e84e_G9oURt3W_1. Status changed: BUILD => ACTIVE in 13.21872854232788
2019-12-20 00:39:37.599 1205 RALLYDEBUG rally.task.utils [-] Waiting for resource s_rally_b499e84e_G9oURt3W_0. Status changed: BUILD => ACTIVE in 0.1875152587890625
2019-12-20 00:39:37.601 1205 INFO rally.task.runner [-] Task 87f71275-8948-4b6a-b126-ce5acb86d5c2 | ITER: 3 END: OK
2019-12-20 00:39:37.607 1205 INFO rally.task.runner [-] Task 87f71275-8948-4b6a-b126-ce5acb86d5c2 | ITER: 7 START
2019-12-20 00:39:38.040 1204 RALLYDEBUG rally.task.utils [-] Waiting for resource s_rally_b499e84e_H9FasPXn_1. Status changed: BUILD => ACTIVE in 13.861222267150879
2019-12-20 00:39:38.192 1204 RALLYDEBUG rally.task.utils [-] Waiting for resource s_rally_b499e84e_H9FasPXn_0. Status changed: BUILD => ACTIVE in 0.15053009986877441
2019-12-20 00:39:38.192 1204 INFO rally.task.runner [-] Task 87f71275-8948-4b6a-b126-ce5acb86d5c2 | ITER: 2 END: OK
2019-12-20 00:39:38.199 1204 INFO rally.task.runner [-] Task 87f71275-8948-4b6a-b126-ce5acb86d5c2 | ITER: 8 START
2019-12-20 00:39:38.329 1205 WARNING rally_openstack.scenarios.glance.images [-] 'kwargs' is deprecated in Rally v0.8.0: Use 'boot_server_kwargs' for additional parameters when booting servers.
2019-12-20 00:39:38.902 1204 WARNING rally_openstack.scenarios.glance.images [-] 'kwargs' is deprecated in Rally v0.8.0: Use 'boot_server_kwargs' for additional parameters when booting servers.
2019-12-20 00:39:40.501 1205 RALLYDEBUG rally.task.utils [-] Waiting for resource '20db4727-7f70-4e4f-9d76-6457eb9223a8'. Status changed: NONE => QUEUED in 0.03386545181274414
2019-12-20 00:39:40.743 1205 RALLYDEBUG rally.task.utils [-] Waiting for resource s_rally_b499e84e_JrD8oTLF. Status changed: QUEUED => ACTIVE in 0.017821311950683594
2019-12-20 00:39:41.070 1204 RALLYDEBUG rally.task.utils [-] Waiting for resource '8e8a7727-0f8e-4667-b7bc-a4e08b9c90e7'. Status changed: NONE => QUEUED in 0.03453516960144043
2019-12-20 00:39:41.335 1204 RALLYDEBUG rally.task.utils [-] Waiting for resource s_rally_b499e84e_wMhNyTXL. Status changed: QUEUED => ACTIVE in 0.020680665969848633
2019-12-20 00:39:44.024 1207 RALLYDEBUG rally.task.utils [-] Waiting for resource s_rally_b499e84e_fx2AJAQO_1. Status changed: BUILD => ACTIVE in 6.631381988525391
2019-12-20 00:39:46.364 1207 RALLYDEBUG rally.task.utils [-] Waiting for resource s_rally_b499e84e_fx2AJAQO_0. Status changed: BUILD => ACTIVE in 2.3388285636901855
2019-12-20 00:39:46.365 1207 INFO rally.task.runner [-] Task 87f71275-8948-4b6a-b126-ce5acb86d5c2 | ITER: 5 END: OK
2019-12-20 00:39:46.370 1207 INFO rally.task.runner [-] Task 87f71275-8948-4b6a-b126-ce5acb86d5c2 | ITER: 9 START
2019-12-20 00:39:46.981 1207 WARNING rally_openstack.scenarios.glance.images [-] 'kwargs' is deprecated in Rally v0.8.0: Use 'boot_server_kwargs' for additional parameters when booting servers.
2019-12-20 00:39:49.156 1207 RALLYDEBUG rally.task.utils [-] Waiting for resource 'd1156c16-4401-4786-8fb6-9f0082007270'. Status changed: NONE => QUEUED in 0.03551220893859863
2019-12-20 00:39:49.426 1207 RALLYDEBUG rally.task.utils [-] Waiting for resource s_rally_b499e84e_JhYzVQzC. Status changed: QUEUED => ACTIVE in 0.02364349365234375
2019-12-20 00:39:53.394 1203 RALLYDEBUG rally.task.utils [-] Waiting for resource s_rally_b499e84e_wkWWpLbK_1. Status changed: BUILD => ACTIVE in 13.460966348648071
2019-12-20 00:39:53.566 1203 RALLYDEBUG rally.task.utils [-] Waiting for resource s_rally_b499e84e_wkWWpLbK_0. Status changed: BUILD => ACTIVE in 0.17035460472106934
2019-12-20 00:39:53.567 1203 INFO rally.task.runner [-] Task 87f71275-8948-4b6a-b126-ce5acb86d5c2 | ITER: 6 END: OK
2019-12-20 00:39:53.573 1203 INFO rally.task.runner [-] Task 87f71275-8948-4b6a-b126-ce5acb86d5c2 | ITER: 10 START
2019-12-20 00:39:54.177 1203 WARNING rally_openstack.scenarios.glance.images [-] 'kwargs' is deprecated in Rally v0.8.0: Use 'boot_server_kwargs' for additional parameters when booting servers.
2019-12-20 00:39:56.365 1203 RALLYDEBUG rally.task.utils [-] Waiting for resource '69ffb9f4-15c5-44d2-9741-9c18bb2c0442'. Status changed: NONE => QUEUED in 0.032808780670166016
2019-12-20 00:39:56.617 1203 RALLYDEBUG rally.task.utils [-] Waiting for resource s_rally_b499e84e_wRGF5xpP. Status changed: QUEUED => ACTIVE in 0.019146203994750977
2019-12-20 00:39:56.990 1205 RALLYDEBUG rally.task.utils [-] Waiting for resource s_rally_b499e84e_NYWpQroj_1. Status changed: BUILD => ACTIVE in 13.384052753448486
2019-12-20 00:39:57.122 1205 RALLYDEBUG rally.task.utils [-] Waiting for resource s_rally_b499e84e_NYWpQroj_0. Status changed: BUILD => ACTIVE in 0.13173222541809082
2019-12-20 00:39:57.123 1205 INFO rally.task.runner [-] Task 87f71275-8948-4b6a-b126-ce5acb86d5c2 | ITER: 7 END: OK
2019-12-20 00:39:59.689 1204 RALLYDEBUG rally.task.utils [-] Waiting for resource s_rally_b499e84e_QsvOTrVu_1. Status changed: BUILD => ACTIVE in 15.597840070724487
2019-12-20 00:39:59.875 1204 RALLYDEBUG rally.task.utils [-] Waiting for resource s_rally_b499e84e_QsvOTrVu_0. Status changed: BUILD => ACTIVE in 0.18575549125671387
2019-12-20 00:39:59.876 1204 INFO rally.task.runner [-] Task 87f71275-8948-4b6a-b126-ce5acb86d5c2 | ITER: 8 END: OK
2019-12-20 00:40:08.442 1203 RALLYDEBUG rally.task.utils [-] Waiting for resource s_rally_b499e84e_2hEsTTQo_1. Status changed: BUILD => ACTIVE in 8.988548994064331
2019-12-20 00:40:08.594 1203 RALLYDEBUG rally.task.utils [-] Waiting for resource s_rally_b499e84e_2hEsTTQo_0. Status changed: BUILD => ACTIVE in 0.15023112297058105
2019-12-20 00:40:08.594 1203 INFO rally.task.runner [-] Task 87f71275-8948-4b6a-b126-ce5acb86d5c2 | ITER: 10 END: OK
2019-12-20 00:40:12.227 1207 RALLYDEBUG rally.task.utils [-] Waiting for resource s_rally_b499e84e_Wv4RZGrt_1. Status changed: BUILD => ACTIVE in 19.710521936416626
2019-12-20 00:40:12.433 1207 RALLYDEBUG rally.task.utils [-] Waiting for resource s_rally_b499e84e_Wv4RZGrt_0. Status changed: BUILD => ACTIVE in 0.20455217361450195
2019-12-20 00:40:12.433 1207 INFO rally.task.runner [-] Task 87f71275-8948-4b6a-b126-ce5acb86d5c2 | ITER: 9 END: OK
2019-12-20 00:40:12.464 727 INFO rally.task.context [-] Task 87f71275-8948-4b6a-b126-ce5acb86d5c2 | Context cleanup@openstack cleanup() started
2019-12-20 00:40:12.469 727 RALLYDEBUG rally_openstack.cleanup.manager [-] Cleaning up nova servers objects
2019-12-20 00:40:14.800 727 RALLYDEBUG rally_openstack.cleanup.manager [-] Deleting nova.servers object s_rally_b499e84e_Wv4RZGrt_0 (dc60c294-1d7f-4144-9624-f45d6a69360b)
2019-12-20 00:40:14.807 727 RALLYDEBUG rally_openstack.cleanup.manager [-] Deleting nova.servers object s_rally_b499e84e_Wv4RZGrt_1 (8a5e5507-b0af-42cd-8d1e-899a52287f7f)
2019-12-20 00:40:14.810 727 RALLYDEBUG rally_openstack.cleanup.manager [-] Deleting nova.servers object s_rally_b499e84e_QsvOTrVu_1 (19aa6f7b-31bc-4b67-a591-574c91aa31b2)
2019-12-20 00:40:14.819 727 RALLYDEBUG rally_openstack.cleanup.manager [-] Deleting nova.servers object s_rally_b499e84e_QsvOTrVu_0 (57b31d8e-ecf1-435d-9582-95ff731e1394)
2019-12-20 00:40:14.822 727 RALLYDEBUG rally_openstack.cleanup.manager [-] Deleting nova.servers object s_rally_b499e84e_wkWWpLbK_1 (0ba37023-90a8-4187-b9b5-4e5711cedf77)
2019-12-20 00:40:14.833 727 RALLYDEBUG rally_openstack.cleanup.manager [-] Deleting nova.servers object s_rally_b499e84e_wkWWpLbK_0 (ab921002-6b34-4f7c-ae6c-9d252bcc2bcf)
2019-12-20 00:40:14.842 727 RALLYDEBUG rally_openstack.cleanup.manager [-] Deleting nova.servers object s_rally_b499e84e_fx2AJAQO_1 (e445f8b7-6062-4e2d-8d6f-527725f712ae)
2019-12-20 00:40:14.850 727 RALLYDEBUG rally_openstack.cleanup.manager [-] Deleting nova.servers object s_rally_b499e84e_fx2AJAQO_0 (380abc9a-96b6-4ca0-9b23-d563c94c35be)
2019-12-20 00:40:14.883 727 RALLYDEBUG rally_openstack.cleanup.manager [-] Deleting nova.servers object s_rally_b499e84e_rrlB9vaI_1 (e773219c-ad6a-4845-a16b-58aa68e4cdcd)
2019-12-20 00:40:14.905 727 RALLYDEBUG rally_openstack.cleanup.manager [-] Deleting nova.servers object s_rally_b499e84e_87mljAvI_1 (f707990a-8e15-4a0c-b965-22b89b5e3b5d)
2019-12-20 00:40:14.926 727 RALLYDEBUG rally_openstack.cleanup.manager [-] Deleting nova.servers object s_rally_b499e84e_rrlB9vaI_0 (5ca14317-164e-40d3-9d57-326000b817ef)
2019-12-20 00:40:14.939 727 RALLYDEBUG rally_openstack.cleanup.manager [-] Deleting nova.servers object s_rally_b499e84e_87mljAvI_0 (a580751e-f40d-42d6-b054-71c5ba543d5e)
2019-12-20 00:40:14.952 727 RALLYDEBUG rally_openstack.cleanup.manager [-] Deleting nova.servers object s_rally_b499e84e_2hEsTTQo_1 (8cdb9c7b-0419-4ef3-8ffb-044498f10ff5)
2019-12-20 00:40:14.974 727 RALLYDEBUG rally_openstack.cleanup.manager [-] Deleting nova.servers object s_rally_b499e84e_2hEsTTQo_0 (704b6708-dad8-4c80-ada9-13f46223f04a)
2019-12-20 00:40:14.983 727 RALLYDEBUG rally_openstack.cleanup.manager [-] Deleting nova.servers object s_rally_b499e84e_NYWpQroj_1 (7c6913f8-2f92-4e52-8bea-3269ce543d3a)
2019-12-20 00:40:14.997 727 RALLYDEBUG rally_openstack.cleanup.manager [-] Deleting nova.servers object s_rally_b499e84e_NYWpQroj_0 (a2d04c72-3c1a-4f8c-8874-b6830bfcf08c)
2019-12-20 00:40:15.001 727 RALLYDEBUG rally_openstack.cleanup.manager [-] Deleting nova.servers object s_rally_b499e84e_G9oURt3W_1 (4995e223-a17a-4a39-a504-c8f20d66a5dc)
2019-12-20 00:40:15.010 727 RALLYDEBUG rally_openstack.cleanup.manager [-] Deleting nova.servers object s_rally_b499e84e_H9FasPXn_1 (1925cb5d-d826-4ad3-ab56-12eaae93da25)
2019-12-20 00:40:15.020 727 RALLYDEBUG rally_openstack.cleanup.manager [-] Deleting nova.servers object s_rally_b499e84e_G9oURt3W_0 (45f2b8cf-1092-451e-bfa5-149ce3d518c3)
2019-12-20 00:40:15.030 727 RALLYDEBUG rally_openstack.cleanup.manager [-] Deleting nova.servers object s_rally_b499e84e_H9FasPXn_0 (79aabec3-beab-4b88-b68e-5359a3349f51)
2019-12-20 00:40:23.588 727 RALLYDEBUG rally_openstack.cleanup.manager [-] Cleaning up nova server_groups objects
2019-12-20 00:40:24.725 727 RALLYDEBUG rally_openstack.cleanup.manager [-] Cleaning up nova keypairs objects
2019-12-20 00:40:27.040 727 RALLYDEBUG rally_openstack.cleanup.manager [-] Cleaning up glance images objects
2019-12-20 00:40:28.384 727 RALLYDEBUG rally_openstack.cleanup.manager [-] Deleting glance.images object s_rally_b499e84e_JhYzVQzC (d1156c16-4401-4786-8fb6-9f0082007270)
2019-12-20 00:40:28.393 727 RALLYDEBUG rally_openstack.cleanup.manager [-] Deleting glance.images object s_rally_b499e84e_wMhNyTXL (8e8a7727-0f8e-4667-b7bc-a4e08b9c90e7)
2019-12-20 00:40:28.402 727 RALLYDEBUG rally_openstack.cleanup.manager [-] Deleting glance.images object s_rally_b499e84e_v8PytUtS (9427d9fb-3c69-4964-be29-9035c0bf3aa1)
2019-12-20 00:40:28.412 727 RALLYDEBUG rally_openstack.cleanup.manager [-] Deleting glance.images object s_rally_b499e84e_MPkd8XYr (49e61cf7-5606-4679-aa6a-e65f2a484923)
2019-12-20 00:40:28.420 727 RALLYDEBUG rally_openstack.cleanup.manager [-] Deleting glance.images object s_rally_b499e84e_TX0jGxLD (e6ac8d90-1e0f-4fb6-8b85-6349e95aca41)
2019-12-20 00:40:28.429 727 RALLYDEBUG rally_openstack.cleanup.manager [-] Deleting glance.images object s_rally_b499e84e_D4SsXdPI (c969f86e-dd14-45f0-b0d2-64b231f41b59)
2019-12-20 00:40:28.442 727 RALLYDEBUG rally_openstack.cleanup.manager [-] Deleting glance.images object s_rally_b499e84e_wRGF5xpP (69ffb9f4-15c5-44d2-9741-9c18bb2c0442)
2019-12-20 00:40:28.446 727 RALLYDEBUG rally_openstack.cleanup.manager [-] Deleting glance.images object s_rally_b499e84e_JrD8oTLF (20db4727-7f70-4e4f-9d76-6457eb9223a8)
2019-12-20 00:40:28.458 727 RALLYDEBUG rally_openstack.cleanup.manager [-] Deleting glance.images object s_rally_b499e84e_5erxd8s1 (e30d864a-1c15-494b-9007-b9c6df1e569a)
2019-12-20 00:40:28.486 727 RALLYDEBUG rally_openstack.cleanup.manager [-] Deleting glance.images object s_rally_b499e84e_jxaoTndn (a7b70be7-6154-4966-9b4d-5e8b932a224d)
2019-12-20 00:40:28.933 727 DEBUG glanceclient.common.http [-] Request returned failure status 404. _handle_response /usr/lib/python3.6/site-packages/glanceclient/common/http.py:125
2019-12-20 00:40:28.953 727 DEBUG glanceclient.common.http [-] Request returned failure status 404. _handle_response /usr/lib/python3.6/site-packages/glanceclient/common/http.py:125
2019-12-20 00:40:28.957 727 DEBUG glanceclient.common.http [-] Request returned failure status 404. _handle_response /usr/lib/python3.6/site-packages/glanceclient/common/http.py:125
2019-12-20 00:40:28.972 727 DEBUG glanceclient.common.http [-] Request returned failure status 404. _handle_response /usr/lib/python3.6/site-packages/glanceclient/common/http.py:125
2019-12-20 00:40:28.976 727 DEBUG glanceclient.common.http [-] Request returned failure status 404. _handle_response /usr/lib/python3.6/site-packages/glanceclient/common/http.py:125
2019-12-20 00:40:28.986 727 DEBUG glanceclient.common.http [-] Request returned failure status 404. _handle_response /usr/lib/python3.6/site-packages/glanceclient/common/http.py:125
2019-12-20 00:40:28.988 727 DEBUG glanceclient.common.http [-] Request returned failure status 404. _handle_response /usr/lib/python3.6/site-packages/glanceclient/common/http.py:125
2019-12-20 00:40:28.998 727 DEBUG glanceclient.common.http [-] Request returned failure status 404. _handle_response /usr/lib/python3.6/site-packages/glanceclient/common/http.py:125
2019-12-20 00:40:29.010 727 DEBUG glanceclient.common.http [-] Request returned failure status 404. _handle_response /usr/lib/python3.6/site-packages/glanceclient/common/http.py:125
2019-12-20 00:40:29.013 727 DEBUG glanceclient.common.http [-] Request returned failure status 404. _handle_response /usr/lib/python3.6/site-packages/glanceclient/common/http.py:125
2019-12-20 00:40:29.022 727 DEBUG glanceclient.common.http [-] Request returned failure status 404. _handle_response /usr/lib/python3.6/site-packages/glanceclient/common/http.py:125
2019-12-20 00:40:29.024 727 DEBUG glanceclient.common.http [-] Request returned failure status 404. _handle_response /usr/lib/python3.6/site-packages/glanceclient/common/http.py:125
2019-12-20 00:40:29.026 727 DEBUG glanceclient.common.http [-] Request returned failure status 404. _handle_response /usr/lib/python3.6/site-packages/glanceclient/common/http.py:125
2019-12-20 00:40:29.028 727 DEBUG glanceclient.common.http [-] Request returned failure status 404. _handle_response /usr/lib/python3.6/site-packages/glanceclient/common/http.py:125
2019-12-20 00:40:29.029 727 DEBUG glanceclient.common.http [-] Request returned failure status 404. _handle_response /usr/lib/python3.6/site-packages/glanceclient/common/http.py:125
2019-12-20 00:40:29.032 727 DEBUG glanceclient.common.http [-] Request returned failure status 404. _handle_response /usr/lib/python3.6/site-packages/glanceclient/common/http.py:125
2019-12-20 00:40:29.040 727 DEBUG glanceclient.common.http [-] Request returned failure status 404. _handle_response /usr/lib/python3.6/site-packages/glanceclient/common/http.py:125
2019-12-20 00:40:29.045 727 DEBUG glanceclient.common.http [-] Request returned failure status 404. _handle_response /usr/lib/python3.6/site-packages/glanceclient/common/http.py:125
2019-12-20 00:40:29.189 727 DEBUG glanceclient.common.http [-] Request returned failure status 404. _handle_response /usr/lib/python3.6/site-packages/glanceclient/common/http.py:125
2019-12-20 00:40:29.206 727 DEBUG glanceclient.common.http [-] Request returned failure status 404. _handle_response /usr/lib/python3.6/site-packages/glanceclient/common/http.py:125
2019-12-20 00:40:30.209 727 INFO rally.task.context [-] Task 87f71275-8948-4b6a-b126-ce5acb86d5c2 | Context cleanup@openstack cleanup() finished in 17.75 sec
2019-12-20 00:40:30.210 727 INFO rally.task.context [-] Task 87f71275-8948-4b6a-b126-ce5acb86d5c2 | Context quotas@openstack cleanup() started
2019-12-20 00:40:30.278 727 INFO rally.task.context [-] Task 87f71275-8948-4b6a-b126-ce5acb86d5c2 | Context quotas@openstack cleanup() finished in 68.64 msec
2019-12-20 00:40:30.279 727 INFO rally.task.context [-] Task 87f71275-8948-4b6a-b126-ce5acb86d5c2 | Context users@openstack cleanup() started
2019-12-20 00:40:34.409 727 INFO rally.task.context [-] Task 87f71275-8948-4b6a-b126-ce5acb86d5c2 | Context users@openstack cleanup() finished in 4.13 sec
2019-12-20 00:40:36.147 727 INFO rally.task.engine [-] Load duration is: 52.655339
2019-12-20 00:40:36.148 727 INFO rally.task.engine [-] Full runner duration is: 54.398133
2019-12-20 00:40:36.148 727 INFO rally.task.engine [-] Full duration is: 80.651238
2019-12-20 00:40:36.778 727 INFO rally.task.engine [-] Running workload: position = 0 config = { "version": 2, "title": "A cropped version of a bigger task.", "description": "Auto-generated task from a single workload (uuid=02f732e0-27b7-41a2-bd54-fcea1bd281dd)", "subtasks": [ { "title": "GlanceImages.create_and_deactivate_image", "description": "Create an image, then deactivate it.", "scenario": { "GlanceImages.create_and_deactivate_image": { "container_format": "bare", "disk_format": "qcow2", "image_location": "/home/opnfv/functest/images/cirros-0.4.0-x86_64-disk.img" } }, "contexts": { "users": { "tenants": 3, "users_per_tenant": 2 } }, "runner": { "constant": { "concurrency": 4, "times": 10 } }, "hooks": [], "sla": { "failure_rate": { "max": 0 } } } ] }
2019-12-20 00:40:36.801 727 RALLYDEBUG rally_openstack.contexts.keystone.users [-] Creating 3 tenants using 20 threads
2019-12-20 00:40:37.792 727 RALLYDEBUG rally_openstack.contexts.keystone.users [-] Creating 6 users using 20 threads
2019-12-20 00:40:39.305 727 INFO rally.task.context [-] Task 87f71275-8948-4b6a-b126-ce5acb86d5c2 | Context users@openstack setup() finished in 2.50 sec
2019-12-20 00:40:39.306 727 INFO rally.task.context [-] Task 87f71275-8948-4b6a-b126-ce5acb86d5c2 | Context cleanup@openstack setup() finished in 0.02 msec
2019-12-20 00:40:39.315 727 RALLYDEBUG rally.task.runner [-] Starting the constant runner (task UUID: 87f71275-8948-4b6a-b126-ce5acb86d5c2). times: 10 concurrency: 4 timeout: 0 max_cpu_used: 16 processes_to_start: 4 concurrency_per_worker: 1 concurrency_overhead: 0
2019-12-20 00:40:39.327 1387 RALLYDEBUG rally.task.runner [-] Starting a worker. times: 10 duration: None concurrency: 1 timeout: 0 cls: method_name: run args: {"container_format": "bare", "disk_format": "qcow2", "image_location": "/home/opnfv/functest/images/cirros-0.4.0-x86_64-disk.img"}
2019-12-20 00:40:39.330 1388 RALLYDEBUG rally.task.runner [-] Starting a worker. times: 10 duration: None concurrency: 1 timeout: 0 cls: method_name: run args: {"container_format": "bare", "disk_format": "qcow2", "image_location": "/home/opnfv/functest/images/cirros-0.4.0-x86_64-disk.img"}
2019-12-20 00:40:39.334 1387 INFO rally.task.runner [-] Task 87f71275-8948-4b6a-b126-ce5acb86d5c2 | ITER: 1 START
2019-12-20 00:40:39.333 1389 RALLYDEBUG rally.task.runner [-] Starting a worker. times: 10 duration: None concurrency: 1 timeout: 0 cls: method_name: run args: {"container_format": "bare", "disk_format": "qcow2", "image_location": "/home/opnfv/functest/images/cirros-0.4.0-x86_64-disk.img"}
2019-12-20 00:40:39.337 1388 INFO rally.task.runner [-] Task 87f71275-8948-4b6a-b126-ce5acb86d5c2 | ITER: 2 START
2019-12-20 00:40:39.337 1390 RALLYDEBUG rally.task.runner [-] Starting a worker. times: 10 duration: None concurrency: 1 timeout: 0 cls: method_name: run args: {"container_format": "bare", "disk_format": "qcow2", "image_location": "/home/opnfv/functest/images/cirros-0.4.0-x86_64-disk.img"}
2019-12-20 00:40:39.340 1389 INFO rally.task.runner [-] Task 87f71275-8948-4b6a-b126-ce5acb86d5c2 | ITER: 3 START
2019-12-20 00:40:39.342 1390 INFO rally.task.runner [-] Task 87f71275-8948-4b6a-b126-ce5acb86d5c2 | ITER: 4 START
2019-12-20 00:40:42.258 1388 RALLYDEBUG rally.task.utils [-] Waiting for resource '7834d3a8-8621-4e4a-860d-3a5693c13666'. Status changed: NONE => QUEUED in 0.04124045372009277
2019-12-20 00:40:42.259 1390 RALLYDEBUG rally.task.utils [-] Waiting for resource '556ce3ac-e9cd-4f2a-9158-2b9a0da3fa8f'. Status changed: NONE => QUEUED in 0.03765225410461426
2019-12-20 00:40:42.262 1387 RALLYDEBUG rally.task.utils [-] Waiting for resource '435c8112-71e5-4f70-9262-bf9eaf4d0b03'. Status changed: NONE => QUEUED in 0.04374885559082031
2019-12-20 00:40:42.278 1389 RALLYDEBUG rally.task.utils [-] Waiting for resource 'a19d3715-2fd0-48fc-8d75-e3070119690b'. Status changed: NONE => QUEUED in 0.04152965545654297
2019-12-20 00:40:42.495 1387 RALLYDEBUG rally.task.utils [-] Waiting for resource s_rally_02f732e0_6JvV8Kfr. Status changed: QUEUED => ACTIVE in 0.01679849624633789
2019-12-20 00:40:42.498 1389 RALLYDEBUG rally.task.utils [-] Waiting for resource s_rally_02f732e0_dVV0quuC. Status changed: QUEUED => ACTIVE in 0.016789674758911133
2019-12-20 00:40:42.499 1390 RALLYDEBUG rally.task.utils [-] Waiting for resource s_rally_02f732e0_i5lpILJm. Status changed: QUEUED => ACTIVE in 0.016053199768066406
2019-12-20 00:40:42.499 1388 RALLYDEBUG rally.task.utils [-] Waiting for resource s_rally_02f732e0_QftoQq6z. Status changed: QUEUED => ACTIVE in 0.018099308013916016
2019-12-20 00:40:42.549 1387 INFO rally.task.runner [-] Task 87f71275-8948-4b6a-b126-ce5acb86d5c2 | ITER: 1 END: OK
2019-12-20 00:40:42.552 1390 INFO rally.task.runner [-] Task 87f71275-8948-4b6a-b126-ce5acb86d5c2 | ITER: 4 END: OK
2019-12-20 00:40:42.553 1387 INFO rally.task.runner [-] Task 87f71275-8948-4b6a-b126-ce5acb86d5c2 | ITER: 5 START
2019-12-20 00:40:42.554 1389 INFO rally.task.runner [-] Task 87f71275-8948-4b6a-b126-ce5acb86d5c2 | ITER: 3 END: OK
2019-12-20 00:40:42.555 1390 INFO rally.task.runner [-] Task 87f71275-8948-4b6a-b126-ce5acb86d5c2 | ITER: 6 START
2019-12-20 00:40:42.558 1389 INFO rally.task.runner [-] Task 87f71275-8948-4b6a-b126-ce5acb86d5c2 | ITER: 7 START
2019-12-20 00:40:42.577 1388 INFO rally.task.runner [-] Task 87f71275-8948-4b6a-b126-ce5acb86d5c2 | ITER: 2 END: OK
2019-12-20 00:40:42.580 1388 INFO rally.task.runner [-] Task 87f71275-8948-4b6a-b126-ce5acb86d5c2 | ITER: 8 START
2019-12-20 00:40:45.341 1387 RALLYDEBUG rally.task.utils [-] Waiting for resource '4472c252-3988-411a-9dc2-e91fd8dee50f'. Status changed: NONE => QUEUED in 0.04804110527038574
2019-12-20 00:40:45.395 1390 RALLYDEBUG rally.task.utils [-] Waiting for resource '502f8df8-4fff-4894-b8c4-fa8b4bb43ef5'. Status changed: NONE => QUEUED in 0.039380550384521484
2019-12-20 00:40:45.411 1389 RALLYDEBUG rally.task.utils [-] Waiting for resource '39fa87a0-c66e-462e-a93b-ca168e68b5af'. Status changed: NONE => QUEUED in 0.03898000717163086
2019-12-20 00:40:45.435 1388 RALLYDEBUG rally.task.utils [-] Waiting for resource '69517173-cc55-423d-bba2-073565bdcaf8'. Status changed: NONE => QUEUED in 0.03875303268432617
2019-12-20 00:40:45.583 1387 RALLYDEBUG rally.task.utils [-] Waiting for resource s_rally_02f732e0_9qYwhGqi. Status changed: QUEUED => ACTIVE in 0.029094457626342773
2019-12-20 00:40:45.650 1387 INFO rally.task.runner [-] Task 87f71275-8948-4b6a-b126-ce5acb86d5c2 | ITER: 5 END: OK
2019-12-20 00:40:45.653 1387 INFO rally.task.runner [-] Task 87f71275-8948-4b6a-b126-ce5acb86d5c2 | ITER: 9 START
2019-12-20 00:40:45.659 1390 RALLYDEBUG rally.task.utils [-] Waiting for resource s_rally_02f732e0_JrMqLUUc. Status changed: QUEUED => ACTIVE in 0.01866316795349121
