2019-12-20 01:54:59.979 21705 INFO rally.task.runner [-] Task 43990f66-d7e1-43d6-9a0a-34b04e21a224 | ITER: 6 END: OK
2019-12-20 01:54:59.983 21705 INFO rally.task.runner [-] Task 43990f66-d7e1-43d6-9a0a-34b04e21a224 | ITER: 7 START
2019-12-20 01:55:00.212 21708 RALLYDEBUG rally.task.utils [-] Waiting for resource s_rally_06292c3b_LHnTYQRc. Status changed: BUILD => ACTIVE in 7.284937858581543
2019-12-20 01:55:00.213 21708 INFO rally.task.runner [-] Task 43990f66-d7e1-43d6-9a0a-34b04e21a224 | ITER: 4 END: OK
2019-12-20 01:55:00.219 21708 INFO rally.task.runner [-] Task 43990f66-d7e1-43d6-9a0a-34b04e21a224 | ITER: 8 START
2019-12-20 01:55:01.386 21704 RALLYDEBUG rally.task.utils [-] Waiting for resource s_rally_06292c3b_xVEBCYCs. Status changed: BUILD => ACTIVE in 7.088101625442505
2019-12-20 01:55:01.387 21704 INFO rally.task.runner [-] Task 43990f66-d7e1-43d6-9a0a-34b04e21a224 | ITER: 2 END: OK
2019-12-20 01:55:01.392 21704 INFO rally.task.runner [-] Task 43990f66-d7e1-43d6-9a0a-34b04e21a224 | ITER: 9 START
2019-12-20 01:55:04.089 21703 RALLYDEBUG rally.task.utils [-] Waiting for resource s_rally_06292c3b_mYFDqoZt. Status changed: BUILD => ACTIVE in 9.485445499420166
2019-12-20 01:55:04.090 21703 INFO rally.task.runner [-] Task 43990f66-d7e1-43d6-9a0a-34b04e21a224 | ITER: 1 END: OK
2019-12-20 01:55:04.095 21703 INFO rally.task.runner [-] Task 43990f66-d7e1-43d6-9a0a-34b04e21a224 | ITER: 10 START
2019-12-20 01:55:15.249 21703 RALLYDEBUG rally.task.utils [-] Waiting for resource s_rally_06292c3b_wbypCVUI. Status changed: CREATING => DOWNLOADING in 8.427551746368408
2019-12-20 01:55:17.590 21708 RALLYDEBUG rally.task.utils [-] Waiting for resource s_rally_06292c3b_1eQ4agS9. Status changed: DOWNLOADING => AVAILABLE in 14.676214933395386
2019-12-20 01:55:29.520 21708 RALLYDEBUG rally.task.utils [-] Waiting for resource s_rally_06292c3b_pGw5du2T. Status changed: BUILD => ACTIVE in 9.400640726089478
2019-12-20 01:55:29.520 21708 INFO rally.task.runner [-] Task 43990f66-d7e1-43d6-9a0a-34b04e21a224 | ITER: 8 END: OK
2019-12-20 01:55:38.720 21705 RALLYDEBUG rally.task.utils [-] Waiting for resource s_rally_06292c3b_ejdpGDcm. Status changed: DOWNLOADING => AVAILABLE in 35.38580918312073
2019-12-20 01:55:41.566 21704 RALLYDEBUG rally.task.utils [-] Waiting for resource s_rally_06292c3b_Jc00eqXV. Status changed: DOWNLOADING => AVAILABLE in 37.536659955978394
2019-12-20 01:55:48.502 21705 RALLYDEBUG rally.task.utils [-] Waiting for resource s_rally_06292c3b_9YxML7T8. Status changed: BUILD => ACTIVE in 6.9574384689331055
2019-12-20 01:55:48.503 21705 INFO rally.task.runner [-] Task 43990f66-d7e1-43d6-9a0a-34b04e21a224 | ITER: 7 END: OK
2019-12-20 01:55:53.251 21704 RALLYDEBUG rally.task.utils [-] Waiting for resource s_rally_06292c3b_TNcdybR8. Status changed: BUILD => ACTIVE in 9.258954286575317
2019-12-20 01:55:53.252 21704 INFO rally.task.runner [-] Task 43990f66-d7e1-43d6-9a0a-34b04e21a224 | ITER: 9 END: OK
2019-12-20 01:55:54.602 21703 RALLYDEBUG rally.task.utils [-] Waiting for resource s_rally_06292c3b_wbypCVUI. Status changed: DOWNLOADING => AVAILABLE in 39.353065490722656
2019-12-20 01:56:04.093 21703 RALLYDEBUG rally.task.utils [-] Waiting for resource s_rally_06292c3b_QoaMUxSw. Status changed: BUILD => ACTIVE in 7.035006523132324
2019-12-20 01:56:04.093 21703 INFO rally.task.runner [-] Task 43990f66-d7e1-43d6-9a0a-34b04e21a224 | ITER: 10 END: OK
2019-12-20 01:56:04.125 20411 INFO rally.task.context [-] Task 43990f66-d7e1-43d6-9a0a-34b04e21a224 | Context cleanup@openstack cleanup() started
2019-12-20 01:56:04.129 20411 RALLYDEBUG rally_openstack.cleanup.manager [-] Cleaning up nova servers objects
2019-12-20 01:56:06.986 20411 RALLYDEBUG rally_openstack.cleanup.manager [-] Deleting nova.servers object s_rally_06292c3b_QoaMUxSw (13c8a4bd-9735-4985-bce4-094b75add36e)
2019-12-20 01:56:06.996 20411 RALLYDEBUG rally_openstack.cleanup.manager [-] Deleting nova.servers object s_rally_06292c3b_9YxML7T8 (9e654f4d-cdf4-4069-87b1-5ea3b60c1bb4)
2019-12-20 01:56:07.005 20411 RALLYDEBUG rally_openstack.cleanup.manager [-] Deleting nova.servers object s_rally_06292c3b_mYFDqoZt (33a65495-77bd-416f-b686-02ccd9bed312)
2019-12-20 01:56:07.009 20411 RALLYDEBUG rally_openstack.cleanup.manager [-] Deleting nova.servers object s_rally_06292c3b_xVEBCYCs (69ba5e90-9433-49b2-bff4-abcad66b1696)
2019-12-20 01:56:07.013 20411 RALLYDEBUG rally_openstack.cleanup.manager [-] Deleting nova.servers object s_rally_06292c3b_TNcdybR8 (10a9fa98-a06d-4fd4-8826-eb59e96c2051)
2019-12-20 01:56:07.016 20411 RALLYDEBUG rally_openstack.cleanup.manager [-] Deleting nova.servers object s_rally_06292c3b_pGw5du2T (d34973b0-cfaf-4b1f-ac1f-16b10b30d310)
2019-12-20 01:56:07.025 20411 RALLYDEBUG rally_openstack.cleanup.manager [-] Deleting nova.servers object s_rally_06292c3b_LHnTYQRc (37102257-6ef3-479b-aa6e-9134072ebcab)
2019-12-20 01:56:07.034 20411 RALLYDEBUG rally_openstack.cleanup.manager [-] Deleting nova.servers object s_rally_06292c3b_WrvmAk4v (8b3590c5-6dc9-4afd-bd36-e1a47ea0fa8d)
2019-12-20 01:56:07.038 20411 RALLYDEBUG rally_openstack.cleanup.manager [-] Deleting nova.servers object s_rally_06292c3b_mmyMvs6I (dcb3d037-093e-47e1-a61d-c2be9fb900b4)
2019-12-20 01:56:07.056 20411 RALLYDEBUG rally_openstack.cleanup.manager [-] Deleting nova.servers object s_rally_06292c3b_nmVQooOR (67e11982-34e1-4c9c-b2ca-6921c1551a81)
2019-12-20 01:56:12.931 20411 RALLYDEBUG rally_openstack.cleanup.manager [-] Cleaning up nova server_groups objects
2019-12-20 01:56:14.203 20411 RALLYDEBUG rally_openstack.cleanup.manager [-] Cleaning up nova keypairs objects
2019-12-20 01:56:16.578 20411 RALLYDEBUG rally_openstack.cleanup.manager [-] Cleaning up cinder backups objects
2019-12-20 01:56:18.357 20411 RALLYDEBUG rally_openstack.cleanup.manager [-] Cleaning up cinder volume_snapshots objects
2019-12-20 01:56:20.121 20411 RALLYDEBUG rally_openstack.cleanup.manager [-] Cleaning up cinder transfers objects
2019-12-20 01:56:21.275 20411 RALLYDEBUG rally_openstack.cleanup.manager [-] Cleaning up cinder volumes objects
2019-12-20 01:56:22.673 20411 RALLYDEBUG rally_openstack.cleanup.manager [-] Deleting cinder.volumes object s_rally_06292c3b_wbypCVUI (89b4efe7-d5b4-45ef-8a45-06987c336ff6)
2019-12-20 01:56:22.683 20411 RALLYDEBUG rally_openstack.cleanup.manager [-] Deleting cinder.volumes object s_rally_06292c3b_ejdpGDcm (7c203288-1e53-4857-8803-fe239e178bb6)
2019-12-20 01:56:22.692 20411 RALLYDEBUG rally_openstack.cleanup.manager [-] Deleting cinder.volumes object s_rally_06292c3b_2k4iOALD (e0b5a012-bd85-4ee1-b432-0b226a3890f1)
2019-12-20 01:56:22.697 20411 RALLYDEBUG rally_openstack.cleanup.manager [-] Deleting cinder.volumes object s_rally_06292c3b_WIbZ4maf (7ff14a1a-9999-487b-a079-c74fed7c783b)
2019-12-20 01:56:22.701 20411 RALLYDEBUG rally_openstack.cleanup.manager [-] Deleting cinder.volumes object s_rally_06292c3b_Jc00eqXV (9588ec3f-2fef-48fb-8b35-0ebac58c0eca)
2019-12-20 01:56:22.719 20411 RALLYDEBUG rally_openstack.cleanup.manager [-] Deleting cinder.volumes object s_rally_06292c3b_1eQ4agS9 (03c2de19-de7b-4431-9e58-769af4489d45)
2019-12-20 01:56:22.732 20411 RALLYDEBUG rally_openstack.cleanup.manager [-] Deleting cinder.volumes object s_rally_06292c3b_cOsfa2qH (df54b632-7595-4850-a3be-a552171ddeed)
2019-12-20 01:56:22.740 20411 RALLYDEBUG rally_openstack.cleanup.manager [-] Deleting cinder.volumes object s_rally_06292c3b_E83wzkAa (bd15a6f4-7499-4103-a8d5-68031977a6cf)
2019-12-20 01:56:22.758 20411 RALLYDEBUG rally_openstack.cleanup.manager [-] Deleting cinder.volumes object s_rally_06292c3b_DdoIQ957 (96ca12a3-1ec8-4e2b-8f6b-0f16f52f50cd)
2019-12-20 01:56:22.776 20411 RALLYDEBUG rally_openstack.cleanup.manager [-] Deleting cinder.volumes object s_rally_06292c3b_8m7oZLd2 (52aeffe2-02a6-4fc4-ae6b-b82d0561e386)
2019-12-20 01:56:26.773 20411 INFO rally.task.context [-] Task 43990f66-d7e1-43d6-9a0a-34b04e21a224 | Context cleanup@openstack cleanup() finished in 22.65 sec
2019-12-20 01:56:26.774 20411 INFO rally.task.context [-] Task 43990f66-d7e1-43d6-9a0a-34b04e21a224 | Context api_versions@openstack cleanup() started
2019-12-20 01:56:26.774 20411 INFO rally.task.context [-] Task 43990f66-d7e1-43d6-9a0a-34b04e21a224 | Context api_versions@openstack cleanup() finished in 0.44 msec
2019-12-20 01:56:26.775 20411 INFO rally.task.context [-] Task 43990f66-d7e1-43d6-9a0a-34b04e21a224 | Context users@openstack cleanup() started
2019-12-20 01:56:30.946 20411 INFO rally.task.context [-] Task 43990f66-d7e1-43d6-9a0a-34b04e21a224 | Context users@openstack cleanup() finished in 4.17 sec
2019-12-20 01:56:32.467 20411 INFO rally.task.engine [-] Load duration is: 147.181159
2019-12-20 01:56:32.468 20411 INFO rally.task.engine [-] Full runner duration is: 148.236958
2019-12-20 01:56:32.468 20411 INFO rally.task.engine [-] Full duration is: 179.182392
2019-12-20 01:56:32.814 20411 INFO rally.task.engine [-] Running workload: position = 0 config = { "version": 2, "title": "A cropped version of a bigger task.", "description": "Auto-generated task from a single workload (uuid=22a23285-50c7-4fcd-9f67-29e7ee495504)", "subtasks": [ { "title": "NovaServers.boot_server", "description": "Boot a server.", "scenario": { "NovaServers.boot_server": { "flavor": { "name": "rally_full-flavor_aa5cb567-149c-4467-982a-9c05bad8048a" }, "image": { "name": "rally_full-img_aa5cb567-149c-4467-982a-9c05bad8048a" }, "nics": [ { "net-id": "ec715f9f-97db-49ca-b75c-c1382ea24986" } ] } }, "contexts": { "users": { "tenants": 3, "users_per_tenant": 2 } }, "runner": { "constant": { "concurrency": 4, "times": 10 } }, "hooks": [], "sla": { "failure_rate": { "max": 0 } } } ] }
2019-12-20 01:56:32.839 20411 RALLYDEBUG rally_openstack.contexts.keystone.users [-] Creating 3 tenants using 20 threads
2019-12-20 01:56:33.960 20411 RALLYDEBUG rally_openstack.contexts.keystone.users [-] Creating 6 users using 20 threads
2019-12-20 01:56:35.490 20411 INFO rally.task.context [-] Task 43990f66-d7e1-43d6-9a0a-34b04e21a224 | Context users@openstack setup() finished in 2.65 sec
2019-12-20 01:56:35.491 20411 INFO rally.task.context [-] Task 43990f66-d7e1-43d6-9a0a-34b04e21a224 | Context cleanup@openstack setup() finished in 0.02 msec
2019-12-20 01:56:36.887 20411 RALLYDEBUG rally.task.runner [-] Starting the constant runner (task UUID: 43990f66-d7e1-43d6-9a0a-34b04e21a224). times: 10 concurrency: 4 timeout: 0 max_cpu_used: 16 processes_to_start: 4 concurrency_per_worker: 1 concurrency_overhead: 0
2019-12-20 01:56:36.901 21947 RALLYDEBUG rally.task.runner [-] Starting a worker. times: 10 duration: None concurrency: 1 timeout: 0 cls: method_name: run args: {"flavor": "8f24f274-2ec7-4ee9-81fe-eb3126b4566a", "image": "836ce450-ad34-4e7f-b690-ce378b347e82", "nics": [{"net-id": "ec715f9f-97db-49ca-b75c-c1382ea24986"}]}
2019-12-20 01:56:36.904 21948 RALLYDEBUG rally.task.runner [-] Starting a worker. times: 10 duration: None concurrency: 1 timeout: 0 cls: method_name: run args: {"flavor": "8f24f274-2ec7-4ee9-81fe-eb3126b4566a", "image": "836ce450-ad34-4e7f-b690-ce378b347e82", "nics": [{"net-id": "ec715f9f-97db-49ca-b75c-c1382ea24986"}]}
2019-12-20 01:56:36.908 21947 INFO rally.task.runner [-] Task 43990f66-d7e1-43d6-9a0a-34b04e21a224 | ITER: 1 START
2019-12-20 01:56:36.911 21948 INFO rally.task.runner [-] Task 43990f66-d7e1-43d6-9a0a-34b04e21a224 | ITER: 2 START
2019-12-20 01:56:36.914 21951 RALLYDEBUG rally.task.runner [-] Starting a worker. times: 10 duration: None concurrency: 1 timeout: 0 cls: method_name: run args: {"flavor": "8f24f274-2ec7-4ee9-81fe-eb3126b4566a", "image": "836ce450-ad34-4e7f-b690-ce378b347e82", "nics": [{"net-id": "ec715f9f-97db-49ca-b75c-c1382ea24986"}]}
2019-12-20 01:56:36.918 21954 RALLYDEBUG rally.task.runner [-] Starting a worker. times: 10 duration: None concurrency: 1 timeout: 0 cls: method_name: run args: {"flavor": "8f24f274-2ec7-4ee9-81fe-eb3126b4566a", "image": "836ce450-ad34-4e7f-b690-ce378b347e82", "nics": [{"net-id": "ec715f9f-97db-49ca-b75c-c1382ea24986"}]}
2019-12-20 01:56:36.920 21951 INFO rally.task.runner [-] Task 43990f66-d7e1-43d6-9a0a-34b04e21a224 | ITER: 3 START
2019-12-20 01:56:36.924 21954 INFO rally.task.runner [-] Task 43990f66-d7e1-43d6-9a0a-34b04e21a224 | ITER: 4 START
2019-12-20 01:56:43.946 21951 RALLYDEBUG rally.task.utils [-] Waiting for resource s_rally_22a23285_rcElehvd. Status changed: BUILD => ACTIVE in 4.429872751235962
2019-12-20 01:56:43.946 21951 INFO rally.task.runner [-] Task 43990f66-d7e1-43d6-9a0a-34b04e21a224 | ITER: 3 END: OK
2019-12-20 01:56:43.951 21951 INFO rally.task.runner [-] Task 43990f66-d7e1-43d6-9a0a-34b04e21a224 | ITER: 5 START
2019-12-20 01:56:44.285 21947 RALLYDEBUG rally.task.utils [-] Waiting for resource s_rally_22a23285_B7OfNOad. Status changed: BUILD => ACTIVE in 4.666308403015137
2019-12-20 01:56:44.286 21947 INFO rally.task.runner [-] Task 43990f66-d7e1-43d6-9a0a-34b04e21a224 | ITER: 1 END: OK
2019-12-20 01:56:44.290 21947 INFO rally.task.runner [-] Task 43990f66-d7e1-43d6-9a0a-34b04e21a224 | ITER: 6 START
2019-12-20 01:56:45.979 21948 RALLYDEBUG rally.task.utils [-] Waiting for resource s_rally_22a23285_hPbd73jw. Status changed: BUILD => ACTIVE in 6.684221506118774
2019-12-20 01:56:45.980 21948 INFO rally.task.runner [-] Task 43990f66-d7e1-43d6-9a0a-34b04e21a224 | ITER: 2 END: OK
2019-12-20 01:56:45.984 21948 INFO rally.task.runner [-] Task 43990f66-d7e1-43d6-9a0a-34b04e21a224 | ITER: 7 START
2019-12-20 01:56:46.218 21954 RALLYDEBUG rally.task.utils [-] Waiting for resource s_rally_22a23285_pur8ZWqu. Status changed: BUILD => ACTIVE in 6.802818775177002
2019-12-20 01:56:46.219 21954 INFO rally.task.runner [-] Task 43990f66-d7e1-43d6-9a0a-34b04e21a224 | ITER: 4 END: OK
2019-12-20 01:56:46.223 21954 INFO rally.task.runner [-] Task 43990f66-d7e1-43d6-9a0a-34b04e21a224 | ITER: 8 START
2019-12-20 01:56:53.156 21951 RALLYDEBUG rally.task.utils [-] Waiting for resource s_rally_22a23285_t8TSB0JF. Status changed: BUILD => ACTIVE in 6.754590749740601
2019-12-20 01:56:53.157 21951 INFO rally.task.runner [-] Task 43990f66-d7e1-43d6-9a0a-34b04e21a224 | ITER: 5 END: OK
2019-12-20 01:56:53.161 21951 INFO rally.task.runner [-] Task 43990f66-d7e1-43d6-9a0a-34b04e21a224 | ITER: 9 START
2019-12-20 01:56:53.265 21954 RALLYDEBUG rally.task.utils [-] Waiting for resource s_rally_22a23285_a4BwjbMj. Status changed: BUILD => ACTIVE in 4.891284465789795
2019-12-20 01:56:53.265 21954 INFO rally.task.runner [-] Task 43990f66-d7e1-43d6-9a0a-34b04e21a224 | ITER: 8 END: OK
2019-12-20 01:56:53.269 21954 INFO rally.task.runner [-] Task 43990f66-d7e1-43d6-9a0a-34b04e21a224 | ITER: 10 START
2019-12-20 01:56:53.344 21947 RALLYDEBUG rally.task.utils [-] Waiting for resource s_rally_22a23285_AFXMGIBV. Status changed: BUILD => ACTIVE in 6.772991418838501
2019-12-20 01:56:53.345 21947 INFO rally.task.runner [-] Task 43990f66-d7e1-43d6-9a0a-34b04e21a224 | ITER: 6 END: OK
2019-12-20 01:56:55.079 21948 RALLYDEBUG rally.task.utils [-] Waiting for resource s_rally_22a23285_Oz2DhpI3. Status changed: BUILD => ACTIVE in 6.966459274291992
2019-12-20 01:56:55.080 21948 INFO rally.task.runner [-] Task 43990f66-d7e1-43d6-9a0a-34b04e21a224 | ITER: 7 END: OK
2019-12-20 01:57:02.693 21951 RALLYDEBUG rally.task.utils [-] Waiting for resource s_rally_22a23285_TV9coRuT. Status changed: BUILD => ACTIVE in 7.375694513320923
2019-12-20 01:57:02.695 21951 INFO rally.task.runner [-] Task 43990f66-d7e1-43d6-9a0a-34b04e21a224 | ITER: 9 END: OK
2019-12-20 01:57:02.754 21954 RALLYDEBUG rally.task.utils [-] Waiting for resource s_rally_22a23285_42pe0amW. Status changed: BUILD => ACTIVE in 7.173846244812012
2019-12-20 01:57:02.756 21954 INFO rally.task.runner [-] Task 43990f66-d7e1-43d6-9a0a-34b04e21a224 | ITER: 10 END: OK
2019-12-20 01:57:02.787 20411 INFO rally.task.context [-] Task 43990f66-d7e1-43d6-9a0a-34b04e21a224 | Context cleanup@openstack cleanup() started
2019-12-20 01:57:02.791 20411 RALLYDEBUG rally_openstack.cleanup.manager [-] Cleaning up nova servers objects
2019-12-20 01:57:05.241 20411 RALLYDEBUG rally_openstack.cleanup.manager [-] Deleting nova.servers object s_rally_22a23285_42pe0amW (258fdde9-84c6-4121-8670-a6eb0c6e90fa)
2019-12-20 01:57:05.250 20411 RALLYDEBUG rally_openstack.cleanup.manager [-] Deleting nova.servers object s_rally_22a23285_t8TSB0JF (33726474-ddbb-4123-8e35-ce3800eae3a4)
2019-12-20 01:57:05.259 20411 RALLYDEBUG rally_openstack.cleanup.manager [-] Deleting nova.servers object s_rally_22a23285_AFXMGIBV (5168cbaa-1d25-4ac6-bfde-c8ccb2e20082)
2019-12-20 01:57:05.265 20411 RALLYDEBUG rally_openstack.cleanup.manager [-] Deleting nova.servers object s_rally_22a23285_TV9coRuT (6795e336-c178-4a2a-9a36-6dd5310d54bd)
2019-12-20 01:57:05.272 20411 RALLYDEBUG rally_openstack.cleanup.manager [-] Deleting nova.servers object s_rally_22a23285_pur8ZWqu (6215b3bb-3a88-41f7-b554-cc46e98d1496)
2019-12-20 01:57:05.277 20411 RALLYDEBUG rally_openstack.cleanup.manager [-] Deleting nova.servers object s_rally_22a23285_B7OfNOad (675df41d-e701-4cc2-86d2-e704a5a2606c)
2019-12-20 01:57:05.296 20411 RALLYDEBUG rally_openstack.cleanup.manager [-] Deleting nova.servers object s_rally_22a23285_a4BwjbMj (26a7e637-d3cf-4828-97d6-d32cebe1b092)
2019-12-20 01:57:05.313 20411 RALLYDEBUG rally_openstack.cleanup.manager [-] Deleting nova.servers object s_rally_22a23285_Oz2DhpI3 (08f614d2-16cd-49d5-a35b-114ac601a7ba)
2019-12-20 01:57:05.326 20411 RALLYDEBUG rally_openstack.cleanup.manager [-] Deleting nova.servers object s_rally_22a23285_rcElehvd (5d35fceb-8645-4955-ab08-8fc39d9ced83)
2019-12-20 01:57:05.341 20411 RALLYDEBUG rally_openstack.cleanup.manager [-] Deleting nova.servers object s_rally_22a23285_hPbd73jw (87c3ed6b-8e07-4cdb-bc99-d2c7df032718)
2019-12-20 01:57:11.110 20411 RALLYDEBUG rally_openstack.cleanup.manager [-] Cleaning up nova server_groups objects
2019-12-20 01:57:12.312 20411 RALLYDEBUG rally_openstack.cleanup.manager [-] Cleaning up nova keypairs objects
2019-12-20 01:57:14.845 20411 INFO rally.task.context [-] Task 43990f66-d7e1-43d6-9a0a-34b04e21a224 | Context cleanup@openstack cleanup() finished in 12.06 sec
2019-12-20 01:57:14.845 20411 INFO rally.task.context [-] Task 43990f66-d7e1-43d6-9a0a-34b04e21a224 | Context users@openstack cleanup() started
2019-12-20 01:57:18.902 20411 INFO rally.task.context [-] Task 43990f66-d7e1-43d6-9a0a-34b04e21a224 | Context users@openstack cleanup() finished in 4.06 sec
2019-12-20 01:57:19.141 20411 INFO rally.task.engine [-] Load duration is: 24.846644
2019-12-20 01:57:19.141 20411 INFO rally.task.engine [-] Full runner duration is: 25.900494
2019-12-20 01:57:19.142 20411 INFO rally.task.engine [-] Full duration is: 46.064528
2019-12-20 01:57:19.473 20411 INFO rally.task.engine [-] Running workload: position = 0 config = { "version": 2, "title": "A cropped version of a bigger task.", "description": "Auto-generated task from a single workload (uuid=ab87c084-d7e5-4827-acb9-a2489d18a409)", "subtasks": [ { "title": "NovaServers.list_servers", "description": "List all servers.", "scenario": { "NovaServers.list_servers": { "detailed": true } }, "contexts": { "users": { "tenants": 3, "users_per_tenant": 2 }, "servers": { "flavor": { "name": "rally_full-flavor_aa5cb567-149c-4467-982a-9c05bad8048a" }, "image": { "name": "rally_full-img_aa5cb567-149c-4467-982a-9c05bad8048a" }, "servers_per_tenant": 2, "auto_assign_nic": true }, "network": {} }, "runner": { "constant": { "concurrency": 4, "times": 10 } }, "hooks": [], "sla": { "failure_rate": { "max": 0 } } } ] }
2019-12-20 01:57:19.493 20411 RALLYDEBUG rally_openstack.contexts.keystone.users [-] Creating 3 tenants using 20 threads
2019-12-20 01:57:20.435 20411 RALLYDEBUG rally_openstack.contexts.keystone.users [-] Creating 6 users using 20 threads
2019-12-20 01:57:22.010 20411 INFO rally.task.context [-] Task 43990f66-d7e1-43d6-9a0a-34b04e21a224 | Context users@openstack setup() finished in 2.52 sec
2019-12-20 01:57:24.455 20411 RALLYDEBUG rally_openstack.wrappers.network [-] CIDR generated: 10.2.15.0/24
2019-12-20 01:57:29.007 20411 RALLYDEBUG rally_openstack.wrappers.network [-] CIDR generated: 10.2.16.0/24
2019-12-20 01:57:32.800 20411 RALLYDEBUG rally_openstack.wrappers.network [-] CIDR generated: 10.2.17.0/24
2019-12-20 01:57:35.034 20411 INFO rally.task.context [-] Task 43990f66-d7e1-43d6-9a0a-34b04e21a224 | Context network@openstack setup() finished in 13.02 sec
2019-12-20 01:57:35.919 20411 RALLYDEBUG rally_openstack.contexts.nova.servers [-] Booting servers for user tenant a6919ac37e524fdab7a01eacc4b784e2
2019-12-20 01:57:35.919 20411 RALLYDEBUG rally_openstack.contexts.nova.servers [-] Calling _boot_servers with image_id=836ce450-ad34-4e7f-b690-ce378b347e82 flavor_id=8f24f274-2ec7-4ee9-81fe-eb3126b4566a servers_per_tenant=2
2019-12-20 01:57:46.609 20411 RALLYDEBUG rally.task.utils [-] Waiting for resource s_rally_ab87c084_mERdcSP5_1. Status changed: BUILD => ACTIVE in 7.157164096832275
2019-12-20 01:57:46.778 20411 RALLYDEBUG rally.task.utils [-] Waiting for resource s_rally_ab87c084_mERdcSP5_0. Status changed: BUILD => ACTIVE in 0.1683197021484375
2019-12-20 01:57:46.779 20411 RALLYDEBUG rally_openstack.contexts.nova.servers [-] Adding booted servers ['1254dda9-87db-4c03-99de-b41aa467bab7', '104d760a-3da8-4e92-b4ec-a014e1fe081e'] to context
2019-12-20 01:57:46.779 20411 RALLYDEBUG rally_openstack.contexts.nova.servers [-] Booting servers for user tenant 73cea060a4be45138cc37652ed83b5c6
2019-12-20 01:57:46.779 20411 RALLYDEBUG rally_openstack.contexts.nova.servers [-] Calling _boot_servers with image_id=836ce450-ad34-4e7f-b690-ce378b347e82 flavor_id=8f24f274-2ec7-4ee9-81fe-eb3126b4566a servers_per_tenant=2
2019-12-20 01:57:57.431 20411 RALLYDEBUG rally.task.utils [-] Waiting for resource s_rally_ab87c084_uKIDkZeF_1. Status changed: BUILD => ACTIVE in 6.903848648071289
2019-12-20 01:57:57.596 20411 RALLYDEBUG rally.task.utils [-] Waiting for resource s_rally_ab87c084_uKIDkZeF_0. Status changed: BUILD => ACTIVE in 0.1640315055847168
2019-12-20 01:57:57.596 20411 RALLYDEBUG rally_openstack.contexts.nova.servers [-] Adding booted servers ['7fd6911c-bfb6-436a-a676-4b26607414cf', 'ef82ce0d-815a-4dca-a665-609609f2fab7'] to context
2019-12-20 01:57:57.597 20411 RALLYDEBUG rally_openstack.contexts.nova.servers [-] Booting servers for user tenant ad98263596254614b7af88f183b12c01
2019-12-20 01:57:57.597 20411 RALLYDEBUG rally_openstack.contexts.nova.servers [-] Calling _boot_servers with image_id=836ce450-ad34-4e7f-b690-ce378b347e82 flavor_id=8f24f274-2ec7-4ee9-81fe-eb3126b4566a servers_per_tenant=2
2019-12-20 01:58:08.639 20411 RALLYDEBUG rally.task.utils [-] Waiting for resource s_rally_ab87c084_jgSw6fR3_1. Status changed: BUILD => ACTIVE in 6.978645324707031
2019-12-20 01:58:08.803 20411 RALLYDEBUG rally.task.utils [-] Waiting for resource s_rally_ab87c084_jgSw6fR3_0. Status changed: BUILD => ACTIVE in 0.16389060020446777
2019-12-20 01:58:08.804 20411 RALLYDEBUG rally_openstack.contexts.nova.servers [-] Adding booted servers ['bafc5674-d72e-49ca-a160-77bf3b77ae0f', 'de2e5aee-bdfe-4351-8493-95894f12456e'] to context
2019-12-20 01:58:08.804 20411 INFO rally.task.context [-] Task 43990f66-d7e1-43d6-9a0a-34b04e21a224 | Context servers@openstack setup() finished in 33.77 sec
2019-12-20 01:58:08.814 20411 RALLYDEBUG rally.task.runner [-] Starting the constant runner (task UUID: 43990f66-d7e1-43d6-9a0a-34b04e21a224). times: 10 concurrency: 4 timeout: 0 max_cpu_used: 16 processes_to_start: 4 concurrency_per_worker: 1 concurrency_overhead: 0
2019-12-20 01:58:08.825 22111 RALLYDEBUG rally.task.runner [-] Starting a worker. times: 10 duration: None concurrency: 1 timeout: 0 cls: method_name: run args: {"detailed": true}
2019-12-20 01:58:08.829 22112 RALLYDEBUG rally.task.runner [-] Starting a worker. times: 10 duration: None concurrency: 1 timeout: 0 cls: method_name: run args: {"detailed": true}
2019-12-20 01:58:08.833 22113 RALLYDEBUG rally.task.runner [-] Starting a worker. times: 10 duration: None concurrency: 1 timeout: 0 cls: method_name: run args: {"detailed": true}
2019-12-20 01:58:08.834 22111 INFO rally.task.runner [-] Task 43990f66-d7e1-43d6-9a0a-34b04e21a224 | ITER: 1 START
2019-12-20 01:58:08.836 22112 INFO rally.task.runner [-] Task 43990f66-d7e1-43d6-9a0a-34b04e21a224 | ITER: 2 START
2019-12-20 01:58:08.836 22114 RALLYDEBUG rally.task.runner [-] Starting a worker. times: 10 duration: None concurrency: 1 timeout: 0 cls: method_name: run args: {"detailed": true}
2019-12-20 01:58:08.840 22113 INFO rally.task.runner [-] Task 43990f66-d7e1-43d6-9a0a-34b04e21a224 | ITER: 3 START
2019-12-20 01:58:08.843 22114 INFO rally.task.runner [-] Task 43990f66-d7e1-43d6-9a0a-34b04e21a224 | ITER: 4 START
2019-12-20 01:58:09.581 22112 INFO rally.task.runner [-] Task 43990f66-d7e1-43d6-9a0a-34b04e21a224 | ITER: 2 END: OK
2019-12-20 01:58:09.585 22112 INFO rally.task.runner [-] Task 43990f66-d7e1-43d6-9a0a-34b04e21a224 | ITER: 5 START
2019-12-20 01:58:09.647 22111 INFO rally.task.runner [-] Task 43990f66-d7e1-43d6-9a0a-34b04e21a224 | ITER: 1 END: OK
2019-12-20 01:58:09.652 22111 INFO rally.task.runner [-] Task 43990f66-d7e1-43d6-9a0a-34b04e21a224 | ITER: 6 START
2019-12-20 01:58:09.670 22114 INFO rally.task.runner [-] Task 43990f66-d7e1-43d6-9a0a-34b04e21a224 | ITER: 4 END: OK
2019-12-20 01:58:09.675 22114 INFO rally.task.runner [-] Task 43990f66-d7e1-43d6-9a0a-34b04e21a224 | ITER: 7 START
2019-12-20 01:58:10.161 22113 INFO rally.task.runner [-] Task 43990f66-d7e1-43d6-9a0a-34b04e21a224 | ITER: 3 END: OK
2019-12-20 01:58:10.166 22113 INFO rally.task.runner [-] Task 43990f66-d7e1-43d6-9a0a-34b04e21a224 | ITER: 8 START
2019-12-20 01:58:10.269 22112 INFO rally.task.runner [-] Task 43990f66-d7e1-43d6-9a0a-34b04e21a224 | ITER: 5 END: OK
2019-12-20 01:58:10.273 22112 INFO rally.task.runner [-] Task 43990f66-d7e1-43d6-9a0a-34b04e21a224 | ITER: 9 START
2019-12-20 01:58:10.371 22114 INFO rally.task.runner [-] Task 43990f66-d7e1-43d6-9a0a-34b04e21a224 | ITER: 7 END: OK
2019-12-20 01:58:10.375 22114 INFO rally.task.runner [-] Task 43990f66-d7e1-43d6-9a0a-34b04e21a224 | ITER: 10 START
2019-12-20 01:58:10.497 22111 INFO rally.task.runner [-] Task 43990f66-d7e1-43d6-9a0a-34b04e21a224 | ITER: 6 END: OK
2019-12-20 01:58:10.857 22113 INFO rally.task.runner [-] Task 43990f66-d7e1-43d6-9a0a-34b04e21a224 | ITER: 8 END: OK
2019-12-20 01:58:11.021 22112 INFO rally.task.runner [-] Task 43990f66-d7e1-43d6-9a0a-34b04e21a224 | ITER: 9 END: OK
2019-12-20 01:58:11.177 22114 INFO rally.task.runner [-] Task 43990f66-d7e1-43d6-9a0a-34b04e21a224 | ITER: 10 END: OK
2019-12-20 01:58:11.203 20411 INFO rally.task.context [-] Task 43990f66-d7e1-43d6-9a0a-34b04e21a224 | Context servers@openstack cleanup() started
2019-12-20 01:58:11.205 20411 RALLYDEBUG rally_openstack.cleanup.manager [-] Cleaning up nova servers objects
2019-12-20 01:58:13.657 20411 RALLYDEBUG rally_openstack.cleanup.manager [-] Deleting nova.servers object s_rally_ab87c084_mERdcSP5_1 (1254dda9-87db-4c03-99de-b41aa467bab7)
2019-12-20 01:58:13.664 20411 RALLYDEBUG rally_openstack.cleanup.manager [-] Deleting nova.servers object s_rally_ab87c084_mERdcSP5_0 (104d760a-3da8-4e92-b4ec-a014e1fe081e)
2019-12-20 01:58:13.671 20411 RALLYDEBUG rally_openstack.cleanup.manager [-] Deleting nova.servers object s_rally_ab87c084_uKIDkZeF_1 (7fd6911c-bfb6-436a-a676-4b26607414cf)
2019-12-20 01:58:13.678 20411 RALLYDEBUG rally_openstack.cleanup.manager [-] Deleting nova.servers object s_rally_ab87c084_uKIDkZeF_0 (ef82ce0d-815a-4dca-a665-609609f2fab7)
2019-12-20 01:58:13.685 20411 RALLYDEBUG rally_openstack.cleanup.manager [-] Deleting nova.servers object s_rally_ab87c084_jgSw6fR3_1 (bafc5674-d72e-49ca-a160-77bf3b77ae0f)
2019-12-20 01:58:13.692 20411 RALLYDEBUG rally_openstack.cleanup.manager [-] Deleting nova.servers object s_rally_ab87c084_jgSw6fR3_0 (de2e5aee-bdfe-4351-8493-95894f12456e)
2019-12-20 01:58:19.043 20411 INFO rally.task.context [-] Task 43990f66-d7e1-43d6-9a0a-34b04e21a224 | Context servers@openstack cleanup() finished in 7.84 sec
2019-12-20 01:58:19.043 20411 INFO rally.task.context [-] Task 43990f66-d7e1-43d6-9a0a-34b04e21a224 | Context network@openstack cleanup() started
2019-12-20 01:58:42.972 20411 INFO rally.task.context [-] Task 43990f66-d7e1-43d6-9a0a-34b04e21a224 | Context network@openstack cleanup() finished in 23.93 sec
2019-12-20 01:58:42.972 20411 INFO rally.task.context [-] Task 43990f66-d7e1-43d6-9a0a-34b04e21a224 | Context users@openstack cleanup() started
2019-12-20 01:58:47.133 20411 INFO rally.task.context [-] Task 43990f66-d7e1-43d6-9a0a-34b04e21a224 | Context users@openstack cleanup() finished in 4.16 sec
2019-12-20 01:58:48.053 20411 INFO rally.task.engine [-] Load duration is: 2.34222
2019-12-20 01:58:48.054 20411 INFO rally.task.engine [-] Full runner duration is: 2.389899
2019-12-20 01:58:48.054 20411 INFO rally.task.engine [-] Full duration is: 87.641888
2019-12-20 01:58:48.409 20411 INFO rally.task.engine [-] Running workload: position = 0 config = { "version": 2, "title": "A cropped version of a bigger task.", "description": "Auto-generated task from a single workload (uuid=e77560af-b159-4ba0-94bd-eadbdbc467b3)", "subtasks": [ { "title": "NovaServers.resize_server", "description": "Boot a server, then resize and delete it.", "scenario": { "NovaServers.resize_server": { "flavor": { "name": "rally_full-flavor_aa5cb567-149c-4467-982a-9c05bad8048a" }, "image": { "name": "rally_full-img_aa5cb567-149c-4467-982a-9c05bad8048a" }, "to_flavor": { "name": "rally_full-flavor_alt_aa5cb567-149c-4467-982a-9c05bad8048a" }, "confirm": true, "force_delete": false, "nics": [ { "net-id": "ec715f9f-97db-49ca-b75c-c1382ea24986" } ] } }, "contexts": { "users": { "tenants": 3, "users_per_tenant": 2 } }, "runner": { "constant": { "concurrency": 4, "times": 10 } }, "hooks": [], "sla": { "failure_rate": { "max": 0 } } } ] }
2019-12-20 01:58:48.433 20411 RALLYDEBUG rally_openstack.contexts.keystone.users [-] Creating 3 tenants using 20 threads
2019-12-20 01:58:49.574 20411 RALLYDEBUG rally_openstack.contexts.keystone.users [-] Creating 6 users using 20 threads
2019-12-20 01:58:51.150 20411 INFO rally.task.context [-] Task 43990f66-d7e1-43d6-9a0a-34b04e21a224 | Context users@openstack setup() finished in 2.72 sec
2019-12-20 01:58:51.151 20411 INFO rally.task.context [-] Task 43990f66-d7e1-43d6-9a0a-34b04e21a224 | Context cleanup@openstack setup() finished in 0.01 msec
2019-12-20 01:58:52.167 20411 RALLYDEBUG rally.task.runner [-] Starting the constant runner (task UUID: 43990f66-d7e1-43d6-9a0a-34b04e21a224). times: 10 concurrency: 4 timeout: 0 max_cpu_used: 16 processes_to_start: 4 concurrency_per_worker: 1 concurrency_overhead: 0
2019-12-20 01:58:52.179 22235 RALLYDEBUG rally.task.runner [-] Starting a worker. times: 10 duration: None concurrency: 1 timeout: 0 cls: method_name: run args: {"flavor": "8f24f274-2ec7-4ee9-81fe-eb3126b4566a", "image": "836ce450-ad34-4e7f-b690-ce378b347e82", "to_flavor": "8d439fd9-dfa6-422e-b707-ac040dbbd7c6", "confirm": true, "force_delete": false, "nics": [{"net-id": "ec715f9f-97db-49ca-b75c-c1382ea24986"}]}
2019-12-20 01:58:52.183 22236 RALLYDEBUG rally.task.runner [-] Starting a worker. times: 10 duration: None concurrency: 1 timeout: 0 cls: method_name: run args: {"flavor": "8f24f274-2ec7-4ee9-81fe-eb3126b4566a", "image": "836ce450-ad34-4e7f-b690-ce378b347e82", "to_flavor": "8d439fd9-dfa6-422e-b707-ac040dbbd7c6", "confirm": true, "force_delete": false, "nics": [{"net-id": "ec715f9f-97db-49ca-b75c-c1382ea24986"}]}
2019-12-20 01:58:52.186 22235 INFO rally.task.runner [-] Task 43990f66-d7e1-43d6-9a0a-34b04e21a224 | ITER: 1 START
2019-12-20 01:58:52.186 22237 RALLYDEBUG rally.task.runner [-] Starting a worker. times: 10 duration: None concurrency: 1 timeout: 0 cls: method_name: run args: {"flavor": "8f24f274-2ec7-4ee9-81fe-eb3126b4566a", "image": "836ce450-ad34-4e7f-b690-ce378b347e82", "to_flavor": "8d439fd9-dfa6-422e-b707-ac040dbbd7c6", "confirm": true, "force_delete": false, "nics": [{"net-id": "ec715f9f-97db-49ca-b75c-c1382ea24986"}]}
2019-12-20 01:58:52.189 22236 INFO rally.task.runner [-] Task 43990f66-d7e1-43d6-9a0a-34b04e21a224 | ITER: 2 START
2019-12-20 01:58:52.191 22240 RALLYDEBUG rally.task.runner [-] Starting a worker. times: 10 duration: None concurrency: 1 timeout: 0 cls: method_name: run args: {"flavor": "8f24f274-2ec7-4ee9-81fe-eb3126b4566a", "image": "836ce450-ad34-4e7f-b690-ce378b347e82", "to_flavor": "8d439fd9-dfa6-422e-b707-ac040dbbd7c6", "confirm": true, "force_delete": false, "nics": [{"net-id": "ec715f9f-97db-49ca-b75c-c1382ea24986"}]}
2019-12-20 01:58:52.193 22237 INFO rally.task.runner [-] Task 43990f66-d7e1-43d6-9a0a-34b04e21a224 | ITER: 3 START
2019-12-20 01:58:52.197 22240 INFO rally.task.runner [-] Task 43990f66-d7e1-43d6-9a0a-34b04e21a224 | ITER: 4 START
2019-12-20 01:58:59.142 22235 RALLYDEBUG rally.task.utils [-] Waiting for resource s_rally_e77560af_XkpBvENM. Status changed: BUILD => ACTIVE in 4.649374723434448
2019-12-20 01:58:59.231 22240 RALLYDEBUG rally.task.utils [-] Waiting for resource s_rally_e77560af_lBzPGzZR. Status changed: BUILD => ACTIVE in 4.642284870147705
2019-12-20 01:58:59.436 22237 RALLYDEBUG rally.task.utils [-] Waiting for resource s_rally_e77560af_ASi2MBgv. Status changed: BUILD => ACTIVE in 4.584795236587524
2019-12-20 01:59:00.372 22235 RALLYDEBUG rally.task.utils [-] Waiting for resource s_rally_e77560af_XkpBvENM. Status changed: ACTIVE => RESIZE in 0.15107059478759766
2019-12-20 01:59:00.432 22240 RALLYDEBUG rally.task.utils [-] Waiting for resource s_rally_e77560af_lBzPGzZR. Status changed: ACTIVE => RESIZE in 0.1442732810974121
2019-12-20 01:59:00.593 22237 RALLYDEBUG rally.task.utils [-] Waiting for resource s_rally_e77560af_ASi2MBgv. Status changed: ACTIVE => RESIZE in 0.13802313804626465
2019-12-20 01:59:01.967 22236 RALLYDEBUG rally.task.utils [-] Waiting for resource s_rally_e77560af_jddyqhlf. Status changed: BUILD => ACTIVE in 7.016359806060791
2019-12-20 01:59:03.204 22236 RALLYDEBUG rally.task.utils [-] Waiting for resource s_rally_e77560af_jddyqhlf. Status changed: ACTIVE => RESIZE in 0.20013904571533203
2019-12-20 01:59:18.934 22236 RALLYDEBUG rally.task.utils [-] Waiting for resource s_rally_e77560af_jddyqhlf. Status changed: RESIZE => VERIFY_RESIZE in 15.729859590530396
2019-12-20 01:59:19.178 22236 RALLYDEBUG rally.task.utils [-] Waiting for resource s_rally_e77560af_jddyqhlf. Status changed: ACTIVE => VERIFY_RESIZE in 0.16944432258605957
2019-12-20 01:59:21.348 22236 RALLYDEBUG rally.task.utils [-] Waiting for resource s_rally_e77560af_jddyqhlf. Status changed: VERIFY_RESIZE => ACTIVE in 2.1691839694976807
2019-12-20 01:59:21.384 22235 RALLYDEBUG rally.task.utils [-] Waiting for resource s_rally_e77560af_XkpBvENM. Status changed: RESIZE => VERIFY_RESIZE in 21.0116548538208
2019-12-20 01:59:21.972 22235 RALLYDEBUG rally.task.utils [-] Waiting for resource s_rally_e77560af_XkpBvENM. Status changed: ACTIVE => VERIFY_RESIZE in 0.5125560760498047
2019-12-20 01:59:23.753 22236 INFO rally.task.runner [-] Task 43990f66-d7e1-43d6-9a0a-34b04e21a224 | ITER: 2 END: OK
2019-12-20 01:59:23.760 22236 INFO rally.task.runner [-] Task 43990f66-d7e1-43d6-9a0a-34b04e21a224 | ITER: 5 START
2019-12-20 01:59:24.227 22235 RALLYDEBUG rally.task.utils [-] Waiting for resource s_rally_e77560af_XkpBvENM. Status changed: VERIFY_RESIZE => ACTIVE in 2.2545626163482666
2019-12-20 01:59:26.605 22235 INFO rally.task.runner [-] Task 43990f66-d7e1-43d6-9a0a-34b04e21a224 | ITER: 1 END: OK
2019-12-20 01:59:26.611 22235 INFO rally.task.runner [-] Task 43990f66-d7e1-43d6-9a0a-34b04e21a224 | ITER: 6 START
2019-12-20 01:59:31.242 22236 RALLYDEBUG rally.task.utils [-] Waiting for resource s_rally_e77560af_QtmGuhFR. Status changed: BUILD => ACTIVE in 4.770634651184082
2019-12-20 01:59:31.822 22237 RALLYDEBUG rally.task.utils [-] Waiting for resource s_rally_e77560af_ASi2MBgv. Status changed: RESIZE => VERIFY_RESIZE in 31.228321313858032
2019-12-20 01:59:32.027 22237 RALLYDEBUG rally.task.utils [-] Waiting for resource s_rally_e77560af_ASi2MBgv. Status changed: ACTIVE => VERIFY_RESIZE in 0.1436312198638916
2019-12-20 01:59:32.303 22236 RALLYDEBUG rally.task.utils [-] Waiting for resource s_rally_e77560af_QtmGuhFR. Status changed: ACTIVE => RESIZE in 0.19155120849609375
2019-12-20 01:59:34.287 22237 RALLYDEBUG rally.task.utils [-] Waiting for resource s_rally_e77560af_ASi2MBgv. Status changed: VERIFY_RESIZE => ACTIVE in 2.260124921798706
2019-12-20 01:59:35.668 22235 RALLYDEBUG rally.task.utils [-] Waiting for resource s_rally_e77560af_4S6IOyiM. Status changed: BUILD => ACTIVE in 6.738630056381226
2019-12-20 01:59:36.605 22237 INFO rally.task.runner [-] Task 43990f66-d7e1-43d6-9a0a-34b04e21a224 | ITER: 3 END: OK
2019-12-20 01:59:36.613 22237 INFO rally.task.runner [-] Task 43990f66-d7e1-43d6-9a0a-34b04e21a224 | ITER: 7 START
2019-12-20 01:59:36.917 22235 RALLYDEBUG rally.task.utils [-] Waiting for resource s_rally_e77560af_4S6IOyiM. Status changed: ACTIVE => RESIZE in 0.24616265296936035
2019-12-20 01:59:42.116 22240 RALLYDEBUG rally.task.utils [-] Waiting for resource s_rally_e77560af_lBzPGzZR. Status changed: RESIZE => VERIFY_RESIZE in 41.68390393257141
2019-12-20 01:59:42.443 22240 RALLYDEBUG rally.task.utils [-] Waiting for resource s_rally_e77560af_lBzPGzZR. Status changed: ACTIVE => VERIFY_RESIZE in 0.26020312309265137
2019-12-20 01:59:42.660 22236 RALLYDEBUG rally.task.utils [-] Waiting for resource s_rally_e77560af_QtmGuhFR. Status changed: RESIZE => VERIFY_RESIZE in 10.356714725494385
2019-12-20 01:59:42.890 22236 RALLYDEBUG rally.task.utils [-] Waiting for resource s_rally_e77560af_QtmGuhFR. Status changed: ACTIVE => VERIFY_RESIZE in 0.16217851638793945
2019-12-20 01:59:43.486 22237 RALLYDEBUG rally.task.utils [-] Waiting for resource s_rally_e77560af_xVI0o1q4. Status changed: BUILD => ACTIVE in 4.582502841949463
2019-12-20 01:59:44.606 22237 RALLYDEBUG rally.task.utils [-] Waiting for resource s_rally_e77560af_xVI0o1q4. Status changed: ACTIVE => RESIZE in 0.19513630867004395
2019-12-20 01:59:44.651 22240 RALLYDEBUG rally.task.utils [-] Waiting for resource s_rally_e77560af_lBzPGzZR. Status changed: VERIFY_RESIZE => ACTIVE in 2.2088139057159424
2019-12-20 01:59:45.032 22236 RALLYDEBUG rally.task.utils [-] Waiting for resource s_rally_e77560af_QtmGuhFR. Status changed: VERIFY_RESIZE => ACTIVE in 2.1420724391937256
2019-12-20 01:59:46.995 22240 INFO rally.task.runner [-] Task 43990f66-d7e1-43d6-9a0a-34b04e21a224 | ITER: 4 END: OK
2019-12-20 01:59:47.001 22240 INFO rally.task.runner [-] Task 43990f66-d7e1-43d6-9a0a-34b04e21a224 | ITER: 8 START
2019-12-20 01:59:47.287 22235 RALLYDEBUG rally.task.utils [-] Waiting for resource s_rally_e77560af_4S6IOyiM. Status changed: RESIZE => VERIFY_RESIZE in 10.369874954223633
2019-12-20 01:59:47.358 22236 INFO rally.task.runner [-] Task 43990f66-d7e1-43d6-9a0a-34b04e21a224 | ITER: 5 END: OK
2019-12-20 01:59:47.361 22236 INFO rally.task.runner [-] Task 43990f66-d7e1-43d6-9a0a-34b04e21a224 | ITER: 9 START
2019-12-20 01:59:47.518 22235 RALLYDEBUG rally.task.utils [-] Waiting for resource s_rally_e77560af_4S6IOyiM. Status changed: ACTIVE => VERIFY_RESIZE in 0.16338896751403809
2019-12-20 01:59:49.664 22235 RALLYDEBUG rally.task.utils [-] Waiting for resource s_rally_e77560af_4S6IOyiM. Status changed: VERIFY_RESIZE => ACTIVE in 2.145517349243164
2019-12-20 01:59:52.097 22235 INFO rally.task.runner [-] Task 43990f66-d7e1-43d6-9a0a-34b04e21a224 | ITER: 6 END: OK
2019-12-20 01:59:52.100 22235 INFO rally.task.runner [-] Task 43990f66-d7e1-43d6-9a0a-34b04e21a224 | ITER: 10 START
2019-12-20 01:59:53.859 22240 RALLYDEBUG rally.task.utils [-] Waiting for resource s_rally_e77560af_aY6wXjoy. Status changed: BUILD => ACTIVE in 4.456991910934448
2019-12-20 01:59:54.973 22240 RALLYDEBUG rally.task.utils [-] Waiting for resource s_rally_e77560af_aY6wXjoy. Status changed: ACTIVE => RESIZE in 0.18662428855895996
2019-12-20 01:59:56.326 22236 RALLYDEBUG rally.task.utils [-] Waiting for resource s_rally_e77560af_v236aZgv. Status changed: BUILD => ACTIVE in 6.789236068725586
2019-12-20 01:59:57.428 22236 RALLYDEBUG rally.task.utils [-] Waiting for resource s_rally_e77560af_v236aZgv. Status changed: ACTIVE => RESIZE in 0.16741490364074707
2019-12-20 01:59:59.295 22235 RALLYDEBUG rally.task.utils [-] Waiting for resource s_rally_e77560af_y4M6QOGa. Status changed: BUILD => ACTIVE in 4.889336347579956
2019-12-20 02:00:00.347 22235 RALLYDEBUG rally.task.utils [-] Waiting for resource s_rally_e77560af_y4M6QOGa. Status changed: ACTIVE => RESIZE in 0.1525564193725586
2019-12-20 02:00:08.057 22236 RALLYDEBUG rally.task.utils [-] Waiting for resource s_rally_e77560af_v236aZgv. Status changed: RESIZE => VERIFY_RESIZE in 10.629134893417358
2019-12-20 02:00:08.297 22236 RALLYDEBUG rally.task.utils [-] Waiting for resource s_rally_e77560af_v236aZgv. Status changed: ACTIVE => VERIFY_RESIZE in 0.1650853157043457
2019-12-20 02:00:10.564 22236 RALLYDEBUG rally.task.utils [-] Waiting for resource s_rally_e77560af_v236aZgv. Status changed: VERIFY_RESIZE => ACTIVE in 2.2667298316955566
2019-12-20 02:00:12.896 22236 INFO rally.task.runner [-] Task 43990f66-d7e1-43d6-9a0a-34b04e21a224 | ITER: 9 END: OK
2019-12-20 02:00:15.761 22240 RALLYDEBUG rally.task.utils [-] Waiting for resource s_rally_e77560af_aY6wXjoy. Status changed: RESIZE => VERIFY_RESIZE in 20.788265228271484
2019-12-20 02:00:15.974 22240 RALLYDEBUG rally.task.utils [-] Waiting for resource s_rally_e77560af_aY6wXjoy. Status changed: ACTIVE => VERIFY_RESIZE in 0.1441974639892578
2019-12-20 02:00:18.137 22240 RALLYDEBUG rally.task.utils [-] Waiting for resource s_rally_e77560af_aY6wXjoy. Status changed: VERIFY_RESIZE => ACTIVE in 2.1627914905548096
2019-12-20 02:00:20.429 22240 INFO rally.task.runner [-] Task 43990f66-d7e1-43d6-9a0a-34b04e21a224 | ITER: 8 END: OK
2019-12-20 02:00:21.353 22235 RALLYDEBUG rally.task.utils [-] Waiting for resource s_rally_e77560af_y4M6QOGa. Status changed: RESIZE => VERIFY_RESIZE in 21.005999088287354
2019-12-20 02:00:21.635 22235 RALLYDEBUG rally.task.utils [-] Waiting for resource s_rally_e77560af_y4M6QOGa. Status changed: ACTIVE => VERIFY_RESIZE in 0.17342758178710938
2019-12-20 02:00:23.830 22235 RALLYDEBUG rally.task.utils [-] Waiting for resource s_rally_e77560af_y4M6QOGa. Status changed: VERIFY_RESIZE => ACTIVE in 2.195380926132202
2019-12-20 02:00:26.254 22235 INFO rally.task.runner [-] Task 43990f66-d7e1-43d6-9a0a-34b04e21a224 | ITER: 10 END: OK
2019-12-20 02:00:26.462 22237 RALLYDEBUG rally.task.utils [-] Waiting for resource s_rally_e77560af_xVI0o1q4. Status changed: RESIZE => VERIFY_RESIZE in 41.85586738586426
2019-12-20 02:00:26.948 22237 RALLYDEBUG rally.task.utils [-] Waiting for resource s_rally_e77560af_xVI0o1q4. Status changed: ACTIVE => VERIFY_RESIZE in 0.40961194038391113
2019-12-20 02:00:29.145 22237 RALLYDEBUG rally.task.utils [-] Waiting for resource s_rally_e77560af_xVI0o1q4. Status changed: VERIFY_RESIZE => ACTIVE in 2.19773006439209
2019-12-20 02:00:31.544 22237 INFO rally.task.runner [-] Task 43990f66-d7e1-43d6-9a0a-34b04e21a224 | ITER: 7 END: OK
2019-12-20 02:00:31.569 20411 INFO rally.task.context [-] Task 43990f66-d7e1-43d6-9a0a-34b04e21a224 | Context cleanup@openstack cleanup() started
2019-12-20 02:00:31.572 20411 RALLYDEBUG rally_openstack.cleanup.manager [-] Cleaning up nova servers objects
2019-12-20 02:00:33.055 20411 RALLYDEBUG rally_openstack.cleanup.manager [-] Cleaning up nova server_groups objects
2019-12-20 02:00:34.216 20411 RALLYDEBUG rally_openstack.cleanup.manager [-] Cleaning up nova keypairs objects
2019-12-20 02:00:36.568 20411 INFO rally.task.context [-] Task 43990f66-d7e1-43d6-9a0a-34b04e21a224 | Context cleanup@openstack cleanup() finished in 5.00 sec
2019-12-20 02:00:36.568 20411 INFO rally.task.context [-] Task 43990f66-d7e1-43d6-9a0a-34b04e21a224 | Context users@openstack cleanup() started
2019-12-20 02:00:40.760 20411 INFO rally.task.context [-] Task 43990f66-d7e1-43d6-9a0a-34b04e21a224 | Context users@openstack cleanup() finished in 4.19 sec
2019-12-20 02:00:40.973 20411 INFO rally.task.engine [-] Load duration is: 98.356994
2019-12-20 02:00:40.973 20411 INFO rally.task.engine [-] Full runner duration is: 99.401791
2019-12-20 02:00:40.974 20411 INFO rally.task.engine [-] Full duration is: 112.328756
2019-12-20 02:00:41.288 20411 INFO rally.task.engine [-] Running workload: position = 0 config = { "version": 2, "title": "A cropped version of a bigger task.", "description": "Auto-generated task from a single workload (uuid=1c989d7f-b5a6-41f0-b0b4-5566f6c70ab6)", "subtasks": [ { "title": "NovaServers.boot_and_live_migrate_server", "description": "Live Migrate a server.", "scenario": { "NovaServers.boot_and_live_migrate_server": { "flavor": { "name": "rally_full-flavor_aa5cb567-149c-4467-982a-9c05bad8048a" }, "image": { "name": "rally_full-img_aa5cb567-149c-4467-982a-9c05bad8048a" }, "block_migration": false, "nics": [ { "net-id": "ec715f9f-97db-49ca-b75c-c1382ea24986" } ] } }, "contexts": { "users": { "tenants": 3, "users_per_tenant": 2 } }, "runner": { "constant": { "concurrency": 4, "times": 10 } }, "hooks": [], "sla": { "failure_rate": { "max": 0 } } } ] }
2019-12-20 02:00:41.311 20411 RALLYDEBUG rally_openstack.contexts.keystone.users [-] Creating 3 tenants using 20 threads
2019-12-20 02:00:42.473 20411 RALLYDEBUG rally_openstack.contexts.keystone.users [-] Creating 6 users using 20 threads
2019-12-20 02:00:43.988 20411 INFO rally.task.context [-] Task 43990f66-d7e1-43d6-9a0a-34b04e21a224 | Context users@openstack setup() finished in 2.68 sec
2019-12-20 02:00:43.989 20411 INFO rally.task.context [-] Task 43990f66-d7e1-43d6-9a0a-34b04e21a224 | Context cleanup@openstack setup() finished in 0.01 msec
2019-12-20 02:00:45.035 20411 RALLYDEBUG rally.task.runner [-] Starting the constant runner (task UUID: 43990f66-d7e1-43d6-9a0a-34b04e21a224). times: 10 concurrency: 4 timeout: 0 max_cpu_used: 16 processes_to_start: 4 concurrency_per_worker: 1 concurrency_overhead: 0
2019-12-20 02:00:45.047 22399 RALLYDEBUG rally.task.runner [-] Starting a worker. times: 10 duration: None concurrency: 1 timeout: 0 cls: method_name: run args: {"flavor": "8f24f274-2ec7-4ee9-81fe-eb3126b4566a", "image": "836ce450-ad34-4e7f-b690-ce378b347e82", "block_migration": false, "nics": [{"net-id": "ec715f9f-97db-49ca-b75c-c1382ea24986"}]}
2019-12-20 02:00:45.051 22400 RALLYDEBUG rally.task.runner [-] Starting a worker. times: 10 duration: None concurrency: 1 timeout: 0 cls: method_name: run args: {"flavor": "8f24f274-2ec7-4ee9-81fe-eb3126b4566a", "image": "836ce450-ad34-4e7f-b690-ce378b347e82", "block_migration": false, "nics": [{"net-id": "ec715f9f-97db-49ca-b75c-c1382ea24986"}]}
2019-12-20 02:00:45.054 22399 INFO rally.task.runner [-] Task 43990f66-d7e1-43d6-9a0a-34b04e21a224 | ITER: 1 START
2019-12-20 02:00:45.055 22401 RALLYDEBUG rally.task.runner [-] Starting a worker. times: 10 duration: None concurrency: 1 timeout: 0 cls: method_name: run args: {"flavor": "8f24f274-2ec7-4ee9-81fe-eb3126b4566a", "image": "836ce450-ad34-4e7f-b690-ce378b347e82", "block_migration": false, "nics": [{"net-id": "ec715f9f-97db-49ca-b75c-c1382ea24986"}]}
2019-12-20 02:00:45.058 22400 INFO rally.task.runner [-] Task 43990f66-d7e1-43d6-9a0a-34b04e21a224 | ITER: 2 START
2019-12-20 02:00:45.059 22404 RALLYDEBUG rally.task.runner [-] Starting a worker. times: 10 duration: None concurrency: 1 timeout: 0 cls: method_name: run args: {"flavor": "8f24f274-2ec7-4ee9-81fe-eb3126b4566a", "image": "836ce450-ad34-4e7f-b690-ce378b347e82", "block_migration": false, "nics": [{"net-id": "ec715f9f-97db-49ca-b75c-c1382ea24986"}]}
2019-12-20 02:00:45.061 22401 INFO rally.task.runner [-] Task 43990f66-d7e1-43d6-9a0a-34b04e21a224 | ITER: 3 START
2019-12-20 02:00:45.065 22404 INFO rally.task.runner [-] Task 43990f66-d7e1-43d6-9a0a-34b04e21a224 | ITER: 4 START
2019-12-20 02:00:52.129 22401 RALLYDEBUG rally.task.utils [-] Waiting for resource s_rally_1c989d7f_VdTmDOdO. Status changed: BUILD => ACTIVE in 4.571587562561035
2019-12-20 02:00:52.286 22399 RALLYDEBUG rally.task.utils [-] Waiting for resource s_rally_1c989d7f_MPDkki2D. Status changed: BUILD => ACTIVE in 4.548959016799927
2019-12-20 02:00:52.660 22404 RALLYDEBUG rally.task.utils [-] Waiting for resource s_rally_1c989d7f_G053zCdG. Status changed: BUILD => ACTIVE in 5.054826498031616
2019-12-20 02:00:54.432 22400 RALLYDEBUG rally.task.utils [-] Waiting for resource s_rally_1c989d7f_7Bl103ZP. Status changed: BUILD => ACTIVE in 6.8865368366241455
2019-12-20 02:00:55.151 22399 RALLYDEBUG rally.task.utils [-] Waiting for resource s_rally_1c989d7f_MPDkki2D. Status changed: ACTIVE => MIGRATING in 0.23048043251037598
2019-12-20 02:00:55.593 22401 RALLYDEBUG rally.task.utils [-] Waiting for resource s_rally_1c989d7f_VdTmDOdO. Status changed: ACTIVE => MIGRATING in 0.48548364639282227
2019-12-20 02:00:55.810 22404 RALLYDEBUG rally.task.utils [-] Waiting for resource s_rally_1c989d7f_G053zCdG. Status changed: ACTIVE => MIGRATING in 0.42406392097473145
2019-12-20 02:00:57.209 22400 RALLYDEBUG rally.task.utils [-] Waiting for resource s_rally_1c989d7f_7Bl103ZP. Status changed: ACTIVE => MIGRATING in 0.20273137092590332
2019-12-20 02:00:59.453 22399 RALLYDEBUG rally.task.utils [-] Waiting for resource s_rally_1c989d7f_MPDkki2D. Status changed: MIGRATING => ACTIVE in 4.301340341567993
2019-12-20 02:01:02.093 22399 INFO rally.task.runner [-] Task 43990f66-d7e1-43d6-9a0a-34b04e21a224 | ITER: 1 END: OK
2019-12-20 02:01:02.099 22399 INFO rally.task.runner [-] Task 43990f66-d7e1-43d6-9a0a-34b04e21a224 | ITER: 5 START
2019-12-20 02:01:02.200 22401 RALLYDEBUG rally.task.utils [-] Waiting for resource s_rally_1c989d7f_VdTmDOdO. Status changed: MIGRATING => ACTIVE in 6.6077351570129395
2019-12-20 02:01:04.801 22401 INFO rally.task.runner [-] Task 43990f66-d7e1-43d6-9a0a-34b04e21a224 | ITER: 3 END: OK
2019-12-20 02:01:04.810 22401 INFO rally.task.runner [-] Task 43990f66-d7e1-43d6-9a0a-34b04e21a224 | ITER: 6 START
