2019-12-20 01:29:35.404 19124 INFO rally.task.runner [-] Task 3acac26d-d59f-4247-8a29-57c0db0b4acf | ITER: 2 END: OK
2019-12-20 01:29:35.408 19124 INFO rally.task.runner [-] Task 3acac26d-d59f-4247-8a29-57c0db0b4acf | ITER: 7 START
2019-12-20 01:29:36.373 19127 INFO rally.task.runner [-] Task 3acac26d-d59f-4247-8a29-57c0db0b4acf | ITER: 4 END: OK
2019-12-20 01:29:36.377 19127 INFO rally.task.runner [-] Task 3acac26d-d59f-4247-8a29-57c0db0b4acf | ITER: 8 START
2019-12-20 01:29:38.952 19125 INFO rally.task.runner [-] Task 3acac26d-d59f-4247-8a29-57c0db0b4acf | ITER: 5 END: OK
2019-12-20 01:29:38.955 19125 INFO rally.task.runner [-] Task 3acac26d-d59f-4247-8a29-57c0db0b4acf | ITER: 9 START
2019-12-20 01:29:39.058 19124 INFO rally.task.runner [-] Task 3acac26d-d59f-4247-8a29-57c0db0b4acf | ITER: 7 END: OK
2019-12-20 01:29:39.061 19124 INFO rally.task.runner [-] Task 3acac26d-d59f-4247-8a29-57c0db0b4acf | ITER: 10 START
2019-12-20 01:29:39.572 19123 INFO rally.task.runner [-] Task 3acac26d-d59f-4247-8a29-57c0db0b4acf | ITER: 6 END: OK
2019-12-20 01:29:41.886 19127 INFO rally.task.runner [-] Task 3acac26d-d59f-4247-8a29-57c0db0b4acf | ITER: 8 END: OK
2019-12-20 01:29:43.050 19124 INFO rally.task.runner [-] Task 3acac26d-d59f-4247-8a29-57c0db0b4acf | ITER: 10 END: OK
2019-12-20 01:29:43.681 19125 INFO rally.task.runner [-] Task 3acac26d-d59f-4247-8a29-57c0db0b4acf | ITER: 9 END: OK
2019-12-20 01:29:43.705 13785 INFO rally.task.context [-] Task 3acac26d-d59f-4247-8a29-57c0db0b4acf | Context cleanup@openstack cleanup() started
2019-12-20 01:29:43.709 13785 RALLYDEBUG rally_openstack.cleanup.manager [-] Cleaning up neutron vip objects
2019-12-20 01:29:44.991 13785 RALLYDEBUG rally_openstack.cleanup.manager [-] Cleaning up neutron health_monitor objects
2019-12-20 01:29:46.116 13785 RALLYDEBUG rally_openstack.cleanup.manager [-] Cleaning up neutron pool objects
2019-12-20 01:29:47.254 13785 RALLYDEBUG rally_openstack.cleanup.manager [-] Cleaning up neutron loadbalancer objects
2019-12-20 01:29:48.388 13785 RALLYDEBUG rally_openstack.cleanup.manager [-] Cleaning up neutron floatingip objects
2019-12-20 01:29:49.641 13785 RALLYDEBUG rally_openstack.cleanup.manager [-] Cleaning up neutron trunk objects
2019-12-20 01:29:50.836 13785 RALLYDEBUG rally_openstack.cleanup.manager [-] Cleaning up neutron port objects
2019-12-20 01:29:52.129 13785 RALLYDEBUG rally_openstack.cleanup.manager [-] Cleaning up neutron subnet objects
2019-12-20 01:29:53.339 13785 RALLYDEBUG rally_openstack.cleanup.manager [-] Cleaning up neutron network objects
2019-12-20 01:29:54.646 13785 RALLYDEBUG rally_openstack.cleanup.manager [-] Deleting neutron.network object s_rally_599adbb9_HPms1W8m (3462e3ab-8214-4a6f-b034-675a3bd7d459)
2019-12-20 01:29:54.655 13785 RALLYDEBUG rally_openstack.cleanup.manager [-] Deleting neutron.network object s_rally_599adbb9_00hAh0bF (7c6c9997-84cd-450b-9ddc-719310acc449)
2019-12-20 01:29:54.664 13785 RALLYDEBUG rally_openstack.cleanup.manager [-] Deleting neutron.network object s_rally_599adbb9_BRd6lxAa (d3a42b76-1467-4c1e-8156-adff3c0061de)
2019-12-20 01:29:54.674 13785 RALLYDEBUG rally_openstack.cleanup.manager [-] Deleting neutron.network object s_rally_599adbb9_X1sCX4Uf (dc3cea1a-4d6e-4f67-a6a8-26db4ab68be7)
2019-12-20 01:29:54.679 13785 RALLYDEBUG rally_openstack.cleanup.manager [-] Deleting neutron.network object s_rally_599adbb9_8JGkHSIY (fbc97108-f59f-4fbc-b2d7-e995698d5457)
2019-12-20 01:29:54.691 13785 RALLYDEBUG rally_openstack.cleanup.manager [-] Deleting neutron.network object s_rally_599adbb9_zjleIxXc (5711ea0b-5a47-434e-8640-7b1cabb50a67)
2019-12-20 01:29:54.701 13785 RALLYDEBUG rally_openstack.cleanup.manager [-] Deleting neutron.network object s_rally_599adbb9_PLczSFkk (b28994de-e1b1-47ae-befc-21ccdaa2b79a)
2019-12-20 01:29:54.709 13785 RALLYDEBUG rally_openstack.cleanup.manager [-] Deleting neutron.network object s_rally_599adbb9_gKHaGCHI (b9233cd6-eabd-4c44-bf66-1413f58be311)
2019-12-20 01:29:54.734 13785 RALLYDEBUG rally_openstack.cleanup.manager [-] Deleting neutron.network object s_rally_599adbb9_rYCdTFyi (c29215f6-5b20-4b5b-b9bd-86b13d80ee25)
2019-12-20 01:29:54.739 13785 RALLYDEBUG rally_openstack.cleanup.manager [-] Deleting neutron.network object s_rally_599adbb9_Qh8qUY5o (c6803d1a-0aff-4998-9328-595fe5f6c37c)
2019-12-20 01:29:57.862 13785 RALLYDEBUG rally_openstack.cleanup.manager [-] Cleaning up neutron router objects
2019-12-20 01:29:59.216 13785 RALLYDEBUG rally_openstack.cleanup.manager [-] Deleting neutron.router object s_rally_599adbb9_wqXxJ8kj (5f46851e-d457-481d-8e11-2228d2ad09f1)
2019-12-20 01:29:59.225 13785 RALLYDEBUG rally_openstack.cleanup.manager [-] Deleting neutron.router object s_rally_599adbb9_vsAf4rGK (816a3516-08af-4538-a4f0-a8f29232abd3)
2019-12-20 01:29:59.235 13785 RALLYDEBUG rally_openstack.cleanup.manager [-] Deleting neutron.router object s_rally_599adbb9_8DpbzDBJ (86f9be9d-3864-4dd7-b596-5daca49c6f5c)
2019-12-20 01:29:59.240 13785 RALLYDEBUG rally_openstack.cleanup.manager [-] Deleting neutron.router object s_rally_599adbb9_NL1HCf2F (c0045676-3fdd-4a5c-b233-f11e9d70f4da)
2019-12-20 01:29:59.260 13785 RALLYDEBUG rally_openstack.cleanup.manager [-] Deleting neutron.router object s_rally_599adbb9_6Dvvt4Q0 (d9b4a146-bfda-4601-af45-ae1f00a677ba)
2019-12-20 01:29:59.273 13785 RALLYDEBUG rally_openstack.cleanup.manager [-] Deleting neutron.router object s_rally_599adbb9_hRcjFu9R (137dd965-3399-4d4c-aa27-0b6e98cdb737)
2019-12-20 01:29:59.293 13785 RALLYDEBUG rally_openstack.cleanup.manager [-] Deleting neutron.router object s_rally_599adbb9_iH3dDBup (57f23ef3-1ccb-43bc-9793-58d569eced93)
2019-12-20 01:29:59.303 13785 RALLYDEBUG rally_openstack.cleanup.manager [-] Deleting neutron.router object s_rally_599adbb9_OWF4UVAT (779d1a05-626a-4d5a-95db-3163ad77f489)
2019-12-20 01:29:59.316 13785 RALLYDEBUG rally_openstack.cleanup.manager [-] Deleting neutron.router object s_rally_599adbb9_7wimeI0O (d7e84ae8-2d19-4fc1-acf3-ac2a63e77f95)
2019-12-20 01:29:59.328 13785 RALLYDEBUG rally_openstack.cleanup.manager [-] Deleting neutron.router object s_rally_599adbb9_YlyDrXK6 (f9f32057-e7ea-46a9-af02-7e1af3f90923)
2019-12-20 01:30:01.463 13785 RALLYDEBUG rally_openstack.cleanup.manager [-] Cleaning up neutron security_group objects
2019-12-20 01:30:02.813 13785 INFO rally.task.context [-] Task 3acac26d-d59f-4247-8a29-57c0db0b4acf | Context cleanup@openstack cleanup() finished in 19.11 sec
2019-12-20 01:30:02.813 13785 INFO rally.task.context [-] Task 3acac26d-d59f-4247-8a29-57c0db0b4acf | Context roles@openstack cleanup() started
2019-12-20 01:30:02.813 13785 RALLYDEBUG rally_openstack.contexts.keystone.roles [-] Removing assigned role 9a2d903877644d4f9ff5182e6bd3ccdf from all users
2019-12-20 01:30:03.733 13785 INFO rally.task.context [-] Task 3acac26d-d59f-4247-8a29-57c0db0b4acf | Context roles@openstack cleanup() finished in 0.92 sec
2019-12-20 01:30:03.733 13785 INFO rally.task.context [-] Task 3acac26d-d59f-4247-8a29-57c0db0b4acf | Context quotas@openstack cleanup() started
2019-12-20 01:30:04.108 13785 INFO rally.task.context [-] Task 3acac26d-d59f-4247-8a29-57c0db0b4acf | Context quotas@openstack cleanup() finished in 0.38 sec
2019-12-20 01:30:04.109 13785 INFO rally.task.context [-] Task 3acac26d-d59f-4247-8a29-57c0db0b4acf | Context users@openstack cleanup() started
2019-12-20 01:30:08.604 13785 INFO rally.task.context [-] Task 3acac26d-d59f-4247-8a29-57c0db0b4acf | Context users@openstack cleanup() finished in 4.49 sec
2019-12-20 01:30:09.740 13785 INFO rally.task.engine [-] Load duration is: 12.753205
2019-12-20 01:30:09.740 13785 INFO rally.task.engine [-] Full runner duration is: 12.79817
2019-12-20 01:30:09.741 13785 INFO rally.task.engine [-] Full duration is: 47.109739
2019-12-20 01:30:10.040 13785 INFO rally.task.engine [-] Running workload: position = 0 config = { "version": 2, "title": "A cropped version of a bigger task.", "description": "Auto-generated task from a single workload (uuid=74a9e356-9b61-4219-8472-d271765277af)", "subtasks": [ { "title": "NeutronNetworks.create_and_show_ports", "description": "Create a given number of ports and show created ports in trun.", "scenario": { "NeutronNetworks.create_and_show_ports": { "ports_per_network": 2 } }, "contexts": { "users": { "tenants": 3, "users_per_tenant": 2 }, "network": { "router": {} }, "quotas": { "neutron": { "network": -1, "router": -1 } } }, "runner": { "constant": { "concurrency": 4, "times": 10 } }, "hooks": [], "sla": { "failure_rate": { "max": 0 } } } ] }
2019-12-20 01:30:10.066 13785 RALLYDEBUG rally_openstack.contexts.keystone.users [-] Creating 3 tenants using 20 threads
2019-12-20 01:30:11.102 13785 RALLYDEBUG rally_openstack.contexts.keystone.users [-] Creating 6 users using 20 threads
2019-12-20 01:30:12.676 13785 INFO rally.task.context [-] Task 3acac26d-d59f-4247-8a29-57c0db0b4acf | Context users@openstack setup() finished in 2.61 sec
2019-12-20 01:30:13.610 13785 INFO rally.task.context [-] Task 3acac26d-d59f-4247-8a29-57c0db0b4acf | Context quotas@openstack setup() finished in 0.93 sec
2019-12-20 01:30:14.243 13785 RALLYDEBUG rally_openstack.wrappers.network [-] CIDR generated: 10.2.72.0/24
2019-12-20 01:30:15.162 13785 RALLYDEBUG rally_openstack.wrappers.network [-] CIDR generated: 10.2.73.0/24
2019-12-20 01:30:15.993 13785 RALLYDEBUG rally_openstack.wrappers.network [-] CIDR generated: 10.2.74.0/24
2019-12-20 01:30:16.448 13785 INFO rally.task.context [-] Task 3acac26d-d59f-4247-8a29-57c0db0b4acf | Context network@openstack setup() finished in 2.84 sec
2019-12-20 01:30:16.448 13785 INFO rally.task.context [-] Task 3acac26d-d59f-4247-8a29-57c0db0b4acf | Context cleanup@openstack setup() finished in 0.01 msec
2019-12-20 01:30:16.458 13785 RALLYDEBUG rally.task.runner [-] Starting the constant runner (task UUID: 3acac26d-d59f-4247-8a29-57c0db0b4acf). times: 10 concurrency: 4 timeout: 0 max_cpu_used: 16 processes_to_start: 4 concurrency_per_worker: 1 concurrency_overhead: 0
2019-12-20 01:30:16.470 19477 RALLYDEBUG rally.task.runner [-] Starting a worker. times: 10 duration: None concurrency: 1 timeout: 0 cls: method_name: run args: {"ports_per_network": 2}
2019-12-20 01:30:16.473 19478 RALLYDEBUG rally.task.runner [-] Starting a worker. times: 10 duration: None concurrency: 1 timeout: 0 cls: method_name: run args: {"ports_per_network": 2}
2019-12-20 01:30:16.477 19477 INFO rally.task.runner [-] Task 3acac26d-d59f-4247-8a29-57c0db0b4acf | ITER: 1 START
2019-12-20 01:30:16.477 19479 RALLYDEBUG rally.task.runner [-] Starting a worker. times: 10 duration: None concurrency: 1 timeout: 0 cls: method_name: run args: {"ports_per_network": 2}
2019-12-20 01:30:16.480 19478 INFO rally.task.runner [-] Task 3acac26d-d59f-4247-8a29-57c0db0b4acf | ITER: 2 START
2019-12-20 01:30:16.480 19480 RALLYDEBUG rally.task.runner [-] Starting a worker. times: 10 duration: None concurrency: 1 timeout: 0 cls: method_name: run args: {"ports_per_network": 2}
2019-12-20 01:30:16.483 19479 INFO rally.task.runner [-] Task 3acac26d-d59f-4247-8a29-57c0db0b4acf | ITER: 3 START
2019-12-20 01:30:16.487 19480 INFO rally.task.runner [-] Task 3acac26d-d59f-4247-8a29-57c0db0b4acf | ITER: 4 START
2019-12-20 01:30:18.146 19477 INFO rally.task.runner [-] Task 3acac26d-d59f-4247-8a29-57c0db0b4acf | ITER: 1 END: OK
2019-12-20 01:30:18.150 19477 INFO rally.task.runner [-] Task 3acac26d-d59f-4247-8a29-57c0db0b4acf | ITER: 5 START
2019-12-20 01:30:18.281 19478 INFO rally.task.runner [-] Task 3acac26d-d59f-4247-8a29-57c0db0b4acf | ITER: 2 END: OK
2019-12-20 01:30:18.286 19478 INFO rally.task.runner [-] Task 3acac26d-d59f-4247-8a29-57c0db0b4acf | ITER: 6 START
2019-12-20 01:30:18.979 19479 INFO rally.task.runner [-] Task 3acac26d-d59f-4247-8a29-57c0db0b4acf | ITER: 3 END: OK
2019-12-20 01:30:18.984 19479 INFO rally.task.runner [-] Task 3acac26d-d59f-4247-8a29-57c0db0b4acf | ITER: 7 START
2019-12-20 01:30:19.080 19480 INFO rally.task.runner [-] Task 3acac26d-d59f-4247-8a29-57c0db0b4acf | ITER: 4 END: OK
2019-12-20 01:30:19.085 19480 INFO rally.task.runner [-] Task 3acac26d-d59f-4247-8a29-57c0db0b4acf | ITER: 8 START
2019-12-20 01:30:20.011 19477 INFO rally.task.runner [-] Task 3acac26d-d59f-4247-8a29-57c0db0b4acf | ITER: 5 END: OK
2019-12-20 01:30:20.016 19477 INFO rally.task.runner [-] Task 3acac26d-d59f-4247-8a29-57c0db0b4acf | ITER: 9 START
2019-12-20 01:30:20.605 19478 INFO rally.task.runner [-] Task 3acac26d-d59f-4247-8a29-57c0db0b4acf | ITER: 6 END: OK
2019-12-20 01:30:20.609 19478 INFO rally.task.runner [-] Task 3acac26d-d59f-4247-8a29-57c0db0b4acf | ITER: 10 START
2019-12-20 01:30:20.937 19479 INFO rally.task.runner [-] Task 3acac26d-d59f-4247-8a29-57c0db0b4acf | ITER: 7 END: OK
2019-12-20 01:30:21.087 19480 INFO rally.task.runner [-] Task 3acac26d-d59f-4247-8a29-57c0db0b4acf | ITER: 8 END: OK
2019-12-20 01:30:21.737 19477 INFO rally.task.runner [-] Task 3acac26d-d59f-4247-8a29-57c0db0b4acf | ITER: 9 END: OK
2019-12-20 01:30:22.802 19478 INFO rally.task.runner [-] Task 3acac26d-d59f-4247-8a29-57c0db0b4acf | ITER: 10 END: OK
2019-12-20 01:30:22.831 13785 INFO rally.task.context [-] Task 3acac26d-d59f-4247-8a29-57c0db0b4acf | Context cleanup@openstack cleanup() started
2019-12-20 01:30:22.835 13785 RALLYDEBUG rally_openstack.cleanup.manager [-] Cleaning up neutron vip objects
2019-12-20 01:30:24.062 13785 RALLYDEBUG rally_openstack.cleanup.manager [-] Cleaning up neutron health_monitor objects
2019-12-20 01:30:25.196 13785 RALLYDEBUG rally_openstack.cleanup.manager [-] Cleaning up neutron pool objects
2019-12-20 01:30:26.348 13785 RALLYDEBUG rally_openstack.cleanup.manager [-] Cleaning up neutron loadbalancer objects
2019-12-20 01:30:27.484 13785 RALLYDEBUG rally_openstack.cleanup.manager [-] Cleaning up neutron floatingip objects
2019-12-20 01:30:28.705 13785 RALLYDEBUG rally_openstack.cleanup.manager [-] Cleaning up neutron trunk objects
2019-12-20 01:30:29.873 13785 RALLYDEBUG rally_openstack.cleanup.manager [-] Cleaning up neutron port objects
2019-12-20 01:30:31.278 13785 RALLYDEBUG rally_openstack.cleanup.manager [-] Deleting neutron.port object s_rally_74a9e356_vvGfNS6M (038f9838-6128-4321-8c42-8619bb3f2e0a)
2019-12-20 01:30:31.287 13785 RALLYDEBUG rally_openstack.cleanup.manager [-] Deleting neutron.port object s_rally_74a9e356_RK9xRwTo (1539706f-3d00-4dae-ae8f-a62f125319c6)
2019-12-20 01:30:31.296 13785 RALLYDEBUG rally_openstack.cleanup.manager [-] Deleting neutron.port object s_rally_74a9e356_CIrLknJc (27ebffe1-6c8b-4155-ba26-3f6ebd1b9693)
2019-12-20 01:30:31.308 13785 RALLYDEBUG rally_openstack.cleanup.manager [-] Deleting neutron.port object s_rally_74a9e356_FKO8NJg2 (5f95a94d-3102-454f-92ad-c011232d6f20)
2019-12-20 01:30:31.311 13785 RALLYDEBUG rally_openstack.cleanup.manager [-] Deleting neutron.port object s_rally_74a9e356_wIrHuHto (6bc7c26c-6ea8-4bfc-9616-afdbb65cca8d)
2019-12-20 01:30:31.319 13785 RALLYDEBUG rally_openstack.cleanup.manager [-] Deleting neutron.port object s_rally_74a9e356_QDGRhJTm (6d03dcbc-60e5-4f81-b26a-da086ce6cd19)
2019-12-20 01:30:31.328 13785 RALLYDEBUG rally_openstack.cleanup.manager [-] Deleting neutron.port object s_rally_74a9e356_7dAYoyU9 (8eb56d8f-904e-4a28-8790-510b7e283966)
2019-12-20 01:30:31.344 13785 RALLYDEBUG rally_openstack.cleanup.manager [-] Deleting neutron.port object s_rally_74a9e356_SNVjkMO1 (918a171a-7343-4e8b-a902-1d8d6abf515e)
2019-12-20 01:30:31.351 13785 RALLYDEBUG rally_openstack.cleanup.manager [-] Deleting neutron.port object s_rally_74a9e356_I685ZyC1 (99a8c26c-9d54-4bfc-8c56-69f4e492424a)
2019-12-20 01:30:31.358 13785 RALLYDEBUG rally_openstack.cleanup.manager [-] Deleting neutron.port object s_rally_74a9e356_xC2DPKSV (ab7a4249-86e7-40cc-b57a-ea13515e027c)
2019-12-20 01:30:31.376 13785 RALLYDEBUG rally_openstack.cleanup.manager [-] Deleting neutron.port object s_rally_74a9e356_OGKRgKSU (c3eaaaaf-1827-44b4-9f5d-ad11eb2962bc)
2019-12-20 01:30:31.384 13785 RALLYDEBUG rally_openstack.cleanup.manager [-] Deleting neutron.port object s_rally_74a9e356_y0kjhyRY (f3d1c424-7a26-4a0b-89c6-7cf1b56c4fc5)
2019-12-20 01:30:31.389 13785 RALLYDEBUG rally_openstack.cleanup.manager [-] Deleting neutron.port object s_rally_74a9e356_Y1U4CJ8t (16532cb7-1234-4f73-9b79-6ba6746fdee2)
2019-12-20 01:30:31.397 13785 RALLYDEBUG rally_openstack.cleanup.manager [-] Deleting neutron.port object s_rally_74a9e356_FwD5JAE8 (23669334-3823-4462-b739-ceabf73746eb)
2019-12-20 01:30:31.442 13785 RALLYDEBUG rally_openstack.cleanup.manager [-] Deleting neutron.port object s_rally_74a9e356_qTjMVMsL (af3f970f-3ada-4496-addc-a3c469266fba)
2019-12-20 01:30:31.429 13785 RALLYDEBUG rally_openstack.cleanup.manager [-] Deleting neutron.port object s_rally_74a9e356_fOsVU5Ud (aa7ca994-f43c-4232-8b64-5434fb35e737)
2019-12-20 01:30:31.445 13785 RALLYDEBUG rally_openstack.cleanup.manager [-] Deleting neutron.port object s_rally_74a9e356_XxCaBTzq (b43d420a-5783-421d-9e86-035d3ca157e2)
2019-12-20 01:30:31.458 13785 RALLYDEBUG rally_openstack.cleanup.manager [-] Deleting neutron.port object s_rally_74a9e356_UeCdEGVt (d78daa01-68d4-4ee2-b5e1-e8bc7c677fd3)
2019-12-20 01:30:31.467 13785 RALLYDEBUG rally_openstack.cleanup.manager [-] Deleting neutron.port object s_rally_74a9e356_6VhZ8xjL (df12e2f7-6d86-4469-b970-3d26f5782b3c)
2019-12-20 01:30:31.483 13785 RALLYDEBUG rally_openstack.cleanup.manager [-] Deleting neutron.port object s_rally_74a9e356_F6c0suLv (ed26aa29-987b-4913-aea6-f9eb40700927)
2019-12-20 01:30:34.366 13785 RALLYDEBUG rally_openstack.cleanup.manager [-] Cleaning up neutron subnet objects
2019-12-20 01:30:35.631 13785 RALLYDEBUG rally_openstack.cleanup.manager [-] Cleaning up neutron network objects
2019-12-20 01:30:37.071 13785 RALLYDEBUG rally_openstack.cleanup.manager [-] Cleaning up neutron router objects
2019-12-20 01:30:38.300 13785 RALLYDEBUG rally_openstack.cleanup.manager [-] Cleaning up neutron security_group objects
2019-12-20 01:30:39.581 13785 INFO rally.task.context [-] Task 3acac26d-d59f-4247-8a29-57c0db0b4acf | Context cleanup@openstack cleanup() finished in 16.75 sec
2019-12-20 01:30:39.582 13785 INFO rally.task.context [-] Task 3acac26d-d59f-4247-8a29-57c0db0b4acf | Context network@openstack cleanup() started
2019-12-20 01:30:50.896 13785 INFO rally.task.context [-] Task 3acac26d-d59f-4247-8a29-57c0db0b4acf | Context network@openstack cleanup() finished in 11.31 sec
2019-12-20 01:30:50.897 13785 INFO rally.task.context [-] Task 3acac26d-d59f-4247-8a29-57c0db0b4acf | Context quotas@openstack cleanup() started
2019-12-20 01:30:51.177 13785 INFO rally.task.context [-] Task 3acac26d-d59f-4247-8a29-57c0db0b4acf | Context quotas@openstack cleanup() finished in 0.28 sec
2019-12-20 01:30:51.178 13785 INFO rally.task.context [-] Task 3acac26d-d59f-4247-8a29-57c0db0b4acf | Context users@openstack cleanup() started
2019-12-20 01:30:55.378 13785 INFO rally.task.context [-] Task 3acac26d-d59f-4247-8a29-57c0db0b4acf | Context users@openstack cleanup() finished in 4.20 sec
2019-12-20 01:30:56.300 13785 INFO rally.task.engine [-] Load duration is: 6.324144
2019-12-20 01:30:56.300 13785 INFO rally.task.engine [-] Full runner duration is: 6.373565
2019-12-20 01:30:56.300 13785 INFO rally.task.engine [-] Full duration is: 45.315237
2019-12-20 01:30:56.628 13785 INFO rally.task.engine [-] Running workload: position = 0 config = { "version": 2, "title": "A cropped version of a bigger task.", "description": "Auto-generated task from a single workload (uuid=9948828e-1fba-4b77-837e-4248d550f754)", "subtasks": [ { "title": "NeutronNetworks.create_and_show_routers", "description": "Create and show a given number of routers.", "scenario": { "NeutronNetworks.create_and_show_routers": { "subnets_per_network": 2 } }, "contexts": { "users": { "tenants": 3, "users_per_tenant": 2 }, "quotas": { "neutron": { "network": -1, "subnet": -1, "router": -1 } } }, "runner": { "constant": { "concurrency": 4, "times": 10 } }, "hooks": [], "sla": { "failure_rate": { "max": 0 } } } ] }
2019-12-20 01:30:56.653 13785 RALLYDEBUG rally_openstack.contexts.keystone.users [-] Creating 3 tenants using 20 threads
2019-12-20 01:30:57.712 13785 RALLYDEBUG rally_openstack.contexts.keystone.users [-] Creating 6 users using 20 threads
2019-12-20 01:30:59.203 13785 INFO rally.task.context [-] Task 3acac26d-d59f-4247-8a29-57c0db0b4acf | Context users@openstack setup() finished in 2.55 sec
2019-12-20 01:31:00.172 13785 INFO rally.task.context [-] Task 3acac26d-d59f-4247-8a29-57c0db0b4acf | Context quotas@openstack setup() finished in 0.97 sec
2019-12-20 01:31:00.173 13785 INFO rally.task.context [-] Task 3acac26d-d59f-4247-8a29-57c0db0b4acf | Context cleanup@openstack setup() finished in 0.01 msec
2019-12-20 01:31:00.182 13785 RALLYDEBUG rally.task.runner [-] Starting the constant runner (task UUID: 3acac26d-d59f-4247-8a29-57c0db0b4acf). times: 10 concurrency: 4 timeout: 0 max_cpu_used: 16 processes_to_start: 4 concurrency_per_worker: 1 concurrency_overhead: 0
2019-12-20 01:31:00.193 19801 RALLYDEBUG rally.task.runner [-] Starting a worker. times: 10 duration: None concurrency: 1 timeout: 0 cls: method_name: run args: {"subnets_per_network": 2}
2019-12-20 01:31:00.196 19802 RALLYDEBUG rally.task.runner [-] Starting a worker. times: 10 duration: None concurrency: 1 timeout: 0 cls: method_name: run args: {"subnets_per_network": 2}
2019-12-20 01:31:00.200 19801 INFO rally.task.runner [-] Task 3acac26d-d59f-4247-8a29-57c0db0b4acf | ITER: 1 START
2019-12-20 01:31:00.200 19803 RALLYDEBUG rally.task.runner [-] Starting a worker. times: 10 duration: None concurrency: 1 timeout: 0 cls: method_name: run args: {"subnets_per_network": 2}
2019-12-20 01:31:00.203 19802 INFO rally.task.runner [-] Task 3acac26d-d59f-4247-8a29-57c0db0b4acf | ITER: 2 START
2019-12-20 01:31:00.203 19804 RALLYDEBUG rally.task.runner [-] Starting a worker. times: 10 duration: None concurrency: 1 timeout: 0 cls: method_name: run args: {"subnets_per_network": 2}
2019-12-20 01:31:00.207 19803 INFO rally.task.runner [-] Task 3acac26d-d59f-4247-8a29-57c0db0b4acf | ITER: 3 START
2019-12-20 01:31:00.210 19804 INFO rally.task.runner [-] Task 3acac26d-d59f-4247-8a29-57c0db0b4acf | ITER: 4 START
2019-12-20 01:31:00.904 19804 RALLYDEBUG rally_openstack.wrappers.network [-] CIDR generated: 10.2.75.0/24
2019-12-20 01:31:00.905 19803 RALLYDEBUG rally_openstack.wrappers.network [-] CIDR generated: 10.2.76.0/24
2019-12-20 01:31:01.419 19801 RALLYDEBUG rally_openstack.wrappers.network [-] CIDR generated: 10.2.77.0/24
2019-12-20 01:31:01.443 19802 RALLYDEBUG rally_openstack.wrappers.network [-] CIDR generated: 10.2.78.0/24
2019-12-20 01:31:01.519 19803 RALLYDEBUG rally_openstack.wrappers.network [-] CIDR generated: 10.2.79.0/24
2019-12-20 01:31:01.582 19804 RALLYDEBUG rally_openstack.wrappers.network [-] CIDR generated: 10.2.80.0/24
2019-12-20 01:31:02.027 19802 RALLYDEBUG rally_openstack.wrappers.network [-] CIDR generated: 10.2.81.0/24
2019-12-20 01:31:02.224 19801 RALLYDEBUG rally_openstack.wrappers.network [-] CIDR generated: 10.2.82.0/24
2019-12-20 01:31:06.524 19804 INFO rally.task.runner [-] Task 3acac26d-d59f-4247-8a29-57c0db0b4acf | ITER: 4 END: OK
2019-12-20 01:31:06.529 19804 INFO rally.task.runner [-] Task 3acac26d-d59f-4247-8a29-57c0db0b4acf | ITER: 5 START
2019-12-20 01:31:06.733 19802 INFO rally.task.runner [-] Task 3acac26d-d59f-4247-8a29-57c0db0b4acf | ITER: 2 END: OK
2019-12-20 01:31:06.737 19802 INFO rally.task.runner [-] Task 3acac26d-d59f-4247-8a29-57c0db0b4acf | ITER: 6 START
2019-12-20 01:31:06.828 19801 INFO rally.task.runner [-] Task 3acac26d-d59f-4247-8a29-57c0db0b4acf | ITER: 1 END: OK
2019-12-20 01:31:06.833 19801 INFO rally.task.runner [-] Task 3acac26d-d59f-4247-8a29-57c0db0b4acf | ITER: 7 START
2019-12-20 01:31:07.014 19803 INFO rally.task.runner [-] Task 3acac26d-d59f-4247-8a29-57c0db0b4acf | ITER: 3 END: OK
2019-12-20 01:31:07.018 19803 INFO rally.task.runner [-] Task 3acac26d-d59f-4247-8a29-57c0db0b4acf | ITER: 8 START
2019-12-20 01:31:07.025 19804 RALLYDEBUG rally_openstack.wrappers.network [-] CIDR generated: 10.2.83.0/24
2019-12-20 01:31:07.226 19802 RALLYDEBUG rally_openstack.wrappers.network [-] CIDR generated: 10.2.84.0/24
2019-12-20 01:31:07.282 19801 RALLYDEBUG rally_openstack.wrappers.network [-] CIDR generated: 10.2.85.0/24
2019-12-20 01:31:07.609 19803 RALLYDEBUG rally_openstack.wrappers.network [-] CIDR generated: 10.2.86.0/24
2019-12-20 01:31:07.665 19804 RALLYDEBUG rally_openstack.wrappers.network [-] CIDR generated: 10.2.87.0/24
2019-12-20 01:31:07.964 19802 RALLYDEBUG rally_openstack.wrappers.network [-] CIDR generated: 10.2.88.0/24
2019-12-20 01:31:08.215 19801 RALLYDEBUG rally_openstack.wrappers.network [-] CIDR generated: 10.2.89.0/24
2019-12-20 01:31:08.373 19803 RALLYDEBUG rally_openstack.wrappers.network [-] CIDR generated: 10.2.90.0/24
2019-12-20 01:31:12.803 19804 INFO rally.task.runner [-] Task 3acac26d-d59f-4247-8a29-57c0db0b4acf | ITER: 5 END: OK
2019-12-20 01:31:12.807 19804 INFO rally.task.runner [-] Task 3acac26d-d59f-4247-8a29-57c0db0b4acf | ITER: 9 START
2019-12-20 01:31:12.949 19802 INFO rally.task.runner [-] Task 3acac26d-d59f-4247-8a29-57c0db0b4acf | ITER: 6 END: OK
2019-12-20 01:31:12.952 19802 INFO rally.task.runner [-] Task 3acac26d-d59f-4247-8a29-57c0db0b4acf | ITER: 10 START
2019-12-20 01:31:13.270 19801 INFO rally.task.runner [-] Task 3acac26d-d59f-4247-8a29-57c0db0b4acf | ITER: 7 END: OK
2019-12-20 01:31:13.480 19804 RALLYDEBUG rally_openstack.wrappers.network [-] CIDR generated: 10.2.91.0/24
2019-12-20 01:31:13.657 19803 INFO rally.task.runner [-] Task 3acac26d-d59f-4247-8a29-57c0db0b4acf | ITER: 8 END: OK
2019-12-20 01:31:14.011 19802 RALLYDEBUG rally_openstack.wrappers.network [-] CIDR generated: 10.2.92.0/24
2019-12-20 01:31:14.032 19804 RALLYDEBUG rally_openstack.wrappers.network [-] CIDR generated: 10.2.93.0/24
2019-12-20 01:31:14.793 19802 RALLYDEBUG rally_openstack.wrappers.network [-] CIDR generated: 10.2.94.0/24
2019-12-20 01:31:18.639 19804 INFO rally.task.runner [-] Task 3acac26d-d59f-4247-8a29-57c0db0b4acf | ITER: 9 END: OK
2019-12-20 01:31:19.673 19802 INFO rally.task.runner [-] Task 3acac26d-d59f-4247-8a29-57c0db0b4acf | ITER: 10 END: OK
2019-12-20 01:31:19.705 13785 INFO rally.task.context [-] Task 3acac26d-d59f-4247-8a29-57c0db0b4acf | Context cleanup@openstack cleanup() started
2019-12-20 01:31:19.709 13785 RALLYDEBUG rally_openstack.cleanup.manager [-] Cleaning up neutron vip objects
2019-12-20 01:31:20.877 13785 RALLYDEBUG rally_openstack.cleanup.manager [-] Cleaning up neutron health_monitor objects
2019-12-20 01:31:21.987 13785 RALLYDEBUG rally_openstack.cleanup.manager [-] Cleaning up neutron pool objects
2019-12-20 01:31:23.067 13785 RALLYDEBUG rally_openstack.cleanup.manager [-] Cleaning up neutron loadbalancer objects
2019-12-20 01:31:24.129 13785 RALLYDEBUG rally_openstack.cleanup.manager [-] Cleaning up neutron floatingip objects
2019-12-20 01:31:25.304 13785 RALLYDEBUG rally_openstack.cleanup.manager [-] Cleaning up neutron trunk objects
2019-12-20 01:31:26.407 13785 RALLYDEBUG rally_openstack.cleanup.manager [-] Cleaning up neutron port objects
2019-12-20 01:31:28.307 13785 RALLYDEBUG rally_openstack.cleanup.manager [-] Deleting neutron.port object s_rally_9948828e_QFEXHPJi (06d9fc45-f6d9-44db-bfdc-8892854b12fb)
2019-12-20 01:31:28.321 13785 RALLYDEBUG rally_openstack.cleanup.manager [-] Deleting neutron.port object s_rally_9948828e_bwPv46CP (d8e922d8-e404-4d38-b4fd-d7fed014d54b)
2019-12-20 01:31:28.328 13785 RALLYDEBUG rally_openstack.cleanup.manager [-] Deleting neutron.port object s_rally_9948828e_DqVWNDVr (9b224219-635f-4b0b-b856-0bfa44c0c2f2)
2019-12-20 01:31:28.338 13785 RALLYDEBUG rally_openstack.cleanup.manager [-] Deleting neutron.port object s_rally_9948828e_DKVsGTcs (e700b74b-4d84-4169-b3c0-dd720929af48)
2019-12-20 01:31:28.363 13785 RALLYDEBUG rally_openstack.cleanup.manager [-] Deleting neutron.port object s_rally_9948828e_e6MZlQes (827003b0-7d65-4168-9bd7-75bb9a88ffb2)
2019-12-20 01:31:28.358 13785 RALLYDEBUG rally_openstack.cleanup.manager [-] Deleting neutron.port object s_rally_9948828e_HXPxLuEo (69443ff9-6844-4f41-9180-167cb875e22d)
2019-12-20 01:31:28.377 13785 RALLYDEBUG rally_openstack.cleanup.manager [-] Deleting neutron.port object s_rally_9948828e_WyE7QIca (9faef766-dca9-4be3-8b05-78919b5fb9b9)
2019-12-20 01:31:28.391 13785 RALLYDEBUG rally_openstack.cleanup.manager [-] Deleting neutron.port object s_rally_9948828e_a58nH4xH (e7d17c84-352a-420a-b050-42e1edd63370)
2019-12-20 01:31:28.415 13785 RALLYDEBUG rally_openstack.cleanup.manager [-] Deleting neutron.port object s_rally_9948828e_6uxLNnrj (273dd5cf-f9fa-4262-82a8-3bdc210551f0)
2019-12-20 01:31:28.417 13785 RALLYDEBUG rally_openstack.cleanup.manager [-] Deleting neutron.port object s_rally_9948828e_4mBlPY1W (1f94d194-3d34-4796-8931-e580af48f907)
2019-12-20 01:31:28.443 13785 RALLYDEBUG rally_openstack.cleanup.manager [-] Deleting neutron.port object s_rally_9948828e_WFOPp7R8 (4904d7e7-9aba-4009-a648-5a06f9e8004b)
2019-12-20 01:31:28.458 13785 RALLYDEBUG rally_openstack.cleanup.manager [-] Deleting neutron.port object s_rally_9948828e_1tDik3Nq (45f2df66-4d98-426c-9484-856c965e7257)
2019-12-20 01:31:28.468 13785 RALLYDEBUG rally_openstack.cleanup.manager [-] Deleting neutron.port object s_rally_9948828e_yVdJUNSF (8e122d7d-eb3b-4c52-bc1c-84924f920df8)
2019-12-20 01:31:28.471 13785 RALLYDEBUG rally_openstack.cleanup.manager [-] Deleting neutron.port object s_rally_9948828e_vb3Q9CyQ (63f7d4f5-ab87-45ef-8467-7d61560b24d6)
2019-12-20 01:31:28.490 13785 RALLYDEBUG rally_openstack.cleanup.manager [-] Deleting neutron.port object s_rally_9948828e_u2YrUFzg (bcffeb55-1fdc-4732-9c94-653d3695ad69)
2019-12-20 01:31:28.515 13785 RALLYDEBUG rally_openstack.cleanup.manager [-] Deleting neutron.port object s_rally_9948828e_lEidtCBi (d9616fff-7927-4a2e-bb17-87683eebcab3)
2019-12-20 01:31:28.524 13785 RALLYDEBUG rally_openstack.cleanup.manager [-] Deleting neutron.port object s_rally_9948828e_Nbq2jEDu (dd915438-db7d-477f-aad1-bf773a00ebec)
2019-12-20 01:31:28.541 13785 RALLYDEBUG rally_openstack.cleanup.manager [-] Deleting neutron.port object s_rally_9948828e_os60DFUi (eb5c8d73-8694-4f12-b419-d132ffabf002)
2019-12-20 01:31:28.554 13785 RALLYDEBUG rally_openstack.cleanup.manager [-] Deleting neutron.port object s_rally_9948828e_MRSWZrLy (ebef2f18-9f72-4181-9ba4-069528b997cc)
2019-12-20 01:31:28.561 13785 RALLYDEBUG rally_openstack.cleanup.manager [-] Deleting neutron.port object s_rally_9948828e_T4DoEO82 (f3351009-110a-4efc-bb01-149be4acf6a6)
2019-12-20 01:31:33.749 13785 RALLYDEBUG rally_openstack.cleanup.manager [-] Cleaning up neutron subnet objects
2019-12-20 01:31:35.041 13785 RALLYDEBUG rally_openstack.cleanup.manager [-] Deleting neutron.subnet object s_rally_9948828e_G2VII1E2 (7510a439-d588-4f76-803b-5f0fc3a2e4d0)
2019-12-20 01:31:35.051 13785 RALLYDEBUG rally_openstack.cleanup.manager [-] Deleting neutron.subnet object s_rally_9948828e_F6P5PaLn (9d16bc05-3252-4492-aaf8-417b95904b45)
2019-12-20 01:31:35.060 13785 RALLYDEBUG rally_openstack.cleanup.manager [-] Deleting neutron.subnet object s_rally_9948828e_KmIzDAtX (d20375a0-90b8-4743-980e-7a923662ba40)
2019-12-20 01:31:35.070 13785 RALLYDEBUG rally_openstack.cleanup.manager [-] Deleting neutron.subnet object s_rally_9948828e_7nzpNC9i (f37b3fcd-bb19-4591-a81e-f8ed23f67c4f)
2019-12-20 01:31:35.074 13785 RALLYDEBUG rally_openstack.cleanup.manager [-] Deleting neutron.subnet object s_rally_9948828e_KpB0Mi7p (0e8e2f84-6540-46c4-897a-9a2506f718c9)
2019-12-20 01:31:35.083 13785 RALLYDEBUG rally_openstack.cleanup.manager [-] Deleting neutron.subnet object s_rally_9948828e_VoVUyRI3 (6629600b-3d64-47c7-aec6-3edfcf53cf54)
2019-12-20 01:31:35.087 13785 RALLYDEBUG rally_openstack.cleanup.manager [-] Deleting neutron.subnet object s_rally_9948828e_zq5vppz1 (970c1cb5-c980-43d6-98e8-2be413cbdbe9)
2019-12-20 01:31:35.126 13785 RALLYDEBUG rally_openstack.cleanup.manager [-] Deleting neutron.subnet object s_rally_9948828e_ZiFdOPgE (9c686b37-0b33-4897-b3d9-7dba5681b01d)
2019-12-20 01:31:35.140 13785 RALLYDEBUG rally_openstack.cleanup.manager [-] Deleting neutron.subnet object s_rally_9948828e_xUbH3fRZ (0c4fd79c-8586-4174-9ce5-2d2f2f97a86a)
2019-12-20 01:31:35.157 13785 RALLYDEBUG rally_openstack.cleanup.manager [-] Deleting neutron.subnet object s_rally_9948828e_KMPLePLe (0f5caf6e-dd50-4c6f-bfcd-269e79679011)
2019-12-20 01:31:35.166 13785 RALLYDEBUG rally_openstack.cleanup.manager [-] Deleting neutron.subnet object s_rally_9948828e_O1iuA4Fp (25f3ff76-9572-41ad-934a-ba7486daa3f6)
2019-12-20 01:31:35.174 13785 RALLYDEBUG rally_openstack.cleanup.manager [-] Deleting neutron.subnet object s_rally_9948828e_9RHEEIcy (68da358a-4547-43b1-8823-701dbb3660a1)
2019-12-20 01:31:35.178 13785 RALLYDEBUG rally_openstack.cleanup.manager [-] Deleting neutron.subnet object s_rally_9948828e_Hk2M2kpx (9807f717-c46c-4bec-9aec-1e23ca156c3b)
2019-12-20 01:31:35.182 13785 RALLYDEBUG rally_openstack.cleanup.manager [-] Deleting neutron.subnet object s_rally_9948828e_3o2px24y (a2695730-5862-4865-a10d-7e71cb9289d6)
2019-12-20 01:31:35.196 13785 RALLYDEBUG rally_openstack.cleanup.manager [-] Deleting neutron.subnet object s_rally_9948828e_uyLqKWyx (ab91b1b9-e0c6-4b0c-9d8a-9c3f3f23c92c)
2019-12-20 01:31:35.215 13785 RALLYDEBUG rally_openstack.cleanup.manager [-] Deleting neutron.subnet object s_rally_9948828e_VKYJHGeU (bcd982c5-db9e-49ec-93d9-9d4a94c22fa9)
2019-12-20 01:31:35.222 13785 RALLYDEBUG rally_openstack.cleanup.manager [-] Deleting neutron.subnet object s_rally_9948828e_fGoESTl8 (cd97ccdf-0594-4394-b239-cad2788b2e01)
2019-12-20 01:31:35.230 13785 RALLYDEBUG rally_openstack.cleanup.manager [-] Deleting neutron.subnet object s_rally_9948828e_AbNWuMvI (d3817270-c05b-4265-be77-0ec2f639f9d7)
2019-12-20 01:31:35.234 13785 RALLYDEBUG rally_openstack.cleanup.manager [-] Deleting neutron.subnet object s_rally_9948828e_WEO37L10 (dfc5564a-1859-44b1-9f5c-7144f6e73764)
2019-12-20 01:31:35.247 13785 RALLYDEBUG rally_openstack.cleanup.manager [-] Deleting neutron.subnet object s_rally_9948828e_E8bw7BNI (ed5031e3-196a-4f83-ba72-9b2837729f57)
2019-12-20 01:31:41.000 13785 RALLYDEBUG rally_openstack.cleanup.manager [-] Cleaning up neutron network objects
2019-12-20 01:31:42.337 13785 RALLYDEBUG rally_openstack.cleanup.manager [-] Deleting neutron.network object s_rally_9948828e_I76D1TuH (b95fa2cf-e8aa-4752-8c90-f3bde7cf4d39)
2019-12-20 01:31:42.343 13785 RALLYDEBUG rally_openstack.cleanup.manager [-] Deleting neutron.network object s_rally_9948828e_sOUbdYoO (cefcac9e-5191-449f-a286-25cdb7378e6a)
2019-12-20 01:31:42.354 13785 RALLYDEBUG rally_openstack.cleanup.manager [-] Deleting neutron.network object s_rally_9948828e_xFXAxh1L (09422ad8-41b2-46c0-9208-bf4d5c545722)
2019-12-20 01:31:42.362 13785 RALLYDEBUG rally_openstack.cleanup.manager [-] Deleting neutron.network object s_rally_9948828e_wW97SscG (64509863-66f9-4ac6-af98-20c0de321cd1)
2019-12-20 01:31:42.371 13785 RALLYDEBUG rally_openstack.cleanup.manager [-] Deleting neutron.network object s_rally_9948828e_xDpSMILC (37c918b3-cd4d-4855-b7c0-f0a119d20ba6)
2019-12-20 01:31:42.380 13785 RALLYDEBUG rally_openstack.cleanup.manager [-] Deleting neutron.network object s_rally_9948828e_HPFJuZR7 (3d5f43be-0d00-4b3b-910a-29d95b5040de)
2019-12-20 01:31:42.393 13785 RALLYDEBUG rally_openstack.cleanup.manager [-] Deleting neutron.network object s_rally_9948828e_4eZttxTj (73ae6899-6b72-4895-85ce-1b525bc63f76)
2019-12-20 01:31:42.399 13785 RALLYDEBUG rally_openstack.cleanup.manager [-] Deleting neutron.network object s_rally_9948828e_1Zqhogfz (74d50bee-3804-4440-84ad-dd8a68f35df7)
2019-12-20 01:31:42.419 13785 RALLYDEBUG rally_openstack.cleanup.manager [-] Deleting neutron.network object s_rally_9948828e_XmPbTdgH (b3eb0a2e-0f86-44f8-9532-8d4e718b247a)
2019-12-20 01:31:42.426 13785 RALLYDEBUG rally_openstack.cleanup.manager [-] Deleting neutron.network object s_rally_9948828e_3n91Hdbj (ccb03d8c-8f1a-4744-9c82-337bc8d1834f)
2019-12-20 01:31:45.707 13785 RALLYDEBUG rally_openstack.cleanup.manager [-] Cleaning up neutron router objects
2019-12-20 01:31:47.359 13785 RALLYDEBUG rally_openstack.cleanup.manager [-] Deleting neutron.router object s_rally_9948828e_DKVsGTcs (324cd86f-3144-4ff2-97d3-e683256e93ab)
2019-12-20 01:31:47.368 13785 RALLYDEBUG rally_openstack.cleanup.manager [-] Deleting neutron.router object s_rally_9948828e_DqVWNDVr (4a11f4c0-e824-49e9-9c7b-7fa84ab4d205)
2019-12-20 01:31:47.377 13785 RALLYDEBUG rally_openstack.cleanup.manager [-] Deleting neutron.router object s_rally_9948828e_bwPv46CP (5671cb43-481f-4738-92d1-2ec303c7538c)
2019-12-20 01:31:47.381 13785 RALLYDEBUG rally_openstack.cleanup.manager [-] Deleting neutron.router object s_rally_9948828e_QFEXHPJi (95be26cf-740a-4a66-8307-655baa4aa290)
2019-12-20 01:31:47.396 13785 RALLYDEBUG rally_openstack.cleanup.manager [-] Deleting neutron.router object s_rally_9948828e_e6MZlQes (17124093-17e3-4d30-b2e3-17eee8987ccd)
2019-12-20 01:31:47.399 13785 RALLYDEBUG rally_openstack.cleanup.manager [-] Deleting neutron.router object s_rally_9948828e_WyE7QIca (9ba872b0-c489-4f23-8707-42bb1189a5b7)
2019-12-20 01:31:47.410 13785 RALLYDEBUG rally_openstack.cleanup.manager [-] Deleting neutron.router object s_rally_9948828e_a58nH4xH (c2d42fd1-24e7-43d8-9ee4-4afc99f4422a)
2019-12-20 01:31:47.415 13785 RALLYDEBUG rally_openstack.cleanup.manager [-] Deleting neutron.router object s_rally_9948828e_HXPxLuEo (e32af654-5342-47f5-ac20-4c98bda4d0ea)
2019-12-20 01:31:47.433 13785 RALLYDEBUG rally_openstack.cleanup.manager [-] Deleting neutron.router object s_rally_9948828e_yVdJUNSF (1384c5b4-9fbb-4d87-8066-418ea2cdfd6c)
2019-12-20 01:31:47.438 13785 RALLYDEBUG rally_openstack.cleanup.manager [-] Deleting neutron.router object s_rally_9948828e_MRSWZrLy (24209b39-2fea-44d1-82cf-8b0264295ed2)
2019-12-20 01:31:47.446 13785 RALLYDEBUG rally_openstack.cleanup.manager [-] Deleting neutron.router object s_rally_9948828e_vb3Q9CyQ (48fe28c1-3ab4-4a75-897d-1f00c5d50c8e)
2019-12-20 01:31:47.453 13785 RALLYDEBUG rally_openstack.cleanup.manager [-] Deleting neutron.router object s_rally_9948828e_1tDik3Nq (5f4add8d-d016-40e9-a9ed-5257cfcf9291)
2019-12-20 01:31:47.470 13785 RALLYDEBUG rally_openstack.cleanup.manager [-] Deleting neutron.router object s_rally_9948828e_lEidtCBi (65128ee8-d6b8-438a-b750-133414d893cf)
2019-12-20 01:31:47.479 13785 RALLYDEBUG rally_openstack.cleanup.manager [-] Deleting neutron.router object s_rally_9948828e_WFOPp7R8 (6afb7193-9d2b-4523-8ca6-4dd7024d4b73)
2019-12-20 01:31:47.488 13785 RALLYDEBUG rally_openstack.cleanup.manager [-] Deleting neutron.router object s_rally_9948828e_T4DoEO82 (808425bf-01ed-47f3-8a05-f875c8889261)
2019-12-20 01:31:47.496 13785 RALLYDEBUG rally_openstack.cleanup.manager [-] Deleting neutron.router object s_rally_9948828e_6uxLNnrj (80fc001f-e97f-451f-ab9e-a87fe80378ad)
2019-12-20 01:31:47.511 13785 RALLYDEBUG rally_openstack.cleanup.manager [-] Deleting neutron.router object s_rally_9948828e_u2YrUFzg (a51d8837-7f68-466d-b95a-29a28f21b856)
2019-12-20 01:31:47.536 13785 RALLYDEBUG rally_openstack.cleanup.manager [-] Deleting neutron.router object s_rally_9948828e_Nbq2jEDu (a7454f6f-c856-4240-82f1-b024e460e63d)
2019-12-20 01:31:47.558 13785 RALLYDEBUG rally_openstack.cleanup.manager [-] Deleting neutron.router object s_rally_9948828e_os60DFUi (cfccf1db-e2ce-47c0-be58-90f013eacd5e)
2019-12-20 01:31:47.563 13785 RALLYDEBUG rally_openstack.cleanup.manager [-] Deleting neutron.router object s_rally_9948828e_4mBlPY1W (e008287b-2c9c-4f4c-b4d6-3b3c9d8e954f)
2019-12-20 01:31:50.244 13785 RALLYDEBUG rally_openstack.cleanup.manager [-] Cleaning up neutron security_group objects
2019-12-20 01:31:51.548 13785 INFO rally.task.context [-] Task 3acac26d-d59f-4247-8a29-57c0db0b4acf | Context cleanup@openstack cleanup() finished in 31.84 sec
2019-12-20 01:31:51.549 13785 INFO rally.task.context [-] Task 3acac26d-d59f-4247-8a29-57c0db0b4acf | Context quotas@openstack cleanup() started
2019-12-20 01:31:51.750 13785 INFO rally.task.context [-] Task 3acac26d-d59f-4247-8a29-57c0db0b4acf | Context quotas@openstack cleanup() finished in 0.20 sec
2019-12-20 01:31:51.751 13785 INFO rally.task.context [-] Task 3acac26d-d59f-4247-8a29-57c0db0b4acf | Context users@openstack cleanup() started
2019-12-20 01:31:55.972 13785 INFO rally.task.context [-] Task 3acac26d-d59f-4247-8a29-57c0db0b4acf | Context users@openstack cleanup() finished in 4.22 sec
2019-12-20 01:31:56.990 13785 INFO rally.task.engine [-] Load duration is: 19.471281
2019-12-20 01:31:56.991 13785 INFO rally.task.engine [-] Full runner duration is: 19.52378
2019-12-20 01:31:56.991 13785 INFO rally.task.engine [-] Full duration is: 59.321095
2019-12-20 01:31:57.298 13785 INFO rally.task.engine [-] Running workload: position = 0 config = { "version": 2, "title": "A cropped version of a bigger task.", "description": "Auto-generated task from a single workload (uuid=2dbc28f1-5f76-4c00-9f9e-a036d4deeab7)", "subtasks": [ { "title": "NeutronNetworks.create_and_show_subnets", "description": "Create and show a subnet details.", "scenario": { "NeutronNetworks.create_and_show_subnets": { "subnets_per_network": 2 } }, "contexts": { "users": { "tenants": 3, "users_per_tenant": 2 }, "network": { "router": {} }, "quotas": { "neutron": { "network": -1, "subnet": -1 } } }, "runner": { "constant": { "concurrency": 4, "times": 10 } }, "hooks": [], "sla": { "failure_rate": { "max": 0 } } } ] }
2019-12-20 01:31:57.326 13785 RALLYDEBUG rally_openstack.contexts.keystone.users [-] Creating 3 tenants using 20 threads
2019-12-20 01:31:58.292 13785 RALLYDEBUG rally_openstack.contexts.keystone.users [-] Creating 6 users using 20 threads
2019-12-20 01:31:59.826 13785 INFO rally.task.context [-] Task 3acac26d-d59f-4247-8a29-57c0db0b4acf | Context users@openstack setup() finished in 2.50 sec
2019-12-20 01:32:00.637 13785 INFO rally.task.context [-] Task 3acac26d-d59f-4247-8a29-57c0db0b4acf | Context quotas@openstack setup() finished in 0.81 sec
2019-12-20 01:32:01.312 13785 RALLYDEBUG rally_openstack.wrappers.network [-] CIDR generated: 10.2.95.0/24
2019-12-20 01:32:02.523 13785 RALLYDEBUG rally_openstack.wrappers.network [-] CIDR generated: 10.2.96.0/24
2019-12-20 01:32:03.705 13785 RALLYDEBUG rally_openstack.wrappers.network [-] CIDR generated: 10.2.97.0/24
2019-12-20 01:32:04.271 13785 INFO rally.task.context [-] Task 3acac26d-d59f-4247-8a29-57c0db0b4acf | Context network@openstack setup() finished in 3.63 sec
2019-12-20 01:32:04.272 13785 INFO rally.task.context [-] Task 3acac26d-d59f-4247-8a29-57c0db0b4acf | Context cleanup@openstack setup() finished in 0.02 msec
2019-12-20 01:32:04.281 13785 RALLYDEBUG rally.task.runner [-] Starting the constant runner (task UUID: 3acac26d-d59f-4247-8a29-57c0db0b4acf). times: 10 concurrency: 4 timeout: 0 max_cpu_used: 16 processes_to_start: 4 concurrency_per_worker: 1 concurrency_overhead: 0
2019-12-20 01:32:04.294 20125 RALLYDEBUG rally.task.runner [-] Starting a worker. times: 10 duration: None concurrency: 1 timeout: 0 cls: method_name: run args: {"subnets_per_network": 2}
2019-12-20 01:32:04.298 20126 RALLYDEBUG rally.task.runner [-] Starting a worker. times: 10 duration: None concurrency: 1 timeout: 0 cls: method_name: run args: {"subnets_per_network": 2}
2019-12-20 01:32:04.301 20125 INFO rally.task.runner [-] Task 3acac26d-d59f-4247-8a29-57c0db0b4acf | ITER: 1 START
2019-12-20 01:32:04.301 20127 RALLYDEBUG rally.task.runner [-] Starting a worker. times: 10 duration: None concurrency: 1 timeout: 0 cls: method_name: run args: {"subnets_per_network": 2}
2019-12-20 01:32:04.305 20125 RALLYDEBUG rally_openstack.wrappers.network [-] CIDR generated: 10.2.98.0/24
2019-12-20 01:32:04.305 20128 RALLYDEBUG rally.task.runner [-] Starting a worker. times: 10 duration: None concurrency: 1 timeout: 0 cls: method_name: run args: {"subnets_per_network": 2}
2019-12-20 01:32:04.306 20126 INFO rally.task.runner [-] Task 3acac26d-d59f-4247-8a29-57c0db0b4acf | ITER: 2 START
2019-12-20 01:32:04.308 20127 INFO rally.task.runner [-] Task 3acac26d-d59f-4247-8a29-57c0db0b4acf | ITER: 3 START
2019-12-20 01:32:04.309 20126 RALLYDEBUG rally_openstack.wrappers.network [-] CIDR generated: 10.2.99.0/24
2019-12-20 01:32:04.311 20127 RALLYDEBUG rally_openstack.wrappers.network [-] CIDR generated: 10.2.100.0/24
2019-12-20 01:32:04.312 20128 INFO rally.task.runner [-] Task 3acac26d-d59f-4247-8a29-57c0db0b4acf | ITER: 4 START
2019-12-20 01:32:04.314 20128 RALLYDEBUG rally_openstack.wrappers.network [-] CIDR generated: 10.2.101.0/24
2019-12-20 01:32:05.294 20126 RALLYDEBUG rally_openstack.wrappers.network [-] CIDR generated: 10.2.102.0/24
2019-12-20 01:32:05.496 20125 RALLYDEBUG rally_openstack.wrappers.network [-] CIDR generated: 10.2.103.0/24
2019-12-20 01:32:05.980 20128 RALLYDEBUG rally_openstack.wrappers.network [-] CIDR generated: 10.2.104.0/24
2019-12-20 01:32:06.012 20127 RALLYDEBUG rally_openstack.wrappers.network [-] CIDR generated: 10.2.105.0/24
2019-12-20 01:32:06.130 20126 INFO rally.task.runner [-] Task 3acac26d-d59f-4247-8a29-57c0db0b4acf | ITER: 2 END: OK
2019-12-20 01:32:06.135 20126 INFO rally.task.runner [-] Task 3acac26d-d59f-4247-8a29-57c0db0b4acf | ITER: 5 START
2019-12-20 01:32:06.137 20126 RALLYDEBUG rally_openstack.wrappers.network [-] CIDR generated: 10.2.106.0/24
2019-12-20 01:32:06.258 20125 INFO rally.task.runner [-] Task 3acac26d-d59f-4247-8a29-57c0db0b4acf | ITER: 1 END: OK
2019-12-20 01:32:06.264 20125 INFO rally.task.runner [-] Task 3acac26d-d59f-4247-8a29-57c0db0b4acf | ITER: 6 START
2019-12-20 01:32:06.265 20125 RALLYDEBUG rally_openstack.wrappers.network [-] CIDR generated: 10.2.107.0/24
2019-12-20 01:32:06.928 20128 INFO rally.task.runner [-] Task 3acac26d-d59f-4247-8a29-57c0db0b4acf | ITER: 4 END: OK
2019-12-20 01:32:06.933 20128 INFO rally.task.runner [-] Task 3acac26d-d59f-4247-8a29-57c0db0b4acf | ITER: 7 START
2019-12-20 01:32:06.934 20128 RALLYDEBUG rally_openstack.wrappers.network [-] CIDR generated: 10.2.108.0/24
2019-12-20 01:32:07.074 20127 INFO rally.task.runner [-] Task 3acac26d-d59f-4247-8a29-57c0db0b4acf | ITER: 3 END: OK
2019-12-20 01:32:07.079 20127 INFO rally.task.runner [-] Task 3acac26d-d59f-4247-8a29-57c0db0b4acf | ITER: 8 START
2019-12-20 01:32:07.080 20127 RALLYDEBUG rally_openstack.wrappers.network [-] CIDR generated: 10.2.109.0/24
2019-12-20 01:32:07.319 20125 RALLYDEBUG rally_openstack.wrappers.network [-] CIDR generated: 10.2.110.0/24
2019-12-20 01:32:07.333 20126 RALLYDEBUG rally_openstack.wrappers.network [-] CIDR generated: 10.2.111.0/24
2019-12-20 01:32:07.983 20128 RALLYDEBUG rally_openstack.wrappers.network [-] CIDR generated: 10.2.112.0/24
2019-12-20 01:32:08.065 20127 RALLYDEBUG rally_openstack.wrappers.network [-] CIDR generated: 10.2.113.0/24
2019-12-20 01:32:08.247 20125 INFO rally.task.runner [-] Task 3acac26d-d59f-4247-8a29-57c0db0b4acf | ITER: 6 END: OK
2019-12-20 01:32:08.251 20125 INFO rally.task.runner [-] Task 3acac26d-d59f-4247-8a29-57c0db0b4acf | ITER: 9 START
2019-12-20 01:32:08.252 20125 RALLYDEBUG rally_openstack.wrappers.network [-] CIDR generated: 10.2.114.0/24
2019-12-20 01:32:08.467 20126 INFO rally.task.runner [-] Task 3acac26d-d59f-4247-8a29-57c0db0b4acf | ITER: 5 END: OK
2019-12-20 01:32:08.471 20126 INFO rally.task.runner [-] Task 3acac26d-d59f-4247-8a29-57c0db0b4acf | ITER: 10 START
2019-12-20 01:32:08.472 20126 RALLYDEBUG rally_openstack.wrappers.network [-] CIDR generated: 10.2.115.0/24
2019-12-20 01:32:08.789 20128 INFO rally.task.runner [-] Task 3acac26d-d59f-4247-8a29-57c0db0b4acf | ITER: 7 END: OK
2019-12-20 01:32:08.936 20127 INFO rally.task.runner [-] Task 3acac26d-d59f-4247-8a29-57c0db0b4acf | ITER: 8 END: OK
2019-12-20 01:32:09.090 20125 RALLYDEBUG rally_openstack.wrappers.network [-] CIDR generated: 10.2.116.0/24
2019-12-20 01:32:09.332 20126 RALLYDEBUG rally_openstack.wrappers.network [-] CIDR generated: 10.2.117.0/24
2019-12-20 01:32:09.823 20125 INFO rally.task.runner [-] Task 3acac26d-d59f-4247-8a29-57c0db0b4acf | ITER: 9 END: OK
2019-12-20 01:32:10.109 20126 INFO rally.task.runner [-] Task 3acac26d-d59f-4247-8a29-57c0db0b4acf | ITER: 10 END: OK
2019-12-20 01:32:10.140 13785 INFO rally.task.context [-] Task 3acac26d-d59f-4247-8a29-57c0db0b4acf | Context cleanup@openstack cleanup() started
2019-12-20 01:32:10.146 13785 RALLYDEBUG rally_openstack.cleanup.manager [-] Cleaning up neutron vip objects
2019-12-20 01:32:11.318 13785 RALLYDEBUG rally_openstack.cleanup.manager [-] Cleaning up neutron health_monitor objects
2019-12-20 01:32:12.413 13785 RALLYDEBUG rally_openstack.cleanup.manager [-] Cleaning up neutron pool objects
2019-12-20 01:32:13.500 13785 RALLYDEBUG rally_openstack.cleanup.manager [-] Cleaning up neutron loadbalancer objects
2019-12-20 01:32:14.572 13785 RALLYDEBUG rally_openstack.cleanup.manager [-] Cleaning up neutron floatingip objects
2019-12-20 01:32:15.999 13785 RALLYDEBUG rally_openstack.cleanup.manager [-] Cleaning up neutron trunk objects
2019-12-20 01:32:17.137 13785 RALLYDEBUG rally_openstack.cleanup.manager [-] Cleaning up neutron port objects
2019-12-20 01:32:18.473 13785 RALLYDEBUG rally_openstack.cleanup.manager [-] Cleaning up neutron subnet objects
2019-12-20 01:32:19.756 13785 RALLYDEBUG rally_openstack.cleanup.manager [-] Deleting neutron.subnet object s_rally_2dbc28f1_u7v3Bkv6 (02d82996-4382-43d1-bc8d-0c734a9d721b)
2019-12-20 01:32:19.771 13785 RALLYDEBUG rally_openstack.cleanup.manager [-] Deleting neutron.subnet object s_rally_2dbc28f1_x4HCcWQK (383774a5-726f-482f-acec-a8647d82bdc8)
2019-12-20 01:32:19.775 13785 RALLYDEBUG rally_openstack.cleanup.manager [-] Deleting neutron.subnet object s_rally_2dbc28f1_DHRd3fTb (3b992c2e-35d1-4dea-9d42-19fa1e680915)
2019-12-20 01:32:19.778 13785 RALLYDEBUG rally_openstack.cleanup.manager [-] Deleting neutron.subnet object s_rally_2dbc28f1_2683ZWzZ (3534f4bf-303d-40c4-b269-11d4ec117428)
2019-12-20 01:32:19.787 13785 RALLYDEBUG rally_openstack.cleanup.manager [-] Deleting neutron.subnet object s_rally_2dbc28f1_Vs38VAG7 (73ed8e08-e2c5-4f76-beb2-e469d016786a)
