2019-12-20 01:18:33.721 13460 INFO rally.task.runner [-] Task 9c1baca5-6a38-4be6-940a-cf7f08f8ba0c | ITER: 9 END: OK
2019-12-20 01:18:33.753 13455 INFO rally.task.runner [-] Task 9c1baca5-6a38-4be6-940a-cf7f08f8ba0c | ITER: 10 END: OK
2019-12-20 01:18:33.780 11675 INFO rally.task.context [-] Task 9c1baca5-6a38-4be6-940a-cf7f08f8ba0c | Context admin_cleanup@openstack cleanup() started
2019-12-20 01:18:33.783 11675 RALLYDEBUG rally_openstack.cleanup.manager [-] Cleaning up keystone user objects
2019-12-20 01:18:34.523 11675 RALLYDEBUG rally_openstack.cleanup.manager [-] Deleting keystone.user object s_rally_96398407_2FdPurtR (083f8109514945f19fc728f490613155)
2019-12-20 01:18:34.532 11675 RALLYDEBUG rally_openstack.cleanup.manager [-] Deleting keystone.user object s_rally_96398407_1XoJNaQq (182d6d01216743419883fc9ad68e157c)
2019-12-20 01:18:34.541 11675 RALLYDEBUG rally_openstack.cleanup.manager [-] Deleting keystone.user object s_rally_96398407_KmYKegat (1dcacdb3a91c4f9d82eef196a1d76e8b)
2019-12-20 01:18:34.544 11675 RALLYDEBUG rally_openstack.cleanup.manager [-] Deleting keystone.user object s_rally_96398407_DKVgVcv3 (276ac7a4649b4889a82489c2132a4442)
2019-12-20 01:18:34.559 11675 RALLYDEBUG rally_openstack.cleanup.manager [-] Deleting keystone.user object s_rally_96398407_x4wA7A7a (28a19bf9051a4d06a18ef2ded0a631fe)
2019-12-20 01:18:34.595 11675 RALLYDEBUG rally_openstack.cleanup.manager [-] Deleting keystone.user object s_rally_96398407_uZE8UuBN (76274db6e1314f7aa37891e7deba0def)
2019-12-20 01:18:34.604 11675 RALLYDEBUG rally_openstack.cleanup.manager [-] Deleting keystone.user object s_rally_96398407_lMe27Dzo (7817450d723e4727aee60d2155e777f9)
2019-12-20 01:18:34.633 11675 RALLYDEBUG rally_openstack.cleanup.manager [-] Deleting keystone.user object s_rally_96398407_Ytq49871 (da83a632642c462d94145b7deb425a0c)
2019-12-20 01:18:34.611 11675 RALLYDEBUG rally_openstack.cleanup.manager [-] Deleting keystone.user object s_rally_96398407_yDb7gFZj (b18bcd7b709d40af8255e2259d707f1b)
2019-12-20 01:18:34.655 11675 RALLYDEBUG rally_openstack.cleanup.manager [-] Deleting keystone.user object s_rally_96398407_aUW7WBdz (fe764db624214c5cba17b448dbfd4b35)
2019-12-20 01:18:36.662 11675 RALLYDEBUG rally_openstack.cleanup.manager [-] Cleaning up keystone project objects
2019-12-20 01:18:37.461 11675 RALLYDEBUG rally_openstack.cleanup.manager [-] Cleaning up keystone service objects
2019-12-20 01:18:38.234 11675 RALLYDEBUG rally_openstack.cleanup.manager [-] Cleaning up keystone role objects
2019-12-20 01:18:39.042 11675 INFO rally.task.context [-] Task 9c1baca5-6a38-4be6-940a-cf7f08f8ba0c | Context admin_cleanup@openstack cleanup() finished in 5.26 sec
2019-12-20 01:18:39.042 11675 INFO rally.task.context [-] Task 9c1baca5-6a38-4be6-940a-cf7f08f8ba0c | Context users@openstack cleanup() started
2019-12-20 01:18:42.277 11675 INFO rally.task.context [-] Task 9c1baca5-6a38-4be6-940a-cf7f08f8ba0c | Context users@openstack cleanup() finished in 3.23 sec
2019-12-20 01:18:42.872 11675 INFO rally.task.engine [-] Load duration is: 3.2274
2019-12-20 01:18:42.872 11675 INFO rally.task.engine [-] Full runner duration is: 4.593822
2019-12-20 01:18:42.873 11675 INFO rally.task.engine [-] Full duration is: 15.491788
2019-12-20 01:18:43.219 11675 INFO rally.task.engine [-] Running workload: position = 0 config = { "version": 2, "title": "A cropped version of a bigger task.", "description": "Auto-generated task from a single workload (uuid=f3a89126-23f1-40ea-a1ff-5411224447b9)", "subtasks": [ { "title": "KeystoneBasic.create_tenant_with_users", "description": "Create a keystone tenant and several users belonging to it.", "scenario": { "KeystoneBasic.create_tenant_with_users": { "users_per_tenant": 10 } }, "contexts": {}, "runner": { "constant": { "concurrency": 4, "times": 10 } }, "hooks": [], "sla": { "failure_rate": { "max": 0 } } } ] }
2019-12-20 01:18:43.242 11675 RALLYDEBUG rally_openstack.contexts.keystone.users [-] Creating 1 tenants using 20 threads
2019-12-20 01:18:44.144 11675 RALLYDEBUG rally_openstack.contexts.keystone.users [-] Creating 1 users using 20 threads
2019-12-20 01:18:45.507 11675 INFO rally.task.context [-] Task 9c1baca5-6a38-4be6-940a-cf7f08f8ba0c | Context users@openstack setup() finished in 2.26 sec
2019-12-20 01:18:45.507 11675 INFO rally.task.context [-] Task 9c1baca5-6a38-4be6-940a-cf7f08f8ba0c | Context admin_cleanup@openstack setup() finished in 0.01 msec
2019-12-20 01:18:45.516 11675 RALLYDEBUG rally.task.runner [-] Starting the constant runner (task UUID: 9c1baca5-6a38-4be6-940a-cf7f08f8ba0c). times: 10 concurrency: 4 timeout: 0 max_cpu_used: 16 processes_to_start: 4 concurrency_per_worker: 1 concurrency_overhead: 0
2019-12-20 01:18:45.528 13639 RALLYDEBUG rally.task.runner [-] Starting a worker. times: 10 duration: None concurrency: 1 timeout: 0 cls: method_name: run args: {"users_per_tenant": 10}
2019-12-20 01:18:45.531 13640 RALLYDEBUG rally.task.runner [-] Starting a worker. times: 10 duration: None concurrency: 1 timeout: 0 cls: method_name: run args: {"users_per_tenant": 10}
2019-12-20 01:18:45.533 13639 INFO rally.task.runner [-] Task 9c1baca5-6a38-4be6-940a-cf7f08f8ba0c | ITER: 1 START
2019-12-20 01:18:45.535 13641 RALLYDEBUG rally.task.runner [-] Starting a worker. times: 10 duration: None concurrency: 1 timeout: 0 cls: method_name: run args: {"users_per_tenant": 10}
2019-12-20 01:18:45.536 13640 INFO rally.task.runner [-] Task 9c1baca5-6a38-4be6-940a-cf7f08f8ba0c | ITER: 2 START
2019-12-20 01:18:45.538 13644 RALLYDEBUG rally.task.runner [-] Starting a worker. times: 10 duration: None concurrency: 1 timeout: 0 cls: method_name: run args: {"users_per_tenant": 10}
2019-12-20 01:18:45.540 13641 INFO rally.task.runner [-] Task 9c1baca5-6a38-4be6-940a-cf7f08f8ba0c | ITER: 3 START
2019-12-20 01:18:45.543 13644 INFO rally.task.runner [-] Task 9c1baca5-6a38-4be6-940a-cf7f08f8ba0c | ITER: 4 START
2019-12-20 01:18:50.551 13641 INFO rally.task.runner [-] Task 9c1baca5-6a38-4be6-940a-cf7f08f8ba0c | ITER: 3 END: OK
2019-12-20 01:18:50.554 13641 INFO rally.task.runner [-] Task 9c1baca5-6a38-4be6-940a-cf7f08f8ba0c | ITER: 5 START
2019-12-20 01:18:50.660 13639 INFO rally.task.runner [-] Task 9c1baca5-6a38-4be6-940a-cf7f08f8ba0c | ITER: 1 END: OK
2019-12-20 01:18:50.662 13639 INFO rally.task.runner [-] Task 9c1baca5-6a38-4be6-940a-cf7f08f8ba0c | ITER: 6 START
2019-12-20 01:18:50.681 13640 INFO rally.task.runner [-] Task 9c1baca5-6a38-4be6-940a-cf7f08f8ba0c | ITER: 2 END: OK
2019-12-20 01:18:50.683 13640 INFO rally.task.runner [-] Task 9c1baca5-6a38-4be6-940a-cf7f08f8ba0c | ITER: 7 START
2019-12-20 01:18:50.703 13644 INFO rally.task.runner [-] Task 9c1baca5-6a38-4be6-940a-cf7f08f8ba0c | ITER: 4 END: OK
2019-12-20 01:18:50.706 13644 INFO rally.task.runner [-] Task 9c1baca5-6a38-4be6-940a-cf7f08f8ba0c | ITER: 8 START
2019-12-20 01:18:55.504 13641 INFO rally.task.runner [-] Task 9c1baca5-6a38-4be6-940a-cf7f08f8ba0c | ITER: 5 END: OK
2019-12-20 01:18:55.507 13641 INFO rally.task.runner [-] Task 9c1baca5-6a38-4be6-940a-cf7f08f8ba0c | ITER: 9 START
2019-12-20 01:18:55.582 13639 INFO rally.task.runner [-] Task 9c1baca5-6a38-4be6-940a-cf7f08f8ba0c | ITER: 6 END: OK
2019-12-20 01:18:55.584 13639 INFO rally.task.runner [-] Task 9c1baca5-6a38-4be6-940a-cf7f08f8ba0c | ITER: 10 START
2019-12-20 01:18:55.643 13640 INFO rally.task.runner [-] Task 9c1baca5-6a38-4be6-940a-cf7f08f8ba0c | ITER: 7 END: OK
2019-12-20 01:18:55.713 13644 INFO rally.task.runner [-] Task 9c1baca5-6a38-4be6-940a-cf7f08f8ba0c | ITER: 8 END: OK
2019-12-20 01:19:00.718 13641 INFO rally.task.runner [-] Task 9c1baca5-6a38-4be6-940a-cf7f08f8ba0c | ITER: 9 END: OK
2019-12-20 01:19:00.787 13639 INFO rally.task.runner [-] Task 9c1baca5-6a38-4be6-940a-cf7f08f8ba0c | ITER: 10 END: OK
2019-12-20 01:19:00.813 11675 INFO rally.task.context [-] Task 9c1baca5-6a38-4be6-940a-cf7f08f8ba0c | Context admin_cleanup@openstack cleanup() started
2019-12-20 01:19:00.816 11675 RALLYDEBUG rally_openstack.cleanup.manager [-] Cleaning up keystone user objects
2019-12-20 01:19:01.596 11675 RALLYDEBUG rally_openstack.cleanup.manager [-] Deleting keystone.user object s_rally_f3a89126_GrODCRT0 (0012b8dbe320484c99b059a8487cb788)
2019-12-20 01:19:01.606 11675 RALLYDEBUG rally_openstack.cleanup.manager [-] Deleting keystone.user object s_rally_f3a89126_mLERfRST (01e551d0376949ee881c36ff67d80bf3)
2019-12-20 01:19:01.614 11675 RALLYDEBUG rally_openstack.cleanup.manager [-] Deleting keystone.user object s_rally_f3a89126_0ZmjPily (04756134e0814f95a8d219c7c1ff623c)
2019-12-20 01:19:01.623 11675 RALLYDEBUG rally_openstack.cleanup.manager [-] Deleting keystone.user object s_rally_f3a89126_WslEDBxz (07089e77e2cd49448e247e1d1608d744)
2019-12-20 01:19:01.630 11675 RALLYDEBUG rally_openstack.cleanup.manager [-] Deleting keystone.user object s_rally_f3a89126_AnVkSng9 (096f347f36a84412ab5a3c18c680840f)
2019-12-20 01:19:01.643 11675 RALLYDEBUG rally_openstack.cleanup.manager [-] Deleting keystone.user object s_rally_f3a89126_rIR0MIxb (10f2980f5ccc4f06b53e8588cf089cdd)
2019-12-20 01:19:01.647 11675 RALLYDEBUG rally_openstack.cleanup.manager [-] Deleting keystone.user object s_rally_f3a89126_X7BBtgSO (126a249d4cda42b78ae252baa69c33a0)
2019-12-20 01:19:01.656 11675 RALLYDEBUG rally_openstack.cleanup.manager [-] Deleting keystone.user object s_rally_f3a89126_YwscuqrY (13d9be603af4466ba43bcdc5c3353ad4)
2019-12-20 01:19:01.666 11675 RALLYDEBUG rally_openstack.cleanup.manager [-] Deleting keystone.user object s_rally_f3a89126_4vY42yh0 (16503aaf7a3f4ccfa61a3d24c4eb3134)
2019-12-20 01:19:01.681 11675 RALLYDEBUG rally_openstack.cleanup.manager [-] Deleting keystone.user object s_rally_f3a89126_yL91rjK0 (1adc417ba468457e9871db90f7895a5b)
2019-12-20 01:19:01.701 11675 RALLYDEBUG rally_openstack.cleanup.manager [-] Deleting keystone.user object s_rally_f3a89126_gUQ07LYs (1d97154af27d4443b57bf94da57cf690)
2019-12-20 01:19:01.728 11675 RALLYDEBUG rally_openstack.cleanup.manager [-] Deleting keystone.user object s_rally_f3a89126_59CYjcdO (2158ebfbaba94de3b9f04d3a22173839)
2019-12-20 01:19:01.743 11675 RALLYDEBUG rally_openstack.cleanup.manager [-] Deleting keystone.user object s_rally_f3a89126_EPxrP5dw (2509609502824e59993c20ef9988bb44)
2019-12-20 01:19:01.748 11675 RALLYDEBUG rally_openstack.cleanup.manager [-] Deleting keystone.user object s_rally_f3a89126_uEU6XmPN (25cc7f8bcc4f4ceaab49e3b7b431ae2e)
2019-12-20 01:19:01.760 11675 RALLYDEBUG rally_openstack.cleanup.manager [-] Deleting keystone.user object s_rally_f3a89126_uHN2Gb6T (28f226a566274f8fb473094839f3eebf)
2019-12-20 01:19:01.771 11675 RALLYDEBUG rally_openstack.cleanup.manager [-] Deleting keystone.user object s_rally_f3a89126_gdtbX9yo (297622111f874e9ebe1b04499330531e)
2019-12-20 01:19:01.783 11675 RALLYDEBUG rally_openstack.cleanup.manager [-] Deleting keystone.user object s_rally_f3a89126_5McOzvs6 (2fef3071eb70492e869cd0915ca6cbfd)
2019-12-20 01:19:01.799 11675 RALLYDEBUG rally_openstack.cleanup.manager [-] Deleting keystone.user object s_rally_f3a89126_w2CtS1ke (3027000c0b6747f9a7c6f6d87e63959a)
2019-12-20 01:19:01.816 11675 RALLYDEBUG rally_openstack.cleanup.manager [-] Deleting keystone.user object s_rally_f3a89126_bmh5ahLH (30c40b228a2b4641ace5b88384d3929e)
2019-12-20 01:19:01.827 11675 RALLYDEBUG rally_openstack.cleanup.manager [-] Deleting keystone.user object s_rally_f3a89126_1Fd131IL (3504273f35f8488eba519f0508142c2b)
2019-12-20 01:19:03.882 11675 RALLYDEBUG rally_openstack.cleanup.manager [-] Deleting keystone.user object s_rally_f3a89126_PdbYCFId (3a86c00c12ae427c93a390ff449b6a9a)
2019-12-20 01:19:03.893 11675 RALLYDEBUG rally_openstack.cleanup.manager [-] Deleting keystone.user object s_rally_f3a89126_j12m4swq (3ff8cacb39a64494ad4f5dd1ae4bc922)
2019-12-20 01:19:03.901 11675 RALLYDEBUG rally_openstack.cleanup.manager [-] Deleting keystone.user object s_rally_f3a89126_5mnjmgc7 (405097d64742439397980fff4c7a3c1d)
2019-12-20 01:19:03.963 11675 RALLYDEBUG rally_openstack.cleanup.manager [-] Deleting keystone.user object s_rally_f3a89126_bq01lvup (407ce235b65645aaadbd0935aeca7a61)
2019-12-20 01:19:03.984 11675 RALLYDEBUG rally_openstack.cleanup.manager [-] Deleting keystone.user object s_rally_f3a89126_bziCeTtS (42df81224e7f46a7982ad035a369f9b6)
2019-12-20 01:19:04.011 11675 RALLYDEBUG rally_openstack.cleanup.manager [-] Deleting keystone.user object s_rally_f3a89126_1yNugGcU (4657cf31b3a148218746bd5d068c036e)
2019-12-20 01:19:04.042 11675 RALLYDEBUG rally_openstack.cleanup.manager [-] Deleting keystone.user object s_rally_f3a89126_ofXcWEq5 (4984911fff2341eeb91affd789f33520)
2019-12-20 01:19:04.046 11675 RALLYDEBUG rally_openstack.cleanup.manager [-] Deleting keystone.user object s_rally_f3a89126_SyBxtCG6 (49ecf4eda5044b6a9b658e762e023c9b)
2019-12-20 01:19:04.087 11675 RALLYDEBUG rally_openstack.cleanup.manager [-] Deleting keystone.user object s_rally_f3a89126_yaNZgzmd (4bda9d769fe94deab45a4719983e16cd)
2019-12-20 01:19:04.102 11675 RALLYDEBUG rally_openstack.cleanup.manager [-] Deleting keystone.user object s_rally_f3a89126_Nkr1p5sL (4c695738c4f24a52bdf15996476f35a1)
2019-12-20 01:19:04.121 11675 RALLYDEBUG rally_openstack.cleanup.manager [-] Deleting keystone.user object s_rally_f3a89126_rXGkIJ72 (57603406108f4df28fedf5fbd04bd7a6)
2019-12-20 01:19:04.127 11675 RALLYDEBUG rally_openstack.cleanup.manager [-] Deleting keystone.user object s_rally_f3a89126_CfGtOXC7 (56473f1574c148c69e9df538dfabe2d7)
2019-12-20 01:19:04.155 11675 RALLYDEBUG rally_openstack.cleanup.manager [-] Deleting keystone.user object s_rally_f3a89126_R5BHScqJ (5b595815d00a4dbcad0deaef53e9698e)
2019-12-20 01:19:04.163 11675 RALLYDEBUG rally_openstack.cleanup.manager [-] Deleting keystone.user object s_rally_f3a89126_nFvpRE7O (60c75371d40f45e3ba3d9d225d12cae1)
2019-12-20 01:19:04.231 11675 RALLYDEBUG rally_openstack.cleanup.manager [-] Deleting keystone.user object s_rally_f3a89126_PUumsxlB (610ca3167ada4ed394e33810b9390042)
2019-12-20 01:19:04.240 11675 RALLYDEBUG rally_openstack.cleanup.manager [-] Deleting keystone.user object s_rally_f3a89126_V5zdEeS4 (627ab13ce4144719a832eeaf229c5d8c)
2019-12-20 01:19:04.291 11675 RALLYDEBUG rally_openstack.cleanup.manager [-] Deleting keystone.user object s_rally_f3a89126_BLDejH2Q (62911e0190e049cc94f0ee99548def90)
2019-12-20 01:19:04.299 11675 RALLYDEBUG rally_openstack.cleanup.manager [-] Deleting keystone.user object s_rally_f3a89126_kCMj0W0Q (633cd986ec8a4531a681a3c9768e7232)
2019-12-20 01:19:04.303 11675 RALLYDEBUG rally_openstack.cleanup.manager [-] Deleting keystone.user object s_rally_f3a89126_xzxOCrXh (672ab32c0db84a2db5e8daf63ccefe5c)
2019-12-20 01:19:04.326 11675 RALLYDEBUG rally_openstack.cleanup.manager [-] Deleting keystone.user object s_rally_f3a89126_ez8NF9KS (6d025b37d5c249779b70ed9238bf2534)
2019-12-20 01:19:05.833 11675 RALLYDEBUG rally_openstack.cleanup.manager [-] Deleting keystone.user object s_rally_f3a89126_foZkerxu (705ca2bde60f4ef09e3d4a608b6e7415)
2019-12-20 01:19:06.063 11675 RALLYDEBUG rally_openstack.cleanup.manager [-] Deleting keystone.user object s_rally_f3a89126_5oX37PU2 (757517756af04955875424d73cbc03f3)
2019-12-20 01:19:06.117 11675 RALLYDEBUG rally_openstack.cleanup.manager [-] Deleting keystone.user object s_rally_f3a89126_ZoYncpQC (7641cae9c5cc4b119338521799090f91)
2019-12-20 01:19:06.126 11675 RALLYDEBUG rally_openstack.cleanup.manager [-] Deleting keystone.user object s_rally_f3a89126_cmCWAopO (7a944307c9454de5b095434821f96934)
2019-12-20 01:19:06.134 11675 RALLYDEBUG rally_openstack.cleanup.manager [-] Deleting keystone.user object s_rally_f3a89126_klNqfmxk (7b2e0bcc658049969b72b4768e83d167)
2019-12-20 01:19:06.142 11675 RALLYDEBUG rally_openstack.cleanup.manager [-] Deleting keystone.user object s_rally_f3a89126_ODGZuqrE (7d7260701e2a48ee8ba53a33b83ee666)
2019-12-20 01:19:06.210 11675 RALLYDEBUG rally_openstack.cleanup.manager [-] Deleting keystone.user object s_rally_f3a89126_CQkBJKit (7eb567ea36ab4845b293d1ad4927998c)
2019-12-20 01:19:06.226 11675 RALLYDEBUG rally_openstack.cleanup.manager [-] Deleting keystone.user object s_rally_f3a89126_5BNSXaQ3 (803b233ebd87459e93e0c9adf54a57fd)
2019-12-20 01:19:06.373 11675 RALLYDEBUG rally_openstack.cleanup.manager [-] Deleting keystone.user object s_rally_f3a89126_cs7hsfbC (806d15be564a4f908f8f19aa5cd9e668)
2019-12-20 01:19:06.507 11675 RALLYDEBUG rally_openstack.cleanup.manager [-] Deleting keystone.user object s_rally_f3a89126_79DWYSWB (8ce8d3f05e5448ffb46763cdc499eabd)
2019-12-20 01:19:06.525 11675 RALLYDEBUG rally_openstack.cleanup.manager [-] Deleting keystone.user object s_rally_f3a89126_oqyRkzFo (90dbfbc58cba48b188d60783ee991cdb)
2019-12-20 01:19:06.528 11675 RALLYDEBUG rally_openstack.cleanup.manager [-] Deleting keystone.user object s_rally_f3a89126_m3VZPATO (920833a974ba4c2da02e6e36fd1917b7)
2019-12-20 01:19:06.531 11675 RALLYDEBUG rally_openstack.cleanup.manager [-] Deleting keystone.user object s_rally_f3a89126_DdCuOR7I (941e38492b0849a1af5cfec40d3fe97c)
2019-12-20 01:19:06.534 11675 RALLYDEBUG rally_openstack.cleanup.manager [-] Deleting keystone.user object s_rally_f3a89126_yz46HErX (9464b9a103d1441c80ba39686c638483)
2019-12-20 01:19:06.547 11675 RALLYDEBUG rally_openstack.cleanup.manager [-] Deleting keystone.user object s_rally_f3a89126_de31MnMQ (94c866c15589431bafec98f5346b9b81)
2019-12-20 01:19:06.554 11675 RALLYDEBUG rally_openstack.cleanup.manager [-] Deleting keystone.user object s_rally_f3a89126_NU7etBGu (958741028d054fe1bb7607e7a815153a)
2019-12-20 01:19:06.557 11675 RALLYDEBUG rally_openstack.cleanup.manager [-] Deleting keystone.user object s_rally_f3a89126_Oi0n1WaO (96b01ca4d2a848cb8cf19402cf8ae6f3)
2019-12-20 01:19:06.560 11675 RALLYDEBUG rally_openstack.cleanup.manager [-] Deleting keystone.user object s_rally_f3a89126_WIx04Ktq (98de7405e74d414783765824cdf76c71)
2019-12-20 01:19:06.579 11675 RALLYDEBUG rally_openstack.cleanup.manager [-] Deleting keystone.user object s_rally_f3a89126_VPog9ApD (99b89bbc9e204cf195f49bd0da3e8185)
2019-12-20 01:19:06.780 11675 RALLYDEBUG rally_openstack.cleanup.manager [-] Deleting keystone.user object s_rally_f3a89126_cjlOVOXi (9a4ce2bc401e4634a14235eb4e8912f5)
2019-12-20 01:19:07.813 11675 RALLYDEBUG rally_openstack.cleanup.manager [-] Deleting keystone.user object s_rally_f3a89126_XHztBtux (9c80f0de7b4b4c359b7a269a1f634b27)
2019-12-20 01:19:08.095 11675 RALLYDEBUG rally_openstack.cleanup.manager [-] Deleting keystone.user object s_rally_f3a89126_urx9WPIK (9f723a0b7f064d3cbe954f3e46e5628f)
2019-12-20 01:19:08.128 11675 RALLYDEBUG rally_openstack.cleanup.manager [-] Deleting keystone.user object s_rally_f3a89126_xMyZKzaE (a1e1a07de0a743a38444bf2634d68160)
2019-12-20 01:19:08.132 11675 RALLYDEBUG rally_openstack.cleanup.manager [-] Deleting keystone.user object s_rally_f3a89126_TxyrRfZk (a1f59ae4383740cdbd58e7a464fa28c7)
2019-12-20 01:19:08.171 11675 RALLYDEBUG rally_openstack.cleanup.manager [-] Deleting keystone.user object s_rally_f3a89126_WrcoRDHv (a8c10eb10d1c407889c62d911cf34e8c)
2019-12-20 01:19:08.186 11675 RALLYDEBUG rally_openstack.cleanup.manager [-] Deleting keystone.user object s_rally_f3a89126_b4GYd6SH (aad472df15894822be1e8d582c7bccb9)
2019-12-20 01:19:08.189 11675 RALLYDEBUG rally_openstack.cleanup.manager [-] Deleting keystone.user object s_rally_f3a89126_GZgaQpSI (acfb0927f3914893930fcbd4229a5852)
2019-12-20 01:19:08.293 11675 RALLYDEBUG rally_openstack.cleanup.manager [-] Deleting keystone.user object s_rally_f3a89126_QGJQi14p (ad465cc1406144b19e8df2bfc3953141)
2019-12-20 01:19:08.575 11675 RALLYDEBUG rally_openstack.cleanup.manager [-] Deleting keystone.user object s_rally_f3a89126_DxQWEyhR (ad4a1e3befbd4c2d8ad58106017b4c38)
2019-12-20 01:19:08.598 11675 RALLYDEBUG rally_openstack.cleanup.manager [-] Deleting keystone.user object s_rally_f3a89126_27zVsSPJ (b21ee947918b473c9ff37e2f2e8545ff)
2019-12-20 01:19:08.618 11675 RALLYDEBUG rally_openstack.cleanup.manager [-] Deleting keystone.user object s_rally_f3a89126_r1zHHx07 (b22f93c76a45419b8e1e2345b154d9d2)
2019-12-20 01:19:08.627 11675 RALLYDEBUG rally_openstack.cleanup.manager [-] Deleting keystone.user object s_rally_f3a89126_ZjxAbY4y (b4c0c0e4225a4dc98bc1a09dfd004082)
2019-12-20 01:19:08.635 11675 RALLYDEBUG rally_openstack.cleanup.manager [-] Deleting keystone.user object s_rally_f3a89126_z50b8xxn (b9c40bf3319940cfa6741024ea84c9ab)
2019-12-20 01:19:08.645 11675 RALLYDEBUG rally_openstack.cleanup.manager [-] Deleting keystone.user object s_rally_f3a89126_Zm6J5fgm (bbfd4d53fe7d425685db74330425baa3)
2019-12-20 01:19:08.739 11675 RALLYDEBUG rally_openstack.cleanup.manager [-] Deleting keystone.user object s_rally_f3a89126_oZBLYSLO (bdcacd86a7dc4434bb47cf13ad4be5bc)
2019-12-20 01:19:08.865 11675 RALLYDEBUG rally_openstack.cleanup.manager [-] Deleting keystone.user object s_rally_f3a89126_RKQ8DzA7 (bdd24d90bc114ae6a3bea31e8b4a1622)
2019-12-20 01:19:08.934 11675 RALLYDEBUG rally_openstack.cleanup.manager [-] Deleting keystone.user object s_rally_f3a89126_dvXFRaxI (c0642523ca3c45089d5df7955b78fa72)
2019-12-20 01:19:08.976 11675 RALLYDEBUG rally_openstack.cleanup.manager [-] Deleting keystone.user object s_rally_f3a89126_4FYYy7DX (c0aa4a028d544d9aa243e3a5597dea13)
2019-12-20 01:19:08.988 11675 RALLYDEBUG rally_openstack.cleanup.manager [-] Deleting keystone.user object s_rally_f3a89126_CF8MuPsU (c3a1a5cd9ae247b39dfb9bf4e8ad9b4b)
2019-12-20 01:19:08.995 11675 RALLYDEBUG rally_openstack.cleanup.manager [-] Deleting keystone.user object s_rally_f3a89126_y2WfTYmV (c3adefb1e5f44034ac8e2c715ae5d990)
2019-12-20 01:19:09.755 11675 RALLYDEBUG rally_openstack.cleanup.manager [-] Deleting keystone.user object s_rally_f3a89126_CniUddl2 (c654e24df851463a844d28e9e090323e)
2019-12-20 01:19:09.915 11675 RALLYDEBUG rally_openstack.cleanup.manager [-] Deleting keystone.user object s_rally_f3a89126_rYO3M8xB (ca22ec186aa24d0baa55a60771072169)
2019-12-20 01:19:10.086 11675 RALLYDEBUG rally_openstack.cleanup.manager [-] Deleting keystone.user object s_rally_f3a89126_4wzp00aX (cc6739e41180463cbf19e397f40ce688)
2019-12-20 01:19:10.123 11675 RALLYDEBUG rally_openstack.cleanup.manager [-] Deleting keystone.user object s_rally_f3a89126_2TZtoY1y (cc96549331fb4a7bb79f46251bd43f02)
2019-12-20 01:19:10.284 11675 RALLYDEBUG rally_openstack.cleanup.manager [-] Deleting keystone.user object s_rally_f3a89126_ESzeiIQQ (ceb11f08cf3d48c0a12ca4b6c10d8825)
2019-12-20 01:19:10.295 11675 RALLYDEBUG rally_openstack.cleanup.manager [-] Deleting keystone.user object s_rally_f3a89126_USL1r96E (d3eacbf3252046569b18d563f4c5a41c)
2019-12-20 01:19:10.327 11675 RALLYDEBUG rally_openstack.cleanup.manager [-] Deleting keystone.user object s_rally_f3a89126_6uAAVYFy (d69ca4067e7b4555b3863fad16278303)
2019-12-20 01:19:10.336 11675 RALLYDEBUG rally_openstack.cleanup.manager [-] Deleting keystone.user object s_rally_f3a89126_eL8CCzaK (d8f29ce75fde49b1904e0ccf3de6c53f)
2019-12-20 01:19:10.570 11675 RALLYDEBUG rally_openstack.cleanup.manager [-] Deleting keystone.user object s_rally_f3a89126_W1reP54m (dbf7ec475f1f49cb81922751a78d7583)
2019-12-20 01:19:10.609 11675 RALLYDEBUG rally_openstack.cleanup.manager [-] Deleting keystone.user object s_rally_f3a89126_tG2zirQy (dc6085aba35847e29652004a89553e81)
2019-12-20 01:19:10.724 11675 RALLYDEBUG rally_openstack.cleanup.manager [-] Deleting keystone.user object s_rally_f3a89126_t1OlARez (dd1a173bfbd34c57a74a45f144d6f7be)
2019-12-20 01:19:10.738 11675 RALLYDEBUG rally_openstack.cleanup.manager [-] Deleting keystone.user object s_rally_f3a89126_IvMTV3dp (e14e17b5bb5f44e98897e57c151a872b)
2019-12-20 01:19:10.756 11675 RALLYDEBUG rally_openstack.cleanup.manager [-] Deleting keystone.user object s_rally_f3a89126_TESRu1Zv (e76bf5cac94a47f8a69aa511f76e7106)
2019-12-20 01:19:10.764 11675 RALLYDEBUG rally_openstack.cleanup.manager [-] Deleting keystone.user object s_rally_f3a89126_SCX07UsS (ec93419c7b2b4d12bdd19ec1b69bff7e)
2019-12-20 01:19:10.776 11675 RALLYDEBUG rally_openstack.cleanup.manager [-] Deleting keystone.user object s_rally_f3a89126_qhJsdY4m (eda53bc6dbf344418d0ff74747bf194a)
2019-12-20 01:19:10.951 11675 RALLYDEBUG rally_openstack.cleanup.manager [-] Deleting keystone.user object s_rally_f3a89126_AMVnOUpU (f4f5d365dd5541aea86a098440ecab3d)
2019-12-20 01:19:10.976 11675 RALLYDEBUG rally_openstack.cleanup.manager [-] Deleting keystone.user object s_rally_f3a89126_thnB8N9q (f622f853b3fe451eb3833280e9dc9cdc)
2019-12-20 01:19:10.979 11675 RALLYDEBUG rally_openstack.cleanup.manager [-] Deleting keystone.user object s_rally_f3a89126_PDDdTLJS (f81c43df18a34f39b27e86e94a0b1e45)
2019-12-20 01:19:10.992 11675 RALLYDEBUG rally_openstack.cleanup.manager [-] Deleting keystone.user object s_rally_f3a89126_fRK9Yr8p (f8d9ddacaaea4a9ba5ef0514e5868a6b)
2019-12-20 01:19:11.004 11675 RALLYDEBUG rally_openstack.cleanup.manager [-] Deleting keystone.user object s_rally_f3a89126_q7uiMgrq (fd82e96e61474b9dadebb59acd0bc454)
2019-12-20 01:19:13.094 11675 RALLYDEBUG rally_openstack.cleanup.manager [-] Cleaning up keystone project objects
2019-12-20 01:19:13.964 11675 RALLYDEBUG rally_openstack.cleanup.manager [-] Deleting keystone.project object s_rally_f3a89126_EshkHjH1 (422b9edb3e43474ea295faf197d19688)
2019-12-20 01:19:13.968 11675 RALLYDEBUG rally_openstack.cleanup.manager [-] Deleting keystone.project object s_rally_f3a89126_bvd7i0MB (4c56086e1d2c4c778243794cf1f880d2)
2019-12-20 01:19:13.983 11675 RALLYDEBUG rally_openstack.cleanup.manager [-] Deleting keystone.project object s_rally_f3a89126_Hk4sMTeW (706a26f3d3b54484bf11344b6c746ffc)
2019-12-20 01:19:13.994 11675 RALLYDEBUG rally_openstack.cleanup.manager [-] Deleting keystone.project object s_rally_f3a89126_9LwSxqYa (92d0903fcc0e4977af86d6ee093c1806)
2019-12-20 01:19:13.998 11675 RALLYDEBUG rally_openstack.cleanup.manager [-] Deleting keystone.project object s_rally_f3a89126_0xA0T9Vl (ab6e08fd7fb847069d58a246c9874da7)
2019-12-20 01:19:14.003 11675 RALLYDEBUG rally_openstack.cleanup.manager [-] Deleting keystone.project object s_rally_f3a89126_XXJIZsN6 (b3291e325ce94da88b7b8cceb36e0aff)
2019-12-20 01:19:14.012 11675 RALLYDEBUG rally_openstack.cleanup.manager [-] Deleting keystone.project object s_rally_f3a89126_cx36wcEK (b6202706f0dc4f5f8452c71834531cfc)
2019-12-20 01:19:14.023 11675 RALLYDEBUG rally_openstack.cleanup.manager [-] Deleting keystone.project object s_rally_f3a89126_ylhkyPh3 (d3d1b818984741f8bcb64225bd89a316)
2019-12-20 01:19:14.026 11675 RALLYDEBUG rally_openstack.cleanup.manager [-] Deleting keystone.project object s_rally_f3a89126_dCQb7rqI (d47b3552aea94e218c942aae87947cbc)
2019-12-20 01:19:14.032 11675 RALLYDEBUG rally_openstack.cleanup.manager [-] Deleting keystone.project object s_rally_f3a89126_uRyFwOW8 (e29a7e6d156046c6b58ee0c1173df94f)
2019-12-20 01:19:16.129 11675 RALLYDEBUG rally_openstack.cleanup.manager [-] Cleaning up keystone service objects
2019-12-20 01:19:16.982 11675 RALLYDEBUG rally_openstack.cleanup.manager [-] Cleaning up keystone role objects
2019-12-20 01:19:17.733 11675 INFO rally.task.context [-] Task 9c1baca5-6a38-4be6-940a-cf7f08f8ba0c | Context admin_cleanup@openstack cleanup() finished in 16.92 sec
2019-12-20 01:19:17.733 11675 INFO rally.task.context [-] Task 9c1baca5-6a38-4be6-940a-cf7f08f8ba0c | Context users@openstack cleanup() started
2019-12-20 01:19:20.759 11675 INFO rally.task.context [-] Task 9c1baca5-6a38-4be6-940a-cf7f08f8ba0c | Context users@openstack cleanup() finished in 3.03 sec
2019-12-20 01:19:21.614 11675 INFO rally.task.engine [-] Load duration is: 13.949232
2019-12-20 01:19:21.615 11675 INFO rally.task.engine [-] Full runner duration is: 15.297214
2019-12-20 01:19:21.615 11675 INFO rally.task.engine [-] Full duration is: 37.518889
2019-12-20 01:19:21.897 11675 INFO rally.task.engine [-] Task 9c1baca5-6a38-4be6-940a-cf7f08f8ba0c | Completed: Running task.
2019-12-20 01:19:23.414 13781 RALLYDEBUG rally.api [-] INFO logs from urllib3 and requests module are hide.
2019-12-20 01:19:23.414 13781 RALLYDEBUG rally.api [-] urllib3 insecure warnings are hidden.
2019-12-20 01:19:23.414 13781 RALLYDEBUG rally.api [-] ERROR log from boto module is hide.
2019-12-20 01:19:24.620 13782 RALLYDEBUG rally.api [-] INFO logs from urllib3 and requests module are hide.
2019-12-20 01:19:24.620 13782 RALLYDEBUG rally.api [-] urllib3 insecure warnings are hidden.
2019-12-20 01:19:24.620 13782 RALLYDEBUG rally.api [-] ERROR log from boto module is hide.
2019-12-20 01:19:25.898 13783 RALLYDEBUG rally.api [-] INFO logs from urllib3 and requests module are hide.
2019-12-20 01:19:25.898 13783 RALLYDEBUG rally.api [-] urllib3 insecure warnings are hidden.
2019-12-20 01:19:25.898 13783 RALLYDEBUG rally.api [-] ERROR log from boto module is hide.
2019-12-20 01:19:27.567 13783 INFO rally.api [-] Building 'json' report for the following task(s): '9c1baca5-6a38-4be6-940a-cf7f08f8ba0c'.
2019-12-20 01:19:27.594 13783 INFO rally.api [-] The report has been successfully built.
2019-12-20 01:19:29.001 13785 RALLYDEBUG rally.api [-] INFO logs from urllib3 and requests module are hide.
2019-12-20 01:19:29.002 13785 RALLYDEBUG rally.api [-] urllib3 insecure warnings are hidden.
2019-12-20 01:19:29.002 13785 RALLYDEBUG rally.api [-] ERROR log from boto module is hide.
2019-12-20 01:19:31.117 13785 INFO rally.task.engine [-] Task 3acac26d-d59f-4247-8a29-57c0db0b4acf | Starting: Task validation.
2019-12-20 01:19:31.191 13785 INFO rally.task.engine [-] Task 3acac26d-d59f-4247-8a29-57c0db0b4acf | Starting: Task validation of syntax.
2019-12-20 01:19:31.487 13785 INFO rally.task.engine [-] Task 3acac26d-d59f-4247-8a29-57c0db0b4acf | Completed: Task validation of syntax.
2019-12-20 01:19:31.487 13785 INFO rally.task.engine [-] Task 3acac26d-d59f-4247-8a29-57c0db0b4acf | Starting: Task validation of required platforms.
2019-12-20 01:19:31.588 13785 INFO rally.task.engine [-] Task 3acac26d-d59f-4247-8a29-57c0db0b4acf | Completed: Task validation of required platforms.
2019-12-20 01:19:31.589 13785 INFO rally.task.engine [-] Task 3acac26d-d59f-4247-8a29-57c0db0b4acf | Starting: Task validation of semantic.
2019-12-20 01:19:31.589 13785 INFO rally.task.engine [-] Check health of the environment '8363868b-25da-4284-b3e4-5ec1a9f15510'.
2019-12-20 01:19:32.603 13785 INFO rally.task.engine [-] Platform existing@openstack (available: True): OK!
2019-12-20 01:19:32.623 13785 RALLYDEBUG rally_openstack.contexts.keystone.users [-] Creating 1 tenants using 20 threads
2019-12-20 01:19:33.463 13785 RALLYDEBUG rally_openstack.contexts.keystone.users [-] Creating 1 users using 20 threads
2019-12-20 01:19:34.839 13785 INFO rally.task.context [-] Task 3acac26d-d59f-4247-8a29-57c0db0b4acf | Context users@openstack setup() finished in 2.22 sec
2019-12-20 01:19:41.390 13785 INFO rally.task.context [-] Task 3acac26d-d59f-4247-8a29-57c0db0b4acf | Context users@openstack cleanup() started
2019-12-20 01:19:44.460 13785 INFO rally.task.context [-] Task 3acac26d-d59f-4247-8a29-57c0db0b4acf | Context users@openstack cleanup() finished in 3.07 sec
2019-12-20 01:19:44.461 13785 INFO rally.task.engine [-] Task 3acac26d-d59f-4247-8a29-57c0db0b4acf | Completed: Task validation of semantic.
2019-12-20 01:19:44.461 13785 INFO rally.task.engine [-] Task 3acac26d-d59f-4247-8a29-57c0db0b4acf | Completed: Task validation.
2019-12-20 01:19:44.462 13785 INFO rally.api [-] Task 3acac26d-d59f-4247-8a29-57c0db0b4acf input file is valid.
2019-12-20 01:19:44.462 13785 INFO rally.api [-] Run Task 3acac26d-d59f-4247-8a29-57c0db0b4acf against Deployment 8363868b-25da-4284-b3e4-5ec1a9f15510
2019-12-20 01:19:44.462 13785 INFO rally.task.engine [-] Task 3acac26d-d59f-4247-8a29-57c0db0b4acf | Starting: Running task.
2019-12-20 01:19:44.652 13785 INFO rally.task.engine [-] Running workload: position = 0 config = { "version": 2, "title": "A cropped version of a bigger task.", "description": "Auto-generated task from a single workload (uuid=fb8348a4-74e5-4649-8f4b-48ca483e1ae2)", "subtasks": [ { "title": "NeutronNetworks.create_and_update_networks", "description": "Create and update a network.", "scenario": { "NeutronNetworks.create_and_update_networks": { "network_create_args": {}, "network_update_args": { "admin_state_up": false } } }, "contexts": { "users": { "tenants": 3, "users_per_tenant": 2 }, "quotas": { "neutron": { "network": -1 } } }, "runner": { "constant": { "concurrency": 4, "times": 10 } }, "hooks": [], "sla": { "failure_rate": { "max": 0 } } } ] }
2019-12-20 01:19:44.676 13785 RALLYDEBUG rally_openstack.contexts.keystone.users [-] Creating 3 tenants using 20 threads
2019-12-20 01:19:45.630 13785 RALLYDEBUG rally_openstack.contexts.keystone.users [-] Creating 6 users using 20 threads
2019-12-20 01:19:47.171 13785 INFO rally.task.context [-] Task 3acac26d-d59f-4247-8a29-57c0db0b4acf | Context users@openstack setup() finished in 2.49 sec
2019-12-20 01:19:48.002 13785 INFO rally.task.context [-] Task 3acac26d-d59f-4247-8a29-57c0db0b4acf | Context quotas@openstack setup() finished in 0.83 sec
2019-12-20 01:19:48.003 13785 INFO rally.task.context [-] Task 3acac26d-d59f-4247-8a29-57c0db0b4acf | Context cleanup@openstack setup() finished in 0.03 msec
2019-12-20 01:19:48.015 13785 RALLYDEBUG rally.task.runner [-] Starting the constant runner (task UUID: 3acac26d-d59f-4247-8a29-57c0db0b4acf). times: 10 concurrency: 4 timeout: 0 max_cpu_used: 16 processes_to_start: 4 concurrency_per_worker: 1 concurrency_overhead: 0
2019-12-20 01:19:48.028 13909 RALLYDEBUG rally.task.runner [-] Starting a worker. times: 10 duration: None concurrency: 1 timeout: 0 cls: method_name: run args: {"network_create_args": {}, "network_update_args": {"admin_state_up": false}}
2019-12-20 01:19:48.031 13910 RALLYDEBUG rally.task.runner [-] Starting a worker. times: 10 duration: None concurrency: 1 timeout: 0 cls: method_name: run args: {"network_create_args": {}, "network_update_args": {"admin_state_up": false}}
2019-12-20 01:19:48.035 13909 INFO rally.task.runner [-] Task 3acac26d-d59f-4247-8a29-57c0db0b4acf | ITER: 1 START
2019-12-20 01:19:48.035 13911 RALLYDEBUG rally.task.runner [-] Starting a worker. times: 10 duration: None concurrency: 1 timeout: 0 cls: method_name: run args: {"network_create_args": {}, "network_update_args": {"admin_state_up": false}}
2019-12-20 01:19:48.037 13910 INFO rally.task.runner [-] Task 3acac26d-d59f-4247-8a29-57c0db0b4acf | ITER: 2 START
2019-12-20 01:19:48.038 13912 RALLYDEBUG rally.task.runner [-] Starting a worker. times: 10 duration: None concurrency: 1 timeout: 0 cls: method_name: run args: {"network_create_args": {}, "network_update_args": {"admin_state_up": false}}
2019-12-20 01:19:48.041 13911 INFO rally.task.runner [-] Task 3acac26d-d59f-4247-8a29-57c0db0b4acf | ITER: 3 START
2019-12-20 01:19:48.045 13912 INFO rally.task.runner [-] Task 3acac26d-d59f-4247-8a29-57c0db0b4acf | ITER: 4 START
2019-12-20 01:19:49.128 13910 INFO rally.task.runner [-] Task 3acac26d-d59f-4247-8a29-57c0db0b4acf | ITER: 2 END: OK
2019-12-20 01:19:49.133 13910 INFO rally.task.runner [-] Task 3acac26d-d59f-4247-8a29-57c0db0b4acf | ITER: 5 START
2019-12-20 01:19:49.138 13912 INFO rally.task.runner [-] Task 3acac26d-d59f-4247-8a29-57c0db0b4acf | ITER: 4 END: OK
2019-12-20 01:19:49.142 13912 INFO rally.task.runner [-] Task 3acac26d-d59f-4247-8a29-57c0db0b4acf | ITER: 6 START
2019-12-20 01:19:49.754 13911 INFO rally.task.runner [-] Task 3acac26d-d59f-4247-8a29-57c0db0b4acf | ITER: 3 END: OK
2019-12-20 01:19:49.759 13911 INFO rally.task.runner [-] Task 3acac26d-d59f-4247-8a29-57c0db0b4acf | ITER: 7 START
2019-12-20 01:19:49.776 13909 INFO rally.task.runner [-] Task 3acac26d-d59f-4247-8a29-57c0db0b4acf | ITER: 1 END: OK
2019-12-20 01:19:49.780 13909 INFO rally.task.runner [-] Task 3acac26d-d59f-4247-8a29-57c0db0b4acf | ITER: 8 START
2019-12-20 01:19:50.161 13912 INFO rally.task.runner [-] Task 3acac26d-d59f-4247-8a29-57c0db0b4acf | ITER: 6 END: OK
2019-12-20 01:19:50.165 13912 INFO rally.task.runner [-] Task 3acac26d-d59f-4247-8a29-57c0db0b4acf | ITER: 9 START
2019-12-20 01:19:50.333 13910 INFO rally.task.runner [-] Task 3acac26d-d59f-4247-8a29-57c0db0b4acf | ITER: 5 END: OK
2019-12-20 01:19:50.337 13910 INFO rally.task.runner [-] Task 3acac26d-d59f-4247-8a29-57c0db0b4acf | ITER: 10 START
2019-12-20 01:19:50.842 13911 INFO rally.task.runner [-] Task 3acac26d-d59f-4247-8a29-57c0db0b4acf | ITER: 7 END: OK
2019-12-20 01:19:51.118 13909 INFO rally.task.runner [-] Task 3acac26d-d59f-4247-8a29-57c0db0b4acf | ITER: 8 END: OK
2019-12-20 01:19:51.187 13912 INFO rally.task.runner [-] Task 3acac26d-d59f-4247-8a29-57c0db0b4acf | ITER: 9 END: OK
2019-12-20 01:19:51.199 13910 INFO rally.task.runner [-] Task 3acac26d-d59f-4247-8a29-57c0db0b4acf | ITER: 10 END: OK
2019-12-20 01:19:51.223 13785 INFO rally.task.context [-] Task 3acac26d-d59f-4247-8a29-57c0db0b4acf | Context cleanup@openstack cleanup() started
2019-12-20 01:19:51.227 13785 RALLYDEBUG rally_openstack.cleanup.manager [-] Cleaning up neutron vip objects
2019-12-20 01:19:52.469 13785 RALLYDEBUG rally_openstack.cleanup.manager [-] Cleaning up neutron health_monitor objects
2019-12-20 01:19:53.595 13785 RALLYDEBUG rally_openstack.cleanup.manager [-] Cleaning up neutron pool objects
2019-12-20 01:19:54.729 13785 RALLYDEBUG rally_openstack.cleanup.manager [-] Cleaning up neutron loadbalancer objects
2019-12-20 01:19:55.861 13785 RALLYDEBUG rally_openstack.cleanup.manager [-] Cleaning up neutron floatingip objects
2019-12-20 01:19:57.109 13785 RALLYDEBUG rally_openstack.cleanup.manager [-] Cleaning up neutron trunk objects
2019-12-20 01:19:58.286 13785 RALLYDEBUG rally_openstack.cleanup.manager [-] Cleaning up neutron port objects
2019-12-20 01:19:59.496 13785 RALLYDEBUG rally_openstack.cleanup.manager [-] Cleaning up neutron subnet objects
2019-12-20 01:20:00.958 13785 RALLYDEBUG rally_openstack.cleanup.manager [-] Cleaning up neutron network objects
2019-12-20 01:20:02.345 13785 RALLYDEBUG rally_openstack.cleanup.manager [-] Deleting neutron.network object s_rally_fb8348a4_HiNhb1rK (595dbe2d-5d5b-4fd3-8a85-2fc89aaf169b)
2019-12-20 01:20:02.354 13785 RALLYDEBUG rally_openstack.cleanup.manager [-] Deleting neutron.network object s_rally_fb8348a4_mWxLnXav (1c8837a0-6367-4414-89d3-d54e13468d26)
2019-12-20 01:20:02.363 13785 RALLYDEBUG rally_openstack.cleanup.manager [-] Deleting neutron.network object s_rally_fb8348a4_WToFc3Ks (24d0744b-3346-409e-968a-273a588abb06)
2019-12-20 01:20:02.367 13785 RALLYDEBUG rally_openstack.cleanup.manager [-] Deleting neutron.network object s_rally_fb8348a4_GwTER53G (365df214-13e2-4f7f-9c74-e5d1fd655cd4)
2019-12-20 01:20:02.377 13785 RALLYDEBUG rally_openstack.cleanup.manager [-] Deleting neutron.network object s_rally_fb8348a4_cOJMVdXP (4abc7afb-a939-4dc7-839a-8691cb831471)
2019-12-20 01:20:02.385 13785 RALLYDEBUG rally_openstack.cleanup.manager [-] Deleting neutron.network object s_rally_fb8348a4_Q6cVngwm (7a46d5b5-7eeb-4bfb-ae2d-19a5fe2306fb)
2019-12-20 01:20:02.398 13785 RALLYDEBUG rally_openstack.cleanup.manager [-] Deleting neutron.network object s_rally_fb8348a4_tZze8I0h (b5f902f0-82cc-4e43-8031-dea8682bfe19)
2019-12-20 01:20:02.413 13785 RALLYDEBUG rally_openstack.cleanup.manager [-] Deleting neutron.network object s_rally_fb8348a4_B16WsNEj (f1d103d4-fb3f-40da-8972-f4986a09ed19)
2019-12-20 01:20:02.426 13785 RALLYDEBUG rally_openstack.cleanup.manager [-] Deleting neutron.network object s_rally_fb8348a4_BFPRWcMU (632c3b0f-174c-46d1-aaaa-30dedc6921ee)
2019-12-20 01:20:02.453 13785 RALLYDEBUG rally_openstack.cleanup.manager [-] Deleting neutron.network object s_rally_fb8348a4_E2WxgBi4 (76330ba9-267b-425f-8cfb-f8f5bc0f07a0)
2019-12-20 01:20:05.480 13785 RALLYDEBUG rally_openstack.cleanup.manager [-] Cleaning up neutron router objects
2019-12-20 01:20:06.734 13785 RALLYDEBUG rally_openstack.cleanup.manager [-] Cleaning up neutron security_group objects
2019-12-20 01:20:08.011 13785 INFO rally.task.context [-] Task 3acac26d-d59f-4247-8a29-57c0db0b4acf | Context cleanup@openstack cleanup() finished in 16.79 sec
2019-12-20 01:20:08.012 13785 INFO rally.task.context [-] Task 3acac26d-d59f-4247-8a29-57c0db0b4acf | Context quotas@openstack cleanup() started
2019-12-20 01:20:08.260 13785 INFO rally.task.context [-] Task 3acac26d-d59f-4247-8a29-57c0db0b4acf | Context quotas@openstack cleanup() finished in 0.25 sec
2019-12-20 01:20:08.261 13785 INFO rally.task.context [-] Task 3acac26d-d59f-4247-8a29-57c0db0b4acf | Context users@openstack cleanup() started
2019-12-20 01:20:12.552 13785 INFO rally.task.context [-] Task 3acac26d-d59f-4247-8a29-57c0db0b4acf | Context users@openstack cleanup() finished in 4.29 sec
2019-12-20 01:20:12.907 13785 INFO rally.task.engine [-] Load duration is: 3.162833
2019-12-20 01:20:12.908 13785 INFO rally.task.engine [-] Full runner duration is: 3.209654
2019-12-20 01:20:12.908 13785 INFO rally.task.engine [-] Full duration is: 27.877855
2019-12-20 01:20:13.304 13785 INFO rally.task.engine [-] Running workload: position = 0 config = { "version": 2, "title": "A cropped version of a bigger task.", "description": "Auto-generated task from a single workload (uuid=e1183639-d601-4947-9420-09bb98109de0)", "subtasks": [ { "title": "NeutronNetworks.create_and_update_ports", "description": "Create and update a given number of ports.", "scenario": { "NeutronNetworks.create_and_update_ports": { "network_create_args": {}, "port_create_args": {}, "port_update_args": { "admin_state_up": false, "device_id": "dummy_id", "device_owner": "dummy_owner" }, "ports_per_network": 1 } }, "contexts": { "users": { "tenants": 3, "users_per_tenant": 2 }, "network": { "router": {} }, "quotas": { "neutron": { "network": -1, "port": -1 } } }, "runner": { "constant": { "concurrency": 4, "times": 10 } }, "hooks": [], "sla": { "failure_rate": { "max": 0 } } } ] }
2019-12-20 01:20:13.329 13785 RALLYDEBUG rally_openstack.contexts.keystone.users [-] Creating 3 tenants using 20 threads
2019-12-20 01:20:14.527 13785 RALLYDEBUG rally_openstack.contexts.keystone.users [-] Creating 6 users using 20 threads
2019-12-20 01:20:16.077 13785 INFO rally.task.context [-] Task 3acac26d-d59f-4247-8a29-57c0db0b4acf | Context users@openstack setup() finished in 2.75 sec
2019-12-20 01:20:16.944 13785 INFO rally.task.context [-] Task 3acac26d-d59f-4247-8a29-57c0db0b4acf | Context quotas@openstack setup() finished in 0.87 sec
2019-12-20 01:20:17.578 13785 RALLYDEBUG rally_openstack.wrappers.network [-] CIDR generated: 10.2.0.0/24
2019-12-20 01:20:18.503 13785 RALLYDEBUG rally_openstack.wrappers.network [-] CIDR generated: 10.2.1.0/24
2019-12-20 01:20:19.291 13785 RALLYDEBUG rally_openstack.wrappers.network [-] CIDR generated: 10.2.2.0/24
2019-12-20 01:20:19.748 13785 INFO rally.task.context [-] Task 3acac26d-d59f-4247-8a29-57c0db0b4acf | Context network@openstack setup() finished in 2.80 sec
2019-12-20 01:20:19.749 13785 INFO rally.task.context [-] Task 3acac26d-d59f-4247-8a29-57c0db0b4acf | Context cleanup@openstack setup() finished in 0.01 msec
2019-12-20 01:20:19.758 13785 RALLYDEBUG rally.task.runner [-] Starting the constant runner (task UUID: 3acac26d-d59f-4247-8a29-57c0db0b4acf). times: 10 concurrency: 4 timeout: 0 max_cpu_used: 16 processes_to_start: 4 concurrency_per_worker: 1 concurrency_overhead: 0
2019-12-20 01:20:19.769 14233 RALLYDEBUG rally.task.runner [-] Starting a worker. times: 10 duration: None concurrency: 1 timeout: 0 cls: method_name: run args: {"network_create_args": {}, "port_create_args": {}, "port_update_args": {"admin_state_up": false, "device_id": "dummy_id", "device_owner": "dummy_owner"}, "ports_per_network": 1}
2019-12-20 01:20:19.772 14234 RALLYDEBUG rally.task.runner [-] Starting a worker. times: 10 duration: None concurrency: 1 timeout: 0 cls: method_name: run args: {"network_create_args": {}, "port_create_args": {}, "port_update_args": {"admin_state_up": false, "device_id": "dummy_id", "device_owner": "dummy_owner"}, "ports_per_network": 1}
2019-12-20 01:20:19.776 14233 INFO rally.task.runner [-] Task 3acac26d-d59f-4247-8a29-57c0db0b4acf | ITER: 1 START
2019-12-20 01:20:19.776 14235 RALLYDEBUG rally.task.runner [-] Starting a worker. times: 10 duration: None concurrency: 1 timeout: 0 cls: method_name: run args: {"network_create_args": {}, "port_create_args": {}, "port_update_args": {"admin_state_up": false, "device_id": "dummy_id", "device_owner": "dummy_owner"}, "ports_per_network": 1}
2019-12-20 01:20:19.779 14234 INFO rally.task.runner [-] Task 3acac26d-d59f-4247-8a29-57c0db0b4acf | ITER: 2 START
2019-12-20 01:20:19.779 14236 RALLYDEBUG rally.task.runner [-] Starting a worker. times: 10 duration: None concurrency: 1 timeout: 0 cls: method_name: run args: {"network_create_args": {}, "port_create_args": {}, "port_update_args": {"admin_state_up": false, "device_id": "dummy_id", "device_owner": "dummy_owner"}, "ports_per_network": 1}
2019-12-20 01:20:19.783 14235 INFO rally.task.runner [-] Task 3acac26d-d59f-4247-8a29-57c0db0b4acf | ITER: 3 START
2019-12-20 01:20:19.786 14236 INFO rally.task.runner [-] Task 3acac26d-d59f-4247-8a29-57c0db0b4acf | ITER: 4 START
2019-12-20 01:20:21.209 14234 INFO rally.task.runner [-] Task 3acac26d-d59f-4247-8a29-57c0db0b4acf | ITER: 2 END: OK
2019-12-20 01:20:21.214 14234 INFO rally.task.runner [-] Task 3acac26d-d59f-4247-8a29-57c0db0b4acf | ITER: 5 START
2019-12-20 01:20:21.261 14236 INFO rally.task.runner [-] Task 3acac26d-d59f-4247-8a29-57c0db0b4acf | ITER: 4 END: OK
2019-12-20 01:20:21.264 14233 INFO rally.task.runner [-] Task 3acac26d-d59f-4247-8a29-57c0db0b4acf | ITER: 1 END: OK
2019-12-20 01:20:21.266 14236 INFO rally.task.runner [-] Task 3acac26d-d59f-4247-8a29-57c0db0b4acf | ITER: 6 START
2019-12-20 01:20:21.269 14233 INFO rally.task.runner [-] Task 3acac26d-d59f-4247-8a29-57c0db0b4acf | ITER: 7 START
2019-12-20 01:20:21.385 14235 INFO rally.task.runner [-] Task 3acac26d-d59f-4247-8a29-57c0db0b4acf | ITER: 3 END: OK
2019-12-20 01:20:21.389 14235 INFO rally.task.runner [-] Task 3acac26d-d59f-4247-8a29-57c0db0b4acf | ITER: 8 START
2019-12-20 01:20:22.671 14236 INFO rally.task.runner [-] Task 3acac26d-d59f-4247-8a29-57c0db0b4acf | ITER: 6 END: OK
2019-12-20 01:20:22.675 14236 INFO rally.task.runner [-] Task 3acac26d-d59f-4247-8a29-57c0db0b4acf | ITER: 9 START
2019-12-20 01:20:22.716 14235 INFO rally.task.runner [-] Task 3acac26d-d59f-4247-8a29-57c0db0b4acf | ITER: 8 END: OK
2019-12-20 01:20:22.720 14235 INFO rally.task.runner [-] Task 3acac26d-d59f-4247-8a29-57c0db0b4acf | ITER: 10 START
2019-12-20 01:20:22.944 14234 INFO rally.task.runner [-] Task 3acac26d-d59f-4247-8a29-57c0db0b4acf | ITER: 5 END: OK
2019-12-20 01:20:23.069 14233 INFO rally.task.runner [-] Task 3acac26d-d59f-4247-8a29-57c0db0b4acf | ITER: 7 END: OK
2019-12-20 01:20:24.252 14236 INFO rally.task.runner [-] Task 3acac26d-d59f-4247-8a29-57c0db0b4acf | ITER: 9 END: OK
2019-12-20 01:20:24.376 14235 INFO rally.task.runner [-] Task 3acac26d-d59f-4247-8a29-57c0db0b4acf | ITER: 10 END: OK
2019-12-20 01:20:24.405 13785 INFO rally.task.context [-] Task 3acac26d-d59f-4247-8a29-57c0db0b4acf | Context cleanup@openstack cleanup() started
2019-12-20 01:20:24.408 13785 RALLYDEBUG rally_openstack.cleanup.manager [-] Cleaning up neutron vip objects
2019-12-20 01:20:25.508 13785 RALLYDEBUG rally_openstack.cleanup.manager [-] Cleaning up neutron health_monitor objects
2019-12-20 01:20:26.603 13785 RALLYDEBUG rally_openstack.cleanup.manager [-] Cleaning up neutron pool objects
2019-12-20 01:20:27.687 13785 RALLYDEBUG rally_openstack.cleanup.manager [-] Cleaning up neutron loadbalancer objects
2019-12-20 01:20:28.816 13785 RALLYDEBUG rally_openstack.cleanup.manager [-] Cleaning up neutron floatingip objects
2019-12-20 01:20:30.062 13785 RALLYDEBUG rally_openstack.cleanup.manager [-] Cleaning up neutron trunk objects
2019-12-20 01:20:31.209 13785 RALLYDEBUG rally_openstack.cleanup.manager [-] Cleaning up neutron port objects
2019-12-20 01:20:32.596 13785 RALLYDEBUG rally_openstack.cleanup.manager [-] Deleting neutron.port object s_rally_e1183639_64fLjZuY (aee30782-7557-4dc1-9ee2-1404904ffc4d)
2019-12-20 01:20:32.611 13785 RALLYDEBUG rally_openstack.cleanup.manager [-] Deleting neutron.port object s_rally_e1183639_5kA6pZnR (1dc11920-53d2-4663-aab8-86ae41eb502f)
2019-12-20 01:20:32.614 13785 RALLYDEBUG rally_openstack.cleanup.manager [-] Deleting neutron.port object s_rally_e1183639_uCo8Ph9Q (264f38d4-3b9a-4c61-bec3-46b84b76b5ef)
2019-12-20 01:20:32.616 13785 RALLYDEBUG rally_openstack.cleanup.manager [-] Deleting neutron.port object s_rally_e1183639_M3L5Elvy (02d8641d-b115-41b0-9870-ea4d1761f25a)
2019-12-20 01:20:32.640 13785 RALLYDEBUG rally_openstack.cleanup.manager [-] Deleting neutron.port object s_rally_e1183639_R9FE5cA9 (c4dd0423-39b7-448f-87f1-19e52dcf6a56)
2019-12-20 01:20:32.644 13785 RALLYDEBUG rally_openstack.cleanup.manager [-] Deleting neutron.port object s_rally_e1183639_iqNAVsdx (28fef086-b17f-4ddd-84cf-82a9fa725f02)
2019-12-20 01:20:32.647 13785 RALLYDEBUG rally_openstack.cleanup.manager [-] Deleting neutron.port object s_rally_e1183639_quB34jz8 (ef839ea6-9573-47cc-8776-1db0d0db15eb)
2019-12-20 01:20:32.657 13785 RALLYDEBUG rally_openstack.cleanup.manager [-] Deleting neutron.port object s_rally_e1183639_SPdJhU2b (3676cfb7-13db-414d-940b-994ae603b0d3)
2019-12-20 01:20:32.676 13785 RALLYDEBUG rally_openstack.cleanup.manager [-] Deleting neutron.port object s_rally_e1183639_KwCE9zJ8 (c2b12106-ca46-4035-a230-9ae3eec6231e)
2019-12-20 01:20:32.685 13785 RALLYDEBUG rally_openstack.cleanup.manager [-] Deleting neutron.port object s_rally_e1183639_PtMlFRVJ (d89eda75-1862-44f5-a986-4e608f532a99)
2019-12-20 01:20:35.110 13785 RALLYDEBUG rally_openstack.cleanup.manager [-] Cleaning up neutron subnet objects
2019-12-20 01:20:36.400 13785 RALLYDEBUG rally_openstack.cleanup.manager [-] Cleaning up neutron network objects
2019-12-20 01:20:37.852 13785 RALLYDEBUG rally_openstack.cleanup.manager [-] Cleaning up neutron router objects
2019-12-20 01:20:39.093 13785 RALLYDEBUG rally_openstack.cleanup.manager [-] Cleaning up neutron security_group objects
