2019-12-20 01:46:56.786 21028 INFO rally.task.runner [-] Task 43990f66-d7e1-43d6-9a0a-34b04e21a224 | ITER: 8 END: OK
2019-12-20 01:46:59.640 21029 RALLYDEBUG rally.task.utils [-] Waiting for resource s_rally_0cade017_BSMRTcwD. Status changed: BUILD => ACTIVE in 4.5240797996521
2019-12-20 01:47:01.246 21027 RALLYDEBUG rally.task.utils [-] Waiting for resource s_rally_0cade017_tnbc6VKJ. Status changed: BUILD => ACTIVE in 4.849885702133179
2019-12-20 01:47:01.996 21029 INFO rally.task.runner [-] Task 43990f66-d7e1-43d6-9a0a-34b04e21a224 | ITER: 9 END: OK
2019-12-20 01:47:03.771 21027 INFO rally.task.runner [-] Task 43990f66-d7e1-43d6-9a0a-34b04e21a224 | ITER: 10 END: OK
2019-12-20 01:47:03.796 20411 INFO rally.task.context [-] Task 43990f66-d7e1-43d6-9a0a-34b04e21a224 | Context cleanup@openstack cleanup() started
2019-12-20 01:47:03.800 20411 RALLYDEBUG rally_openstack.cleanup.manager [-] Cleaning up nova servers objects
2019-12-20 01:47:05.266 20411 RALLYDEBUG rally_openstack.cleanup.manager [-] Cleaning up nova server_groups objects
2019-12-20 01:47:06.436 20411 RALLYDEBUG rally_openstack.cleanup.manager [-] Cleaning up nova keypairs objects
2019-12-20 01:47:08.819 20411 INFO rally.task.context [-] Task 43990f66-d7e1-43d6-9a0a-34b04e21a224 | Context cleanup@openstack cleanup() finished in 5.02 sec
2019-12-20 01:47:08.819 20411 INFO rally.task.context [-] Task 43990f66-d7e1-43d6-9a0a-34b04e21a224 | Context network@openstack cleanup() started
2019-12-20 01:47:32.138 20411 INFO rally.task.context [-] Task 43990f66-d7e1-43d6-9a0a-34b04e21a224 | Context network@openstack cleanup() finished in 23.32 sec
2019-12-20 01:47:32.138 20411 INFO rally.task.context [-] Task 43990f66-d7e1-43d6-9a0a-34b04e21a224 | Context quotas@openstack cleanup() started
2019-12-20 01:47:32.413 20411 INFO rally.task.context [-] Task 43990f66-d7e1-43d6-9a0a-34b04e21a224 | Context quotas@openstack cleanup() finished in 0.27 sec
2019-12-20 01:47:32.413 20411 INFO rally.task.context [-] Task 43990f66-d7e1-43d6-9a0a-34b04e21a224 | Context users@openstack cleanup() started
2019-12-20 01:47:36.503 20411 INFO rally.task.context [-] Task 43990f66-d7e1-43d6-9a0a-34b04e21a224 | Context users@openstack cleanup() finished in 4.09 sec
2019-12-20 01:47:36.802 20411 INFO rally.task.engine [-] Load duration is: 30.360486
2019-12-20 01:47:36.803 20411 INFO rally.task.engine [-] Full runner duration is: 31.40802
2019-12-20 01:47:36.803 20411 INFO rally.task.engine [-] Full duration is: 82.066641
2019-12-20 01:47:37.141 20411 INFO rally.task.engine [-] Running workload: position = 0 config = { "version": 2, "title": "A cropped version of a bigger task.", "description": "Auto-generated task from a single workload (uuid=4967bf4a-944c-4940-887f-abb0812f6e62)", "subtasks": [ { "title": "NovaServers.boot_and_list_server", "description": "Boot a server from an image and then list all servers.", "scenario": { "NovaServers.boot_and_list_server": { "detailed": true, "flavor": { "name": "rally_full-flavor_aa5cb567-149c-4467-982a-9c05bad8048a" }, "image": { "name": "rally_full-img_aa5cb567-149c-4467-982a-9c05bad8048a" }, "nics": [ { "net-id": "ec715f9f-97db-49ca-b75c-c1382ea24986" } ] } }, "contexts": { "users": { "tenants": 3, "users_per_tenant": 2 }, "network": { "networks_per_tenant": 1, "start_cidr": "100.1.0.0/25" }, "quotas": { "neutron": { "network": -1, "port": -1, "subnet": -1 }, "nova": { "cores": -1, "floating_ips": -1, "instances": -1, "ram": -1, "security_group_rules": -1, "security_groups": -1 } } }, "runner": { "constant": { "concurrency": 4, "times": 10 } }, "hooks": [], "sla": { "failure_rate": { "max": 0 } } } ] }
2019-12-20 01:47:37.166 20411 RALLYDEBUG rally_openstack.contexts.keystone.users [-] Creating 3 tenants using 20 threads
2019-12-20 01:47:38.279 20411 RALLYDEBUG rally_openstack.contexts.keystone.users [-] Creating 6 users using 20 threads
2019-12-20 01:47:39.906 20411 INFO rally.task.context [-] Task 43990f66-d7e1-43d6-9a0a-34b04e21a224 | Context users@openstack setup() finished in 2.74 sec
2019-12-20 01:47:41.741 20411 INFO rally.task.context [-] Task 43990f66-d7e1-43d6-9a0a-34b04e21a224 | Context quotas@openstack setup() finished in 1.83 sec
2019-12-20 01:47:44.045 20411 RALLYDEBUG rally_openstack.wrappers.network [-] CIDR generated: 100.1.3.0/25
2019-12-20 01:47:48.763 20411 RALLYDEBUG rally_openstack.wrappers.network [-] CIDR generated: 100.1.3.128/25
2019-12-20 01:47:52.876 20411 RALLYDEBUG rally_openstack.wrappers.network [-] CIDR generated: 100.1.4.0/25
2019-12-20 01:47:55.408 20411 INFO rally.task.context [-] Task 43990f66-d7e1-43d6-9a0a-34b04e21a224 | Context network@openstack setup() finished in 13.67 sec
2019-12-20 01:47:55.409 20411 INFO rally.task.context [-] Task 43990f66-d7e1-43d6-9a0a-34b04e21a224 | Context cleanup@openstack setup() finished in 0.02 msec
2019-12-20 01:47:56.259 20411 RALLYDEBUG rally.task.runner [-] Starting the constant runner (task UUID: 43990f66-d7e1-43d6-9a0a-34b04e21a224). times: 10 concurrency: 4 timeout: 0 max_cpu_used: 16 processes_to_start: 4 concurrency_per_worker: 1 concurrency_overhead: 0
2019-12-20 01:47:56.270 21191 RALLYDEBUG rally.task.runner [-] Starting a worker. times: 10 duration: None concurrency: 1 timeout: 0 cls: method_name: run args: {"detailed": true, "flavor": "8f24f274-2ec7-4ee9-81fe-eb3126b4566a", "image": "836ce450-ad34-4e7f-b690-ce378b347e82", "nics": [{"net-id": "ec715f9f-97db-49ca-b75c-c1382ea24986"}]}
2019-12-20 01:47:56.274 21192 RALLYDEBUG rally.task.runner [-] Starting a worker. times: 10 duration: None concurrency: 1 timeout: 0 cls: method_name: run args: {"detailed": true, "flavor": "8f24f274-2ec7-4ee9-81fe-eb3126b4566a", "image": "836ce450-ad34-4e7f-b690-ce378b347e82", "nics": [{"net-id": "ec715f9f-97db-49ca-b75c-c1382ea24986"}]}
2019-12-20 01:47:56.278 21191 INFO rally.task.runner [-] Task 43990f66-d7e1-43d6-9a0a-34b04e21a224 | ITER: 1 START
2019-12-20 01:47:56.278 21193 RALLYDEBUG rally.task.runner [-] Starting a worker. times: 10 duration: None concurrency: 1 timeout: 0 cls: method_name: run args: {"detailed": true, "flavor": "8f24f274-2ec7-4ee9-81fe-eb3126b4566a", "image": "836ce450-ad34-4e7f-b690-ce378b347e82", "nics": [{"net-id": "ec715f9f-97db-49ca-b75c-c1382ea24986"}]}
2019-12-20 01:47:56.281 21192 INFO rally.task.runner [-] Task 43990f66-d7e1-43d6-9a0a-34b04e21a224 | ITER: 2 START
2019-12-20 01:47:56.282 21195 RALLYDEBUG rally.task.runner [-] Starting a worker. times: 10 duration: None concurrency: 1 timeout: 0 cls: method_name: run args: {"detailed": true, "flavor": "8f24f274-2ec7-4ee9-81fe-eb3126b4566a", "image": "836ce450-ad34-4e7f-b690-ce378b347e82", "nics": [{"net-id": "ec715f9f-97db-49ca-b75c-c1382ea24986"}]}
2019-12-20 01:47:56.284 21193 INFO rally.task.runner [-] Task 43990f66-d7e1-43d6-9a0a-34b04e21a224 | ITER: 3 START
2019-12-20 01:47:56.288 21195 INFO rally.task.runner [-] Task 43990f66-d7e1-43d6-9a0a-34b04e21a224 | ITER: 4 START
2019-12-20 01:48:03.456 21193 RALLYDEBUG rally.task.utils [-] Waiting for resource s_rally_4967bf4a_UHMTZfHW. Status changed: BUILD => ACTIVE in 4.854217767715454
2019-12-20 01:48:03.743 21193 INFO rally.task.runner [-] Task 43990f66-d7e1-43d6-9a0a-34b04e21a224 | ITER: 3 END: OK
2019-12-20 01:48:03.748 21193 INFO rally.task.runner [-] Task 43990f66-d7e1-43d6-9a0a-34b04e21a224 | ITER: 5 START
2019-12-20 01:48:04.028 21195 RALLYDEBUG rally.task.utils [-] Waiting for resource s_rally_4967bf4a_pOcC73ix. Status changed: BUILD => ACTIVE in 4.943620443344116
2019-12-20 01:48:04.429 21195 INFO rally.task.runner [-] Task 43990f66-d7e1-43d6-9a0a-34b04e21a224 | ITER: 4 END: OK
2019-12-20 01:48:04.434 21195 INFO rally.task.runner [-] Task 43990f66-d7e1-43d6-9a0a-34b04e21a224 | ITER: 6 START
2019-12-20 01:48:06.487 21191 RALLYDEBUG rally.task.utils [-] Waiting for resource s_rally_4967bf4a_FE13kh1t. Status changed: BUILD => ACTIVE in 7.457752704620361
2019-12-20 01:48:06.966 21191 INFO rally.task.runner [-] Task 43990f66-d7e1-43d6-9a0a-34b04e21a224 | ITER: 1 END: OK
2019-12-20 01:48:06.971 21191 INFO rally.task.runner [-] Task 43990f66-d7e1-43d6-9a0a-34b04e21a224 | ITER: 7 START
2019-12-20 01:48:08.005 21192 RALLYDEBUG rally.task.utils [-] Waiting for resource s_rally_4967bf4a_eJVwzcio. Status changed: BUILD => ACTIVE in 9.226236343383789
2019-12-20 01:48:08.562 21192 INFO rally.task.runner [-] Task 43990f66-d7e1-43d6-9a0a-34b04e21a224 | ITER: 2 END: OK
2019-12-20 01:48:08.567 21192 INFO rally.task.runner [-] Task 43990f66-d7e1-43d6-9a0a-34b04e21a224 | ITER: 8 START
2019-12-20 01:48:10.683 21193 RALLYDEBUG rally.task.utils [-] Waiting for resource s_rally_4967bf4a_bo2APUZj. Status changed: BUILD => ACTIVE in 4.660303831100464
2019-12-20 01:48:11.126 21193 INFO rally.task.runner [-] Task 43990f66-d7e1-43d6-9a0a-34b04e21a224 | ITER: 5 END: OK
2019-12-20 01:48:11.130 21193 INFO rally.task.runner [-] Task 43990f66-d7e1-43d6-9a0a-34b04e21a224 | ITER: 9 START
2019-12-20 01:48:13.573 21195 RALLYDEBUG rally.task.utils [-] Waiting for resource s_rally_4967bf4a_uW6a4TO1. Status changed: BUILD => ACTIVE in 6.970118999481201
2019-12-20 01:48:13.908 21195 INFO rally.task.runner [-] Task 43990f66-d7e1-43d6-9a0a-34b04e21a224 | ITER: 6 END: OK
2019-12-20 01:48:13.911 21195 INFO rally.task.runner [-] Task 43990f66-d7e1-43d6-9a0a-34b04e21a224 | ITER: 10 START
2019-12-20 01:48:14.482 21191 RALLYDEBUG rally.task.utils [-] Waiting for resource s_rally_4967bf4a_IfZlDFbg. Status changed: BUILD => ACTIVE in 4.860317230224609
2019-12-20 01:48:14.755 21191 INFO rally.task.runner [-] Task 43990f66-d7e1-43d6-9a0a-34b04e21a224 | ITER: 7 END: OK
2019-12-20 01:48:15.948 21192 RALLYDEBUG rally.task.utils [-] Waiting for resource s_rally_4967bf4a_QvJC7jYJ. Status changed: BUILD => ACTIVE in 4.811693429946899
2019-12-20 01:48:16.235 21192 INFO rally.task.runner [-] Task 43990f66-d7e1-43d6-9a0a-34b04e21a224 | ITER: 8 END: OK
2019-12-20 01:48:17.967 21193 RALLYDEBUG rally.task.utils [-] Waiting for resource s_rally_4967bf4a_oppQx2YL. Status changed: BUILD => ACTIVE in 4.693536996841431
2019-12-20 01:48:18.493 21193 INFO rally.task.runner [-] Task 43990f66-d7e1-43d6-9a0a-34b04e21a224 | ITER: 9 END: OK
2019-12-20 01:48:23.122 21195 RALLYDEBUG rally.task.utils [-] Waiting for resource s_rally_4967bf4a_im1cmbPg. Status changed: BUILD => ACTIVE in 6.842131614685059
2019-12-20 01:48:23.379 21195 INFO rally.task.runner [-] Task 43990f66-d7e1-43d6-9a0a-34b04e21a224 | ITER: 10 END: OK
2019-12-20 01:48:23.410 20411 INFO rally.task.context [-] Task 43990f66-d7e1-43d6-9a0a-34b04e21a224 | Context cleanup@openstack cleanup() started
2019-12-20 01:48:23.413 20411 RALLYDEBUG rally_openstack.cleanup.manager [-] Cleaning up nova servers objects
2019-12-20 01:48:25.835 20411 RALLYDEBUG rally_openstack.cleanup.manager [-] Deleting nova.servers object s_rally_4967bf4a_oppQx2YL (5c78b836-483c-427e-ba28-6ac6e610b93c)
2019-12-20 01:48:25.844 20411 RALLYDEBUG rally_openstack.cleanup.manager [-] Deleting nova.servers object s_rally_4967bf4a_QvJC7jYJ (e91465b7-d427-45e5-9dce-2331b106e204)
2019-12-20 01:48:25.853 20411 RALLYDEBUG rally_openstack.cleanup.manager [-] Deleting nova.servers object s_rally_4967bf4a_bo2APUZj (499dba89-71e0-4191-8e44-fdf3dbe2c1ab)
2019-12-20 01:48:25.862 20411 RALLYDEBUG rally_openstack.cleanup.manager [-] Deleting nova.servers object s_rally_4967bf4a_UHMTZfHW (e3f0f76b-754e-4145-b88d-1f7f22aa5cc6)
2019-12-20 01:48:25.873 20411 RALLYDEBUG rally_openstack.cleanup.manager [-] Deleting nova.servers object s_rally_4967bf4a_im1cmbPg (033ed9ba-4f51-43b8-8a52-11adfb517433)
2019-12-20 01:48:25.878 20411 RALLYDEBUG rally_openstack.cleanup.manager [-] Deleting nova.servers object s_rally_4967bf4a_FE13kh1t (55afc3fb-875a-48c4-be7f-8441df53dbb3)
2019-12-20 01:48:25.888 20411 RALLYDEBUG rally_openstack.cleanup.manager [-] Deleting nova.servers object s_rally_4967bf4a_pOcC73ix (81ded224-e239-4ba5-9612-bee7bcbe0cc1)
2019-12-20 01:48:25.908 20411 RALLYDEBUG rally_openstack.cleanup.manager [-] Deleting nova.servers object s_rally_4967bf4a_eJVwzcio (ef61f5c4-dae8-4edd-9b34-67f086940356)
2019-12-20 01:48:25.924 20411 RALLYDEBUG rally_openstack.cleanup.manager [-] Deleting nova.servers object s_rally_4967bf4a_IfZlDFbg (1bd1c7c6-d93d-4c75-acfb-8a2e6bc7cd80)
2019-12-20 01:48:25.944 20411 RALLYDEBUG rally_openstack.cleanup.manager [-] Deleting nova.servers object s_rally_4967bf4a_uW6a4TO1 (1455e5db-4f71-4e42-9d59-224805386514)
2019-12-20 01:48:32.992 20411 RALLYDEBUG rally_openstack.cleanup.manager [-] Cleaning up nova server_groups objects
2019-12-20 01:48:34.153 20411 RALLYDEBUG rally_openstack.cleanup.manager [-] Cleaning up nova keypairs objects
2019-12-20 01:48:36.521 20411 INFO rally.task.context [-] Task 43990f66-d7e1-43d6-9a0a-34b04e21a224 | Context cleanup@openstack cleanup() finished in 13.11 sec
2019-12-20 01:48:36.521 20411 INFO rally.task.context [-] Task 43990f66-d7e1-43d6-9a0a-34b04e21a224 | Context network@openstack cleanup() started
2019-12-20 01:49:00.407 20411 INFO rally.task.context [-] Task 43990f66-d7e1-43d6-9a0a-34b04e21a224 | Context network@openstack cleanup() finished in 23.89 sec
2019-12-20 01:49:00.408 20411 INFO rally.task.context [-] Task 43990f66-d7e1-43d6-9a0a-34b04e21a224 | Context quotas@openstack cleanup() started
2019-12-20 01:49:00.746 20411 INFO rally.task.context [-] Task 43990f66-d7e1-43d6-9a0a-34b04e21a224 | Context quotas@openstack cleanup() finished in 0.34 sec
2019-12-20 01:49:00.747 20411 INFO rally.task.context [-] Task 43990f66-d7e1-43d6-9a0a-34b04e21a224 | Context users@openstack cleanup() started
2019-12-20 01:49:04.840 20411 INFO rally.task.context [-] Task 43990f66-d7e1-43d6-9a0a-34b04e21a224 | Context users@openstack cleanup() finished in 4.09 sec
2019-12-20 01:49:05.563 20411 INFO rally.task.engine [-] Load duration is: 26.09925
2019-12-20 01:49:05.564 20411 INFO rally.task.engine [-] Full runner duration is: 27.151558
2019-12-20 01:49:05.564 20411 INFO rally.task.engine [-] Full duration is: 87.676342
2019-12-20 01:49:05.871 20411 INFO rally.task.engine [-] Running workload: position = 0 config = { "version": 2, "title": "A cropped version of a bigger task.", "description": "Auto-generated task from a single workload (uuid=debc9807-15ae-4f68-b2b1-b2c9fde0a31f)", "subtasks": [ { "title": "NovaServers.boot_and_rebuild_server", "description": "Rebuild a server.", "scenario": { "NovaServers.boot_and_rebuild_server": { "flavor": { "name": "rally_full-flavor_aa5cb567-149c-4467-982a-9c05bad8048a" }, "from_image": { "name": "rally_full-img_aa5cb567-149c-4467-982a-9c05bad8048a" }, "to_image": { "name": "rally_full-img_aa5cb567-149c-4467-982a-9c05bad8048a" }, "nics": [ { "net-id": "ec715f9f-97db-49ca-b75c-c1382ea24986" } ] } }, "contexts": { "users": { "tenants": 3, "users_per_tenant": 2 }, "network": { "networks_per_tenant": 1, "start_cidr": "100.1.0.0/25" }, "quotas": { "neutron": { "network": -1, "port": -1, "subnet": -1 }, "nova": { "cores": -1, "floating_ips": -1, "instances": -1, "ram": -1, "security_group_rules": -1, "security_groups": -1 } } }, "runner": { "constant": { "concurrency": 4, "times": 10 } }, "hooks": [], "sla": { "failure_rate": { "max": 0 } } } ] }
2019-12-20 01:49:05.896 20411 RALLYDEBUG rally_openstack.contexts.keystone.users [-] Creating 3 tenants using 20 threads
2019-12-20 01:49:06.905 20411 RALLYDEBUG rally_openstack.contexts.keystone.users [-] Creating 6 users using 20 threads
2019-12-20 01:49:08.490 20411 INFO rally.task.context [-] Task 43990f66-d7e1-43d6-9a0a-34b04e21a224 | Context users@openstack setup() finished in 2.59 sec
2019-12-20 01:49:10.416 20411 INFO rally.task.context [-] Task 43990f66-d7e1-43d6-9a0a-34b04e21a224 | Context quotas@openstack setup() finished in 1.93 sec
2019-12-20 01:49:12.623 20411 RALLYDEBUG rally_openstack.wrappers.network [-] CIDR generated: 100.1.4.128/25
2019-12-20 01:49:16.891 20411 RALLYDEBUG rally_openstack.wrappers.network [-] CIDR generated: 100.1.5.0/25
2019-12-20 01:49:21.186 20411 RALLYDEBUG rally_openstack.wrappers.network [-] CIDR generated: 100.1.5.128/25
2019-12-20 01:49:23.415 20411 INFO rally.task.context [-] Task 43990f66-d7e1-43d6-9a0a-34b04e21a224 | Context network@openstack setup() finished in 13.00 sec
2019-12-20 01:49:23.416 20411 INFO rally.task.context [-] Task 43990f66-d7e1-43d6-9a0a-34b04e21a224 | Context cleanup@openstack setup() finished in 0.02 msec
2019-12-20 01:49:24.261 20411 RALLYDEBUG rally.task.runner [-] Starting the constant runner (task UUID: 43990f66-d7e1-43d6-9a0a-34b04e21a224). times: 10 concurrency: 4 timeout: 0 max_cpu_used: 16 processes_to_start: 4 concurrency_per_worker: 1 concurrency_overhead: 0
2019-12-20 01:49:24.273 21355 RALLYDEBUG rally.task.runner [-] Starting a worker. times: 10 duration: None concurrency: 1 timeout: 0 cls: method_name: run args: {"flavor": "8f24f274-2ec7-4ee9-81fe-eb3126b4566a", "from_image": "836ce450-ad34-4e7f-b690-ce378b347e82", "to_image": "836ce450-ad34-4e7f-b690-ce378b347e82", "nics": [{"net-id": "ec715f9f-97db-49ca-b75c-c1382ea24986"}]}
2019-12-20 01:49:24.277 21356 RALLYDEBUG rally.task.runner [-] Starting a worker. times: 10 duration: None concurrency: 1 timeout: 0 cls: method_name: run args: {"flavor": "8f24f274-2ec7-4ee9-81fe-eb3126b4566a", "from_image": "836ce450-ad34-4e7f-b690-ce378b347e82", "to_image": "836ce450-ad34-4e7f-b690-ce378b347e82", "nics": [{"net-id": "ec715f9f-97db-49ca-b75c-c1382ea24986"}]}
2019-12-20 01:49:24.281 21355 INFO rally.task.runner [-] Task 43990f66-d7e1-43d6-9a0a-34b04e21a224 | ITER: 1 START
2019-12-20 01:49:24.281 21357 RALLYDEBUG rally.task.runner [-] Starting a worker. times: 10 duration: None concurrency: 1 timeout: 0 cls: method_name: run args: {"flavor": "8f24f274-2ec7-4ee9-81fe-eb3126b4566a", "from_image": "836ce450-ad34-4e7f-b690-ce378b347e82", "to_image": "836ce450-ad34-4e7f-b690-ce378b347e82", "nics": [{"net-id": "ec715f9f-97db-49ca-b75c-c1382ea24986"}]}
2019-12-20 01:49:24.285 21356 INFO rally.task.runner [-] Task 43990f66-d7e1-43d6-9a0a-34b04e21a224 | ITER: 2 START
2019-12-20 01:49:24.284 21359 RALLYDEBUG rally.task.runner [-] Starting a worker. times: 10 duration: None concurrency: 1 timeout: 0 cls: method_name: run args: {"flavor": "8f24f274-2ec7-4ee9-81fe-eb3126b4566a", "from_image": "836ce450-ad34-4e7f-b690-ce378b347e82", "to_image": "836ce450-ad34-4e7f-b690-ce378b347e82", "nics": [{"net-id": "ec715f9f-97db-49ca-b75c-c1382ea24986"}]}
2019-12-20 01:49:24.288 21357 INFO rally.task.runner [-] Task 43990f66-d7e1-43d6-9a0a-34b04e21a224 | ITER: 3 START
2019-12-20 01:49:24.291 21359 INFO rally.task.runner [-] Task 43990f66-d7e1-43d6-9a0a-34b04e21a224 | ITER: 4 START
2019-12-20 01:49:31.330 21359 RALLYDEBUG rally.task.utils [-] Waiting for resource s_rally_debc9807_RP4NE7Uh. Status changed: BUILD => ACTIVE in 4.725433826446533
2019-12-20 01:49:32.744 21359 RALLYDEBUG rally.task.utils [-] Waiting for resource s_rally_debc9807_RP4NE7Uh. Status changed: ACTIVE => REBUILD in 0.145766019821167
2019-12-20 01:49:33.534 21357 RALLYDEBUG rally.task.utils [-] Waiting for resource s_rally_debc9807_I8rnHLbd. Status changed: BUILD => ACTIVE in 6.9055140018463135
2019-12-20 01:49:33.564 21356 RALLYDEBUG rally.task.utils [-] Waiting for resource s_rally_debc9807_vBgn3GPv. Status changed: BUILD => ACTIVE in 6.871133804321289
2019-12-20 01:49:33.875 21355 RALLYDEBUG rally.task.utils [-] Waiting for resource s_rally_debc9807_kAqpSK4z. Status changed: BUILD => ACTIVE in 7.222411870956421
2019-12-20 01:49:34.982 21356 RALLYDEBUG rally.task.utils [-] Waiting for resource s_rally_debc9807_vBgn3GPv. Status changed: ACTIVE => REBUILD in 0.14670896530151367
2019-12-20 01:49:35.164 21357 RALLYDEBUG rally.task.utils [-] Waiting for resource s_rally_debc9807_I8rnHLbd. Status changed: ACTIVE => REBUILD in 0.1978137493133545
2019-12-20 01:49:35.371 21355 RALLYDEBUG rally.task.utils [-] Waiting for resource s_rally_debc9807_kAqpSK4z. Status changed: ACTIVE => REBUILD in 0.20337390899658203
2019-12-20 01:49:47.172 21359 RALLYDEBUG rally.task.utils [-] Waiting for resource s_rally_debc9807_RP4NE7Uh. Status changed: REBUILD => ACTIVE in 14.427473068237305
2019-12-20 01:49:49.643 21359 INFO rally.task.runner [-] Task 43990f66-d7e1-43d6-9a0a-34b04e21a224 | ITER: 4 END: OK
2019-12-20 01:49:49.650 21359 INFO rally.task.runner [-] Task 43990f66-d7e1-43d6-9a0a-34b04e21a224 | ITER: 5 START
2019-12-20 01:49:50.726 21357 RALLYDEBUG rally.task.utils [-] Waiting for resource s_rally_debc9807_I8rnHLbd. Status changed: REBUILD => ACTIVE in 15.561682224273682
2019-12-20 01:49:52.123 21355 RALLYDEBUG rally.task.utils [-] Waiting for resource s_rally_debc9807_kAqpSK4z. Status changed: REBUILD => ACTIVE in 16.75202965736389
2019-12-20 01:49:53.004 21356 RALLYDEBUG rally.task.utils [-] Waiting for resource s_rally_debc9807_vBgn3GPv. Status changed: REBUILD => ACTIVE in 18.0217924118042
2019-12-20 01:49:53.033 21357 INFO rally.task.runner [-] Task 43990f66-d7e1-43d6-9a0a-34b04e21a224 | ITER: 3 END: OK
2019-12-20 01:49:53.038 21357 INFO rally.task.runner [-] Task 43990f66-d7e1-43d6-9a0a-34b04e21a224 | ITER: 6 START
2019-12-20 01:49:54.415 21355 INFO rally.task.runner [-] Task 43990f66-d7e1-43d6-9a0a-34b04e21a224 | ITER: 1 END: OK
2019-12-20 01:49:54.424 21355 INFO rally.task.runner [-] Task 43990f66-d7e1-43d6-9a0a-34b04e21a224 | ITER: 7 START
2019-12-20 01:49:55.344 21356 INFO rally.task.runner [-] Task 43990f66-d7e1-43d6-9a0a-34b04e21a224 | ITER: 2 END: OK
2019-12-20 01:49:55.351 21356 INFO rally.task.runner [-] Task 43990f66-d7e1-43d6-9a0a-34b04e21a224 | ITER: 8 START
2019-12-20 01:49:56.824 21359 RALLYDEBUG rally.task.utils [-] Waiting for resource s_rally_debc9807_u9K9qvQu. Status changed: BUILD => ACTIVE in 4.725677728652954
2019-12-20 01:49:58.270 21359 RALLYDEBUG rally.task.utils [-] Waiting for resource s_rally_debc9807_u9K9qvQu. Status changed: ACTIVE => REBUILD in 0.1445634365081787
2019-12-20 01:50:02.131 21356 RALLYDEBUG rally.task.utils [-] Waiting for resource s_rally_debc9807_vzdkrb4v. Status changed: BUILD => ACTIVE in 4.703787088394165
2019-12-20 01:50:02.439 21357 RALLYDEBUG rally.task.utils [-] Waiting for resource s_rally_debc9807_aXrpy5ll. Status changed: BUILD => ACTIVE in 7.127418756484985
2019-12-20 01:50:03.609 21356 RALLYDEBUG rally.task.utils [-] Waiting for resource s_rally_debc9807_vzdkrb4v. Status changed: ACTIVE => REBUILD in 0.20095014572143555
2019-12-20 01:50:03.786 21355 RALLYDEBUG rally.task.utils [-] Waiting for resource s_rally_debc9807_jCkr5YkV. Status changed: BUILD => ACTIVE in 7.333654165267944
2019-12-20 01:50:03.866 21357 RALLYDEBUG rally.task.utils [-] Waiting for resource s_rally_debc9807_aXrpy5ll. Status changed: ACTIVE => REBUILD in 0.15335345268249512
2019-12-20 01:50:05.219 21355 RALLYDEBUG rally.task.utils [-] Waiting for resource s_rally_debc9807_jCkr5YkV. Status changed: ACTIVE => REBUILD in 0.1592257022857666
2019-12-20 01:50:14.052 21359 RALLYDEBUG rally.task.utils [-] Waiting for resource s_rally_debc9807_u9K9qvQu. Status changed: REBUILD => ACTIVE in 15.781505346298218
2019-12-20 01:50:16.474 21359 INFO rally.task.runner [-] Task 43990f66-d7e1-43d6-9a0a-34b04e21a224 | ITER: 5 END: OK
2019-12-20 01:50:16.479 21359 INFO rally.task.runner [-] Task 43990f66-d7e1-43d6-9a0a-34b04e21a224 | ITER: 9 START
2019-12-20 01:50:19.448 21356 RALLYDEBUG rally.task.utils [-] Waiting for resource s_rally_debc9807_vzdkrb4v. Status changed: REBUILD => ACTIVE in 15.83861517906189
2019-12-20 01:50:20.958 21355 RALLYDEBUG rally.task.utils [-] Waiting for resource s_rally_debc9807_jCkr5YkV. Status changed: REBUILD => ACTIVE in 15.738144159317017
2019-12-20 01:50:21.770 21356 INFO rally.task.runner [-] Task 43990f66-d7e1-43d6-9a0a-34b04e21a224 | ITER: 8 END: OK
2019-12-20 01:50:21.775 21356 INFO rally.task.runner [-] Task 43990f66-d7e1-43d6-9a0a-34b04e21a224 | ITER: 10 START
2019-12-20 01:50:23.256 21359 RALLYDEBUG rally.task.utils [-] Waiting for resource s_rally_debc9807_3We6Hbd1. Status changed: BUILD => ACTIVE in 4.491011619567871
2019-12-20 01:50:23.264 21355 INFO rally.task.runner [-] Task 43990f66-d7e1-43d6-9a0a-34b04e21a224 | ITER: 7 END: OK
2019-12-20 01:50:24.746 21359 RALLYDEBUG rally.task.utils [-] Waiting for resource s_rally_debc9807_3We6Hbd1. Status changed: ACTIVE => REBUILD in 0.19996166229248047
2019-12-20 01:50:29.062 21356 RALLYDEBUG rally.task.utils [-] Waiting for resource s_rally_debc9807_kCnzwXWf. Status changed: BUILD => ACTIVE in 5.04389762878418
2019-12-20 01:50:30.533 21356 RALLYDEBUG rally.task.utils [-] Waiting for resource s_rally_debc9807_kCnzwXWf. Status changed: ACTIVE => REBUILD in 0.17134666442871094
2019-12-20 01:50:31.213 21357 RALLYDEBUG rally.task.utils [-] Waiting for resource s_rally_debc9807_aXrpy5ll. Status changed: REBUILD => ACTIVE in 27.34687066078186
2019-12-20 01:50:33.563 21357 INFO rally.task.runner [-] Task 43990f66-d7e1-43d6-9a0a-34b04e21a224 | ITER: 6 END: OK
2019-12-20 01:50:41.466 21359 RALLYDEBUG rally.task.utils [-] Waiting for resource s_rally_debc9807_3We6Hbd1. Status changed: REBUILD => ACTIVE in 16.71971583366394
2019-12-20 01:50:43.816 21359 INFO rally.task.runner [-] Task 43990f66-d7e1-43d6-9a0a-34b04e21a224 | ITER: 9 END: OK
2019-12-20 01:50:47.621 21356 RALLYDEBUG rally.task.utils [-] Waiting for resource s_rally_debc9807_kCnzwXWf. Status changed: REBUILD => ACTIVE in 17.088555812835693
2019-12-20 01:50:49.988 21356 INFO rally.task.runner [-] Task 43990f66-d7e1-43d6-9a0a-34b04e21a224 | ITER: 10 END: OK
2019-12-20 01:50:50.021 20411 INFO rally.task.context [-] Task 43990f66-d7e1-43d6-9a0a-34b04e21a224 | Context cleanup@openstack cleanup() started
2019-12-20 01:50:50.027 20411 RALLYDEBUG rally_openstack.cleanup.manager [-] Cleaning up nova servers objects
2019-12-20 01:50:51.483 20411 RALLYDEBUG rally_openstack.cleanup.manager [-] Cleaning up nova server_groups objects
2019-12-20 01:50:52.666 20411 RALLYDEBUG rally_openstack.cleanup.manager [-] Cleaning up nova keypairs objects
2019-12-20 01:50:55.018 20411 INFO rally.task.context [-] Task 43990f66-d7e1-43d6-9a0a-34b04e21a224 | Context cleanup@openstack cleanup() finished in 5.00 sec
2019-12-20 01:50:55.019 20411 INFO rally.task.context [-] Task 43990f66-d7e1-43d6-9a0a-34b04e21a224 | Context network@openstack cleanup() started
2019-12-20 01:51:18.711 20411 INFO rally.task.context [-] Task 43990f66-d7e1-43d6-9a0a-34b04e21a224 | Context network@openstack cleanup() finished in 23.69 sec
2019-12-20 01:51:18.711 20411 INFO rally.task.context [-] Task 43990f66-d7e1-43d6-9a0a-34b04e21a224 | Context quotas@openstack cleanup() started
2019-12-20 01:51:19.042 20411 INFO rally.task.context [-] Task 43990f66-d7e1-43d6-9a0a-34b04e21a224 | Context quotas@openstack cleanup() finished in 0.33 sec
2019-12-20 01:51:19.043 20411 INFO rally.task.context [-] Task 43990f66-d7e1-43d6-9a0a-34b04e21a224 | Context users@openstack cleanup() started
2019-12-20 01:51:23.315 20411 INFO rally.task.context [-] Task 43990f66-d7e1-43d6-9a0a-34b04e21a224 | Context users@openstack cleanup() finished in 4.27 sec
2019-12-20 01:51:24.495 20411 INFO rally.task.engine [-] Load duration is: 83.705382
2019-12-20 01:51:24.496 20411 INFO rally.task.engine [-] Full runner duration is: 85.760313
2019-12-20 01:51:24.496 20411 INFO rally.task.engine [-] Full duration is: 137.421743
2019-12-20 01:51:24.771 20411 INFO rally.task.engine [-] Running workload: position = 0 config = { "version": 2, "title": "A cropped version of a bigger task.", "description": "Auto-generated task from a single workload (uuid=94ea4f31-1fdc-4777-9ef0-d173b1f17e49)", "subtasks": [ { "title": "NovaServers.snapshot_server", "description": "Boot a server, make its snapshot and delete both.", "scenario": { "NovaServers.snapshot_server": { "flavor": { "name": "rally_full-flavor_aa5cb567-149c-4467-982a-9c05bad8048a" }, "image": { "name": "rally_full-img_aa5cb567-149c-4467-982a-9c05bad8048a" }, "nics": [ { "net-id": "ec715f9f-97db-49ca-b75c-c1382ea24986" } ] } }, "contexts": { "users": { "tenants": 3, "users_per_tenant": 2 }, "network": { "networks_per_tenant": 1, "start_cidr": "100.1.0.0/25" }, "quotas": { "neutron": { "network": -1, "port": -1, "subnet": -1 }, "nova": { "cores": -1, "floating_ips": -1, "instances": -1, "ram": -1, "security_group_rules": -1, "security_groups": -1 } } }, "runner": { "constant": { "concurrency": 4, "times": 10 } }, "hooks": [], "sla": { "failure_rate": { "max": 0 } } } ] }
2019-12-20 01:51:24.796 20411 RALLYDEBUG rally_openstack.contexts.keystone.users [-] Creating 3 tenants using 20 threads
2019-12-20 01:51:25.752 20411 RALLYDEBUG rally_openstack.contexts.keystone.users [-] Creating 6 users using 20 threads
2019-12-20 01:51:27.336 20411 INFO rally.task.context [-] Task 43990f66-d7e1-43d6-9a0a-34b04e21a224 | Context users@openstack setup() finished in 2.54 sec
2019-12-20 01:51:29.252 20411 INFO rally.task.context [-] Task 43990f66-d7e1-43d6-9a0a-34b04e21a224 | Context quotas@openstack setup() finished in 1.92 sec
2019-12-20 01:51:31.926 20411 RALLYDEBUG rally_openstack.wrappers.network [-] CIDR generated: 100.1.6.0/25
2019-12-20 01:51:36.595 20411 RALLYDEBUG rally_openstack.wrappers.network [-] CIDR generated: 100.1.6.128/25
2019-12-20 01:51:40.172 20411 RALLYDEBUG rally_openstack.wrappers.network [-] CIDR generated: 100.1.7.0/25
2019-12-20 01:51:42.456 20411 INFO rally.task.context [-] Task 43990f66-d7e1-43d6-9a0a-34b04e21a224 | Context network@openstack setup() finished in 13.20 sec
2019-12-20 01:51:42.456 20411 INFO rally.task.context [-] Task 43990f66-d7e1-43d6-9a0a-34b04e21a224 | Context cleanup@openstack setup() finished in 0.02 msec
2019-12-20 01:51:43.323 20411 RALLYDEBUG rally.task.runner [-] Starting the constant runner (task UUID: 43990f66-d7e1-43d6-9a0a-34b04e21a224). times: 10 concurrency: 4 timeout: 0 max_cpu_used: 16 processes_to_start: 4 concurrency_per_worker: 1 concurrency_overhead: 0
2019-12-20 01:51:43.335 21519 RALLYDEBUG rally.task.runner [-] Starting a worker. times: 10 duration: None concurrency: 1 timeout: 0 cls: method_name: run args: {"flavor": "8f24f274-2ec7-4ee9-81fe-eb3126b4566a", "image": "836ce450-ad34-4e7f-b690-ce378b347e82", "nics": [{"net-id": "ec715f9f-97db-49ca-b75c-c1382ea24986"}]}
2019-12-20 01:51:43.338 21520 RALLYDEBUG rally.task.runner [-] Starting a worker. times: 10 duration: None concurrency: 1 timeout: 0 cls: method_name: run args: {"flavor": "8f24f274-2ec7-4ee9-81fe-eb3126b4566a", "image": "836ce450-ad34-4e7f-b690-ce378b347e82", "nics": [{"net-id": "ec715f9f-97db-49ca-b75c-c1382ea24986"}]}
2019-12-20 01:51:43.343 21519 INFO rally.task.runner [-] Task 43990f66-d7e1-43d6-9a0a-34b04e21a224 | ITER: 1 START
2019-12-20 01:51:43.342 21521 RALLYDEBUG rally.task.runner [-] Starting a worker. times: 10 duration: None concurrency: 1 timeout: 0 cls: method_name: run args: {"flavor": "8f24f274-2ec7-4ee9-81fe-eb3126b4566a", "image": "836ce450-ad34-4e7f-b690-ce378b347e82", "nics": [{"net-id": "ec715f9f-97db-49ca-b75c-c1382ea24986"}]}
2019-12-20 01:51:43.345 21520 INFO rally.task.runner [-] Task 43990f66-d7e1-43d6-9a0a-34b04e21a224 | ITER: 2 START
2019-12-20 01:51:43.346 21523 RALLYDEBUG rally.task.runner [-] Starting a worker. times: 10 duration: None concurrency: 1 timeout: 0 cls: method_name: run args: {"flavor": "8f24f274-2ec7-4ee9-81fe-eb3126b4566a", "image": "836ce450-ad34-4e7f-b690-ce378b347e82", "nics": [{"net-id": "ec715f9f-97db-49ca-b75c-c1382ea24986"}]}
2019-12-20 01:51:43.350 21521 INFO rally.task.runner [-] Task 43990f66-d7e1-43d6-9a0a-34b04e21a224 | ITER: 3 START
2019-12-20 01:51:43.353 21523 INFO rally.task.runner [-] Task 43990f66-d7e1-43d6-9a0a-34b04e21a224 | ITER: 4 START
2019-12-20 01:51:50.356 21520 RALLYDEBUG rally.task.utils [-] Waiting for resource s_rally_94ea4f31_kKTjg4hx. Status changed: BUILD => ACTIVE in 4.65930438041687
2019-12-20 01:51:52.442 21521 RALLYDEBUG rally.task.utils [-] Waiting for resource s_rally_94ea4f31_IhhHD5rw. Status changed: BUILD => ACTIVE in 6.742580413818359
2019-12-20 01:51:52.840 21523 RALLYDEBUG rally.task.utils [-] Waiting for resource s_rally_94ea4f31_9lMJe4CO. Status changed: BUILD => ACTIVE in 6.777054071426392
2019-12-20 01:51:53.216 21519 RALLYDEBUG rally.task.utils [-] Waiting for resource s_rally_94ea4f31_wnpE799Y. Status changed: BUILD => ACTIVE in 7.2876152992248535
2019-12-20 01:51:54.658 21520 RALLYDEBUG rally.task.utils [-] Waiting for resource s_rally_94ea4f31_kKTjg4hx. Status changed: QUEUED => ACTIVE in 4.069971084594727
2019-12-20 01:51:56.933 21521 RALLYDEBUG rally.task.utils [-] Waiting for resource s_rally_94ea4f31_IhhHD5rw. Status changed: QUEUED => ACTIVE in 4.0844199657440186
2019-12-20 01:51:57.152 21523 RALLYDEBUG rally.task.utils [-] Waiting for resource s_rally_94ea4f31_9lMJe4CO. Status changed: QUEUED => ACTIVE in 4.073582172393799
2019-12-20 01:51:57.498 21519 RALLYDEBUG rally.task.utils [-] Waiting for resource s_rally_94ea4f31_wnpE799Y. Status changed: QUEUED => ACTIVE in 4.0660483837127686
2019-12-20 01:52:03.551 21520 RALLYDEBUG rally.task.utils [-] Waiting for resource s_rally_94ea4f31_TGenMXOt. Status changed: BUILD => ACTIVE in 4.651597738265991
2019-12-20 01:52:05.991 21520 WARNING /usr/lib/python3.6/site-packages/rally_openstack/scenarios/nova/utils.py [-] Method '_delete_image' of NovaScenario class is deprecated since Rally 0.10.0. Use GlanceUtils instead.
2019-12-20 01:52:06.110 21523 RALLYDEBUG rally.task.utils [-] Waiting for resource s_rally_94ea4f31_mNZ7Tatq. Status changed: BUILD => ACTIVE in 4.7671217918396
2019-12-20 01:52:06.151 21520 DEBUG glanceclient.common.http [-] Request returned failure status 404. _handle_response /usr/lib/python3.6/site-packages/glanceclient/common/http.py:125
2019-12-20 01:52:06.157 21520 INFO rally.task.runner [-] Task 43990f66-d7e1-43d6-9a0a-34b04e21a224 | ITER: 2 END: OK
2019-12-20 01:52:06.164 21520 INFO rally.task.runner [-] Task 43990f66-d7e1-43d6-9a0a-34b04e21a224 | ITER: 5 START
2019-12-20 01:52:08.128 21521 RALLYDEBUG rally.task.utils [-] Waiting for resource s_rally_94ea4f31_vR0NvziE. Status changed: BUILD => ACTIVE in 6.9307520389556885
2019-12-20 01:52:08.421 21523 WARNING /usr/lib/python3.6/site-packages/rally_openstack/scenarios/nova/utils.py [-] Method '_delete_image' of NovaScenario class is deprecated since Rally 0.10.0. Use GlanceUtils instead.
2019-12-20 01:52:08.543 21523 DEBUG glanceclient.common.http [-] Request returned failure status 404. _handle_response /usr/lib/python3.6/site-packages/glanceclient/common/http.py:125
2019-12-20 01:52:08.549 21523 INFO rally.task.runner [-] Task 43990f66-d7e1-43d6-9a0a-34b04e21a224 | ITER: 4 END: OK
2019-12-20 01:52:08.556 21523 INFO rally.task.runner [-] Task 43990f66-d7e1-43d6-9a0a-34b04e21a224 | ITER: 6 START
2019-12-20 01:52:08.646 21519 RALLYDEBUG rally.task.utils [-] Waiting for resource s_rally_94ea4f31_N1ZiOSzK. Status changed: BUILD => ACTIVE in 6.677838325500488
2019-12-20 01:52:10.449 21521 WARNING /usr/lib/python3.6/site-packages/rally_openstack/scenarios/nova/utils.py [-] Method '_delete_image' of NovaScenario class is deprecated since Rally 0.10.0. Use GlanceUtils instead.
2019-12-20 01:52:10.588 21521 DEBUG glanceclient.common.http [-] Request returned failure status 404. _handle_response /usr/lib/python3.6/site-packages/glanceclient/common/http.py:125
2019-12-20 01:52:10.593 21521 INFO rally.task.runner [-] Task 43990f66-d7e1-43d6-9a0a-34b04e21a224 | ITER: 3 END: OK
2019-12-20 01:52:10.600 21521 INFO rally.task.runner [-] Task 43990f66-d7e1-43d6-9a0a-34b04e21a224 | ITER: 7 START
2019-12-20 01:52:10.977 21519 WARNING /usr/lib/python3.6/site-packages/rally_openstack/scenarios/nova/utils.py [-] Method '_delete_image' of NovaScenario class is deprecated since Rally 0.10.0. Use GlanceUtils instead.
2019-12-20 01:52:11.107 21519 DEBUG glanceclient.common.http [-] Request returned failure status 404. _handle_response /usr/lib/python3.6/site-packages/glanceclient/common/http.py:125
2019-12-20 01:52:11.112 21519 INFO rally.task.runner [-] Task 43990f66-d7e1-43d6-9a0a-34b04e21a224 | ITER: 1 END: OK
2019-12-20 01:52:11.118 21519 INFO rally.task.runner [-] Task 43990f66-d7e1-43d6-9a0a-34b04e21a224 | ITER: 8 START
2019-12-20 01:52:13.047 21520 RALLYDEBUG rally.task.utils [-] Waiting for resource s_rally_94ea4f31_dQnmsPtl. Status changed: BUILD => ACTIVE in 4.784404754638672
2019-12-20 01:52:15.405 21523 RALLYDEBUG rally.task.utils [-] Waiting for resource s_rally_94ea4f31_vcjbEOBS. Status changed: BUILD => ACTIVE in 4.648784160614014
2019-12-20 01:52:17.347 21520 RALLYDEBUG rally.task.utils [-] Waiting for resource s_rally_94ea4f31_dQnmsPtl. Status changed: QUEUED => ACTIVE in 4.064881324768066
2019-12-20 01:52:17.694 21523 RALLYDEBUG rally.task.utils [-] Waiting for resource s_rally_94ea4f31_vcjbEOBS. Status changed: QUEUED => ACTIVE in 2.044229745864868
2019-12-20 01:52:18.124 21519 RALLYDEBUG rally.task.utils [-] Waiting for resource s_rally_94ea4f31_j4PTzntt. Status changed: BUILD => ACTIVE in 4.564749002456665
2019-12-20 01:52:19.718 21521 RALLYDEBUG rally.task.utils [-] Waiting for resource s_rally_94ea4f31_U9kS2CWS. Status changed: BUILD => ACTIVE in 6.730711460113525
2019-12-20 01:52:22.018 21521 RALLYDEBUG rally.task.utils [-] Waiting for resource s_rally_94ea4f31_U9kS2CWS. Status changed: QUEUED => ACTIVE in 2.044189691543579
2019-12-20 01:52:22.420 21519 RALLYDEBUG rally.task.utils [-] Waiting for resource s_rally_94ea4f31_j4PTzntt. Status changed: QUEUED => ACTIVE in 4.067976713180542
2019-12-20 01:52:26.316 21520 RALLYDEBUG rally.task.utils [-] Waiting for resource s_rally_94ea4f31_4LYcESQY. Status changed: BUILD => ACTIVE in 4.92692232131958
2019-12-20 01:52:27.207 21523 RALLYDEBUG rally.task.utils [-] Waiting for resource s_rally_94ea4f31_1lB8AyyI. Status changed: BUILD => ACTIVE in 5.0669639110565186
2019-12-20 01:52:29.527 21523 WARNING /usr/lib/python3.6/site-packages/rally_openstack/scenarios/nova/utils.py [-] Method '_delete_image' of NovaScenario class is deprecated since Rally 0.10.0. Use GlanceUtils instead.
2019-12-20 01:52:29.699 21523 DEBUG glanceclient.common.http [-] Request returned failure status 404. _handle_response /usr/lib/python3.6/site-packages/glanceclient/common/http.py:125
2019-12-20 01:52:29.700 21523 INFO rally.task.runner [-] Task 43990f66-d7e1-43d6-9a0a-34b04e21a224 | ITER: 6 END: OK
2019-12-20 01:52:29.705 21523 INFO rally.task.runner [-] Task 43990f66-d7e1-43d6-9a0a-34b04e21a224 | ITER: 9 START
2019-12-20 01:52:30.650 21521 RALLYDEBUG rally.task.utils [-] Waiting for resource s_rally_94ea4f31_yCYjoENE. Status changed: BUILD => ACTIVE in 4.550164461135864
2019-12-20 01:52:30.715 21520 WARNING /usr/lib/python3.6/site-packages/rally_openstack/scenarios/nova/utils.py [-] Method '_delete_image' of NovaScenario class is deprecated since Rally 0.10.0. Use GlanceUtils instead.
2019-12-20 01:52:30.828 21520 DEBUG glanceclient.common.http [-] Request returned failure status 404. _handle_response /usr/lib/python3.6/site-packages/glanceclient/common/http.py:125
2019-12-20 01:52:30.829 21520 INFO rally.task.runner [-] Task 43990f66-d7e1-43d6-9a0a-34b04e21a224 | ITER: 5 END: OK
2019-12-20 01:52:30.835 21520 INFO rally.task.runner [-] Task 43990f66-d7e1-43d6-9a0a-34b04e21a224 | ITER: 10 START
2019-12-20 01:52:30.874 21519 RALLYDEBUG rally.task.utils [-] Waiting for resource s_rally_94ea4f31_15vOt9L5. Status changed: BUILD => ACTIVE in 4.40698504447937
2019-12-20 01:52:32.942 21521 WARNING /usr/lib/python3.6/site-packages/rally_openstack/scenarios/nova/utils.py [-] Method '_delete_image' of NovaScenario class is deprecated since Rally 0.10.0. Use GlanceUtils instead.
2019-12-20 01:52:33.079 21521 DEBUG glanceclient.common.http [-] Request returned failure status 404. _handle_response /usr/lib/python3.6/site-packages/glanceclient/common/http.py:125
2019-12-20 01:52:33.081 21521 INFO rally.task.runner [-] Task 43990f66-d7e1-43d6-9a0a-34b04e21a224 | ITER: 7 END: OK
2019-12-20 01:52:33.184 21519 WARNING /usr/lib/python3.6/site-packages/rally_openstack/scenarios/nova/utils.py [-] Method '_delete_image' of NovaScenario class is deprecated since Rally 0.10.0. Use GlanceUtils instead.
2019-12-20 01:52:33.310 21519 DEBUG glanceclient.common.http [-] Request returned failure status 404. _handle_response /usr/lib/python3.6/site-packages/glanceclient/common/http.py:125
2019-12-20 01:52:33.311 21519 INFO rally.task.runner [-] Task 43990f66-d7e1-43d6-9a0a-34b04e21a224 | ITER: 8 END: OK
2019-12-20 01:52:36.772 21523 RALLYDEBUG rally.task.utils [-] Waiting for resource s_rally_94ea4f31_022wTsHF. Status changed: BUILD => ACTIVE in 4.812026262283325
2019-12-20 01:52:40.106 21520 RALLYDEBUG rally.task.utils [-] Waiting for resource s_rally_94ea4f31_xoUWfSqa. Status changed: BUILD => ACTIVE in 6.964762449264526
2019-12-20 01:52:41.096 21523 RALLYDEBUG rally.task.utils [-] Waiting for resource s_rally_94ea4f31_022wTsHF. Status changed: QUEUED => ACTIVE in 4.077817440032959
2019-12-20 01:52:44.500 21520 RALLYDEBUG rally.task.utils [-] Waiting for resource s_rally_94ea4f31_xoUWfSqa. Status changed: QUEUED => ACTIVE in 4.070092439651489
2019-12-20 01:52:49.798 21523 RALLYDEBUG rally.task.utils [-] Waiting for resource s_rally_94ea4f31_00uol1Hc. Status changed: BUILD => ACTIVE in 4.4452807903289795
2019-12-20 01:52:52.187 21523 WARNING /usr/lib/python3.6/site-packages/rally_openstack/scenarios/nova/utils.py [-] Method '_delete_image' of NovaScenario class is deprecated since Rally 0.10.0. Use GlanceUtils instead.
2019-12-20 01:52:52.359 21523 DEBUG glanceclient.common.http [-] Request returned failure status 404. _handle_response /usr/lib/python3.6/site-packages/glanceclient/common/http.py:125
2019-12-20 01:52:52.359 21523 INFO rally.task.runner [-] Task 43990f66-d7e1-43d6-9a0a-34b04e21a224 | ITER: 9 END: OK
2019-12-20 01:52:53.205 21520 RALLYDEBUG rally.task.utils [-] Waiting for resource s_rally_94ea4f31_Dx0WR0Co. Status changed: BUILD => ACTIVE in 4.465746164321899
2019-12-20 01:52:55.790 21520 WARNING /usr/lib/python3.6/site-packages/rally_openstack/scenarios/nova/utils.py [-] Method '_delete_image' of NovaScenario class is deprecated since Rally 0.10.0. Use GlanceUtils instead.
2019-12-20 01:52:55.971 21520 DEBUG glanceclient.common.http [-] Request returned failure status 404. _handle_response /usr/lib/python3.6/site-packages/glanceclient/common/http.py:125
2019-12-20 01:52:55.972 21520 INFO rally.task.runner [-] Task 43990f66-d7e1-43d6-9a0a-34b04e21a224 | ITER: 10 END: OK
2019-12-20 01:52:56.006 20411 INFO rally.task.context [-] Task 43990f66-d7e1-43d6-9a0a-34b04e21a224 | Context cleanup@openstack cleanup() started
2019-12-20 01:52:56.010 20411 RALLYDEBUG rally_openstack.cleanup.manager [-] Cleaning up nova servers objects
2019-12-20 01:52:57.387 20411 RALLYDEBUG rally_openstack.cleanup.manager [-] Cleaning up nova server_groups objects
2019-12-20 01:52:58.567 20411 RALLYDEBUG rally_openstack.cleanup.manager [-] Cleaning up nova keypairs objects
2019-12-20 01:53:00.917 20411 RALLYDEBUG rally_openstack.cleanup.manager [-] Cleaning up glance images objects
2019-12-20 01:53:02.491 20411 INFO rally.task.context [-] Task 43990f66-d7e1-43d6-9a0a-34b04e21a224 | Context cleanup@openstack cleanup() finished in 6.49 sec
2019-12-20 01:53:02.492 20411 INFO rally.task.context [-] Task 43990f66-d7e1-43d6-9a0a-34b04e21a224 | Context network@openstack cleanup() started
2019-12-20 01:53:25.401 20411 INFO rally.task.context [-] Task 43990f66-d7e1-43d6-9a0a-34b04e21a224 | Context network@openstack cleanup() finished in 22.91 sec
2019-12-20 01:53:25.401 20411 INFO rally.task.context [-] Task 43990f66-d7e1-43d6-9a0a-34b04e21a224 | Context quotas@openstack cleanup() started
2019-12-20 01:53:25.626 20411 INFO rally.task.context [-] Task 43990f66-d7e1-43d6-9a0a-34b04e21a224 | Context quotas@openstack cleanup() finished in 0.22 sec
2019-12-20 01:53:25.626 20411 INFO rally.task.context [-] Task 43990f66-d7e1-43d6-9a0a-34b04e21a224 | Context users@openstack cleanup() started
2019-12-20 01:53:29.745 20411 INFO rally.task.context [-] Task 43990f66-d7e1-43d6-9a0a-34b04e21a224 | Context users@openstack cleanup() finished in 4.12 sec
2019-12-20 01:53:31.328 20411 INFO rally.task.engine [-] Load duration is: 70.628052
2019-12-20 01:53:31.328 20411 INFO rally.task.engine [-] Full runner duration is: 72.683727
2019-12-20 01:53:31.329 20411 INFO rally.task.engine [-] Full duration is: 124.952464
2019-12-20 01:53:31.741 20411 INFO rally.task.engine [-] Running workload: position = 0 config = { "version": 2, "title": "A cropped version of a bigger task.", "description": "Auto-generated task from a single workload (uuid=06292c3b-6d5a-460d-8fc3-6068caf63a45)", "subtasks": [ { "title": "NovaServers.boot_server_from_volume", "description": "Boot a server from volume.", "scenario": { "NovaServers.boot_server_from_volume": { "flavor": { "name": "rally_full-flavor_aa5cb567-149c-4467-982a-9c05bad8048a" }, "image": { "name": "rally_full-img_aa5cb567-149c-4467-982a-9c05bad8048a" }, "volume_size": 1, "nics": [ { "net-id": "ec715f9f-97db-49ca-b75c-c1382ea24986" } ] } }, "contexts": { "users": { "tenants": 3, "users_per_tenant": 2 }, "api_versions": { "cinder": { "version": 3, "service_type": "volumev3" } } }, "runner": { "constant": { "concurrency": 4, "times": 10 } }, "hooks": [], "sla": { "failure_rate": { "max": 0 } } } ] }
2019-12-20 01:53:31.766 20411 RALLYDEBUG rally_openstack.contexts.keystone.users [-] Creating 3 tenants using 20 threads
2019-12-20 01:53:32.815 20411 RALLYDEBUG rally_openstack.contexts.keystone.users [-] Creating 6 users using 20 threads
2019-12-20 01:53:34.407 20411 INFO rally.task.context [-] Task 43990f66-d7e1-43d6-9a0a-34b04e21a224 | Context users@openstack setup() finished in 2.64 sec
2019-12-20 01:53:34.825 20411 INFO rally.task.context [-] Task 43990f66-d7e1-43d6-9a0a-34b04e21a224 | Context api_versions@openstack setup() finished in 0.42 sec
2019-12-20 01:53:34.826 20411 INFO rally.task.context [-] Task 43990f66-d7e1-43d6-9a0a-34b04e21a224 | Context cleanup@openstack setup() finished in 0.01 msec
2019-12-20 01:53:35.888 20411 RALLYDEBUG rally.task.runner [-] Starting the constant runner (task UUID: 43990f66-d7e1-43d6-9a0a-34b04e21a224). times: 10 concurrency: 4 timeout: 0 max_cpu_used: 16 processes_to_start: 4 concurrency_per_worker: 1 concurrency_overhead: 0
2019-12-20 01:53:35.901 21703 RALLYDEBUG rally.task.runner [-] Starting a worker. times: 10 duration: None concurrency: 1 timeout: 0 cls: method_name: run args: {"flavor": "8f24f274-2ec7-4ee9-81fe-eb3126b4566a", "image": "836ce450-ad34-4e7f-b690-ce378b347e82", "volume_size": 1, "nics": [{"net-id": "ec715f9f-97db-49ca-b75c-c1382ea24986"}]}
2019-12-20 01:53:35.904 21704 RALLYDEBUG rally.task.runner [-] Starting a worker. times: 10 duration: None concurrency: 1 timeout: 0 cls: method_name: run args: {"flavor": "8f24f274-2ec7-4ee9-81fe-eb3126b4566a", "image": "836ce450-ad34-4e7f-b690-ce378b347e82", "volume_size": 1, "nics": [{"net-id": "ec715f9f-97db-49ca-b75c-c1382ea24986"}]}
2019-12-20 01:53:35.908 21703 INFO rally.task.runner [-] Task 43990f66-d7e1-43d6-9a0a-34b04e21a224 | ITER: 1 START
2019-12-20 01:53:35.908 21705 RALLYDEBUG rally.task.runner [-] Starting a worker. times: 10 duration: None concurrency: 1 timeout: 0 cls: method_name: run args: {"flavor": "8f24f274-2ec7-4ee9-81fe-eb3126b4566a", "image": "836ce450-ad34-4e7f-b690-ce378b347e82", "volume_size": 1, "nics": [{"net-id": "ec715f9f-97db-49ca-b75c-c1382ea24986"}]}
2019-12-20 01:53:35.912 21704 INFO rally.task.runner [-] Task 43990f66-d7e1-43d6-9a0a-34b04e21a224 | ITER: 2 START
2019-12-20 01:53:35.912 21708 RALLYDEBUG rally.task.runner [-] Starting a worker. times: 10 duration: None concurrency: 1 timeout: 0 cls: method_name: run args: {"flavor": "8f24f274-2ec7-4ee9-81fe-eb3126b4566a", "image": "836ce450-ad34-4e7f-b690-ce378b347e82", "volume_size": 1, "nics": [{"net-id": "ec715f9f-97db-49ca-b75c-c1382ea24986"}]}
2019-12-20 01:53:35.915 21705 INFO rally.task.runner [-] Task 43990f66-d7e1-43d6-9a0a-34b04e21a224 | ITER: 3 START
2019-12-20 01:53:35.920 21708 INFO rally.task.runner [-] Task 43990f66-d7e1-43d6-9a0a-34b04e21a224 | ITER: 4 START
2019-12-20 01:54:02.642 21705 RALLYDEBUG rally.task.utils [-] Waiting for resource s_rally_06292c3b_8m7oZLd2. Status changed: DOWNLOADING => AVAILABLE in 23.144304990768433
2019-12-20 01:54:12.069 21705 RALLYDEBUG rally.task.utils [-] Waiting for resource s_rally_06292c3b_nmVQooOR. Status changed: BUILD => ACTIVE in 7.152851581573486
2019-12-20 01:54:12.070 21705 INFO rally.task.runner [-] Task 43990f66-d7e1-43d6-9a0a-34b04e21a224 | ITER: 3 END: OK
2019-12-20 01:54:12.076 21705 INFO rally.task.runner [-] Task 43990f66-d7e1-43d6-9a0a-34b04e21a224 | ITER: 5 START
2019-12-20 01:54:27.595 21705 RALLYDEBUG rally.task.utils [-] Waiting for resource s_rally_06292c3b_DdoIQ957. Status changed: DOWNLOADING => AVAILABLE in 12.696105241775513
2019-12-20 01:54:34.986 21705 RALLYDEBUG rally.task.utils [-] Waiting for resource s_rally_06292c3b_mmyMvs6I. Status changed: BUILD => ACTIVE in 4.660834312438965
2019-12-20 01:54:34.987 21705 INFO rally.task.runner [-] Task 43990f66-d7e1-43d6-9a0a-34b04e21a224 | ITER: 5 END: OK
2019-12-20 01:54:34.991 21705 INFO rally.task.runner [-] Task 43990f66-d7e1-43d6-9a0a-34b04e21a224 | ITER: 6 START
2019-12-20 01:54:50.255 21705 RALLYDEBUG rally.task.utils [-] Waiting for resource s_rally_06292c3b_cOsfa2qH. Status changed: DOWNLOADING => AVAILABLE in 12.560473442077637
2019-12-20 01:54:50.369 21708 RALLYDEBUG rally.task.utils [-] Waiting for resource s_rally_06292c3b_E83wzkAa. Status changed: DOWNLOADING => AVAILABLE in 70.79649257659912
2019-12-20 01:54:52.235 21703 RALLYDEBUG rally.task.utils [-] Waiting for resource s_rally_06292c3b_2k4iOALD. Status changed: DOWNLOADING => AVAILABLE in 72.80019092559814
2019-12-20 01:54:52.251 21704 RALLYDEBUG rally.task.utils [-] Waiting for resource s_rally_06292c3b_WIbZ4maf. Status changed: DOWNLOADING => AVAILABLE in 72.79974412918091
2019-12-20 01:54:59.979 21705 RALLYDEBUG rally.task.utils [-] Waiting for resource s_rally_06292c3b_WrvmAk4v. Status changed: BUILD => ACTIVE in 6.836488246917725
