2019-12-20 00:54:37.446 1845 INFO rally.task.engine [-] Running workload: position = 1 config = { "version": 2, "title": "A cropped version of a bigger task.", "description": "Auto-generated task from a single workload (uuid=78792266-ce07-4b38-948b-801cafdaeb3c)", "subtasks": [ { "title": "CinderVolumes.create_and_delete_volume", "description": "Create and then delete a volume.", "scenario": { "CinderVolumes.create_and_delete_volume": { "image": { "name": "rally_full-img_aa5cb567-149c-4467-982a-9c05bad8048a" }, "size": 1 } }, "contexts": { "users": { "tenants": 3, "users_per_tenant": 2 }, "quotas": { "cinder": { "gigabytes": -1, "snapshots": -1, "volumes": -1 } }, "api_versions": { "cinder": { "version": 3, "service_type": "volumev3" } } }, "runner": { "constant": { "concurrency": 4, "times": 10 } }, "hooks": [], "sla": { "failure_rate": { "max": 0 } } } ] }
2019-12-20 00:54:37.471 1845 RALLYDEBUG rally_openstack.contexts.keystone.users [-] Creating 3 tenants using 20 threads
2019-12-20 00:54:38.504 1845 RALLYDEBUG rally_openstack.contexts.keystone.users [-] Creating 6 users using 20 threads
2019-12-20 00:54:40.021 1845 INFO rally.task.context [-] Task 06f98a6e-afe3-48de-880a-1947c5d5c107 | Context users@openstack setup() finished in 2.55 sec
2019-12-20 00:54:40.431 1845 INFO rally.task.context [-] Task 06f98a6e-afe3-48de-880a-1947c5d5c107 | Context api_versions@openstack setup() finished in 0.41 sec
2019-12-20 00:54:41.504 1845 INFO rally.task.context [-] Task 06f98a6e-afe3-48de-880a-1947c5d5c107 | Context quotas@openstack setup() finished in 1.07 sec
2019-12-20 00:54:41.506 1845 INFO rally.task.context [-] Task 06f98a6e-afe3-48de-880a-1947c5d5c107 | Context cleanup@openstack setup() finished in 0.01 msec
2019-12-20 00:54:42.029 1845 RALLYDEBUG rally.task.runner [-] Starting the constant runner (task UUID: 06f98a6e-afe3-48de-880a-1947c5d5c107). times: 10 concurrency: 4 timeout: 0 max_cpu_used: 16 processes_to_start: 4 concurrency_per_worker: 1 concurrency_overhead: 0
2019-12-20 00:54:42.041 4357 RALLYDEBUG rally.task.runner [-] Starting a worker. times: 10 duration: None concurrency: 1 timeout: 0 cls: method_name: run args: {"image": "836ce450-ad34-4e7f-b690-ce378b347e82", "size": 1}
2019-12-20 00:54:42.044 4358 RALLYDEBUG rally.task.runner [-] Starting a worker. times: 10 duration: None concurrency: 1 timeout: 0 cls: method_name: run args: {"image": "836ce450-ad34-4e7f-b690-ce378b347e82", "size": 1}
2019-12-20 00:54:42.048 4357 INFO rally.task.runner [-] Task 06f98a6e-afe3-48de-880a-1947c5d5c107 | ITER: 1 START
2019-12-20 00:54:42.048 4359 RALLYDEBUG rally.task.runner [-] Starting a worker. times: 10 duration: None concurrency: 1 timeout: 0 cls: method_name: run args: {"image": "836ce450-ad34-4e7f-b690-ce378b347e82", "size": 1}
2019-12-20 00:54:42.052 4358 INFO rally.task.runner [-] Task 06f98a6e-afe3-48de-880a-1947c5d5c107 | ITER: 2 START
2019-12-20 00:54:42.052 4360 RALLYDEBUG rally.task.runner [-] Starting a worker. times: 10 duration: None concurrency: 1 timeout: 0 cls: method_name: run args: {"image": "836ce450-ad34-4e7f-b690-ce378b347e82", "size": 1}
2019-12-20 00:54:42.055 4359 INFO rally.task.runner [-] Task 06f98a6e-afe3-48de-880a-1947c5d5c107 | ITER: 3 START
2019-12-20 00:54:42.059 4360 INFO rally.task.runner [-] Task 06f98a6e-afe3-48de-880a-1947c5d5c107 | ITER: 4 START
2019-12-20 00:55:05.754 4357 RALLYDEBUG rally.task.utils [-] Waiting for resource s_rally_78792266_qEXMtD4u. Status changed: DOWNLOADING => AVAILABLE in 20.878869771957397
2019-12-20 00:55:05.906 4357 RALLYDEBUG rally.task.utils [-] Waiting for resource s_rally_78792266_qEXMtD4u. Status changed: AVAILABLE => DELETING in 0.07164645195007324
2019-12-20 00:55:07.953 4357 INFO rally.task.runner [-] Task 06f98a6e-afe3-48de-880a-1947c5d5c107 | ITER: 1 END: OK
2019-12-20 00:55:07.960 4357 INFO rally.task.runner [-] Task 06f98a6e-afe3-48de-880a-1947c5d5c107 | ITER: 5 START
2019-12-20 00:55:23.507 4357 RALLYDEBUG rally.task.utils [-] Waiting for resource s_rally_78792266_IV577Rx5. Status changed: DOWNLOADING => AVAILABLE in 12.58783769607544
2019-12-20 00:55:23.655 4357 RALLYDEBUG rally.task.utils [-] Waiting for resource s_rally_78792266_IV577Rx5. Status changed: AVAILABLE => DELETING in 0.07183480262756348
2019-12-20 00:55:25.697 4357 INFO rally.task.runner [-] Task 06f98a6e-afe3-48de-880a-1947c5d5c107 | ITER: 5 END: OK
2019-12-20 00:55:25.700 4357 INFO rally.task.runner [-] Task 06f98a6e-afe3-48de-880a-1947c5d5c107 | ITER: 6 START
2019-12-20 00:55:41.288 4357 RALLYDEBUG rally.task.utils [-] Waiting for resource s_rally_78792266_R7yMTTJG. Status changed: DOWNLOADING => AVAILABLE in 12.692683458328247
2019-12-20 00:55:41.425 4357 RALLYDEBUG rally.task.utils [-] Waiting for resource s_rally_78792266_R7yMTTJG. Status changed: AVAILABLE => DELETING in 0.06752562522888184
2019-12-20 00:55:43.470 4357 INFO rally.task.runner [-] Task 06f98a6e-afe3-48de-880a-1947c5d5c107 | ITER: 6 END: OK
2019-12-20 00:55:43.475 4357 INFO rally.task.runner [-] Task 06f98a6e-afe3-48de-880a-1947c5d5c107 | ITER: 7 START
2019-12-20 00:55:55.906 4359 RALLYDEBUG rally.task.utils [-] Waiting for resource s_rally_78792266_Bd6iOJQa. Status changed: DOWNLOADING => AVAILABLE in 70.96482062339783
2019-12-20 00:55:55.941 4360 RALLYDEBUG rally.task.utils [-] Waiting for resource s_rally_78792266_CFeEpmq4. Status changed: DOWNLOADING => AVAILABLE in 70.70898842811584
2019-12-20 00:55:56.038 4359 RALLYDEBUG rally.task.utils [-] Waiting for resource s_rally_78792266_Bd6iOJQa. Status changed: AVAILABLE => DELETING in 0.06234025955200195
2019-12-20 00:55:56.070 4360 RALLYDEBUG rally.task.utils [-] Waiting for resource s_rally_78792266_CFeEpmq4. Status changed: AVAILABLE => DELETING in 0.06093120574951172
2019-12-20 00:55:57.835 4358 RALLYDEBUG rally.task.utils [-] Waiting for resource s_rally_78792266_kHowhv6b. Status changed: DOWNLOADING => AVAILABLE in 72.68841290473938
2019-12-20 00:55:57.975 4358 RALLYDEBUG rally.task.utils [-] Waiting for resource s_rally_78792266_kHowhv6b. Status changed: AVAILABLE => DELETING in 0.06938934326171875
2019-12-20 00:55:58.078 4359 INFO rally.task.runner [-] Task 06f98a6e-afe3-48de-880a-1947c5d5c107 | ITER: 3 END: OK
2019-12-20 00:55:58.085 4359 INFO rally.task.runner [-] Task 06f98a6e-afe3-48de-880a-1947c5d5c107 | ITER: 8 START
2019-12-20 00:55:58.112 4360 INFO rally.task.runner [-] Task 06f98a6e-afe3-48de-880a-1947c5d5c107 | ITER: 4 END: OK
2019-12-20 00:55:58.118 4360 INFO rally.task.runner [-] Task 06f98a6e-afe3-48de-880a-1947c5d5c107 | ITER: 9 START
2019-12-20 00:55:58.759 4357 RALLYDEBUG rally.task.utils [-] Waiting for resource s_rally_78792266_VGB4c1a0. Status changed: DOWNLOADING => AVAILABLE in 12.563700914382935
2019-12-20 00:55:58.887 4357 RALLYDEBUG rally.task.utils [-] Waiting for resource s_rally_78792266_VGB4c1a0. Status changed: AVAILABLE => DELETING in 0.05537223815917969
2019-12-20 00:56:00.018 4358 INFO rally.task.runner [-] Task 06f98a6e-afe3-48de-880a-1947c5d5c107 | ITER: 2 END: OK
2019-12-20 00:56:00.025 4358 INFO rally.task.runner [-] Task 06f98a6e-afe3-48de-880a-1947c5d5c107 | ITER: 10 START
2019-12-20 00:56:00.925 4357 INFO rally.task.runner [-] Task 06f98a6e-afe3-48de-880a-1947c5d5c107 | ITER: 7 END: OK
2019-12-20 00:56:21.750 4360 RALLYDEBUG rally.task.utils [-] Waiting for resource s_rally_78792266_0fwcskoC. Status changed: DOWNLOADING => AVAILABLE in 20.960838079452515
2019-12-20 00:56:21.885 4360 RALLYDEBUG rally.task.utils [-] Waiting for resource s_rally_78792266_0fwcskoC. Status changed: AVAILABLE => DELETING in 0.06352591514587402
2019-12-20 00:56:23.932 4360 INFO rally.task.runner [-] Task 06f98a6e-afe3-48de-880a-1947c5d5c107 | ITER: 9 END: OK
2019-12-20 00:56:55.148 4359 RALLYDEBUG rally.task.utils [-] Waiting for resource s_rally_78792266_vOCPKlxW. Status changed: DOWNLOADING => AVAILABLE in 54.01096487045288
2019-12-20 00:56:55.288 4359 RALLYDEBUG rally.task.utils [-] Waiting for resource s_rally_78792266_vOCPKlxW. Status changed: AVAILABLE => DELETING in 0.06821775436401367
2019-12-20 00:56:56.791 4358 RALLYDEBUG rally.task.utils [-] Waiting for resource s_rally_78792266_1bXlQh5J. Status changed: DOWNLOADING => AVAILABLE in 54.00401997566223
2019-12-20 00:56:56.928 4358 RALLYDEBUG rally.task.utils [-] Waiting for resource s_rally_78792266_1bXlQh5J. Status changed: AVAILABLE => DELETING in 0.06523633003234863
2019-12-20 00:56:57.334 4359 INFO rally.task.runner [-] Task 06f98a6e-afe3-48de-880a-1947c5d5c107 | ITER: 8 END: OK
2019-12-20 00:56:58.973 4358 INFO rally.task.runner [-] Task 06f98a6e-afe3-48de-880a-1947c5d5c107 | ITER: 10 END: OK
2019-12-20 00:56:59.005 1845 INFO rally.task.context [-] Task 06f98a6e-afe3-48de-880a-1947c5d5c107 | Context cleanup@openstack cleanup() started
2019-12-20 00:56:59.009 1845 RALLYDEBUG rally_openstack.cleanup.manager [-] Cleaning up cinder backups objects
2019-12-20 00:57:00.347 1845 RALLYDEBUG rally_openstack.cleanup.manager [-] Cleaning up cinder volume_snapshots objects
2019-12-20 00:57:01.543 1845 RALLYDEBUG rally_openstack.cleanup.manager [-] Cleaning up cinder transfers objects
2019-12-20 00:57:02.726 1845 RALLYDEBUG rally_openstack.cleanup.manager [-] Cleaning up cinder volumes objects
2019-12-20 00:57:03.925 1845 INFO rally.task.context [-] Task 06f98a6e-afe3-48de-880a-1947c5d5c107 | Context cleanup@openstack cleanup() finished in 4.92 sec
2019-12-20 00:57:03.926 1845 INFO rally.task.context [-] Task 06f98a6e-afe3-48de-880a-1947c5d5c107 | Context quotas@openstack cleanup() started
2019-12-20 00:57:04.007 1845 INFO rally.task.context [-] Task 06f98a6e-afe3-48de-880a-1947c5d5c107 | Context quotas@openstack cleanup() finished in 81.69 msec
2019-12-20 00:57:04.008 1845 INFO rally.task.context [-] Task 06f98a6e-afe3-48de-880a-1947c5d5c107 | Context api_versions@openstack cleanup() started
2019-12-20 00:57:04.008 1845 INFO rally.task.context [-] Task 06f98a6e-afe3-48de-880a-1947c5d5c107 | Context api_versions@openstack cleanup() finished in 0.33 msec
2019-12-20 00:57:04.008 1845 INFO rally.task.context [-] Task 06f98a6e-afe3-48de-880a-1947c5d5c107 | Context users@openstack cleanup() started
2019-12-20 00:57:08.507 1845 INFO rally.task.context [-] Task 06f98a6e-afe3-48de-880a-1947c5d5c107 | Context users@openstack cleanup() finished in 4.50 sec
2019-12-20 00:57:10.109 1845 INFO rally.task.engine [-] Load duration is: 136.920368
2019-12-20 00:57:10.110 1845 INFO rally.task.engine [-] Full runner duration is: 136.9765
2019-12-20 00:57:10.110 1845 INFO rally.task.engine [-] Full duration is: 151.03877
2019-12-20 00:57:10.318 1845 INFO rally.task.engine [-] Running workload: position = 2 config = { "version": 2, "title": "A cropped version of a bigger task.", "description": "Auto-generated task from a single workload (uuid=d1e578a8-e7c5-4c1b-893f-bfefdd954e41)", "subtasks": [ { "title": "CinderVolumes.create_and_delete_volume", "description": "Create and then delete a volume.", "scenario": { "CinderVolumes.create_and_delete_volume": { "size": 1 } }, "contexts": { "users": { "tenants": 3, "users_per_tenant": 2 }, "quotas": { "cinder": { "gigabytes": -1, "snapshots": -1, "volumes": -1 } }, "api_versions": { "cinder": { "version": 3, "service_type": "volumev3" } } }, "runner": { "constant": { "concurrency": 4, "times": 10 } }, "hooks": [], "sla": { "failure_rate": { "max": 0 } } } ] }
2019-12-20 00:57:10.343 1845 RALLYDEBUG rally_openstack.contexts.keystone.users [-] Creating 3 tenants using 20 threads
2019-12-20 00:57:11.435 1845 RALLYDEBUG rally_openstack.contexts.keystone.users [-] Creating 6 users using 20 threads
2019-12-20 00:57:12.941 1845 INFO rally.task.context [-] Task 06f98a6e-afe3-48de-880a-1947c5d5c107 | Context users@openstack setup() finished in 2.60 sec
2019-12-20 00:57:13.348 1845 INFO rally.task.context [-] Task 06f98a6e-afe3-48de-880a-1947c5d5c107 | Context api_versions@openstack setup() finished in 0.41 sec
2019-12-20 00:57:14.314 1845 INFO rally.task.context [-] Task 06f98a6e-afe3-48de-880a-1947c5d5c107 | Context quotas@openstack setup() finished in 0.96 sec
2019-12-20 00:57:14.314 1845 INFO rally.task.context [-] Task 06f98a6e-afe3-48de-880a-1947c5d5c107 | Context cleanup@openstack setup() finished in 0.01 msec
2019-12-20 00:57:14.323 1845 RALLYDEBUG rally.task.runner [-] Starting the constant runner (task UUID: 06f98a6e-afe3-48de-880a-1947c5d5c107). times: 10 concurrency: 4 timeout: 0 max_cpu_used: 16 processes_to_start: 4 concurrency_per_worker: 1 concurrency_overhead: 0
2019-12-20 00:57:14.334 4541 RALLYDEBUG rally.task.runner [-] Starting a worker. times: 10 duration: None concurrency: 1 timeout: 0 cls: method_name: run args: {"size": 1}
2019-12-20 00:57:14.338 4542 RALLYDEBUG rally.task.runner [-] Starting a worker. times: 10 duration: None concurrency: 1 timeout: 0 cls: method_name: run args: {"size": 1}
2019-12-20 00:57:14.342 4541 INFO rally.task.runner [-] Task 06f98a6e-afe3-48de-880a-1947c5d5c107 | ITER: 1 START
2019-12-20 00:57:14.341 4543 RALLYDEBUG rally.task.runner [-] Starting a worker. times: 10 duration: None concurrency: 1 timeout: 0 cls: method_name: run args: {"size": 1}
2019-12-20 00:57:14.345 4542 INFO rally.task.runner [-] Task 06f98a6e-afe3-48de-880a-1947c5d5c107 | ITER: 2 START
2019-12-20 00:57:14.345 4544 RALLYDEBUG rally.task.runner [-] Starting a worker. times: 10 duration: None concurrency: 1 timeout: 0 cls: method_name: run args: {"size": 1}
2019-12-20 00:57:14.348 4543 INFO rally.task.runner [-] Task 06f98a6e-afe3-48de-880a-1947c5d5c107 | ITER: 3 START
2019-12-20 00:57:14.351 4544 INFO rally.task.runner [-] Task 06f98a6e-afe3-48de-880a-1947c5d5c107 | ITER: 4 START
2019-12-20 00:57:17.185 4543 RALLYDEBUG rally.task.utils [-] Waiting for resource s_rally_d1e578a8_LQiQEJBk. Status changed: AVAILABLE => DELETING in 0.05803370475769043
2019-12-20 00:57:17.207 4544 RALLYDEBUG rally.task.utils [-] Waiting for resource s_rally_d1e578a8_pjpsul1W. Status changed: AVAILABLE => DELETING in 0.060448408126831055
2019-12-20 00:57:17.272 4542 RALLYDEBUG rally.task.utils [-] Waiting for resource s_rally_d1e578a8_wo332UPb. Status changed: AVAILABLE => DELETING in 0.05639934539794922
2019-12-20 00:57:17.313 4541 RALLYDEBUG rally.task.utils [-] Waiting for resource s_rally_d1e578a8_k7DjXrBO. Status changed: AVAILABLE => DELETING in 0.05987071990966797
2019-12-20 00:57:19.230 4543 INFO rally.task.runner [-] Task 06f98a6e-afe3-48de-880a-1947c5d5c107 | ITER: 3 END: OK
2019-12-20 00:57:19.235 4543 INFO rally.task.runner [-] Task 06f98a6e-afe3-48de-880a-1947c5d5c107 | ITER: 5 START
2019-12-20 00:57:19.251 4544 INFO rally.task.runner [-] Task 06f98a6e-afe3-48de-880a-1947c5d5c107 | ITER: 4 END: OK
2019-12-20 00:57:19.255 4544 INFO rally.task.runner [-] Task 06f98a6e-afe3-48de-880a-1947c5d5c107 | ITER: 6 START
2019-12-20 00:57:19.313 4542 INFO rally.task.runner [-] Task 06f98a6e-afe3-48de-880a-1947c5d5c107 | ITER: 2 END: OK
2019-12-20 00:57:19.318 4542 INFO rally.task.runner [-] Task 06f98a6e-afe3-48de-880a-1947c5d5c107 | ITER: 7 START
2019-12-20 00:57:19.357 4541 INFO rally.task.runner [-] Task 06f98a6e-afe3-48de-880a-1947c5d5c107 | ITER: 1 END: OK
2019-12-20 00:57:19.361 4541 INFO rally.task.runner [-] Task 06f98a6e-afe3-48de-880a-1947c5d5c107 | ITER: 8 START
2019-12-20 00:57:22.079 4543 RALLYDEBUG rally.task.utils [-] Waiting for resource s_rally_d1e578a8_uuvEsJKS. Status changed: AVAILABLE => DELETING in 0.05963540077209473
2019-12-20 00:57:22.124 4542 RALLYDEBUG rally.task.utils [-] Waiting for resource s_rally_d1e578a8_P6asfM8G. Status changed: AVAILABLE => DELETING in 0.0615229606628418
2019-12-20 00:57:22.211 4544 RALLYDEBUG rally.task.utils [-] Waiting for resource s_rally_d1e578a8_kTO847fm. Status changed: AVAILABLE => DELETING in 0.05652046203613281
2019-12-20 00:57:22.218 4541 RALLYDEBUG rally.task.utils [-] Waiting for resource s_rally_d1e578a8_ClUJg9x9. Status changed: AVAILABLE => DELETING in 0.05385923385620117
2019-12-20 00:57:24.126 4543 INFO rally.task.runner [-] Task 06f98a6e-afe3-48de-880a-1947c5d5c107 | ITER: 5 END: OK
2019-12-20 00:57:24.129 4543 INFO rally.task.runner [-] Task 06f98a6e-afe3-48de-880a-1947c5d5c107 | ITER: 9 START
2019-12-20 00:57:24.166 4542 INFO rally.task.runner [-] Task 06f98a6e-afe3-48de-880a-1947c5d5c107 | ITER: 7 END: OK
2019-12-20 00:57:24.168 4542 INFO rally.task.runner [-] Task 06f98a6e-afe3-48de-880a-1947c5d5c107 | ITER: 10 START
2019-12-20 00:57:24.248 4544 INFO rally.task.runner [-] Task 06f98a6e-afe3-48de-880a-1947c5d5c107 | ITER: 6 END: OK
2019-12-20 00:57:24.257 4541 INFO rally.task.runner [-] Task 06f98a6e-afe3-48de-880a-1947c5d5c107 | ITER: 8 END: OK
2019-12-20 00:57:26.993 4543 RALLYDEBUG rally.task.utils [-] Waiting for resource s_rally_d1e578a8_IYUMbZI3. Status changed: AVAILABLE => DELETING in 0.06514811515808105
2019-12-20 00:57:27.115 4542 RALLYDEBUG rally.task.utils [-] Waiting for resource s_rally_d1e578a8_Qy6Ey9bu. Status changed: AVAILABLE => DELETING in 0.06584429740905762
2019-12-20 00:57:29.037 4543 INFO rally.task.runner [-] Task 06f98a6e-afe3-48de-880a-1947c5d5c107 | ITER: 9 END: OK
2019-12-20 00:57:29.157 4542 INFO rally.task.runner [-] Task 06f98a6e-afe3-48de-880a-1947c5d5c107 | ITER: 10 END: OK
2019-12-20 00:57:29.180 1845 INFO rally.task.context [-] Task 06f98a6e-afe3-48de-880a-1947c5d5c107 | Context cleanup@openstack cleanup() started
2019-12-20 00:57:29.183 1845 RALLYDEBUG rally_openstack.cleanup.manager [-] Cleaning up cinder backups objects
2019-12-20 00:57:30.368 1845 RALLYDEBUG rally_openstack.cleanup.manager [-] Cleaning up cinder volume_snapshots objects
2019-12-20 00:57:31.523 1845 RALLYDEBUG rally_openstack.cleanup.manager [-] Cleaning up cinder transfers objects
2019-12-20 00:57:32.660 1845 RALLYDEBUG rally_openstack.cleanup.manager [-] Cleaning up cinder volumes objects
2019-12-20 00:57:33.846 1845 INFO rally.task.context [-] Task 06f98a6e-afe3-48de-880a-1947c5d5c107 | Context cleanup@openstack cleanup() finished in 4.67 sec
2019-12-20 00:57:33.846 1845 INFO rally.task.context [-] Task 06f98a6e-afe3-48de-880a-1947c5d5c107 | Context quotas@openstack cleanup() started
2019-12-20 00:57:33.922 1845 INFO rally.task.context [-] Task 06f98a6e-afe3-48de-880a-1947c5d5c107 | Context quotas@openstack cleanup() finished in 75.62 msec
2019-12-20 00:57:33.923 1845 INFO rally.task.context [-] Task 06f98a6e-afe3-48de-880a-1947c5d5c107 | Context api_versions@openstack cleanup() started
2019-12-20 00:57:33.923 1845 INFO rally.task.context [-] Task 06f98a6e-afe3-48de-880a-1947c5d5c107 | Context api_versions@openstack cleanup() finished in 0.33 msec
2019-12-20 00:57:33.923 1845 INFO rally.task.context [-] Task 06f98a6e-afe3-48de-880a-1947c5d5c107 | Context users@openstack cleanup() started
2019-12-20 00:57:38.331 1845 INFO rally.task.context [-] Task 06f98a6e-afe3-48de-880a-1947c5d5c107 | Context users@openstack cleanup() finished in 4.41 sec
2019-12-20 00:57:38.502 1845 INFO rally.task.engine [-] Load duration is: 14.81127
2019-12-20 00:57:38.502 1845 INFO rally.task.engine [-] Full runner duration is: 14.857219
2019-12-20 00:57:38.502 1845 INFO rally.task.engine [-] Full duration is: 27.990371
2019-12-20 00:57:38.863 1845 INFO rally.task.engine [-] Running workload: position = 0 config = { "version": 2, "title": "A cropped version of a bigger task.", "description": "Auto-generated task from a single workload (uuid=d69f6bff-c6f5-46e8-9efc-00acfcd9d0c5)", "subtasks": [ { "title": "CinderVolumes.create_and_extend_volume", "description": "Create and extend a volume and then delete it.", "scenario": { "CinderVolumes.create_and_extend_volume": { "new_size": 2, "size": 1 } }, "contexts": { "users": { "tenants": 3, "users_per_tenant": 2 }, "quotas": { "cinder": { "gigabytes": -1, "snapshots": -1, "volumes": -1 } }, "api_versions": { "cinder": { "version": 3, "service_type": "volumev3" } } }, "runner": { "constant": { "concurrency": 4, "times": 10 } }, "hooks": [], "sla": { "failure_rate": { "max": 0 } } } ] }
2019-12-20 00:57:38.888 1845 RALLYDEBUG rally_openstack.contexts.keystone.users [-] Creating 3 tenants using 20 threads
2019-12-20 00:57:39.944 1845 RALLYDEBUG rally_openstack.contexts.keystone.users [-] Creating 6 users using 20 threads
2019-12-20 00:57:41.511 1845 INFO rally.task.context [-] Task 06f98a6e-afe3-48de-880a-1947c5d5c107 | Context users@openstack setup() finished in 2.62 sec
2019-12-20 00:57:41.920 1845 INFO rally.task.context [-] Task 06f98a6e-afe3-48de-880a-1947c5d5c107 | Context api_versions@openstack setup() finished in 0.41 sec
2019-12-20 00:57:42.816 1845 INFO rally.task.context [-] Task 06f98a6e-afe3-48de-880a-1947c5d5c107 | Context quotas@openstack setup() finished in 0.90 sec
2019-12-20 00:57:42.817 1845 INFO rally.task.context [-] Task 06f98a6e-afe3-48de-880a-1947c5d5c107 | Context cleanup@openstack setup() finished in 0.01 msec
2019-12-20 00:57:42.826 1845 RALLYDEBUG rally.task.runner [-] Starting the constant runner (task UUID: 06f98a6e-afe3-48de-880a-1947c5d5c107). times: 10 concurrency: 4 timeout: 0 max_cpu_used: 16 processes_to_start: 4 concurrency_per_worker: 1 concurrency_overhead: 0
2019-12-20 00:57:42.837 4725 RALLYDEBUG rally.task.runner [-] Starting a worker. times: 10 duration: None concurrency: 1 timeout: 0 cls: method_name: run args: {"new_size": 2, "size": 1}
2019-12-20 00:57:42.841 4726 RALLYDEBUG rally.task.runner [-] Starting a worker. times: 10 duration: None concurrency: 1 timeout: 0 cls: method_name: run args: {"new_size": 2, "size": 1}
2019-12-20 00:57:42.844 4725 INFO rally.task.runner [-] Task 06f98a6e-afe3-48de-880a-1947c5d5c107 | ITER: 1 START
2019-12-20 00:57:42.845 4727 RALLYDEBUG rally.task.runner [-] Starting a worker. times: 10 duration: None concurrency: 1 timeout: 0 cls: method_name: run args: {"new_size": 2, "size": 1}
2019-12-20 00:57:42.848 4726 INFO rally.task.runner [-] Task 06f98a6e-afe3-48de-880a-1947c5d5c107 | ITER: 2 START
2019-12-20 00:57:42.848 4729 RALLYDEBUG rally.task.runner [-] Starting a worker. times: 10 duration: None concurrency: 1 timeout: 0 cls: method_name: run args: {"new_size": 2, "size": 1}
2019-12-20 00:57:42.852 4727 INFO rally.task.runner [-] Task 06f98a6e-afe3-48de-880a-1947c5d5c107 | ITER: 3 START
2019-12-20 00:57:42.854 4729 INFO rally.task.runner [-] Task 06f98a6e-afe3-48de-880a-1947c5d5c107 | ITER: 4 START
2019-12-20 00:57:45.809 4727 RALLYDEBUG rally.task.utils [-] Waiting for resource s_rally_d69f6bff_2MnJZuxj. Status changed: AVAILABLE => EXTENDING in 0.0653693675994873
2019-12-20 00:57:45.816 4729 RALLYDEBUG rally.task.utils [-] Waiting for resource s_rally_d69f6bff_5LT8OjZ7. Status changed: AVAILABLE => EXTENDING in 0.05749011039733887
2019-12-20 00:57:45.833 4726 RALLYDEBUG rally.task.utils [-] Waiting for resource s_rally_d69f6bff_I0Z0otvz. Status changed: AVAILABLE => EXTENDING in 0.05832409858703613
2019-12-20 00:57:45.847 4725 RALLYDEBUG rally.task.utils [-] Waiting for resource s_rally_d69f6bff_Bn22tXFs. Status changed: AVAILABLE => EXTENDING in 0.06515979766845703
2019-12-20 00:57:47.882 4727 RALLYDEBUG rally.task.utils [-] Waiting for resource s_rally_d69f6bff_2MnJZuxj. Status changed: EXTENDING => AVAILABLE in 2.072373628616333
2019-12-20 00:57:47.888 4729 RALLYDEBUG rally.task.utils [-] Waiting for resource s_rally_d69f6bff_5LT8OjZ7. Status changed: EXTENDING => AVAILABLE in 2.071962833404541
2019-12-20 00:57:47.909 4726 RALLYDEBUG rally.task.utils [-] Waiting for resource s_rally_d69f6bff_I0Z0otvz. Status changed: EXTENDING => AVAILABLE in 2.0763750076293945
2019-12-20 00:57:47.914 4725 RALLYDEBUG rally.task.utils [-] Waiting for resource s_rally_d69f6bff_Bn22tXFs. Status changed: EXTENDING => AVAILABLE in 2.06754732131958
2019-12-20 00:57:48.017 4727 RALLYDEBUG rally.task.utils [-] Waiting for resource s_rally_d69f6bff_2MnJZuxj. Status changed: AVAILABLE => DELETING in 0.06873559951782227
2019-12-20 00:57:48.017 4729 RALLYDEBUG rally.task.utils [-] Waiting for resource s_rally_d69f6bff_5LT8OjZ7. Status changed: AVAILABLE => DELETING in 0.06060504913330078
2019-12-20 00:57:48.033 4725 RALLYDEBUG rally.task.utils [-] Waiting for resource s_rally_d69f6bff_Bn22tXFs. Status changed: AVAILABLE => DELETING in 0.05902862548828125
2019-12-20 00:57:48.039 4726 RALLYDEBUG rally.task.utils [-] Waiting for resource s_rally_d69f6bff_I0Z0otvz. Status changed: AVAILABLE => DELETING in 0.06441092491149902
2019-12-20 00:57:50.060 4727 INFO rally.task.runner [-] Task 06f98a6e-afe3-48de-880a-1947c5d5c107 | ITER: 3 END: OK
2019-12-20 00:57:50.061 4729 INFO rally.task.runner [-] Task 06f98a6e-afe3-48de-880a-1947c5d5c107 | ITER: 4 END: OK
2019-12-20 00:57:50.064 4727 INFO rally.task.runner [-] Task 06f98a6e-afe3-48de-880a-1947c5d5c107 | ITER: 5 START
2019-12-20 00:57:50.066 4729 INFO rally.task.runner [-] Task 06f98a6e-afe3-48de-880a-1947c5d5c107 | ITER: 6 START
2019-12-20 00:57:50.075 4725 INFO rally.task.runner [-] Task 06f98a6e-afe3-48de-880a-1947c5d5c107 | ITER: 1 END: OK
2019-12-20 00:57:50.079 4725 INFO rally.task.runner [-] Task 06f98a6e-afe3-48de-880a-1947c5d5c107 | ITER: 7 START
2019-12-20 00:57:50.082 4726 INFO rally.task.runner [-] Task 06f98a6e-afe3-48de-880a-1947c5d5c107 | ITER: 2 END: OK
2019-12-20 00:57:50.086 4726 INFO rally.task.runner [-] Task 06f98a6e-afe3-48de-880a-1947c5d5c107 | ITER: 8 START
2019-12-20 00:57:52.937 4727 RALLYDEBUG rally.task.utils [-] Waiting for resource s_rally_d69f6bff_pbgIOxuN. Status changed: AVAILABLE => EXTENDING in 0.06027793884277344
2019-12-20 00:57:52.967 4725 RALLYDEBUG rally.task.utils [-] Waiting for resource s_rally_d69f6bff_v0c19Fy2. Status changed: AVAILABLE => EXTENDING in 0.05505061149597168
2019-12-20 00:57:53.057 4729 RALLYDEBUG rally.task.utils [-] Waiting for resource s_rally_d69f6bff_g517UdoU. Status changed: AVAILABLE => EXTENDING in 0.058197975158691406
2019-12-20 00:57:53.067 4726 RALLYDEBUG rally.task.utils [-] Waiting for resource s_rally_d69f6bff_0UishvBU. Status changed: AVAILABLE => EXTENDING in 0.05672740936279297
2019-12-20 00:57:55.017 4727 RALLYDEBUG rally.task.utils [-] Waiting for resource s_rally_d69f6bff_pbgIOxuN. Status changed: EXTENDING => AVAILABLE in 2.079568862915039
2019-12-20 00:57:55.039 4725 RALLYDEBUG rally.task.utils [-] Waiting for resource s_rally_d69f6bff_v0c19Fy2. Status changed: EXTENDING => AVAILABLE in 2.0726566314697266
2019-12-20 00:57:55.125 4729 RALLYDEBUG rally.task.utils [-] Waiting for resource s_rally_d69f6bff_g517UdoU. Status changed: EXTENDING => AVAILABLE in 2.0671732425689697
2019-12-20 00:57:55.132 4726 RALLYDEBUG rally.task.utils [-] Waiting for resource s_rally_d69f6bff_0UishvBU. Status changed: EXTENDING => AVAILABLE in 2.0654425621032715
2019-12-20 00:57:55.149 4727 RALLYDEBUG rally.task.utils [-] Waiting for resource s_rally_d69f6bff_pbgIOxuN. Status changed: AVAILABLE => DELETING in 0.06196451187133789
2019-12-20 00:57:55.166 4725 RALLYDEBUG rally.task.utils [-] Waiting for resource s_rally_d69f6bff_v0c19Fy2. Status changed: AVAILABLE => DELETING in 0.06190633773803711
2019-12-20 00:57:55.245 4729 RALLYDEBUG rally.task.utils [-] Waiting for resource s_rally_d69f6bff_g517UdoU. Status changed: AVAILABLE => DELETING in 0.05879569053649902
2019-12-20 00:57:55.251 4726 RALLYDEBUG rally.task.utils [-] Waiting for resource s_rally_d69f6bff_0UishvBU. Status changed: AVAILABLE => DELETING in 0.057420969009399414
2019-12-20 00:57:57.195 4727 INFO rally.task.runner [-] Task 06f98a6e-afe3-48de-880a-1947c5d5c107 | ITER: 5 END: OK
2019-12-20 00:57:57.198 4727 INFO rally.task.runner [-] Task 06f98a6e-afe3-48de-880a-1947c5d5c107 | ITER: 9 START
2019-12-20 00:57:57.207 4725 INFO rally.task.runner [-] Task 06f98a6e-afe3-48de-880a-1947c5d5c107 | ITER: 7 END: OK
2019-12-20 00:57:57.210 4725 INFO rally.task.runner [-] Task 06f98a6e-afe3-48de-880a-1947c5d5c107 | ITER: 10 START
2019-12-20 00:57:57.292 4726 INFO rally.task.runner [-] Task 06f98a6e-afe3-48de-880a-1947c5d5c107 | ITER: 8 END: OK
2019-12-20 00:57:57.297 4729 INFO rally.task.runner [-] Task 06f98a6e-afe3-48de-880a-1947c5d5c107 | ITER: 6 END: OK
2019-12-20 00:58:00.104 4727 RALLYDEBUG rally.task.utils [-] Waiting for resource s_rally_d69f6bff_p201P5UU. Status changed: AVAILABLE => EXTENDING in 0.0667121410369873
2019-12-20 00:58:00.122 4725 RALLYDEBUG rally.task.utils [-] Waiting for resource s_rally_d69f6bff_xBybJkwN. Status changed: AVAILABLE => EXTENDING in 0.07122945785522461
2019-12-20 00:58:02.172 4727 RALLYDEBUG rally.task.utils [-] Waiting for resource s_rally_d69f6bff_p201P5UU. Status changed: EXTENDING => AVAILABLE in 2.06870698928833
2019-12-20 00:58:02.192 4725 RALLYDEBUG rally.task.utils [-] Waiting for resource s_rally_d69f6bff_xBybJkwN. Status changed: EXTENDING => AVAILABLE in 2.070080518722534
2019-12-20 00:58:02.337 4725 RALLYDEBUG rally.task.utils [-] Waiting for resource s_rally_d69f6bff_xBybJkwN. Status changed: AVAILABLE => DELETING in 0.06757760047912598
2019-12-20 00:58:02.439 4727 RALLYDEBUG rally.task.utils [-] Waiting for resource s_rally_d69f6bff_p201P5UU. Status changed: AVAILABLE => DELETING in 0.06406784057617188
2019-12-20 00:58:04.389 4725 INFO rally.task.runner [-] Task 06f98a6e-afe3-48de-880a-1947c5d5c107 | ITER: 10 END: OK
2019-12-20 00:58:04.489 4727 INFO rally.task.runner [-] Task 06f98a6e-afe3-48de-880a-1947c5d5c107 | ITER: 9 END: OK
2019-12-20 00:58:04.519 1845 INFO rally.task.context [-] Task 06f98a6e-afe3-48de-880a-1947c5d5c107 | Context cleanup@openstack cleanup() started
2019-12-20 00:58:04.522 1845 RALLYDEBUG rally_openstack.cleanup.manager [-] Cleaning up cinder backups objects
2019-12-20 00:58:05.734 1845 RALLYDEBUG rally_openstack.cleanup.manager [-] Cleaning up cinder volume_snapshots objects
2019-12-20 00:58:06.913 1845 RALLYDEBUG rally_openstack.cleanup.manager [-] Cleaning up cinder transfers objects
2019-12-20 00:58:08.077 1845 RALLYDEBUG rally_openstack.cleanup.manager [-] Cleaning up cinder volumes objects
2019-12-20 00:58:09.294 1845 INFO rally.task.context [-] Task 06f98a6e-afe3-48de-880a-1947c5d5c107 | Context cleanup@openstack cleanup() finished in 4.77 sec
2019-12-20 00:58:09.294 1845 INFO rally.task.context [-] Task 06f98a6e-afe3-48de-880a-1947c5d5c107 | Context quotas@openstack cleanup() started
2019-12-20 00:58:09.380 1845 INFO rally.task.context [-] Task 06f98a6e-afe3-48de-880a-1947c5d5c107 | Context quotas@openstack cleanup() finished in 85.21 msec
2019-12-20 00:58:09.380 1845 INFO rally.task.context [-] Task 06f98a6e-afe3-48de-880a-1947c5d5c107 | Context api_versions@openstack cleanup() started
2019-12-20 00:58:09.380 1845 INFO rally.task.context [-] Task 06f98a6e-afe3-48de-880a-1947c5d5c107 | Context api_versions@openstack cleanup() finished in 0.37 msec
2019-12-20 00:58:09.381 1845 INFO rally.task.context [-] Task 06f98a6e-afe3-48de-880a-1947c5d5c107 | Context users@openstack cleanup() started
2019-12-20 00:58:13.931 1845 INFO rally.task.context [-] Task 06f98a6e-afe3-48de-880a-1947c5d5c107 | Context users@openstack cleanup() finished in 4.55 sec
2019-12-20 00:58:15.075 1845 INFO rally.task.engine [-] Load duration is: 21.640374
2019-12-20 00:58:15.076 1845 INFO rally.task.engine [-] Full runner duration is: 21.69353
2019-12-20 00:58:15.076 1845 INFO rally.task.engine [-] Full duration is: 35.045544
2019-12-20 00:58:15.400 1845 INFO rally.task.engine [-] Running workload: position = 0 config = { "version": 2, "title": "A cropped version of a bigger task.", "description": "Auto-generated task from a single workload (uuid=9e936b5e-9a6e-4601-8328-44b35ef283d9)", "subtasks": [ { "title": "CinderVolumes.create_from_volume_and_delete_volume", "description": "Create volume from volume and then delete it.", "scenario": { "CinderVolumes.create_from_volume_and_delete_volume": { "size": 1 } }, "contexts": { "users": { "tenants": 3, "users_per_tenant": 2 }, "quotas": { "cinder": { "gigabytes": -1, "snapshots": -1, "volumes": -1 } }, "api_versions": { "cinder": { "version": 3, "service_type": "volumev3" } }, "volumes": { "size": 1, "volumes_per_tenant": 1 } }, "runner": { "constant": { "concurrency": 4, "times": 10 } }, "hooks": [], "sla": { "failure_rate": { "max": 0 } } } ] }
2019-12-20 00:58:15.427 1845 RALLYDEBUG rally_openstack.contexts.keystone.users [-] Creating 3 tenants using 20 threads
2019-12-20 00:58:16.489 1845 RALLYDEBUG rally_openstack.contexts.keystone.users [-] Creating 6 users using 20 threads
2019-12-20 00:58:17.994 1845 INFO rally.task.context [-] Task 06f98a6e-afe3-48de-880a-1947c5d5c107 | Context users@openstack setup() finished in 2.57 sec
2019-12-20 00:58:18.406 1845 INFO rally.task.context [-] Task 06f98a6e-afe3-48de-880a-1947c5d5c107 | Context api_versions@openstack setup() finished in 0.41 sec
2019-12-20 00:58:19.352 1845 INFO rally.task.context [-] Task 06f98a6e-afe3-48de-880a-1947c5d5c107 | Context quotas@openstack setup() finished in 0.95 sec
2019-12-20 00:58:28.048 1845 INFO rally.task.context [-] Task 06f98a6e-afe3-48de-880a-1947c5d5c107 | Context volumes@openstack setup() finished in 8.70 sec
2019-12-20 00:58:28.049 1845 INFO rally.task.context [-] Task 06f98a6e-afe3-48de-880a-1947c5d5c107 | Context cleanup@openstack setup() finished in 0.01 msec
2019-12-20 00:58:28.058 1845 RALLYDEBUG rally.task.runner [-] Starting the constant runner (task UUID: 06f98a6e-afe3-48de-880a-1947c5d5c107). times: 10 concurrency: 4 timeout: 0 max_cpu_used: 16 processes_to_start: 4 concurrency_per_worker: 1 concurrency_overhead: 0
2019-12-20 00:58:28.069 4909 RALLYDEBUG rally.task.runner [-] Starting a worker. times: 10 duration: None concurrency: 1 timeout: 0 cls: method_name: run args: {"size": 1}
2019-12-20 00:58:28.072 4910 RALLYDEBUG rally.task.runner [-] Starting a worker. times: 10 duration: None concurrency: 1 timeout: 0 cls: method_name: run args: {"size": 1}
2019-12-20 00:58:28.075 4911 RALLYDEBUG rally.task.runner [-] Starting a worker. times: 10 duration: None concurrency: 1 timeout: 0 cls: method_name: run args: {"size": 1}
2019-12-20 00:58:28.076 4909 INFO rally.task.runner [-] Task 06f98a6e-afe3-48de-880a-1947c5d5c107 | ITER: 1 START
2019-12-20 00:58:28.079 4910 INFO rally.task.runner [-] Task 06f98a6e-afe3-48de-880a-1947c5d5c107 | ITER: 2 START
2019-12-20 00:58:28.079 4912 RALLYDEBUG rally.task.runner [-] Starting a worker. times: 10 duration: None concurrency: 1 timeout: 0 cls: method_name: run args: {"size": 1}
2019-12-20 00:58:28.082 4911 INFO rally.task.runner [-] Task 06f98a6e-afe3-48de-880a-1947c5d5c107 | ITER: 3 START
2019-12-20 00:58:28.086 4912 INFO rally.task.runner [-] Task 06f98a6e-afe3-48de-880a-1947c5d5c107 | ITER: 4 START
2019-12-20 00:58:30.947 4910 RALLYDEBUG rally.task.utils [-] Waiting for resource s_rally_9e936b5e_MwFnFvej. Status changed: AVAILABLE => DELETING in 0.05310678482055664
2019-12-20 00:58:30.955 4911 RALLYDEBUG rally.task.utils [-] Waiting for resource s_rally_9e936b5e_nvHC20f5. Status changed: AVAILABLE => DELETING in 0.06148886680603027
2019-12-20 00:58:30.955 4909 RALLYDEBUG rally.task.utils [-] Waiting for resource s_rally_9e936b5e_mlcEnscT. Status changed: AVAILABLE => DELETING in 0.0603632926940918
2019-12-20 00:58:32.922 4912 RALLYDEBUG rally.task.utils [-] Waiting for resource s_rally_9e936b5e_1a0xfJay. Status changed: CREATING => AVAILABLE in 2.1850147247314453
2019-12-20 00:58:32.992 4910 INFO rally.task.runner [-] Task 06f98a6e-afe3-48de-880a-1947c5d5c107 | ITER: 2 END: OK
2019-12-20 00:58:32.994 4909 INFO rally.task.runner [-] Task 06f98a6e-afe3-48de-880a-1947c5d5c107 | ITER: 1 END: OK
2019-12-20 00:58:32.996 4911 INFO rally.task.runner [-] Task 06f98a6e-afe3-48de-880a-1947c5d5c107 | ITER: 3 END: OK
2019-12-20 00:58:32.998 4910 INFO rally.task.runner [-] Task 06f98a6e-afe3-48de-880a-1947c5d5c107 | ITER: 5 START
2019-12-20 00:58:32.999 4909 INFO rally.task.runner [-] Task 06f98a6e-afe3-48de-880a-1947c5d5c107 | ITER: 6 START
2019-12-20 00:58:33.000 4911 INFO rally.task.runner [-] Task 06f98a6e-afe3-48de-880a-1947c5d5c107 | ITER: 7 START
2019-12-20 00:58:33.055 4912 RALLYDEBUG rally.task.utils [-] Waiting for resource s_rally_9e936b5e_1a0xfJay. Status changed: AVAILABLE => DELETING in 0.06102323532104492
2019-12-20 00:58:35.099 4912 INFO rally.task.runner [-] Task 06f98a6e-afe3-48de-880a-1947c5d5c107 | ITER: 4 END: OK
2019-12-20 00:58:35.103 4912 INFO rally.task.runner [-] Task 06f98a6e-afe3-48de-880a-1947c5d5c107 | ITER: 8 START
2019-12-20 00:58:35.863 4909 RALLYDEBUG rally.task.utils [-] Waiting for resource s_rally_9e936b5e_6VDPCMuW. Status changed: AVAILABLE => DELETING in 0.056052446365356445
2019-12-20 00:58:35.898 4910 RALLYDEBUG rally.task.utils [-] Waiting for resource s_rally_9e936b5e_cXRCY9JO. Status changed: AVAILABLE => DELETING in 0.060140371322631836
2019-12-20 00:58:35.968 4911 RALLYDEBUG rally.task.utils [-] Waiting for resource s_rally_9e936b5e_oCyJXQMr. Status changed: AVAILABLE => DELETING in 0.06101560592651367
2019-12-20 00:58:37.905 4909 INFO rally.task.runner [-] Task 06f98a6e-afe3-48de-880a-1947c5d5c107 | ITER: 6 END: OK
2019-12-20 00:58:37.909 4909 INFO rally.task.runner [-] Task 06f98a6e-afe3-48de-880a-1947c5d5c107 | ITER: 9 START
2019-12-20 00:58:37.942 4910 INFO rally.task.runner [-] Task 06f98a6e-afe3-48de-880a-1947c5d5c107 | ITER: 5 END: OK
2019-12-20 00:58:37.946 4910 INFO rally.task.runner [-] Task 06f98a6e-afe3-48de-880a-1947c5d5c107 | ITER: 10 START
2019-12-20 00:58:38.007 4911 INFO rally.task.runner [-] Task 06f98a6e-afe3-48de-880a-1947c5d5c107 | ITER: 7 END: OK
2019-12-20 00:58:38.047 4912 RALLYDEBUG rally.task.utils [-] Waiting for resource s_rally_9e936b5e_4nsGgQhs. Status changed: AVAILABLE => DELETING in 0.062460899353027344
2019-12-20 00:58:40.091 4912 INFO rally.task.runner [-] Task 06f98a6e-afe3-48de-880a-1947c5d5c107 | ITER: 8 END: OK
2019-12-20 00:58:40.821 4909 RALLYDEBUG rally.task.utils [-] Waiting for resource s_rally_9e936b5e_mr9bSn2v. Status changed: AVAILABLE => DELETING in 0.06733870506286621
2019-12-20 00:58:40.867 4910 RALLYDEBUG rally.task.utils [-] Waiting for resource s_rally_9e936b5e_7QyOPiJz. Status changed: AVAILABLE => DELETING in 0.06469106674194336
2019-12-20 00:58:42.909 4910 INFO rally.task.runner [-] Task 06f98a6e-afe3-48de-880a-1947c5d5c107 | ITER: 10 END: OK
2019-12-20 00:58:42.984 4909 INFO rally.task.runner [-] Task 06f98a6e-afe3-48de-880a-1947c5d5c107 | ITER: 9 END: OK
2019-12-20 00:58:43.012 1845 INFO rally.task.context [-] Task 06f98a6e-afe3-48de-880a-1947c5d5c107 | Context cleanup@openstack cleanup() started
2019-12-20 00:58:43.015 1845 RALLYDEBUG rally_openstack.cleanup.manager [-] Cleaning up cinder backups objects
2019-12-20 00:58:44.187 1845 RALLYDEBUG rally_openstack.cleanup.manager [-] Cleaning up cinder volume_snapshots objects
2019-12-20 00:58:45.356 1845 RALLYDEBUG rally_openstack.cleanup.manager [-] Cleaning up cinder transfers objects
2019-12-20 00:58:46.518 1845 RALLYDEBUG rally_openstack.cleanup.manager [-] Cleaning up cinder volumes objects
2019-12-20 00:58:47.865 1845 INFO rally.task.context [-] Task 06f98a6e-afe3-48de-880a-1947c5d5c107 | Context cleanup@openstack cleanup() finished in 4.85 sec
2019-12-20 00:58:47.865 1845 INFO rally.task.context [-] Task 06f98a6e-afe3-48de-880a-1947c5d5c107 | Context volumes@openstack cleanup() started
2019-12-20 00:58:47.866 1845 RALLYDEBUG rally_openstack.cleanup.manager [-] Cleaning up cinder volumes objects
2019-12-20 00:58:49.138 1845 RALLYDEBUG rally_openstack.cleanup.manager [-] Deleting cinder.volumes object c_rally_9e936b5e_cSG8Ntuw (1d89593c-bac1-44c4-aabb-eb7e67b13e33)
2019-12-20 00:58:49.143 1845 RALLYDEBUG rally_openstack.cleanup.manager [-] Deleting cinder.volumes object c_rally_9e936b5e_3jPpPeUO (f2c44089-9fbf-40ce-93c7-6201db2d1cae)
2019-12-20 00:58:49.153 1845 RALLYDEBUG rally_openstack.cleanup.manager [-] Deleting cinder.volumes object c_rally_9e936b5e_7x0utwTC (23066ca9-8776-4afe-a215-ec87c0a3995b)
2019-12-20 00:58:51.833 1845 INFO rally.task.context [-] Task 06f98a6e-afe3-48de-880a-1947c5d5c107 | Context volumes@openstack cleanup() finished in 3.97 sec
2019-12-20 00:58:51.833 1845 INFO rally.task.context [-] Task 06f98a6e-afe3-48de-880a-1947c5d5c107 | Context quotas@openstack cleanup() started
2019-12-20 00:58:51.915 1845 INFO rally.task.context [-] Task 06f98a6e-afe3-48de-880a-1947c5d5c107 | Context quotas@openstack cleanup() finished in 81.48 msec
2019-12-20 00:58:51.915 1845 INFO rally.task.context [-] Task 06f98a6e-afe3-48de-880a-1947c5d5c107 | Context api_versions@openstack cleanup() started
2019-12-20 00:58:51.916 1845 INFO rally.task.context [-] Task 06f98a6e-afe3-48de-880a-1947c5d5c107 | Context api_versions@openstack cleanup() finished in 0.36 msec
2019-12-20 00:58:51.916 1845 INFO rally.task.context [-] Task 06f98a6e-afe3-48de-880a-1947c5d5c107 | Context users@openstack cleanup() started
2019-12-20 00:58:56.471 1845 INFO rally.task.context [-] Task 06f98a6e-afe3-48de-880a-1947c5d5c107 | Context users@openstack cleanup() finished in 4.55 sec
2019-12-20 00:58:57.651 1845 INFO rally.task.engine [-] Load duration is: 14.903592
2019-12-20 00:58:57.652 1845 INFO rally.task.engine [-] Full runner duration is: 14.954094
2019-12-20 00:58:57.652 1845 INFO rally.task.engine [-] Full duration is: 41.046828
2019-12-20 00:58:57.989 1845 INFO rally.task.engine [-] Running workload: position = 0 config = { "version": 2, "title": "A cropped version of a bigger task.", "description": "Auto-generated task from a single workload (uuid=42f95e4a-3bda-4a82-b626-3f4b5b078ff1)", "subtasks": [ { "title": "CinderQos.create_and_get_qos", "description": "Create a qos, then get details of the qos.", "scenario": { "CinderQos.create_and_get_qos": { "consumer": "both", "write_iops_sec": "10", "read_iops_sec": "1000" } }, "contexts": { "users": { "tenants": 3, "users_per_tenant": 2 }, "api_versions": { "cinder": { "version": 3, "service_type": "volumev3" } } }, "runner": { "constant": { "concurrency": 4, "times": 10 } }, "hooks": [], "sla": { "failure_rate": { "max": 0 } } } ] }
2019-12-20 00:58:58.015 1845 RALLYDEBUG rally_openstack.contexts.keystone.users [-] Creating 3 tenants using 20 threads
2019-12-20 00:58:59.001 1845 RALLYDEBUG rally_openstack.contexts.keystone.users [-] Creating 6 users using 20 threads
2019-12-20 00:59:00.499 1845 INFO rally.task.context [-] Task 06f98a6e-afe3-48de-880a-1947c5d5c107 | Context users@openstack setup() finished in 2.48 sec
2019-12-20 00:59:00.909 1845 INFO rally.task.context [-] Task 06f98a6e-afe3-48de-880a-1947c5d5c107 | Context api_versions@openstack setup() finished in 0.41 sec
2019-12-20 00:59:00.910 1845 INFO rally.task.context [-] Task 06f98a6e-afe3-48de-880a-1947c5d5c107 | Context admin_cleanup@openstack setup() finished in 0.01 msec
2019-12-20 00:59:00.919 1845 RALLYDEBUG rally.task.runner [-] Starting the constant runner (task UUID: 06f98a6e-afe3-48de-880a-1947c5d5c107). times: 10 concurrency: 4 timeout: 0 max_cpu_used: 16 processes_to_start: 4 concurrency_per_worker: 1 concurrency_overhead: 0
2019-12-20 00:59:00.930 5113 RALLYDEBUG rally.task.runner [-] Starting a worker. times: 10 duration: None concurrency: 1 timeout: 0 cls: method_name: run args: {"consumer": "both", "write_iops_sec": "10", "read_iops_sec": "1000"}
2019-12-20 00:59:00.934 5114 RALLYDEBUG rally.task.runner [-] Starting a worker. times: 10 duration: None concurrency: 1 timeout: 0 cls: method_name: run args: {"consumer": "both", "write_iops_sec": "10", "read_iops_sec": "1000"}
2019-12-20 00:59:00.937 5113 INFO rally.task.runner [-] Task 06f98a6e-afe3-48de-880a-1947c5d5c107 | ITER: 1 START
2019-12-20 00:59:00.937 5115 RALLYDEBUG rally.task.runner [-] Starting a worker. times: 10 duration: None concurrency: 1 timeout: 0 cls: method_name: run args: {"consumer": "both", "write_iops_sec": "10", "read_iops_sec": "1000"}
2019-12-20 00:59:00.941 5114 INFO rally.task.runner [-] Task 06f98a6e-afe3-48de-880a-1947c5d5c107 | ITER: 2 START
2019-12-20 00:59:00.941 5116 RALLYDEBUG rally.task.runner [-] Starting a worker. times: 10 duration: None concurrency: 1 timeout: 0 cls: method_name: run args: {"consumer": "both", "write_iops_sec": "10", "read_iops_sec": "1000"}
2019-12-20 00:59:00.944 5115 INFO rally.task.runner [-] Task 06f98a6e-afe3-48de-880a-1947c5d5c107 | ITER: 3 START
2019-12-20 00:59:00.948 5116 INFO rally.task.runner [-] Task 06f98a6e-afe3-48de-880a-1947c5d5c107 | ITER: 4 START
2019-12-20 00:59:01.382 5114 INFO rally.task.runner [-] Task 06f98a6e-afe3-48de-880a-1947c5d5c107 | ITER: 2 END: OK
2019-12-20 00:59:01.383 5113 INFO rally.task.runner [-] Task 06f98a6e-afe3-48de-880a-1947c5d5c107 | ITER: 1 END: OK
2019-12-20 00:59:01.387 5114 INFO rally.task.runner [-] Task 06f98a6e-afe3-48de-880a-1947c5d5c107 | ITER: 5 START
2019-12-20 00:59:01.388 5113 INFO rally.task.runner [-] Task 06f98a6e-afe3-48de-880a-1947c5d5c107 | ITER: 6 START
2019-12-20 00:59:01.393 5115 INFO rally.task.runner [-] Task 06f98a6e-afe3-48de-880a-1947c5d5c107 | ITER: 3 END: OK
2019-12-20 00:59:01.398 5115 INFO rally.task.runner [-] Task 06f98a6e-afe3-48de-880a-1947c5d5c107 | ITER: 7 START
2019-12-20 00:59:01.401 5116 INFO rally.task.runner [-] Task 06f98a6e-afe3-48de-880a-1947c5d5c107 | ITER: 4 END: OK
2019-12-20 00:59:01.406 5116 INFO rally.task.runner [-] Task 06f98a6e-afe3-48de-880a-1947c5d5c107 | ITER: 8 START
2019-12-20 00:59:01.774 5114 INFO rally.task.runner [-] Task 06f98a6e-afe3-48de-880a-1947c5d5c107 | ITER: 5 END: OK
2019-12-20 00:59:01.778 5114 INFO rally.task.runner [-] Task 06f98a6e-afe3-48de-880a-1947c5d5c107 | ITER: 9 START
2019-12-20 00:59:01.783 5115 INFO rally.task.runner [-] Task 06f98a6e-afe3-48de-880a-1947c5d5c107 | ITER: 7 END: OK
2019-12-20 00:59:01.788 5115 INFO rally.task.runner [-] Task 06f98a6e-afe3-48de-880a-1947c5d5c107 | ITER: 10 START
2019-12-20 00:59:01.795 5116 INFO rally.task.runner [-] Task 06f98a6e-afe3-48de-880a-1947c5d5c107 | ITER: 8 END: OK
2019-12-20 00:59:01.826 5113 INFO rally.task.runner [-] Task 06f98a6e-afe3-48de-880a-1947c5d5c107 | ITER: 6 END: OK
2019-12-20 00:59:02.181 5114 INFO rally.task.runner [-] Task 06f98a6e-afe3-48de-880a-1947c5d5c107 | ITER: 9 END: OK
2019-12-20 00:59:02.182 5115 INFO rally.task.runner [-] Task 06f98a6e-afe3-48de-880a-1947c5d5c107 | ITER: 10 END: OK
2019-12-20 00:59:02.209 1845 INFO rally.task.context [-] Task 06f98a6e-afe3-48de-880a-1947c5d5c107 | Context admin_cleanup@openstack cleanup() started
2019-12-20 00:59:02.212 1845 RALLYDEBUG rally_openstack.cleanup.manager [-] Cleaning up cinder volume_types objects
2019-12-20 00:59:02.618 1845 RALLYDEBUG rally_openstack.cleanup.manager [-] Cleaning up cinder image_volumes_cache objects
2019-12-20 00:59:03.163 1845 RALLYDEBUG rally_openstack.cleanup.manager [-] Cleaning up cinder quotas objects
2019-12-20 00:59:03.968 1845 RALLYDEBUG rally_openstack.cleanup.manager [-] Cleaning up cinder qos_specs objects
2019-12-20 00:59:04.365 1845 RALLYDEBUG rally_openstack.cleanup.manager [-] Deleting cinder.qos_specs object s_rally_42f95e4a_N9FfwccA (e53fa594-4ab8-4ef7-a721-e4027fca47f4)
2019-12-20 00:59:04.375 1845 RALLYDEBUG rally_openstack.cleanup.manager [-] Deleting cinder.qos_specs object s_rally_42f95e4a_2na8KRXV (d918deea-3b45-44e9-ade2-491c1cbc2793)
2019-12-20 00:59:04.384 1845 RALLYDEBUG rally_openstack.cleanup.manager [-] Deleting cinder.qos_specs object s_rally_42f95e4a_WOjFPKMv (d7b4f82b-e2c6-431b-97d7-bbc601b16624)
2019-12-20 00:59:04.393 1845 RALLYDEBUG rally_openstack.cleanup.manager [-] Deleting cinder.qos_specs object s_rally_42f95e4a_zjnPurTf (9eeb8953-c5c2-4f07-9748-a3adcaa8193e)
2019-12-20 00:59:04.400 1845 RALLYDEBUG rally_openstack.cleanup.manager [-] Deleting cinder.qos_specs object s_rally_42f95e4a_PoFiSNIg (8fffa4c4-50ce-4969-a496-fe28d0e4840c)
2019-12-20 00:59:04.407 1845 RALLYDEBUG rally_openstack.cleanup.manager [-] Deleting cinder.qos_specs object s_rally_42f95e4a_FqwB02nY (41a70248-1676-40f4-8bf1-22af8807f7c8)
2019-12-20 00:59:04.424 1845 RALLYDEBUG rally_openstack.cleanup.manager [-] Deleting cinder.qos_specs object s_rally_42f95e4a_UIFYfsM7 (b2972ebe-d04e-494d-a3a3-1310817f0831)
2019-12-20 00:59:04.436 1845 RALLYDEBUG rally_openstack.cleanup.manager [-] Deleting cinder.qos_specs object s_rally_42f95e4a_LuxxvdmI (56b6edb7-2917-49c2-a2db-848b8782c4cf)
2019-12-20 00:59:04.440 1845 RALLYDEBUG rally_openstack.cleanup.manager [-] Deleting cinder.qos_specs object s_rally_42f95e4a_Szs7ZdHm (4f6d0ec3-3dfa-4cc0-994f-be85059d5aac)
2019-12-20 00:59:04.473 1845 RALLYDEBUG rally_openstack.cleanup.manager [-] Deleting cinder.qos_specs object s_rally_42f95e4a_rKsdBk7h (10918b4c-c312-441f-9115-ada8ec05167e)
2019-12-20 00:59:05.962 1845 INFO rally.task.context [-] Task 06f98a6e-afe3-48de-880a-1947c5d5c107 | Context admin_cleanup@openstack cleanup() finished in 3.75 sec
2019-12-20 00:59:05.963 1845 INFO rally.task.context [-] Task 06f98a6e-afe3-48de-880a-1947c5d5c107 | Context api_versions@openstack cleanup() started
2019-12-20 00:59:05.963 1845 INFO rally.task.context [-] Task 06f98a6e-afe3-48de-880a-1947c5d5c107 | Context api_versions@openstack cleanup() finished in 0.38 msec
2019-12-20 00:59:05.963 1845 INFO rally.task.context [-] Task 06f98a6e-afe3-48de-880a-1947c5d5c107 | Context users@openstack cleanup() started
2019-12-20 00:59:10.533 1845 INFO rally.task.context [-] Task 06f98a6e-afe3-48de-880a-1947c5d5c107 | Context users@openstack cleanup() finished in 4.57 sec
2019-12-20 00:59:12.117 1845 INFO rally.task.engine [-] Load duration is: 1.240851
2019-12-20 00:59:12.118 1845 INFO rally.task.engine [-] Full runner duration is: 1.290924
2019-12-20 00:59:12.118 1845 INFO rally.task.engine [-] Full duration is: 12.519871
