2019-12-20 00:50:58.388 3234 RALLYDEBUG rally.task.utils [-] Waiting for resource s_rally_62d06df3_GszjsUfT. Status changed: AVAILABLE => DELETING in 0.05711650848388672
2019-12-20 00:50:58.429 3235 RALLYDEBUG rally.task.utils [-] Waiting for resource s_rally_62d06df3_c7trMkOO. Status changed: DETACHING => AVAILABLE in 2.420194387435913
2019-12-20 00:50:58.512 3235 RALLYDEBUG rally.task.utils [-] Waiting for resource s_rally_62d06df3_swN4Iyns. Status changed: AVAILABLE => DELETING in 0.02617335319519043
2019-12-20 00:50:59.919 3233 INFO rally.task.runner [-] Task 06f98a6e-afe3-48de-880a-1947c5d5c107 | ITER: 5 END: OK
2019-12-20 00:50:59.923 3233 INFO rally.task.runner [-] Task 06f98a6e-afe3-48de-880a-1947c5d5c107 | ITER: 9 START
2019-12-20 00:51:00.659 3235 RALLYDEBUG rally.task.utils [-] Waiting for resource s_rally_62d06df3_c7trMkOO. Status changed: AVAILABLE => DELETING in 0.06702280044555664
2019-12-20 00:51:02.278 3236 INFO rally.task.runner [-] Task 06f98a6e-afe3-48de-880a-1947c5d5c107 | ITER: 6 END: OK
2019-12-20 00:51:02.283 3236 INFO rally.task.runner [-] Task 06f98a6e-afe3-48de-880a-1947c5d5c107 | ITER: 10 START
2019-12-20 00:51:02.791 3234 INFO rally.task.runner [-] Task 06f98a6e-afe3-48de-880a-1947c5d5c107 | ITER: 8 END: OK
2019-12-20 00:51:05.168 3235 INFO rally.task.runner [-] Task 06f98a6e-afe3-48de-880a-1947c5d5c107 | ITER: 7 END: OK
2019-12-20 00:51:11.544 3233 RALLYDEBUG rally.task.utils [-] Waiting for resource s_rally_62d06df3_dzffV5WO. Status changed: BUILD => ACTIVE in 4.485173463821411
2019-12-20 00:51:12.265 3233 RALLYDEBUG rally.task.utils [-] Waiting for resource s_rally_62d06df3_2WXQPUbm. Status changed: AVAILABLE => RESERVED in 0.42960190773010254
2019-12-20 00:51:14.683 3233 RALLYDEBUG rally.task.utils [-] Waiting for resource s_rally_62d06df3_2WXQPUbm. Status changed: RESERVED => IN-USE in 2.417552947998047
2019-12-20 00:51:15.263 3233 RALLYDEBUG rally.task.utils [-] Waiting for resource s_rally_62d06df3_2WXQPUbm. Status changed: AVAILABLE => DETACHING in 0.4059631824493408
2019-12-20 00:51:16.272 3236 RALLYDEBUG rally.task.utils [-] Waiting for resource s_rally_62d06df3_J0vduc9l. Status changed: BUILD => ACTIVE in 7.153927803039551
2019-12-20 00:51:16.990 3236 RALLYDEBUG rally.task.utils [-] Waiting for resource s_rally_62d06df3_HfMQxmtV. Status changed: AVAILABLE => RESERVED in 0.4256114959716797
2019-12-20 00:51:17.676 3233 RALLYDEBUG rally.task.utils [-] Waiting for resource s_rally_62d06df3_2WXQPUbm. Status changed: DETACHING => AVAILABLE in 2.412843942642212
2019-12-20 00:51:17.783 3233 RALLYDEBUG rally.task.utils [-] Waiting for resource s_rally_62d06df3_yBjhCv7Z. Status changed: AVAILABLE => DELETING in 0.029464006423950195
2019-12-20 00:51:19.412 3236 RALLYDEBUG rally.task.utils [-] Waiting for resource s_rally_62d06df3_HfMQxmtV. Status changed: RESERVED => IN-USE in 2.421910047531128
2019-12-20 00:51:19.942 3233 RALLYDEBUG rally.task.utils [-] Waiting for resource s_rally_62d06df3_2WXQPUbm. Status changed: AVAILABLE => DELETING in 0.06579303741455078
2019-12-20 00:51:20.126 3236 RALLYDEBUG rally.task.utils [-] Waiting for resource s_rally_62d06df3_HfMQxmtV. Status changed: AVAILABLE => DETACHING in 0.5001718997955322
2019-12-20 00:51:22.552 3236 RALLYDEBUG rally.task.utils [-] Waiting for resource s_rally_62d06df3_HfMQxmtV. Status changed: DETACHING => AVAILABLE in 2.426095962524414
2019-12-20 00:51:22.650 3236 RALLYDEBUG rally.task.utils [-] Waiting for resource s_rally_62d06df3_16Q5wPNZ. Status changed: AVAILABLE => DELETING in 0.026349306106567383
2019-12-20 00:51:24.430 3233 INFO rally.task.runner [-] Task 06f98a6e-afe3-48de-880a-1947c5d5c107 | ITER: 9 END: OK
2019-12-20 00:51:24.828 3236 RALLYDEBUG rally.task.utils [-] Waiting for resource s_rally_62d06df3_HfMQxmtV. Status changed: AVAILABLE => DELETING in 0.07192707061767578
2019-12-20 00:51:29.317 3236 INFO rally.task.runner [-] Task 06f98a6e-afe3-48de-880a-1947c5d5c107 | ITER: 10 END: OK
2019-12-20 00:51:29.347 1845 INFO rally.task.context [-] Task 06f98a6e-afe3-48de-880a-1947c5d5c107 | Context cleanup@openstack cleanup() started
2019-12-20 00:51:29.352 1845 RALLYDEBUG rally_openstack.cleanup.manager [-] Cleaning up nova servers objects
2019-12-20 00:51:30.673 1845 RALLYDEBUG rally_openstack.cleanup.manager [-] Cleaning up nova server_groups objects
2019-12-20 00:51:31.828 1845 RALLYDEBUG rally_openstack.cleanup.manager [-] Cleaning up nova keypairs objects
2019-12-20 00:51:34.241 1845 RALLYDEBUG rally_openstack.cleanup.manager [-] Cleaning up cinder backups objects
2019-12-20 00:51:35.432 1845 RALLYDEBUG rally_openstack.cleanup.manager [-] Cleaning up cinder volume_snapshots objects
2019-12-20 00:51:36.603 1845 RALLYDEBUG rally_openstack.cleanup.manager [-] Cleaning up cinder transfers objects
2019-12-20 00:51:37.751 1845 RALLYDEBUG rally_openstack.cleanup.manager [-] Cleaning up cinder volumes objects
2019-12-20 00:51:38.978 1845 INFO rally.task.context [-] Task 06f98a6e-afe3-48de-880a-1947c5d5c107 | Context cleanup@openstack cleanup() finished in 9.63 sec
2019-12-20 00:51:38.979 1845 INFO rally.task.context [-] Task 06f98a6e-afe3-48de-880a-1947c5d5c107 | Context quotas@openstack cleanup() started
2019-12-20 00:51:39.064 1845 INFO rally.task.context [-] Task 06f98a6e-afe3-48de-880a-1947c5d5c107 | Context quotas@openstack cleanup() finished in 84.80 msec
2019-12-20 00:51:39.064 1845 INFO rally.task.context [-] Task 06f98a6e-afe3-48de-880a-1947c5d5c107 | Context api_versions@openstack cleanup() started
2019-12-20 00:51:39.065 1845 INFO rally.task.context [-] Task 06f98a6e-afe3-48de-880a-1947c5d5c107 | Context api_versions@openstack cleanup() finished in 0.39 msec
2019-12-20 00:51:39.065 1845 INFO rally.task.context [-] Task 06f98a6e-afe3-48de-880a-1947c5d5c107 | Context users@openstack cleanup() started
2019-12-20 00:51:43.116 1845 INFO rally.task.context [-] Task 06f98a6e-afe3-48de-880a-1947c5d5c107 | Context users@openstack cleanup() finished in 4.05 sec
2019-12-20 00:51:44.447 1845 INFO rally.task.engine [-] Load duration is: 77.099732
2019-12-20 00:51:44.448 1845 INFO rally.task.engine [-] Full runner duration is: 78.154621
2019-12-20 00:51:44.448 1845 INFO rally.task.engine [-] Full duration is: 97.104828
2019-12-20 00:51:44.810 1845 INFO rally.task.engine [-] Running workload: position = 0 config = { "version": 2, "title": "A cropped version of a bigger task.", "description": "Auto-generated task from a single workload (uuid=66f4e455-a638-4c8e-8837-b121a60ccddc)", "subtasks": [ { "title": "CinderVolumes.create_volume", "description": "Create a volume.", "scenario": { "CinderVolumes.create_volume": { "size": 1 } }, "contexts": { "users": { "tenants": 3, "users_per_tenant": 2 }, "api_versions": { "cinder": { "version": 3, "service_type": "volumev3" } } }, "runner": { "constant": { "concurrency": 4, "times": 10 } }, "hooks": [], "sla": { "failure_rate": { "max": 0 } } } ] }
2019-12-20 00:51:44.835 1845 RALLYDEBUG rally_openstack.contexts.keystone.users [-] Creating 3 tenants using 20 threads
2019-12-20 00:51:45.906 1845 RALLYDEBUG rally_openstack.contexts.keystone.users [-] Creating 6 users using 20 threads
2019-12-20 00:51:47.473 1845 INFO rally.task.context [-] Task 06f98a6e-afe3-48de-880a-1947c5d5c107 | Context users@openstack setup() finished in 2.64 sec
2019-12-20 00:51:47.883 1845 INFO rally.task.context [-] Task 06f98a6e-afe3-48de-880a-1947c5d5c107 | Context api_versions@openstack setup() finished in 0.41 sec
2019-12-20 00:51:47.883 1845 INFO rally.task.context [-] Task 06f98a6e-afe3-48de-880a-1947c5d5c107 | Context cleanup@openstack setup() finished in 0.02 msec
2019-12-20 00:51:47.892 1845 RALLYDEBUG rally.task.runner [-] Starting the constant runner (task UUID: 06f98a6e-afe3-48de-880a-1947c5d5c107). times: 10 concurrency: 4 timeout: 0 max_cpu_used: 16 processes_to_start: 4 concurrency_per_worker: 1 concurrency_overhead: 0
2019-12-20 00:51:47.904 3477 RALLYDEBUG rally.task.runner [-] Starting a worker. times: 10 duration: None concurrency: 1 timeout: 0 cls: method_name: run args: {"size": 1}
2019-12-20 00:51:47.907 3478 RALLYDEBUG rally.task.runner [-] Starting a worker. times: 10 duration: None concurrency: 1 timeout: 0 cls: method_name: run args: {"size": 1}
2019-12-20 00:51:47.911 3477 INFO rally.task.runner [-] Task 06f98a6e-afe3-48de-880a-1947c5d5c107 | ITER: 1 START
2019-12-20 00:51:47.911 3479 RALLYDEBUG rally.task.runner [-] Starting a worker. times: 10 duration: None concurrency: 1 timeout: 0 cls: method_name: run args: {"size": 1}
2019-12-20 00:51:47.913 3478 INFO rally.task.runner [-] Task 06f98a6e-afe3-48de-880a-1947c5d5c107 | ITER: 2 START
2019-12-20 00:51:47.914 3480 RALLYDEBUG rally.task.runner [-] Starting a worker. times: 10 duration: None concurrency: 1 timeout: 0 cls: method_name: run args: {"size": 1}
2019-12-20 00:51:47.918 3479 INFO rally.task.runner [-] Task 06f98a6e-afe3-48de-880a-1947c5d5c107 | ITER: 3 START
2019-12-20 00:51:47.921 3480 INFO rally.task.runner [-] Task 06f98a6e-afe3-48de-880a-1947c5d5c107 | ITER: 4 START
2019-12-20 00:51:50.810 3480 INFO rally.task.runner [-] Task 06f98a6e-afe3-48de-880a-1947c5d5c107 | ITER: 4 END: OK
2019-12-20 00:51:50.811 3477 INFO rally.task.runner [-] Task 06f98a6e-afe3-48de-880a-1947c5d5c107 | ITER: 1 END: OK
2019-12-20 00:51:50.813 3479 INFO rally.task.runner [-] Task 06f98a6e-afe3-48de-880a-1947c5d5c107 | ITER: 3 END: OK
2019-12-20 00:51:50.815 3480 INFO rally.task.runner [-] Task 06f98a6e-afe3-48de-880a-1947c5d5c107 | ITER: 5 START
2019-12-20 00:51:50.815 3477 INFO rally.task.runner [-] Task 06f98a6e-afe3-48de-880a-1947c5d5c107 | ITER: 6 START
2019-12-20 00:51:50.818 3479 INFO rally.task.runner [-] Task 06f98a6e-afe3-48de-880a-1947c5d5c107 | ITER: 7 START
2019-12-20 00:51:50.819 3478 INFO rally.task.runner [-] Task 06f98a6e-afe3-48de-880a-1947c5d5c107 | ITER: 2 END: OK
2019-12-20 00:51:50.823 3478 INFO rally.task.runner [-] Task 06f98a6e-afe3-48de-880a-1947c5d5c107 | ITER: 8 START
2019-12-20 00:51:53.491 3479 INFO rally.task.runner [-] Task 06f98a6e-afe3-48de-880a-1947c5d5c107 | ITER: 7 END: OK
2019-12-20 00:51:53.495 3479 INFO rally.task.runner [-] Task 06f98a6e-afe3-48de-880a-1947c5d5c107 | ITER: 9 START
2019-12-20 00:51:53.505 3477 INFO rally.task.runner [-] Task 06f98a6e-afe3-48de-880a-1947c5d5c107 | ITER: 6 END: OK
2019-12-20 00:51:53.505 3478 INFO rally.task.runner [-] Task 06f98a6e-afe3-48de-880a-1947c5d5c107 | ITER: 8 END: OK
2019-12-20 00:51:53.509 3478 INFO rally.task.runner [-] Task 06f98a6e-afe3-48de-880a-1947c5d5c107 | ITER: 10 START
2019-12-20 00:51:53.534 3480 INFO rally.task.runner [-] Task 06f98a6e-afe3-48de-880a-1947c5d5c107 | ITER: 5 END: OK
2019-12-20 00:51:56.307 3479 INFO rally.task.runner [-] Task 06f98a6e-afe3-48de-880a-1947c5d5c107 | ITER: 9 END: OK
2019-12-20 00:51:56.344 3478 INFO rally.task.runner [-] Task 06f98a6e-afe3-48de-880a-1947c5d5c107 | ITER: 10 END: OK
2019-12-20 00:51:56.374 1845 INFO rally.task.context [-] Task 06f98a6e-afe3-48de-880a-1947c5d5c107 | Context cleanup@openstack cleanup() started
2019-12-20 00:51:56.377 1845 RALLYDEBUG rally_openstack.cleanup.manager [-] Cleaning up cinder backups objects
2019-12-20 00:51:57.535 1845 RALLYDEBUG rally_openstack.cleanup.manager [-] Cleaning up cinder volume_snapshots objects
2019-12-20 00:51:58.712 1845 RALLYDEBUG rally_openstack.cleanup.manager [-] Cleaning up cinder transfers objects
2019-12-20 00:51:59.860 1845 RALLYDEBUG rally_openstack.cleanup.manager [-] Cleaning up cinder volumes objects
2019-12-20 00:52:01.102 1845 RALLYDEBUG rally_openstack.cleanup.manager [-] Deleting cinder.volumes object s_rally_66f4e455_UgM3ke1p (c3f9dcc0-ef14-4edd-979b-b3ec89b74a56)
2019-12-20 00:52:01.112 1845 RALLYDEBUG rally_openstack.cleanup.manager [-] Deleting cinder.volumes object s_rally_66f4e455_CaHuChT3 (32847d35-249a-4670-9ad2-f7de9b641b2a)
2019-12-20 00:52:01.121 1845 RALLYDEBUG rally_openstack.cleanup.manager [-] Deleting cinder.volumes object s_rally_66f4e455_FxWI4g5I (a1aceefb-107d-41b9-8a43-56071571d222)
2019-12-20 00:52:01.131 1845 RALLYDEBUG rally_openstack.cleanup.manager [-] Deleting cinder.volumes object s_rally_66f4e455_Q63ViLcb (2d5aab3d-7266-4cfb-93a9-72af592afe37)
2019-12-20 00:52:01.154 1845 RALLYDEBUG rally_openstack.cleanup.manager [-] Deleting cinder.volumes object s_rally_66f4e455_yUfhK2h4 (d3c748a2-6141-49f9-99e9-3ad6f1c209b2)
2019-12-20 00:52:01.170 1845 RALLYDEBUG rally_openstack.cleanup.manager [-] Deleting cinder.volumes object s_rally_66f4e455_c6RsN9M2 (b263b8ec-df9f-4fee-ba40-8cb949be9f77)
2019-12-20 00:52:01.174 1845 RALLYDEBUG rally_openstack.cleanup.manager [-] Deleting cinder.volumes object s_rally_66f4e455_8FJ0iJi6 (b86822f3-647f-497f-aeac-1656a1866ca8)
2019-12-20 00:52:01.191 1845 RALLYDEBUG rally_openstack.cleanup.manager [-] Deleting cinder.volumes object s_rally_66f4e455_xWE4nNDh (9fd2c245-fdc9-4bbc-bcf5-e9555716f909)
2019-12-20 00:52:01.205 1845 RALLYDEBUG rally_openstack.cleanup.manager [-] Deleting cinder.volumes object s_rally_66f4e455_lot7s2fD (baae379d-3383-4dcd-b641-99e4f762eba6)
2019-12-20 00:52:01.214 1845 RALLYDEBUG rally_openstack.cleanup.manager [-] Deleting cinder.volumes object s_rally_66f4e455_JkBKih1Z (7c9d7978-ad58-44a0-95aa-51daeb4801fe)
2019-12-20 00:52:04.864 1845 INFO rally.task.context [-] Task 06f98a6e-afe3-48de-880a-1947c5d5c107 | Context cleanup@openstack cleanup() finished in 8.49 sec
2019-12-20 00:52:04.865 1845 INFO rally.task.context [-] Task 06f98a6e-afe3-48de-880a-1947c5d5c107 | Context api_versions@openstack cleanup() started
2019-12-20 00:52:04.865 1845 INFO rally.task.context [-] Task 06f98a6e-afe3-48de-880a-1947c5d5c107 | Context api_versions@openstack cleanup() finished in 0.19 msec
2019-12-20 00:52:04.865 1845 INFO rally.task.context [-] Task 06f98a6e-afe3-48de-880a-1947c5d5c107 | Context users@openstack cleanup() started
2019-12-20 00:52:09.626 1845 INFO rally.task.context [-] Task 06f98a6e-afe3-48de-880a-1947c5d5c107 | Context users@openstack cleanup() finished in 4.76 sec
2019-12-20 00:52:10.981 1845 INFO rally.task.engine [-] Load duration is: 8.428544
2019-12-20 00:52:10.982 1845 INFO rally.task.engine [-] Full runner duration is: 8.482388
2019-12-20 00:52:10.982 1845 INFO rally.task.engine [-] Full duration is: 24.793229
2019-12-20 00:52:11.199 1845 INFO rally.task.engine [-] Running workload: position = 1 config = { "version": 2, "title": "A cropped version of a bigger task.", "description": "Auto-generated task from a single workload (uuid=9e6c91b1-971a-47a5-9ee2-0e9d96023245)", "subtasks": [ { "title": "CinderVolumes.create_volume", "description": "Create a volume.", "scenario": { "CinderVolumes.create_volume": { "size": { "min": 1, "max": 1 } } }, "contexts": { "users": { "tenants": 3, "users_per_tenant": 2 }, "quotas": { "cinder": { "gigabytes": -1, "snapshots": -1, "volumes": -1 } }, "api_versions": { "cinder": { "version": 3, "service_type": "volumev3" } } }, "runner": { "constant": { "concurrency": 4, "times": 10 } }, "hooks": [], "sla": { "failure_rate": { "max": 0 } } } ] }
2019-12-20 00:52:11.225 1845 RALLYDEBUG rally_openstack.contexts.keystone.users [-] Creating 3 tenants using 20 threads
2019-12-20 00:52:12.264 1845 RALLYDEBUG rally_openstack.contexts.keystone.users [-] Creating 6 users using 20 threads
2019-12-20 00:52:13.775 1845 INFO rally.task.context [-] Task 06f98a6e-afe3-48de-880a-1947c5d5c107 | Context users@openstack setup() finished in 2.55 sec
2019-12-20 00:52:14.201 1845 INFO rally.task.context [-] Task 06f98a6e-afe3-48de-880a-1947c5d5c107 | Context api_versions@openstack setup() finished in 0.43 sec
2019-12-20 00:52:15.106 1845 INFO rally.task.context [-] Task 06f98a6e-afe3-48de-880a-1947c5d5c107 | Context quotas@openstack setup() finished in 0.90 sec
2019-12-20 00:52:15.107 1845 INFO rally.task.context [-] Task 06f98a6e-afe3-48de-880a-1947c5d5c107 | Context cleanup@openstack setup() finished in 0.01 msec
2019-12-20 00:52:15.116 1845 RALLYDEBUG rally.task.runner [-] Starting the constant runner (task UUID: 06f98a6e-afe3-48de-880a-1947c5d5c107). times: 10 concurrency: 4 timeout: 0 max_cpu_used: 16 processes_to_start: 4 concurrency_per_worker: 1 concurrency_overhead: 0
2019-12-20 00:52:15.127 3661 RALLYDEBUG rally.task.runner [-] Starting a worker. times: 10 duration: None concurrency: 1 timeout: 0 cls: method_name: run args: {"size": {"min": 1, "max": 1}}
2019-12-20 00:52:15.130 3662 RALLYDEBUG rally.task.runner [-] Starting a worker. times: 10 duration: None concurrency: 1 timeout: 0 cls: method_name: run args: {"size": {"min": 1, "max": 1}}
2019-12-20 00:52:15.134 3661 INFO rally.task.runner [-] Task 06f98a6e-afe3-48de-880a-1947c5d5c107 | ITER: 1 START
2019-12-20 00:52:15.134 3663 RALLYDEBUG rally.task.runner [-] Starting a worker. times: 10 duration: None concurrency: 1 timeout: 0 cls: method_name: run args: {"size": {"min": 1, "max": 1}}
2019-12-20 00:52:15.137 3662 INFO rally.task.runner [-] Task 06f98a6e-afe3-48de-880a-1947c5d5c107 | ITER: 2 START
2019-12-20 00:52:15.138 3664 RALLYDEBUG rally.task.runner [-] Starting a worker. times: 10 duration: None concurrency: 1 timeout: 0 cls: method_name: run args: {"size": {"min": 1, "max": 1}}
2019-12-20 00:52:15.141 3663 INFO rally.task.runner [-] Task 06f98a6e-afe3-48de-880a-1947c5d5c107 | ITER: 3 START
2019-12-20 00:52:15.144 3664 INFO rally.task.runner [-] Task 06f98a6e-afe3-48de-880a-1947c5d5c107 | ITER: 4 START
2019-12-20 00:52:17.883 3661 INFO rally.task.runner [-] Task 06f98a6e-afe3-48de-880a-1947c5d5c107 | ITER: 1 END: OK
2019-12-20 00:52:17.888 3661 INFO rally.task.runner [-] Task 06f98a6e-afe3-48de-880a-1947c5d5c107 | ITER: 5 START
2019-12-20 00:52:17.901 3663 INFO rally.task.runner [-] Task 06f98a6e-afe3-48de-880a-1947c5d5c107 | ITER: 3 END: OK
2019-12-20 00:52:17.906 3663 INFO rally.task.runner [-] Task 06f98a6e-afe3-48de-880a-1947c5d5c107 | ITER: 6 START
2019-12-20 00:52:17.967 3664 INFO rally.task.runner [-] Task 06f98a6e-afe3-48de-880a-1947c5d5c107 | ITER: 4 END: OK
2019-12-20 00:52:17.972 3664 INFO rally.task.runner [-] Task 06f98a6e-afe3-48de-880a-1947c5d5c107 | ITER: 7 START
2019-12-20 00:52:18.099 3662 INFO rally.task.runner [-] Task 06f98a6e-afe3-48de-880a-1947c5d5c107 | ITER: 2 END: OK
2019-12-20 00:52:18.104 3662 INFO rally.task.runner [-] Task 06f98a6e-afe3-48de-880a-1947c5d5c107 | ITER: 8 START
2019-12-20 00:52:20.683 3661 INFO rally.task.runner [-] Task 06f98a6e-afe3-48de-880a-1947c5d5c107 | ITER: 5 END: OK
2019-12-20 00:52:20.684 3663 INFO rally.task.runner [-] Task 06f98a6e-afe3-48de-880a-1947c5d5c107 | ITER: 6 END: OK
2019-12-20 00:52:20.687 3661 INFO rally.task.runner [-] Task 06f98a6e-afe3-48de-880a-1947c5d5c107 | ITER: 9 START
2019-12-20 00:52:20.688 3663 INFO rally.task.runner [-] Task 06f98a6e-afe3-48de-880a-1947c5d5c107 | ITER: 10 START
2019-12-20 00:52:20.729 3664 INFO rally.task.runner [-] Task 06f98a6e-afe3-48de-880a-1947c5d5c107 | ITER: 7 END: OK
2019-12-20 00:52:20.759 3662 INFO rally.task.runner [-] Task 06f98a6e-afe3-48de-880a-1947c5d5c107 | ITER: 8 END: OK
2019-12-20 00:52:23.423 3663 INFO rally.task.runner [-] Task 06f98a6e-afe3-48de-880a-1947c5d5c107 | ITER: 10 END: OK
2019-12-20 00:52:23.478 3661 INFO rally.task.runner [-] Task 06f98a6e-afe3-48de-880a-1947c5d5c107 | ITER: 9 END: OK
2019-12-20 00:52:23.506 1845 INFO rally.task.context [-] Task 06f98a6e-afe3-48de-880a-1947c5d5c107 | Context cleanup@openstack cleanup() started
2019-12-20 00:52:23.510 1845 RALLYDEBUG rally_openstack.cleanup.manager [-] Cleaning up cinder backups objects
2019-12-20 00:52:24.703 1845 RALLYDEBUG rally_openstack.cleanup.manager [-] Cleaning up cinder volume_snapshots objects
2019-12-20 00:52:25.870 1845 RALLYDEBUG rally_openstack.cleanup.manager [-] Cleaning up cinder transfers objects
2019-12-20 00:52:27.022 1845 RALLYDEBUG rally_openstack.cleanup.manager [-] Cleaning up cinder volumes objects
2019-12-20 00:52:28.250 1845 RALLYDEBUG rally_openstack.cleanup.manager [-] Deleting cinder.volumes object s_rally_9e6c91b1_86YhhL7m (fb760e60-5e29-44dd-94a1-f3cbdd0a3131)
2019-12-20 00:52:28.259 1845 RALLYDEBUG rally_openstack.cleanup.manager [-] Deleting cinder.volumes object s_rally_9e6c91b1_hoB7VaF8 (13e80411-d6c0-4807-b13e-f6f1317355e2)
2019-12-20 00:52:28.268 1845 RALLYDEBUG rally_openstack.cleanup.manager [-] Deleting cinder.volumes object s_rally_9e6c91b1_mXML8UtA (9197a7fa-4f1f-4a41-8b5b-17d550335831)
2019-12-20 00:52:28.277 1845 RALLYDEBUG rally_openstack.cleanup.manager [-] Deleting cinder.volumes object s_rally_9e6c91b1_VnrUQHhQ (39c1324a-b85d-4974-9a35-2423def6d05d)
2019-12-20 00:52:28.287 1845 RALLYDEBUG rally_openstack.cleanup.manager [-] Deleting cinder.volumes object s_rally_9e6c91b1_KC4R9Tfk (880d4316-c53b-4823-83e6-745f0f6b5a92)
2019-12-20 00:52:28.292 1845 RALLYDEBUG rally_openstack.cleanup.manager [-] Deleting cinder.volumes object s_rally_9e6c91b1_Uogjxbll (9345ac1a-be82-4a1f-bf20-8382d85b089d)
2019-12-20 00:52:28.305 1845 RALLYDEBUG rally_openstack.cleanup.manager [-] Deleting cinder.volumes object s_rally_9e6c91b1_baTWLkIQ (25a38bee-928e-4aac-bf8e-c3a403e6cce9)
2019-12-20 00:52:28.322 1845 RALLYDEBUG rally_openstack.cleanup.manager [-] Deleting cinder.volumes object s_rally_9e6c91b1_px88JzWg (4b612050-f7de-4ebd-acdd-96d5bd429ed3)
2019-12-20 00:52:28.334 1845 RALLYDEBUG rally_openstack.cleanup.manager [-] Deleting cinder.volumes object s_rally_9e6c91b1_HkKxxd9m (3fab0deb-34be-40cb-9ef6-e7fe8e2774cb)
2019-12-20 00:52:28.342 1845 RALLYDEBUG rally_openstack.cleanup.manager [-] Deleting cinder.volumes object s_rally_9e6c91b1_BTJXaLPH (36a17146-ef8b-4bfb-8df0-99bb85fefd6a)
2019-12-20 00:52:32.035 1845 INFO rally.task.context [-] Task 06f98a6e-afe3-48de-880a-1947c5d5c107 | Context cleanup@openstack cleanup() finished in 8.53 sec
2019-12-20 00:52:32.036 1845 INFO rally.task.context [-] Task 06f98a6e-afe3-48de-880a-1947c5d5c107 | Context quotas@openstack cleanup() started
2019-12-20 00:52:32.121 1845 INFO rally.task.context [-] Task 06f98a6e-afe3-48de-880a-1947c5d5c107 | Context quotas@openstack cleanup() finished in 84.89 msec
2019-12-20 00:52:32.121 1845 INFO rally.task.context [-] Task 06f98a6e-afe3-48de-880a-1947c5d5c107 | Context api_versions@openstack cleanup() started
2019-12-20 00:52:32.122 1845 INFO rally.task.context [-] Task 06f98a6e-afe3-48de-880a-1947c5d5c107 | Context api_versions@openstack cleanup() finished in 0.33 msec
2019-12-20 00:52:32.122 1845 INFO rally.task.context [-] Task 06f98a6e-afe3-48de-880a-1947c5d5c107 | Context users@openstack cleanup() started
2019-12-20 00:52:36.560 1845 INFO rally.task.context [-] Task 06f98a6e-afe3-48de-880a-1947c5d5c107 | Context users@openstack cleanup() finished in 4.44 sec
2019-12-20 00:52:37.405 1845 INFO rally.task.engine [-] Load duration is: 8.339207
2019-12-20 00:52:37.406 1845 INFO rally.task.engine [-] Full runner duration is: 8.390712
2019-12-20 00:52:37.406 1845 INFO rally.task.engine [-] Full duration is: 25.338224
2019-12-20 00:52:37.759 1845 INFO rally.task.engine [-] Running workload: position = 0 config = { "version": 2, "title": "A cropped version of a bigger task.", "description": "Auto-generated task from a single workload (uuid=fd6c9772-5ce7-4157-910c-d45d1da3bf62)", "subtasks": [ { "title": "CinderVolumes.list_volumes", "description": "List all volumes.", "scenario": { "CinderVolumes.list_volumes": { "detailed": true } }, "contexts": { "users": { "tenants": 3, "users_per_tenant": 2 }, "quotas": { "cinder": { "gigabytes": -1, "snapshots": -1, "volumes": -1 } }, "api_versions": { "cinder": { "version": 3, "service_type": "volumev3" } }, "volumes": { "size": 1, "volumes_per_tenant": 4 } }, "runner": { "constant": { "concurrency": 4, "times": 10 } }, "hooks": [], "sla": { "failure_rate": { "max": 0 } } } ] }
2019-12-20 00:52:37.785 1845 RALLYDEBUG rally_openstack.contexts.keystone.users [-] Creating 3 tenants using 20 threads
2019-12-20 00:52:38.729 1845 RALLYDEBUG rally_openstack.contexts.keystone.users [-] Creating 6 users using 20 threads
2019-12-20 00:52:40.303 1845 INFO rally.task.context [-] Task 06f98a6e-afe3-48de-880a-1947c5d5c107 | Context users@openstack setup() finished in 2.52 sec
2019-12-20 00:52:40.719 1845 INFO rally.task.context [-] Task 06f98a6e-afe3-48de-880a-1947c5d5c107 | Context api_versions@openstack setup() finished in 0.42 sec
2019-12-20 00:52:41.673 1845 INFO rally.task.context [-] Task 06f98a6e-afe3-48de-880a-1947c5d5c107 | Context quotas@openstack setup() finished in 0.95 sec
2019-12-20 00:53:12.100 1845 INFO rally.task.context [-] Task 06f98a6e-afe3-48de-880a-1947c5d5c107 | Context volumes@openstack setup() finished in 30.43 sec
2019-12-20 00:53:12.110 1845 RALLYDEBUG rally.task.runner [-] Starting the constant runner (task UUID: 06f98a6e-afe3-48de-880a-1947c5d5c107). times: 10 concurrency: 4 timeout: 0 max_cpu_used: 16 processes_to_start: 4 concurrency_per_worker: 1 concurrency_overhead: 0
2019-12-20 00:53:12.121 3845 RALLYDEBUG rally.task.runner [-] Starting a worker. times: 10 duration: None concurrency: 1 timeout: 0 cls: method_name: run args: {"detailed": true}
2019-12-20 00:53:12.125 3846 RALLYDEBUG rally.task.runner [-] Starting a worker. times: 10 duration: None concurrency: 1 timeout: 0 cls: method_name: run args: {"detailed": true}
2019-12-20 00:53:12.129 3845 INFO rally.task.runner [-] Task 06f98a6e-afe3-48de-880a-1947c5d5c107 | ITER: 1 START
2019-12-20 00:53:12.129 3847 RALLYDEBUG rally.task.runner [-] Starting a worker. times: 10 duration: None concurrency: 1 timeout: 0 cls: method_name: run args: {"detailed": true}
2019-12-20 00:53:12.132 3846 INFO rally.task.runner [-] Task 06f98a6e-afe3-48de-880a-1947c5d5c107 | ITER: 2 START
2019-12-20 00:53:12.132 3848 RALLYDEBUG rally.task.runner [-] Starting a worker. times: 10 duration: None concurrency: 1 timeout: 0 cls: method_name: run args: {"detailed": true}
2019-12-20 00:53:12.136 3847 INFO rally.task.runner [-] Task 06f98a6e-afe3-48de-880a-1947c5d5c107 | ITER: 3 START
2019-12-20 00:53:12.140 3848 INFO rally.task.runner [-] Task 06f98a6e-afe3-48de-880a-1947c5d5c107 | ITER: 4 START
2019-12-20 00:53:12.534 3845 INFO rally.task.runner [-] Task 06f98a6e-afe3-48de-880a-1947c5d5c107 | ITER: 1 END: OK
2019-12-20 00:53:12.539 3845 INFO rally.task.runner [-] Task 06f98a6e-afe3-48de-880a-1947c5d5c107 | ITER: 5 START
2019-12-20 00:53:12.634 3846 INFO rally.task.runner [-] Task 06f98a6e-afe3-48de-880a-1947c5d5c107 | ITER: 2 END: OK
2019-12-20 00:53:12.640 3848 INFO rally.task.runner [-] Task 06f98a6e-afe3-48de-880a-1947c5d5c107 | ITER: 4 END: OK
2019-12-20 00:53:12.640 3847 INFO rally.task.runner [-] Task 06f98a6e-afe3-48de-880a-1947c5d5c107 | ITER: 3 END: OK
2019-12-20 00:53:12.641 3846 INFO rally.task.runner [-] Task 06f98a6e-afe3-48de-880a-1947c5d5c107 | ITER: 6 START
2019-12-20 00:53:12.645 3848 INFO rally.task.runner [-] Task 06f98a6e-afe3-48de-880a-1947c5d5c107 | ITER: 7 START
2019-12-20 00:53:12.646 3847 INFO rally.task.runner [-] Task 06f98a6e-afe3-48de-880a-1947c5d5c107 | ITER: 8 START
2019-12-20 00:53:12.941 3845 INFO rally.task.runner [-] Task 06f98a6e-afe3-48de-880a-1947c5d5c107 | ITER: 5 END: OK
2019-12-20 00:53:12.945 3845 INFO rally.task.runner [-] Task 06f98a6e-afe3-48de-880a-1947c5d5c107 | ITER: 9 START
2019-12-20 00:53:13.031 3848 INFO rally.task.runner [-] Task 06f98a6e-afe3-48de-880a-1947c5d5c107 | ITER: 7 END: OK
2019-12-20 00:53:13.035 3848 INFO rally.task.runner [-] Task 06f98a6e-afe3-48de-880a-1947c5d5c107 | ITER: 10 START
2019-12-20 00:53:13.143 3846 INFO rally.task.runner [-] Task 06f98a6e-afe3-48de-880a-1947c5d5c107 | ITER: 6 END: OK
2019-12-20 00:53:13.151 3847 INFO rally.task.runner [-] Task 06f98a6e-afe3-48de-880a-1947c5d5c107 | ITER: 8 END: OK
2019-12-20 00:53:13.346 3845 INFO rally.task.runner [-] Task 06f98a6e-afe3-48de-880a-1947c5d5c107 | ITER: 9 END: OK
2019-12-20 00:53:13.441 3848 INFO rally.task.runner [-] Task 06f98a6e-afe3-48de-880a-1947c5d5c107 | ITER: 10 END: OK
2019-12-20 00:53:13.463 1845 INFO rally.task.context [-] Task 06f98a6e-afe3-48de-880a-1947c5d5c107 | Context volumes@openstack cleanup() started
2019-12-20 00:53:13.465 1845 RALLYDEBUG rally_openstack.cleanup.manager [-] Cleaning up cinder volumes objects
2019-12-20 00:53:14.723 1845 RALLYDEBUG rally_openstack.cleanup.manager [-] Deleting cinder.volumes object c_rally_fd6c9772_3iL0WYMq (55ada89d-f47e-4bff-ab62-a4fa8f1e910d)
2019-12-20 00:53:14.730 1845 RALLYDEBUG rally_openstack.cleanup.manager [-] Deleting cinder.volumes object c_rally_fd6c9772_IsSojEq9 (27cbb0ef-3cea-45eb-b7a0-f08e09ac959b)
2019-12-20 00:53:14.736 1845 RALLYDEBUG rally_openstack.cleanup.manager [-] Deleting cinder.volumes object c_rally_fd6c9772_s0TSHLXm (ad02f50b-b28a-4681-8e4a-688595c90cbf)
2019-12-20 00:53:14.737 1845 RALLYDEBUG rally_openstack.cleanup.manager [-] Deleting cinder.volumes object c_rally_fd6c9772_8kYmoRfb (dac3f79e-41d5-4ff3-907f-d4261801d8a1)
2019-12-20 00:53:14.748 1845 RALLYDEBUG rally_openstack.cleanup.manager [-] Deleting cinder.volumes object c_rally_fd6c9772_tB2YRnVz (169cffef-3327-4a63-980e-2b18c52f770e)
2019-12-20 00:53:14.754 1845 RALLYDEBUG rally_openstack.cleanup.manager [-] Deleting cinder.volumes object c_rally_fd6c9772_ngH7jRzB (3c0a84e0-ad30-4f33-8557-cd86674d9c00)
2019-12-20 00:53:14.766 1845 RALLYDEBUG rally_openstack.cleanup.manager [-] Deleting cinder.volumes object c_rally_fd6c9772_t7l7iiWq (bd3ff2a1-3624-49a5-a64b-a852efe6cb2e)
2019-12-20 00:53:14.778 1845 RALLYDEBUG rally_openstack.cleanup.manager [-] Deleting cinder.volumes object c_rally_fd6c9772_KEH3OFrv (b850f06d-ea3c-4527-a791-6e1677d7998b)
2019-12-20 00:53:14.780 1845 RALLYDEBUG rally_openstack.cleanup.manager [-] Deleting cinder.volumes object c_rally_fd6c9772_cnIaeHML (175e1fd4-9984-444c-9c28-5eed36463716)
2019-12-20 00:53:14.804 1845 RALLYDEBUG rally_openstack.cleanup.manager [-] Deleting cinder.volumes object c_rally_fd6c9772_jrXT202l (7db53e2e-9682-47e2-b076-d6c21ba1745b)
2019-12-20 00:53:14.810 1845 RALLYDEBUG rally_openstack.cleanup.manager [-] Deleting cinder.volumes object c_rally_fd6c9772_LlDqnVw4 (5e5abac1-ff66-4e99-b658-3346e4295df6)
2019-12-20 00:53:14.824 1845 RALLYDEBUG rally_openstack.cleanup.manager [-] Deleting cinder.volumes object c_rally_fd6c9772_DiYtIiqD (c89872e0-180d-4951-a650-89d19f9b8171)
2019-12-20 00:53:18.654 1845 INFO rally.task.context [-] Task 06f98a6e-afe3-48de-880a-1947c5d5c107 | Context volumes@openstack cleanup() finished in 5.19 sec
2019-12-20 00:53:18.655 1845 INFO rally.task.context [-] Task 06f98a6e-afe3-48de-880a-1947c5d5c107 | Context quotas@openstack cleanup() started
2019-12-20 00:53:18.745 1845 INFO rally.task.context [-] Task 06f98a6e-afe3-48de-880a-1947c5d5c107 | Context quotas@openstack cleanup() finished in 89.95 msec
2019-12-20 00:53:18.745 1845 INFO rally.task.context [-] Task 06f98a6e-afe3-48de-880a-1947c5d5c107 | Context api_versions@openstack cleanup() started
2019-12-20 00:53:18.746 1845 INFO rally.task.context [-] Task 06f98a6e-afe3-48de-880a-1947c5d5c107 | Context api_versions@openstack cleanup() finished in 0.39 msec
2019-12-20 00:53:18.746 1845 INFO rally.task.context [-] Task 06f98a6e-afe3-48de-880a-1947c5d5c107 | Context users@openstack cleanup() started
2019-12-20 00:53:23.135 1845 INFO rally.task.context [-] Task 06f98a6e-afe3-48de-880a-1947c5d5c107 | Context users@openstack cleanup() finished in 4.39 sec
2019-12-20 00:53:24.024 1845 INFO rally.task.engine [-] Load duration is: 1.307472
2019-12-20 00:53:24.025 1845 INFO rally.task.engine [-] Full runner duration is: 1.353419
2019-12-20 00:53:24.025 1845 INFO rally.task.engine [-] Full duration is: 45.352466
2019-12-20 00:53:24.401 1845 INFO rally.task.engine [-] Running workload: position = 0 config = { "version": 2, "title": "A cropped version of a bigger task.", "description": "Auto-generated task from a single workload (uuid=8f000aba-db2b-4220-acb1-ead1c7dde2ad)", "subtasks": [ { "title": "CinderVolumes.create_and_delete_snapshot", "description": "Create and then delete a volume-snapshot.", "scenario": { "CinderVolumes.create_and_delete_snapshot": { "force": false } }, "contexts": { "users": { "tenants": 3, "users_per_tenant": 2 }, "quotas": { "cinder": { "gigabytes": -1, "snapshots": -1, "volumes": -1 } }, "api_versions": { "cinder": { "version": 3, "service_type": "volumev3" } }, "volumes": { "size": 1, "volumes_per_tenant": 1 } }, "runner": { "constant": { "concurrency": 4, "times": 10 } }, "hooks": [], "sla": { "failure_rate": { "max": 0 } } } ] }
2019-12-20 00:53:24.431 1845 RALLYDEBUG rally_openstack.contexts.keystone.users [-] Creating 3 tenants using 20 threads
2019-12-20 00:53:25.545 1845 RALLYDEBUG rally_openstack.contexts.keystone.users [-] Creating 6 users using 20 threads
2019-12-20 00:53:27.174 1845 INFO rally.task.context [-] Task 06f98a6e-afe3-48de-880a-1947c5d5c107 | Context users@openstack setup() finished in 2.74 sec
2019-12-20 00:53:27.597 1845 INFO rally.task.context [-] Task 06f98a6e-afe3-48de-880a-1947c5d5c107 | Context api_versions@openstack setup() finished in 0.42 sec
2019-12-20 00:53:28.540 1845 INFO rally.task.context [-] Task 06f98a6e-afe3-48de-880a-1947c5d5c107 | Context quotas@openstack setup() finished in 0.94 sec
2019-12-20 00:53:37.240 1845 INFO rally.task.context [-] Task 06f98a6e-afe3-48de-880a-1947c5d5c107 | Context volumes@openstack setup() finished in 8.70 sec
2019-12-20 00:53:37.240 1845 INFO rally.task.context [-] Task 06f98a6e-afe3-48de-880a-1947c5d5c107 | Context cleanup@openstack setup() finished in 0.02 msec
2019-12-20 00:53:37.250 1845 RALLYDEBUG rally.task.runner [-] Starting the constant runner (task UUID: 06f98a6e-afe3-48de-880a-1947c5d5c107). times: 10 concurrency: 4 timeout: 0 max_cpu_used: 16 processes_to_start: 4 concurrency_per_worker: 1 concurrency_overhead: 0
2019-12-20 00:53:37.261 3969 RALLYDEBUG rally.task.runner [-] Starting a worker. times: 10 duration: None concurrency: 1 timeout: 0 cls: method_name: run args: {"force": false}
2019-12-20 00:53:37.265 3970 RALLYDEBUG rally.task.runner [-] Starting a worker. times: 10 duration: None concurrency: 1 timeout: 0 cls: method_name: run args: {"force": false}
2019-12-20 00:53:37.269 3969 INFO rally.task.runner [-] Task 06f98a6e-afe3-48de-880a-1947c5d5c107 | ITER: 1 START
2019-12-20 00:53:37.269 3971 RALLYDEBUG rally.task.runner [-] Starting a worker. times: 10 duration: None concurrency: 1 timeout: 0 cls: method_name: run args: {"force": false}
2019-12-20 00:53:37.272 3970 INFO rally.task.runner [-] Task 06f98a6e-afe3-48de-880a-1947c5d5c107 | ITER: 2 START
2019-12-20 00:53:37.272 3972 RALLYDEBUG rally.task.runner [-] Starting a worker. times: 10 duration: None concurrency: 1 timeout: 0 cls: method_name: run args: {"force": false}
2019-12-20 00:53:37.276 3971 INFO rally.task.runner [-] Task 06f98a6e-afe3-48de-880a-1947c5d5c107 | ITER: 3 START
2019-12-20 00:53:37.280 3972 INFO rally.task.runner [-] Task 06f98a6e-afe3-48de-880a-1947c5d5c107 | ITER: 4 START
2019-12-20 00:53:39.982 3971 RALLYDEBUG rally.task.utils [-] Waiting for resource s_rally_8f000aba_b9OWVlHp. Status changed: AVAILABLE => DELETING in 0.03603339195251465
2019-12-20 00:53:39.987 3972 RALLYDEBUG rally.task.utils [-] Waiting for resource s_rally_8f000aba_8yfCoSqE. Status changed: AVAILABLE => DELETING in 0.03680825233459473
2019-12-20 00:53:40.066 3970 RALLYDEBUG rally.task.utils [-] Waiting for resource s_rally_8f000aba_3S1tOK4t. Status changed: AVAILABLE => DELETING in 0.02825188636779785
2019-12-20 00:53:40.111 3969 RALLYDEBUG rally.task.utils [-] Waiting for resource s_rally_8f000aba_raeitcty. Status changed: AVAILABLE => DELETING in 0.03411531448364258
2019-12-20 00:53:42.017 3971 INFO rally.task.runner [-] Task 06f98a6e-afe3-48de-880a-1947c5d5c107 | ITER: 3 END: OK
2019-12-20 00:53:42.019 3972 INFO rally.task.runner [-] Task 06f98a6e-afe3-48de-880a-1947c5d5c107 | ITER: 4 END: OK
2019-12-20 00:53:42.021 3971 INFO rally.task.runner [-] Task 06f98a6e-afe3-48de-880a-1947c5d5c107 | ITER: 5 START
2019-12-20 00:53:42.023 3972 INFO rally.task.runner [-] Task 06f98a6e-afe3-48de-880a-1947c5d5c107 | ITER: 6 START
2019-12-20 00:53:42.095 3970 INFO rally.task.runner [-] Task 06f98a6e-afe3-48de-880a-1947c5d5c107 | ITER: 2 END: OK
2019-12-20 00:53:42.100 3970 INFO rally.task.runner [-] Task 06f98a6e-afe3-48de-880a-1947c5d5c107 | ITER: 7 START
2019-12-20 00:53:42.140 3969 INFO rally.task.runner [-] Task 06f98a6e-afe3-48de-880a-1947c5d5c107 | ITER: 1 END: OK
2019-12-20 00:53:42.145 3969 INFO rally.task.runner [-] Task 06f98a6e-afe3-48de-880a-1947c5d5c107 | ITER: 8 START
2019-12-20 00:53:44.712 3972 RALLYDEBUG rally.task.utils [-] Waiting for resource s_rally_8f000aba_266YUfOX. Status changed: AVAILABLE => DELETING in 0.0306088924407959
2019-12-20 00:53:44.747 3970 RALLYDEBUG rally.task.utils [-] Waiting for resource s_rally_8f000aba_wKCNcFPJ. Status changed: AVAILABLE => DELETING in 0.027281761169433594
2019-12-20 00:53:44.792 3971 RALLYDEBUG rally.task.utils [-] Waiting for resource s_rally_8f000aba_7qAXin1h. Status changed: AVAILABLE => DELETING in 0.026332855224609375
2019-12-20 00:53:44.806 3969 RALLYDEBUG rally.task.utils [-] Waiting for resource s_rally_8f000aba_OXTTal6c. Status changed: AVAILABLE => DELETING in 0.02848958969116211
2019-12-20 00:53:46.744 3972 INFO rally.task.runner [-] Task 06f98a6e-afe3-48de-880a-1947c5d5c107 | ITER: 6 END: OK
2019-12-20 00:53:46.747 3972 INFO rally.task.runner [-] Task 06f98a6e-afe3-48de-880a-1947c5d5c107 | ITER: 9 START
2019-12-20 00:53:46.783 3970 INFO rally.task.runner [-] Task 06f98a6e-afe3-48de-880a-1947c5d5c107 | ITER: 7 END: OK
2019-12-20 00:53:46.786 3970 INFO rally.task.runner [-] Task 06f98a6e-afe3-48de-880a-1947c5d5c107 | ITER: 10 START
2019-12-20 00:53:46.823 3971 INFO rally.task.runner [-] Task 06f98a6e-afe3-48de-880a-1947c5d5c107 | ITER: 5 END: OK
2019-12-20 00:53:46.842 3969 INFO rally.task.runner [-] Task 06f98a6e-afe3-48de-880a-1947c5d5c107 | ITER: 8 END: OK
2019-12-20 00:53:49.451 3972 RALLYDEBUG rally.task.utils [-] Waiting for resource s_rally_8f000aba_WTxCgvio. Status changed: AVAILABLE => DELETING in 0.02806854248046875
2019-12-20 00:53:49.503 3970 RALLYDEBUG rally.task.utils [-] Waiting for resource s_rally_8f000aba_vs1SYEpc. Status changed: AVAILABLE => DELETING in 0.03236579895019531
2019-12-20 00:53:51.483 3972 INFO rally.task.runner [-] Task 06f98a6e-afe3-48de-880a-1947c5d5c107 | ITER: 9 END: OK
2019-12-20 00:53:51.534 3970 INFO rally.task.runner [-] Task 06f98a6e-afe3-48de-880a-1947c5d5c107 | ITER: 10 END: OK
2019-12-20 00:53:51.561 1845 INFO rally.task.context [-] Task 06f98a6e-afe3-48de-880a-1947c5d5c107 | Context cleanup@openstack cleanup() started
2019-12-20 00:53:51.564 1845 RALLYDEBUG rally_openstack.cleanup.manager [-] Cleaning up cinder backups objects
2019-12-20 00:53:52.757 1845 RALLYDEBUG rally_openstack.cleanup.manager [-] Cleaning up cinder volume_snapshots objects
2019-12-20 00:53:53.924 1845 RALLYDEBUG rally_openstack.cleanup.manager [-] Cleaning up cinder transfers objects
2019-12-20 00:53:55.041 1845 RALLYDEBUG rally_openstack.cleanup.manager [-] Cleaning up cinder volumes objects
2019-12-20 00:53:56.294 1845 INFO rally.task.context [-] Task 06f98a6e-afe3-48de-880a-1947c5d5c107 | Context cleanup@openstack cleanup() finished in 4.73 sec
2019-12-20 00:53:56.295 1845 INFO rally.task.context [-] Task 06f98a6e-afe3-48de-880a-1947c5d5c107 | Context volumes@openstack cleanup() started
2019-12-20 00:53:56.296 1845 RALLYDEBUG rally_openstack.cleanup.manager [-] Cleaning up cinder volumes objects
2019-12-20 00:53:57.532 1845 RALLYDEBUG rally_openstack.cleanup.manager [-] Deleting cinder.volumes object c_rally_8f000aba_n5yazKAr (7f093461-4525-4ede-a2a3-22b4a3a7edfd)
2019-12-20 00:53:57.539 1845 RALLYDEBUG rally_openstack.cleanup.manager [-] Deleting cinder.volumes object c_rally_8f000aba_Ds9ybKvr (de38694a-5bc0-4dd7-835f-5bb1b93fbe7e)
2019-12-20 00:53:57.546 1845 RALLYDEBUG rally_openstack.cleanup.manager [-] Deleting cinder.volumes object c_rally_8f000aba_VyHi9cyp (2bbadb25-b914-45c4-a97e-67935796393d)
2019-12-20 00:54:00.174 1845 INFO rally.task.context [-] Task 06f98a6e-afe3-48de-880a-1947c5d5c107 | Context volumes@openstack cleanup() finished in 3.88 sec
2019-12-20 00:54:00.175 1845 INFO rally.task.context [-] Task 06f98a6e-afe3-48de-880a-1947c5d5c107 | Context quotas@openstack cleanup() started
2019-12-20 00:54:00.260 1845 INFO rally.task.context [-] Task 06f98a6e-afe3-48de-880a-1947c5d5c107 | Context quotas@openstack cleanup() finished in 85.05 msec
2019-12-20 00:54:00.261 1845 INFO rally.task.context [-] Task 06f98a6e-afe3-48de-880a-1947c5d5c107 | Context api_versions@openstack cleanup() started
2019-12-20 00:54:00.261 1845 INFO rally.task.context [-] Task 06f98a6e-afe3-48de-880a-1947c5d5c107 | Context api_versions@openstack cleanup() finished in 0.37 msec
2019-12-20 00:54:00.261 1845 INFO rally.task.context [-] Task 06f98a6e-afe3-48de-880a-1947c5d5c107 | Context users@openstack cleanup() started
2019-12-20 00:54:04.687 1845 INFO rally.task.context [-] Task 06f98a6e-afe3-48de-880a-1947c5d5c107 | Context users@openstack cleanup() finished in 4.43 sec
2019-12-20 00:54:06.645 1845 INFO rally.task.engine [-] Load duration is: 14.260247
2019-12-20 00:54:06.646 1845 INFO rally.task.engine [-] Full runner duration is: 14.312158
2019-12-20 00:54:06.646 1845 INFO rally.task.engine [-] Full duration is: 40.259884
2019-12-20 00:54:06.997 1845 INFO rally.task.engine [-] Running workload: position = 0 config = { "version": 2, "title": "A cropped version of a bigger task.", "description": "Auto-generated task from a single workload (uuid=7a36a024-8590-42dc-a1bd-8715335cbccb)", "subtasks": [ { "title": "CinderVolumes.create_and_delete_volume", "description": "Create and then delete a volume.", "scenario": { "CinderVolumes.create_and_delete_volume": { "size": { "max": 1, "min": 1 } } }, "contexts": { "users": { "tenants": 3, "users_per_tenant": 2 }, "quotas": { "cinder": { "gigabytes": -1, "snapshots": -1, "volumes": -1 } }, "api_versions": { "cinder": { "version": 3, "service_type": "volumev3" } } }, "runner": { "constant": { "concurrency": 4, "times": 10 } }, "hooks": [], "sla": { "failure_rate": { "max": 0 } } } ] }
2019-12-20 00:54:07.021 1845 RALLYDEBUG rally_openstack.contexts.keystone.users [-] Creating 3 tenants using 20 threads
2019-12-20 00:54:08.298 1845 RALLYDEBUG rally_openstack.contexts.keystone.users [-] Creating 6 users using 20 threads
2019-12-20 00:54:09.888 1845 INFO rally.task.context [-] Task 06f98a6e-afe3-48de-880a-1947c5d5c107 | Context users@openstack setup() finished in 2.87 sec
2019-12-20 00:54:10.293 1845 INFO rally.task.context [-] Task 06f98a6e-afe3-48de-880a-1947c5d5c107 | Context api_versions@openstack setup() finished in 0.40 sec
2019-12-20 00:54:11.230 1845 INFO rally.task.context [-] Task 06f98a6e-afe3-48de-880a-1947c5d5c107 | Context quotas@openstack setup() finished in 0.94 sec
2019-12-20 00:54:11.231 1845 INFO rally.task.context [-] Task 06f98a6e-afe3-48de-880a-1947c5d5c107 | Context cleanup@openstack setup() finished in 0.01 msec
2019-12-20 00:54:11.242 1845 RALLYDEBUG rally.task.runner [-] Starting the constant runner (task UUID: 06f98a6e-afe3-48de-880a-1947c5d5c107). times: 10 concurrency: 4 timeout: 0 max_cpu_used: 16 processes_to_start: 4 concurrency_per_worker: 1 concurrency_overhead: 0
2019-12-20 00:54:11.252 4173 RALLYDEBUG rally.task.runner [-] Starting a worker. times: 10 duration: None concurrency: 1 timeout: 0 cls: method_name: run args: {"size": {"max": 1, "min": 1}}
2019-12-20 00:54:11.257 4174 RALLYDEBUG rally.task.runner [-] Starting a worker. times: 10 duration: None concurrency: 1 timeout: 0 cls: method_name: run args: {"size": {"max": 1, "min": 1}}
2019-12-20 00:54:11.259 4173 INFO rally.task.runner [-] Task 06f98a6e-afe3-48de-880a-1947c5d5c107 | ITER: 1 START
2019-12-20 00:54:11.260 4175 RALLYDEBUG rally.task.runner [-] Starting a worker. times: 10 duration: None concurrency: 1 timeout: 0 cls: method_name: run args: {"size": {"max": 1, "min": 1}}
2019-12-20 00:54:11.263 4174 INFO rally.task.runner [-] Task 06f98a6e-afe3-48de-880a-1947c5d5c107 | ITER: 2 START
2019-12-20 00:54:11.265 4178 RALLYDEBUG rally.task.runner [-] Starting a worker. times: 10 duration: None concurrency: 1 timeout: 0 cls: method_name: run args: {"size": {"max": 1, "min": 1}}
2019-12-20 00:54:11.267 4175 INFO rally.task.runner [-] Task 06f98a6e-afe3-48de-880a-1947c5d5c107 | ITER: 3 START
2019-12-20 00:54:11.271 4178 INFO rally.task.runner [-] Task 06f98a6e-afe3-48de-880a-1947c5d5c107 | ITER: 4 START
2019-12-20 00:54:14.186 4175 RALLYDEBUG rally.task.utils [-] Waiting for resource s_rally_7a36a024_dU4kp5Z3. Status changed: AVAILABLE => DELETING in 0.0631251335144043
2019-12-20 00:54:14.189 4178 RALLYDEBUG rally.task.utils [-] Waiting for resource s_rally_7a36a024_mJfYrv5z. Status changed: AVAILABLE => DELETING in 0.05370521545410156
2019-12-20 00:54:14.200 4173 RALLYDEBUG rally.task.utils [-] Waiting for resource s_rally_7a36a024_fixNsXGi. Status changed: AVAILABLE => DELETING in 0.05195331573486328
2019-12-20 00:54:14.219 4174 RALLYDEBUG rally.task.utils [-] Waiting for resource s_rally_7a36a024_mmItAtZw. Status changed: AVAILABLE => DELETING in 0.05596446990966797
2019-12-20 00:54:16.233 4175 INFO rally.task.runner [-] Task 06f98a6e-afe3-48de-880a-1947c5d5c107 | ITER: 3 END: OK
2019-12-20 00:54:16.237 4175 INFO rally.task.runner [-] Task 06f98a6e-afe3-48de-880a-1947c5d5c107 | ITER: 5 START
2019-12-20 00:54:16.240 4178 INFO rally.task.runner [-] Task 06f98a6e-afe3-48de-880a-1947c5d5c107 | ITER: 4 END: OK
2019-12-20 00:54:16.243 4173 INFO rally.task.runner [-] Task 06f98a6e-afe3-48de-880a-1947c5d5c107 | ITER: 1 END: OK
2019-12-20 00:54:16.245 4178 INFO rally.task.runner [-] Task 06f98a6e-afe3-48de-880a-1947c5d5c107 | ITER: 6 START
2019-12-20 00:54:16.247 4173 INFO rally.task.runner [-] Task 06f98a6e-afe3-48de-880a-1947c5d5c107 | ITER: 7 START
2019-12-20 00:54:16.264 4174 INFO rally.task.runner [-] Task 06f98a6e-afe3-48de-880a-1947c5d5c107 | ITER: 2 END: OK
2019-12-20 00:54:16.268 4174 INFO rally.task.runner [-] Task 06f98a6e-afe3-48de-880a-1947c5d5c107 | ITER: 8 START
2019-12-20 00:54:19.040 4174 RALLYDEBUG rally.task.utils [-] Waiting for resource s_rally_7a36a024_iCGPfWlr. Status changed: AVAILABLE => DELETING in 0.05751657485961914
2019-12-20 00:54:19.048 4178 RALLYDEBUG rally.task.utils [-] Waiting for resource s_rally_7a36a024_JeocoOJ6. Status changed: AVAILABLE => DELETING in 0.0603480339050293
2019-12-20 00:54:19.061 4173 RALLYDEBUG rally.task.utils [-] Waiting for resource s_rally_7a36a024_ebsZnLGa. Status changed: AVAILABLE => DELETING in 0.05603837966918945
2019-12-20 00:54:19.228 4175 RALLYDEBUG rally.task.utils [-] Waiting for resource s_rally_7a36a024_5mCtro1l. Status changed: AVAILABLE => DELETING in 0.05938577651977539
2019-12-20 00:54:21.087 4174 INFO rally.task.runner [-] Task 06f98a6e-afe3-48de-880a-1947c5d5c107 | ITER: 8 END: OK
2019-12-20 00:54:21.091 4174 INFO rally.task.runner [-] Task 06f98a6e-afe3-48de-880a-1947c5d5c107 | ITER: 9 START
2019-12-20 00:54:21.092 4178 INFO rally.task.runner [-] Task 06f98a6e-afe3-48de-880a-1947c5d5c107 | ITER: 6 END: OK
2019-12-20 00:54:21.096 4178 INFO rally.task.runner [-] Task 06f98a6e-afe3-48de-880a-1947c5d5c107 | ITER: 10 START
2019-12-20 00:54:21.103 4173 INFO rally.task.runner [-] Task 06f98a6e-afe3-48de-880a-1947c5d5c107 | ITER: 7 END: OK
2019-12-20 00:54:21.269 4175 INFO rally.task.runner [-] Task 06f98a6e-afe3-48de-880a-1947c5d5c107 | ITER: 5 END: OK
2019-12-20 00:54:24.041 4178 RALLYDEBUG rally.task.utils [-] Waiting for resource s_rally_7a36a024_l7PoGh9N. Status changed: AVAILABLE => DELETING in 0.05758237838745117
2019-12-20 00:54:24.050 4174 RALLYDEBUG rally.task.utils [-] Waiting for resource s_rally_7a36a024_1cPlLT1A. Status changed: AVAILABLE => DELETING in 0.05985879898071289
2019-12-20 00:54:26.084 4178 INFO rally.task.runner [-] Task 06f98a6e-afe3-48de-880a-1947c5d5c107 | ITER: 10 END: OK
2019-12-20 00:54:26.091 4174 INFO rally.task.runner [-] Task 06f98a6e-afe3-48de-880a-1947c5d5c107 | ITER: 9 END: OK
2019-12-20 00:54:26.117 1845 INFO rally.task.context [-] Task 06f98a6e-afe3-48de-880a-1947c5d5c107 | Context cleanup@openstack cleanup() started
2019-12-20 00:54:26.120 1845 RALLYDEBUG rally_openstack.cleanup.manager [-] Cleaning up cinder backups objects
2019-12-20 00:54:27.308 1845 RALLYDEBUG rally_openstack.cleanup.manager [-] Cleaning up cinder volume_snapshots objects
2019-12-20 00:54:28.452 1845 RALLYDEBUG rally_openstack.cleanup.manager [-] Cleaning up cinder transfers objects
2019-12-20 00:54:29.596 1845 RALLYDEBUG rally_openstack.cleanup.manager [-] Cleaning up cinder volumes objects
2019-12-20 00:54:30.814 1845 INFO rally.task.context [-] Task 06f98a6e-afe3-48de-880a-1947c5d5c107 | Context cleanup@openstack cleanup() finished in 4.70 sec
2019-12-20 00:54:30.815 1845 INFO rally.task.context [-] Task 06f98a6e-afe3-48de-880a-1947c5d5c107 | Context quotas@openstack cleanup() started
2019-12-20 00:54:31.015 1845 INFO rally.task.context [-] Task 06f98a6e-afe3-48de-880a-1947c5d5c107 | Context quotas@openstack cleanup() finished in 0.20 sec
2019-12-20 00:54:31.016 1845 INFO rally.task.context [-] Task 06f98a6e-afe3-48de-880a-1947c5d5c107 | Context api_versions@openstack cleanup() started
2019-12-20 00:54:31.016 1845 INFO rally.task.context [-] Task 06f98a6e-afe3-48de-880a-1947c5d5c107 | Context api_versions@openstack cleanup() finished in 0.38 msec
2019-12-20 00:54:31.016 1845 INFO rally.task.context [-] Task 06f98a6e-afe3-48de-880a-1947c5d5c107 | Context users@openstack cleanup() started
2019-12-20 00:54:35.507 1845 INFO rally.task.context [-] Task 06f98a6e-afe3-48de-880a-1947c5d5c107 | Context users@openstack cleanup() finished in 4.49 sec
2019-12-20 00:54:37.249 1845 INFO rally.task.engine [-] Load duration is: 14.826574
2019-12-20 00:54:37.250 1845 INFO rally.task.engine [-] Full runner duration is: 14.875104
2019-12-20 00:54:37.250 1845 INFO rally.task.engine [-] Full duration is: 28.488088
