2019-12-20 00:41:53.663 727 DEBUG glanceclient.common.http [-] Request returned failure status 404. _handle_response /usr/lib/python3.6/site-packages/glanceclient/common/http.py:125
2019-12-20 00:41:53.670 727 DEBUG glanceclient.common.http [-] Request returned failure status 404. _handle_response /usr/lib/python3.6/site-packages/glanceclient/common/http.py:125
2019-12-20 00:41:53.676 727 DEBUG glanceclient.common.http [-] Request returned failure status 404. _handle_response /usr/lib/python3.6/site-packages/glanceclient/common/http.py:125
2019-12-20 00:41:53.678 727 DEBUG glanceclient.common.http [-] Request returned failure status 404. _handle_response /usr/lib/python3.6/site-packages/glanceclient/common/http.py:125
2019-12-20 00:41:53.684 727 DEBUG glanceclient.common.http [-] Request returned failure status 404. _handle_response /usr/lib/python3.6/site-packages/glanceclient/common/http.py:125
2019-12-20 00:41:53.684 727 DEBUG glanceclient.common.http [-] Request returned failure status 404. _handle_response /usr/lib/python3.6/site-packages/glanceclient/common/http.py:125
2019-12-20 00:41:53.695 727 DEBUG glanceclient.common.http [-] Request returned failure status 404. _handle_response /usr/lib/python3.6/site-packages/glanceclient/common/http.py:125
2019-12-20 00:41:53.699 727 DEBUG glanceclient.common.http [-] Request returned failure status 404. _handle_response /usr/lib/python3.6/site-packages/glanceclient/common/http.py:125
2019-12-20 00:41:53.702 727 DEBUG glanceclient.common.http [-] Request returned failure status 404. _handle_response /usr/lib/python3.6/site-packages/glanceclient/common/http.py:125
2019-12-20 00:41:54.704 727 INFO rally.task.context [-] Task 87f71275-8948-4b6a-b126-ce5acb86d5c2 | Context cleanup@openstack cleanup() finished in 3.28 sec
2019-12-20 00:41:54.705 727 INFO rally.task.context [-] Task 87f71275-8948-4b6a-b126-ce5acb86d5c2 | Context users@openstack cleanup() started
2019-12-20 00:41:59.099 727 INFO rally.task.context [-] Task 87f71275-8948-4b6a-b126-ce5acb86d5c2 | Context users@openstack cleanup() finished in 4.39 sec
2019-12-20 00:41:59.271 727 INFO rally.task.engine [-] Load duration is: 8.920162
2019-12-20 00:41:59.271 727 INFO rally.task.engine [-] Full runner duration is: 9.65378
2019-12-20 00:41:59.272 727 INFO rally.task.engine [-] Full duration is: 19.956698
2019-12-20 00:41:59.797 727 INFO rally.task.engine [-] Task 87f71275-8948-4b6a-b126-ce5acb86d5c2 | Completed: Running task.
2019-12-20 00:42:01.311 1841 RALLYDEBUG rally.api [-] INFO logs from urllib3 and requests module are hide.
2019-12-20 00:42:01.311 1841 RALLYDEBUG rally.api [-] urllib3 insecure warnings are hidden.
2019-12-20 00:42:01.311 1841 RALLYDEBUG rally.api [-] ERROR log from boto module is hide.
2019-12-20 00:42:02.376 1842 RALLYDEBUG rally.api [-] INFO logs from urllib3 and requests module are hide.
2019-12-20 00:42:02.376 1842 RALLYDEBUG rally.api [-] urllib3 insecure warnings are hidden.
2019-12-20 00:42:02.377 1842 RALLYDEBUG rally.api [-] ERROR log from boto module is hide.
2019-12-20 00:42:03.619 1843 RALLYDEBUG rally.api [-] INFO logs from urllib3 and requests module are hide.
2019-12-20 00:42:03.619 1843 RALLYDEBUG rally.api [-] urllib3 insecure warnings are hidden.
2019-12-20 00:42:03.619 1843 RALLYDEBUG rally.api [-] ERROR log from boto module is hide.
2019-12-20 00:42:05.243 1843 INFO rally.api [-] Building 'json' report for the following task(s): '87f71275-8948-4b6a-b126-ce5acb86d5c2'.
2019-12-20 00:42:05.261 1843 INFO rally.api [-] The report has been successfully built.
2019-12-20 00:42:06.718 1845 RALLYDEBUG rally.api [-] INFO logs from urllib3 and requests module are hide.
2019-12-20 00:42:06.719 1845 RALLYDEBUG rally.api [-] urllib3 insecure warnings are hidden.
2019-12-20 00:42:06.719 1845 RALLYDEBUG rally.api [-] ERROR log from boto module is hide.
2019-12-20 00:42:08.759 1845 INFO rally.task.engine [-] Task 06f98a6e-afe3-48de-880a-1947c5d5c107 | Starting: Task validation.
2019-12-20 00:42:08.851 1845 INFO rally.task.engine [-] Task 06f98a6e-afe3-48de-880a-1947c5d5c107 | Starting: Task validation of syntax.
2019-12-20 00:42:09.230 1845 INFO rally.task.engine [-] Task 06f98a6e-afe3-48de-880a-1947c5d5c107 | Completed: Task validation of syntax.
2019-12-20 00:42:09.232 1845 INFO rally.task.engine [-] Task 06f98a6e-afe3-48de-880a-1947c5d5c107 | Starting: Task validation of required platforms.
2019-12-20 00:42:09.365 1845 INFO rally.task.engine [-] Task 06f98a6e-afe3-48de-880a-1947c5d5c107 | Completed: Task validation of required platforms.
2019-12-20 00:42:09.365 1845 INFO rally.task.engine [-] Task 06f98a6e-afe3-48de-880a-1947c5d5c107 | Starting: Task validation of semantic.
2019-12-20 00:42:09.365 1845 INFO rally.task.engine [-] Check health of the environment '8363868b-25da-4284-b3e4-5ec1a9f15510'.
2019-12-20 00:42:10.360 1845 INFO rally.task.engine [-] Platform existing@openstack (available: True): OK!
2019-12-20 00:42:10.380 1845 RALLYDEBUG rally_openstack.contexts.keystone.users [-] Creating 1 tenants using 20 threads
2019-12-20 00:42:11.221 1845 RALLYDEBUG rally_openstack.contexts.keystone.users [-] Creating 1 users using 20 threads
2019-12-20 00:42:12.628 1845 INFO rally.task.context [-] Task 06f98a6e-afe3-48de-880a-1947c5d5c107 | Context users@openstack setup() finished in 2.25 sec
2019-12-20 00:42:26.193 1845 INFO rally.task.context [-] Task 06f98a6e-afe3-48de-880a-1947c5d5c107 | Context users@openstack cleanup() started
2019-12-20 00:42:29.001 1845 INFO rally.task.context [-] Task 06f98a6e-afe3-48de-880a-1947c5d5c107 | Context users@openstack cleanup() finished in 2.81 sec
2019-12-20 00:42:29.002 1845 INFO rally.task.engine [-] Task 06f98a6e-afe3-48de-880a-1947c5d5c107 | Completed: Task validation of semantic.
2019-12-20 00:42:29.003 1845 INFO rally.task.engine [-] Task 06f98a6e-afe3-48de-880a-1947c5d5c107 | Completed: Task validation.
2019-12-20 00:42:29.003 1845 INFO rally.api [-] Task 06f98a6e-afe3-48de-880a-1947c5d5c107 input file is valid.
2019-12-20 00:42:29.004 1845 INFO rally.api [-] Run Task 06f98a6e-afe3-48de-880a-1947c5d5c107 against Deployment 8363868b-25da-4284-b3e4-5ec1a9f15510
2019-12-20 00:42:29.004 1845 INFO rally.task.engine [-] Task 06f98a6e-afe3-48de-880a-1947c5d5c107 | Starting: Running task.
2019-12-20 00:42:29.283 1845 INFO rally.task.engine [-] Running workload: position = 0 config = { "version": 2, "title": "A cropped version of a bigger task.", "description": "Auto-generated task from a single workload (uuid=586871e4-266e-49e8-bfd6-f62a4763fe79)", "subtasks": [ { "title": "CinderVolumes.create_and_attach_volume", "description": "Create a VM and attach a volume to it.", "scenario": { "CinderVolumes.create_and_attach_volume": { "flavor": { "name": "rally_full-flavor_aa5cb567-149c-4467-982a-9c05bad8048a" }, "image": { "name": "rally_full-img_aa5cb567-149c-4467-982a-9c05bad8048a" }, "size": 1, "nics": [ { "net-id": "ec715f9f-97db-49ca-b75c-c1382ea24986" } ] } }, "contexts": { "users": { "tenants": 3, "users_per_tenant": 2 }, "quotas": { "cinder": { "gigabytes": -1, "snapshots": -1, "volumes": -1 } }, "api_versions": { "cinder": { "version": 3, "service_type": "volumev3" } } }, "runner": { "constant": { "concurrency": 4, "times": 10 } }, "hooks": [], "sla": { "failure_rate": { "max": 0 } } } ] }
2019-12-20 00:42:29.316 1845 RALLYDEBUG rally_openstack.contexts.keystone.users [-] Creating 3 tenants using 20 threads
2019-12-20 00:42:30.264 1845 RALLYDEBUG rally_openstack.contexts.keystone.users [-] Creating 6 users using 20 threads
2019-12-20 00:42:31.773 1845 INFO rally.task.context [-] Task 06f98a6e-afe3-48de-880a-1947c5d5c107 | Context users@openstack setup() finished in 2.46 sec
2019-12-20 00:42:32.188 1845 INFO rally.task.context [-] Task 06f98a6e-afe3-48de-880a-1947c5d5c107 | Context api_versions@openstack setup() finished in 0.41 sec
2019-12-20 00:42:33.176 1845 INFO rally.task.context [-] Task 06f98a6e-afe3-48de-880a-1947c5d5c107 | Context quotas@openstack setup() finished in 0.99 sec
2019-12-20 00:42:33.177 1845 INFO rally.task.context [-] Task 06f98a6e-afe3-48de-880a-1947c5d5c107 | Context cleanup@openstack setup() finished in 0.04 msec
2019-12-20 00:42:34.084 1845 RALLYDEBUG rally.task.runner [-] Starting the constant runner (task UUID: 06f98a6e-afe3-48de-880a-1947c5d5c107). times: 10 concurrency: 4 timeout: 0 max_cpu_used: 16 processes_to_start: 4 concurrency_per_worker: 1 concurrency_overhead: 0
2019-12-20 00:42:34.098 1969 RALLYDEBUG rally.task.runner [-] Starting a worker. times: 10 duration: None concurrency: 1 timeout: 0 cls: method_name: run args: {"flavor": "8f24f274-2ec7-4ee9-81fe-eb3126b4566a", "image": "836ce450-ad34-4e7f-b690-ce378b347e82", "size": 1, "nics": [{"net-id": "ec715f9f-97db-49ca-b75c-c1382ea24986"}]}
2019-12-20 00:42:34.102 1970 RALLYDEBUG rally.task.runner [-] Starting a worker. times: 10 duration: None concurrency: 1 timeout: 0 cls: method_name: run args: {"flavor": "8f24f274-2ec7-4ee9-81fe-eb3126b4566a", "image": "836ce450-ad34-4e7f-b690-ce378b347e82", "size": 1, "nics": [{"net-id": "ec715f9f-97db-49ca-b75c-c1382ea24986"}]}
2019-12-20 00:42:34.105 1969 INFO rally.task.runner [-] Task 06f98a6e-afe3-48de-880a-1947c5d5c107 | ITER: 1 START
2019-12-20 00:42:34.105 1971 RALLYDEBUG rally.task.runner [-] Starting a worker. times: 10 duration: None concurrency: 1 timeout: 0 cls: method_name: run args: {"flavor": "8f24f274-2ec7-4ee9-81fe-eb3126b4566a", "image": "836ce450-ad34-4e7f-b690-ce378b347e82", "size": 1, "nics": [{"net-id": "ec715f9f-97db-49ca-b75c-c1382ea24986"}]}
2019-12-20 00:42:34.108 1970 INFO rally.task.runner [-] Task 06f98a6e-afe3-48de-880a-1947c5d5c107 | ITER: 2 START
2019-12-20 00:42:34.109 1973 RALLYDEBUG rally.task.runner [-] Starting a worker. times: 10 duration: None concurrency: 1 timeout: 0 cls: method_name: run args: {"flavor": "8f24f274-2ec7-4ee9-81fe-eb3126b4566a", "image": "836ce450-ad34-4e7f-b690-ce378b347e82", "size": 1, "nics": [{"net-id": "ec715f9f-97db-49ca-b75c-c1382ea24986"}]}
2019-12-20 00:42:34.112 1971 INFO rally.task.runner [-] Task 06f98a6e-afe3-48de-880a-1947c5d5c107 | ITER: 3 START
2019-12-20 00:42:34.115 1973 INFO rally.task.runner [-] Task 06f98a6e-afe3-48de-880a-1947c5d5c107 | ITER: 4 START
2019-12-20 00:42:40.956 1970 RALLYDEBUG rally.task.utils [-] Waiting for resource s_rally_586871e4_9KKJIrOq. Status changed: BUILD => ACTIVE in 4.534538507461548
2019-12-20 00:42:41.089 1973 RALLYDEBUG rally.task.utils [-] Waiting for resource s_rally_586871e4_3oJHbOz2. Status changed: BUILD => ACTIVE in 4.552066326141357
2019-12-20 00:42:43.164 1971 RALLYDEBUG rally.task.utils [-] Waiting for resource s_rally_586871e4_tD6Ujpoj. Status changed: BUILD => ACTIVE in 6.680145502090454
2019-12-20 00:42:43.381 1969 RALLYDEBUG rally.task.utils [-] Waiting for resource s_rally_586871e4_BVLwGu54. Status changed: BUILD => ACTIVE in 6.894442558288574
2019-12-20 00:42:43.971 1970 RALLYDEBUG rally.task.utils [-] Waiting for resource s_rally_586871e4_uYS3s52Z. Status changed: AVAILABLE => RESERVED in 0.3994605541229248
2019-12-20 00:42:44.138 1973 RALLYDEBUG rally.task.utils [-] Waiting for resource s_rally_586871e4_7uUVQz9s. Status changed: AVAILABLE => RESERVED in 0.4001317024230957
2019-12-20 00:42:46.364 1970 RALLYDEBUG rally.task.utils [-] Waiting for resource s_rally_586871e4_uYS3s52Z. Status changed: RESERVED => IN-USE in 2.393369674682617
2019-12-20 00:42:46.391 1969 RALLYDEBUG rally.task.utils [-] Waiting for resource s_rally_586871e4_7OltoCba. Status changed: AVAILABLE => RESERVED in 0.3929152488708496
2019-12-20 00:42:46.556 1973 RALLYDEBUG rally.task.utils [-] Waiting for resource s_rally_586871e4_7uUVQz9s. Status changed: RESERVED => IN-USE in 2.418355703353882
2019-12-20 00:42:46.588 1971 RALLYDEBUG rally.task.utils [-] Waiting for resource s_rally_586871e4_BNpMk1qP. Status changed: AVAILABLE => RESERVED in 0.6976749897003174
2019-12-20 00:42:47.214 1973 RALLYDEBUG rally.task.utils [-] Waiting for resource s_rally_586871e4_7uUVQz9s. Status changed: AVAILABLE => DETACHING in 0.4185009002685547
2019-12-20 00:42:47.334 1970 RALLYDEBUG rally.task.utils [-] Waiting for resource s_rally_586871e4_uYS3s52Z. Status changed: AVAILABLE => DELETING in 0.054161787033081055
2019-12-20 00:42:48.814 1969 RALLYDEBUG rally.task.utils [-] Waiting for resource s_rally_586871e4_7OltoCba. Status changed: RESERVED => IN-USE in 2.4231812953948975
2019-12-20 00:42:49.006 1971 RALLYDEBUG rally.task.utils [-] Waiting for resource s_rally_586871e4_BNpMk1qP. Status changed: RESERVED => IN-USE in 2.417433977127075
2019-12-20 00:42:49.380 1969 RALLYDEBUG rally.task.utils [-] Waiting for resource s_rally_586871e4_7OltoCba. Status changed: AVAILABLE => DETACHING in 0.40680956840515137
2019-12-20 00:42:49.561 1971 RALLYDEBUG rally.task.utils [-] Waiting for resource s_rally_586871e4_BNpMk1qP. Status changed: AVAILABLE => DETACHING in 0.40039944648742676
2019-12-20 00:42:49.617 1973 RALLYDEBUG rally.task.utils [-] Waiting for resource s_rally_586871e4_7uUVQz9s. Status changed: DETACHING => AVAILABLE in 2.4029879570007324
2019-12-20 00:42:49.730 1973 RALLYDEBUG rally.task.utils [-] Waiting for resource s_rally_586871e4_7uUVQz9s. Status changed: AVAILABLE => DELETING in 0.0585479736328125
2019-12-20 00:42:51.758 1970 INFO rally.task.runner [-] Task 06f98a6e-afe3-48de-880a-1947c5d5c107 | ITER: 2 END: OK
2019-12-20 00:42:51.763 1970 INFO rally.task.runner [-] Task 06f98a6e-afe3-48de-880a-1947c5d5c107 | ITER: 5 START
2019-12-20 00:42:51.975 1969 RALLYDEBUG rally.task.utils [-] Waiting for resource s_rally_586871e4_7OltoCba. Status changed: DETACHING => AVAILABLE in 2.5942437648773193
2019-12-20 00:42:51.987 1971 RALLYDEBUG rally.task.utils [-] Waiting for resource s_rally_586871e4_BNpMk1qP. Status changed: DETACHING => AVAILABLE in 2.4262919425964355
2019-12-20 00:42:52.079 1969 RALLYDEBUG rally.task.utils [-] Waiting for resource s_rally_586871e4_7OltoCba. Status changed: AVAILABLE => DELETING in 0.051862239837646484
2019-12-20 00:42:52.097 1971 RALLYDEBUG rally.task.utils [-] Waiting for resource s_rally_586871e4_BNpMk1qP. Status changed: AVAILABLE => DELETING in 0.0585474967956543
2019-12-20 00:42:54.394 1973 INFO rally.task.runner [-] Task 06f98a6e-afe3-48de-880a-1947c5d5c107 | ITER: 4 END: OK
2019-12-20 00:42:54.402 1973 INFO rally.task.runner [-] Task 06f98a6e-afe3-48de-880a-1947c5d5c107 | ITER: 6 START
2019-12-20 00:42:56.497 1971 INFO rally.task.runner [-] Task 06f98a6e-afe3-48de-880a-1947c5d5c107 | ITER: 3 END: OK
2019-12-20 00:42:56.505 1971 INFO rally.task.runner [-] Task 06f98a6e-afe3-48de-880a-1947c5d5c107 | ITER: 7 START
2019-12-20 00:42:56.576 1969 INFO rally.task.runner [-] Task 06f98a6e-afe3-48de-880a-1947c5d5c107 | ITER: 1 END: OK
2019-12-20 00:42:56.584 1969 INFO rally.task.runner [-] Task 06f98a6e-afe3-48de-880a-1947c5d5c107 | ITER: 8 START
2019-12-20 00:42:58.760 1970 RALLYDEBUG rally.task.utils [-] Waiting for resource s_rally_586871e4_rHFJiUrp. Status changed: BUILD => ACTIVE in 4.629562139511108
2019-12-20 00:43:01.264 1973 RALLYDEBUG rally.task.utils [-] Waiting for resource s_rally_586871e4_VAzKbA7n. Status changed: BUILD => ACTIVE in 4.481309652328491
2019-12-20 00:43:01.734 1970 RALLYDEBUG rally.task.utils [-] Waiting for resource s_rally_586871e4_tYzvFEOd. Status changed: AVAILABLE => RESERVED in 0.39836978912353516
2019-12-20 00:43:03.451 1971 RALLYDEBUG rally.task.utils [-] Waiting for resource s_rally_586871e4_cX3OOEiR. Status changed: BUILD => ACTIVE in 4.61633825302124
2019-12-20 00:43:04.142 1970 RALLYDEBUG rally.task.utils [-] Waiting for resource s_rally_586871e4_tYzvFEOd. Status changed: RESERVED => IN-USE in 2.407076120376587
2019-12-20 00:43:04.234 1973 RALLYDEBUG rally.task.utils [-] Waiting for resource s_rally_586871e4_rOt1Aq2T. Status changed: AVAILABLE => RESERVED in 0.40083909034729004
2019-12-20 00:43:05.014 1970 RALLYDEBUG rally.task.utils [-] Waiting for resource s_rally_586871e4_tYzvFEOd. Status changed: AVAILABLE => DETACHING in 0.4017009735107422
2019-12-20 00:43:05.701 1969 RALLYDEBUG rally.task.utils [-] Waiting for resource s_rally_586871e4_EfPVsrLq. Status changed: BUILD => ACTIVE in 6.98821759223938
2019-12-20 00:43:06.640 1973 RALLYDEBUG rally.task.utils [-] Waiting for resource s_rally_586871e4_rOt1Aq2T. Status changed: RESERVED => IN-USE in 2.4062466621398926
2019-12-20 00:43:06.735 1971 RALLYDEBUG rally.task.utils [-] Waiting for resource s_rally_586871e4_6BHem1Rp. Status changed: AVAILABLE => ATTACHING in 0.68827223777771
2019-12-20 00:43:07.226 1973 RALLYDEBUG rally.task.utils [-] Waiting for resource s_rally_586871e4_rOt1Aq2T. Status changed: AVAILABLE => DETACHING in 0.41278672218322754
2019-12-20 00:43:07.551 1970 RALLYDEBUG rally.task.utils [-] Waiting for resource s_rally_586871e4_tYzvFEOd. Status changed: DETACHING => AVAILABLE in 2.5363028049468994
2019-12-20 00:43:07.668 1970 RALLYDEBUG rally.task.utils [-] Waiting for resource s_rally_586871e4_tYzvFEOd. Status changed: AVAILABLE => DELETING in 0.05867147445678711
2019-12-20 00:43:08.782 1969 RALLYDEBUG rally.task.utils [-] Waiting for resource s_rally_586871e4_CGOr2YqS. Status changed: AVAILABLE => RESERVED in 0.41631221771240234
2019-12-20 00:43:09.152 1971 RALLYDEBUG rally.task.utils [-] Waiting for resource s_rally_586871e4_6BHem1Rp. Status changed: ATTACHING => IN-USE in 2.4168009757995605
2019-12-20 00:43:09.638 1973 RALLYDEBUG rally.task.utils [-] Waiting for resource s_rally_586871e4_rOt1Aq2T. Status changed: DETACHING => AVAILABLE in 2.412593364715576
2019-12-20 00:43:09.727 1971 RALLYDEBUG rally.task.utils [-] Waiting for resource s_rally_586871e4_6BHem1Rp. Status changed: AVAILABLE => DETACHING in 0.40583038330078125
2019-12-20 00:43:09.755 1973 RALLYDEBUG rally.task.utils [-] Waiting for resource s_rally_586871e4_rOt1Aq2T. Status changed: AVAILABLE => DELETING in 0.05646252632141113
2019-12-20 00:43:11.193 1969 RALLYDEBUG rally.task.utils [-] Waiting for resource s_rally_586871e4_CGOr2YqS. Status changed: RESERVED => IN-USE in 2.4116580486297607
2019-12-20 00:43:11.744 1969 RALLYDEBUG rally.task.utils [-] Waiting for resource s_rally_586871e4_CGOr2YqS. Status changed: AVAILABLE => DETACHING in 0.39874887466430664
2019-12-20 00:43:12.035 1970 INFO rally.task.runner [-] Task 06f98a6e-afe3-48de-880a-1947c5d5c107 | ITER: 5 END: OK
2019-12-20 00:43:12.039 1970 INFO rally.task.runner [-] Task 06f98a6e-afe3-48de-880a-1947c5d5c107 | ITER: 9 START
2019-12-20 00:43:12.153 1971 RALLYDEBUG rally.task.utils [-] Waiting for resource s_rally_586871e4_6BHem1Rp. Status changed: DETACHING => AVAILABLE in 2.4258859157562256
2019-12-20 00:43:12.268 1971 RALLYDEBUG rally.task.utils [-] Waiting for resource s_rally_586871e4_6BHem1Rp. Status changed: AVAILABLE => DELETING in 0.05723166465759277
2019-12-20 00:43:14.163 1969 RALLYDEBUG rally.task.utils [-] Waiting for resource s_rally_586871e4_CGOr2YqS. Status changed: DETACHING => AVAILABLE in 2.419128656387329
2019-12-20 00:43:14.275 1969 RALLYDEBUG rally.task.utils [-] Waiting for resource s_rally_586871e4_CGOr2YqS. Status changed: AVAILABLE => DELETING in 0.054526567459106445
2019-12-20 00:43:14.346 1973 INFO rally.task.runner [-] Task 06f98a6e-afe3-48de-880a-1947c5d5c107 | ITER: 6 END: OK
2019-12-20 00:43:14.350 1973 INFO rally.task.runner [-] Task 06f98a6e-afe3-48de-880a-1947c5d5c107 | ITER: 10 START
2019-12-20 00:43:16.651 1971 INFO rally.task.runner [-] Task 06f98a6e-afe3-48de-880a-1947c5d5c107 | ITER: 7 END: OK
2019-12-20 00:43:18.761 1969 INFO rally.task.runner [-] Task 06f98a6e-afe3-48de-880a-1947c5d5c107 | ITER: 8 END: OK
2019-12-20 00:43:19.460 1970 RALLYDEBUG rally.task.utils [-] Waiting for resource s_rally_586871e4_1WANZz3r. Status changed: BUILD => ACTIVE in 4.810231924057007
2019-12-20 00:43:21.471 1973 RALLYDEBUG rally.task.utils [-] Waiting for resource s_rally_586871e4_Pkfjwtv9. Status changed: BUILD => ACTIVE in 4.734475374221802
2019-12-20 00:43:22.529 1970 RALLYDEBUG rally.task.utils [-] Waiting for resource s_rally_586871e4_jzRobuTd. Status changed: AVAILABLE => RESERVED in 0.4060814380645752
2019-12-20 00:43:24.637 1973 RALLYDEBUG rally.task.utils [-] Waiting for resource s_rally_586871e4_TzXPyOYr. Status changed: AVAILABLE => RESERVED in 0.44642043113708496
2019-12-20 00:43:24.962 1970 RALLYDEBUG rally.task.utils [-] Waiting for resource s_rally_586871e4_jzRobuTd. Status changed: RESERVED => IN-USE in 2.4339210987091064
2019-12-20 00:43:25.556 1970 RALLYDEBUG rally.task.utils [-] Waiting for resource s_rally_586871e4_jzRobuTd. Status changed: AVAILABLE => DETACHING in 0.4219844341278076
2019-12-20 00:43:27.062 1973 RALLYDEBUG rally.task.utils [-] Waiting for resource s_rally_586871e4_TzXPyOYr. Status changed: RESERVED => IN-USE in 2.4243345260620117
2019-12-20 00:43:27.760 1973 RALLYDEBUG rally.task.utils [-] Waiting for resource s_rally_586871e4_TzXPyOYr. Status changed: AVAILABLE => DETACHING in 0.5056483745574951
2019-12-20 00:43:27.969 1970 RALLYDEBUG rally.task.utils [-] Waiting for resource s_rally_586871e4_jzRobuTd. Status changed: DETACHING => AVAILABLE in 2.4128799438476562
2019-12-20 00:43:28.107 1970 RALLYDEBUG rally.task.utils [-] Waiting for resource s_rally_586871e4_jzRobuTd. Status changed: AVAILABLE => DELETING in 0.06931209564208984
2019-12-20 00:43:30.212 1973 RALLYDEBUG rally.task.utils [-] Waiting for resource s_rally_586871e4_TzXPyOYr. Status changed: DETACHING => AVAILABLE in 2.4523766040802
2019-12-20 00:43:30.331 1973 RALLYDEBUG rally.task.utils [-] Waiting for resource s_rally_586871e4_TzXPyOYr. Status changed: AVAILABLE => DELETING in 0.06005668640136719
2019-12-20 00:43:32.615 1970 INFO rally.task.runner [-] Task 06f98a6e-afe3-48de-880a-1947c5d5c107 | ITER: 9 END: OK
2019-12-20 00:43:34.770 1973 INFO rally.task.runner [-] Task 06f98a6e-afe3-48de-880a-1947c5d5c107 | ITER: 10 END: OK
2019-12-20 00:43:34.805 1845 INFO rally.task.context [-] Task 06f98a6e-afe3-48de-880a-1947c5d5c107 | Context cleanup@openstack cleanup() started
2019-12-20 00:43:34.811 1845 RALLYDEBUG rally_openstack.cleanup.manager [-] Cleaning up nova servers objects
2019-12-20 00:43:36.502 1845 RALLYDEBUG rally_openstack.cleanup.manager [-] Cleaning up nova server_groups objects
2019-12-20 00:43:37.639 1845 RALLYDEBUG rally_openstack.cleanup.manager [-] Cleaning up nova keypairs objects
2019-12-20 00:43:39.935 1845 RALLYDEBUG rally_openstack.cleanup.manager [-] Cleaning up cinder backups objects
2019-12-20 00:43:41.137 1845 RALLYDEBUG rally_openstack.cleanup.manager [-] Cleaning up cinder volume_snapshots objects
2019-12-20 00:43:42.297 1845 RALLYDEBUG rally_openstack.cleanup.manager [-] Cleaning up cinder transfers objects
2019-12-20 00:43:43.453 1845 RALLYDEBUG rally_openstack.cleanup.manager [-] Cleaning up cinder volumes objects
2019-12-20 00:43:44.670 1845 INFO rally.task.context [-] Task 06f98a6e-afe3-48de-880a-1947c5d5c107 | Context cleanup@openstack cleanup() finished in 9.87 sec
2019-12-20 00:43:44.671 1845 INFO rally.task.context [-] Task 06f98a6e-afe3-48de-880a-1947c5d5c107 | Context quotas@openstack cleanup() started
2019-12-20 00:43:44.760 1845 INFO rally.task.context [-] Task 06f98a6e-afe3-48de-880a-1947c5d5c107 | Context quotas@openstack cleanup() finished in 89.19 msec
2019-12-20 00:43:44.761 1845 INFO rally.task.context [-] Task 06f98a6e-afe3-48de-880a-1947c5d5c107 | Context api_versions@openstack cleanup() started
2019-12-20 00:43:44.761 1845 INFO rally.task.context [-] Task 06f98a6e-afe3-48de-880a-1947c5d5c107 | Context api_versions@openstack cleanup() finished in 0.38 msec
2019-12-20 00:43:44.761 1845 INFO rally.task.context [-] Task 06f98a6e-afe3-48de-880a-1947c5d5c107 | Context users@openstack cleanup() started
2019-12-20 00:43:48.834 1845 INFO rally.task.context [-] Task 06f98a6e-afe3-48de-880a-1947c5d5c107 | Context users@openstack cleanup() finished in 4.07 sec
2019-12-20 00:43:49.748 1845 INFO rally.task.engine [-] Load duration is: 59.660342
2019-12-20 00:43:49.748 1845 INFO rally.task.engine [-] Full runner duration is: 60.721345
2019-12-20 00:43:49.749 1845 INFO rally.task.engine [-] Full duration is: 79.521418
2019-12-20 00:43:50.416 1845 INFO rally.task.engine [-] Running workload: position = 0 config = { "version": 2, "title": "A cropped version of a bigger task.", "description": "Auto-generated task from a single workload (uuid=e3bca853-8936-4491-9f04-b901335686a5)", "subtasks": [ { "title": "CinderVolumes.create_and_list_snapshots", "description": "Create and then list a volume-snapshot.", "scenario": { "CinderVolumes.create_and_list_snapshots": { "detailed": true, "force": false } }, "contexts": { "users": { "tenants": 3, "users_per_tenant": 2 }, "quotas": { "cinder": { "gigabytes": -1, "snapshots": -1, "volumes": -1 } }, "api_versions": { "cinder": { "version": 3, "service_type": "volumev3" } }, "volumes": { "size": 1, "volumes_per_tenant": 1 } }, "runner": { "constant": { "concurrency": 4, "times": 10 } }, "hooks": [], "sla": { "failure_rate": { "max": 0 } } } ] }
2019-12-20 00:43:50.441 1845 RALLYDEBUG rally_openstack.contexts.keystone.users [-] Creating 3 tenants using 20 threads
2019-12-20 00:43:51.458 1845 RALLYDEBUG rally_openstack.contexts.keystone.users [-] Creating 6 users using 20 threads
2019-12-20 00:43:52.982 1845 INFO rally.task.context [-] Task 06f98a6e-afe3-48de-880a-1947c5d5c107 | Context users@openstack setup() finished in 2.54 sec
2019-12-20 00:43:53.400 1845 INFO rally.task.context [-] Task 06f98a6e-afe3-48de-880a-1947c5d5c107 | Context api_versions@openstack setup() finished in 0.42 sec
2019-12-20 00:43:54.330 1845 INFO rally.task.context [-] Task 06f98a6e-afe3-48de-880a-1947c5d5c107 | Context quotas@openstack setup() finished in 0.93 sec
2019-12-20 00:44:02.967 1845 INFO rally.task.context [-] Task 06f98a6e-afe3-48de-880a-1947c5d5c107 | Context volumes@openstack setup() finished in 8.64 sec
2019-12-20 00:44:02.968 1845 INFO rally.task.context [-] Task 06f98a6e-afe3-48de-880a-1947c5d5c107 | Context cleanup@openstack setup() finished in 0.01 msec
2019-12-20 00:44:02.977 1845 RALLYDEBUG rally.task.runner [-] Starting the constant runner (task UUID: 06f98a6e-afe3-48de-880a-1947c5d5c107). times: 10 concurrency: 4 timeout: 0 max_cpu_used: 16 processes_to_start: 4 concurrency_per_worker: 1 concurrency_overhead: 0
2019-12-20 00:44:02.988 2213 RALLYDEBUG rally.task.runner [-] Starting a worker. times: 10 duration: None concurrency: 1 timeout: 0 cls: method_name: run args: {"detailed": true, "force": false}
2019-12-20 00:44:02.992 2214 RALLYDEBUG rally.task.runner [-] Starting a worker. times: 10 duration: None concurrency: 1 timeout: 0 cls: method_name: run args: {"detailed": true, "force": false}
2019-12-20 00:44:02.996 2213 INFO rally.task.runner [-] Task 06f98a6e-afe3-48de-880a-1947c5d5c107 | ITER: 1 START
2019-12-20 00:44:02.996 2215 RALLYDEBUG rally.task.runner [-] Starting a worker. times: 10 duration: None concurrency: 1 timeout: 0 cls: method_name: run args: {"detailed": true, "force": false}
2019-12-20 00:44:02.999 2214 INFO rally.task.runner [-] Task 06f98a6e-afe3-48de-880a-1947c5d5c107 | ITER: 2 START
2019-12-20 00:44:02.999 2217 RALLYDEBUG rally.task.runner [-] Starting a worker. times: 10 duration: None concurrency: 1 timeout: 0 cls: method_name: run args: {"detailed": true, "force": false}
2019-12-20 00:44:03.003 2215 INFO rally.task.runner [-] Task 06f98a6e-afe3-48de-880a-1947c5d5c107 | ITER: 3 START
2019-12-20 00:44:03.006 2217 INFO rally.task.runner [-] Task 06f98a6e-afe3-48de-880a-1947c5d5c107 | ITER: 4 START
2019-12-20 00:44:05.644 2215 INFO rally.task.runner [-] Task 06f98a6e-afe3-48de-880a-1947c5d5c107 | ITER: 3 END: OK
2019-12-20 00:44:05.649 2215 INFO rally.task.runner [-] Task 06f98a6e-afe3-48de-880a-1947c5d5c107 | ITER: 5 START
2019-12-20 00:44:05.715 2214 INFO rally.task.runner [-] Task 06f98a6e-afe3-48de-880a-1947c5d5c107 | ITER: 2 END: OK
2019-12-20 00:44:05.719 2214 INFO rally.task.runner [-] Task 06f98a6e-afe3-48de-880a-1947c5d5c107 | ITER: 6 START
2019-12-20 00:44:05.760 2213 INFO rally.task.runner [-] Task 06f98a6e-afe3-48de-880a-1947c5d5c107 | ITER: 1 END: OK
2019-12-20 00:44:05.764 2213 INFO rally.task.runner [-] Task 06f98a6e-afe3-48de-880a-1947c5d5c107 | ITER: 7 START
2019-12-20 00:44:05.905 2217 INFO rally.task.runner [-] Task 06f98a6e-afe3-48de-880a-1947c5d5c107 | ITER: 4 END: OK
2019-12-20 00:44:05.909 2217 INFO rally.task.runner [-] Task 06f98a6e-afe3-48de-880a-1947c5d5c107 | ITER: 8 START
2019-12-20 00:44:08.285 2215 INFO rally.task.runner [-] Task 06f98a6e-afe3-48de-880a-1947c5d5c107 | ITER: 5 END: OK
2019-12-20 00:44:08.289 2215 INFO rally.task.runner [-] Task 06f98a6e-afe3-48de-880a-1947c5d5c107 | ITER: 9 START
2019-12-20 00:44:08.328 2214 INFO rally.task.runner [-] Task 06f98a6e-afe3-48de-880a-1947c5d5c107 | ITER: 6 END: OK
2019-12-20 00:44:08.331 2214 INFO rally.task.runner [-] Task 06f98a6e-afe3-48de-880a-1947c5d5c107 | ITER: 10 START
2019-12-20 00:44:08.370 2213 INFO rally.task.runner [-] Task 06f98a6e-afe3-48de-880a-1947c5d5c107 | ITER: 7 END: OK
2019-12-20 00:44:08.612 2217 INFO rally.task.runner [-] Task 06f98a6e-afe3-48de-880a-1947c5d5c107 | ITER: 8 END: OK
2019-12-20 00:44:10.895 2215 INFO rally.task.runner [-] Task 06f98a6e-afe3-48de-880a-1947c5d5c107 | ITER: 9 END: OK
2019-12-20 00:44:10.955 2214 INFO rally.task.runner [-] Task 06f98a6e-afe3-48de-880a-1947c5d5c107 | ITER: 10 END: OK
2019-12-20 00:44:10.982 1845 INFO rally.task.context [-] Task 06f98a6e-afe3-48de-880a-1947c5d5c107 | Context cleanup@openstack cleanup() started
2019-12-20 00:44:10.986 1845 RALLYDEBUG rally_openstack.cleanup.manager [-] Cleaning up cinder backups objects
2019-12-20 00:44:12.164 1845 RALLYDEBUG rally_openstack.cleanup.manager [-] Cleaning up cinder volume_snapshots objects
2019-12-20 00:44:13.335 1845 RALLYDEBUG rally_openstack.cleanup.manager [-] Deleting cinder.volume_snapshots object s_rally_e3bca853_L0VVae49 (f67e9fd3-a257-4a95-b67b-576578be3eb9)
2019-12-20 00:44:13.344 1845 RALLYDEBUG rally_openstack.cleanup.manager [-] Deleting cinder.volume_snapshots object s_rally_e3bca853_YrkOWF3f (ec758261-18bb-4936-a9ae-d5b2a5748982)
2019-12-20 00:44:13.353 1845 RALLYDEBUG rally_openstack.cleanup.manager [-] Deleting cinder.volume_snapshots object s_rally_e3bca853_81JKf8BD (8e85c37c-e91a-4e65-a8fe-5c716a73b476)
2019-12-20 00:44:13.357 1845 RALLYDEBUG rally_openstack.cleanup.manager [-] Deleting cinder.volume_snapshots object s_rally_e3bca853_1EqqdpHf (5ca67841-284f-4618-8a5c-9521b0cc4446)
2019-12-20 00:44:13.366 1845 RALLYDEBUG rally_openstack.cleanup.manager [-] Deleting cinder.volume_snapshots object s_rally_e3bca853_xrlIzly1 (c4cfffbd-c5be-4c07-a6d0-2b4e8f0402e1)
2019-12-20 00:44:13.387 1845 RALLYDEBUG rally_openstack.cleanup.manager [-] Deleting cinder.volume_snapshots object s_rally_e3bca853_kMckwkkz (21005010-d4dc-44c7-ae69-e4d815e217a7)
2019-12-20 00:44:13.396 1845 RALLYDEBUG rally_openstack.cleanup.manager [-] Deleting cinder.volume_snapshots object s_rally_e3bca853_9ORxJELt (b1c637b9-692e-48dc-ad09-7ba9bbf909d7)
2019-12-20 00:44:13.406 1845 RALLYDEBUG rally_openstack.cleanup.manager [-] Deleting cinder.volume_snapshots object s_rally_e3bca853_wVxWBbpL (96de9c56-65ca-4757-8f18-5e3d36b05d7f)
2019-12-20 00:44:13.413 1845 RALLYDEBUG rally_openstack.cleanup.manager [-] Deleting cinder.volume_snapshots object s_rally_e3bca853_12voXaix (959be299-b35d-4e39-8136-38c89827304f)
2019-12-20 00:44:13.425 1845 RALLYDEBUG rally_openstack.cleanup.manager [-] Deleting cinder.volume_snapshots object s_rally_e3bca853_MJ60NEHm (5c7a161f-ad2d-4cc1-8de2-1fa98248875a)
2019-12-20 00:44:16.019 1845 RALLYDEBUG rally_openstack.cleanup.manager [-] Cleaning up cinder transfers objects
2019-12-20 00:44:17.185 1845 RALLYDEBUG rally_openstack.cleanup.manager [-] Cleaning up cinder volumes objects
2019-12-20 00:44:18.439 1845 INFO rally.task.context [-] Task 06f98a6e-afe3-48de-880a-1947c5d5c107 | Context cleanup@openstack cleanup() finished in 7.46 sec
2019-12-20 00:44:18.440 1845 INFO rally.task.context [-] Task 06f98a6e-afe3-48de-880a-1947c5d5c107 | Context volumes@openstack cleanup() started
2019-12-20 00:44:18.441 1845 RALLYDEBUG rally_openstack.cleanup.manager [-] Cleaning up cinder volumes objects
2019-12-20 00:44:19.668 1845 RALLYDEBUG rally_openstack.cleanup.manager [-] Deleting cinder.volumes object c_rally_e3bca853_6YNo5qze (2437bf38-a5dd-490e-9013-bc3fffe5dcc5)
2019-12-20 00:44:19.675 1845 RALLYDEBUG rally_openstack.cleanup.manager [-] Deleting cinder.volumes object c_rally_e3bca853_i9OatyCB (868a34e8-402c-4395-a3c9-f8e22dfd2f77)
2019-12-20 00:44:19.681 1845 RALLYDEBUG rally_openstack.cleanup.manager [-] Deleting cinder.volumes object c_rally_e3bca853_Xv7y13ye (2c599a7f-56ff-4305-b62d-6a19b6db8ef7)
2019-12-20 00:44:22.225 1845 INFO rally.task.context [-] Task 06f98a6e-afe3-48de-880a-1947c5d5c107 | Context volumes@openstack cleanup() finished in 3.78 sec
2019-12-20 00:44:22.225 1845 INFO rally.task.context [-] Task 06f98a6e-afe3-48de-880a-1947c5d5c107 | Context quotas@openstack cleanup() started
2019-12-20 00:44:22.304 1845 INFO rally.task.context [-] Task 06f98a6e-afe3-48de-880a-1947c5d5c107 | Context quotas@openstack cleanup() finished in 79.15 msec
2019-12-20 00:44:22.305 1845 INFO rally.task.context [-] Task 06f98a6e-afe3-48de-880a-1947c5d5c107 | Context api_versions@openstack cleanup() started
2019-12-20 00:44:22.305 1845 INFO rally.task.context [-] Task 06f98a6e-afe3-48de-880a-1947c5d5c107 | Context api_versions@openstack cleanup() finished in 0.35 msec
2019-12-20 00:44:22.306 1845 INFO rally.task.context [-] Task 06f98a6e-afe3-48de-880a-1947c5d5c107 | Context users@openstack cleanup() started
2019-12-20 00:44:26.757 1845 INFO rally.task.context [-] Task 06f98a6e-afe3-48de-880a-1947c5d5c107 | Context users@openstack cleanup() finished in 4.45 sec
2019-12-20 00:44:28.648 1845 INFO rally.task.engine [-] Load duration is: 7.95508
2019-12-20 00:44:28.648 1845 INFO rally.task.engine [-] Full runner duration is: 8.005919
2019-12-20 00:44:28.649 1845 INFO rally.task.engine [-] Full duration is: 36.31852
2019-12-20 00:44:28.986 1845 INFO rally.task.engine [-] Running workload: position = 0 config = { "version": 2, "title": "A cropped version of a bigger task.", "description": "Auto-generated task from a single workload (uuid=6a126a4f-c7df-4849-a6d0-781f88ab2537)", "subtasks": [ { "title": "CinderVolumes.create_and_list_volume", "description": "Create a volume and list all volumes.", "scenario": { "CinderVolumes.create_and_list_volume": { "detailed": true, "image": { "name": "rally_full-img_aa5cb567-149c-4467-982a-9c05bad8048a" }, "size": 1 } }, "contexts": { "users": { "tenants": 3, "users_per_tenant": 2 }, "quotas": { "cinder": { "gigabytes": -1, "snapshots": -1, "volumes": -1 } }, "api_versions": { "cinder": { "version": 3, "service_type": "volumev3" } } }, "runner": { "constant": { "concurrency": 4, "times": 10 } }, "hooks": [], "sla": { "failure_rate": { "max": 0 } } } ] }
2019-12-20 00:44:29.012 1845 RALLYDEBUG rally_openstack.contexts.keystone.users [-] Creating 3 tenants using 20 threads
2019-12-20 00:44:29.954 1845 RALLYDEBUG rally_openstack.contexts.keystone.users [-] Creating 6 users using 20 threads
2019-12-20 00:44:31.488 1845 INFO rally.task.context [-] Task 06f98a6e-afe3-48de-880a-1947c5d5c107 | Context users@openstack setup() finished in 2.48 sec
2019-12-20 00:44:31.885 1845 INFO rally.task.context [-] Task 06f98a6e-afe3-48de-880a-1947c5d5c107 | Context api_versions@openstack setup() finished in 0.40 sec
2019-12-20 00:44:32.730 1845 INFO rally.task.context [-] Task 06f98a6e-afe3-48de-880a-1947c5d5c107 | Context quotas@openstack setup() finished in 0.84 sec
2019-12-20 00:44:32.731 1845 INFO rally.task.context [-] Task 06f98a6e-afe3-48de-880a-1947c5d5c107 | Context cleanup@openstack setup() finished in 0.03 msec
2019-12-20 00:44:33.259 1845 RALLYDEBUG rally.task.runner [-] Starting the constant runner (task UUID: 06f98a6e-afe3-48de-880a-1947c5d5c107). times: 10 concurrency: 4 timeout: 0 max_cpu_used: 16 processes_to_start: 4 concurrency_per_worker: 1 concurrency_overhead: 0
2019-12-20 00:44:33.271 2417 RALLYDEBUG rally.task.runner [-] Starting a worker. times: 10 duration: None concurrency: 1 timeout: 0 cls: method_name: run args: {"detailed": true, "image": "836ce450-ad34-4e7f-b690-ce378b347e82", "size": 1}
2019-12-20 00:44:33.274 2418 RALLYDEBUG rally.task.runner [-] Starting a worker. times: 10 duration: None concurrency: 1 timeout: 0 cls: method_name: run args: {"detailed": true, "image": "836ce450-ad34-4e7f-b690-ce378b347e82", "size": 1}
2019-12-20 00:44:33.278 2417 INFO rally.task.runner [-] Task 06f98a6e-afe3-48de-880a-1947c5d5c107 | ITER: 1 START
2019-12-20 00:44:33.278 2419 RALLYDEBUG rally.task.runner [-] Starting a worker. times: 10 duration: None concurrency: 1 timeout: 0 cls: method_name: run args: {"detailed": true, "image": "836ce450-ad34-4e7f-b690-ce378b347e82", "size": 1}
2019-12-20 00:44:33.281 2418 INFO rally.task.runner [-] Task 06f98a6e-afe3-48de-880a-1947c5d5c107 | ITER: 2 START
2019-12-20 00:44:33.282 2421 RALLYDEBUG rally.task.runner [-] Starting a worker. times: 10 duration: None concurrency: 1 timeout: 0 cls: method_name: run args: {"detailed": true, "image": "836ce450-ad34-4e7f-b690-ce378b347e82", "size": 1}
2019-12-20 00:44:33.285 2419 INFO rally.task.runner [-] Task 06f98a6e-afe3-48de-880a-1947c5d5c107 | ITER: 3 START
2019-12-20 00:44:33.288 2421 INFO rally.task.runner [-] Task 06f98a6e-afe3-48de-880a-1947c5d5c107 | ITER: 4 START
2019-12-20 00:44:59.250 2418 RALLYDEBUG rally.task.utils [-] Waiting for resource s_rally_6a126a4f_njRx0fbo. Status changed: DOWNLOADING => AVAILABLE in 22.890064477920532
2019-12-20 00:44:59.306 2418 INFO rally.task.runner [-] Task 06f98a6e-afe3-48de-880a-1947c5d5c107 | ITER: 2 END: OK
2019-12-20 00:44:59.311 2418 INFO rally.task.runner [-] Task 06f98a6e-afe3-48de-880a-1947c5d5c107 | ITER: 5 START
2019-12-20 00:45:15.128 2418 RALLYDEBUG rally.task.utils [-] Waiting for resource s_rally_6a126a4f_b4KG3ROz. Status changed: DOWNLOADING => AVAILABLE in 12.568740844726562
2019-12-20 00:45:15.188 2418 INFO rally.task.runner [-] Task 06f98a6e-afe3-48de-880a-1947c5d5c107 | ITER: 5 END: OK
2019-12-20 00:45:15.193 2418 INFO rally.task.runner [-] Task 06f98a6e-afe3-48de-880a-1947c5d5c107 | ITER: 6 START
2019-12-20 00:45:30.884 2418 RALLYDEBUG rally.task.utils [-] Waiting for resource s_rally_6a126a4f_GbWmPgr8. Status changed: DOWNLOADING => AVAILABLE in 12.599545240402222
2019-12-20 00:45:30.945 2418 INFO rally.task.runner [-] Task 06f98a6e-afe3-48de-880a-1947c5d5c107 | ITER: 6 END: OK
2019-12-20 00:45:30.950 2418 INFO rally.task.runner [-] Task 06f98a6e-afe3-48de-880a-1947c5d5c107 | ITER: 7 START
2019-12-20 00:45:46.597 2418 RALLYDEBUG rally.task.utils [-] Waiting for resource s_rally_6a126a4f_KOGvPs5O. Status changed: DOWNLOADING => AVAILABLE in 12.565039873123169
2019-12-20 00:45:46.656 2418 INFO rally.task.runner [-] Task 06f98a6e-afe3-48de-880a-1947c5d5c107 | ITER: 7 END: OK
2019-12-20 00:45:46.661 2418 INFO rally.task.runner [-] Task 06f98a6e-afe3-48de-880a-1947c5d5c107 | ITER: 8 START
2019-12-20 00:45:46.899 2419 RALLYDEBUG rally.task.utils [-] Waiting for resource s_rally_6a126a4f_I8UZi889. Status changed: DOWNLOADING => AVAILABLE in 70.50560402870178
2019-12-20 00:45:46.958 2419 INFO rally.task.runner [-] Task 06f98a6e-afe3-48de-880a-1947c5d5c107 | ITER: 3 END: OK
2019-12-20 00:45:46.963 2419 INFO rally.task.runner [-] Task 06f98a6e-afe3-48de-880a-1947c5d5c107 | ITER: 9 START
2019-12-20 00:45:47.051 2421 RALLYDEBUG rally.task.utils [-] Waiting for resource s_rally_6a126a4f_qe8jZYau. Status changed: DOWNLOADING => AVAILABLE in 70.69600057601929
2019-12-20 00:45:47.116 2421 INFO rally.task.runner [-] Task 06f98a6e-afe3-48de-880a-1947c5d5c107 | ITER: 4 END: OK
2019-12-20 00:45:47.123 2421 INFO rally.task.runner [-] Task 06f98a6e-afe3-48de-880a-1947c5d5c107 | ITER: 10 START
2019-12-20 00:45:48.949 2417 RALLYDEBUG rally.task.utils [-] Waiting for resource s_rally_6a126a4f_uUdHBeMU. Status changed: DOWNLOADING => AVAILABLE in 72.54696416854858
2019-12-20 00:45:49.014 2417 INFO rally.task.runner [-] Task 06f98a6e-afe3-48de-880a-1947c5d5c107 | ITER: 1 END: OK
2019-12-20 00:46:10.282 2418 RALLYDEBUG rally.task.utils [-] Waiting for resource s_rally_6a126a4f_gSbejOw5. Status changed: DOWNLOADING => AVAILABLE in 20.883281469345093
2019-12-20 00:46:10.351 2418 INFO rally.task.runner [-] Task 06f98a6e-afe3-48de-880a-1947c5d5c107 | ITER: 8 END: OK
2019-12-20 00:46:41.812 2419 RALLYDEBUG rally.task.utils [-] Waiting for resource s_rally_6a126a4f_QIaMGKMx. Status changed: DOWNLOADING => AVAILABLE in 52.07666540145874
2019-12-20 00:46:41.876 2419 INFO rally.task.runner [-] Task 06f98a6e-afe3-48de-880a-1947c5d5c107 | ITER: 9 END: OK
2019-12-20 00:46:44.137 2421 RALLYDEBUG rally.task.utils [-] Waiting for resource s_rally_6a126a4f_jbwJBEQs. Status changed: DOWNLOADING => AVAILABLE in 54.016088247299194
2019-12-20 00:46:44.197 2421 INFO rally.task.runner [-] Task 06f98a6e-afe3-48de-880a-1947c5d5c107 | ITER: 10 END: OK
2019-12-20 00:46:44.231 1845 INFO rally.task.context [-] Task 06f98a6e-afe3-48de-880a-1947c5d5c107 | Context cleanup@openstack cleanup() started
2019-12-20 00:46:44.235 1845 RALLYDEBUG rally_openstack.cleanup.manager [-] Cleaning up cinder backups objects
2019-12-20 00:46:45.466 1845 RALLYDEBUG rally_openstack.cleanup.manager [-] Cleaning up cinder volume_snapshots objects
2019-12-20 00:46:46.654 1845 RALLYDEBUG rally_openstack.cleanup.manager [-] Cleaning up cinder transfers objects
2019-12-20 00:46:47.815 1845 RALLYDEBUG rally_openstack.cleanup.manager [-] Cleaning up cinder volumes objects
2019-12-20 00:46:49.081 1845 RALLYDEBUG rally_openstack.cleanup.manager [-] Deleting cinder.volumes object s_rally_6a126a4f_QIaMGKMx (aa378ae3-b005-46d8-a9d0-bc64fe87d8f7)
2019-12-20 00:46:49.084 1845 RALLYDEBUG rally_openstack.cleanup.manager [-] Deleting cinder.volumes object s_rally_6a126a4f_gSbejOw5 (d9b007c2-ed3a-4d9d-b2a3-ffb48b6583f6)
2019-12-20 00:46:49.099 1845 RALLYDEBUG rally_openstack.cleanup.manager [-] Deleting cinder.volumes object s_rally_6a126a4f_GbWmPgr8 (88d6c77e-e1ed-47a4-b53b-a9f3c899e43c)
2019-12-20 00:46:49.107 1845 RALLYDEBUG rally_openstack.cleanup.manager [-] Deleting cinder.volumes object s_rally_6a126a4f_b4KG3ROz (0c6bca88-b5ac-4200-83ec-405b177ae9dc)
2019-12-20 00:46:49.114 1845 RALLYDEBUG rally_openstack.cleanup.manager [-] Deleting cinder.volumes object s_rally_6a126a4f_njRx0fbo (f021994e-35ca-4eb5-acd6-2084171873da)
2019-12-20 00:46:49.118 1845 RALLYDEBUG rally_openstack.cleanup.manager [-] Deleting cinder.volumes object s_rally_6a126a4f_uUdHBeMU (51d928da-fc4e-419e-b901-8de15da62b73)
2019-12-20 00:46:49.136 1845 RALLYDEBUG rally_openstack.cleanup.manager [-] Deleting cinder.volumes object s_rally_6a126a4f_jbwJBEQs (d04bbce1-92b7-42c7-a37c-bf4fca406ca4)
2019-12-20 00:46:49.152 1845 RALLYDEBUG rally_openstack.cleanup.manager [-] Deleting cinder.volumes object s_rally_6a126a4f_KOGvPs5O (8f63694d-683a-49c3-b3a1-0648325440fb)
2019-12-20 00:46:49.177 1845 RALLYDEBUG rally_openstack.cleanup.manager [-] Deleting cinder.volumes object s_rally_6a126a4f_I8UZi889 (c38f1253-bbd8-4ef7-8c56-1e69279a25b1)
2019-12-20 00:46:49.198 1845 RALLYDEBUG rally_openstack.cleanup.manager [-] Deleting cinder.volumes object s_rally_6a126a4f_qe8jZYau (459f773a-92b3-4c67-8811-04448ece0dd1)
2019-12-20 00:46:52.867 1845 INFO rally.task.context [-] Task 06f98a6e-afe3-48de-880a-1947c5d5c107 | Context cleanup@openstack cleanup() finished in 8.64 sec
2019-12-20 00:46:52.867 1845 INFO rally.task.context [-] Task 06f98a6e-afe3-48de-880a-1947c5d5c107 | Context quotas@openstack cleanup() started
2019-12-20 00:46:52.953 1845 INFO rally.task.context [-] Task 06f98a6e-afe3-48de-880a-1947c5d5c107 | Context quotas@openstack cleanup() finished in 86.14 msec
2019-12-20 00:46:52.954 1845 INFO rally.task.context [-] Task 06f98a6e-afe3-48de-880a-1947c5d5c107 | Context api_versions@openstack cleanup() started
2019-12-20 00:46:52.954 1845 INFO rally.task.context [-] Task 06f98a6e-afe3-48de-880a-1947c5d5c107 | Context api_versions@openstack cleanup() finished in 0.39 msec
2019-12-20 00:46:52.955 1845 INFO rally.task.context [-] Task 06f98a6e-afe3-48de-880a-1947c5d5c107 | Context users@openstack cleanup() started
2019-12-20 00:46:57.464 1845 INFO rally.task.context [-] Task 06f98a6e-afe3-48de-880a-1947c5d5c107 | Context users@openstack cleanup() finished in 4.51 sec
2019-12-20 00:46:57.639 1845 INFO rally.task.engine [-] Load duration is: 130.914765
2019-12-20 00:46:57.639 1845 INFO rally.task.engine [-] Full runner duration is: 130.97237
2019-12-20 00:46:57.640 1845 INFO rally.task.engine [-] Full duration is: 148.455226
2019-12-20 00:46:57.877 1845 INFO rally.task.engine [-] Running workload: position = 1 config = { "version": 2, "title": "A cropped version of a bigger task.", "description": "Auto-generated task from a single workload (uuid=d88e5f83-23cf-4bb1-9d38-ebab1681a8a7)", "subtasks": [ { "title": "CinderVolumes.create_and_list_volume", "description": "Create a volume and list all volumes.", "scenario": { "CinderVolumes.create_and_list_volume": { "detailed": true, "size": 1 } }, "contexts": { "users": { "tenants": 3, "users_per_tenant": 2 }, "quotas": { "cinder": { "gigabytes": -1, "snapshots": -1, "volumes": -1 } }, "api_versions": { "cinder": { "version": 3, "service_type": "volumev3" } } }, "runner": { "constant": { "concurrency": 4, "times": 10 } }, "hooks": [], "sla": { "failure_rate": { "max": 0 } } } ] }
2019-12-20 00:46:57.902 1845 RALLYDEBUG rally_openstack.contexts.keystone.users [-] Creating 3 tenants using 20 threads
2019-12-20 00:46:59.055 1845 RALLYDEBUG rally_openstack.contexts.keystone.users [-] Creating 6 users using 20 threads
2019-12-20 00:47:00.615 1845 INFO rally.task.context [-] Task 06f98a6e-afe3-48de-880a-1947c5d5c107 | Context users@openstack setup() finished in 2.71 sec
2019-12-20 00:47:01.019 1845 INFO rally.task.context [-] Task 06f98a6e-afe3-48de-880a-1947c5d5c107 | Context api_versions@openstack setup() finished in 0.40 sec
2019-12-20 00:47:01.897 1845 INFO rally.task.context [-] Task 06f98a6e-afe3-48de-880a-1947c5d5c107 | Context quotas@openstack setup() finished in 0.88 sec
2019-12-20 00:47:01.897 1845 INFO rally.task.context [-] Task 06f98a6e-afe3-48de-880a-1947c5d5c107 | Context cleanup@openstack setup() finished in 0.02 msec
2019-12-20 00:47:01.907 1845 RALLYDEBUG rally.task.runner [-] Starting the constant runner (task UUID: 06f98a6e-afe3-48de-880a-1947c5d5c107). times: 10 concurrency: 4 timeout: 0 max_cpu_used: 16 processes_to_start: 4 concurrency_per_worker: 1 concurrency_overhead: 0
2019-12-20 00:47:01.918 2601 RALLYDEBUG rally.task.runner [-] Starting a worker. times: 10 duration: None concurrency: 1 timeout: 0 cls: method_name: run args: {"detailed": true, "size": 1}
2019-12-20 00:47:01.922 2602 RALLYDEBUG rally.task.runner [-] Starting a worker. times: 10 duration: None concurrency: 1 timeout: 0 cls: method_name: run args: {"detailed": true, "size": 1}
2019-12-20 00:47:01.926 2601 INFO rally.task.runner [-] Task 06f98a6e-afe3-48de-880a-1947c5d5c107 | ITER: 1 START
2019-12-20 00:47:01.925 2603 RALLYDEBUG rally.task.runner [-] Starting a worker. times: 10 duration: None concurrency: 1 timeout: 0 cls: method_name: run args: {"detailed": true, "size": 1}
2019-12-20 00:47:01.928 2602 INFO rally.task.runner [-] Task 06f98a6e-afe3-48de-880a-1947c5d5c107 | ITER: 2 START
2019-12-20 00:47:01.929 2604 RALLYDEBUG rally.task.runner [-] Starting a worker. times: 10 duration: None concurrency: 1 timeout: 0 cls: method_name: run args: {"detailed": true, "size": 1}
2019-12-20 00:47:01.932 2603 INFO rally.task.runner [-] Task 06f98a6e-afe3-48de-880a-1947c5d5c107 | ITER: 3 START
2019-12-20 00:47:01.936 2604 INFO rally.task.runner [-] Task 06f98a6e-afe3-48de-880a-1947c5d5c107 | ITER: 4 START
2019-12-20 00:47:04.769 2601 INFO rally.task.runner [-] Task 06f98a6e-afe3-48de-880a-1947c5d5c107 | ITER: 1 END: OK
2019-12-20 00:47:04.771 2603 INFO rally.task.runner [-] Task 06f98a6e-afe3-48de-880a-1947c5d5c107 | ITER: 3 END: OK
2019-12-20 00:47:04.771 2602 INFO rally.task.runner [-] Task 06f98a6e-afe3-48de-880a-1947c5d5c107 | ITER: 2 END: OK
2019-12-20 00:47:04.774 2601 INFO rally.task.runner [-] Task 06f98a6e-afe3-48de-880a-1947c5d5c107 | ITER: 5 START
2019-12-20 00:47:04.776 2602 INFO rally.task.runner [-] Task 06f98a6e-afe3-48de-880a-1947c5d5c107 | ITER: 7 START
2019-12-20 00:47:04.776 2603 INFO rally.task.runner [-] Task 06f98a6e-afe3-48de-880a-1947c5d5c107 | ITER: 6 START
2019-12-20 00:47:04.787 2604 INFO rally.task.runner [-] Task 06f98a6e-afe3-48de-880a-1947c5d5c107 | ITER: 4 END: OK
2019-12-20 00:47:04.792 2604 INFO rally.task.runner [-] Task 06f98a6e-afe3-48de-880a-1947c5d5c107 | ITER: 8 START
2019-12-20 00:47:07.564 2604 INFO rally.task.runner [-] Task 06f98a6e-afe3-48de-880a-1947c5d5c107 | ITER: 8 END: OK
2019-12-20 00:47:07.567 2604 INFO rally.task.runner [-] Task 06f98a6e-afe3-48de-880a-1947c5d5c107 | ITER: 9 START
2019-12-20 00:47:07.572 2602 INFO rally.task.runner [-] Task 06f98a6e-afe3-48de-880a-1947c5d5c107 | ITER: 7 END: OK
2019-12-20 00:47:07.578 2602 INFO rally.task.runner [-] Task 06f98a6e-afe3-48de-880a-1947c5d5c107 | ITER: 10 START
2019-12-20 00:47:07.599 2601 INFO rally.task.runner [-] Task 06f98a6e-afe3-48de-880a-1947c5d5c107 | ITER: 5 END: OK
2019-12-20 00:47:07.636 2603 INFO rally.task.runner [-] Task 06f98a6e-afe3-48de-880a-1947c5d5c107 | ITER: 6 END: OK
2019-12-20 00:47:10.365 2602 INFO rally.task.runner [-] Task 06f98a6e-afe3-48de-880a-1947c5d5c107 | ITER: 10 END: OK
2019-12-20 00:47:10.400 2604 INFO rally.task.runner [-] Task 06f98a6e-afe3-48de-880a-1947c5d5c107 | ITER: 9 END: OK
2019-12-20 00:47:10.427 1845 INFO rally.task.context [-] Task 06f98a6e-afe3-48de-880a-1947c5d5c107 | Context cleanup@openstack cleanup() started
2019-12-20 00:47:10.431 1845 RALLYDEBUG rally_openstack.cleanup.manager [-] Cleaning up cinder backups objects
