2019-12-20 00:36:40.464 8 RALLYDEBUG rally.api [-] INFO logs from urllib3 and requests module are hide.
2019-12-20 00:36:40.464 8 RALLYDEBUG rally.api [-] urllib3 insecure warnings are hidden.
2019-12-20 00:36:40.465 8 RALLYDEBUG rally.api [-] ERROR log from boto module is hide.
2019-12-20 00:36:42.364 8 ERROR rally.cli.cliutils [-] Unexpected exception in CLI: rally.exceptions.DBRecordNotFound: Record for uuid or name is opnfv-rally not found in table envs
2019-12-20 00:36:42.364 8 ERROR rally.cli.cliutils
Traceback (most recent call last):
2019-12-20 00:36:42.364 8 ERROR rally.cli.cliutils
File "/usr/lib/python3.6/site-packages/rally/cli/cliutils.py", line 674, in run
2019-12-20 00:36:42.364 8 ERROR rally.cli.cliutils ret = fn(*fn_args, **fn_kwargs)
2019-12-20 00:36:42.364 8 ERROR rally.cli.cliutils File "", line 2, in destroy
2019-12-20 00:36:42.364 8 ERROR rally.cli.cliutils
File "/usr/lib/python3.6/site-packages/rally/cli/envutils.py", line 68, in default_from_global
2019-12-20 00:36:42.364 8 ERROR rally.cli.cliutils return f(*args, **kwargs)
2019-12-20 00:36:42.364 8 ERROR rally.cli.cliutils File "", line 2, in destroy
2019-12-20 00:36:42.364 8 ERROR rally.cli.cliutils
File "/usr/lib/python3.6/site-packages/rally/plugins/__init__.py", line 51, in ensure_plugins_are_loaded
2019-12-20 00:36:42.364 8 ERROR rally.cli.cliutils return f(*args, **kwargs)
2019-12-20 00:36:42.364 8 ERROR rally.cli.cliutils
File "/usr/lib/python3.6/site-packages/rally/cli/commands/deployment.py", line 157, in destroy
2019-12-20 00:36:42.364 8 ERROR rally.cli.cliutils api.deployment.destroy(deployment=deployment)
2019-12-20 00:36:42.364 8 ERROR rally.cli.cliutils
File "/usr/lib/python3.6/site-packages/rally/api.py", line 115, in destroy
2019-12-20 00:36:42.364 8 ERROR rally.cli.cliutils deploy = objects.Deployment.get(deployment)
2019-12-20 00:36:42.364 8 ERROR rally.cli.cliutils
File "/usr/lib/python3.6/site-packages/rally/common/objects/deploy.py", line 124, in get
2019-12-20 00:36:42.364 8 ERROR rally.cli.cliutils return Deployment(env_mgr.EnvManager.get(deploy))
2019-12-20 00:36:42.364 8 ERROR rally.cli.cliutils
File "/usr/lib/python3.6/site-packages/rally/env/env_mgr.py", line 212, in get
2019-12-20 00:36:42.364 8 ERROR rally.cli.cliutils return cls(db.env_get(uuid_or_name))
2019-12-20 00:36:42.364 8 ERROR rally.cli.cliutils
File "/usr/lib/python3.6/site-packages/rally/common/db/api.py", line 135, in wrapper
2019-12-20 00:36:42.364 8 ERROR rally.cli.cliutils result = f(session, *args, **kwargs)
2019-12-20 00:36:42.364 8 ERROR rally.cli.cliutils
File "/usr/lib/python3.6/site-packages/rally/common/db/api.py", line 521, in env_get
2019-12-20 00:36:42.364 8 ERROR rally.cli.cliutils criteria="uuid or name is %s" % uuid_or_name, table="envs")
2019-12-20 00:36:42.364 8 ERROR rally.cli.cliutils rally.exceptions.DBRecordNotFound: Record for uuid or name is opnfv-rally not found in table envs
2019-12-20 00:36:42.364 8 ERROR rally.cli.cliutils
2019-12-20 00:36:43.619 10 RALLYDEBUG rally.api [-] INFO logs from urllib3 and requests module are hide.
2019-12-20 00:36:43.619 10 RALLYDEBUG rally.api [-] urllib3 insecure warnings are hidden.
2019-12-20 00:36:43.619 10 RALLYDEBUG rally.api [-] ERROR log from boto module is hide.
2019-12-20 00:36:47.035 12 RALLYDEBUG rally.api [-] INFO logs from urllib3 and requests module are hide.
2019-12-20 00:36:47.035 12 RALLYDEBUG rally.api [-] urllib3 insecure warnings are hidden.
2019-12-20 00:36:47.035 12 RALLYDEBUG rally.api [-] ERROR log from boto module is hide.
2019-12-20 00:36:51.254 15 RALLYDEBUG rally.api [-] INFO logs from urllib3 and requests module are hide.
2019-12-20 00:36:51.254 15 RALLYDEBUG rally.api [-] urllib3 insecure warnings are hidden.
2019-12-20 00:36:51.254 15 RALLYDEBUG rally.api [-] ERROR log from boto module is hide.
2019-12-20 00:36:52.683 17 RALLYDEBUG rally.api [-] INFO logs from urllib3 and requests module are hide.
2019-12-20 00:36:52.683 17 RALLYDEBUG rally.api [-] urllib3 insecure warnings are hidden.
2019-12-20 00:36:52.683 17 RALLYDEBUG rally.api [-] ERROR log from boto module is hide.
2019-12-20 00:36:54.520 17 INFO rally.task.engine [-] Task eb7c55ef-929b-46ee-8da7-9b7d177f9e19 | Starting: Task validation.
2019-12-20 00:36:54.564 17 INFO rally.task.engine [-] Task eb7c55ef-929b-46ee-8da7-9b7d177f9e19 | Starting: Task validation of syntax.
2019-12-20 00:36:54.645 17 INFO rally.task.engine [-] Task eb7c55ef-929b-46ee-8da7-9b7d177f9e19 | Completed: Task validation of syntax.
2019-12-20 00:36:54.646 17 INFO rally.task.engine [-] Task eb7c55ef-929b-46ee-8da7-9b7d177f9e19 | Starting: Task validation of required platforms.
2019-12-20 00:36:54.687 17 INFO rally.task.engine [-] Task eb7c55ef-929b-46ee-8da7-9b7d177f9e19 | Completed: Task validation of required platforms.
2019-12-20 00:36:54.687 17 INFO rally.task.engine [-] Task eb7c55ef-929b-46ee-8da7-9b7d177f9e19 | Starting: Task validation of semantic.
2019-12-20 00:36:54.688 17 INFO rally.task.engine [-] Check health of the environment '8363868b-25da-4284-b3e4-5ec1a9f15510'.
2019-12-20 00:36:55.626 17 INFO rally.task.engine [-] Platform existing@openstack (available: True): OK!
2019-12-20 00:36:55.660 17 RALLYDEBUG rally_openstack.contexts.keystone.users [-] Creating 1 tenants using 20 threads
2019-12-20 00:36:56.516 17 RALLYDEBUG rally_openstack.contexts.keystone.users [-] Creating 1 users using 20 threads
2019-12-20 00:36:57.892 17 INFO rally.task.context [-] Task eb7c55ef-929b-46ee-8da7-9b7d177f9e19 | Context users@openstack setup() finished in 2.23 sec
2019-12-20 00:36:57.952 17 INFO rally.task.context [-] Task eb7c55ef-929b-46ee-8da7-9b7d177f9e19 | Context users@openstack cleanup() started
2019-12-20 00:37:00.996 17 INFO rally.task.context [-] Task eb7c55ef-929b-46ee-8da7-9b7d177f9e19 | Context users@openstack cleanup() finished in 3.04 sec
2019-12-20 00:37:00.996 17 INFO rally.task.engine [-] Task eb7c55ef-929b-46ee-8da7-9b7d177f9e19 | Completed: Task validation of semantic.
2019-12-20 00:37:00.997 17 INFO rally.task.engine [-] Task eb7c55ef-929b-46ee-8da7-9b7d177f9e19 | Completed: Task validation.
2019-12-20 00:37:00.997 17 INFO rally.api [-] Task eb7c55ef-929b-46ee-8da7-9b7d177f9e19 input file is valid.
2019-12-20 00:37:00.998 17 INFO rally.api [-] Run Task eb7c55ef-929b-46ee-8da7-9b7d177f9e19 against Deployment 8363868b-25da-4284-b3e4-5ec1a9f15510
2019-12-20 00:37:00.998 17 INFO rally.task.engine [-] Task eb7c55ef-929b-46ee-8da7-9b7d177f9e19 | Starting: Running task.
2019-12-20 00:37:01.330 17 INFO rally.task.engine [-] Running workload: position = 0 config = { "version": 2, "title": "A cropped version of a bigger task.", "description": "Auto-generated task from a single workload (uuid=af7985b2-4283-4c3c-8895-bb1126806805)", "subtasks": [ { "title": "Authenticate.keystone", "description": "Check Keystone Client.", "scenario": { "Authenticate.keystone": {} }, "contexts": { "users": { "tenants": 3, "users_per_tenant": 2 } }, "runner": { "constant": { "concurrency": 4, "times": 10 } }, "hooks": [], "sla": { "failure_rate": { "max": 0 } } } ] }
2019-12-20 00:37:01.353 17 RALLYDEBUG rally_openstack.contexts.keystone.users [-] Creating 3 tenants using 20 threads
2019-12-20 00:37:02.302 17 RALLYDEBUG rally_openstack.contexts.keystone.users [-] Creating 6 users using 20 threads
2019-12-20 00:37:03.853 17 INFO rally.task.context [-] Task eb7c55ef-929b-46ee-8da7-9b7d177f9e19 | Context users@openstack setup() finished in 2.50 sec
2019-12-20 00:37:03.860 17 RALLYDEBUG rally.task.runner [-] Starting the constant runner (task UUID: eb7c55ef-929b-46ee-8da7-9b7d177f9e19). times: 10 concurrency: 4 timeout: 0 max_cpu_used: 16 processes_to_start: 4 concurrency_per_worker: 1 concurrency_overhead: 0
2019-12-20 00:37:03.871 141 RALLYDEBUG rally.task.runner [-] Starting a worker. times: 10 duration: None concurrency: 1 timeout: 0 cls: method_name: run args: {}
2019-12-20 00:37:03.873 142 RALLYDEBUG rally.task.runner [-] Starting a worker. times: 10 duration: None concurrency: 1 timeout: 0 cls: method_name: run args: {}
2019-12-20 00:37:03.875 143 RALLYDEBUG rally.task.runner [-] Starting a worker. times: 10 duration: None concurrency: 1 timeout: 0 cls: method_name: run args: {}
2019-12-20 00:37:03.877 141 INFO rally.task.runner [-] Task eb7c55ef-929b-46ee-8da7-9b7d177f9e19 | ITER: 1 START
2019-12-20 00:37:03.878 144 RALLYDEBUG rally.task.runner [-] Starting a worker. times: 10 duration: None concurrency: 1 timeout: 0 cls: method_name: run args: {}
2019-12-20 00:37:03.881 142 INFO rally.task.runner [-] Task eb7c55ef-929b-46ee-8da7-9b7d177f9e19 | ITER: 2 START
2019-12-20 00:37:03.882 143 INFO rally.task.runner [-] Task eb7c55ef-929b-46ee-8da7-9b7d177f9e19 | ITER: 3 START
2019-12-20 00:37:03.884 144 INFO rally.task.runner [-] Task eb7c55ef-929b-46ee-8da7-9b7d177f9e19 | ITER: 4 START
2019-12-20 00:37:04.594 142 INFO rally.task.runner [-] Task eb7c55ef-929b-46ee-8da7-9b7d177f9e19 | ITER: 2 END: OK
2019-12-20 00:37:04.598 142 INFO rally.task.runner [-] Task eb7c55ef-929b-46ee-8da7-9b7d177f9e19 | ITER: 5 START
2019-12-20 00:37:04.608 141 INFO rally.task.runner [-] Task eb7c55ef-929b-46ee-8da7-9b7d177f9e19 | ITER: 1 END: OK
2019-12-20 00:37:04.612 141 INFO rally.task.runner [-] Task eb7c55ef-929b-46ee-8da7-9b7d177f9e19 | ITER: 6 START
2019-12-20 00:37:04.661 143 INFO rally.task.runner [-] Task eb7c55ef-929b-46ee-8da7-9b7d177f9e19 | ITER: 3 END: OK
2019-12-20 00:37:04.666 143 INFO rally.task.runner [-] Task eb7c55ef-929b-46ee-8da7-9b7d177f9e19 | ITER: 7 START
2019-12-20 00:37:04.685 144 INFO rally.task.runner [-] Task eb7c55ef-929b-46ee-8da7-9b7d177f9e19 | ITER: 4 END: OK
2019-12-20 00:37:04.688 144 INFO rally.task.runner [-] Task eb7c55ef-929b-46ee-8da7-9b7d177f9e19 | ITER: 8 START
2019-12-20 00:37:05.216 142 INFO rally.task.runner [-] Task eb7c55ef-929b-46ee-8da7-9b7d177f9e19 | ITER: 5 END: OK
2019-12-20 00:37:05.219 142 INFO rally.task.runner [-] Task eb7c55ef-929b-46ee-8da7-9b7d177f9e19 | ITER: 9 START
2019-12-20 00:37:05.236 141 INFO rally.task.runner [-] Task eb7c55ef-929b-46ee-8da7-9b7d177f9e19 | ITER: 6 END: OK
2019-12-20 00:37:05.238 141 INFO rally.task.runner [-] Task eb7c55ef-929b-46ee-8da7-9b7d177f9e19 | ITER: 10 START
2019-12-20 00:37:05.395 143 INFO rally.task.runner [-] Task eb7c55ef-929b-46ee-8da7-9b7d177f9e19 | ITER: 7 END: OK
2019-12-20 00:37:05.413 144 INFO rally.task.runner [-] Task eb7c55ef-929b-46ee-8da7-9b7d177f9e19 | ITER: 8 END: OK
2019-12-20 00:37:05.860 141 INFO rally.task.runner [-] Task eb7c55ef-929b-46ee-8da7-9b7d177f9e19 | ITER: 10 END: OK
2019-12-20 00:37:05.939 142 INFO rally.task.runner [-] Task eb7c55ef-929b-46ee-8da7-9b7d177f9e19 | ITER: 9 END: OK
2019-12-20 00:37:05.963 17 INFO rally.task.context [-] Task eb7c55ef-929b-46ee-8da7-9b7d177f9e19 | Context users@openstack cleanup() started
2019-12-20 00:37:10.532 17 INFO rally.task.context [-] Task eb7c55ef-929b-46ee-8da7-9b7d177f9e19 | Context users@openstack cleanup() finished in 4.57 sec
2019-12-20 00:37:11.427 17 INFO rally.task.engine [-] Load duration is: 2.059763
2019-12-20 00:37:11.428 17 INFO rally.task.engine [-] Full runner duration is: 2.103869
2019-12-20 00:37:11.428 17 INFO rally.task.engine [-] Full duration is: 9.180046
2019-12-20 00:37:11.732 17 INFO rally.task.engine [-] Running workload: position = 0 config = { "version": 2, "title": "A cropped version of a bigger task.", "description": "Auto-generated task from a single workload (uuid=44385c7b-e584-4c40-8f69-a21ab0878081)", "subtasks": [ { "title": "Authenticate.validate_cinder", "description": "Check Cinder Client to ensure validation of token.", "scenario": { "Authenticate.validate_cinder": { "repetitions": 2 } }, "contexts": { "users": { "tenants": 3, "users_per_tenant": 2 } }, "runner": { "constant": { "concurrency": 4, "times": 10 } }, "hooks": [], "sla": { "failure_rate": { "max": 0 } } } ] }
2019-12-20 00:37:11.755 17 RALLYDEBUG rally_openstack.contexts.keystone.users [-] Creating 3 tenants using 20 threads
2019-12-20 00:37:12.889 17 RALLYDEBUG rally_openstack.contexts.keystone.users [-] Creating 6 users using 20 threads
2019-12-20 00:37:14.405 17 INFO rally.task.context [-] Task eb7c55ef-929b-46ee-8da7-9b7d177f9e19 | Context users@openstack setup() finished in 2.65 sec
2019-12-20 00:37:14.413 17 RALLYDEBUG rally.task.runner [-] Starting the constant runner (task UUID: eb7c55ef-929b-46ee-8da7-9b7d177f9e19). times: 10 concurrency: 4 timeout: 0 max_cpu_used: 16 processes_to_start: 4 concurrency_per_worker: 1 concurrency_overhead: 0
2019-12-20 00:37:14.425 245 RALLYDEBUG rally.task.runner [-] Starting a worker. times: 10 duration: None concurrency: 1 timeout: 0 cls: method_name: run args: {"repetitions": 2}
2019-12-20 00:37:14.428 246 RALLYDEBUG rally.task.runner [-] Starting a worker. times: 10 duration: None concurrency: 1 timeout: 0 cls: method_name: run args: {"repetitions": 2}
2019-12-20 00:37:14.432 245 INFO rally.task.runner [-] Task eb7c55ef-929b-46ee-8da7-9b7d177f9e19 | ITER: 1 START
2019-12-20 00:37:14.431 247 RALLYDEBUG rally.task.runner [-] Starting a worker. times: 10 duration: None concurrency: 1 timeout: 0 cls: method_name: run args: {"repetitions": 2}
2019-12-20 00:37:14.435 246 INFO rally.task.runner [-] Task eb7c55ef-929b-46ee-8da7-9b7d177f9e19 | ITER: 2 START
2019-12-20 00:37:14.435 248 RALLYDEBUG rally.task.runner [-] Starting a worker. times: 10 duration: None concurrency: 1 timeout: 0 cls: method_name: run args: {"repetitions": 2}
2019-12-20 00:37:14.438 247 INFO rally.task.runner [-] Task eb7c55ef-929b-46ee-8da7-9b7d177f9e19 | ITER: 3 START
2019-12-20 00:37:14.441 248 INFO rally.task.runner [-] Task eb7c55ef-929b-46ee-8da7-9b7d177f9e19 | ITER: 4 START
2019-12-20 00:37:15.423 245 INFO rally.task.runner [-] Task eb7c55ef-929b-46ee-8da7-9b7d177f9e19 | ITER: 1 END: OK
2019-12-20 00:37:15.428 245 INFO rally.task.runner [-] Task eb7c55ef-929b-46ee-8da7-9b7d177f9e19 | ITER: 5 START
2019-12-20 00:37:15.451 248 INFO rally.task.runner [-] Task eb7c55ef-929b-46ee-8da7-9b7d177f9e19 | ITER: 4 END: OK
2019-12-20 00:37:15.454 247 INFO rally.task.runner [-] Task eb7c55ef-929b-46ee-8da7-9b7d177f9e19 | ITER: 3 END: OK
2019-12-20 00:37:15.455 248 INFO rally.task.runner [-] Task eb7c55ef-929b-46ee-8da7-9b7d177f9e19 | ITER: 6 START
2019-12-20 00:37:15.457 247 INFO rally.task.runner [-] Task eb7c55ef-929b-46ee-8da7-9b7d177f9e19 | ITER: 7 START
2019-12-20 00:37:15.462 246 INFO rally.task.runner [-] Task eb7c55ef-929b-46ee-8da7-9b7d177f9e19 | ITER: 2 END: OK
2019-12-20 00:37:15.467 246 INFO rally.task.runner [-] Task eb7c55ef-929b-46ee-8da7-9b7d177f9e19 | ITER: 8 START
2019-12-20 00:37:15.849 248 INFO rally.task.runner [-] Task eb7c55ef-929b-46ee-8da7-9b7d177f9e19 | ITER: 6 END: OK
2019-12-20 00:37:15.852 248 INFO rally.task.runner [-] Task eb7c55ef-929b-46ee-8da7-9b7d177f9e19 | ITER: 9 START
2019-12-20 00:37:15.907 247 INFO rally.task.runner [-] Task eb7c55ef-929b-46ee-8da7-9b7d177f9e19 | ITER: 7 END: OK
2019-12-20 00:37:15.911 247 INFO rally.task.runner [-] Task eb7c55ef-929b-46ee-8da7-9b7d177f9e19 | ITER: 10 START
2019-12-20 00:37:16.206 245 INFO rally.task.runner [-] Task eb7c55ef-929b-46ee-8da7-9b7d177f9e19 | ITER: 5 END: OK
2019-12-20 00:37:16.212 246 INFO rally.task.runner [-] Task eb7c55ef-929b-46ee-8da7-9b7d177f9e19 | ITER: 8 END: OK
2019-12-20 00:37:16.516 248 INFO rally.task.runner [-] Task eb7c55ef-929b-46ee-8da7-9b7d177f9e19 | ITER: 9 END: OK
2019-12-20 00:37:16.658 247 INFO rally.task.runner [-] Task eb7c55ef-929b-46ee-8da7-9b7d177f9e19 | ITER: 10 END: OK
2019-12-20 00:37:16.681 17 INFO rally.task.context [-] Task eb7c55ef-929b-46ee-8da7-9b7d177f9e19 | Context users@openstack cleanup() started
2019-12-20 00:37:21.164 17 INFO rally.task.context [-] Task eb7c55ef-929b-46ee-8da7-9b7d177f9e19 | Context users@openstack cleanup() finished in 4.48 sec
2019-12-20 00:37:21.862 17 INFO rally.task.engine [-] Load duration is: 2.224442
2019-12-20 00:37:21.862 17 INFO rally.task.engine [-] Full runner duration is: 2.267795
2019-12-20 00:37:21.863 17 INFO rally.task.engine [-] Full duration is: 9.409848
2019-12-20 00:37:22.332 17 INFO rally.task.engine [-] Running workload: position = 0 config = { "version": 2, "title": "A cropped version of a bigger task.", "description": "Auto-generated task from a single workload (uuid=b39dccd0-8c1b-4ced-be8c-9167b0a373e2)", "subtasks": [ { "title": "Authenticate.validate_glance", "description": "Check Glance Client to ensure validation of token.", "scenario": { "Authenticate.validate_glance": { "repetitions": 2 } }, "contexts": { "users": { "tenants": 3, "users_per_tenant": 2 } }, "runner": { "constant": { "concurrency": 4, "times": 10 } }, "hooks": [], "sla": { "failure_rate": { "max": 0 } } } ] }
2019-12-20 00:37:22.364 17 RALLYDEBUG rally_openstack.contexts.keystone.users [-] Creating 3 tenants using 20 threads
2019-12-20 00:37:23.421 17 RALLYDEBUG rally_openstack.contexts.keystone.users [-] Creating 6 users using 20 threads
2019-12-20 00:37:24.967 17 INFO rally.task.context [-] Task eb7c55ef-929b-46ee-8da7-9b7d177f9e19 | Context users@openstack setup() finished in 2.60 sec
2019-12-20 00:37:24.977 17 RALLYDEBUG rally.task.runner [-] Starting the constant runner (task UUID: eb7c55ef-929b-46ee-8da7-9b7d177f9e19). times: 10 concurrency: 4 timeout: 0 max_cpu_used: 16 processes_to_start: 4 concurrency_per_worker: 1 concurrency_overhead: 0
2019-12-20 00:37:24.988 349 RALLYDEBUG rally.task.runner [-] Starting a worker. times: 10 duration: None concurrency: 1 timeout: 0 cls: method_name: run args: {"repetitions": 2}
2019-12-20 00:37:24.992 350 RALLYDEBUG rally.task.runner [-] Starting a worker. times: 10 duration: None concurrency: 1 timeout: 0 cls: method_name: run args: {"repetitions": 2}
2019-12-20 00:37:24.995 349 INFO rally.task.runner [-] Task eb7c55ef-929b-46ee-8da7-9b7d177f9e19 | ITER: 1 START
2019-12-20 00:37:24.996 351 RALLYDEBUG rally.task.runner [-] Starting a worker. times: 10 duration: None concurrency: 1 timeout: 0 cls: method_name: run args: {"repetitions": 2}
2019-12-20 00:37:24.999 350 INFO rally.task.runner [-] Task eb7c55ef-929b-46ee-8da7-9b7d177f9e19 | ITER: 2 START
2019-12-20 00:37:24.999 354 RALLYDEBUG rally.task.runner [-] Starting a worker. times: 10 duration: None concurrency: 1 timeout: 0 cls: method_name: run args: {"repetitions": 2}
2019-12-20 00:37:25.003 351 INFO rally.task.runner [-] Task eb7c55ef-929b-46ee-8da7-9b7d177f9e19 | ITER: 3 START
2019-12-20 00:37:25.004 354 INFO rally.task.runner [-] Task eb7c55ef-929b-46ee-8da7-9b7d177f9e19 | ITER: 4 START
2019-12-20 00:37:25.679 354 INFO rally.task.runner [-] Task eb7c55ef-929b-46ee-8da7-9b7d177f9e19 | ITER: 4 END: OK
2019-12-20 00:37:25.680 350 INFO rally.task.runner [-] Task eb7c55ef-929b-46ee-8da7-9b7d177f9e19 | ITER: 2 END: OK
2019-12-20 00:37:25.683 354 INFO rally.task.runner [-] Task eb7c55ef-929b-46ee-8da7-9b7d177f9e19 | ITER: 5 START
2019-12-20 00:37:25.685 350 INFO rally.task.runner [-] Task eb7c55ef-929b-46ee-8da7-9b7d177f9e19 | ITER: 6 START
2019-12-20 00:37:25.687 351 INFO rally.task.runner [-] Task eb7c55ef-929b-46ee-8da7-9b7d177f9e19 | ITER: 3 END: OK
2019-12-20 00:37:25.691 351 INFO rally.task.runner [-] Task eb7c55ef-929b-46ee-8da7-9b7d177f9e19 | ITER: 7 START
2019-12-20 00:37:25.980 349 INFO rally.task.runner [-] Task eb7c55ef-929b-46ee-8da7-9b7d177f9e19 | ITER: 1 END: OK
2019-12-20 00:37:25.985 349 INFO rally.task.runner [-] Task eb7c55ef-929b-46ee-8da7-9b7d177f9e19 | ITER: 8 START
2019-12-20 00:37:26.186 351 INFO rally.task.runner [-] Task eb7c55ef-929b-46ee-8da7-9b7d177f9e19 | ITER: 7 END: OK
2019-12-20 00:37:26.192 351 INFO rally.task.runner [-] Task eb7c55ef-929b-46ee-8da7-9b7d177f9e19 | ITER: 9 START
2019-12-20 00:37:26.215 350 INFO rally.task.runner [-] Task eb7c55ef-929b-46ee-8da7-9b7d177f9e19 | ITER: 6 END: OK
2019-12-20 00:37:26.218 350 INFO rally.task.runner [-] Task eb7c55ef-929b-46ee-8da7-9b7d177f9e19 | ITER: 10 START
2019-12-20 00:37:26.233 354 INFO rally.task.runner [-] Task eb7c55ef-929b-46ee-8da7-9b7d177f9e19 | ITER: 5 END: OK
2019-12-20 00:37:26.471 349 INFO rally.task.runner [-] Task eb7c55ef-929b-46ee-8da7-9b7d177f9e19 | ITER: 8 END: OK
2019-12-20 00:37:26.609 351 INFO rally.task.runner [-] Task eb7c55ef-929b-46ee-8da7-9b7d177f9e19 | ITER: 9 END: OK
2019-12-20 00:37:26.641 350 INFO rally.task.runner [-] Task eb7c55ef-929b-46ee-8da7-9b7d177f9e19 | ITER: 10 END: OK
2019-12-20 00:37:26.670 17 INFO rally.task.context [-] Task eb7c55ef-929b-46ee-8da7-9b7d177f9e19 | Context users@openstack cleanup() started
2019-12-20 00:37:31.155 17 INFO rally.task.context [-] Task eb7c55ef-929b-46ee-8da7-9b7d177f9e19 | Context users@openstack cleanup() finished in 4.49 sec
2019-12-20 00:37:32.461 17 INFO rally.task.engine [-] Load duration is: 1.645453
2019-12-20 00:37:32.462 17 INFO rally.task.engine [-] Full runner duration is: 1.693923
2019-12-20 00:37:32.462 17 INFO rally.task.engine [-] Full duration is: 8.793182
2019-12-20 00:37:32.984 17 INFO rally.task.engine [-] Running workload: position = 0 config = { "version": 2, "title": "A cropped version of a bigger task.", "description": "Auto-generated task from a single workload (uuid=cee93240-bb88-4e95-b04d-7f378c41e36d)", "subtasks": [ { "title": "Authenticate.validate_heat", "description": "Check Heat Client to ensure validation of token.", "scenario": { "Authenticate.validate_heat": { "repetitions": 2 } }, "contexts": { "users": { "tenants": 3, "users_per_tenant": 2 } }, "runner": { "constant": { "concurrency": 4, "times": 10 } }, "hooks": [], "sla": { "failure_rate": { "max": 0 } } } ] }
2019-12-20 00:37:33.008 17 RALLYDEBUG rally_openstack.contexts.keystone.users [-] Creating 3 tenants using 20 threads
2019-12-20 00:37:34.047 17 RALLYDEBUG rally_openstack.contexts.keystone.users [-] Creating 6 users using 20 threads
2019-12-20 00:37:35.626 17 INFO rally.task.context [-] Task eb7c55ef-929b-46ee-8da7-9b7d177f9e19 | Context users@openstack setup() finished in 2.62 sec
2019-12-20 00:37:35.635 17 RALLYDEBUG rally.task.runner [-] Starting the constant runner (task UUID: eb7c55ef-929b-46ee-8da7-9b7d177f9e19). times: 10 concurrency: 4 timeout: 0 max_cpu_used: 16 processes_to_start: 4 concurrency_per_worker: 1 concurrency_overhead: 0
2019-12-20 00:37:35.646 453 RALLYDEBUG rally.task.runner [-] Starting a worker. times: 10 duration: None concurrency: 1 timeout: 0 cls: method_name: run args: {"repetitions": 2}
2019-12-20 00:37:35.650 454 RALLYDEBUG rally.task.runner [-] Starting a worker. times: 10 duration: None concurrency: 1 timeout: 0 cls: method_name: run args: {"repetitions": 2}
2019-12-20 00:37:35.653 453 INFO rally.task.runner [-] Task eb7c55ef-929b-46ee-8da7-9b7d177f9e19 | ITER: 1 START
2019-12-20 00:37:35.654 455 RALLYDEBUG rally.task.runner [-] Starting a worker. times: 10 duration: None concurrency: 1 timeout: 0 cls: method_name: run args: {"repetitions": 2}
2019-12-20 00:37:35.657 454 INFO rally.task.runner [-] Task eb7c55ef-929b-46ee-8da7-9b7d177f9e19 | ITER: 2 START
2019-12-20 00:37:35.657 457 RALLYDEBUG rally.task.runner [-] Starting a worker. times: 10 duration: None concurrency: 1 timeout: 0 cls: method_name: run args: {"repetitions": 2}
2019-12-20 00:37:35.660 455 INFO rally.task.runner [-] Task eb7c55ef-929b-46ee-8da7-9b7d177f9e19 | ITER: 3 START
2019-12-20 00:37:35.663 457 INFO rally.task.runner [-] Task eb7c55ef-929b-46ee-8da7-9b7d177f9e19 | ITER: 4 START
2019-12-20 00:37:36.586 457 INFO rally.task.runner [-] Task eb7c55ef-929b-46ee-8da7-9b7d177f9e19 | ITER: 4 END: OK
2019-12-20 00:37:36.590 457 INFO rally.task.runner [-] Task eb7c55ef-929b-46ee-8da7-9b7d177f9e19 | ITER: 5 START
2019-12-20 00:37:36.626 455 INFO rally.task.runner [-] Task eb7c55ef-929b-46ee-8da7-9b7d177f9e19 | ITER: 3 END: OK
2019-12-20 00:37:36.628 454 INFO rally.task.runner [-] Task eb7c55ef-929b-46ee-8da7-9b7d177f9e19 | ITER: 2 END: OK
2019-12-20 00:37:36.630 455 INFO rally.task.runner [-] Task eb7c55ef-929b-46ee-8da7-9b7d177f9e19 | ITER: 6 START
2019-12-20 00:37:36.633 453 INFO rally.task.runner [-] Task eb7c55ef-929b-46ee-8da7-9b7d177f9e19 | ITER: 1 END: OK
2019-12-20 00:37:36.633 454 INFO rally.task.runner [-] Task eb7c55ef-929b-46ee-8da7-9b7d177f9e19 | ITER: 7 START
2019-12-20 00:37:36.637 453 INFO rally.task.runner [-] Task eb7c55ef-929b-46ee-8da7-9b7d177f9e19 | ITER: 8 START
2019-12-20 00:37:37.085 455 INFO rally.task.runner [-] Task eb7c55ef-929b-46ee-8da7-9b7d177f9e19 | ITER: 6 END: OK
2019-12-20 00:37:37.088 455 INFO rally.task.runner [-] Task eb7c55ef-929b-46ee-8da7-9b7d177f9e19 | ITER: 9 START
2019-12-20 00:37:37.119 453 INFO rally.task.runner [-] Task eb7c55ef-929b-46ee-8da7-9b7d177f9e19 | ITER: 8 END: OK
2019-12-20 00:37:37.122 453 INFO rally.task.runner [-] Task eb7c55ef-929b-46ee-8da7-9b7d177f9e19 | ITER: 10 START
2019-12-20 00:37:37.165 457 INFO rally.task.runner [-] Task eb7c55ef-929b-46ee-8da7-9b7d177f9e19 | ITER: 5 END: OK
2019-12-20 00:37:37.450 454 INFO rally.task.runner [-] Task eb7c55ef-929b-46ee-8da7-9b7d177f9e19 | ITER: 7 END: OK
2019-12-20 00:37:37.493 455 INFO rally.task.runner [-] Task eb7c55ef-929b-46ee-8da7-9b7d177f9e19 | ITER: 9 END: OK
2019-12-20 00:37:37.498 453 INFO rally.task.runner [-] Task eb7c55ef-929b-46ee-8da7-9b7d177f9e19 | ITER: 10 END: OK
2019-12-20 00:37:37.525 17 INFO rally.task.context [-] Task eb7c55ef-929b-46ee-8da7-9b7d177f9e19 | Context users@openstack cleanup() started
2019-12-20 00:37:42.208 17 INFO rally.task.context [-] Task eb7c55ef-929b-46ee-8da7-9b7d177f9e19 | Context users@openstack cleanup() finished in 4.68 sec
2019-12-20 00:37:43.087 17 INFO rally.task.engine [-] Load duration is: 1.842344
2019-12-20 00:37:43.087 17 INFO rally.task.engine [-] Full runner duration is: 1.891327
2019-12-20 00:37:43.088 17 INFO rally.task.engine [-] Full duration is: 9.202497
2019-12-20 00:37:43.608 17 INFO rally.task.engine [-] Running workload: position = 0 config = { "version": 2, "title": "A cropped version of a bigger task.", "description": "Auto-generated task from a single workload (uuid=0e68002f-a650-418f-8b28-7bf66952c864)", "subtasks": [ { "title": "Authenticate.validate_neutron", "description": "Check Neutron Client to ensure validation of token.", "scenario": { "Authenticate.validate_neutron": { "repetitions": 2 } }, "contexts": { "users": { "tenants": 3, "users_per_tenant": 2 } }, "runner": { "constant": { "concurrency": 4, "times": 10 } }, "hooks": [], "sla": { "failure_rate": { "max": 0 } } } ] }
2019-12-20 00:37:43.631 17 RALLYDEBUG rally_openstack.contexts.keystone.users [-] Creating 3 tenants using 20 threads
2019-12-20 00:37:44.689 17 RALLYDEBUG rally_openstack.contexts.keystone.users [-] Creating 6 users using 20 threads
2019-12-20 00:37:46.207 17 INFO rally.task.context [-] Task eb7c55ef-929b-46ee-8da7-9b7d177f9e19 | Context users@openstack setup() finished in 2.58 sec
2019-12-20 00:37:46.216 17 RALLYDEBUG rally.task.runner [-] Starting the constant runner (task UUID: eb7c55ef-929b-46ee-8da7-9b7d177f9e19). times: 10 concurrency: 4 timeout: 0 max_cpu_used: 16 processes_to_start: 4 concurrency_per_worker: 1 concurrency_overhead: 0
2019-12-20 00:37:46.227 557 RALLYDEBUG rally.task.runner [-] Starting a worker. times: 10 duration: None concurrency: 1 timeout: 0 cls: method_name: run args: {"repetitions": 2}
2019-12-20 00:37:46.231 558 RALLYDEBUG rally.task.runner [-] Starting a worker. times: 10 duration: None concurrency: 1 timeout: 0 cls: method_name: run args: {"repetitions": 2}
2019-12-20 00:37:46.234 557 INFO rally.task.runner [-] Task eb7c55ef-929b-46ee-8da7-9b7d177f9e19 | ITER: 1 START
2019-12-20 00:37:46.234 559 RALLYDEBUG rally.task.runner [-] Starting a worker. times: 10 duration: None concurrency: 1 timeout: 0 cls: method_name: run args: {"repetitions": 2}
2019-12-20 00:37:46.238 558 INFO rally.task.runner [-] Task eb7c55ef-929b-46ee-8da7-9b7d177f9e19 | ITER: 2 START
2019-12-20 00:37:46.238 560 RALLYDEBUG rally.task.runner [-] Starting a worker. times: 10 duration: None concurrency: 1 timeout: 0 cls: method_name: run args: {"repetitions": 2}
2019-12-20 00:37:46.241 559 INFO rally.task.runner [-] Task eb7c55ef-929b-46ee-8da7-9b7d177f9e19 | ITER: 3 START
2019-12-20 00:37:46.244 560 INFO rally.task.runner [-] Task eb7c55ef-929b-46ee-8da7-9b7d177f9e19 | ITER: 4 START
2019-12-20 00:37:46.973 558 INFO rally.task.runner [-] Task eb7c55ef-929b-46ee-8da7-9b7d177f9e19 | ITER: 2 END: OK
2019-12-20 00:37:46.978 558 INFO rally.task.runner [-] Task eb7c55ef-929b-46ee-8da7-9b7d177f9e19 | ITER: 5 START
2019-12-20 00:37:47.017 559 INFO rally.task.runner [-] Task eb7c55ef-929b-46ee-8da7-9b7d177f9e19 | ITER: 3 END: OK
2019-12-20 00:37:47.022 559 INFO rally.task.runner [-] Task eb7c55ef-929b-46ee-8da7-9b7d177f9e19 | ITER: 6 START
2019-12-20 00:37:47.038 560 INFO rally.task.runner [-] Task eb7c55ef-929b-46ee-8da7-9b7d177f9e19 | ITER: 4 END: OK
2019-12-20 00:37:47.043 560 INFO rally.task.runner [-] Task eb7c55ef-929b-46ee-8da7-9b7d177f9e19 | ITER: 7 START
2019-12-20 00:37:47.199 557 INFO rally.task.runner [-] Task eb7c55ef-929b-46ee-8da7-9b7d177f9e19 | ITER: 1 END: OK
2019-12-20 00:37:47.204 557 INFO rally.task.runner [-] Task eb7c55ef-929b-46ee-8da7-9b7d177f9e19 | ITER: 8 START
2019-12-20 00:37:47.564 560 INFO rally.task.runner [-] Task eb7c55ef-929b-46ee-8da7-9b7d177f9e19 | ITER: 7 END: OK
2019-12-20 00:37:47.567 560 INFO rally.task.runner [-] Task eb7c55ef-929b-46ee-8da7-9b7d177f9e19 | ITER: 9 START
2019-12-20 00:37:47.576 558 INFO rally.task.runner [-] Task eb7c55ef-929b-46ee-8da7-9b7d177f9e19 | ITER: 5 END: OK
2019-12-20 00:37:47.580 558 INFO rally.task.runner [-] Task eb7c55ef-929b-46ee-8da7-9b7d177f9e19 | ITER: 10 START
2019-12-20 00:37:47.661 559 INFO rally.task.runner [-] Task eb7c55ef-929b-46ee-8da7-9b7d177f9e19 | ITER: 6 END: OK
2019-12-20 00:37:47.808 557 INFO rally.task.runner [-] Task eb7c55ef-929b-46ee-8da7-9b7d177f9e19 | ITER: 8 END: OK
2019-12-20 00:37:48.241 558 INFO rally.task.runner [-] Task eb7c55ef-929b-46ee-8da7-9b7d177f9e19 | ITER: 10 END: OK
2019-12-20 00:37:48.262 560 INFO rally.task.runner [-] Task eb7c55ef-929b-46ee-8da7-9b7d177f9e19 | ITER: 9 END: OK
2019-12-20 00:37:48.293 17 INFO rally.task.context [-] Task eb7c55ef-929b-46ee-8da7-9b7d177f9e19 | Context users@openstack cleanup() started
2019-12-20 00:37:52.609 17 INFO rally.task.context [-] Task eb7c55ef-929b-46ee-8da7-9b7d177f9e19 | Context users@openstack cleanup() finished in 4.32 sec
2019-12-20 00:37:53.723 17 INFO rally.task.engine [-] Load duration is: 2.026331
2019-12-20 00:37:53.723 17 INFO rally.task.engine [-] Full runner duration is: 2.077189
2019-12-20 00:37:53.724 17 INFO rally.task.engine [-] Full duration is: 8.979295
2019-12-20 00:37:54.206 17 INFO rally.task.engine [-] Running workload: position = 0 config = { "version": 2, "title": "A cropped version of a bigger task.", "description": "Auto-generated task from a single workload (uuid=345908ef-860b-4bf9-a365-9a478be092c0)", "subtasks": [ { "title": "Authenticate.validate_nova", "description": "Check Nova Client to ensure validation of token.", "scenario": { "Authenticate.validate_nova": { "repetitions": 2 } }, "contexts": { "users": { "tenants": 3, "users_per_tenant": 2 } }, "runner": { "constant": { "concurrency": 4, "times": 10 } }, "hooks": [], "sla": { "failure_rate": { "max": 0 } } } ] }
2019-12-20 00:37:54.229 17 RALLYDEBUG rally_openstack.contexts.keystone.users [-] Creating 3 tenants using 20 threads
2019-12-20 00:37:55.267 17 RALLYDEBUG rally_openstack.contexts.keystone.users [-] Creating 6 users using 20 threads
2019-12-20 00:37:56.788 17 INFO rally.task.context [-] Task eb7c55ef-929b-46ee-8da7-9b7d177f9e19 | Context users@openstack setup() finished in 2.56 sec
2019-12-20 00:37:56.797 17 RALLYDEBUG rally.task.runner [-] Starting the constant runner (task UUID: eb7c55ef-929b-46ee-8da7-9b7d177f9e19). times: 10 concurrency: 4 timeout: 0 max_cpu_used: 16 processes_to_start: 4 concurrency_per_worker: 1 concurrency_overhead: 0
2019-12-20 00:37:56.809 661 RALLYDEBUG rally.task.runner [-] Starting a worker. times: 10 duration: None concurrency: 1 timeout: 0 cls: method_name: run args: {"repetitions": 2}
2019-12-20 00:37:56.812 662 RALLYDEBUG rally.task.runner [-] Starting a worker. times: 10 duration: None concurrency: 1 timeout: 0 cls: method_name: run args: {"repetitions": 2}
2019-12-20 00:37:56.816 661 INFO rally.task.runner [-] Task eb7c55ef-929b-46ee-8da7-9b7d177f9e19 | ITER: 1 START
2019-12-20 00:37:56.816 663 RALLYDEBUG rally.task.runner [-] Starting a worker. times: 10 duration: None concurrency: 1 timeout: 0 cls: method_name: run args: {"repetitions": 2}
2019-12-20 00:37:56.819 662 INFO rally.task.runner [-] Task eb7c55ef-929b-46ee-8da7-9b7d177f9e19 | ITER: 2 START
2019-12-20 00:37:56.819 664 RALLYDEBUG rally.task.runner [-] Starting a worker. times: 10 duration: None concurrency: 1 timeout: 0 cls: method_name: run args: {"repetitions": 2}
2019-12-20 00:37:56.822 663 INFO rally.task.runner [-] Task eb7c55ef-929b-46ee-8da7-9b7d177f9e19 | ITER: 3 START
2019-12-20 00:37:56.826 664 INFO rally.task.runner [-] Task eb7c55ef-929b-46ee-8da7-9b7d177f9e19 | ITER: 4 START
2019-12-20 00:37:57.457 662 INFO rally.task.runner [-] Task eb7c55ef-929b-46ee-8da7-9b7d177f9e19 | ITER: 2 END: OK
2019-12-20 00:37:57.462 662 INFO rally.task.runner [-] Task eb7c55ef-929b-46ee-8da7-9b7d177f9e19 | ITER: 5 START
2019-12-20 00:37:57.475 661 INFO rally.task.runner [-] Task eb7c55ef-929b-46ee-8da7-9b7d177f9e19 | ITER: 1 END: OK
2019-12-20 00:37:57.480 661 INFO rally.task.runner [-] Task eb7c55ef-929b-46ee-8da7-9b7d177f9e19 | ITER: 6 START
2019-12-20 00:37:57.500 663 INFO rally.task.runner [-] Task eb7c55ef-929b-46ee-8da7-9b7d177f9e19 | ITER: 3 END: OK
2019-12-20 00:37:57.501 664 INFO rally.task.runner [-] Task eb7c55ef-929b-46ee-8da7-9b7d177f9e19 | ITER: 4 END: OK
2019-12-20 00:37:57.503 663 INFO rally.task.runner [-] Task eb7c55ef-929b-46ee-8da7-9b7d177f9e19 | ITER: 7 START
2019-12-20 00:37:57.505 664 INFO rally.task.runner [-] Task eb7c55ef-929b-46ee-8da7-9b7d177f9e19 | ITER: 8 START
2019-12-20 00:37:57.894 664 INFO rally.task.runner [-] Task eb7c55ef-929b-46ee-8da7-9b7d177f9e19 | ITER: 8 END: OK
2019-12-20 00:37:57.898 664 INFO rally.task.runner [-] Task eb7c55ef-929b-46ee-8da7-9b7d177f9e19 | ITER: 9 START
2019-12-20 00:37:57.969 661 INFO rally.task.runner [-] Task eb7c55ef-929b-46ee-8da7-9b7d177f9e19 | ITER: 6 END: OK
2019-12-20 00:37:57.972 661 INFO rally.task.runner [-] Task eb7c55ef-929b-46ee-8da7-9b7d177f9e19 | ITER: 10 START
2019-12-20 00:37:58.000 662 INFO rally.task.runner [-] Task eb7c55ef-929b-46ee-8da7-9b7d177f9e19 | ITER: 5 END: OK
2019-12-20 00:37:58.012 663 INFO rally.task.runner [-] Task eb7c55ef-929b-46ee-8da7-9b7d177f9e19 | ITER: 7 END: OK
2019-12-20 00:37:58.297 664 INFO rally.task.runner [-] Task eb7c55ef-929b-46ee-8da7-9b7d177f9e19 | ITER: 9 END: OK
2019-12-20 00:37:58.369 661 INFO rally.task.runner [-] Task eb7c55ef-929b-46ee-8da7-9b7d177f9e19 | ITER: 10 END: OK
2019-12-20 00:37:58.397 17 INFO rally.task.context [-] Task eb7c55ef-929b-46ee-8da7-9b7d177f9e19 | Context users@openstack cleanup() started
2019-12-20 00:38:02.951 17 INFO rally.task.context [-] Task eb7c55ef-929b-46ee-8da7-9b7d177f9e19 | Context users@openstack cleanup() finished in 4.55 sec
2019-12-20 00:38:04.308 17 INFO rally.task.engine [-] Load duration is: 1.551948
2019-12-20 00:38:04.308 17 INFO rally.task.engine [-] Full runner duration is: 1.600587
2019-12-20 00:38:04.309 17 INFO rally.task.engine [-] Full duration is: 8.724118
2019-12-20 00:38:04.770 17 INFO rally.task.engine [-] Task eb7c55ef-929b-46ee-8da7-9b7d177f9e19 | Completed: Running task.
2019-12-20 00:38:06.259 723 RALLYDEBUG rally.api [-] INFO logs from urllib3 and requests module are hide.
2019-12-20 00:38:06.259 723 RALLYDEBUG rally.api [-] urllib3 insecure warnings are hidden.
2019-12-20 00:38:06.259 723 RALLYDEBUG rally.api [-] ERROR log from boto module is hide.
2019-12-20 00:38:07.569 724 RALLYDEBUG rally.api [-] INFO logs from urllib3 and requests module are hide.
2019-12-20 00:38:07.569 724 RALLYDEBUG rally.api [-] urllib3 insecure warnings are hidden.
2019-12-20 00:38:07.569 724 RALLYDEBUG rally.api [-] ERROR log from boto module is hide.
2019-12-20 00:38:08.631 725 RALLYDEBUG rally.api [-] INFO logs from urllib3 and requests module are hide.
2019-12-20 00:38:08.631 725 RALLYDEBUG rally.api [-] urllib3 insecure warnings are hidden.
2019-12-20 00:38:08.631 725 RALLYDEBUG rally.api [-] ERROR log from boto module is hide.
2019-12-20 00:38:10.053 725 INFO rally.api [-] Building 'json' report for the following task(s): 'eb7c55ef-929b-46ee-8da7-9b7d177f9e19'.
2019-12-20 00:38:10.061 725 INFO rally.api [-] The report has been successfully built.
2019-12-20 00:38:11.402 727 RALLYDEBUG rally.api [-] INFO logs from urllib3 and requests module are hide.
2019-12-20 00:38:11.402 727 RALLYDEBUG rally.api [-] urllib3 insecure warnings are hidden.
2019-12-20 00:38:11.402 727 RALLYDEBUG rally.api [-] ERROR log from boto module is hide.
2019-12-20 00:38:13.355 727 INFO rally.task.engine [-] Task 87f71275-8948-4b6a-b126-ce5acb86d5c2 | Starting: Task validation.
2019-12-20 00:38:13.464 727 INFO rally.task.engine [-] Task 87f71275-8948-4b6a-b126-ce5acb86d5c2 | Starting: Task validation of syntax.
2019-12-20 00:38:13.598 727 INFO rally.task.engine [-] Task 87f71275-8948-4b6a-b126-ce5acb86d5c2 | Completed: Task validation of syntax.
2019-12-20 00:38:13.598 727 INFO rally.task.engine [-] Task 87f71275-8948-4b6a-b126-ce5acb86d5c2 | Starting: Task validation of required platforms.
2019-12-20 00:38:13.657 727 INFO rally.task.engine [-] Task 87f71275-8948-4b6a-b126-ce5acb86d5c2 | Completed: Task validation of required platforms.
2019-12-20 00:38:13.657 727 INFO rally.task.engine [-] Task 87f71275-8948-4b6a-b126-ce5acb86d5c2 | Starting: Task validation of semantic.
2019-12-20 00:38:13.657 727 INFO rally.task.engine [-] Check health of the environment '8363868b-25da-4284-b3e4-5ec1a9f15510'.
2019-12-20 00:38:14.542 727 INFO rally.task.engine [-] Platform existing@openstack (available: True): OK!
2019-12-20 00:38:14.557 727 RALLYDEBUG rally_openstack.contexts.keystone.users [-] Creating 1 tenants using 20 threads
2019-12-20 00:38:15.418 727 RALLYDEBUG rally_openstack.contexts.keystone.users [-] Creating 1 users using 20 threads
2019-12-20 00:38:16.806 727 INFO rally.task.context [-] Task 87f71275-8948-4b6a-b126-ce5acb86d5c2 | Context users@openstack setup() finished in 2.25 sec
2019-12-20 00:38:20.546 727 INFO rally.task.context [-] Task 87f71275-8948-4b6a-b126-ce5acb86d5c2 | Context users@openstack cleanup() started
2019-12-20 00:38:23.352 727 INFO rally.task.context [-] Task 87f71275-8948-4b6a-b126-ce5acb86d5c2 | Context users@openstack cleanup() finished in 2.81 sec
2019-12-20 00:38:23.353 727 INFO rally.task.engine [-] Task 87f71275-8948-4b6a-b126-ce5acb86d5c2 | Completed: Task validation of semantic.
2019-12-20 00:38:23.353 727 INFO rally.task.engine [-] Task 87f71275-8948-4b6a-b126-ce5acb86d5c2 | Completed: Task validation.
2019-12-20 00:38:23.354 727 INFO rally.api [-] Task 87f71275-8948-4b6a-b126-ce5acb86d5c2 input file is valid.
2019-12-20 00:38:23.354 727 INFO rally.api [-] Run Task 87f71275-8948-4b6a-b126-ce5acb86d5c2 against Deployment 8363868b-25da-4284-b3e4-5ec1a9f15510
2019-12-20 00:38:23.355 727 INFO rally.task.engine [-] Task 87f71275-8948-4b6a-b126-ce5acb86d5c2 | Starting: Running task.
2019-12-20 00:38:23.609 727 INFO rally.task.engine [-] Running workload: position = 0 config = { "version": 2, "title": "A cropped version of a bigger task.", "description": "Auto-generated task from a single workload (uuid=2220ca72-c4bf-4d88-8776-8888fe1368db)", "subtasks": [ { "title": "GlanceImages.create_and_delete_image", "description": "Create and then delete an image.", "scenario": { "GlanceImages.create_and_delete_image": { "container_format": "bare", "disk_format": "qcow2", "image_location": "/home/opnfv/functest/images/cirros-0.4.0-x86_64-disk.img" } }, "contexts": { "users": { "tenants": 3, "users_per_tenant": 2 } }, "runner": { "constant": { "concurrency": 4, "times": 10 } }, "hooks": [], "sla": { "failure_rate": { "max": 0 } } } ] }
2019-12-20 00:38:23.629 727 RALLYDEBUG rally_openstack.contexts.keystone.users [-] Creating 3 tenants using 20 threads
2019-12-20 00:38:24.541 727 RALLYDEBUG rally_openstack.contexts.keystone.users [-] Creating 6 users using 20 threads
2019-12-20 00:38:26.067 727 INFO rally.task.context [-] Task 87f71275-8948-4b6a-b126-ce5acb86d5c2 | Context users@openstack setup() finished in 2.44 sec
2019-12-20 00:38:26.068 727 INFO rally.task.context [-] Task 87f71275-8948-4b6a-b126-ce5acb86d5c2 | Context cleanup@openstack setup() finished in 0.02 msec
2019-12-20 00:38:26.077 727 RALLYDEBUG rally.task.runner [-] Starting the constant runner (task UUID: 87f71275-8948-4b6a-b126-ce5acb86d5c2). times: 10 concurrency: 4 timeout: 0 max_cpu_used: 16 processes_to_start: 4 concurrency_per_worker: 1 concurrency_overhead: 0
2019-12-20 00:38:26.090 851 RALLYDEBUG rally.task.runner [-] Starting a worker. times: 10 duration: None concurrency: 1 timeout: 0 cls: method_name: run args: {"container_format": "bare", "disk_format": "qcow2", "image_location": "/home/opnfv/functest/images/cirros-0.4.0-x86_64-disk.img"}
2019-12-20 00:38:26.094 852 RALLYDEBUG rally.task.runner [-] Starting a worker. times: 10 duration: None concurrency: 1 timeout: 0 cls: method_name: run args: {"container_format": "bare", "disk_format": "qcow2", "image_location": "/home/opnfv/functest/images/cirros-0.4.0-x86_64-disk.img"}
2019-12-20 00:38:26.097 851 INFO rally.task.runner [-] Task 87f71275-8948-4b6a-b126-ce5acb86d5c2 | ITER: 1 START
2019-12-20 00:38:26.097 853 RALLYDEBUG rally.task.runner [-] Starting a worker. times: 10 duration: None concurrency: 1 timeout: 0 cls: method_name: run args: {"container_format": "bare", "disk_format": "qcow2", "image_location": "/home/opnfv/functest/images/cirros-0.4.0-x86_64-disk.img"}
2019-12-20 00:38:26.100 855 RALLYDEBUG rally.task.runner [-] Starting a worker. times: 10 duration: None concurrency: 1 timeout: 0 cls: method_name: run args: {"container_format": "bare", "disk_format": "qcow2", "image_location": "/home/opnfv/functest/images/cirros-0.4.0-x86_64-disk.img"}
2019-12-20 00:38:26.100 852 INFO rally.task.runner [-] Task 87f71275-8948-4b6a-b126-ce5acb86d5c2 | ITER: 2 START
2019-12-20 00:38:26.103 853 INFO rally.task.runner [-] Task 87f71275-8948-4b6a-b126-ce5acb86d5c2 | ITER: 3 START
2019-12-20 00:38:26.105 855 INFO rally.task.runner [-] Task 87f71275-8948-4b6a-b126-ce5acb86d5c2 | ITER: 4 START
2019-12-20 00:38:29.058 851 RALLYDEBUG rally.task.utils [-] Waiting for resource '93687dca-1ac2-4abb-a896-9f184bef4291'. Status changed: NONE => QUEUED in 0.04445934295654297
2019-12-20 00:38:29.058 853 RALLYDEBUG rally.task.utils [-] Waiting for resource '98539b09-9098-4082-92bc-f35eb1ab34d7'. Status changed: NONE => QUEUED in 0.04244518280029297
2019-12-20 00:38:29.272 851 RALLYDEBUG rally.task.utils [-] Waiting for resource s_rally_2220ca72_KBN93lm8. Status changed: QUEUED => ACTIVE in 0.019857406616210938
2019-12-20 00:38:29.290 852 RALLYDEBUG rally.task.utils [-] Waiting for resource 'b6f5f478-e811-4bd7-b638-191496475156'. Status changed: NONE => QUEUED in 0.031398773193359375
2019-12-20 00:38:29.295 855 RALLYDEBUG rally.task.utils [-] Waiting for resource '6dafc4d8-cdc5-44bf-a677-fa248a141096'. Status changed: NONE => QUEUED in 0.03725790977478027
2019-12-20 00:38:29.309 853 RALLYDEBUG rally.task.utils [-] Waiting for resource s_rally_2220ca72_pnsz13wd. Status changed: QUEUED => ACTIVE in 0.02473306655883789
2019-12-20 00:38:29.341 851 INFO rally.task.runner [-] Task 87f71275-8948-4b6a-b126-ce5acb86d5c2 | ITER: 1 END: OK
2019-12-20 00:38:29.350 851 INFO rally.task.runner [-] Task 87f71275-8948-4b6a-b126-ce5acb86d5c2 | ITER: 5 START
2019-12-20 00:38:29.373 853 INFO rally.task.runner [-] Task 87f71275-8948-4b6a-b126-ce5acb86d5c2 | ITER: 3 END: OK
2019-12-20 00:38:29.377 853 INFO rally.task.runner [-] Task 87f71275-8948-4b6a-b126-ce5acb86d5c2 | ITER: 6 START
2019-12-20 00:38:29.494 855 RALLYDEBUG rally.task.utils [-] Waiting for resource s_rally_2220ca72_XyT6HUcT. Status changed: QUEUED => ACTIVE in 0.016735315322875977
2019-12-20 00:38:29.502 852 RALLYDEBUG rally.task.utils [-] Waiting for resource s_rally_2220ca72_Y0h8VoIV. Status changed: QUEUED => ACTIVE in 0.015262842178344727
2019-12-20 00:38:29.547 855 INFO rally.task.runner [-] Task 87f71275-8948-4b6a-b126-ce5acb86d5c2 | ITER: 4 END: OK
2019-12-20 00:38:29.551 855 INFO rally.task.runner [-] Task 87f71275-8948-4b6a-b126-ce5acb86d5c2 | ITER: 7 START
2019-12-20 00:38:29.557 852 INFO rally.task.runner [-] Task 87f71275-8948-4b6a-b126-ce5acb86d5c2 | ITER: 2 END: OK
2019-12-20 00:38:29.560 852 INFO rally.task.runner [-] Task 87f71275-8948-4b6a-b126-ce5acb86d5c2 | ITER: 8 START
2019-12-20 00:38:32.232 851 RALLYDEBUG rally.task.utils [-] Waiting for resource 'fb137fc6-171d-4859-bdf6-6fca86b0221d'. Status changed: NONE => QUEUED in 0.04188179969787598
2019-12-20 00:38:32.240 853 RALLYDEBUG rally.task.utils [-] Waiting for resource '0ba5f577-e692-4f8e-8f6a-33bfc91cbe09'. Status changed: NONE => QUEUED in 0.04187893867492676
2019-12-20 00:38:32.310 852 RALLYDEBUG rally.task.utils [-] Waiting for resource 'db6766d8-0fd5-4d72-87f3-3723bcd645b6'. Status changed: NONE => QUEUED in 0.03089284896850586
2019-12-20 00:38:32.348 855 RALLYDEBUG rally.task.utils [-] Waiting for resource '1aa9748d-a9bc-4545-8aad-f615e2e1878f'. Status changed: NONE => QUEUED in 0.03665661811828613
2019-12-20 00:38:32.479 851 RALLYDEBUG rally.task.utils [-] Waiting for resource s_rally_2220ca72_iTG9M6yr. Status changed: QUEUED => ACTIVE in 0.01698136329650879
2019-12-20 00:38:32.499 853 RALLYDEBUG rally.task.utils [-] Waiting for resource s_rally_2220ca72_YAehtPqt. Status changed: QUEUED => ACTIVE in 0.01934504508972168
2019-12-20 00:38:32.536 851 INFO rally.task.runner [-] Task 87f71275-8948-4b6a-b126-ce5acb86d5c2 | ITER: 5 END: OK
2019-12-20 00:38:32.539 851 INFO rally.task.runner [-] Task 87f71275-8948-4b6a-b126-ce5acb86d5c2 | ITER: 9 START
2019-12-20 00:38:32.570 853 INFO rally.task.runner [-] Task 87f71275-8948-4b6a-b126-ce5acb86d5c2 | ITER: 6 END: OK
2019-12-20 00:38:32.574 853 INFO rally.task.runner [-] Task 87f71275-8948-4b6a-b126-ce5acb86d5c2 | ITER: 10 START
2019-12-20 00:38:32.577 855 RALLYDEBUG rally.task.utils [-] Waiting for resource s_rally_2220ca72_BHw1xmqM. Status changed: QUEUED => ACTIVE in 0.016927003860473633
2019-12-20 00:38:32.582 852 RALLYDEBUG rally.task.utils [-] Waiting for resource s_rally_2220ca72_bi5jxPxI. Status changed: QUEUED => ACTIVE in 0.021411657333374023
2019-12-20 00:38:32.636 855 INFO rally.task.runner [-] Task 87f71275-8948-4b6a-b126-ce5acb86d5c2 | ITER: 7 END: OK
2019-12-20 00:38:32.644 852 INFO rally.task.runner [-] Task 87f71275-8948-4b6a-b126-ce5acb86d5c2 | ITER: 8 END: OK
2019-12-20 00:38:35.324 851 RALLYDEBUG rally.task.utils [-] Waiting for resource '1a801256-a749-4eb6-95c7-5711f9b2aac7'. Status changed: NONE => QUEUED in 0.04475903511047363
2019-12-20 00:38:35.345 853 RALLYDEBUG rally.task.utils [-] Waiting for resource '883ff09a-fe33-4ac8-a854-a26e286aa8c0'. Status changed: NONE => QUEUED in 0.03835892677307129
2019-12-20 00:38:35.558 851 RALLYDEBUG rally.task.utils [-] Waiting for resource s_rally_2220ca72_gcpn2SPA. Status changed: QUEUED => ACTIVE in 0.019084930419921875
2019-12-20 00:38:35.572 853 RALLYDEBUG rally.task.utils [-] Waiting for resource s_rally_2220ca72_CF3AjzN7. Status changed: QUEUED => ACTIVE in 0.021602392196655273
2019-12-20 00:38:35.613 851 INFO rally.task.runner [-] Task 87f71275-8948-4b6a-b126-ce5acb86d5c2 | ITER: 9 END: OK
2019-12-20 00:38:35.633 853 INFO rally.task.runner [-] Task 87f71275-8948-4b6a-b126-ce5acb86d5c2 | ITER: 10 END: OK
2019-12-20 00:38:35.661 727 INFO rally.task.context [-] Task 87f71275-8948-4b6a-b126-ce5acb86d5c2 | Context cleanup@openstack cleanup() started
2019-12-20 00:38:35.665 727 RALLYDEBUG rally_openstack.cleanup.manager [-] Cleaning up glance images objects
2019-12-20 00:38:37.075 727 INFO rally.task.context [-] Task 87f71275-8948-4b6a-b126-ce5acb86d5c2 | Context cleanup@openstack cleanup() finished in 1.41 sec
2019-12-20 00:38:37.076 727 INFO rally.task.context [-] Task 87f71275-8948-4b6a-b126-ce5acb86d5c2 | Context users@openstack cleanup() started
2019-12-20 00:38:41.329 727 INFO rally.task.context [-] Task 87f71275-8948-4b6a-b126-ce5acb86d5c2 | Context users@openstack cleanup() finished in 4.25 sec
2019-12-20 00:38:41.753 727 INFO rally.task.engine [-] Load duration is: 8.817473
2019-12-20 00:38:41.753 727 INFO rally.task.engine [-] Full runner duration is: 9.58492
2019-12-20 00:38:41.754 727 INFO rally.task.engine [-] Full duration is: 17.70219
2019-12-20 00:38:42.310 727 INFO rally.task.engine [-] Running workload: position = 0 config = { "version": 2, "title": "A cropped version of a bigger task.", "description": "Auto-generated task from a single workload (uuid=bbe7f4d1-1aac-498d-8a73-de2578de396a)", "subtasks": [ { "title": "GlanceImages.create_and_list_image", "description": "Create an image and then list all images.", "scenario": { "GlanceImages.create_and_list_image": { "container_format": "bare", "disk_format": "qcow2", "image_location": "/home/opnfv/functest/images/cirros-0.4.0-x86_64-disk.img" } }, "contexts": { "users": { "tenants": 3, "users_per_tenant": 2 } }, "runner": { "constant": { "concurrency": 4, "times": 10 } }, "hooks": [], "sla": { "failure_rate": { "max": 0 } } } ] }
2019-12-20 00:38:42.335 727 RALLYDEBUG rally_openstack.contexts.keystone.users [-] Creating 3 tenants using 20 threads
2019-12-20 00:38:43.342 727 RALLYDEBUG rally_openstack.contexts.keystone.users [-] Creating 6 users using 20 threads
2019-12-20 00:38:44.847 727 INFO rally.task.context [-] Task 87f71275-8948-4b6a-b126-ce5acb86d5c2 | Context users@openstack setup() finished in 2.51 sec
2019-12-20 00:38:44.847 727 INFO rally.task.context [-] Task 87f71275-8948-4b6a-b126-ce5acb86d5c2 | Context cleanup@openstack setup() finished in 0.01 msec
