2019-12-20 00:47:11.609 1845 RALLYDEBUG rally_openstack.cleanup.manager [-] Cleaning up cinder volume_snapshots objects
2019-12-20 00:47:12.774 1845 RALLYDEBUG rally_openstack.cleanup.manager [-] Cleaning up cinder transfers objects
2019-12-20 00:47:13.932 1845 RALLYDEBUG rally_openstack.cleanup.manager [-] Cleaning up cinder volumes objects
2019-12-20 00:47:15.190 1845 RALLYDEBUG rally_openstack.cleanup.manager [-] Deleting cinder.volumes object s_rally_d88e5f83_VEg92Tkp (4305e0f6-c171-4116-8cb1-360c396a84fa)
2019-12-20 00:47:15.199 1845 RALLYDEBUG rally_openstack.cleanup.manager [-] Deleting cinder.volumes object s_rally_d88e5f83_fP8GmYIH (c3bf1d39-8ac7-436c-8607-df02ac5319bd)
2019-12-20 00:47:15.208 1845 RALLYDEBUG rally_openstack.cleanup.manager [-] Deleting cinder.volumes object s_rally_d88e5f83_lFQZEfPi (7fb92d4d-ef8f-4491-871f-0266b6fb6cce)
2019-12-20 00:47:15.212 1845 RALLYDEBUG rally_openstack.cleanup.manager [-] Deleting cinder.volumes object s_rally_d88e5f83_nkoIuMjR (6389f6b4-84d9-433b-92ba-2faeb9c84d8d)
2019-12-20 00:47:15.227 1845 RALLYDEBUG rally_openstack.cleanup.manager [-] Deleting cinder.volumes object s_rally_d88e5f83_5PkFKQss (802d769d-6b8c-4bd0-a353-78322555f388)
2019-12-20 00:47:15.235 1845 RALLYDEBUG rally_openstack.cleanup.manager [-] Deleting cinder.volumes object s_rally_d88e5f83_hrdJgLJU (83e8105c-ad18-445a-b588-9dfccd96f223)
2019-12-20 00:47:15.244 1845 RALLYDEBUG rally_openstack.cleanup.manager [-] Deleting cinder.volumes object s_rally_d88e5f83_FMoHMWay (5f8dd291-e370-4947-9d79-6255687d566a)
2019-12-20 00:47:15.260 1845 RALLYDEBUG rally_openstack.cleanup.manager [-] Deleting cinder.volumes object s_rally_d88e5f83_uDHX5Pr6 (81ee00c2-bde5-4207-8142-b98a00b2d2f6)
2019-12-20 00:47:15.273 1845 RALLYDEBUG rally_openstack.cleanup.manager [-] Deleting cinder.volumes object s_rally_d88e5f83_dxoNgDJU (4e2dc108-f5f0-46cb-8daa-a66cc7d65bf3)
2019-12-20 00:47:15.297 1845 RALLYDEBUG rally_openstack.cleanup.manager [-] Deleting cinder.volumes object s_rally_d88e5f83_LcH9Hg6R (a96be926-a655-4f4e-aa13-dec8978700d3)
2019-12-20 00:47:19.155 1845 INFO rally.task.context [-] Task 06f98a6e-afe3-48de-880a-1947c5d5c107 | Context cleanup@openstack cleanup() finished in 8.73 sec
2019-12-20 00:47:19.156 1845 INFO rally.task.context [-] Task 06f98a6e-afe3-48de-880a-1947c5d5c107 | Context quotas@openstack cleanup() started
2019-12-20 00:47:19.233 1845 INFO rally.task.context [-] Task 06f98a6e-afe3-48de-880a-1947c5d5c107 | Context quotas@openstack cleanup() finished in 76.98 msec
2019-12-20 00:47:19.234 1845 INFO rally.task.context [-] Task 06f98a6e-afe3-48de-880a-1947c5d5c107 | Context api_versions@openstack cleanup() started
2019-12-20 00:47:19.234 1845 INFO rally.task.context [-] Task 06f98a6e-afe3-48de-880a-1947c5d5c107 | Context api_versions@openstack cleanup() finished in 0.34 msec
2019-12-20 00:47:19.234 1845 INFO rally.task.context [-] Task 06f98a6e-afe3-48de-880a-1947c5d5c107 | Context users@openstack cleanup() started
2019-12-20 00:47:23.532 1845 INFO rally.task.context [-] Task 06f98a6e-afe3-48de-880a-1947c5d5c107 | Context users@openstack cleanup() finished in 4.30 sec
2019-12-20 00:47:24.138 1845 INFO rally.task.engine [-] Load duration is: 8.469377
2019-12-20 00:47:24.138 1845 INFO rally.task.engine [-] Full runner duration is: 8.521314
2019-12-20 00:47:24.139 1845 INFO rally.task.engine [-] Full duration is: 25.632374
2019-12-20 00:47:24.452 1845 INFO rally.task.engine [-] Running workload: position = 0 config = { "version": 2, "title": "A cropped version of a bigger task.", "description": "Auto-generated task from a single workload (uuid=0884ca82-7bae-4bb6-81a6-e7ba314e856a)", "subtasks": [ { "title": "CinderVolumes.create_and_upload_volume_to_image", "description": "Create and upload a volume to image.", "scenario": { "CinderVolumes.create_and_upload_volume_to_image": { "container_format": "bare", "disk_format": "raw", "do_delete": true, "force": false, "size": 1 } }, "contexts": { "users": { "tenants": 3, "users_per_tenant": 2 }, "quotas": { "cinder": { "gigabytes": -1, "snapshots": -1, "volumes": -1 } }, "api_versions": { "cinder": { "version": 3, "service_type": "volumev3" } } }, "runner": { "constant": { "concurrency": 4, "times": 10 } }, "hooks": [], "sla": { "failure_rate": { "max": 0 } } } ] }
2019-12-20 00:47:24.478 1845 RALLYDEBUG rally_openstack.contexts.keystone.users [-] Creating 3 tenants using 20 threads
2019-12-20 00:47:25.580 1845 RALLYDEBUG rally_openstack.contexts.keystone.users [-] Creating 6 users using 20 threads
2019-12-20 00:47:27.113 1845 INFO rally.task.context [-] Task 06f98a6e-afe3-48de-880a-1947c5d5c107 | Context users@openstack setup() finished in 2.63 sec
2019-12-20 00:47:27.510 1845 INFO rally.task.context [-] Task 06f98a6e-afe3-48de-880a-1947c5d5c107 | Context api_versions@openstack setup() finished in 0.40 sec
2019-12-20 00:47:28.404 1845 INFO rally.task.context [-] Task 06f98a6e-afe3-48de-880a-1947c5d5c107 | Context quotas@openstack setup() finished in 0.89 sec
2019-12-20 00:47:28.405 1845 INFO rally.task.context [-] Task 06f98a6e-afe3-48de-880a-1947c5d5c107 | Context cleanup@openstack setup() finished in 0.01 msec
2019-12-20 00:47:28.414 1845 RALLYDEBUG rally.task.runner [-] Starting the constant runner (task UUID: 06f98a6e-afe3-48de-880a-1947c5d5c107). times: 10 concurrency: 4 timeout: 0 max_cpu_used: 16 processes_to_start: 4 concurrency_per_worker: 1 concurrency_overhead: 0
2019-12-20 00:47:28.425 2785 RALLYDEBUG rally.task.runner [-] Starting a worker. times: 10 duration: None concurrency: 1 timeout: 0 cls: method_name: run args: {"container_format": "bare", "disk_format": "raw", "do_delete": true, "force": false, "size": 1}
2019-12-20 00:47:28.429 2786 RALLYDEBUG rally.task.runner [-] Starting a worker. times: 10 duration: None concurrency: 1 timeout: 0 cls: method_name: run args: {"container_format": "bare", "disk_format": "raw", "do_delete": true, "force": false, "size": 1}
2019-12-20 00:47:28.432 2785 INFO rally.task.runner [-] Task 06f98a6e-afe3-48de-880a-1947c5d5c107 | ITER: 1 START
2019-12-20 00:47:28.432 2787 RALLYDEBUG rally.task.runner [-] Starting a worker. times: 10 duration: None concurrency: 1 timeout: 0 cls: method_name: run args: {"container_format": "bare", "disk_format": "raw", "do_delete": true, "force": false, "size": 1}
2019-12-20 00:47:28.435 2786 INFO rally.task.runner [-] Task 06f98a6e-afe3-48de-880a-1947c5d5c107 | ITER: 2 START
2019-12-20 00:47:28.437 2789 RALLYDEBUG rally.task.runner [-] Starting a worker. times: 10 duration: None concurrency: 1 timeout: 0 cls: method_name: run args: {"container_format": "bare", "disk_format": "raw", "do_delete": true, "force": false, "size": 1}
2019-12-20 00:47:28.439 2787 INFO rally.task.runner [-] Task 06f98a6e-afe3-48de-880a-1947c5d5c107 | ITER: 3 START
2019-12-20 00:47:28.443 2789 INFO rally.task.runner [-] Task 06f98a6e-afe3-48de-880a-1947c5d5c107 | ITER: 4 START
2019-12-20 00:47:31.737 2789 RALLYDEBUG rally.task.utils [-] Waiting for resource s_rally_0884ca82_2wdO0XIW. Status changed: AVAILABLE => UPLOADING in 0.05903053283691406
2019-12-20 00:47:31.741 2786 RALLYDEBUG rally.task.utils [-] Waiting for resource s_rally_0884ca82_zqCKwtEK. Status changed: AVAILABLE => UPLOADING in 0.0553741455078125
2019-12-20 00:47:31.756 2785 RALLYDEBUG rally.task.utils [-] Waiting for resource s_rally_0884ca82_tkO6uKFW. Status changed: AVAILABLE => UPLOADING in 0.05560612678527832
2019-12-20 00:47:32.209 2787 RALLYDEBUG rally.task.utils [-] Waiting for resource s_rally_0884ca82_yEL79UZv. Status changed: AVAILABLE => UPLOADING in 0.05790448188781738
2019-12-20 00:47:40.096 2786 RALLYDEBUG rally.task.utils [-] Waiting for resource s_rally_0884ca82_zqCKwtEK. Status changed: UPLOADING => AVAILABLE in 8.354482889175415
2019-12-20 00:47:40.291 2786 RALLYDEBUG rally.task.utils [-] Waiting for resource s_rally_0884ca82_zqCKwtEK. Status changed: AVAILABLE => DELETING in 0.057074546813964844
2019-12-20 00:47:42.205 2789 RALLYDEBUG rally.task.utils [-] Waiting for resource s_rally_0884ca82_2wdO0XIW. Status changed: UPLOADING => AVAILABLE in 10.467639207839966
2019-12-20 00:47:42.447 2789 RALLYDEBUG rally.task.utils [-] Waiting for resource s_rally_0884ca82_2wdO0XIW. Status changed: AVAILABLE => DELETING in 0.05874800682067871
2019-12-20 00:47:42.520 2786 INFO rally.task.runner [-] Task 06f98a6e-afe3-48de-880a-1947c5d5c107 | ITER: 2 END: OK
2019-12-20 00:47:42.525 2786 INFO rally.task.runner [-] Task 06f98a6e-afe3-48de-880a-1947c5d5c107 | ITER: 5 START
2019-12-20 00:47:44.230 2785 RALLYDEBUG rally.task.utils [-] Waiting for resource s_rally_0884ca82_tkO6uKFW. Status changed: UPLOADING => AVAILABLE in 12.47403597831726
2019-12-20 00:47:44.448 2785 RALLYDEBUG rally.task.utils [-] Waiting for resource s_rally_0884ca82_tkO6uKFW. Status changed: AVAILABLE => DELETING in 0.06726837158203125
2019-12-20 00:47:44.689 2789 INFO rally.task.runner [-] Task 06f98a6e-afe3-48de-880a-1947c5d5c107 | ITER: 4 END: OK
2019-12-20 00:47:44.694 2789 INFO rally.task.runner [-] Task 06f98a6e-afe3-48de-880a-1947c5d5c107 | ITER: 6 START
2019-12-20 00:47:44.699 2787 RALLYDEBUG rally.task.utils [-] Waiting for resource s_rally_0884ca82_yEL79UZv. Status changed: UPLOADING => AVAILABLE in 12.490458726882935
2019-12-20 00:47:44.882 2787 RALLYDEBUG rally.task.utils [-] Waiting for resource s_rally_0884ca82_yEL79UZv. Status changed: AVAILABLE => DELETING in 0.055544376373291016
2019-12-20 00:47:45.988 2786 RALLYDEBUG rally.task.utils [-] Waiting for resource s_rally_0884ca82_mZzeUzOl. Status changed: AVAILABLE => UPLOADING in 0.06338167190551758
2019-12-20 00:47:46.674 2785 INFO rally.task.runner [-] Task 06f98a6e-afe3-48de-880a-1947c5d5c107 | ITER: 1 END: OK
2019-12-20 00:47:46.679 2785 INFO rally.task.runner [-] Task 06f98a6e-afe3-48de-880a-1947c5d5c107 | ITER: 7 START
2019-12-20 00:47:47.132 2787 INFO rally.task.runner [-] Task 06f98a6e-afe3-48de-880a-1947c5d5c107 | ITER: 3 END: OK
2019-12-20 00:47:47.136 2787 INFO rally.task.runner [-] Task 06f98a6e-afe3-48de-880a-1947c5d5c107 | ITER: 8 START
2019-12-20 00:47:48.360 2789 RALLYDEBUG rally.task.utils [-] Waiting for resource s_rally_0884ca82_SXsqZpEW. Status changed: AVAILABLE => UPLOADING in 0.0602262020111084
2019-12-20 00:47:50.369 2787 RALLYDEBUG rally.task.utils [-] Waiting for resource s_rally_0884ca82_UAvsLeeN. Status changed: AVAILABLE => UPLOADING in 0.05409717559814453
2019-12-20 00:47:50.372 2785 RALLYDEBUG rally.task.utils [-] Waiting for resource s_rally_0884ca82_qZRXuyJK. Status changed: AVAILABLE => UPLOADING in 0.11537003517150879
2019-12-20 00:48:00.514 2786 RALLYDEBUG rally.task.utils [-] Waiting for resource s_rally_0884ca82_mZzeUzOl. Status changed: UPLOADING => AVAILABLE in 14.526103258132935
2019-12-20 00:48:00.831 2787 RALLYDEBUG rally.task.utils [-] Waiting for resource s_rally_0884ca82_UAvsLeeN. Status changed: UPLOADING => AVAILABLE in 10.462127685546875
2019-12-20 00:48:00.873 2786 RALLYDEBUG rally.task.utils [-] Waiting for resource s_rally_0884ca82_mZzeUzOl. Status changed: AVAILABLE => DELETING in 0.05627250671386719
2019-12-20 00:48:01.012 2787 RALLYDEBUG rally.task.utils [-] Waiting for resource s_rally_0884ca82_UAvsLeeN. Status changed: AVAILABLE => DELETING in 0.060536861419677734
2019-12-20 00:48:02.849 2789 RALLYDEBUG rally.task.utils [-] Waiting for resource s_rally_0884ca82_SXsqZpEW. Status changed: UPLOADING => AVAILABLE in 14.488789796829224
2019-12-20 00:48:03.044 2789 RALLYDEBUG rally.task.utils [-] Waiting for resource s_rally_0884ca82_SXsqZpEW. Status changed: AVAILABLE => DELETING in 0.057206153869628906
2019-12-20 00:48:03.142 2786 INFO rally.task.runner [-] Task 06f98a6e-afe3-48de-880a-1947c5d5c107 | ITER: 5 END: OK
2019-12-20 00:48:03.146 2786 INFO rally.task.runner [-] Task 06f98a6e-afe3-48de-880a-1947c5d5c107 | ITER: 9 START
2019-12-20 00:48:03.256 2785 RALLYDEBUG rally.task.utils [-] Waiting for resource s_rally_0884ca82_qZRXuyJK. Status changed: UPLOADING => AVAILABLE in 12.884005784988403
2019-12-20 00:48:03.429 2787 INFO rally.task.runner [-] Task 06f98a6e-afe3-48de-880a-1947c5d5c107 | ITER: 8 END: OK
2019-12-20 00:48:03.435 2787 INFO rally.task.runner [-] Task 06f98a6e-afe3-48de-880a-1947c5d5c107 | ITER: 10 START
2019-12-20 00:48:03.445 2785 RALLYDEBUG rally.task.utils [-] Waiting for resource s_rally_0884ca82_qZRXuyJK. Status changed: AVAILABLE => DELETING in 0.06353139877319336
2019-12-20 00:48:05.594 2789 INFO rally.task.runner [-] Task 06f98a6e-afe3-48de-880a-1947c5d5c107 | ITER: 6 END: OK
2019-12-20 00:48:05.705 2785 INFO rally.task.runner [-] Task 06f98a6e-afe3-48de-880a-1947c5d5c107 | ITER: 7 END: OK
2019-12-20 00:48:06.752 2787 RALLYDEBUG rally.task.utils [-] Waiting for resource s_rally_0884ca82_4KZnDbBx. Status changed: AVAILABLE => UPLOADING in 0.05537724494934082
2019-12-20 00:48:06.881 2786 RALLYDEBUG rally.task.utils [-] Waiting for resource s_rally_0884ca82_mPSkyeMM. Status changed: AVAILABLE => UPLOADING in 0.06438851356506348
2019-12-20 00:48:15.014 2787 RALLYDEBUG rally.task.utils [-] Waiting for resource s_rally_0884ca82_4KZnDbBx. Status changed: UPLOADING => AVAILABLE in 8.26251745223999
2019-12-20 00:48:15.133 2786 RALLYDEBUG rally.task.utils [-] Waiting for resource s_rally_0884ca82_mPSkyeMM. Status changed: UPLOADING => AVAILABLE in 8.25221848487854
2019-12-20 00:48:15.196 2787 RALLYDEBUG rally.task.utils [-] Waiting for resource s_rally_0884ca82_4KZnDbBx. Status changed: AVAILABLE => DELETING in 0.05852460861206055
2019-12-20 00:48:15.305 2786 RALLYDEBUG rally.task.utils [-] Waiting for resource s_rally_0884ca82_mPSkyeMM. Status changed: AVAILABLE => DELETING in 0.05827903747558594
2019-12-20 00:48:17.637 2787 INFO rally.task.runner [-] Task 06f98a6e-afe3-48de-880a-1947c5d5c107 | ITER: 10 END: OK
2019-12-20 00:48:17.932 2786 INFO rally.task.runner [-] Task 06f98a6e-afe3-48de-880a-1947c5d5c107 | ITER: 9 END: OK
2019-12-20 00:48:17.959 1845 INFO rally.task.context [-] Task 06f98a6e-afe3-48de-880a-1947c5d5c107 | Context cleanup@openstack cleanup() started
2019-12-20 00:48:17.962 1845 RALLYDEBUG rally_openstack.cleanup.manager [-] Cleaning up cinder backups objects
2019-12-20 00:48:19.141 1845 RALLYDEBUG rally_openstack.cleanup.manager [-] Cleaning up cinder volume_snapshots objects
2019-12-20 00:48:20.294 1845 RALLYDEBUG rally_openstack.cleanup.manager [-] Cleaning up cinder transfers objects
2019-12-20 00:48:21.453 1845 RALLYDEBUG rally_openstack.cleanup.manager [-] Cleaning up cinder volumes objects
2019-12-20 00:48:22.686 1845 RALLYDEBUG rally_openstack.cleanup.manager [-] Cleaning up glance images objects
2019-12-20 00:48:23.959 1845 INFO rally.task.context [-] Task 06f98a6e-afe3-48de-880a-1947c5d5c107 | Context cleanup@openstack cleanup() finished in 6.00 sec
2019-12-20 00:48:23.959 1845 INFO rally.task.context [-] Task 06f98a6e-afe3-48de-880a-1947c5d5c107 | Context quotas@openstack cleanup() started
2019-12-20 00:48:24.043 1845 INFO rally.task.context [-] Task 06f98a6e-afe3-48de-880a-1947c5d5c107 | Context quotas@openstack cleanup() finished in 83.76 msec
2019-12-20 00:48:24.043 1845 INFO rally.task.context [-] Task 06f98a6e-afe3-48de-880a-1947c5d5c107 | Context api_versions@openstack cleanup() started
2019-12-20 00:48:24.044 1845 INFO rally.task.context [-] Task 06f98a6e-afe3-48de-880a-1947c5d5c107 | Context api_versions@openstack cleanup() finished in 0.38 msec
2019-12-20 00:48:24.044 1845 INFO rally.task.context [-] Task 06f98a6e-afe3-48de-880a-1947c5d5c107 | Context users@openstack cleanup() started
2019-12-20 00:48:28.664 1845 INFO rally.task.context [-] Task 06f98a6e-afe3-48de-880a-1947c5d5c107 | Context users@openstack cleanup() finished in 4.62 sec
2019-12-20 00:48:28.787 1845 INFO rally.task.engine [-] Load duration is: 48.812816
2019-12-20 00:48:28.787 1845 INFO rally.task.engine [-] Full runner duration is: 49.545764
2019-12-20 00:48:28.788 1845 INFO rally.task.engine [-] Full duration is: 64.18884
2019-12-20 00:48:29.144 1845 INFO rally.task.engine [-] Running workload: position = 0 config = { "version": 2, "title": "A cropped version of a bigger task.", "description": "Auto-generated task from a single workload (uuid=1c6942ae-b311-494d-9c22-cfb353e877d6)", "subtasks": [ { "title": "CinderVolumes.create_nested_snapshots_and_attach_volume", "description": "Create a volume from snapshot and attach/detach the volume", "scenario": { "CinderVolumes.create_nested_snapshots_and_attach_volume": { "flavor": { "name": "rally_full-flavor_aa5cb567-149c-4467-982a-9c05bad8048a" }, "image": { "name": "rally_full-img_aa5cb567-149c-4467-982a-9c05bad8048a" }, "nested_level": 1, "size": { "max": 1, "min": 1 }, "create_vm_params": { "nics": [ { "net-id": "ec715f9f-97db-49ca-b75c-c1382ea24986" } ] } } }, "contexts": { "users": { "tenants": 3, "users_per_tenant": 2 }, "quotas": { "cinder": { "gigabytes": -1, "snapshots": -1, "volumes": -1 } }, "api_versions": { "cinder": { "version": 3, "service_type": "volumev3" } } }, "runner": { "constant": { "concurrency": 4, "times": 10 } }, "hooks": [], "sla": { "failure_rate": { "max": 0 } } } ] }
2019-12-20 00:48:29.170 1845 RALLYDEBUG rally_openstack.contexts.keystone.users [-] Creating 3 tenants using 20 threads
2019-12-20 00:48:30.185 1845 RALLYDEBUG rally_openstack.contexts.keystone.users [-] Creating 6 users using 20 threads
2019-12-20 00:48:31.718 1845 INFO rally.task.context [-] Task 06f98a6e-afe3-48de-880a-1947c5d5c107 | Context users@openstack setup() finished in 2.55 sec
2019-12-20 00:48:32.111 1845 INFO rally.task.context [-] Task 06f98a6e-afe3-48de-880a-1947c5d5c107 | Context api_versions@openstack setup() finished in 0.39 sec
2019-12-20 00:48:32.938 1845 INFO rally.task.context [-] Task 06f98a6e-afe3-48de-880a-1947c5d5c107 | Context quotas@openstack setup() finished in 0.83 sec
2019-12-20 00:48:32.938 1845 INFO rally.task.context [-] Task 06f98a6e-afe3-48de-880a-1947c5d5c107 | Context cleanup@openstack setup() finished in 0.01 msec
2019-12-20 00:48:33.766 1845 RALLYDEBUG rally.task.runner [-] Starting the constant runner (task UUID: 06f98a6e-afe3-48de-880a-1947c5d5c107). times: 10 concurrency: 4 timeout: 0 max_cpu_used: 16 processes_to_start: 4 concurrency_per_worker: 1 concurrency_overhead: 0
2019-12-20 00:48:33.778 2989 RALLYDEBUG rally.task.runner [-] Starting a worker. times: 10 duration: None concurrency: 1 timeout: 0 cls: method_name: run args: {"flavor": "8f24f274-2ec7-4ee9-81fe-eb3126b4566a", "image": "836ce450-ad34-4e7f-b690-ce378b347e82", "nested_level": 1, "size": {"max": 1, "min": 1}, "create_vm_params": {"nics": [{"net-id": "ec715f9f-97db-49ca-b75c-c1382ea24986"}]}}
2019-12-20 00:48:33.781 2990 RALLYDEBUG rally.task.runner [-] Starting a worker. times: 10 duration: None concurrency: 1 timeout: 0 cls: method_name: run args: {"flavor": "8f24f274-2ec7-4ee9-81fe-eb3126b4566a", "image": "836ce450-ad34-4e7f-b690-ce378b347e82", "nested_level": 1, "size": {"max": 1, "min": 1}, "create_vm_params": {"nics": [{"net-id": "ec715f9f-97db-49ca-b75c-c1382ea24986"}]}}
2019-12-20 00:48:33.784 2991 RALLYDEBUG rally.task.runner [-] Starting a worker. times: 10 duration: None concurrency: 1 timeout: 0 cls: method_name: run args: {"flavor": "8f24f274-2ec7-4ee9-81fe-eb3126b4566a", "image": "836ce450-ad34-4e7f-b690-ce378b347e82", "nested_level": 1, "size": {"max": 1, "min": 1}, "create_vm_params": {"nics": [{"net-id": "ec715f9f-97db-49ca-b75c-c1382ea24986"}]}}
2019-12-20 00:48:33.787 2989 INFO rally.task.runner [-] Task 06f98a6e-afe3-48de-880a-1947c5d5c107 | ITER: 1 START
2019-12-20 00:48:33.788 2990 INFO rally.task.runner [-] Task 06f98a6e-afe3-48de-880a-1947c5d5c107 | ITER: 2 START
2019-12-20 00:48:33.788 2992 RALLYDEBUG rally.task.runner [-] Starting a worker. times: 10 duration: None concurrency: 1 timeout: 0 cls: method_name: run args: {"flavor": "8f24f274-2ec7-4ee9-81fe-eb3126b4566a", "image": "836ce450-ad34-4e7f-b690-ce378b347e82", "nested_level": 1, "size": {"max": 1, "min": 1}, "create_vm_params": {"nics": [{"net-id": "ec715f9f-97db-49ca-b75c-c1382ea24986"}]}}
2019-12-20 00:48:33.792 2991 INFO rally.task.runner [-] Task 06f98a6e-afe3-48de-880a-1947c5d5c107 | ITER: 3 START
2019-12-20 00:48:33.796 2992 INFO rally.task.runner [-] Task 06f98a6e-afe3-48de-880a-1947c5d5c107 | ITER: 4 START
2019-12-20 00:48:40.961 2992 RALLYDEBUG rally.task.utils [-] Waiting for resource s_rally_1c6942ae_Ibmq9DI2. Status changed: BUILD => ACTIVE in 4.688750267028809
2019-12-20 00:48:41.313 2989 RALLYDEBUG rally.task.utils [-] Waiting for resource s_rally_1c6942ae_l5yEtJYK. Status changed: BUILD => ACTIVE in 4.984771490097046
2019-12-20 00:48:43.052 2990 RALLYDEBUG rally.task.utils [-] Waiting for resource s_rally_1c6942ae_KK91VG3H. Status changed: BUILD => ACTIVE in 6.882163047790527
2019-12-20 00:48:43.432 2991 RALLYDEBUG rally.task.utils [-] Waiting for resource s_rally_1c6942ae_5oSKOzWv. Status changed: BUILD => ACTIVE in 6.922872304916382
2019-12-20 00:48:46.292 2992 RALLYDEBUG rally.task.utils [-] Waiting for resource s_rally_1c6942ae_T0A5ZUQn. Status changed: AVAILABLE => RESERVED in 0.4079415798187256
2019-12-20 00:48:46.639 2989 RALLYDEBUG rally.task.utils [-] Waiting for resource s_rally_1c6942ae_97tkpru0. Status changed: AVAILABLE => RESERVED in 0.40648746490478516
2019-12-20 00:48:48.495 2990 RALLYDEBUG rally.task.utils [-] Waiting for resource s_rally_1c6942ae_K7d0NSdZ. Status changed: AVAILABLE => RESERVED in 0.5058248043060303
2019-12-20 00:48:48.695 2992 RALLYDEBUG rally.task.utils [-] Waiting for resource s_rally_1c6942ae_T0A5ZUQn. Status changed: RESERVED => IN-USE in 2.403104305267334
2019-12-20 00:48:48.906 2991 RALLYDEBUG rally.task.utils [-] Waiting for resource s_rally_1c6942ae_e1jlyp3c. Status changed: AVAILABLE => RESERVED in 0.41010308265686035
2019-12-20 00:48:49.040 2989 RALLYDEBUG rally.task.utils [-] Waiting for resource s_rally_1c6942ae_97tkpru0. Status changed: RESERVED => IN-USE in 2.400932788848877
2019-12-20 00:48:49.307 2992 RALLYDEBUG rally.task.utils [-] Waiting for resource s_rally_1c6942ae_T0A5ZUQn. Status changed: AVAILABLE => DETACHING in 0.40282607078552246
2019-12-20 00:48:49.654 2989 RALLYDEBUG rally.task.utils [-] Waiting for resource s_rally_1c6942ae_97tkpru0. Status changed: AVAILABLE => DETACHING in 0.4072842597961426
2019-12-20 00:48:50.930 2990 RALLYDEBUG rally.task.utils [-] Waiting for resource s_rally_1c6942ae_K7d0NSdZ. Status changed: RESERVED => IN-USE in 2.4346160888671875
2019-12-20 00:48:51.332 2991 RALLYDEBUG rally.task.utils [-] Waiting for resource s_rally_1c6942ae_e1jlyp3c. Status changed: RESERVED => IN-USE in 2.4259729385375977
2019-12-20 00:48:51.525 2990 RALLYDEBUG rally.task.utils [-] Waiting for resource s_rally_1c6942ae_K7d0NSdZ. Status changed: AVAILABLE => DETACHING in 0.4001340866088867
2019-12-20 00:48:51.708 2992 RALLYDEBUG rally.task.utils [-] Waiting for resource s_rally_1c6942ae_T0A5ZUQn. Status changed: DETACHING => AVAILABLE in 2.4007363319396973
2019-12-20 00:48:51.799 2992 RALLYDEBUG rally.task.utils [-] Waiting for resource s_rally_1c6942ae_dw3HQprA. Status changed: AVAILABLE => DELETING in 0.02528095245361328
2019-12-20 00:48:51.946 2991 RALLYDEBUG rally.task.utils [-] Waiting for resource s_rally_1c6942ae_e1jlyp3c. Status changed: AVAILABLE => DETACHING in 0.4110696315765381
2019-12-20 00:48:52.054 2989 RALLYDEBUG rally.task.utils [-] Waiting for resource s_rally_1c6942ae_97tkpru0. Status changed: DETACHING => AVAILABLE in 2.3998522758483887
2019-12-20 00:48:52.138 2989 RALLYDEBUG rally.task.utils [-] Waiting for resource s_rally_1c6942ae_6DPD2NnX. Status changed: AVAILABLE => DELETING in 0.02689218521118164
2019-12-20 00:48:53.955 2990 RALLYDEBUG rally.task.utils [-] Waiting for resource s_rally_1c6942ae_K7d0NSdZ. Status changed: DETACHING => AVAILABLE in 2.4302010536193848
2019-12-20 00:48:53.994 2992 RALLYDEBUG rally.task.utils [-] Waiting for resource s_rally_1c6942ae_T0A5ZUQn. Status changed: AVAILABLE => DELETING in 0.0586698055267334
2019-12-20 00:48:54.047 2990 RALLYDEBUG rally.task.utils [-] Waiting for resource s_rally_1c6942ae_zDDYjc2X. Status changed: AVAILABLE => DELETING in 0.02865743637084961
2019-12-20 00:48:54.315 2989 RALLYDEBUG rally.task.utils [-] Waiting for resource s_rally_1c6942ae_97tkpru0. Status changed: AVAILABLE => DELETING in 0.07328510284423828
2019-12-20 00:48:54.366 2991 RALLYDEBUG rally.task.utils [-] Waiting for resource s_rally_1c6942ae_e1jlyp3c. Status changed: DETACHING => AVAILABLE in 2.419909954071045
2019-12-20 00:48:54.460 2991 RALLYDEBUG rally.task.utils [-] Waiting for resource s_rally_1c6942ae_gWU7QE3c. Status changed: AVAILABLE => DELETING in 0.026154279708862305
2019-12-20 00:48:56.224 2990 RALLYDEBUG rally.task.utils [-] Waiting for resource s_rally_1c6942ae_K7d0NSdZ. Status changed: AVAILABLE => DELETING in 0.0669093132019043
2019-12-20 00:48:56.613 2991 RALLYDEBUG rally.task.utils [-] Waiting for resource s_rally_1c6942ae_e1jlyp3c. Status changed: AVAILABLE => DELETING in 0.060796260833740234
2019-12-20 00:48:58.518 2992 INFO rally.task.runner [-] Task 06f98a6e-afe3-48de-880a-1947c5d5c107 | ITER: 4 END: OK
2019-12-20 00:48:58.525 2992 INFO rally.task.runner [-] Task 06f98a6e-afe3-48de-880a-1947c5d5c107 | ITER: 5 START
2019-12-20 00:48:58.910 2989 INFO rally.task.runner [-] Task 06f98a6e-afe3-48de-880a-1947c5d5c107 | ITER: 1 END: OK
2019-12-20 00:48:58.917 2989 INFO rally.task.runner [-] Task 06f98a6e-afe3-48de-880a-1947c5d5c107 | ITER: 6 START
2019-12-20 00:49:00.742 2990 INFO rally.task.runner [-] Task 06f98a6e-afe3-48de-880a-1947c5d5c107 | ITER: 2 END: OK
2019-12-20 00:49:00.748 2990 INFO rally.task.runner [-] Task 06f98a6e-afe3-48de-880a-1947c5d5c107 | ITER: 7 START
2019-12-20 00:49:01.070 2991 INFO rally.task.runner [-] Task 06f98a6e-afe3-48de-880a-1947c5d5c107 | ITER: 3 END: OK
2019-12-20 00:49:01.075 2991 INFO rally.task.runner [-] Task 06f98a6e-afe3-48de-880a-1947c5d5c107 | ITER: 8 START
2019-12-20 00:49:05.258 2992 RALLYDEBUG rally.task.utils [-] Waiting for resource s_rally_1c6942ae_wz2FnBs6. Status changed: BUILD => ACTIVE in 4.575327396392822
2019-12-20 00:49:06.390 2989 RALLYDEBUG rally.task.utils [-] Waiting for resource s_rally_1c6942ae_dIJIwhT6. Status changed: BUILD => ACTIVE in 4.960435390472412
2019-12-20 00:49:07.771 2991 RALLYDEBUG rally.task.utils [-] Waiting for resource s_rally_1c6942ae_ITVxa9f3. Status changed: BUILD => ACTIVE in 4.514009952545166
2019-12-20 00:49:10.002 2990 RALLYDEBUG rally.task.utils [-] Waiting for resource s_rally_1c6942ae_FkVwU3EY. Status changed: BUILD => ACTIVE in 6.972513914108276
2019-12-20 00:49:11.071 2992 RALLYDEBUG rally.task.utils [-] Waiting for resource s_rally_1c6942ae_hJi3MAJR. Status changed: AVAILABLE => RESERVED in 0.38947343826293945
2019-12-20 00:49:11.825 2989 RALLYDEBUG rally.task.utils [-] Waiting for resource s_rally_1c6942ae_uXfKNmvf. Status changed: AVAILABLE => RESERVED in 0.4095923900604248
2019-12-20 00:49:13.386 2991 RALLYDEBUG rally.task.utils [-] Waiting for resource s_rally_1c6942ae_MlYhps57. Status changed: AVAILABLE => RESERVED in 0.4014706611633301
2019-12-20 00:49:13.478 2992 RALLYDEBUG rally.task.utils [-] Waiting for resource s_rally_1c6942ae_hJi3MAJR. Status changed: RESERVED => IN-USE in 2.4069461822509766
2019-12-20 00:49:14.188 2992 RALLYDEBUG rally.task.utils [-] Waiting for resource s_rally_1c6942ae_hJi3MAJR. Status changed: AVAILABLE => DETACHING in 0.41446399688720703
2019-12-20 00:49:14.270 2989 RALLYDEBUG rally.task.utils [-] Waiting for resource s_rally_1c6942ae_uXfKNmvf. Status changed: RESERVED => IN-USE in 2.445549726486206
2019-12-20 00:49:14.823 2989 RALLYDEBUG rally.task.utils [-] Waiting for resource s_rally_1c6942ae_uXfKNmvf. Status changed: AVAILABLE => DETACHING in 0.40513110160827637
2019-12-20 00:49:15.400 2990 RALLYDEBUG rally.task.utils [-] Waiting for resource s_rally_1c6942ae_ERHnQLtA. Status changed: AVAILABLE => RESERVED in 0.4321105480194092
2019-12-20 00:49:15.807 2991 RALLYDEBUG rally.task.utils [-] Waiting for resource s_rally_1c6942ae_MlYhps57. Status changed: RESERVED => IN-USE in 2.421135425567627
2019-12-20 00:49:16.400 2991 RALLYDEBUG rally.task.utils [-] Waiting for resource s_rally_1c6942ae_MlYhps57. Status changed: AVAILABLE => DETACHING in 0.41524386405944824
2019-12-20 00:49:16.605 2992 RALLYDEBUG rally.task.utils [-] Waiting for resource s_rally_1c6942ae_hJi3MAJR. Status changed: DETACHING => AVAILABLE in 2.417292594909668
2019-12-20 00:49:16.699 2992 RALLYDEBUG rally.task.utils [-] Waiting for resource s_rally_1c6942ae_iBoybDFK. Status changed: AVAILABLE => DELETING in 0.02925562858581543
2019-12-20 00:49:17.245 2989 RALLYDEBUG rally.task.utils [-] Waiting for resource s_rally_1c6942ae_uXfKNmvf. Status changed: DETACHING => AVAILABLE in 2.4216134548187256
2019-12-20 00:49:17.343 2989 RALLYDEBUG rally.task.utils [-] Waiting for resource s_rally_1c6942ae_qg6EDIU1. Status changed: AVAILABLE => DELETING in 0.029072046279907227
2019-12-20 00:49:17.829 2990 RALLYDEBUG rally.task.utils [-] Waiting for resource s_rally_1c6942ae_ERHnQLtA. Status changed: RESERVED => IN-USE in 2.429645538330078
2019-12-20 00:49:18.421 2990 RALLYDEBUG rally.task.utils [-] Waiting for resource s_rally_1c6942ae_ERHnQLtA. Status changed: AVAILABLE => DETACHING in 0.4211137294769287
2019-12-20 00:49:18.820 2991 RALLYDEBUG rally.task.utils [-] Waiting for resource s_rally_1c6942ae_MlYhps57. Status changed: DETACHING => AVAILABLE in 2.4201786518096924
2019-12-20 00:49:18.853 2992 RALLYDEBUG rally.task.utils [-] Waiting for resource s_rally_1c6942ae_hJi3MAJR. Status changed: AVAILABLE => DELETING in 0.05828595161437988
2019-12-20 00:49:18.917 2991 RALLYDEBUG rally.task.utils [-] Waiting for resource s_rally_1c6942ae_0aYGiFD7. Status changed: AVAILABLE => DELETING in 0.026047945022583008
2019-12-20 00:49:19.539 2989 RALLYDEBUG rally.task.utils [-] Waiting for resource s_rally_1c6942ae_uXfKNmvf. Status changed: AVAILABLE => DELETING in 0.07259535789489746
2019-12-20 00:49:20.877 2990 RALLYDEBUG rally.task.utils [-] Waiting for resource s_rally_1c6942ae_ERHnQLtA. Status changed: DETACHING => AVAILABLE in 2.4551966190338135
2019-12-20 00:49:20.979 2990 RALLYDEBUG rally.task.utils [-] Waiting for resource s_rally_1c6942ae_WLY1svtz. Status changed: AVAILABLE => DELETING in 0.029155254364013672
2019-12-20 00:49:21.074 2991 RALLYDEBUG rally.task.utils [-] Waiting for resource s_rally_1c6942ae_MlYhps57. Status changed: AVAILABLE => DELETING in 0.06207537651062012
2019-12-20 00:49:23.138 2990 RALLYDEBUG rally.task.utils [-] Waiting for resource s_rally_1c6942ae_ERHnQLtA. Status changed: AVAILABLE => DELETING in 0.06127810478210449
2019-12-20 00:49:23.378 2992 INFO rally.task.runner [-] Task 06f98a6e-afe3-48de-880a-1947c5d5c107 | ITER: 5 END: OK
2019-12-20 00:49:23.383 2992 INFO rally.task.runner [-] Task 06f98a6e-afe3-48de-880a-1947c5d5c107 | ITER: 9 START
2019-12-20 00:49:24.051 2989 INFO rally.task.runner [-] Task 06f98a6e-afe3-48de-880a-1947c5d5c107 | ITER: 6 END: OK
2019-12-20 00:49:24.055 2989 INFO rally.task.runner [-] Task 06f98a6e-afe3-48de-880a-1947c5d5c107 | ITER: 10 START
2019-12-20 00:49:25.535 2991 INFO rally.task.runner [-] Task 06f98a6e-afe3-48de-880a-1947c5d5c107 | ITER: 8 END: OK
2019-12-20 00:49:27.586 2990 INFO rally.task.runner [-] Task 06f98a6e-afe3-48de-880a-1947c5d5c107 | ITER: 7 END: OK
2019-12-20 00:49:30.300 2992 RALLYDEBUG rally.task.utils [-] Waiting for resource s_rally_1c6942ae_At2SwTRv. Status changed: BUILD => ACTIVE in 4.591437578201294
2019-12-20 00:49:33.450 2989 RALLYDEBUG rally.task.utils [-] Waiting for resource s_rally_1c6942ae_yRLLifAz. Status changed: BUILD => ACTIVE in 7.011998414993286
2019-12-20 00:49:35.965 2992 RALLYDEBUG rally.task.utils [-] Waiting for resource s_rally_1c6942ae_ObDRUvsm. Status changed: AVAILABLE => RESERVED in 0.410006046295166
2019-12-20 00:49:38.424 2992 RALLYDEBUG rally.task.utils [-] Waiting for resource s_rally_1c6942ae_ObDRUvsm. Status changed: RESERVED => IN-USE in 2.459728479385376
2019-12-20 00:49:38.780 2989 RALLYDEBUG rally.task.utils [-] Waiting for resource s_rally_1c6942ae_Xrjj2mXz. Status changed: AVAILABLE => RESERVED in 0.4382801055908203
2019-12-20 00:49:39.008 2992 RALLYDEBUG rally.task.utils [-] Waiting for resource s_rally_1c6942ae_ObDRUvsm. Status changed: AVAILABLE => DETACHING in 0.4169924259185791
2019-12-20 00:49:41.217 2989 RALLYDEBUG rally.task.utils [-] Waiting for resource s_rally_1c6942ae_Xrjj2mXz. Status changed: RESERVED => IN-USE in 2.436770439147949
2019-12-20 00:49:41.456 2992 RALLYDEBUG rally.task.utils [-] Waiting for resource s_rally_1c6942ae_ObDRUvsm. Status changed: DETACHING => AVAILABLE in 2.4479541778564453
2019-12-20 00:49:41.547 2992 RALLYDEBUG rally.task.utils [-] Waiting for resource s_rally_1c6942ae_4v98R2xg. Status changed: AVAILABLE => DELETING in 0.027776479721069336
2019-12-20 00:49:41.844 2989 RALLYDEBUG rally.task.utils [-] Waiting for resource s_rally_1c6942ae_Xrjj2mXz. Status changed: AVAILABLE => DETACHING in 0.43943166732788086
2019-12-20 00:49:43.718 2992 RALLYDEBUG rally.task.utils [-] Waiting for resource s_rally_1c6942ae_ObDRUvsm. Status changed: AVAILABLE => DELETING in 0.07175827026367188
2019-12-20 00:49:44.285 2989 RALLYDEBUG rally.task.utils [-] Waiting for resource s_rally_1c6942ae_Xrjj2mXz. Status changed: DETACHING => AVAILABLE in 2.4402453899383545
2019-12-20 00:49:44.389 2989 RALLYDEBUG rally.task.utils [-] Waiting for resource s_rally_1c6942ae_M7B0yA3E. Status changed: AVAILABLE => DELETING in 0.030590057373046875
2019-12-20 00:49:46.573 2989 RALLYDEBUG rally.task.utils [-] Waiting for resource s_rally_1c6942ae_Xrjj2mXz. Status changed: AVAILABLE => DELETING in 0.0677487850189209
2019-12-20 00:49:48.325 2992 INFO rally.task.runner [-] Task 06f98a6e-afe3-48de-880a-1947c5d5c107 | ITER: 9 END: OK
2019-12-20 00:49:51.183 2989 INFO rally.task.runner [-] Task 06f98a6e-afe3-48de-880a-1947c5d5c107 | ITER: 10 END: OK
2019-12-20 00:49:51.209 1845 INFO rally.task.context [-] Task 06f98a6e-afe3-48de-880a-1947c5d5c107 | Context cleanup@openstack cleanup() started
2019-12-20 00:49:51.214 1845 RALLYDEBUG rally_openstack.cleanup.manager [-] Cleaning up nova servers objects
2019-12-20 00:49:52.682 1845 RALLYDEBUG rally_openstack.cleanup.manager [-] Cleaning up nova server_groups objects
2019-12-20 00:49:53.824 1845 RALLYDEBUG rally_openstack.cleanup.manager [-] Cleaning up nova keypairs objects
2019-12-20 00:49:56.130 1845 RALLYDEBUG rally_openstack.cleanup.manager [-] Cleaning up cinder backups objects
2019-12-20 00:49:57.291 1845 RALLYDEBUG rally_openstack.cleanup.manager [-] Cleaning up cinder volume_snapshots objects
2019-12-20 00:49:58.459 1845 RALLYDEBUG rally_openstack.cleanup.manager [-] Cleaning up cinder transfers objects
2019-12-20 00:49:59.619 1845 RALLYDEBUG rally_openstack.cleanup.manager [-] Cleaning up cinder volumes objects
2019-12-20 00:50:00.864 1845 INFO rally.task.context [-] Task 06f98a6e-afe3-48de-880a-1947c5d5c107 | Context cleanup@openstack cleanup() finished in 9.66 sec
2019-12-20 00:50:00.865 1845 INFO rally.task.context [-] Task 06f98a6e-afe3-48de-880a-1947c5d5c107 | Context quotas@openstack cleanup() started
2019-12-20 00:50:00.952 1845 INFO rally.task.context [-] Task 06f98a6e-afe3-48de-880a-1947c5d5c107 | Context quotas@openstack cleanup() finished in 87.30 msec
2019-12-20 00:50:00.952 1845 INFO rally.task.context [-] Task 06f98a6e-afe3-48de-880a-1947c5d5c107 | Context api_versions@openstack cleanup() started
2019-12-20 00:50:00.953 1845 INFO rally.task.context [-] Task 06f98a6e-afe3-48de-880a-1947c5d5c107 | Context api_versions@openstack cleanup() finished in 0.35 msec
2019-12-20 00:50:00.953 1845 INFO rally.task.context [-] Task 06f98a6e-afe3-48de-880a-1947c5d5c107 | Context users@openstack cleanup() started
2019-12-20 00:50:05.012 1845 INFO rally.task.context [-] Task 06f98a6e-afe3-48de-880a-1947c5d5c107 | Context users@openstack cleanup() finished in 4.06 sec
2019-12-20 00:50:05.625 1845 INFO rally.task.engine [-] Load duration is: 76.391344
2019-12-20 00:50:05.626 1845 INFO rally.task.engine [-] Full runner duration is: 77.443747
2019-12-20 00:50:05.626 1845 INFO rally.task.engine [-] Full duration is: 95.844448
2019-12-20 00:50:05.986 1845 INFO rally.task.engine [-] Running workload: position = 0 config = { "version": 2, "title": "A cropped version of a bigger task.", "description": "Auto-generated task from a single workload (uuid=62d06df3-d857-4b90-9666-73075efa8e1e)", "subtasks": [ { "title": "CinderVolumes.create_snapshot_and_attach_volume", "description": "Create vm, volume, snapshot and attach/detach volume.", "scenario": { "CinderVolumes.create_snapshot_and_attach_volume": { "flavor": { "name": "rally_full-flavor_aa5cb567-149c-4467-982a-9c05bad8048a" }, "image": { "name": "rally_full-img_aa5cb567-149c-4467-982a-9c05bad8048a" }, "size": { "min": 1, "max": 1 }, "create_vm_params": { "nics": [ { "net-id": "ec715f9f-97db-49ca-b75c-c1382ea24986" } ] } } }, "contexts": { "users": { "tenants": 3, "users_per_tenant": 2 }, "quotas": { "cinder": { "gigabytes": -1, "snapshots": -1, "volumes": -1 } }, "api_versions": { "cinder": { "version": 3, "service_type": "volumev3" } } }, "runner": { "constant": { "concurrency": 4, "times": 10 } }, "hooks": [], "sla": { "failure_rate": { "max": 0 } } } ] }
2019-12-20 00:50:06.014 1845 RALLYDEBUG rally_openstack.contexts.keystone.users [-] Creating 3 tenants using 20 threads
2019-12-20 00:50:07.158 1845 RALLYDEBUG rally_openstack.contexts.keystone.users [-] Creating 6 users using 20 threads
2019-12-20 00:50:08.707 1845 INFO rally.task.context [-] Task 06f98a6e-afe3-48de-880a-1947c5d5c107 | Context users@openstack setup() finished in 2.69 sec
2019-12-20 00:50:09.121 1845 INFO rally.task.context [-] Task 06f98a6e-afe3-48de-880a-1947c5d5c107 | Context api_versions@openstack setup() finished in 0.41 sec
2019-12-20 00:50:10.128 1845 INFO rally.task.context [-] Task 06f98a6e-afe3-48de-880a-1947c5d5c107 | Context quotas@openstack setup() finished in 1.01 sec
2019-12-20 00:50:10.128 1845 INFO rally.task.context [-] Task 06f98a6e-afe3-48de-880a-1947c5d5c107 | Context cleanup@openstack setup() finished in 0.02 msec
2019-12-20 00:50:11.193 1845 RALLYDEBUG rally.task.runner [-] Starting the constant runner (task UUID: 06f98a6e-afe3-48de-880a-1947c5d5c107). times: 10 concurrency: 4 timeout: 0 max_cpu_used: 16 processes_to_start: 4 concurrency_per_worker: 1 concurrency_overhead: 0
2019-12-20 00:50:11.206 3233 RALLYDEBUG rally.task.runner [-] Starting a worker. times: 10 duration: None concurrency: 1 timeout: 0 cls: method_name: run args: {"flavor": "8f24f274-2ec7-4ee9-81fe-eb3126b4566a", "image": "836ce450-ad34-4e7f-b690-ce378b347e82", "size": {"min": 1, "max": 1}, "create_vm_params": {"nics": [{"net-id": "ec715f9f-97db-49ca-b75c-c1382ea24986"}]}}
2019-12-20 00:50:11.209 3234 RALLYDEBUG rally.task.runner [-] Starting a worker. times: 10 duration: None concurrency: 1 timeout: 0 cls: method_name: run args: {"flavor": "8f24f274-2ec7-4ee9-81fe-eb3126b4566a", "image": "836ce450-ad34-4e7f-b690-ce378b347e82", "size": {"min": 1, "max": 1}, "create_vm_params": {"nics": [{"net-id": "ec715f9f-97db-49ca-b75c-c1382ea24986"}]}}
2019-12-20 00:50:11.213 3233 INFO rally.task.runner [-] Task 06f98a6e-afe3-48de-880a-1947c5d5c107 | ITER: 1 START
2019-12-20 00:50:11.213 3235 RALLYDEBUG rally.task.runner [-] Starting a worker. times: 10 duration: None concurrency: 1 timeout: 0 cls: method_name: run args: {"flavor": "8f24f274-2ec7-4ee9-81fe-eb3126b4566a", "image": "836ce450-ad34-4e7f-b690-ce378b347e82", "size": {"min": 1, "max": 1}, "create_vm_params": {"nics": [{"net-id": "ec715f9f-97db-49ca-b75c-c1382ea24986"}]}}
2019-12-20 00:50:11.216 3234 INFO rally.task.runner [-] Task 06f98a6e-afe3-48de-880a-1947c5d5c107 | ITER: 2 START
2019-12-20 00:50:11.217 3236 RALLYDEBUG rally.task.runner [-] Starting a worker. times: 10 duration: None concurrency: 1 timeout: 0 cls: method_name: run args: {"flavor": "8f24f274-2ec7-4ee9-81fe-eb3126b4566a", "image": "836ce450-ad34-4e7f-b690-ce378b347e82", "size": {"min": 1, "max": 1}, "create_vm_params": {"nics": [{"net-id": "ec715f9f-97db-49ca-b75c-c1382ea24986"}]}}
2019-12-20 00:50:11.220 3235 INFO rally.task.runner [-] Task 06f98a6e-afe3-48de-880a-1947c5d5c107 | ITER: 3 START
2019-12-20 00:50:11.224 3236 INFO rally.task.runner [-] Task 06f98a6e-afe3-48de-880a-1947c5d5c107 | ITER: 4 START
2019-12-20 00:50:22.827 3236 RALLYDEBUG rally.task.utils [-] Waiting for resource s_rally_62d06df3_oOFUWk7E. Status changed: BUILD => ACTIVE in 4.554269313812256
2019-12-20 00:50:22.897 3233 RALLYDEBUG rally.task.utils [-] Waiting for resource s_rally_62d06df3_UpfIOOIu. Status changed: BUILD => ACTIVE in 4.7274274826049805
2019-12-20 00:50:23.506 3236 RALLYDEBUG rally.task.utils [-] Waiting for resource s_rally_62d06df3_CSFStMC2. Status changed: AVAILABLE => RESERVED in 0.40288591384887695
2019-12-20 00:50:23.643 3233 RALLYDEBUG rally.task.utils [-] Waiting for resource s_rally_62d06df3_Yh5FeqPb. Status changed: AVAILABLE => RESERVED in 0.45928025245666504
2019-12-20 00:50:25.165 3235 RALLYDEBUG rally.task.utils [-] Waiting for resource s_rally_62d06df3_h63Vk0fE. Status changed: BUILD => ACTIVE in 6.816115617752075
2019-12-20 00:50:25.589 3234 RALLYDEBUG rally.task.utils [-] Waiting for resource s_rally_62d06df3_IOgOlYwK. Status changed: BUILD => ACTIVE in 7.3028504848480225
2019-12-20 00:50:25.843 3235 RALLYDEBUG rally.task.utils [-] Waiting for resource s_rally_62d06df3_WVoY3GK0. Status changed: AVAILABLE => RESERVED in 0.40584468841552734
2019-12-20 00:50:25.926 3236 RALLYDEBUG rally.task.utils [-] Waiting for resource s_rally_62d06df3_CSFStMC2. Status changed: RESERVED => IN-USE in 2.4204394817352295
2019-12-20 00:50:26.079 3233 RALLYDEBUG rally.task.utils [-] Waiting for resource s_rally_62d06df3_Yh5FeqPb. Status changed: RESERVED => IN-USE in 2.4354400634765625
2019-12-20 00:50:26.282 3234 RALLYDEBUG rally.task.utils [-] Waiting for resource s_rally_62d06df3_PgZvoTlD. Status changed: AVAILABLE => RESERVED in 0.4288599491119385
2019-12-20 00:50:26.645 3233 RALLYDEBUG rally.task.utils [-] Waiting for resource s_rally_62d06df3_Yh5FeqPb. Status changed: AVAILABLE => DETACHING in 0.4038376808166504
2019-12-20 00:50:26.661 3236 RALLYDEBUG rally.task.utils [-] Waiting for resource s_rally_62d06df3_CSFStMC2. Status changed: AVAILABLE => DETACHING in 0.42757177352905273
2019-12-20 00:50:28.268 3235 RALLYDEBUG rally.task.utils [-] Waiting for resource s_rally_62d06df3_WVoY3GK0. Status changed: RESERVED => IN-USE in 2.4247944355010986
2019-12-20 00:50:28.702 3234 RALLYDEBUG rally.task.utils [-] Waiting for resource s_rally_62d06df3_PgZvoTlD. Status changed: RESERVED => IN-USE in 2.420631170272827
2019-12-20 00:50:28.870 3235 RALLYDEBUG rally.task.utils [-] Waiting for resource s_rally_62d06df3_WVoY3GK0. Status changed: AVAILABLE => DETACHING in 0.41927218437194824
2019-12-20 00:50:29.053 3233 RALLYDEBUG rally.task.utils [-] Waiting for resource s_rally_62d06df3_Yh5FeqPb. Status changed: DETACHING => AVAILABLE in 2.408750534057617
2019-12-20 00:50:29.055 3236 RALLYDEBUG rally.task.utils [-] Waiting for resource s_rally_62d06df3_CSFStMC2. Status changed: DETACHING => AVAILABLE in 2.3944859504699707
2019-12-20 00:50:29.137 3233 RALLYDEBUG rally.task.utils [-] Waiting for resource s_rally_62d06df3_K2sxEE7P. Status changed: AVAILABLE => DELETING in 0.024433135986328125
2019-12-20 00:50:29.141 3236 RALLYDEBUG rally.task.utils [-] Waiting for resource s_rally_62d06df3_ILnxDzSN. Status changed: AVAILABLE => DELETING in 0.026837825775146484
2019-12-20 00:50:29.261 3234 RALLYDEBUG rally.task.utils [-] Waiting for resource s_rally_62d06df3_PgZvoTlD. Status changed: AVAILABLE => DETACHING in 0.40952014923095703
2019-12-20 00:50:31.301 3236 RALLYDEBUG rally.task.utils [-] Waiting for resource s_rally_62d06df3_CSFStMC2. Status changed: AVAILABLE => DELETING in 0.057727813720703125
2019-12-20 00:50:31.302 3233 RALLYDEBUG rally.task.utils [-] Waiting for resource s_rally_62d06df3_Yh5FeqPb. Status changed: AVAILABLE => DELETING in 0.05631685256958008
2019-12-20 00:50:31.315 3235 RALLYDEBUG rally.task.utils [-] Waiting for resource s_rally_62d06df3_WVoY3GK0. Status changed: DETACHING => AVAILABLE in 2.443976640701294
2019-12-20 00:50:31.411 3235 RALLYDEBUG rally.task.utils [-] Waiting for resource s_rally_62d06df3_fPVB1jHh. Status changed: AVAILABLE => DELETING in 0.026906728744506836
2019-12-20 00:50:31.697 3234 RALLYDEBUG rally.task.utils [-] Waiting for resource s_rally_62d06df3_PgZvoTlD. Status changed: DETACHING => AVAILABLE in 2.435704469680786
2019-12-20 00:50:31.796 3234 RALLYDEBUG rally.task.utils [-] Waiting for resource s_rally_62d06df3_iHBYCPqT. Status changed: AVAILABLE => DELETING in 0.030649423599243164
2019-12-20 00:50:33.552 3235 RALLYDEBUG rally.task.utils [-] Waiting for resource s_rally_62d06df3_WVoY3GK0. Status changed: AVAILABLE => DELETING in 0.05533766746520996
2019-12-20 00:50:33.930 3234 RALLYDEBUG rally.task.utils [-] Waiting for resource s_rally_62d06df3_PgZvoTlD. Status changed: AVAILABLE => DELETING in 0.05279111862182617
2019-12-20 00:50:35.709 3233 INFO rally.task.runner [-] Task 06f98a6e-afe3-48de-880a-1947c5d5c107 | ITER: 1 END: OK
2019-12-20 00:50:35.716 3233 INFO rally.task.runner [-] Task 06f98a6e-afe3-48de-880a-1947c5d5c107 | ITER: 5 START
2019-12-20 00:50:35.753 3236 INFO rally.task.runner [-] Task 06f98a6e-afe3-48de-880a-1947c5d5c107 | ITER: 4 END: OK
2019-12-20 00:50:35.760 3236 INFO rally.task.runner [-] Task 06f98a6e-afe3-48de-880a-1947c5d5c107 | ITER: 6 START
2019-12-20 00:50:38.065 3235 INFO rally.task.runner [-] Task 06f98a6e-afe3-48de-880a-1947c5d5c107 | ITER: 3 END: OK
2019-12-20 00:50:38.071 3235 INFO rally.task.runner [-] Task 06f98a6e-afe3-48de-880a-1947c5d5c107 | ITER: 7 START
2019-12-20 00:50:38.581 3234 INFO rally.task.runner [-] Task 06f98a6e-afe3-48de-880a-1947c5d5c107 | ITER: 2 END: OK
2019-12-20 00:50:38.587 3234 INFO rally.task.runner [-] Task 06f98a6e-afe3-48de-880a-1947c5d5c107 | ITER: 8 START
2019-12-20 00:50:47.139 3233 RALLYDEBUG rally.task.utils [-] Waiting for resource s_rally_62d06df3_w3QSGWuF. Status changed: BUILD => ACTIVE in 4.495039463043213
2019-12-20 00:50:47.834 3233 RALLYDEBUG rally.task.utils [-] Waiting for resource s_rally_62d06df3_5gT48SPo. Status changed: AVAILABLE => RESERVED in 0.4188656806945801
2019-12-20 00:50:49.517 3236 RALLYDEBUG rally.task.utils [-] Waiting for resource s_rally_62d06df3_LdLm6QEC. Status changed: BUILD => ACTIVE in 6.927902460098267
2019-12-20 00:50:50.123 3234 RALLYDEBUG rally.task.utils [-] Waiting for resource s_rally_62d06df3_UiKKYdEP. Status changed: BUILD => ACTIVE in 4.605844497680664
2019-12-20 00:50:50.174 3236 RALLYDEBUG rally.task.utils [-] Waiting for resource s_rally_62d06df3_NdNilTxl. Status changed: AVAILABLE => RESERVED in 0.40633273124694824
2019-12-20 00:50:50.250 3233 RALLYDEBUG rally.task.utils [-] Waiting for resource s_rally_62d06df3_5gT48SPo. Status changed: RESERVED => IN-USE in 2.416734218597412
2019-12-20 00:50:50.783 3234 RALLYDEBUG rally.task.utils [-] Waiting for resource s_rally_62d06df3_GszjsUfT. Status changed: AVAILABLE => RESERVED in 0.4076070785522461
2019-12-20 00:50:50.810 3233 RALLYDEBUG rally.task.utils [-] Waiting for resource s_rally_62d06df3_5gT48SPo. Status changed: AVAILABLE => DETACHING in 0.39902687072753906
2019-12-20 00:50:52.289 3235 RALLYDEBUG rally.task.utils [-] Waiting for resource s_rally_62d06df3_ykBYBj2F. Status changed: BUILD => ACTIVE in 7.049074649810791
2019-12-20 00:50:52.585 3236 RALLYDEBUG rally.task.utils [-] Waiting for resource s_rally_62d06df3_NdNilTxl. Status changed: RESERVED => IN-USE in 2.4103963375091553
2019-12-20 00:50:53.012 3235 RALLYDEBUG rally.task.utils [-] Waiting for resource s_rally_62d06df3_c7trMkOO. Status changed: AVAILABLE => RESERVED in 0.40480566024780273
2019-12-20 00:50:53.147 3236 RALLYDEBUG rally.task.utils [-] Waiting for resource s_rally_62d06df3_NdNilTxl. Status changed: AVAILABLE => DETACHING in 0.4061107635498047
2019-12-20 00:50:53.193 3234 RALLYDEBUG rally.task.utils [-] Waiting for resource s_rally_62d06df3_GszjsUfT. Status changed: RESERVED => IN-USE in 2.4099526405334473
2019-12-20 00:50:53.197 3233 RALLYDEBUG rally.task.utils [-] Waiting for resource s_rally_62d06df3_5gT48SPo. Status changed: DETACHING => AVAILABLE in 2.387629508972168
2019-12-20 00:50:53.278 3233 RALLYDEBUG rally.task.utils [-] Waiting for resource s_rally_62d06df3_fVXChKsS. Status changed: AVAILABLE => DELETING in 0.02494335174560547
2019-12-20 00:50:53.747 3234 RALLYDEBUG rally.task.utils [-] Waiting for resource s_rally_62d06df3_GszjsUfT. Status changed: AVAILABLE => DETACHING in 0.4024176597595215
2019-12-20 00:50:55.434 3235 RALLYDEBUG rally.task.utils [-] Waiting for resource s_rally_62d06df3_c7trMkOO. Status changed: RESERVED => IN-USE in 2.422189235687256
2019-12-20 00:50:55.437 3233 RALLYDEBUG rally.task.utils [-] Waiting for resource s_rally_62d06df3_5gT48SPo. Status changed: AVAILABLE => DELETING in 0.05921220779418945
2019-12-20 00:50:55.590 3236 RALLYDEBUG rally.task.utils [-] Waiting for resource s_rally_62d06df3_NdNilTxl. Status changed: DETACHING => AVAILABLE in 2.4424057006835938
2019-12-20 00:50:55.686 3236 RALLYDEBUG rally.task.utils [-] Waiting for resource s_rally_62d06df3_yKJWELkM. Status changed: AVAILABLE => DELETING in 0.026471853256225586
2019-12-20 00:50:56.009 3235 RALLYDEBUG rally.task.utils [-] Waiting for resource s_rally_62d06df3_c7trMkOO. Status changed: AVAILABLE => DETACHING in 0.40644121170043945
2019-12-20 00:50:56.148 3234 RALLYDEBUG rally.task.utils [-] Waiting for resource s_rally_62d06df3_GszjsUfT. Status changed: DETACHING => AVAILABLE in 2.4012844562530518
2019-12-20 00:50:56.243 3234 RALLYDEBUG rally.task.utils [-] Waiting for resource s_rally_62d06df3_abU8QYes. Status changed: AVAILABLE => DELETING in 0.027768850326538086
2019-12-20 00:50:57.828 3236 RALLYDEBUG rally.task.utils [-] Waiting for resource s_rally_62d06df3_NdNilTxl. Status changed: AVAILABLE => DELETING in 0.060324907302856445
