2019-12-20 01:26:56.973 13785 RALLYDEBUG rally_openstack.cleanup.manager [-] Deleting neutron.router object s_rally_9e8a8364_HjPCBV7T (dcc27577-635a-4302-b67e-47dc2b99a604)
2019-12-20 01:26:56.990 13785 RALLYDEBUG rally_openstack.cleanup.manager [-] Deleting neutron.router object s_rally_9e8a8364_WxqrQWQr (e5e0ecd2-f9cd-4c82-bdb6-5bf80e787165)
2019-12-20 01:26:56.994 13785 RALLYDEBUG rally_openstack.cleanup.manager [-] Deleting neutron.router object s_rally_9e8a8364_qNtEuaHQ (9cd6815b-a344-4484-80c4-efad6faae87b)
2019-12-20 01:26:57.003 13785 RALLYDEBUG rally_openstack.cleanup.manager [-] Deleting neutron.router object s_rally_9e8a8364_uKbXnwNM (fb8f74f3-137e-4372-bc66-c6368b71bd50)
2019-12-20 01:26:59.527 13785 RALLYDEBUG rally_openstack.cleanup.manager [-] Cleaning up neutron security_group objects
2019-12-20 01:27:00.782 13785 INFO rally.task.context [-] Task 3acac26d-d59f-4247-8a29-57c0db0b4acf | Context cleanup@openstack cleanup() finished in 28.05 sec
2019-12-20 01:27:00.783 13785 INFO rally.task.context [-] Task 3acac26d-d59f-4247-8a29-57c0db0b4acf | Context quotas@openstack cleanup() started
2019-12-20 01:27:00.986 13785 INFO rally.task.context [-] Task 3acac26d-d59f-4247-8a29-57c0db0b4acf | Context quotas@openstack cleanup() finished in 0.20 sec
2019-12-20 01:27:00.986 13785 INFO rally.task.context [-] Task 3acac26d-d59f-4247-8a29-57c0db0b4acf | Context users@openstack cleanup() started
2019-12-20 01:27:05.106 13785 INFO rally.task.context [-] Task 3acac26d-d59f-4247-8a29-57c0db0b4acf | Context users@openstack cleanup() finished in 4.12 sec
2019-12-20 01:27:06.821 13785 INFO rally.task.engine [-] Load duration is: 10.452215
2019-12-20 01:27:06.822 13785 INFO rally.task.engine [-] Full runner duration is: 10.497301
2019-12-20 01:27:06.822 13785 INFO rally.task.engine [-] Full duration is: 46.555068
2019-12-20 01:27:07.116 13785 INFO rally.task.engine [-] Running workload: position = 0 config = { "version": 2, "title": "A cropped version of a bigger task.", "description": "Auto-generated task from a single workload (uuid=80a447fd-35c1-44e2-a437-f8cc1d4e1a37)", "subtasks": [ { "title": "NeutronNetworks.create_and_list_subnets", "description": "Create and a given number of subnets and list all subnets.", "scenario": { "NeutronNetworks.create_and_list_subnets": { "network_create_args": {}, "subnet_cidr_start": "1.1.0.0/30", "subnet_create_args": {}, "subnets_per_network": 1 } }, "contexts": { "users": { "tenants": 3, "users_per_tenant": 2 }, "quotas": { "neutron": { "network": -1, "subnet": -1 } } }, "runner": { "constant": { "concurrency": 4, "times": 10 } }, "hooks": [], "sla": { "failure_rate": { "max": 0 } } } ] }
2019-12-20 01:27:07.140 13785 RALLYDEBUG rally_openstack.contexts.keystone.users [-] Creating 3 tenants using 20 threads
2019-12-20 01:27:08.092 13785 RALLYDEBUG rally_openstack.contexts.keystone.users [-] Creating 6 users using 20 threads
2019-12-20 01:27:09.799 13785 INFO rally.task.context [-] Task 3acac26d-d59f-4247-8a29-57c0db0b4acf | Context users@openstack setup() finished in 2.66 sec
2019-12-20 01:27:10.680 13785 INFO rally.task.context [-] Task 3acac26d-d59f-4247-8a29-57c0db0b4acf | Context quotas@openstack setup() finished in 0.88 sec
2019-12-20 01:27:10.680 13785 INFO rally.task.context [-] Task 3acac26d-d59f-4247-8a29-57c0db0b4acf | Context cleanup@openstack setup() finished in 0.01 msec
2019-12-20 01:27:10.689 13785 RALLYDEBUG rally.task.runner [-] Starting the constant runner (task UUID: 3acac26d-d59f-4247-8a29-57c0db0b4acf). times: 10 concurrency: 4 timeout: 0 max_cpu_used: 16 processes_to_start: 4 concurrency_per_worker: 1 concurrency_overhead: 0
2019-12-20 01:27:10.701 17473 RALLYDEBUG rally.task.runner [-] Starting a worker. times: 10 duration: None concurrency: 1 timeout: 0 cls: method_name: run args: {"network_create_args": {}, "subnet_cidr_start": "1.1.0.0/30", "subnet_create_args": {}, "subnets_per_network": 1}
2019-12-20 01:27:10.705 17474 RALLYDEBUG rally.task.runner [-] Starting a worker. times: 10 duration: None concurrency: 1 timeout: 0 cls: method_name: run args: {"network_create_args": {}, "subnet_cidr_start": "1.1.0.0/30", "subnet_create_args": {}, "subnets_per_network": 1}
2019-12-20 01:27:10.708 17473 INFO rally.task.runner [-] Task 3acac26d-d59f-4247-8a29-57c0db0b4acf | ITER: 1 START
2019-12-20 01:27:10.708 17475 RALLYDEBUG rally.task.runner [-] Starting a worker. times: 10 duration: None concurrency: 1 timeout: 0 cls: method_name: run args: {"network_create_args": {}, "subnet_cidr_start": "1.1.0.0/30", "subnet_create_args": {}, "subnets_per_network": 1}
2019-12-20 01:27:10.711 17474 INFO rally.task.runner [-] Task 3acac26d-d59f-4247-8a29-57c0db0b4acf | ITER: 2 START
2019-12-20 01:27:10.712 17476 RALLYDEBUG rally.task.runner [-] Starting a worker. times: 10 duration: None concurrency: 1 timeout: 0 cls: method_name: run args: {"network_create_args": {}, "subnet_cidr_start": "1.1.0.0/30", "subnet_create_args": {}, "subnets_per_network": 1}
2019-12-20 01:27:10.715 17475 INFO rally.task.runner [-] Task 3acac26d-d59f-4247-8a29-57c0db0b4acf | ITER: 3 START
2019-12-20 01:27:10.718 17476 INFO rally.task.runner [-] Task 3acac26d-d59f-4247-8a29-57c0db0b4acf | ITER: 4 START
2019-12-20 01:27:11.397 17476 RALLYDEBUG rally_openstack.wrappers.network [-] CIDR generated: 1.1.0.248/30
2019-12-20 01:27:11.426 17473 RALLYDEBUG rally_openstack.wrappers.network [-] CIDR generated: 1.1.0.252/30
2019-12-20 01:27:11.625 17474 RALLYDEBUG rally_openstack.wrappers.network [-] CIDR generated: 1.1.1.0/30
2019-12-20 01:27:11.960 17475 RALLYDEBUG rally_openstack.wrappers.network [-] CIDR generated: 1.1.1.4/30
2019-12-20 01:27:12.100 17476 INFO rally.task.runner [-] Task 3acac26d-d59f-4247-8a29-57c0db0b4acf | ITER: 4 END: OK
2019-12-20 01:27:12.105 17476 INFO rally.task.runner [-] Task 3acac26d-d59f-4247-8a29-57c0db0b4acf | ITER: 5 START
2019-12-20 01:27:12.115 17473 INFO rally.task.runner [-] Task 3acac26d-d59f-4247-8a29-57c0db0b4acf | ITER: 1 END: OK
2019-12-20 01:27:12.120 17473 INFO rally.task.runner [-] Task 3acac26d-d59f-4247-8a29-57c0db0b4acf | ITER: 6 START
2019-12-20 01:27:12.435 17474 INFO rally.task.runner [-] Task 3acac26d-d59f-4247-8a29-57c0db0b4acf | ITER: 2 END: OK
2019-12-20 01:27:12.439 17474 INFO rally.task.runner [-] Task 3acac26d-d59f-4247-8a29-57c0db0b4acf | ITER: 7 START
2019-12-20 01:27:12.561 17476 RALLYDEBUG rally_openstack.wrappers.network [-] CIDR generated: 1.1.1.8/30
2019-12-20 01:27:12.759 17473 RALLYDEBUG rally_openstack.wrappers.network [-] CIDR generated: 1.1.1.12/30
2019-12-20 01:27:12.930 17474 RALLYDEBUG rally_openstack.wrappers.network [-] CIDR generated: 1.1.1.16/30
2019-12-20 01:27:12.984 17475 INFO rally.task.runner [-] Task 3acac26d-d59f-4247-8a29-57c0db0b4acf | ITER: 3 END: OK
2019-12-20 01:27:12.989 17475 INFO rally.task.runner [-] Task 3acac26d-d59f-4247-8a29-57c0db0b4acf | ITER: 8 START
2019-12-20 01:27:13.400 17473 INFO rally.task.runner [-] Task 3acac26d-d59f-4247-8a29-57c0db0b4acf | ITER: 6 END: OK
2019-12-20 01:27:13.404 17473 INFO rally.task.runner [-] Task 3acac26d-d59f-4247-8a29-57c0db0b4acf | ITER: 9 START
2019-12-20 01:27:13.493 17475 RALLYDEBUG rally_openstack.wrappers.network [-] CIDR generated: 1.1.1.20/30
2019-12-20 01:27:13.622 17476 INFO rally.task.runner [-] Task 3acac26d-d59f-4247-8a29-57c0db0b4acf | ITER: 5 END: OK
2019-12-20 01:27:13.625 17476 INFO rally.task.runner [-] Task 3acac26d-d59f-4247-8a29-57c0db0b4acf | ITER: 10 START
2019-12-20 01:27:14.000 17474 INFO rally.task.runner [-] Task 3acac26d-d59f-4247-8a29-57c0db0b4acf | ITER: 7 END: OK
2019-12-20 01:27:14.080 17473 RALLYDEBUG rally_openstack.wrappers.network [-] CIDR generated: 1.1.1.24/30
2019-12-20 01:27:14.112 17476 RALLYDEBUG rally_openstack.wrappers.network [-] CIDR generated: 1.1.1.28/30
2019-12-20 01:27:14.290 17475 INFO rally.task.runner [-] Task 3acac26d-d59f-4247-8a29-57c0db0b4acf | ITER: 8 END: OK
2019-12-20 01:27:14.815 17476 INFO rally.task.runner [-] Task 3acac26d-d59f-4247-8a29-57c0db0b4acf | ITER: 10 END: OK
2019-12-20 01:27:14.822 17473 INFO rally.task.runner [-] Task 3acac26d-d59f-4247-8a29-57c0db0b4acf | ITER: 9 END: OK
2019-12-20 01:27:14.850 13785 INFO rally.task.context [-] Task 3acac26d-d59f-4247-8a29-57c0db0b4acf | Context cleanup@openstack cleanup() started
2019-12-20 01:27:14.854 13785 RALLYDEBUG rally_openstack.cleanup.manager [-] Cleaning up neutron vip objects
2019-12-20 01:27:15.938 13785 RALLYDEBUG rally_openstack.cleanup.manager [-] Cleaning up neutron health_monitor objects
2019-12-20 01:27:17.020 13785 RALLYDEBUG rally_openstack.cleanup.manager [-] Cleaning up neutron pool objects
2019-12-20 01:27:18.134 13785 RALLYDEBUG rally_openstack.cleanup.manager [-] Cleaning up neutron loadbalancer objects
2019-12-20 01:27:19.219 13785 RALLYDEBUG rally_openstack.cleanup.manager [-] Cleaning up neutron floatingip objects
2019-12-20 01:27:20.430 13785 RALLYDEBUG rally_openstack.cleanup.manager [-] Cleaning up neutron trunk objects
2019-12-20 01:27:21.578 13785 RALLYDEBUG rally_openstack.cleanup.manager [-] Cleaning up neutron port objects
2019-12-20 01:27:22.896 13785 RALLYDEBUG rally_openstack.cleanup.manager [-] Cleaning up neutron subnet objects
2019-12-20 01:27:24.206 13785 RALLYDEBUG rally_openstack.cleanup.manager [-] Deleting neutron.subnet object s_rally_80a447fd_JwFxuazN (356de834-2987-4d8a-847a-f119d692fbfe)
2019-12-20 01:27:24.215 13785 RALLYDEBUG rally_openstack.cleanup.manager [-] Deleting neutron.subnet object s_rally_80a447fd_b7vadgMg (7d142834-9a05-4b02-97e0-bb9cedf75bc0)
2019-12-20 01:27:24.224 13785 RALLYDEBUG rally_openstack.cleanup.manager [-] Deleting neutron.subnet object s_rally_80a447fd_uzGsdCzE (264142f9-d747-4fd6-b233-6febe2408de1)
2019-12-20 01:27:24.232 13785 RALLYDEBUG rally_openstack.cleanup.manager [-] Deleting neutron.subnet object s_rally_80a447fd_m3LMbMPP (27b23ad4-2e4e-4332-af7f-3d6190fce5f9)
2019-12-20 01:27:24.237 13785 RALLYDEBUG rally_openstack.cleanup.manager [-] Deleting neutron.subnet object s_rally_80a447fd_U1xC7s70 (ba60adfe-ac26-4f28-a04d-39a5ca2c2891)
2019-12-20 01:27:24.248 13785 RALLYDEBUG rally_openstack.cleanup.manager [-] Deleting neutron.subnet object s_rally_80a447fd_vSLixEXD (c78e7e51-2fee-4bc2-b12f-d08dbf4c4ad8)
2019-12-20 01:27:24.261 13785 RALLYDEBUG rally_openstack.cleanup.manager [-] Deleting neutron.subnet object s_rally_80a447fd_ncT95jVi (08cc5f50-65b1-4b69-ac9f-a5821ddedaf4)
2019-12-20 01:27:24.272 13785 RALLYDEBUG rally_openstack.cleanup.manager [-] Deleting neutron.subnet object s_rally_80a447fd_1Wx0XTy2 (0a75cdbd-f5d5-46c6-a177-c84bb3325a10)
2019-12-20 01:27:24.280 13785 RALLYDEBUG rally_openstack.cleanup.manager [-] Deleting neutron.subnet object s_rally_80a447fd_wSR2G3wv (34d93cbc-3d4a-4d2d-9784-ab2308d93431)
2019-12-20 01:27:24.301 13785 RALLYDEBUG rally_openstack.cleanup.manager [-] Deleting neutron.subnet object s_rally_80a447fd_dprUR9b1 (95423126-dd73-47e3-8ab8-f82fc0e7dba7)
2019-12-20 01:27:27.663 13785 RALLYDEBUG rally_openstack.cleanup.manager [-] Cleaning up neutron network objects
2019-12-20 01:27:29.027 13785 RALLYDEBUG rally_openstack.cleanup.manager [-] Deleting neutron.network object s_rally_80a447fd_Zy7wuRAb (630685d1-c179-4b27-9a71-467f69c8c4e3)
2019-12-20 01:27:29.036 13785 RALLYDEBUG rally_openstack.cleanup.manager [-] Deleting neutron.network object s_rally_80a447fd_x1xuXbis (9d01e4f4-b7cc-4a55-8204-0ddcbd380bbc)
2019-12-20 01:27:29.045 13785 RALLYDEBUG rally_openstack.cleanup.manager [-] Deleting neutron.network object s_rally_80a447fd_hNppOSiV (1723c64e-065a-40a2-a8a5-1bdf123249e8)
2019-12-20 01:27:29.049 13785 RALLYDEBUG rally_openstack.cleanup.manager [-] Deleting neutron.network object s_rally_80a447fd_5hY8FT4q (1aba6b30-ff7f-461b-ac39-545d5d2abe7f)
2019-12-20 01:27:29.060 13785 RALLYDEBUG rally_openstack.cleanup.manager [-] Deleting neutron.network object s_rally_80a447fd_hrQLLq20 (3c9bcd9e-86a9-41f7-b530-71f7093ab48b)
2019-12-20 01:27:29.083 13785 RALLYDEBUG rally_openstack.cleanup.manager [-] Deleting neutron.network object s_rally_80a447fd_FqpHkl1o (e9f0e77a-04ac-46d1-9842-501626f1c279)
2019-12-20 01:27:29.087 13785 RALLYDEBUG rally_openstack.cleanup.manager [-] Deleting neutron.network object s_rally_80a447fd_F4xPjhNP (19942cc2-f424-4876-afb0-7c563de7b100)
2019-12-20 01:27:29.098 13785 RALLYDEBUG rally_openstack.cleanup.manager [-] Deleting neutron.network object s_rally_80a447fd_C8E4S7BK (a6994c7c-c4de-48aa-974c-b7bee82f9812)
2019-12-20 01:27:29.113 13785 RALLYDEBUG rally_openstack.cleanup.manager [-] Deleting neutron.network object s_rally_80a447fd_NqR7usPs (d7bcafad-3cd6-40a9-b2e0-b8ad2ccb39e9)
2019-12-20 01:27:29.127 13785 RALLYDEBUG rally_openstack.cleanup.manager [-] Deleting neutron.network object s_rally_80a447fd_VG6w4o0I (ef824acf-356a-4019-9cb1-31e790cffff6)
2019-12-20 01:27:31.641 13785 RALLYDEBUG rally_openstack.cleanup.manager [-] Cleaning up neutron router objects
2019-12-20 01:27:32.907 13785 RALLYDEBUG rally_openstack.cleanup.manager [-] Cleaning up neutron security_group objects
2019-12-20 01:27:34.176 13785 INFO rally.task.context [-] Task 3acac26d-d59f-4247-8a29-57c0db0b4acf | Context cleanup@openstack cleanup() finished in 19.33 sec
2019-12-20 01:27:34.176 13785 INFO rally.task.context [-] Task 3acac26d-d59f-4247-8a29-57c0db0b4acf | Context quotas@openstack cleanup() started
2019-12-20 01:27:34.316 13785 INFO rally.task.context [-] Task 3acac26d-d59f-4247-8a29-57c0db0b4acf | Context quotas@openstack cleanup() finished in 0.14 sec
2019-12-20 01:27:34.317 13785 INFO rally.task.context [-] Task 3acac26d-d59f-4247-8a29-57c0db0b4acf | Context users@openstack cleanup() started
2019-12-20 01:27:38.684 13785 INFO rally.task.context [-] Task 3acac26d-d59f-4247-8a29-57c0db0b4acf | Context users@openstack cleanup() finished in 4.37 sec
2019-12-20 01:27:39.327 13785 INFO rally.task.engine [-] Load duration is: 4.112816
2019-12-20 01:27:39.328 13785 INFO rally.task.engine [-] Full runner duration is: 4.16123
2019-12-20 01:27:39.328 13785 INFO rally.task.engine [-] Full duration is: 31.545551
2019-12-20 01:27:39.619 13785 INFO rally.task.engine [-] Running workload: position = 0 config = { "version": 2, "title": "A cropped version of a bigger task.", "description": "Auto-generated task from a single workload (uuid=d16422b2-b0b9-4eb0-8a50-dca0c2c5cf53)", "subtasks": [ { "title": "NeutronSecurityGroup.create_and_delete_security_groups", "description": "Create and delete Neutron security-groups.", "scenario": { "NeutronSecurityGroup.create_and_delete_security_groups": {} }, "contexts": { "users": { "tenants": 3, "users_per_tenant": 2 }, "quotas": { "neutron": { "security_group": -1 } } }, "runner": { "constant": { "concurrency": 4, "times": 10 } }, "hooks": [], "sla": { "failure_rate": { "max": 0 } } } ] }
2019-12-20 01:27:39.643 13785 RALLYDEBUG rally_openstack.contexts.keystone.users [-] Creating 3 tenants using 20 threads
2019-12-20 01:27:40.684 13785 RALLYDEBUG rally_openstack.contexts.keystone.users [-] Creating 6 users using 20 threads
2019-12-20 01:27:42.211 13785 INFO rally.task.context [-] Task 3acac26d-d59f-4247-8a29-57c0db0b4acf | Context users@openstack setup() finished in 2.57 sec
2019-12-20 01:27:43.084 13785 INFO rally.task.context [-] Task 3acac26d-d59f-4247-8a29-57c0db0b4acf | Context quotas@openstack setup() finished in 0.87 sec
2019-12-20 01:27:43.085 13785 INFO rally.task.context [-] Task 3acac26d-d59f-4247-8a29-57c0db0b4acf | Context cleanup@openstack setup() finished in 0.01 msec
2019-12-20 01:27:43.094 13785 RALLYDEBUG rally.task.runner [-] Starting the constant runner (task UUID: 3acac26d-d59f-4247-8a29-57c0db0b4acf). times: 10 concurrency: 4 timeout: 0 max_cpu_used: 16 processes_to_start: 4 concurrency_per_worker: 1 concurrency_overhead: 0
2019-12-20 01:27:43.105 17797 RALLYDEBUG rally.task.runner [-] Starting a worker. times: 10 duration: None concurrency: 1 timeout: 0 cls: method_name: run args: {}
2019-12-20 01:27:43.109 17798 RALLYDEBUG rally.task.runner [-] Starting a worker. times: 10 duration: None concurrency: 1 timeout: 0 cls: method_name: run args: {}
2019-12-20 01:27:43.112 17797 INFO rally.task.runner [-] Task 3acac26d-d59f-4247-8a29-57c0db0b4acf | ITER: 1 START
2019-12-20 01:27:43.112 17799 RALLYDEBUG rally.task.runner [-] Starting a worker. times: 10 duration: None concurrency: 1 timeout: 0 cls: method_name: run args: {}
2019-12-20 01:27:43.115 17798 INFO rally.task.runner [-] Task 3acac26d-d59f-4247-8a29-57c0db0b4acf | ITER: 2 START
2019-12-20 01:27:43.115 17801 RALLYDEBUG rally.task.runner [-] Starting a worker. times: 10 duration: None concurrency: 1 timeout: 0 cls: method_name: run args: {}
2019-12-20 01:27:43.119 17799 INFO rally.task.runner [-] Task 3acac26d-d59f-4247-8a29-57c0db0b4acf | ITER: 3 START
2019-12-20 01:27:43.121 17801 INFO rally.task.runner [-] Task 3acac26d-d59f-4247-8a29-57c0db0b4acf | ITER: 4 START
2019-12-20 01:27:43.890 17798 INFO rally.task.runner [-] Task 3acac26d-d59f-4247-8a29-57c0db0b4acf | ITER: 2 END: OK
2019-12-20 01:27:43.895 17798 INFO rally.task.runner [-] Task 3acac26d-d59f-4247-8a29-57c0db0b4acf | ITER: 5 START
2019-12-20 01:27:43.903 17799 INFO rally.task.runner [-] Task 3acac26d-d59f-4247-8a29-57c0db0b4acf | ITER: 3 END: OK
2019-12-20 01:27:43.908 17799 INFO rally.task.runner [-] Task 3acac26d-d59f-4247-8a29-57c0db0b4acf | ITER: 6 START
2019-12-20 01:27:44.431 17797 INFO rally.task.runner [-] Task 3acac26d-d59f-4247-8a29-57c0db0b4acf | ITER: 1 END: OK
2019-12-20 01:27:44.436 17797 INFO rally.task.runner [-] Task 3acac26d-d59f-4247-8a29-57c0db0b4acf | ITER: 7 START
2019-12-20 01:27:44.449 17801 INFO rally.task.runner [-] Task 3acac26d-d59f-4247-8a29-57c0db0b4acf | ITER: 4 END: OK
2019-12-20 01:27:44.453 17801 INFO rally.task.runner [-] Task 3acac26d-d59f-4247-8a29-57c0db0b4acf | ITER: 8 START
2019-12-20 01:27:44.510 17798 INFO rally.task.runner [-] Task 3acac26d-d59f-4247-8a29-57c0db0b4acf | ITER: 5 END: OK
2019-12-20 01:27:44.513 17798 INFO rally.task.runner [-] Task 3acac26d-d59f-4247-8a29-57c0db0b4acf | ITER: 9 START
2019-12-20 01:27:44.668 17799 INFO rally.task.runner [-] Task 3acac26d-d59f-4247-8a29-57c0db0b4acf | ITER: 6 END: OK
2019-12-20 01:27:44.671 17799 INFO rally.task.runner [-] Task 3acac26d-d59f-4247-8a29-57c0db0b4acf | ITER: 10 START
2019-12-20 01:27:45.024 17797 INFO rally.task.runner [-] Task 3acac26d-d59f-4247-8a29-57c0db0b4acf | ITER: 7 END: OK
2019-12-20 01:27:45.060 17801 INFO rally.task.runner [-] Task 3acac26d-d59f-4247-8a29-57c0db0b4acf | ITER: 8 END: OK
2019-12-20 01:27:45.081 17798 INFO rally.task.runner [-] Task 3acac26d-d59f-4247-8a29-57c0db0b4acf | ITER: 9 END: OK
2019-12-20 01:27:45.315 17799 INFO rally.task.runner [-] Task 3acac26d-d59f-4247-8a29-57c0db0b4acf | ITER: 10 END: OK
2019-12-20 01:27:45.345 13785 INFO rally.task.context [-] Task 3acac26d-d59f-4247-8a29-57c0db0b4acf | Context cleanup@openstack cleanup() started
2019-12-20 01:27:45.349 13785 RALLYDEBUG rally_openstack.cleanup.manager [-] Cleaning up neutron vip objects
2019-12-20 01:27:46.502 13785 RALLYDEBUG rally_openstack.cleanup.manager [-] Cleaning up neutron health_monitor objects
2019-12-20 01:27:47.663 13785 RALLYDEBUG rally_openstack.cleanup.manager [-] Cleaning up neutron pool objects
2019-12-20 01:27:48.800 13785 RALLYDEBUG rally_openstack.cleanup.manager [-] Cleaning up neutron loadbalancer objects
2019-12-20 01:27:49.934 13785 RALLYDEBUG rally_openstack.cleanup.manager [-] Cleaning up neutron floatingip objects
2019-12-20 01:27:51.415 13785 RALLYDEBUG rally_openstack.cleanup.manager [-] Cleaning up neutron trunk objects
2019-12-20 01:27:52.591 13785 RALLYDEBUG rally_openstack.cleanup.manager [-] Cleaning up neutron port objects
2019-12-20 01:27:53.797 13785 RALLYDEBUG rally_openstack.cleanup.manager [-] Cleaning up neutron subnet objects
2019-12-20 01:27:54.995 13785 RALLYDEBUG rally_openstack.cleanup.manager [-] Cleaning up neutron network objects
2019-12-20 01:27:56.189 13785 RALLYDEBUG rally_openstack.cleanup.manager [-] Cleaning up neutron router objects
2019-12-20 01:27:57.699 13785 RALLYDEBUG rally_openstack.cleanup.manager [-] Cleaning up neutron security_group objects
2019-12-20 01:27:58.987 13785 INFO rally.task.context [-] Task 3acac26d-d59f-4247-8a29-57c0db0b4acf | Context cleanup@openstack cleanup() finished in 13.64 sec
2019-12-20 01:27:58.987 13785 INFO rally.task.context [-] Task 3acac26d-d59f-4247-8a29-57c0db0b4acf | Context quotas@openstack cleanup() started
2019-12-20 01:27:59.176 13785 INFO rally.task.context [-] Task 3acac26d-d59f-4247-8a29-57c0db0b4acf | Context quotas@openstack cleanup() finished in 0.19 sec
2019-12-20 01:27:59.176 13785 INFO rally.task.context [-] Task 3acac26d-d59f-4247-8a29-57c0db0b4acf | Context users@openstack cleanup() started
2019-12-20 01:28:03.388 13785 INFO rally.task.context [-] Task 3acac26d-d59f-4247-8a29-57c0db0b4acf | Context users@openstack cleanup() finished in 4.21 sec
2019-12-20 01:28:03.788 13785 INFO rally.task.engine [-] Load duration is: 2.201301
2019-12-20 01:28:03.788 13785 INFO rally.task.engine [-] Full runner duration is: 2.251924
2019-12-20 01:28:03.789 13785 INFO rally.task.engine [-] Full duration is: 23.746976
2019-12-20 01:28:04.093 13785 INFO rally.task.engine [-] Running workload: position = 0 config = { "version": 2, "title": "A cropped version of a bigger task.", "description": "Auto-generated task from a single workload (uuid=138685f1-5c66-47b6-8378-cbb167217723)", "subtasks": [ { "title": "NeutronSecurityGroup.create_and_delete_security_group_rule", "description": "Create and delete Neutron security-group-rule.", "scenario": { "NeutronSecurityGroup.create_and_delete_security_group_rule": {} }, "contexts": { "users": { "tenants": 3, "users_per_tenant": 2 }, "quotas": { "neutron": { "security_group": -1 } } }, "runner": { "constant": { "concurrency": 4, "times": 10 } }, "hooks": [], "sla": { "failure_rate": { "max": 0 } } } ] }
2019-12-20 01:28:04.119 13785 RALLYDEBUG rally_openstack.contexts.keystone.users [-] Creating 3 tenants using 20 threads
2019-12-20 01:28:05.185 13785 RALLYDEBUG rally_openstack.contexts.keystone.users [-] Creating 6 users using 20 threads
2019-12-20 01:28:06.784 13785 INFO rally.task.context [-] Task 3acac26d-d59f-4247-8a29-57c0db0b4acf | Context users@openstack setup() finished in 2.66 sec
2019-12-20 01:28:07.607 13785 INFO rally.task.context [-] Task 3acac26d-d59f-4247-8a29-57c0db0b4acf | Context quotas@openstack setup() finished in 0.82 sec
2019-12-20 01:28:07.607 13785 INFO rally.task.context [-] Task 3acac26d-d59f-4247-8a29-57c0db0b4acf | Context cleanup@openstack setup() finished in 0.02 msec
2019-12-20 01:28:07.616 13785 RALLYDEBUG rally.task.runner [-] Starting the constant runner (task UUID: 3acac26d-d59f-4247-8a29-57c0db0b4acf). times: 10 concurrency: 4 timeout: 0 max_cpu_used: 16 processes_to_start: 4 concurrency_per_worker: 1 concurrency_overhead: 0
2019-12-20 01:28:07.626 18121 RALLYDEBUG rally.task.runner [-] Starting a worker. times: 10 duration: None concurrency: 1 timeout: 0 cls: method_name: run args: {}
2019-12-20 01:28:07.630 18122 RALLYDEBUG rally.task.runner [-] Starting a worker. times: 10 duration: None concurrency: 1 timeout: 0 cls: method_name: run args: {}
2019-12-20 01:28:07.634 18121 INFO rally.task.runner [-] Task 3acac26d-d59f-4247-8a29-57c0db0b4acf | ITER: 1 START
2019-12-20 01:28:07.633 18123 RALLYDEBUG rally.task.runner [-] Starting a worker. times: 10 duration: None concurrency: 1 timeout: 0 cls: method_name: run args: {}
2019-12-20 01:28:07.636 18122 INFO rally.task.runner [-] Task 3acac26d-d59f-4247-8a29-57c0db0b4acf | ITER: 2 START
2019-12-20 01:28:07.637 18125 RALLYDEBUG rally.task.runner [-] Starting a worker. times: 10 duration: None concurrency: 1 timeout: 0 cls: method_name: run args: {}
2019-12-20 01:28:07.641 18123 INFO rally.task.runner [-] Task 3acac26d-d59f-4247-8a29-57c0db0b4acf | ITER: 3 START
2019-12-20 01:28:07.644 18125 INFO rally.task.runner [-] Task 3acac26d-d59f-4247-8a29-57c0db0b4acf | ITER: 4 START
2019-12-20 01:28:08.587 18121 INFO rally.task.runner [-] Task 3acac26d-d59f-4247-8a29-57c0db0b4acf | ITER: 1 END: OK
2019-12-20 01:28:08.592 18121 INFO rally.task.runner [-] Task 3acac26d-d59f-4247-8a29-57c0db0b4acf | ITER: 5 START
2019-12-20 01:28:08.740 18125 INFO rally.task.runner [-] Task 3acac26d-d59f-4247-8a29-57c0db0b4acf | ITER: 4 END: OK
2019-12-20 01:28:08.745 18125 INFO rally.task.runner [-] Task 3acac26d-d59f-4247-8a29-57c0db0b4acf | ITER: 6 START
2019-12-20 01:28:08.940 18122 INFO rally.task.runner [-] Task 3acac26d-d59f-4247-8a29-57c0db0b4acf | ITER: 2 END: OK
2019-12-20 01:28:08.944 18122 INFO rally.task.runner [-] Task 3acac26d-d59f-4247-8a29-57c0db0b4acf | ITER: 7 START
2019-12-20 01:28:09.255 18123 INFO rally.task.runner [-] Task 3acac26d-d59f-4247-8a29-57c0db0b4acf | ITER: 3 END: OK
2019-12-20 01:28:09.260 18123 INFO rally.task.runner [-] Task 3acac26d-d59f-4247-8a29-57c0db0b4acf | ITER: 8 START
2019-12-20 01:28:09.496 18125 INFO rally.task.runner [-] Task 3acac26d-d59f-4247-8a29-57c0db0b4acf | ITER: 6 END: OK
2019-12-20 01:28:09.498 18121 INFO rally.task.runner [-] Task 3acac26d-d59f-4247-8a29-57c0db0b4acf | ITER: 5 END: OK
2019-12-20 01:28:09.499 18125 INFO rally.task.runner [-] Task 3acac26d-d59f-4247-8a29-57c0db0b4acf | ITER: 9 START
2019-12-20 01:28:09.501 18121 INFO rally.task.runner [-] Task 3acac26d-d59f-4247-8a29-57c0db0b4acf | ITER: 10 START
2019-12-20 01:28:09.849 18122 INFO rally.task.runner [-] Task 3acac26d-d59f-4247-8a29-57c0db0b4acf | ITER: 7 END: OK
2019-12-20 01:28:10.183 18123 INFO rally.task.runner [-] Task 3acac26d-d59f-4247-8a29-57c0db0b4acf | ITER: 8 END: OK
2019-12-20 01:28:10.384 18121 INFO rally.task.runner [-] Task 3acac26d-d59f-4247-8a29-57c0db0b4acf | ITER: 10 END: OK
2019-12-20 01:28:10.634 18125 INFO rally.task.runner [-] Task 3acac26d-d59f-4247-8a29-57c0db0b4acf | ITER: 9 END: OK
2019-12-20 01:28:10.659 13785 INFO rally.task.context [-] Task 3acac26d-d59f-4247-8a29-57c0db0b4acf | Context cleanup@openstack cleanup() started
2019-12-20 01:28:10.662 13785 RALLYDEBUG rally_openstack.cleanup.manager [-] Cleaning up neutron vip objects
2019-12-20 01:28:11.806 13785 RALLYDEBUG rally_openstack.cleanup.manager [-] Cleaning up neutron health_monitor objects
2019-12-20 01:28:12.934 13785 RALLYDEBUG rally_openstack.cleanup.manager [-] Cleaning up neutron pool objects
2019-12-20 01:28:14.069 13785 RALLYDEBUG rally_openstack.cleanup.manager [-] Cleaning up neutron loadbalancer objects
2019-12-20 01:28:15.224 13785 RALLYDEBUG rally_openstack.cleanup.manager [-] Cleaning up neutron floatingip objects
2019-12-20 01:28:16.470 13785 RALLYDEBUG rally_openstack.cleanup.manager [-] Cleaning up neutron trunk objects
2019-12-20 01:28:17.658 13785 RALLYDEBUG rally_openstack.cleanup.manager [-] Cleaning up neutron port objects
2019-12-20 01:28:18.872 13785 RALLYDEBUG rally_openstack.cleanup.manager [-] Cleaning up neutron subnet objects
2019-12-20 01:28:20.098 13785 RALLYDEBUG rally_openstack.cleanup.manager [-] Cleaning up neutron network objects
2019-12-20 01:28:21.301 13785 RALLYDEBUG rally_openstack.cleanup.manager [-] Cleaning up neutron router objects
2019-12-20 01:28:22.552 13785 RALLYDEBUG rally_openstack.cleanup.manager [-] Cleaning up neutron security_group objects
2019-12-20 01:28:23.837 13785 INFO rally.task.context [-] Task 3acac26d-d59f-4247-8a29-57c0db0b4acf | Context cleanup@openstack cleanup() finished in 13.18 sec
2019-12-20 01:28:23.838 13785 INFO rally.task.context [-] Task 3acac26d-d59f-4247-8a29-57c0db0b4acf | Context quotas@openstack cleanup() started
2019-12-20 01:28:24.084 13785 INFO rally.task.context [-] Task 3acac26d-d59f-4247-8a29-57c0db0b4acf | Context quotas@openstack cleanup() finished in 0.25 sec
2019-12-20 01:28:24.084 13785 INFO rally.task.context [-] Task 3acac26d-d59f-4247-8a29-57c0db0b4acf | Context users@openstack cleanup() started
2019-12-20 01:28:28.201 13785 INFO rally.task.context [-] Task 3acac26d-d59f-4247-8a29-57c0db0b4acf | Context users@openstack cleanup() finished in 4.12 sec
2019-12-20 01:28:28.253 13785 INFO rally.task.engine [-] Load duration is: 2.998914
2019-12-20 01:28:28.253 13785 INFO rally.task.engine [-] Full runner duration is: 3.043604
2019-12-20 01:28:28.254 13785 INFO rally.task.engine [-] Full duration is: 24.084037
2019-12-20 01:28:28.548 13785 INFO rally.task.engine [-] Running workload: position = 0 config = { "version": 2, "title": "A cropped version of a bigger task.", "description": "Auto-generated task from a single workload (uuid=7be60073-3d4b-4f75-8387-d07dfa46a90a)", "subtasks": [ { "title": "NeutronSecurityGroup.create_and_list_security_group_rules", "description": "Create and list Neutron security-group-rules.", "scenario": { "NeutronSecurityGroup.create_and_list_security_group_rules": {} }, "contexts": { "users": { "tenants": 3, "users_per_tenant": 2 }, "quotas": { "neutron": { "security_group": -1 } } }, "runner": { "constant": { "concurrency": 4, "times": 10 } }, "hooks": [], "sla": { "failure_rate": { "max": 0 } } } ] }
2019-12-20 01:28:28.573 13785 RALLYDEBUG rally_openstack.contexts.keystone.users [-] Creating 3 tenants using 20 threads
2019-12-20 01:28:29.599 13785 RALLYDEBUG rally_openstack.contexts.keystone.users [-] Creating 6 users using 20 threads
2019-12-20 01:28:31.136 13785 INFO rally.task.context [-] Task 3acac26d-d59f-4247-8a29-57c0db0b4acf | Context users@openstack setup() finished in 2.56 sec
2019-12-20 01:28:31.995 13785 INFO rally.task.context [-] Task 3acac26d-d59f-4247-8a29-57c0db0b4acf | Context quotas@openstack setup() finished in 0.86 sec
2019-12-20 01:28:31.996 13785 INFO rally.task.context [-] Task 3acac26d-d59f-4247-8a29-57c0db0b4acf | Context cleanup@openstack setup() finished in 0.01 msec
2019-12-20 01:28:32.005 13785 RALLYDEBUG rally.task.runner [-] Starting the constant runner (task UUID: 3acac26d-d59f-4247-8a29-57c0db0b4acf). times: 10 concurrency: 4 timeout: 0 max_cpu_used: 16 processes_to_start: 4 concurrency_per_worker: 1 concurrency_overhead: 0
2019-12-20 01:28:32.016 18445 RALLYDEBUG rally.task.runner [-] Starting a worker. times: 10 duration: None concurrency: 1 timeout: 0 cls: method_name: run args: {}
2019-12-20 01:28:32.019 18446 RALLYDEBUG rally.task.runner [-] Starting a worker. times: 10 duration: None concurrency: 1 timeout: 0 cls: method_name: run args: {}
2019-12-20 01:28:32.023 18445 INFO rally.task.runner [-] Task 3acac26d-d59f-4247-8a29-57c0db0b4acf | ITER: 1 START
2019-12-20 01:28:32.023 18447 RALLYDEBUG rally.task.runner [-] Starting a worker. times: 10 duration: None concurrency: 1 timeout: 0 cls: method_name: run args: {}
2019-12-20 01:28:32.026 18446 INFO rally.task.runner [-] Task 3acac26d-d59f-4247-8a29-57c0db0b4acf | ITER: 2 START
2019-12-20 01:28:32.026 18449 RALLYDEBUG rally.task.runner [-] Starting a worker. times: 10 duration: None concurrency: 1 timeout: 0 cls: method_name: run args: {}
2019-12-20 01:28:32.029 18447 INFO rally.task.runner [-] Task 3acac26d-d59f-4247-8a29-57c0db0b4acf | ITER: 3 START
2019-12-20 01:28:32.032 18449 INFO rally.task.runner [-] Task 3acac26d-d59f-4247-8a29-57c0db0b4acf | ITER: 4 START
2019-12-20 01:28:32.864 18449 INFO rally.task.runner [-] Task 3acac26d-d59f-4247-8a29-57c0db0b4acf | ITER: 4 END: OK
2019-12-20 01:28:32.869 18449 INFO rally.task.runner [-] Task 3acac26d-d59f-4247-8a29-57c0db0b4acf | ITER: 5 START
2019-12-20 01:28:32.976 18446 INFO rally.task.runner [-] Task 3acac26d-d59f-4247-8a29-57c0db0b4acf | ITER: 2 END: OK
2019-12-20 01:28:32.980 18446 INFO rally.task.runner [-] Task 3acac26d-d59f-4247-8a29-57c0db0b4acf | ITER: 6 START
2019-12-20 01:28:33.398 18445 INFO rally.task.runner [-] Task 3acac26d-d59f-4247-8a29-57c0db0b4acf | ITER: 1 END: OK
2019-12-20 01:28:33.403 18445 INFO rally.task.runner [-] Task 3acac26d-d59f-4247-8a29-57c0db0b4acf | ITER: 7 START
2019-12-20 01:28:33.460 18447 INFO rally.task.runner [-] Task 3acac26d-d59f-4247-8a29-57c0db0b4acf | ITER: 3 END: OK
2019-12-20 01:28:33.464 18447 INFO rally.task.runner [-] Task 3acac26d-d59f-4247-8a29-57c0db0b4acf | ITER: 8 START
2019-12-20 01:28:33.510 18449 INFO rally.task.runner [-] Task 3acac26d-d59f-4247-8a29-57c0db0b4acf | ITER: 5 END: OK
2019-12-20 01:28:33.513 18449 INFO rally.task.runner [-] Task 3acac26d-d59f-4247-8a29-57c0db0b4acf | ITER: 9 START
2019-12-20 01:28:33.753 18446 INFO rally.task.runner [-] Task 3acac26d-d59f-4247-8a29-57c0db0b4acf | ITER: 6 END: OK
2019-12-20 01:28:33.757 18446 INFO rally.task.runner [-] Task 3acac26d-d59f-4247-8a29-57c0db0b4acf | ITER: 10 START
2019-12-20 01:28:34.084 18449 INFO rally.task.runner [-] Task 3acac26d-d59f-4247-8a29-57c0db0b4acf | ITER: 9 END: OK
2019-12-20 01:28:34.111 18445 INFO rally.task.runner [-] Task 3acac26d-d59f-4247-8a29-57c0db0b4acf | ITER: 7 END: OK
2019-12-20 01:28:34.193 18447 INFO rally.task.runner [-] Task 3acac26d-d59f-4247-8a29-57c0db0b4acf | ITER: 8 END: OK
2019-12-20 01:28:34.487 18446 INFO rally.task.runner [-] Task 3acac26d-d59f-4247-8a29-57c0db0b4acf | ITER: 10 END: OK
2019-12-20 01:28:34.514 13785 INFO rally.task.context [-] Task 3acac26d-d59f-4247-8a29-57c0db0b4acf | Context cleanup@openstack cleanup() started
2019-12-20 01:28:34.518 13785 RALLYDEBUG rally_openstack.cleanup.manager [-] Cleaning up neutron vip objects
2019-12-20 01:28:35.869 13785 RALLYDEBUG rally_openstack.cleanup.manager [-] Cleaning up neutron health_monitor objects
2019-12-20 01:28:37.005 13785 RALLYDEBUG rally_openstack.cleanup.manager [-] Cleaning up neutron pool objects
2019-12-20 01:28:38.126 13785 RALLYDEBUG rally_openstack.cleanup.manager [-] Cleaning up neutron loadbalancer objects
2019-12-20 01:28:39.261 13785 RALLYDEBUG rally_openstack.cleanup.manager [-] Cleaning up neutron floatingip objects
2019-12-20 01:28:40.531 13785 RALLYDEBUG rally_openstack.cleanup.manager [-] Cleaning up neutron trunk objects
2019-12-20 01:28:41.710 13785 RALLYDEBUG rally_openstack.cleanup.manager [-] Cleaning up neutron port objects
2019-12-20 01:28:42.922 13785 RALLYDEBUG rally_openstack.cleanup.manager [-] Cleaning up neutron subnet objects
2019-12-20 01:28:44.140 13785 RALLYDEBUG rally_openstack.cleanup.manager [-] Cleaning up neutron network objects
2019-12-20 01:28:45.338 13785 RALLYDEBUG rally_openstack.cleanup.manager [-] Cleaning up neutron router objects
2019-12-20 01:28:46.830 13785 RALLYDEBUG rally_openstack.cleanup.manager [-] Cleaning up neutron security_group objects
2019-12-20 01:28:48.202 13785 RALLYDEBUG rally_openstack.cleanup.manager [-] Deleting neutron.security_group object s_rally_7be60073_jFgcpBPm (15c263ba-0828-474f-b63e-a3460e68102f)
2019-12-20 01:28:48.205 13785 RALLYDEBUG rally_openstack.cleanup.manager [-] Deleting neutron.security_group object s_rally_7be60073_kOdRvTQs (39421756-62dd-4874-8dcb-2bfe674c3c07)
2019-12-20 01:28:48.209 13785 RALLYDEBUG rally_openstack.cleanup.manager [-] Deleting neutron.security_group object s_rally_7be60073_5aQov2vk (484316a7-0cbf-4d0f-8312-bceef2d40f9c)
2019-12-20 01:28:48.224 13785 RALLYDEBUG rally_openstack.cleanup.manager [-] Deleting neutron.security_group object s_rally_7be60073_uYVQjEpM (bbefd290-8da5-4693-a383-f3ff3468ad35)
2019-12-20 01:28:48.237 13785 RALLYDEBUG rally_openstack.cleanup.manager [-] Deleting neutron.security_group object s_rally_7be60073_ti9MBMvf (3ad028d5-8231-40c0-87e2-f277ea8b1b90)
2019-12-20 01:28:48.241 13785 RALLYDEBUG rally_openstack.cleanup.manager [-] Deleting neutron.security_group object s_rally_7be60073_BstunDSA (46637af4-7bc7-4355-bf3b-01750d228214)
2019-12-20 01:28:48.246 13785 RALLYDEBUG rally_openstack.cleanup.manager [-] Deleting neutron.security_group object s_rally_7be60073_GNMmdPDn (4c2cc10d-2827-4f6b-a18d-8a42506883b4)
2019-12-20 01:28:48.260 13785 RALLYDEBUG rally_openstack.cleanup.manager [-] Deleting neutron.security_group object s_rally_7be60073_RfOoyK5M (be483f76-1080-47ec-afe2-6d20001c5e5e)
2019-12-20 01:28:48.274 13785 RALLYDEBUG rally_openstack.cleanup.manager [-] Deleting neutron.security_group object s_rally_7be60073_vX32W6pP (f7b5ed95-ddf0-4fb4-95ce-5cb99ba97676)
2019-12-20 01:28:48.281 13785 RALLYDEBUG rally_openstack.cleanup.manager [-] Deleting neutron.security_group object s_rally_7be60073_ZL6h12Oq (30e89cc4-8bee-478d-84d9-9668fd545c56)
2019-12-20 01:28:50.101 13785 INFO rally.task.context [-] Task 3acac26d-d59f-4247-8a29-57c0db0b4acf | Context cleanup@openstack cleanup() finished in 15.59 sec
2019-12-20 01:28:50.102 13785 INFO rally.task.context [-] Task 3acac26d-d59f-4247-8a29-57c0db0b4acf | Context quotas@openstack cleanup() started
2019-12-20 01:28:50.183 13785 INFO rally.task.context [-] Task 3acac26d-d59f-4247-8a29-57c0db0b4acf | Context quotas@openstack cleanup() finished in 81.15 msec
2019-12-20 01:28:50.183 13785 INFO rally.task.context [-] Task 3acac26d-d59f-4247-8a29-57c0db0b4acf | Context users@openstack cleanup() started
2019-12-20 01:28:54.396 13785 INFO rally.task.context [-] Task 3acac26d-d59f-4247-8a29-57c0db0b4acf | Context users@openstack cleanup() finished in 4.21 sec
2019-12-20 01:28:54.709 13785 INFO rally.task.engine [-] Load duration is: 2.462329
2019-12-20 01:28:54.710 13785 INFO rally.task.engine [-] Full runner duration is: 2.509501
2019-12-20 01:28:54.710 13785 INFO rally.task.engine [-] Full duration is: 25.825393
2019-12-20 01:28:54.992 13785 INFO rally.task.engine [-] Running workload: position = 0 config = { "version": 2, "title": "A cropped version of a bigger task.", "description": "Auto-generated task from a single workload (uuid=83ce6992-40e3-472b-aba6-64c7ea66b5f1)", "subtasks": [ { "title": "NeutronSecurityGroup.create_and_show_security_group", "description": "Create and show Neutron security-group.", "scenario": { "NeutronSecurityGroup.create_and_show_security_group": {} }, "contexts": { "users": { "tenants": 3, "users_per_tenant": 2 }, "quotas": { "neutron": { "security_group": -1 } } }, "runner": { "constant": { "concurrency": 4, "times": 10 } }, "hooks": [], "sla": { "failure_rate": { "max": 0 } } } ] }
2019-12-20 01:28:55.016 13785 RALLYDEBUG rally_openstack.contexts.keystone.users [-] Creating 3 tenants using 20 threads
2019-12-20 01:28:56.059 13785 RALLYDEBUG rally_openstack.contexts.keystone.users [-] Creating 6 users using 20 threads
2019-12-20 01:28:57.621 13785 INFO rally.task.context [-] Task 3acac26d-d59f-4247-8a29-57c0db0b4acf | Context users@openstack setup() finished in 2.60 sec
2019-12-20 01:28:58.450 13785 INFO rally.task.context [-] Task 3acac26d-d59f-4247-8a29-57c0db0b4acf | Context quotas@openstack setup() finished in 0.83 sec
2019-12-20 01:28:58.451 13785 INFO rally.task.context [-] Task 3acac26d-d59f-4247-8a29-57c0db0b4acf | Context cleanup@openstack setup() finished in 0.01 msec
2019-12-20 01:28:58.460 13785 RALLYDEBUG rally.task.runner [-] Starting the constant runner (task UUID: 3acac26d-d59f-4247-8a29-57c0db0b4acf). times: 10 concurrency: 4 timeout: 0 max_cpu_used: 16 processes_to_start: 4 concurrency_per_worker: 1 concurrency_overhead: 0
2019-12-20 01:28:58.471 18769 RALLYDEBUG rally.task.runner [-] Starting a worker. times: 10 duration: None concurrency: 1 timeout: 0 cls: method_name: run args: {}
2019-12-20 01:28:58.475 18770 RALLYDEBUG rally.task.runner [-] Starting a worker. times: 10 duration: None concurrency: 1 timeout: 0 cls: method_name: run args: {}
2019-12-20 01:28:58.478 18769 INFO rally.task.runner [-] Task 3acac26d-d59f-4247-8a29-57c0db0b4acf | ITER: 1 START
2019-12-20 01:28:58.478 18771 RALLYDEBUG rally.task.runner [-] Starting a worker. times: 10 duration: None concurrency: 1 timeout: 0 cls: method_name: run args: {}
2019-12-20 01:28:58.481 18770 INFO rally.task.runner [-] Task 3acac26d-d59f-4247-8a29-57c0db0b4acf | ITER: 2 START
2019-12-20 01:28:58.481 18773 RALLYDEBUG rally.task.runner [-] Starting a worker. times: 10 duration: None concurrency: 1 timeout: 0 cls: method_name: run args: {}
2019-12-20 01:28:58.485 18771 INFO rally.task.runner [-] Task 3acac26d-d59f-4247-8a29-57c0db0b4acf | ITER: 3 START
2019-12-20 01:28:58.488 18773 INFO rally.task.runner [-] Task 3acac26d-d59f-4247-8a29-57c0db0b4acf | ITER: 4 START
2019-12-20 01:28:59.127 18770 INFO rally.task.runner [-] Task 3acac26d-d59f-4247-8a29-57c0db0b4acf | ITER: 2 END: OK
2019-12-20 01:28:59.132 18770 INFO rally.task.runner [-] Task 3acac26d-d59f-4247-8a29-57c0db0b4acf | ITER: 5 START
2019-12-20 01:28:59.269 18769 INFO rally.task.runner [-] Task 3acac26d-d59f-4247-8a29-57c0db0b4acf | ITER: 1 END: OK
2019-12-20 01:28:59.273 18769 INFO rally.task.runner [-] Task 3acac26d-d59f-4247-8a29-57c0db0b4acf | ITER: 6 START
2019-12-20 01:28:59.342 18773 INFO rally.task.runner [-] Task 3acac26d-d59f-4247-8a29-57c0db0b4acf | ITER: 4 END: OK
2019-12-20 01:28:59.346 18773 INFO rally.task.runner [-] Task 3acac26d-d59f-4247-8a29-57c0db0b4acf | ITER: 7 START
2019-12-20 01:28:59.691 18770 INFO rally.task.runner [-] Task 3acac26d-d59f-4247-8a29-57c0db0b4acf | ITER: 5 END: OK
2019-12-20 01:28:59.696 18770 INFO rally.task.runner [-] Task 3acac26d-d59f-4247-8a29-57c0db0b4acf | ITER: 8 START
2019-12-20 01:28:59.722 18771 INFO rally.task.runner [-] Task 3acac26d-d59f-4247-8a29-57c0db0b4acf | ITER: 3 END: OK
2019-12-20 01:28:59.726 18771 INFO rally.task.runner [-] Task 3acac26d-d59f-4247-8a29-57c0db0b4acf | ITER: 9 START
2019-12-20 01:28:59.810 18769 INFO rally.task.runner [-] Task 3acac26d-d59f-4247-8a29-57c0db0b4acf | ITER: 6 END: OK
2019-12-20 01:28:59.815 18769 INFO rally.task.runner [-] Task 3acac26d-d59f-4247-8a29-57c0db0b4acf | ITER: 10 START
2019-12-20 01:29:00.067 18773 INFO rally.task.runner [-] Task 3acac26d-d59f-4247-8a29-57c0db0b4acf | ITER: 7 END: OK
2019-12-20 01:29:00.189 18770 INFO rally.task.runner [-] Task 3acac26d-d59f-4247-8a29-57c0db0b4acf | ITER: 8 END: OK
2019-12-20 01:29:00.278 18771 INFO rally.task.runner [-] Task 3acac26d-d59f-4247-8a29-57c0db0b4acf | ITER: 9 END: OK
2019-12-20 01:29:00.301 18769 INFO rally.task.runner [-] Task 3acac26d-d59f-4247-8a29-57c0db0b4acf | ITER: 10 END: OK
2019-12-20 01:29:00.330 13785 INFO rally.task.context [-] Task 3acac26d-d59f-4247-8a29-57c0db0b4acf | Context cleanup@openstack cleanup() started
2019-12-20 01:29:00.334 13785 RALLYDEBUG rally_openstack.cleanup.manager [-] Cleaning up neutron vip objects
2019-12-20 01:29:01.466 13785 RALLYDEBUG rally_openstack.cleanup.manager [-] Cleaning up neutron health_monitor objects
2019-12-20 01:29:02.618 13785 RALLYDEBUG rally_openstack.cleanup.manager [-] Cleaning up neutron pool objects
2019-12-20 01:29:03.744 13785 RALLYDEBUG rally_openstack.cleanup.manager [-] Cleaning up neutron loadbalancer objects
2019-12-20 01:29:04.879 13785 RALLYDEBUG rally_openstack.cleanup.manager [-] Cleaning up neutron floatingip objects
2019-12-20 01:29:06.236 13785 RALLYDEBUG rally_openstack.cleanup.manager [-] Cleaning up neutron trunk objects
2019-12-20 01:29:07.431 13785 RALLYDEBUG rally_openstack.cleanup.manager [-] Cleaning up neutron port objects
2019-12-20 01:29:08.668 13785 RALLYDEBUG rally_openstack.cleanup.manager [-] Cleaning up neutron subnet objects
2019-12-20 01:29:09.873 13785 RALLYDEBUG rally_openstack.cleanup.manager [-] Cleaning up neutron network objects
2019-12-20 01:29:11.063 13785 RALLYDEBUG rally_openstack.cleanup.manager [-] Cleaning up neutron router objects
2019-12-20 01:29:12.325 13785 RALLYDEBUG rally_openstack.cleanup.manager [-] Cleaning up neutron security_group objects
2019-12-20 01:29:13.708 13785 RALLYDEBUG rally_openstack.cleanup.manager [-] Deleting neutron.security_group object s_rally_83ce6992_QOqVj4SU (292be8b6-a44b-4280-b432-7054063a2d23)
2019-12-20 01:29:13.714 13785 RALLYDEBUG rally_openstack.cleanup.manager [-] Deleting neutron.security_group object s_rally_83ce6992_CC8iIQko (2345acbe-628a-4393-84f8-b61558c8f8bb)
2019-12-20 01:29:13.722 13785 RALLYDEBUG rally_openstack.cleanup.manager [-] Deleting neutron.security_group object s_rally_83ce6992_ooZF0Pfi (571c7954-a5d5-405c-8723-342c1f92bf1c)
2019-12-20 01:29:13.726 13785 RALLYDEBUG rally_openstack.cleanup.manager [-] Deleting neutron.security_group object s_rally_83ce6992_PBN7Czq1 (6efb31e4-106e-48ab-a371-d7a0f7c94f6d)
2019-12-20 01:29:13.742 13785 RALLYDEBUG rally_openstack.cleanup.manager [-] Deleting neutron.security_group object s_rally_83ce6992_BT3WJ0qS (f9596260-57c9-4d03-9142-15cc71e2724a)
2019-12-20 01:29:13.755 13785 RALLYDEBUG rally_openstack.cleanup.manager [-] Deleting neutron.security_group object s_rally_83ce6992_XXynNP0i (4a6e0e6f-bbc4-4cbe-9e9f-9f9fe10a1c06)
2019-12-20 01:29:13.759 13785 RALLYDEBUG rally_openstack.cleanup.manager [-] Deleting neutron.security_group object s_rally_83ce6992_16LkjeRF (61534f60-70cb-44d4-9c2e-e47063b68871)
2019-12-20 01:29:13.773 13785 RALLYDEBUG rally_openstack.cleanup.manager [-] Deleting neutron.security_group object s_rally_83ce6992_G8jHtQSX (6fb888dd-11db-4ae1-9e75-f3e4403299cb)
2019-12-20 01:29:13.788 13785 RALLYDEBUG rally_openstack.cleanup.manager [-] Deleting neutron.security_group object s_rally_83ce6992_rgyPY6Ye (86548f03-3677-46fd-a5d4-096a5548fb73)
2019-12-20 01:29:13.795 13785 RALLYDEBUG rally_openstack.cleanup.manager [-] Deleting neutron.security_group object s_rally_83ce6992_fkSagLvN (debf2f2d-e763-4b14-86a5-a832e27366c4)
2019-12-20 01:29:15.395 13785 INFO rally.task.context [-] Task 3acac26d-d59f-4247-8a29-57c0db0b4acf | Context cleanup@openstack cleanup() finished in 15.06 sec
2019-12-20 01:29:15.396 13785 INFO rally.task.context [-] Task 3acac26d-d59f-4247-8a29-57c0db0b4acf | Context quotas@openstack cleanup() started
2019-12-20 01:29:15.498 13785 INFO rally.task.context [-] Task 3acac26d-d59f-4247-8a29-57c0db0b4acf | Context quotas@openstack cleanup() finished in 0.10 sec
2019-12-20 01:29:15.498 13785 INFO rally.task.context [-] Task 3acac26d-d59f-4247-8a29-57c0db0b4acf | Context users@openstack cleanup() started
2019-12-20 01:29:19.627 13785 INFO rally.task.context [-] Task 3acac26d-d59f-4247-8a29-57c0db0b4acf | Context users@openstack cleanup() finished in 4.13 sec
2019-12-20 01:29:21.174 13785 INFO rally.task.engine [-] Load duration is: 1.821943
2019-12-20 01:29:21.174 13785 INFO rally.task.engine [-] Full runner duration is: 1.870881
2019-12-20 01:29:21.175 13785 INFO rally.task.engine [-] Full duration is: 24.613159
2019-12-20 01:29:21.471 13785 INFO rally.task.engine [-] Running workload: position = 0 config = { "version": 2, "title": "A cropped version of a bigger task.", "description": "Auto-generated task from a single workload (uuid=599adbb9-5a56-403a-8e2d-0b0f629c49c6)", "subtasks": [ { "title": "NeutronNetworks.set_and_clear_router_gateway", "description": "Set and Remove the external network gateway from a router.", "scenario": { "NeutronNetworks.set_and_clear_router_gateway": { "network_create_args": { "router:external": true } } }, "contexts": { "users": { "tenants": 3, "users_per_tenant": 2 }, "quotas": { "neutron": { "network": -1, "router": -1 } }, "roles": [ "admin" ] }, "runner": { "constant": { "concurrency": 4, "times": 10 } }, "hooks": [], "sla": { "failure_rate": { "max": 0 } } } ] }
2019-12-20 01:29:21.497 13785 RALLYDEBUG rally_openstack.contexts.keystone.users [-] Creating 3 tenants using 20 threads
2019-12-20 01:29:22.531 13785 RALLYDEBUG rally_openstack.contexts.keystone.users [-] Creating 6 users using 20 threads
2019-12-20 01:29:24.056 13785 INFO rally.task.context [-] Task 3acac26d-d59f-4247-8a29-57c0db0b4acf | Context users@openstack setup() finished in 2.56 sec
2019-12-20 01:29:24.835 13785 INFO rally.task.context [-] Task 3acac26d-d59f-4247-8a29-57c0db0b4acf | Context quotas@openstack setup() finished in 0.78 sec
2019-12-20 01:29:25.556 13785 RALLYDEBUG rally_openstack.contexts.keystone.roles [-] Adding role admin having ID 9a2d903877644d4f9ff5182e6bd3ccdf to all users using 30 threads
2019-12-20 01:29:30.898 13785 INFO rally.task.context [-] Task 3acac26d-d59f-4247-8a29-57c0db0b4acf | Context roles@openstack setup() finished in 6.06 sec
2019-12-20 01:29:30.899 13785 INFO rally.task.context [-] Task 3acac26d-d59f-4247-8a29-57c0db0b4acf | Context cleanup@openstack setup() finished in 0.03 msec
2019-12-20 01:29:30.908 13785 RALLYDEBUG rally.task.runner [-] Starting the constant runner (task UUID: 3acac26d-d59f-4247-8a29-57c0db0b4acf). times: 10 concurrency: 4 timeout: 0 max_cpu_used: 16 processes_to_start: 4 concurrency_per_worker: 1 concurrency_overhead: 0
2019-12-20 01:29:30.919 19123 RALLYDEBUG rally.task.runner [-] Starting a worker. times: 10 duration: None concurrency: 1 timeout: 0 cls: method_name: run args: {"network_create_args": {"router:external": true}}
2019-12-20 01:29:30.922 19124 RALLYDEBUG rally.task.runner [-] Starting a worker. times: 10 duration: None concurrency: 1 timeout: 0 cls: method_name: run args: {"network_create_args": {"router:external": true}}
2019-12-20 01:29:30.926 19123 INFO rally.task.runner [-] Task 3acac26d-d59f-4247-8a29-57c0db0b4acf | ITER: 1 START
2019-12-20 01:29:30.926 19125 RALLYDEBUG rally.task.runner [-] Starting a worker. times: 10 duration: None concurrency: 1 timeout: 0 cls: method_name: run args: {"network_create_args": {"router:external": true}}
2019-12-20 01:29:30.929 19124 INFO rally.task.runner [-] Task 3acac26d-d59f-4247-8a29-57c0db0b4acf | ITER: 2 START
2019-12-20 01:29:30.930 19127 RALLYDEBUG rally.task.runner [-] Starting a worker. times: 10 duration: None concurrency: 1 timeout: 0 cls: method_name: run args: {"network_create_args": {"router:external": true}}
2019-12-20 01:29:30.932 19125 INFO rally.task.runner [-] Task 3acac26d-d59f-4247-8a29-57c0db0b4acf | ITER: 3 START
2019-12-20 01:29:30.936 19127 INFO rally.task.runner [-] Task 3acac26d-d59f-4247-8a29-57c0db0b4acf | ITER: 4 START
2019-12-20 01:29:34.858 19125 INFO rally.task.runner [-] Task 3acac26d-d59f-4247-8a29-57c0db0b4acf | ITER: 3 END: OK
2019-12-20 01:29:34.864 19125 INFO rally.task.runner [-] Task 3acac26d-d59f-4247-8a29-57c0db0b4acf | ITER: 5 START
2019-12-20 01:29:34.972 19123 INFO rally.task.runner [-] Task 3acac26d-d59f-4247-8a29-57c0db0b4acf | ITER: 1 END: OK
2019-12-20 01:29:34.977 19123 INFO rally.task.runner [-] Task 3acac26d-d59f-4247-8a29-57c0db0b4acf | ITER: 6 START
