2019-12-20 01:32:19.797 13785 RALLYDEBUG rally_openstack.cleanup.manager [-] Deleting neutron.subnet object s_rally_2dbc28f1_KDa3mOz4 (988e5248-2981-4f8b-9c8c-4e8b8cae796e)
2019-12-20 01:32:19.806 13785 RALLYDEBUG rally_openstack.cleanup.manager [-] Deleting neutron.subnet object s_rally_2dbc28f1_Q27Epxsc (9d04364f-826c-4dc1-8a6c-b1714c29879e)
2019-12-20 01:32:19.824 13785 RALLYDEBUG rally_openstack.cleanup.manager [-] Deleting neutron.subnet object s_rally_2dbc28f1_5mmad3cP (a14c88f5-dcf3-4250-b9c7-a2c75a9abb49)
2019-12-20 01:32:19.831 13785 RALLYDEBUG rally_openstack.cleanup.manager [-] Deleting neutron.subnet object s_rally_2dbc28f1_YtPGpw1i (b1d81a1a-d295-4541-ad08-1352c59a4ed6)
2019-12-20 01:32:19.859 13785 RALLYDEBUG rally_openstack.cleanup.manager [-] Deleting neutron.subnet object s_rally_2dbc28f1_xzfo1BVw (fccf6aa7-e2f0-4741-8e65-44485c888f97)
2019-12-20 01:32:19.881 13785 RALLYDEBUG rally_openstack.cleanup.manager [-] Deleting neutron.subnet object s_rally_2dbc28f1_lZhKr1We (04b4bfd4-2c6e-4181-9565-1f6700d50aaf)
2019-12-20 01:32:19.889 13785 RALLYDEBUG rally_openstack.cleanup.manager [-] Deleting neutron.subnet object s_rally_2dbc28f1_7ovt7qjE (07c75d82-72d9-41ac-bb34-22d049aea3c8)
2019-12-20 01:32:19.892 13785 RALLYDEBUG rally_openstack.cleanup.manager [-] Deleting neutron.subnet object s_rally_2dbc28f1_e2drRTq6 (4d1b5b9d-ef83-4ea8-b6b7-5fa8a5d6a81f)
2019-12-20 01:32:19.911 13785 RALLYDEBUG rally_openstack.cleanup.manager [-] Deleting neutron.subnet object s_rally_2dbc28f1_kDLcc4o1 (967ec339-3ef9-4e0d-b86b-48006bf540de)
2019-12-20 01:32:19.914 13785 RALLYDEBUG rally_openstack.cleanup.manager [-] Deleting neutron.subnet object s_rally_2dbc28f1_BU5dCLwZ (a73e56a9-7713-4862-9f1c-3fe020a2a5da)
2019-12-20 01:32:19.931 13785 RALLYDEBUG rally_openstack.cleanup.manager [-] Deleting neutron.subnet object s_rally_2dbc28f1_nEzh4sEa (c78c264e-2923-4637-8ab4-c52bc3fb9127)
2019-12-20 01:32:19.942 13785 RALLYDEBUG rally_openstack.cleanup.manager [-] Deleting neutron.subnet object s_rally_2dbc28f1_OqknOdLJ (102627e3-a9ce-4b8c-b9fd-491584b990a9)
2019-12-20 01:32:19.958 13785 RALLYDEBUG rally_openstack.cleanup.manager [-] Deleting neutron.subnet object s_rally_2dbc28f1_FmJu9JVJ (abccb2dd-95d5-499a-a2f8-9ea6c59e20e0)
2019-12-20 01:32:19.969 13785 RALLYDEBUG rally_openstack.cleanup.manager [-] Deleting neutron.subnet object s_rally_2dbc28f1_nIOifgPG (cec381db-4510-492a-a07b-c263db1037b2)
2019-12-20 01:32:19.974 13785 RALLYDEBUG rally_openstack.cleanup.manager [-] Deleting neutron.subnet object s_rally_2dbc28f1_8napoM2P (ca8833e8-41e9-4c39-97de-105e04bbd793)
2019-12-20 01:32:29.178 13785 RALLYDEBUG rally_openstack.cleanup.manager [-] Cleaning up neutron network objects
2019-12-20 01:32:30.628 13785 RALLYDEBUG rally_openstack.cleanup.manager [-] Cleaning up neutron router objects
2019-12-20 01:32:31.857 13785 RALLYDEBUG rally_openstack.cleanup.manager [-] Cleaning up neutron security_group objects
2019-12-20 01:32:33.149 13785 INFO rally.task.context [-] Task 3acac26d-d59f-4247-8a29-57c0db0b4acf | Context cleanup@openstack cleanup() finished in 23.01 sec
2019-12-20 01:32:33.149 13785 INFO rally.task.context [-] Task 3acac26d-d59f-4247-8a29-57c0db0b4acf | Context network@openstack cleanup() started
2019-12-20 01:32:46.312 13785 INFO rally.task.context [-] Task 3acac26d-d59f-4247-8a29-57c0db0b4acf | Context network@openstack cleanup() finished in 13.16 sec
2019-12-20 01:32:46.312 13785 INFO rally.task.context [-] Task 3acac26d-d59f-4247-8a29-57c0db0b4acf | Context quotas@openstack cleanup() started
2019-12-20 01:32:46.448 13785 INFO rally.task.context [-] Task 3acac26d-d59f-4247-8a29-57c0db0b4acf | Context quotas@openstack cleanup() finished in 0.14 sec
2019-12-20 01:32:46.449 13785 INFO rally.task.context [-] Task 3acac26d-d59f-4247-8a29-57c0db0b4acf | Context users@openstack cleanup() started
2019-12-20 01:32:50.632 13785 INFO rally.task.context [-] Task 3acac26d-d59f-4247-8a29-57c0db0b4acf | Context users@openstack cleanup() finished in 4.18 sec
2019-12-20 01:32:51.621 13785 INFO rally.task.engine [-] Load duration is: 5.805887
2019-12-20 01:32:51.621 13785 INFO rally.task.engine [-] Full runner duration is: 5.858705
2019-12-20 01:32:51.622 13785 INFO rally.task.engine [-] Full duration is: 53.308533
2019-12-20 01:32:51.878 13785 INFO rally.task.engine [-] Task 3acac26d-d59f-4247-8a29-57c0db0b4acf | Completed: Running task.
2019-12-20 01:32:53.470 20407 RALLYDEBUG rally.api [-] INFO logs from urllib3 and requests module are hide.
2019-12-20 01:32:53.470 20407 RALLYDEBUG rally.api [-] urllib3 insecure warnings are hidden.
2019-12-20 01:32:53.470 20407 RALLYDEBUG rally.api [-] ERROR log from boto module is hide.
2019-12-20 01:32:54.687 20408 RALLYDEBUG rally.api [-] INFO logs from urllib3 and requests module are hide.
2019-12-20 01:32:54.687 20408 RALLYDEBUG rally.api [-] urllib3 insecure warnings are hidden.
2019-12-20 01:32:54.687 20408 RALLYDEBUG rally.api [-] ERROR log from boto module is hide.
2019-12-20 01:32:56.008 20409 RALLYDEBUG rally.api [-] INFO logs from urllib3 and requests module are hide.
2019-12-20 01:32:56.009 20409 RALLYDEBUG rally.api [-] urllib3 insecure warnings are hidden.
2019-12-20 01:32:56.009 20409 RALLYDEBUG rally.api [-] ERROR log from boto module is hide.
2019-12-20 01:32:57.664 20409 INFO rally.api [-] Building 'json' report for the following task(s): '3acac26d-d59f-4247-8a29-57c0db0b4acf'.
2019-12-20 01:32:57.703 20409 INFO rally.api [-] The report has been successfully built.
2019-12-20 01:32:59.179 20411 RALLYDEBUG rally.api [-] INFO logs from urllib3 and requests module are hide.
2019-12-20 01:32:59.179 20411 RALLYDEBUG rally.api [-] urllib3 insecure warnings are hidden.
2019-12-20 01:32:59.179 20411 RALLYDEBUG rally.api [-] ERROR log from boto module is hide.
2019-12-20 01:33:01.251 20411 INFO rally.task.engine [-] Task 43990f66-d7e1-43d6-9a0a-34b04e21a224 | Starting: Task validation.
2019-12-20 01:33:01.322 20411 INFO rally.task.engine [-] Task 43990f66-d7e1-43d6-9a0a-34b04e21a224 | Starting: Task validation of syntax.
2019-12-20 01:33:01.684 20411 INFO rally.task.engine [-] Task 43990f66-d7e1-43d6-9a0a-34b04e21a224 | Completed: Task validation of syntax.
2019-12-20 01:33:01.684 20411 INFO rally.task.engine [-] Task 43990f66-d7e1-43d6-9a0a-34b04e21a224 | Starting: Task validation of required platforms.
2019-12-20 01:33:01.820 20411 INFO rally.task.engine [-] Task 43990f66-d7e1-43d6-9a0a-34b04e21a224 | Completed: Task validation of required platforms.
2019-12-20 01:33:01.820 20411 INFO rally.task.engine [-] Task 43990f66-d7e1-43d6-9a0a-34b04e21a224 | Starting: Task validation of semantic.
2019-12-20 01:33:01.821 20411 INFO rally.task.engine [-] Check health of the environment '8363868b-25da-4284-b3e4-5ec1a9f15510'.
2019-12-20 01:33:02.810 20411 INFO rally.task.engine [-] Platform existing@openstack (available: True): OK!
2019-12-20 01:33:02.829 20411 RALLYDEBUG rally_openstack.contexts.keystone.users [-] Creating 1 tenants using 20 threads
2019-12-20 01:33:03.678 20411 RALLYDEBUG rally_openstack.contexts.keystone.users [-] Creating 1 users using 20 threads
2019-12-20 01:33:05.062 20411 INFO rally.task.context [-] Task 43990f66-d7e1-43d6-9a0a-34b04e21a224 | Context users@openstack setup() finished in 2.23 sec
2019-12-20 01:33:45.319 20411 INFO rally.task.context [-] Task 43990f66-d7e1-43d6-9a0a-34b04e21a224 | Context users@openstack cleanup() started
2019-12-20 01:33:48.216 20411 INFO rally.task.context [-] Task 43990f66-d7e1-43d6-9a0a-34b04e21a224 | Context users@openstack cleanup() finished in 2.90 sec
2019-12-20 01:33:48.217 20411 INFO rally.task.engine [-] Task 43990f66-d7e1-43d6-9a0a-34b04e21a224 | Completed: Task validation of semantic.
2019-12-20 01:33:48.217 20411 INFO rally.task.engine [-] Task 43990f66-d7e1-43d6-9a0a-34b04e21a224 | Completed: Task validation.
2019-12-20 01:33:48.217 20411 INFO rally.api [-] Task 43990f66-d7e1-43d6-9a0a-34b04e21a224 input file is valid.
2019-12-20 01:33:48.218 20411 INFO rally.api [-] Run Task 43990f66-d7e1-43d6-9a0a-34b04e21a224 against Deployment 8363868b-25da-4284-b3e4-5ec1a9f15510
2019-12-20 01:33:48.218 20411 INFO rally.task.engine [-] Task 43990f66-d7e1-43d6-9a0a-34b04e21a224 | Starting: Running task.
2019-12-20 01:33:48.390 20411 INFO rally.task.engine [-] Running workload: position = 0 config = { "version": 2, "title": "A cropped version of a bigger task.", "description": "Auto-generated task from a single workload (uuid=f8ebee84-9eae-43a3-8129-03b3cef92f8c)", "subtasks": [ { "title": "NovaKeypair.create_and_delete_keypair", "description": "Create a keypair with random name and delete keypair.", "scenario": { "NovaKeypair.create_and_delete_keypair": {} }, "contexts": { "users": { "tenants": 3, "users_per_tenant": 2 }, "quotas": { "nova": { "cores": -1, "floating_ips": -1, "instances": -1, "key_pairs": -1, "ram": -1, "security_group_rules": -1, "security_groups": -1 } } }, "runner": { "constant": { "concurrency": 4, "times": 10 } }, "hooks": [], "sla": { "failure_rate": { "max": 0 } } } ] }
2019-12-20 01:33:48.413 20411 RALLYDEBUG rally_openstack.contexts.keystone.users [-] Creating 3 tenants using 20 threads
2019-12-20 01:33:49.337 20411 RALLYDEBUG rally_openstack.contexts.keystone.users [-] Creating 6 users using 20 threads
2019-12-20 01:33:50.911 20411 INFO rally.task.context [-] Task 43990f66-d7e1-43d6-9a0a-34b04e21a224 | Context users@openstack setup() finished in 2.50 sec
2019-12-20 01:33:52.125 20411 INFO rally.task.context [-] Task 43990f66-d7e1-43d6-9a0a-34b04e21a224 | Context quotas@openstack setup() finished in 1.21 sec
2019-12-20 01:33:52.126 20411 INFO rally.task.context [-] Task 43990f66-d7e1-43d6-9a0a-34b04e21a224 | Context cleanup@openstack setup() finished in 0.04 msec
2019-12-20 01:33:52.135 20411 RALLYDEBUG rally.task.runner [-] Starting the constant runner (task UUID: 43990f66-d7e1-43d6-9a0a-34b04e21a224). times: 10 concurrency: 4 timeout: 0 max_cpu_used: 16 processes_to_start: 4 concurrency_per_worker: 1 concurrency_overhead: 0
2019-12-20 01:33:52.148 20535 RALLYDEBUG rally.task.runner [-] Starting a worker. times: 10 duration: None concurrency: 1 timeout: 0 cls: method_name: run args: {}
2019-12-20 01:33:52.151 20536 RALLYDEBUG rally.task.runner [-] Starting a worker. times: 10 duration: None concurrency: 1 timeout: 0 cls: method_name: run args: {}
2019-12-20 01:33:52.155 20535 INFO rally.task.runner [-] Task 43990f66-d7e1-43d6-9a0a-34b04e21a224 | ITER: 1 START
2019-12-20 01:33:52.155 20537 RALLYDEBUG rally.task.runner [-] Starting a worker. times: 10 duration: None concurrency: 1 timeout: 0 cls: method_name: run args: {}
2019-12-20 01:33:52.157 20536 INFO rally.task.runner [-] Task 43990f66-d7e1-43d6-9a0a-34b04e21a224 | ITER: 2 START
2019-12-20 01:33:52.159 20540 RALLYDEBUG rally.task.runner [-] Starting a worker. times: 10 duration: None concurrency: 1 timeout: 0 cls: method_name: run args: {}
2019-12-20 01:33:52.161 20537 INFO rally.task.runner [-] Task 43990f66-d7e1-43d6-9a0a-34b04e21a224 | ITER: 3 START
2019-12-20 01:33:52.165 20540 INFO rally.task.runner [-] Task 43990f66-d7e1-43d6-9a0a-34b04e21a224 | ITER: 4 START
2019-12-20 01:33:52.826 20536 INFO rally.task.runner [-] Task 43990f66-d7e1-43d6-9a0a-34b04e21a224 | ITER: 2 END: OK
2019-12-20 01:33:52.830 20536 INFO rally.task.runner [-] Task 43990f66-d7e1-43d6-9a0a-34b04e21a224 | ITER: 5 START
2019-12-20 01:33:52.902 20537 INFO rally.task.runner [-] Task 43990f66-d7e1-43d6-9a0a-34b04e21a224 | ITER: 3 END: OK
2019-12-20 01:33:52.907 20537 INFO rally.task.runner [-] Task 43990f66-d7e1-43d6-9a0a-34b04e21a224 | ITER: 6 START
2019-12-20 01:33:52.916 20540 INFO rally.task.runner [-] Task 43990f66-d7e1-43d6-9a0a-34b04e21a224 | ITER: 4 END: OK
2019-12-20 01:33:52.921 20540 INFO rally.task.runner [-] Task 43990f66-d7e1-43d6-9a0a-34b04e21a224 | ITER: 7 START
2019-12-20 01:33:53.041 20535 INFO rally.task.runner [-] Task 43990f66-d7e1-43d6-9a0a-34b04e21a224 | ITER: 1 END: OK
2019-12-20 01:33:53.046 20535 INFO rally.task.runner [-] Task 43990f66-d7e1-43d6-9a0a-34b04e21a224 | ITER: 8 START
2019-12-20 01:33:53.523 20540 INFO rally.task.runner [-] Task 43990f66-d7e1-43d6-9a0a-34b04e21a224 | ITER: 7 END: OK
2019-12-20 01:33:53.526 20540 INFO rally.task.runner [-] Task 43990f66-d7e1-43d6-9a0a-34b04e21a224 | ITER: 9 START
2019-12-20 01:33:53.541 20537 INFO rally.task.runner [-] Task 43990f66-d7e1-43d6-9a0a-34b04e21a224 | ITER: 6 END: OK
2019-12-20 01:33:53.546 20537 INFO rally.task.runner [-] Task 43990f66-d7e1-43d6-9a0a-34b04e21a224 | ITER: 10 START
2019-12-20 01:33:53.569 20536 INFO rally.task.runner [-] Task 43990f66-d7e1-43d6-9a0a-34b04e21a224 | ITER: 5 END: OK
2019-12-20 01:33:53.638 20535 INFO rally.task.runner [-] Task 43990f66-d7e1-43d6-9a0a-34b04e21a224 | ITER: 8 END: OK
2019-12-20 01:33:54.106 20540 INFO rally.task.runner [-] Task 43990f66-d7e1-43d6-9a0a-34b04e21a224 | ITER: 9 END: OK
2019-12-20 01:33:54.171 20537 INFO rally.task.runner [-] Task 43990f66-d7e1-43d6-9a0a-34b04e21a224 | ITER: 10 END: OK
2019-12-20 01:33:54.196 20411 INFO rally.task.context [-] Task 43990f66-d7e1-43d6-9a0a-34b04e21a224 | Context cleanup@openstack cleanup() started
2019-12-20 01:33:54.199 20411 RALLYDEBUG rally_openstack.cleanup.manager [-] Cleaning up nova servers objects
2019-12-20 01:33:55.536 20411 RALLYDEBUG rally_openstack.cleanup.manager [-] Cleaning up nova server_groups objects
2019-12-20 01:33:56.691 20411 RALLYDEBUG rally_openstack.cleanup.manager [-] Cleaning up nova keypairs objects
2019-12-20 01:33:59.208 20411 INFO rally.task.context [-] Task 43990f66-d7e1-43d6-9a0a-34b04e21a224 | Context cleanup@openstack cleanup() finished in 5.01 sec
2019-12-20 01:33:59.208 20411 INFO rally.task.context [-] Task 43990f66-d7e1-43d6-9a0a-34b04e21a224 | Context quotas@openstack cleanup() started
2019-12-20 01:33:59.270 20411 INFO rally.task.context [-] Task 43990f66-d7e1-43d6-9a0a-34b04e21a224 | Context quotas@openstack cleanup() finished in 62.12 msec
2019-12-20 01:33:59.271 20411 INFO rally.task.context [-] Task 43990f66-d7e1-43d6-9a0a-34b04e21a224 | Context users@openstack cleanup() started
2019-12-20 01:34:03.918 20411 INFO rally.task.context [-] Task 43990f66-d7e1-43d6-9a0a-34b04e21a224 | Context users@openstack cleanup() finished in 4.65 sec
2019-12-20 01:34:04.512 20411 INFO rally.task.engine [-] Load duration is: 2.014018
2019-12-20 01:34:04.512 20411 INFO rally.task.engine [-] Full runner duration is: 2.0615
2019-12-20 01:34:04.512 20411 INFO rally.task.engine [-] Full duration is: 15.508138
2019-12-20 01:34:04.821 20411 INFO rally.task.engine [-] Running workload: position = 0 config = { "version": 2, "title": "A cropped version of a bigger task.", "description": "Auto-generated task from a single workload (uuid=268a46af-ebc8-4144-bcd0-5f54c66e9e48)", "subtasks": [ { "title": "NovaKeypair.create_and_list_keypairs", "description": "Create a keypair with random name and list keypairs.", "scenario": { "NovaKeypair.create_and_list_keypairs": {} }, "contexts": { "users": { "tenants": 3, "users_per_tenant": 2 }, "quotas": { "nova": { "cores": -1, "floating_ips": -1, "instances": -1, "key_pairs": -1, "ram": -1, "security_group_rules": -1, "security_groups": -1 } } }, "runner": { "constant": { "concurrency": 4, "times": 10 } }, "hooks": [], "sla": { "failure_rate": { "max": 0 } } } ] }
2019-12-20 01:34:04.845 20411 RALLYDEBUG rally_openstack.contexts.keystone.users [-] Creating 3 tenants using 20 threads
2019-12-20 01:34:05.880 20411 RALLYDEBUG rally_openstack.contexts.keystone.users [-] Creating 6 users using 20 threads
2019-12-20 01:34:07.466 20411 INFO rally.task.context [-] Task 43990f66-d7e1-43d6-9a0a-34b04e21a224 | Context users@openstack setup() finished in 2.62 sec
2019-12-20 01:34:08.783 20411 INFO rally.task.context [-] Task 43990f66-d7e1-43d6-9a0a-34b04e21a224 | Context quotas@openstack setup() finished in 1.32 sec
2019-12-20 01:34:08.783 20411 INFO rally.task.context [-] Task 43990f66-d7e1-43d6-9a0a-34b04e21a224 | Context cleanup@openstack setup() finished in 0.01 msec
2019-12-20 01:34:08.792 20411 RALLYDEBUG rally.task.runner [-] Starting the constant runner (task UUID: 43990f66-d7e1-43d6-9a0a-34b04e21a224). times: 10 concurrency: 4 timeout: 0 max_cpu_used: 16 processes_to_start: 4 concurrency_per_worker: 1 concurrency_overhead: 0
2019-12-20 01:34:08.803 20699 RALLYDEBUG rally.task.runner [-] Starting a worker. times: 10 duration: None concurrency: 1 timeout: 0 cls: method_name: run args: {}
2019-12-20 01:34:08.806 20700 RALLYDEBUG rally.task.runner [-] Starting a worker. times: 10 duration: None concurrency: 1 timeout: 0 cls: method_name: run args: {}
2019-12-20 01:34:08.809 20699 INFO rally.task.runner [-] Task 43990f66-d7e1-43d6-9a0a-34b04e21a224 | ITER: 1 START
2019-12-20 01:34:08.809 20701 RALLYDEBUG rally.task.runner [-] Starting a worker. times: 10 duration: None concurrency: 1 timeout: 0 cls: method_name: run args: {}
2019-12-20 01:34:08.812 20700 INFO rally.task.runner [-] Task 43990f66-d7e1-43d6-9a0a-34b04e21a224 | ITER: 2 START
2019-12-20 01:34:08.812 20703 RALLYDEBUG rally.task.runner [-] Starting a worker. times: 10 duration: None concurrency: 1 timeout: 0 cls: method_name: run args: {}
2019-12-20 01:34:08.816 20701 INFO rally.task.runner [-] Task 43990f66-d7e1-43d6-9a0a-34b04e21a224 | ITER: 3 START
2019-12-20 01:34:08.818 20703 INFO rally.task.runner [-] Task 43990f66-d7e1-43d6-9a0a-34b04e21a224 | ITER: 4 START
2019-12-20 01:34:09.479 20699 INFO rally.task.runner [-] Task 43990f66-d7e1-43d6-9a0a-34b04e21a224 | ITER: 1 END: OK
2019-12-20 01:34:09.484 20699 INFO rally.task.runner [-] Task 43990f66-d7e1-43d6-9a0a-34b04e21a224 | ITER: 5 START
2019-12-20 01:34:09.559 20700 INFO rally.task.runner [-] Task 43990f66-d7e1-43d6-9a0a-34b04e21a224 | ITER: 2 END: OK
2019-12-20 01:34:09.560 20701 INFO rally.task.runner [-] Task 43990f66-d7e1-43d6-9a0a-34b04e21a224 | ITER: 3 END: OK
2019-12-20 01:34:09.563 20700 INFO rally.task.runner [-] Task 43990f66-d7e1-43d6-9a0a-34b04e21a224 | ITER: 6 START
2019-12-20 01:34:09.565 20701 INFO rally.task.runner [-] Task 43990f66-d7e1-43d6-9a0a-34b04e21a224 | ITER: 7 START
2019-12-20 01:34:09.586 20703 INFO rally.task.runner [-] Task 43990f66-d7e1-43d6-9a0a-34b04e21a224 | ITER: 4 END: OK
2019-12-20 01:34:09.591 20703 INFO rally.task.runner [-] Task 43990f66-d7e1-43d6-9a0a-34b04e21a224 | ITER: 8 START
2019-12-20 01:34:10.070 20700 INFO rally.task.runner [-] Task 43990f66-d7e1-43d6-9a0a-34b04e21a224 | ITER: 6 END: OK
2019-12-20 01:34:10.073 20700 INFO rally.task.runner [-] Task 43990f66-d7e1-43d6-9a0a-34b04e21a224 | ITER: 9 START
2019-12-20 01:34:10.153 20701 INFO rally.task.runner [-] Task 43990f66-d7e1-43d6-9a0a-34b04e21a224 | ITER: 7 END: OK
2019-12-20 01:34:10.157 20701 INFO rally.task.runner [-] Task 43990f66-d7e1-43d6-9a0a-34b04e21a224 | ITER: 10 START
2019-12-20 01:34:10.190 20699 INFO rally.task.runner [-] Task 43990f66-d7e1-43d6-9a0a-34b04e21a224 | ITER: 5 END: OK
2019-12-20 01:34:10.195 20703 INFO rally.task.runner [-] Task 43990f66-d7e1-43d6-9a0a-34b04e21a224 | ITER: 8 END: OK
2019-12-20 01:34:10.584 20700 INFO rally.task.runner [-] Task 43990f66-d7e1-43d6-9a0a-34b04e21a224 | ITER: 9 END: OK
2019-12-20 01:34:10.792 20701 INFO rally.task.runner [-] Task 43990f66-d7e1-43d6-9a0a-34b04e21a224 | ITER: 10 END: OK
2019-12-20 01:34:10.818 20411 INFO rally.task.context [-] Task 43990f66-d7e1-43d6-9a0a-34b04e21a224 | Context cleanup@openstack cleanup() started
2019-12-20 01:34:10.821 20411 RALLYDEBUG rally_openstack.cleanup.manager [-] Cleaning up nova servers objects
2019-12-20 01:34:12.240 20411 RALLYDEBUG rally_openstack.cleanup.manager [-] Cleaning up nova server_groups objects
2019-12-20 01:34:13.398 20411 RALLYDEBUG rally_openstack.cleanup.manager [-] Cleaning up nova keypairs objects
2019-12-20 01:34:15.759 20411 RALLYDEBUG rally_openstack.cleanup.manager [-] Deleting nova.keypairs object s_rally_268a46af_1DrfxUWX (s_rally_268a46af_1DrfxUWX)
2019-12-20 01:34:15.769 20411 RALLYDEBUG rally_openstack.cleanup.manager [-] Deleting nova.keypairs object s_rally_268a46af_er2WUkIH (s_rally_268a46af_er2WUkIH)
2019-12-20 01:34:15.778 20411 RALLYDEBUG rally_openstack.cleanup.manager [-] Deleting nova.keypairs object s_rally_268a46af_sPIKquH0 (s_rally_268a46af_sPIKquH0)
2019-12-20 01:34:15.782 20411 RALLYDEBUG rally_openstack.cleanup.manager [-] Deleting nova.keypairs object s_rally_268a46af_BJiffo07 (s_rally_268a46af_BJiffo07)
2019-12-20 01:34:15.785 20411 RALLYDEBUG rally_openstack.cleanup.manager [-] Deleting nova.keypairs object s_rally_268a46af_suu1MZ7m (s_rally_268a46af_suu1MZ7m)
2019-12-20 01:34:15.797 20411 RALLYDEBUG rally_openstack.cleanup.manager [-] Deleting nova.keypairs object s_rally_268a46af_B0fui1Xq (s_rally_268a46af_B0fui1Xq)
2019-12-20 01:34:15.824 20411 RALLYDEBUG rally_openstack.cleanup.manager [-] Deleting nova.keypairs object s_rally_268a46af_DWykEX0I (s_rally_268a46af_DWykEX0I)
2019-12-20 01:34:15.827 20411 RALLYDEBUG rally_openstack.cleanup.manager [-] Deleting nova.keypairs object s_rally_268a46af_D06LtNla (s_rally_268a46af_D06LtNla)
2019-12-20 01:34:15.841 20411 RALLYDEBUG rally_openstack.cleanup.manager [-] Deleting nova.keypairs object s_rally_268a46af_LGga12Kk (s_rally_268a46af_LGga12Kk)
2019-12-20 01:34:15.858 20411 RALLYDEBUG rally_openstack.cleanup.manager [-] Deleting nova.keypairs object s_rally_268a46af_Ww7ZYpej (s_rally_268a46af_Ww7ZYpej)
2019-12-20 01:34:17.351 20411 INFO rally.task.context [-] Task 43990f66-d7e1-43d6-9a0a-34b04e21a224 | Context cleanup@openstack cleanup() finished in 6.53 sec
2019-12-20 01:34:17.351 20411 INFO rally.task.context [-] Task 43990f66-d7e1-43d6-9a0a-34b04e21a224 | Context quotas@openstack cleanup() started
2019-12-20 01:34:17.418 20411 INFO rally.task.context [-] Task 43990f66-d7e1-43d6-9a0a-34b04e21a224 | Context quotas@openstack cleanup() finished in 66.33 msec
2019-12-20 01:34:17.418 20411 INFO rally.task.context [-] Task 43990f66-d7e1-43d6-9a0a-34b04e21a224 | Context users@openstack cleanup() started
2019-12-20 01:34:21.888 20411 INFO rally.task.context [-] Task 43990f66-d7e1-43d6-9a0a-34b04e21a224 | Context users@openstack cleanup() finished in 4.47 sec
2019-12-20 01:34:22.969 20411 INFO rally.task.engine [-] Load duration is: 1.981416
2019-12-20 01:34:22.969 20411 INFO rally.task.engine [-] Full runner duration is: 2.026199
2019-12-20 01:34:22.970 20411 INFO rally.task.engine [-] Full duration is: 17.044803
2019-12-20 01:34:23.317 20411 INFO rally.task.engine [-] Running workload: position = 0 config = { "version": 2, "title": "A cropped version of a bigger task.", "description": "Auto-generated task from a single workload (uuid=b4f4d2c8-4eaf-4ffa-a706-b7fd49d0e077)", "subtasks": [ { "title": "NovaServers.boot_and_bounce_server", "description": "Boot a server and run specified actions against it.", "scenario": { "NovaServers.boot_and_bounce_server": { "actions": [ { "hard_reboot": 1 }, { "soft_reboot": 1 }, { "stop_start": 1 }, { "rescue_unrescue": 1 } ], "flavor": { "name": "rally_full-flavor_aa5cb567-149c-4467-982a-9c05bad8048a" }, "image": { "name": "rally_full-img_aa5cb567-149c-4467-982a-9c05bad8048a" }, "nics": [ { "net-id": "ec715f9f-97db-49ca-b75c-c1382ea24986" } ] } }, "contexts": { "users": { "tenants": 3, "users_per_tenant": 2 }, "network": { "networks_per_tenant": 1, "start_cidr": "100.1.0.0/25" }, "quotas": { "neutron": { "network": -1, "port": -1, "subnet": -1 }, "nova": { "cores": -1, "floating_ips": -1, "instances": -1, "ram": -1, "security_group_rules": -1, "security_groups": -1 } } }, "runner": { "constant": { "concurrency": 4, "times": 10 } }, "hooks": [], "sla": { "failure_rate": { "max": 0 } } } ] }
2019-12-20 01:34:23.344 20411 RALLYDEBUG rally_openstack.contexts.keystone.users [-] Creating 3 tenants using 20 threads
2019-12-20 01:34:24.372 20411 RALLYDEBUG rally_openstack.contexts.keystone.users [-] Creating 6 users using 20 threads
2019-12-20 01:34:25.970 20411 INFO rally.task.context [-] Task 43990f66-d7e1-43d6-9a0a-34b04e21a224 | Context users@openstack setup() finished in 2.63 sec
2019-12-20 01:34:27.817 20411 INFO rally.task.context [-] Task 43990f66-d7e1-43d6-9a0a-34b04e21a224 | Context quotas@openstack setup() finished in 1.85 sec
2019-12-20 01:34:30.374 20411 RALLYDEBUG rally_openstack.wrappers.network [-] CIDR generated: 100.1.0.0/25
2019-12-20 01:34:34.968 20411 RALLYDEBUG rally_openstack.wrappers.network [-] CIDR generated: 100.1.0.128/25
2019-12-20 01:34:38.944 20411 RALLYDEBUG rally_openstack.wrappers.network [-] CIDR generated: 100.1.1.0/25
2019-12-20 01:34:41.295 20411 INFO rally.task.context [-] Task 43990f66-d7e1-43d6-9a0a-34b04e21a224 | Context network@openstack setup() finished in 13.48 sec
2019-12-20 01:34:41.296 20411 INFO rally.task.context [-] Task 43990f66-d7e1-43d6-9a0a-34b04e21a224 | Context cleanup@openstack setup() finished in 0.01 msec
2019-12-20 01:34:42.419 20411 RALLYDEBUG rally.task.runner [-] Starting the constant runner (task UUID: 43990f66-d7e1-43d6-9a0a-34b04e21a224). times: 10 concurrency: 4 timeout: 0 max_cpu_used: 16 processes_to_start: 4 concurrency_per_worker: 1 concurrency_overhead: 0
2019-12-20 01:34:42.431 20863 RALLYDEBUG rally.task.runner [-] Starting a worker. times: 10 duration: None concurrency: 1 timeout: 0 cls: method_name: run args: {"actions": [{"hard_reboot": 1}, {"soft_reboot": 1}, {"stop_start": 1}, {"rescue_unrescue": 1}], "flavor": "8f24f274-2ec7-4ee9-81fe-eb3126b4566a", "image": "836ce450-ad34-4e7f-b690-ce378b347e82", "nics": [{"net-id": "ec715f9f-97db-49ca-b75c-c1382ea24986"}]}
2019-12-20 01:34:42.435 20864 RALLYDEBUG rally.task.runner [-] Starting a worker. times: 10 duration: None concurrency: 1 timeout: 0 cls: method_name: run args: {"actions": [{"hard_reboot": 1}, {"soft_reboot": 1}, {"stop_start": 1}, {"rescue_unrescue": 1}], "flavor": "8f24f274-2ec7-4ee9-81fe-eb3126b4566a", "image": "836ce450-ad34-4e7f-b690-ce378b347e82", "nics": [{"net-id": "ec715f9f-97db-49ca-b75c-c1382ea24986"}]}
2019-12-20 01:34:42.439 20863 INFO rally.task.runner [-] Task 43990f66-d7e1-43d6-9a0a-34b04e21a224 | ITER: 1 START
2019-12-20 01:34:42.439 20865 RALLYDEBUG rally.task.runner [-] Starting a worker. times: 10 duration: None concurrency: 1 timeout: 0 cls: method_name: run args: {"actions": [{"hard_reboot": 1}, {"soft_reboot": 1}, {"stop_start": 1}, {"rescue_unrescue": 1}], "flavor": "8f24f274-2ec7-4ee9-81fe-eb3126b4566a", "image": "836ce450-ad34-4e7f-b690-ce378b347e82", "nics": [{"net-id": "ec715f9f-97db-49ca-b75c-c1382ea24986"}]}
2019-12-20 01:34:42.442 20864 INFO rally.task.runner [-] Task 43990f66-d7e1-43d6-9a0a-34b04e21a224 | ITER: 2 START
2019-12-20 01:34:42.442 20867 RALLYDEBUG rally.task.runner [-] Starting a worker. times: 10 duration: None concurrency: 1 timeout: 0 cls: method_name: run args: {"actions": [{"hard_reboot": 1}, {"soft_reboot": 1}, {"stop_start": 1}, {"rescue_unrescue": 1}], "flavor": "8f24f274-2ec7-4ee9-81fe-eb3126b4566a", "image": "836ce450-ad34-4e7f-b690-ce378b347e82", "nics": [{"net-id": "ec715f9f-97db-49ca-b75c-c1382ea24986"}]}
2019-12-20 01:34:42.446 20865 INFO rally.task.runner [-] Task 43990f66-d7e1-43d6-9a0a-34b04e21a224 | ITER: 3 START
2019-12-20 01:34:42.448 20867 INFO rally.task.runner [-] Task 43990f66-d7e1-43d6-9a0a-34b04e21a224 | ITER: 4 START
2019-12-20 01:34:50.520 20867 RALLYDEBUG rally.task.utils [-] Waiting for resource s_rally_b4f4d2c8_HD11y0Ci. Status changed: BUILD => ACTIVE in 4.868825435638428
2019-12-20 01:34:52.300 20864 RALLYDEBUG rally.task.utils [-] Waiting for resource s_rally_b4f4d2c8_prnzMo1j. Status changed: BUILD => ACTIVE in 7.078007698059082
2019-12-20 01:34:54.747 20863 RALLYDEBUG rally.task.utils [-] Waiting for resource s_rally_b4f4d2c8_gbn3h9nV. Status changed: BUILD => ACTIVE in 9.569767713546753
2019-12-20 01:34:55.085 20865 RALLYDEBUG rally.task.utils [-] Waiting for resource s_rally_b4f4d2c8_maB0ETPx. Status changed: BUILD => ACTIVE in 9.445870399475098
2019-12-20 01:34:55.493 20867 RALLYDEBUG rally.task.utils [-] Waiting for resource s_rally_b4f4d2c8_HD11y0Ci. Status changed: ACTIVE => REBOOT in 0.28386545181274414
2019-12-20 01:34:57.082 20863 RALLYDEBUG rally.task.utils [-] Waiting for resource s_rally_b4f4d2c8_gbn3h9nV. Status changed: ACTIVE => HARD_REBOOT in 0.23253560066223145
2019-12-20 01:34:57.163 20864 RALLYDEBUG rally.task.utils [-] Waiting for resource s_rally_b4f4d2c8_prnzMo1j. Status changed: ACTIVE => REBOOT in 0.3436007499694824
2019-12-20 01:34:59.464 20863 RALLYDEBUG rally.task.utils [-] Waiting for resource s_rally_b4f4d2c8_gbn3h9nV. Status changed: HARD_REBOOT => ACTIVE in 2.3819873332977295
2019-12-20 01:34:59.787 20865 RALLYDEBUG rally.task.utils [-] Waiting for resource s_rally_b4f4d2c8_maB0ETPx. Status changed: ACTIVE => REBOOT in 0.21067476272583008
2019-12-20 01:35:01.914 20863 RALLYDEBUG rally.task.utils [-] Waiting for resource s_rally_b4f4d2c8_gbn3h9nV. Status changed: ACTIVE => REBOOT in 0.3535268306732178
2019-12-20 01:36:56.138 20867 RALLYDEBUG rally.task.utils [-] Waiting for resource s_rally_b4f4d2c8_HD11y0Ci. Status changed: REBOOT => ACTIVE in 120.64472222328186
2019-12-20 01:36:58.158 20864 RALLYDEBUG rally.task.utils [-] Waiting for resource s_rally_b4f4d2c8_prnzMo1j. Status changed: REBOOT => ACTIVE in 120.99456286430359
2019-12-20 01:37:01.530 20865 RALLYDEBUG rally.task.utils [-] Waiting for resource s_rally_b4f4d2c8_maB0ETPx. Status changed: REBOOT => ACTIVE in 121.74321627616882
2019-12-20 01:37:02.220 20863 RALLYDEBUG rally.task.utils [-] Waiting for resource s_rally_b4f4d2c8_gbn3h9nV. Status changed: REBOOT => ACTIVE in 120.30634117126465
2019-12-20 01:37:11.841 20867 RALLYDEBUG rally.task.utils [-] Waiting for resource s_rally_b4f4d2c8_HD11y0Ci. Status changed: ACTIVE => SHUTOFF in 15.54034161567688
2019-12-20 01:37:12.184 20867 RALLYDEBUG rally.task.utils [-] Waiting for resource s_rally_b4f4d2c8_HD11y0Ci. Status changed: ACTIVE => SHUTOFF in 0.1910877227783203
2019-12-20 01:37:13.354 20867 RALLYDEBUG rally.task.utils [-] Waiting for resource s_rally_b4f4d2c8_HD11y0Ci. Status changed: SHUTOFF => ACTIVE in 1.1698944568634033
2019-12-20 01:37:29.023 20867 RALLYDEBUG rally.task.utils [-] Waiting for resource s_rally_b4f4d2c8_HD11y0Ci. Status changed: ACTIVE => RESCUE in 13.536966562271118
2019-12-20 01:37:33.664 20867 INFO rally.task.runner [-] Task 43990f66-d7e1-43d6-9a0a-34b04e21a224 | ITER: 4 END: OK
2019-12-20 01:37:33.672 20867 INFO rally.task.runner [-] Task 43990f66-d7e1-43d6-9a0a-34b04e21a224 | ITER: 5 START
2019-12-20 01:37:43.267 20867 RALLYDEBUG rally.task.utils [-] Waiting for resource s_rally_b4f4d2c8_bpmZyLmw. Status changed: BUILD => ACTIVE in 6.9234724044799805
2019-12-20 01:37:47.938 20867 RALLYDEBUG rally.task.utils [-] Waiting for resource s_rally_b4f4d2c8_bpmZyLmw. Status changed: ACTIVE => REBOOT in 0.20107364654541016
2019-12-20 01:38:00.171 20864 RALLYDEBUG rally.task.utils [-] Waiting for resource s_rally_b4f4d2c8_prnzMo1j. Status changed: ACTIVE => SHUTOFF in 61.86803984642029
2019-12-20 01:38:00.511 20864 RALLYDEBUG rally.task.utils [-] Waiting for resource s_rally_b4f4d2c8_prnzMo1j. Status changed: ACTIVE => SHUTOFF in 0.17294669151306152
2019-12-20 01:38:01.693 20864 RALLYDEBUG rally.task.utils [-] Waiting for resource s_rally_b4f4d2c8_prnzMo1j. Status changed: SHUTOFF => ACTIVE in 1.1823232173919678
2019-12-20 01:38:03.489 20865 RALLYDEBUG rally.task.utils [-] Waiting for resource s_rally_b4f4d2c8_maB0ETPx. Status changed: ACTIVE => SHUTOFF in 61.80509305000305
2019-12-20 01:38:03.831 20865 RALLYDEBUG rally.task.utils [-] Waiting for resource s_rally_b4f4d2c8_maB0ETPx. Status changed: ACTIVE => SHUTOFF in 0.1852126121520996
2019-12-20 01:38:04.115 20863 RALLYDEBUG rally.task.utils [-] Waiting for resource s_rally_b4f4d2c8_gbn3h9nV. Status changed: ACTIVE => SHUTOFF in 61.766141176223755
2019-12-20 01:38:04.570 20863 RALLYDEBUG rally.task.utils [-] Waiting for resource s_rally_b4f4d2c8_gbn3h9nV. Status changed: ACTIVE => SHUTOFF in 0.3017237186431885
2019-12-20 01:38:05.214 20865 RALLYDEBUG rally.task.utils [-] Waiting for resource s_rally_b4f4d2c8_maB0ETPx. Status changed: SHUTOFF => ACTIVE in 1.3824560642242432
2019-12-20 01:38:05.716 20863 RALLYDEBUG rally.task.utils [-] Waiting for resource s_rally_b4f4d2c8_gbn3h9nV. Status changed: SHUTOFF => ACTIVE in 1.1467218399047852
2019-12-20 01:38:17.552 20864 RALLYDEBUG rally.task.utils [-] Waiting for resource s_rally_b4f4d2c8_prnzMo1j. Status changed: ACTIVE => RESCUE in 13.692352056503296
2019-12-20 01:38:22.198 20864 INFO rally.task.runner [-] Task 43990f66-d7e1-43d6-9a0a-34b04e21a224 | ITER: 2 END: OK
2019-12-20 01:38:22.204 20864 INFO rally.task.runner [-] Task 43990f66-d7e1-43d6-9a0a-34b04e21a224 | ITER: 6 START
2019-12-20 01:38:32.292 20864 RALLYDEBUG rally.task.utils [-] Waiting for resource s_rally_b4f4d2c8_qfnZp4UH. Status changed: BUILD => ACTIVE in 6.974512100219727
2019-12-20 01:38:36.988 20864 RALLYDEBUG rally.task.utils [-] Waiting for resource s_rally_b4f4d2c8_qfnZp4UH. Status changed: ACTIVE => REBOOT in 0.2533109188079834
2019-12-20 01:39:08.699 20865 RALLYDEBUG rally.task.utils [-] Waiting for resource s_rally_b4f4d2c8_maB0ETPx. Status changed: ACTIVE => RESCUE in 61.355799198150635
2019-12-20 01:39:09.633 20863 RALLYDEBUG rally.task.utils [-] Waiting for resource s_rally_b4f4d2c8_gbn3h9nV. Status changed: ACTIVE => RESCUE in 61.79063868522644
2019-12-20 01:39:13.249 20865 INFO rally.task.runner [-] Task 43990f66-d7e1-43d6-9a0a-34b04e21a224 | ITER: 3 END: OK
2019-12-20 01:39:13.257 20865 INFO rally.task.runner [-] Task 43990f66-d7e1-43d6-9a0a-34b04e21a224 | ITER: 7 START
2019-12-20 01:39:14.339 20863 INFO rally.task.runner [-] Task 43990f66-d7e1-43d6-9a0a-34b04e21a224 | ITER: 1 END: OK
2019-12-20 01:39:14.345 20863 INFO rally.task.runner [-] Task 43990f66-d7e1-43d6-9a0a-34b04e21a224 | ITER: 8 START
2019-12-20 01:39:19.964 20865 RALLYDEBUG rally.task.utils [-] Waiting for resource s_rally_b4f4d2c8_KInk9j9J. Status changed: BUILD => ACTIVE in 4.5058159828186035
2019-12-20 01:39:21.882 20863 RALLYDEBUG rally.task.utils [-] Waiting for resource s_rally_b4f4d2c8_XtuOpmyM. Status changed: BUILD => ACTIVE in 4.584734201431274
2019-12-20 01:39:24.604 20865 RALLYDEBUG rally.task.utils [-] Waiting for resource s_rally_b4f4d2c8_KInk9j9J. Status changed: ACTIVE => REBOOT in 0.23733234405517578
2019-12-20 01:39:26.436 20863 RALLYDEBUG rally.task.utils [-] Waiting for resource s_rally_b4f4d2c8_XtuOpmyM. Status changed: ACTIVE => REBOOT in 0.14798831939697266
2019-12-20 01:39:48.276 20867 RALLYDEBUG rally.task.utils [-] Waiting for resource s_rally_b4f4d2c8_bpmZyLmw. Status changed: REBOOT => ACTIVE in 120.3373613357544
2019-12-20 01:40:37.452 20864 RALLYDEBUG rally.task.utils [-] Waiting for resource s_rally_b4f4d2c8_qfnZp4UH. Status changed: REBOOT => ACTIVE in 120.46396517753601
2019-12-20 01:40:50.052 20867 RALLYDEBUG rally.task.utils [-] Waiting for resource s_rally_b4f4d2c8_bpmZyLmw. Status changed: ACTIVE => SHUTOFF in 61.643688440322876
2019-12-20 01:40:50.464 20867 RALLYDEBUG rally.task.utils [-] Waiting for resource s_rally_b4f4d2c8_bpmZyLmw. Status changed: ACTIVE => SHUTOFF in 0.26495981216430664
2019-12-20 01:40:51.305 20864 RALLYDEBUG rally.task.utils [-] Waiting for resource s_rally_b4f4d2c8_qfnZp4UH. Status changed: ACTIVE => SHUTOFF in 13.668603897094727
2019-12-20 01:40:51.603 20864 RALLYDEBUG rally.task.utils [-] Waiting for resource s_rally_b4f4d2c8_qfnZp4UH. Status changed: ACTIVE => SHUTOFF in 0.150374174118042
2019-12-20 01:40:51.693 20867 RALLYDEBUG rally.task.utils [-] Waiting for resource s_rally_b4f4d2c8_bpmZyLmw. Status changed: SHUTOFF => ACTIVE in 1.2281596660614014
2019-12-20 01:40:54.102 20864 RALLYDEBUG rally.task.utils [-] Waiting for resource s_rally_b4f4d2c8_qfnZp4UH. Status changed: SHUTOFF => ACTIVE in 2.4989676475524902
2019-12-20 01:41:00.814 20864 RALLYDEBUG rally.task.utils [-] Waiting for resource s_rally_b4f4d2c8_qfnZp4UH. Status changed: ACTIVE => RESCUE in 4.587866306304932
2019-12-20 01:41:05.612 20864 INFO rally.task.runner [-] Task 43990f66-d7e1-43d6-9a0a-34b04e21a224 | ITER: 6 END: OK
2019-12-20 01:41:05.618 20864 INFO rally.task.runner [-] Task 43990f66-d7e1-43d6-9a0a-34b04e21a224 | ITER: 9 START
2019-12-20 01:41:15.353 20864 RALLYDEBUG rally.task.utils [-] Waiting for resource s_rally_b4f4d2c8_KAnMijlx. Status changed: BUILD => ACTIVE in 6.945920467376709
2019-12-20 01:41:20.099 20864 RALLYDEBUG rally.task.utils [-] Waiting for resource s_rally_b4f4d2c8_KAnMijlx. Status changed: ACTIVE => REBOOT in 0.25882601737976074
2019-12-20 01:41:24.761 20865 RALLYDEBUG rally.task.utils [-] Waiting for resource s_rally_b4f4d2c8_KInk9j9J. Status changed: REBOOT => ACTIVE in 120.15737724304199
2019-12-20 01:41:27.333 20863 RALLYDEBUG rally.task.utils [-] Waiting for resource s_rally_b4f4d2c8_XtuOpmyM. Status changed: REBOOT => ACTIVE in 120.89691066741943
2019-12-20 01:41:54.228 20867 RALLYDEBUG rally.task.utils [-] Waiting for resource s_rally_b4f4d2c8_bpmZyLmw. Status changed: ACTIVE => RESCUE in 60.41169738769531
2019-12-20 01:41:58.908 20867 INFO rally.task.runner [-] Task 43990f66-d7e1-43d6-9a0a-34b04e21a224 | ITER: 5 END: OK
2019-12-20 01:41:58.913 20867 INFO rally.task.runner [-] Task 43990f66-d7e1-43d6-9a0a-34b04e21a224 | ITER: 10 START
2019-12-20 01:42:08.784 20867 RALLYDEBUG rally.task.utils [-] Waiting for resource s_rally_b4f4d2c8_AmWugdR5. Status changed: BUILD => ACTIVE in 7.052955389022827
2019-12-20 01:42:13.596 20867 RALLYDEBUG rally.task.utils [-] Waiting for resource s_rally_b4f4d2c8_AmWugdR5. Status changed: ACTIVE => REBOOT in 0.3759031295776367
2019-12-20 01:42:28.006 20865 RALLYDEBUG rally.task.utils [-] Waiting for resource s_rally_b4f4d2c8_KInk9j9J. Status changed: ACTIVE => SHUTOFF in 63.10457396507263
2019-12-20 01:42:28.330 20865 RALLYDEBUG rally.task.utils [-] Waiting for resource s_rally_b4f4d2c8_KInk9j9J. Status changed: ACTIVE => SHUTOFF in 0.16654157638549805
2019-12-20 01:42:28.930 20863 RALLYDEBUG rally.task.utils [-] Waiting for resource s_rally_b4f4d2c8_XtuOpmyM. Status changed: ACTIVE => SHUTOFF in 61.45612645149231
2019-12-20 01:42:29.243 20863 RALLYDEBUG rally.task.utils [-] Waiting for resource s_rally_b4f4d2c8_XtuOpmyM. Status changed: ACTIVE => SHUTOFF in 0.16370368003845215
2019-12-20 01:42:30.408 20863 RALLYDEBUG rally.task.utils [-] Waiting for resource s_rally_b4f4d2c8_XtuOpmyM. Status changed: SHUTOFF => ACTIVE in 1.1652984619140625
2019-12-20 01:42:30.704 20865 RALLYDEBUG rally.task.utils [-] Waiting for resource s_rally_b4f4d2c8_KInk9j9J. Status changed: SHUTOFF => ACTIVE in 2.3740553855895996
2019-12-20 01:42:37.337 20865 RALLYDEBUG rally.task.utils [-] Waiting for resource s_rally_b4f4d2c8_KInk9j9J. Status changed: ACTIVE => RESCUE in 4.515241384506226
2019-12-20 01:42:41.985 20865 INFO rally.task.runner [-] Task 43990f66-d7e1-43d6-9a0a-34b04e21a224 | ITER: 7 END: OK
2019-12-20 01:42:47.969 20863 RALLYDEBUG rally.task.utils [-] Waiting for resource s_rally_b4f4d2c8_XtuOpmyM. Status changed: ACTIVE => RESCUE in 15.432239294052124
2019-12-20 01:42:52.612 20863 INFO rally.task.runner [-] Task 43990f66-d7e1-43d6-9a0a-34b04e21a224 | ITER: 8 END: OK
2019-12-20 01:43:21.665 20864 RALLYDEBUG rally.task.utils [-] Waiting for resource s_rally_b4f4d2c8_KAnMijlx. Status changed: REBOOT => ACTIVE in 121.56683611869812
2019-12-20 01:44:14.963 20867 RALLYDEBUG rally.task.utils [-] Waiting for resource s_rally_b4f4d2c8_AmWugdR5. Status changed: REBOOT => ACTIVE in 121.36713862419128
2019-12-20 01:44:23.728 20864 RALLYDEBUG rally.task.utils [-] Waiting for resource s_rally_b4f4d2c8_KAnMijlx. Status changed: ACTIVE => SHUTOFF in 61.916462659835815
2019-12-20 01:44:24.020 20864 RALLYDEBUG rally.task.utils [-] Waiting for resource s_rally_b4f4d2c8_KAnMijlx. Status changed: ACTIVE => SHUTOFF in 0.15572714805603027
2019-12-20 01:44:26.387 20864 RALLYDEBUG rally.task.utils [-] Waiting for resource s_rally_b4f4d2c8_KAnMijlx. Status changed: SHUTOFF => ACTIVE in 2.367246389389038
2019-12-20 01:45:17.421 20867 RALLYDEBUG rally.task.utils [-] Waiting for resource s_rally_b4f4d2c8_AmWugdR5. Status changed: ACTIVE => SHUTOFF in 62.29703950881958
2019-12-20 01:45:17.819 20867 RALLYDEBUG rally.task.utils [-] Waiting for resource s_rally_b4f4d2c8_AmWugdR5. Status changed: ACTIVE => SHUTOFF in 0.25301170349121094
2019-12-20 01:45:19.180 20867 RALLYDEBUG rally.task.utils [-] Waiting for resource s_rally_b4f4d2c8_AmWugdR5. Status changed: SHUTOFF => ACTIVE in 1.3612661361694336
2019-12-20 01:45:29.159 20864 RALLYDEBUG rally.task.utils [-] Waiting for resource s_rally_b4f4d2c8_KAnMijlx. Status changed: ACTIVE => RESCUE in 60.64093518257141
2019-12-20 01:45:33.894 20864 INFO rally.task.runner [-] Task 43990f66-d7e1-43d6-9a0a-34b04e21a224 | ITER: 9 END: OK
2019-12-20 01:45:34.901 20867 RALLYDEBUG rally.task.utils [-] Waiting for resource s_rally_b4f4d2c8_AmWugdR5. Status changed: ACTIVE => RESCUE in 13.57991647720337
2019-12-20 01:45:39.528 20867 INFO rally.task.runner [-] Task 43990f66-d7e1-43d6-9a0a-34b04e21a224 | ITER: 10 END: OK
2019-12-20 01:45:39.553 20411 INFO rally.task.context [-] Task 43990f66-d7e1-43d6-9a0a-34b04e21a224 | Context cleanup@openstack cleanup() started
2019-12-20 01:45:39.559 20411 RALLYDEBUG rally_openstack.cleanup.manager [-] Cleaning up nova servers objects
2019-12-20 01:45:41.208 20411 RALLYDEBUG rally_openstack.cleanup.manager [-] Cleaning up nova server_groups objects
2019-12-20 01:45:42.411 20411 RALLYDEBUG rally_openstack.cleanup.manager [-] Cleaning up nova keypairs objects
2019-12-20 01:45:45.311 20411 INFO rally.task.context [-] Task 43990f66-d7e1-43d6-9a0a-34b04e21a224 | Context cleanup@openstack cleanup() finished in 5.76 sec
2019-12-20 01:45:45.311 20411 INFO rally.task.context [-] Task 43990f66-d7e1-43d6-9a0a-34b04e21a224 | Context network@openstack cleanup() started
2019-12-20 01:46:08.283 20411 INFO rally.task.context [-] Task 43990f66-d7e1-43d6-9a0a-34b04e21a224 | Context network@openstack cleanup() finished in 22.97 sec
2019-12-20 01:46:08.284 20411 INFO rally.task.context [-] Task 43990f66-d7e1-43d6-9a0a-34b04e21a224 | Context quotas@openstack cleanup() started
2019-12-20 01:46:08.717 20411 INFO rally.task.context [-] Task 43990f66-d7e1-43d6-9a0a-34b04e21a224 | Context quotas@openstack cleanup() finished in 0.43 sec
2019-12-20 01:46:08.718 20411 INFO rally.task.context [-] Task 43990f66-d7e1-43d6-9a0a-34b04e21a224 | Context users@openstack cleanup() started
2019-12-20 01:46:12.996 20411 INFO rally.task.context [-] Task 43990f66-d7e1-43d6-9a0a-34b04e21a224 | Context users@openstack cleanup() finished in 4.28 sec
2019-12-20 01:46:14.079 20411 INFO rally.task.engine [-] Load duration is: 648.08785
2019-12-20 01:46:14.079 20411 INFO rally.task.engine [-] Full runner duration is: 657.133888
2019-12-20 01:46:14.080 20411 INFO rally.task.engine [-] Full duration is: 709.654778
2019-12-20 01:46:14.414 20411 INFO rally.task.engine [-] Running workload: position = 0 config = { "version": 2, "title": "A cropped version of a bigger task.", "description": "Auto-generated task from a single workload (uuid=0cade017-1467-46a2-993e-5743b958ec15)", "subtasks": [ { "title": "NovaServers.boot_and_delete_server", "description": "Boot and delete a server.", "scenario": { "NovaServers.boot_and_delete_server": { "flavor": { "name": "rally_full-flavor_aa5cb567-149c-4467-982a-9c05bad8048a" }, "image": { "name": "rally_full-img_aa5cb567-149c-4467-982a-9c05bad8048a" }, "nics": [ { "net-id": "ec715f9f-97db-49ca-b75c-c1382ea24986" } ] } }, "contexts": { "users": { "tenants": 3, "users_per_tenant": 2 }, "network": { "networks_per_tenant": 1, "start_cidr": "100.1.0.0/25" }, "quotas": { "neutron": { "network": -1, "port": -1, "subnet": -1 }, "nova": { "cores": -1, "floating_ips": -1, "instances": -1, "ram": -1, "security_group_rules": -1, "security_groups": -1 } } }, "runner": { "constant": { "concurrency": 4, "times": 10 } }, "hooks": [], "sla": { "failure_rate": { "max": 0 } } } ] }
2019-12-20 01:46:14.439 20411 RALLYDEBUG rally_openstack.contexts.keystone.users [-] Creating 3 tenants using 20 threads
2019-12-20 01:46:15.477 20411 RALLYDEBUG rally_openstack.contexts.keystone.users [-] Creating 6 users using 20 threads
2019-12-20 01:46:17.001 20411 INFO rally.task.context [-] Task 43990f66-d7e1-43d6-9a0a-34b04e21a224 | Context users@openstack setup() finished in 2.56 sec
2019-12-20 01:46:18.687 20411 INFO rally.task.context [-] Task 43990f66-d7e1-43d6-9a0a-34b04e21a224 | Context quotas@openstack setup() finished in 1.68 sec
2019-12-20 01:46:21.074 20411 RALLYDEBUG rally_openstack.wrappers.network [-] CIDR generated: 100.1.1.128/25
2019-12-20 01:46:25.328 20411 RALLYDEBUG rally_openstack.wrappers.network [-] CIDR generated: 100.1.2.0/25
2019-12-20 01:46:29.446 20411 RALLYDEBUG rally_openstack.wrappers.network [-] CIDR generated: 100.1.2.128/25
2019-12-20 01:46:31.541 20411 INFO rally.task.context [-] Task 43990f66-d7e1-43d6-9a0a-34b04e21a224 | Context network@openstack setup() finished in 12.85 sec
2019-12-20 01:46:31.541 20411 INFO rally.task.context [-] Task 43990f66-d7e1-43d6-9a0a-34b04e21a224 | Context cleanup@openstack setup() finished in 0.02 msec
2019-12-20 01:46:32.388 20411 RALLYDEBUG rally.task.runner [-] Starting the constant runner (task UUID: 43990f66-d7e1-43d6-9a0a-34b04e21a224). times: 10 concurrency: 4 timeout: 0 max_cpu_used: 16 processes_to_start: 4 concurrency_per_worker: 1 concurrency_overhead: 0
2019-12-20 01:46:32.400 21027 RALLYDEBUG rally.task.runner [-] Starting a worker. times: 10 duration: None concurrency: 1 timeout: 0 cls: method_name: run args: {"flavor": "8f24f274-2ec7-4ee9-81fe-eb3126b4566a", "image": "836ce450-ad34-4e7f-b690-ce378b347e82", "nics": [{"net-id": "ec715f9f-97db-49ca-b75c-c1382ea24986"}]}
2019-12-20 01:46:32.404 21028 RALLYDEBUG rally.task.runner [-] Starting a worker. times: 10 duration: None concurrency: 1 timeout: 0 cls: method_name: run args: {"flavor": "8f24f274-2ec7-4ee9-81fe-eb3126b4566a", "image": "836ce450-ad34-4e7f-b690-ce378b347e82", "nics": [{"net-id": "ec715f9f-97db-49ca-b75c-c1382ea24986"}]}
2019-12-20 01:46:32.408 21027 INFO rally.task.runner [-] Task 43990f66-d7e1-43d6-9a0a-34b04e21a224 | ITER: 1 START
2019-12-20 01:46:32.408 21029 RALLYDEBUG rally.task.runner [-] Starting a worker. times: 10 duration: None concurrency: 1 timeout: 0 cls: method_name: run args: {"flavor": "8f24f274-2ec7-4ee9-81fe-eb3126b4566a", "image": "836ce450-ad34-4e7f-b690-ce378b347e82", "nics": [{"net-id": "ec715f9f-97db-49ca-b75c-c1382ea24986"}]}
2019-12-20 01:46:32.411 21028 INFO rally.task.runner [-] Task 43990f66-d7e1-43d6-9a0a-34b04e21a224 | ITER: 2 START
2019-12-20 01:46:32.412 21031 RALLYDEBUG rally.task.runner [-] Starting a worker. times: 10 duration: None concurrency: 1 timeout: 0 cls: method_name: run args: {"flavor": "8f24f274-2ec7-4ee9-81fe-eb3126b4566a", "image": "836ce450-ad34-4e7f-b690-ce378b347e82", "nics": [{"net-id": "ec715f9f-97db-49ca-b75c-c1382ea24986"}]}
2019-12-20 01:46:32.415 21029 INFO rally.task.runner [-] Task 43990f66-d7e1-43d6-9a0a-34b04e21a224 | ITER: 3 START
2019-12-20 01:46:32.418 21031 INFO rally.task.runner [-] Task 43990f66-d7e1-43d6-9a0a-34b04e21a224 | ITER: 4 START
2019-12-20 01:46:40.104 21029 RALLYDEBUG rally.task.utils [-] Waiting for resource s_rally_0cade017_EgnJCt4y. Status changed: BUILD => ACTIVE in 4.930727005004883
2019-12-20 01:46:41.762 21031 RALLYDEBUG rally.task.utils [-] Waiting for resource s_rally_0cade017_XVi4QZtE. Status changed: BUILD => ACTIVE in 7.029360294342041
2019-12-20 01:46:42.003 21027 RALLYDEBUG rally.task.utils [-] Waiting for resource s_rally_0cade017_FDNDtgwO. Status changed: BUILD => ACTIVE in 6.8921496868133545
2019-12-20 01:46:42.319 21028 RALLYDEBUG rally.task.utils [-] Waiting for resource s_rally_0cade017_ykg8nMx9. Status changed: BUILD => ACTIVE in 6.935466527938843
2019-12-20 01:46:42.485 21029 INFO rally.task.runner [-] Task 43990f66-d7e1-43d6-9a0a-34b04e21a224 | ITER: 3 END: OK
2019-12-20 01:46:42.489 21029 INFO rally.task.runner [-] Task 43990f66-d7e1-43d6-9a0a-34b04e21a224 | ITER: 5 START
2019-12-20 01:46:44.296 21031 INFO rally.task.runner [-] Task 43990f66-d7e1-43d6-9a0a-34b04e21a224 | ITER: 4 END: OK
2019-12-20 01:46:44.301 21031 INFO rally.task.runner [-] Task 43990f66-d7e1-43d6-9a0a-34b04e21a224 | ITER: 6 START
2019-12-20 01:46:44.518 21027 INFO rally.task.runner [-] Task 43990f66-d7e1-43d6-9a0a-34b04e21a224 | ITER: 1 END: OK
2019-12-20 01:46:44.523 21027 INFO rally.task.runner [-] Task 43990f66-d7e1-43d6-9a0a-34b04e21a224 | ITER: 7 START
2019-12-20 01:46:44.771 21028 INFO rally.task.runner [-] Task 43990f66-d7e1-43d6-9a0a-34b04e21a224 | ITER: 2 END: OK
2019-12-20 01:46:44.775 21028 INFO rally.task.runner [-] Task 43990f66-d7e1-43d6-9a0a-34b04e21a224 | ITER: 8 START
2019-12-20 01:46:50.492 21029 RALLYDEBUG rally.task.utils [-] Waiting for resource s_rally_0cade017_ZvCB3Ln4. Status changed: BUILD => ACTIVE in 4.642042398452759
2019-12-20 01:46:51.588 21031 RALLYDEBUG rally.task.utils [-] Waiting for resource s_rally_0cade017_TFbEekSx. Status changed: BUILD => ACTIVE in 4.954197645187378
2019-12-20 01:46:51.615 21027 RALLYDEBUG rally.task.utils [-] Waiting for resource s_rally_0cade017_3a7rT3eO. Status changed: BUILD => ACTIVE in 4.736450910568237
2019-12-20 01:46:52.821 21029 INFO rally.task.runner [-] Task 43990f66-d7e1-43d6-9a0a-34b04e21a224 | ITER: 5 END: OK
2019-12-20 01:46:52.825 21029 INFO rally.task.runner [-] Task 43990f66-d7e1-43d6-9a0a-34b04e21a224 | ITER: 9 START
2019-12-20 01:46:53.945 21027 INFO rally.task.runner [-] Task 43990f66-d7e1-43d6-9a0a-34b04e21a224 | ITER: 7 END: OK
2019-12-20 01:46:53.953 21027 INFO rally.task.runner [-] Task 43990f66-d7e1-43d6-9a0a-34b04e21a224 | ITER: 10 START
2019-12-20 01:46:54.138 21031 INFO rally.task.runner [-] Task 43990f66-d7e1-43d6-9a0a-34b04e21a224 | ITER: 6 END: OK
2019-12-20 01:46:54.404 21028 RALLYDEBUG rally.task.utils [-] Waiting for resource s_rally_0cade017_4gwm07Mr. Status changed: BUILD => ACTIVE in 7.324186563491821
