2019-12-20 01:20:40.389 13785 INFO rally.task.context [-] Task 3acac26d-d59f-4247-8a29-57c0db0b4acf | Context cleanup@openstack cleanup() finished in 15.98 sec
2019-12-20 01:20:40.390 13785 INFO rally.task.context [-] Task 3acac26d-d59f-4247-8a29-57c0db0b4acf | Context network@openstack cleanup() started
2019-12-20 01:20:52.330 13785 INFO rally.task.context [-] Task 3acac26d-d59f-4247-8a29-57c0db0b4acf | Context network@openstack cleanup() finished in 11.94 sec
2019-12-20 01:20:52.331 13785 INFO rally.task.context [-] Task 3acac26d-d59f-4247-8a29-57c0db0b4acf | Context quotas@openstack cleanup() started
2019-12-20 01:20:52.692 13785 INFO rally.task.context [-] Task 3acac26d-d59f-4247-8a29-57c0db0b4acf | Context quotas@openstack cleanup() finished in 0.36 sec
2019-12-20 01:20:52.692 13785 INFO rally.task.context [-] Task 3acac26d-d59f-4247-8a29-57c0db0b4acf | Context users@openstack cleanup() started
2019-12-20 01:20:57.044 13785 INFO rally.task.context [-] Task 3acac26d-d59f-4247-8a29-57c0db0b4acf | Context users@openstack cleanup() finished in 4.35 sec
2019-12-20 01:20:57.577 13785 INFO rally.task.engine [-] Load duration is: 4.598018
2019-12-20 01:20:57.577 13785 INFO rally.task.engine [-] Full runner duration is: 4.64764
2019-12-20 01:20:57.578 13785 INFO rally.task.engine [-] Full duration is: 43.717253
2019-12-20 01:20:57.923 13785 INFO rally.task.engine [-] Running workload: position = 0 config = { "version": 2, "title": "A cropped version of a bigger task.", "description": "Auto-generated task from a single workload (uuid=5e0741ae-61ad-4a9a-993a-53d835fa1af0)", "subtasks": [ { "title": "NeutronNetworks.create_and_update_routers", "description": "Create and update a given number of routers.", "scenario": { "NeutronNetworks.create_and_update_routers": { "network_create_args": {}, "router_create_args": {}, "router_update_args": { "admin_state_up": false }, "subnet_cidr_start": "1.1.0.0/30", "subnet_create_args": {}, "subnets_per_network": 1 } }, "contexts": { "users": { "tenants": 3, "users_per_tenant": 2 }, "quotas": { "neutron": { "network": -1, "subnet": -1, "port": -1, "router": -1 } } }, "runner": { "constant": { "concurrency": 4, "times": 10 } }, "hooks": [], "sla": { "failure_rate": { "max": 0 } } } ] }
2019-12-20 01:20:57.946 13785 RALLYDEBUG rally_openstack.contexts.keystone.users [-] Creating 3 tenants using 20 threads
2019-12-20 01:20:59.000 13785 RALLYDEBUG rally_openstack.contexts.keystone.users [-] Creating 6 users using 20 threads
2019-12-20 01:21:00.492 13785 INFO rally.task.context [-] Task 3acac26d-d59f-4247-8a29-57c0db0b4acf | Context users@openstack setup() finished in 2.55 sec
2019-12-20 01:21:01.405 13785 INFO rally.task.context [-] Task 3acac26d-d59f-4247-8a29-57c0db0b4acf | Context quotas@openstack setup() finished in 0.91 sec
2019-12-20 01:21:01.406 13785 INFO rally.task.context [-] Task 3acac26d-d59f-4247-8a29-57c0db0b4acf | Context cleanup@openstack setup() finished in 0.01 msec
2019-12-20 01:21:01.414 13785 RALLYDEBUG rally.task.runner [-] Starting the constant runner (task UUID: 3acac26d-d59f-4247-8a29-57c0db0b4acf). times: 10 concurrency: 4 timeout: 0 max_cpu_used: 16 processes_to_start: 4 concurrency_per_worker: 1 concurrency_overhead: 0
2019-12-20 01:21:01.424 14557 RALLYDEBUG rally.task.runner [-] Starting a worker. times: 10 duration: None concurrency: 1 timeout: 0 cls: method_name: run args: {"network_create_args": {}, "router_create_args": {}, "router_update_args": {"admin_state_up": false}, "subnet_cidr_start": "1.1.0.0/30", "subnet_create_args": {}, "subnets_per_network": 1}
2019-12-20 01:21:01.428 14559 RALLYDEBUG rally.task.runner [-] Starting a worker. times: 10 duration: None concurrency: 1 timeout: 0 cls: method_name: run args: {"network_create_args": {}, "router_create_args": {}, "router_update_args": {"admin_state_up": false}, "subnet_cidr_start": "1.1.0.0/30", "subnet_create_args": {}, "subnets_per_network": 1}
2019-12-20 01:21:01.427 14558 RALLYDEBUG rally.task.runner [-] Starting a worker. times: 10 duration: None concurrency: 1 timeout: 0 cls: method_name: run args: {"network_create_args": {}, "router_create_args": {}, "router_update_args": {"admin_state_up": false}, "subnet_cidr_start": "1.1.0.0/30", "subnet_create_args": {}, "subnets_per_network": 1}
2019-12-20 01:21:01.431 14559 INFO rally.task.runner [-] Task 3acac26d-d59f-4247-8a29-57c0db0b4acf | ITER: 2 START
2019-12-20 01:21:01.431 14557 INFO rally.task.runner [-] Task 3acac26d-d59f-4247-8a29-57c0db0b4acf | ITER: 1 START
2019-12-20 01:21:01.432 14560 RALLYDEBUG rally.task.runner [-] Starting a worker. times: 10 duration: None concurrency: 1 timeout: 0 cls: method_name: run args: {"network_create_args": {}, "router_create_args": {}, "router_update_args": {"admin_state_up": false}, "subnet_cidr_start": "1.1.0.0/30", "subnet_create_args": {}, "subnets_per_network": 1}
2019-12-20 01:21:01.433 14558 INFO rally.task.runner [-] Task 3acac26d-d59f-4247-8a29-57c0db0b4acf | ITER: 3 START
2019-12-20 01:21:01.437 14560 INFO rally.task.runner [-] Task 3acac26d-d59f-4247-8a29-57c0db0b4acf | ITER: 4 START
2019-12-20 01:21:02.115 14557 RALLYDEBUG rally_openstack.wrappers.network [-] CIDR generated: 1.1.0.12/30
2019-12-20 01:21:02.132 14560 RALLYDEBUG rally_openstack.wrappers.network [-] CIDR generated: 1.1.0.16/30
2019-12-20 01:21:02.670 14559 RALLYDEBUG rally_openstack.wrappers.network [-] CIDR generated: 1.1.0.20/30
2019-12-20 01:21:02.855 14558 RALLYDEBUG rally_openstack.wrappers.network [-] CIDR generated: 1.1.0.24/30
2019-12-20 01:21:05.287 14557 INFO rally.task.runner [-] Task 3acac26d-d59f-4247-8a29-57c0db0b4acf | ITER: 1 END: OK
2019-12-20 01:21:05.292 14557 INFO rally.task.runner [-] Task 3acac26d-d59f-4247-8a29-57c0db0b4acf | ITER: 5 START
2019-12-20 01:21:05.784 14557 RALLYDEBUG rally_openstack.wrappers.network [-] CIDR generated: 1.1.0.28/30
2019-12-20 01:21:05.840 14559 INFO rally.task.runner [-] Task 3acac26d-d59f-4247-8a29-57c0db0b4acf | ITER: 2 END: OK
2019-12-20 01:21:05.845 14559 INFO rally.task.runner [-] Task 3acac26d-d59f-4247-8a29-57c0db0b4acf | ITER: 6 START
2019-12-20 01:21:05.979 14560 INFO rally.task.runner [-] Task 3acac26d-d59f-4247-8a29-57c0db0b4acf | ITER: 4 END: OK
2019-12-20 01:21:05.983 14560 INFO rally.task.runner [-] Task 3acac26d-d59f-4247-8a29-57c0db0b4acf | ITER: 7 START
2019-12-20 01:21:06.035 14558 INFO rally.task.runner [-] Task 3acac26d-d59f-4247-8a29-57c0db0b4acf | ITER: 3 END: OK
2019-12-20 01:21:06.039 14558 INFO rally.task.runner [-] Task 3acac26d-d59f-4247-8a29-57c0db0b4acf | ITER: 8 START
2019-12-20 01:21:06.330 14559 RALLYDEBUG rally_openstack.wrappers.network [-] CIDR generated: 1.1.0.32/30
2019-12-20 01:21:06.522 14558 RALLYDEBUG rally_openstack.wrappers.network [-] CIDR generated: 1.1.0.36/30
2019-12-20 01:21:06.684 14560 RALLYDEBUG rally_openstack.wrappers.network [-] CIDR generated: 1.1.0.40/30
2019-12-20 01:21:09.501 14558 INFO rally.task.runner [-] Task 3acac26d-d59f-4247-8a29-57c0db0b4acf | ITER: 8 END: OK
2019-12-20 01:21:09.504 14558 INFO rally.task.runner [-] Task 3acac26d-d59f-4247-8a29-57c0db0b4acf | ITER: 9 START
2019-12-20 01:21:09.688 14559 INFO rally.task.runner [-] Task 3acac26d-d59f-4247-8a29-57c0db0b4acf | ITER: 6 END: OK
2019-12-20 01:21:09.691 14559 INFO rally.task.runner [-] Task 3acac26d-d59f-4247-8a29-57c0db0b4acf | ITER: 10 START
2019-12-20 01:21:09.826 14557 INFO rally.task.runner [-] Task 3acac26d-d59f-4247-8a29-57c0db0b4acf | ITER: 5 END: OK
2019-12-20 01:21:10.020 14558 RALLYDEBUG rally_openstack.wrappers.network [-] CIDR generated: 1.1.0.44/30
2019-12-20 01:21:10.310 14559 RALLYDEBUG rally_openstack.wrappers.network [-] CIDR generated: 1.1.0.48/30
2019-12-20 01:21:10.531 14560 INFO rally.task.runner [-] Task 3acac26d-d59f-4247-8a29-57c0db0b4acf | ITER: 7 END: OK
2019-12-20 01:21:13.415 14558 INFO rally.task.runner [-] Task 3acac26d-d59f-4247-8a29-57c0db0b4acf | ITER: 9 END: OK
2019-12-20 01:21:13.548 14559 INFO rally.task.runner [-] Task 3acac26d-d59f-4247-8a29-57c0db0b4acf | ITER: 10 END: OK
2019-12-20 01:21:13.574 13785 INFO rally.task.context [-] Task 3acac26d-d59f-4247-8a29-57c0db0b4acf | Context cleanup@openstack cleanup() started
2019-12-20 01:21:13.577 13785 RALLYDEBUG rally_openstack.cleanup.manager [-] Cleaning up neutron vip objects
2019-12-20 01:21:14.802 13785 RALLYDEBUG rally_openstack.cleanup.manager [-] Cleaning up neutron health_monitor objects
2019-12-20 01:21:15.910 13785 RALLYDEBUG rally_openstack.cleanup.manager [-] Cleaning up neutron pool objects
2019-12-20 01:21:17.012 13785 RALLYDEBUG rally_openstack.cleanup.manager [-] Cleaning up neutron loadbalancer objects
2019-12-20 01:21:18.167 13785 RALLYDEBUG rally_openstack.cleanup.manager [-] Cleaning up neutron floatingip objects
2019-12-20 01:21:19.408 13785 RALLYDEBUG rally_openstack.cleanup.manager [-] Cleaning up neutron trunk objects
2019-12-20 01:21:20.583 13785 RALLYDEBUG rally_openstack.cleanup.manager [-] Cleaning up neutron port objects
2019-12-20 01:21:22.944 13785 RALLYDEBUG rally_openstack.cleanup.manager [-] Deleting neutron.port object s_rally_5e0741ae_tEWPqmNL (13a67211-a32d-443c-9b9b-4bf8aea07d96)
2019-12-20 01:21:22.961 13785 RALLYDEBUG rally_openstack.cleanup.manager [-] Deleting neutron.port object s_rally_5e0741ae_CYUEt2NF (4968a5fe-3741-4163-ad4a-ec641584f5f5)
2019-12-20 01:21:22.971 13785 RALLYDEBUG rally_openstack.cleanup.manager [-] Deleting neutron.port object s_rally_5e0741ae_Q4PEjG8E (e4d8bcad-4cce-4381-a52d-ee17231d9c1f)
2019-12-20 01:21:22.975 13785 RALLYDEBUG rally_openstack.cleanup.manager [-] Deleting neutron.port object s_rally_5e0741ae_rd2juFZi (f660dcba-5ae5-4f9f-8087-c2280dc0f692)
2019-12-20 01:21:22.978 13785 RALLYDEBUG rally_openstack.cleanup.manager [-] Deleting neutron.port object s_rally_5e0741ae_C3WjHORW (fe07ebac-b1e6-42aa-b370-727169bb275d)
2019-12-20 01:21:22.991 13785 RALLYDEBUG rally_openstack.cleanup.manager [-] Deleting neutron.port object s_rally_5e0741ae_dNnVVkbD (c4d25ce5-93d3-4994-95bb-8acd424927d9)
2019-12-20 01:21:23.027 13785 RALLYDEBUG rally_openstack.cleanup.manager [-] Deleting neutron.port object s_rally_5e0741ae_l2330mcE (afe36e06-5fd0-4ac8-bc42-01b469c37a0e)
2019-12-20 01:21:23.030 13785 RALLYDEBUG rally_openstack.cleanup.manager [-] Deleting neutron.port object s_rally_5e0741ae_GyPaGFhn (dd2cd080-1265-46a4-a1f1-db950d27b461)
2019-12-20 01:21:23.031 13785 RALLYDEBUG rally_openstack.cleanup.manager [-] Deleting neutron.port object s_rally_5e0741ae_C3k3doi6 (96c421f7-a781-4f6f-b88f-48519908341a)
2019-12-20 01:21:23.034 13785 RALLYDEBUG rally_openstack.cleanup.manager [-] Deleting neutron.port object s_rally_5e0741ae_Iuvwhwl8 (dec0bf37-26f4-4ced-aba1-80f474cc1b53)
2019-12-20 01:21:28.739 13785 RALLYDEBUG rally_openstack.cleanup.manager [-] Cleaning up neutron subnet objects
2019-12-20 01:21:30.068 13785 RALLYDEBUG rally_openstack.cleanup.manager [-] Deleting neutron.subnet object s_rally_5e0741ae_iMjffnRc (4a9bd03b-4d7c-4466-88b0-8af888913025)
2019-12-20 01:21:30.078 13785 RALLYDEBUG rally_openstack.cleanup.manager [-] Deleting neutron.subnet object s_rally_5e0741ae_33Ugv9b9 (7cbb8fc0-a979-478a-aea4-1bffad63cd0a)
2019-12-20 01:21:30.086 13785 RALLYDEBUG rally_openstack.cleanup.manager [-] Deleting neutron.subnet object s_rally_5e0741ae_ki07m0O4 (8ebce0c0-d0ee-4747-8e06-58f9954f0e07)
2019-12-20 01:21:30.090 13785 RALLYDEBUG rally_openstack.cleanup.manager [-] Deleting neutron.subnet object s_rally_5e0741ae_lhZzbMNo (e4d62d4b-12bb-4c48-a7b1-d2558d4376df)
2019-12-20 01:21:30.103 13785 RALLYDEBUG rally_openstack.cleanup.manager [-] Deleting neutron.subnet object s_rally_5e0741ae_TI7YSlc2 (eb4f30d0-6df1-4d9d-a642-b92ca4d30f6e)
2019-12-20 01:21:30.111 13785 RALLYDEBUG rally_openstack.cleanup.manager [-] Deleting neutron.subnet object s_rally_5e0741ae_9riiQazX (3e12fb14-cdf2-4946-970b-ead1b992a439)
2019-12-20 01:21:30.117 13785 RALLYDEBUG rally_openstack.cleanup.manager [-] Deleting neutron.subnet object s_rally_5e0741ae_qpzAZtBe (2c9113f1-0226-4050-a919-9294bcb4c02b)
2019-12-20 01:21:30.132 13785 RALLYDEBUG rally_openstack.cleanup.manager [-] Deleting neutron.subnet object s_rally_5e0741ae_JceG05h8 (3445611b-3114-4055-9f97-e4b5de4518fc)
2019-12-20 01:21:30.142 13785 RALLYDEBUG rally_openstack.cleanup.manager [-] Deleting neutron.subnet object s_rally_5e0741ae_kgkogdEU (35235a3d-0563-4217-b5a2-fa126872e06d)
2019-12-20 01:21:30.161 13785 RALLYDEBUG rally_openstack.cleanup.manager [-] Deleting neutron.subnet object s_rally_5e0741ae_MzNmJa6T (3eea3894-2869-4835-8e9f-eed6388add59)
2019-12-20 01:21:33.321 13785 RALLYDEBUG rally_openstack.cleanup.manager [-] Cleaning up neutron network objects
2019-12-20 01:21:34.653 13785 RALLYDEBUG rally_openstack.cleanup.manager [-] Deleting neutron.network object s_rally_5e0741ae_iugftPkw (04cadadf-20cb-462a-bddc-7bdbb6b69fa6)
2019-12-20 01:21:34.663 13785 RALLYDEBUG rally_openstack.cleanup.manager [-] Deleting neutron.network object s_rally_5e0741ae_iCjlcfoU (7892f598-e1fb-47e1-b136-255031fc636c)
2019-12-20 01:21:34.671 13785 RALLYDEBUG rally_openstack.cleanup.manager [-] Deleting neutron.network object s_rally_5e0741ae_vtvyhBpP (7fa0abf5-70ac-4300-be37-e522e904f75e)
2019-12-20 01:21:34.680 13785 RALLYDEBUG rally_openstack.cleanup.manager [-] Deleting neutron.network object s_rally_5e0741ae_rzAFbI2x (974d8948-9b57-478a-99ff-bb7f45332e4e)
2019-12-20 01:21:34.686 13785 RALLYDEBUG rally_openstack.cleanup.manager [-] Deleting neutron.network object s_rally_5e0741ae_agC96e7l (c203b600-676a-4c2e-98aa-b79205047289)
2019-12-20 01:21:34.698 13785 RALLYDEBUG rally_openstack.cleanup.manager [-] Deleting neutron.network object s_rally_5e0741ae_bjN1glnA (11e6068d-7062-4660-be07-04379ab0b3f0)
2019-12-20 01:21:34.708 13785 RALLYDEBUG rally_openstack.cleanup.manager [-] Deleting neutron.network object s_rally_5e0741ae_3CrDXG1y (12fc4981-89b2-4a1b-9f55-485b24ccb3ae)
2019-12-20 01:21:34.736 13785 RALLYDEBUG rally_openstack.cleanup.manager [-] Deleting neutron.network object s_rally_5e0741ae_FhH4zR8Q (2e9561e9-3427-469a-9d58-affd8309e455)
2019-12-20 01:21:34.754 13785 RALLYDEBUG rally_openstack.cleanup.manager [-] Deleting neutron.network object s_rally_5e0741ae_VJDNKc1E (9e5881f3-bbc0-479c-a0e7-29db92604017)
2019-12-20 01:21:34.762 13785 RALLYDEBUG rally_openstack.cleanup.manager [-] Deleting neutron.network object s_rally_5e0741ae_IhFtROEp (c91a90f6-74d2-4c2a-ab7c-504e49520eae)
2019-12-20 01:21:38.022 13785 RALLYDEBUG rally_openstack.cleanup.manager [-] Cleaning up neutron router objects
2019-12-20 01:21:39.688 13785 RALLYDEBUG rally_openstack.cleanup.manager [-] Deleting neutron.router object s_rally_5e0741ae_tEWPqmNL (0e62b74a-487d-4536-987f-ac55be9fa220)
2019-12-20 01:21:39.697 13785 RALLYDEBUG rally_openstack.cleanup.manager [-] Deleting neutron.router object s_rally_5e0741ae_CYUEt2NF (2da15f1b-1157-4c38-931c-bf09f86aab56)
2019-12-20 01:21:39.703 13785 RALLYDEBUG rally_openstack.cleanup.manager [-] Deleting neutron.router object s_rally_5e0741ae_rd2juFZi (8f4f115f-88b2-497c-a4ec-5e00160efe3e)
2019-12-20 01:21:39.715 13785 RALLYDEBUG rally_openstack.cleanup.manager [-] Deleting neutron.router object s_rally_5e0741ae_Q4PEjG8E (ad5fcfda-39b7-4018-92bd-aa3e6ac2fd87)
2019-12-20 01:21:39.726 13785 RALLYDEBUG rally_openstack.cleanup.manager [-] Deleting neutron.router object s_rally_5e0741ae_C3WjHORW (b7e1e31a-259f-4cc3-8e9e-5c91b6651391)
2019-12-20 01:21:39.731 13785 RALLYDEBUG rally_openstack.cleanup.manager [-] Deleting neutron.router object s_rally_5e0741ae_dNnVVkbD (704cc021-570d-4803-adc8-8b9211ffed4d)
2019-12-20 01:21:39.743 13785 RALLYDEBUG rally_openstack.cleanup.manager [-] Deleting neutron.router object s_rally_5e0741ae_Iuvwhwl8 (03d96f7f-06dd-44c5-8c58-f33f404ae33c)
2019-12-20 01:21:39.751 13785 RALLYDEBUG rally_openstack.cleanup.manager [-] Deleting neutron.router object s_rally_5e0741ae_C3k3doi6 (4efb38af-abea-4021-af82-1d0bd3639d06)
2019-12-20 01:21:39.760 13785 RALLYDEBUG rally_openstack.cleanup.manager [-] Deleting neutron.router object s_rally_5e0741ae_GyPaGFhn (ef98ac49-d31f-4ba0-a243-140b304e43dc)
2019-12-20 01:21:39.768 13785 RALLYDEBUG rally_openstack.cleanup.manager [-] Deleting neutron.router object s_rally_5e0741ae_l2330mcE (f5830a48-4ead-4439-8bf8-f91e6c07fad8)
2019-12-20 01:21:42.011 13785 RALLYDEBUG rally_openstack.cleanup.manager [-] Cleaning up neutron security_group objects
2019-12-20 01:21:43.298 13785 INFO rally.task.context [-] Task 3acac26d-d59f-4247-8a29-57c0db0b4acf | Context cleanup@openstack cleanup() finished in 29.72 sec
2019-12-20 01:21:43.299 13785 INFO rally.task.context [-] Task 3acac26d-d59f-4247-8a29-57c0db0b4acf | Context quotas@openstack cleanup() started
2019-12-20 01:21:43.562 13785 INFO rally.task.context [-] Task 3acac26d-d59f-4247-8a29-57c0db0b4acf | Context quotas@openstack cleanup() finished in 0.26 sec
2019-12-20 01:21:43.563 13785 INFO rally.task.context [-] Task 3acac26d-d59f-4247-8a29-57c0db0b4acf | Context users@openstack cleanup() started
2019-12-20 01:21:47.662 13785 INFO rally.task.context [-] Task 3acac26d-d59f-4247-8a29-57c0db0b4acf | Context users@openstack cleanup() finished in 4.10 sec
2019-12-20 01:21:48.285 13785 INFO rally.task.engine [-] Load duration is: 12.116443
2019-12-20 01:21:48.286 13785 INFO rally.task.engine [-] Full runner duration is: 12.160016
2019-12-20 01:21:48.286 13785 INFO rally.task.engine [-] Full duration is: 49.717804
2019-12-20 01:21:48.618 13785 INFO rally.task.engine [-] Running workload: position = 0 config = { "version": 2, "title": "A cropped version of a bigger task.", "description": "Auto-generated task from a single workload (uuid=8b7bd54a-d8a7-42f9-8cab-85bb1d00aa01)", "subtasks": [ { "title": "NeutronNetworks.create_and_update_subnets", "description": "Create and update a subnet.", "scenario": { "NeutronNetworks.create_and_update_subnets": { "network_create_args": {}, "subnet_cidr_start": "1.4.0.0/16", "subnet_create_args": {}, "subnet_update_args": { "enable_dhcp": false }, "subnets_per_network": 1 } }, "contexts": { "users": { "tenants": 3, "users_per_tenant": 2 }, "quotas": { "neutron": { "network": -1, "subnet": -1 } } }, "runner": { "constant": { "concurrency": 4, "times": 10 } }, "hooks": [], "sla": { "failure_rate": { "max": 0 } } } ] }
2019-12-20 01:21:48.642 13785 RALLYDEBUG rally_openstack.contexts.keystone.users [-] Creating 3 tenants using 20 threads
2019-12-20 01:21:49.690 13785 RALLYDEBUG rally_openstack.contexts.keystone.users [-] Creating 6 users using 20 threads
2019-12-20 01:21:51.211 13785 INFO rally.task.context [-] Task 3acac26d-d59f-4247-8a29-57c0db0b4acf | Context users@openstack setup() finished in 2.57 sec
2019-12-20 01:21:52.000 13785 INFO rally.task.context [-] Task 3acac26d-d59f-4247-8a29-57c0db0b4acf | Context quotas@openstack setup() finished in 0.79 sec
2019-12-20 01:21:52.000 13785 INFO rally.task.context [-] Task 3acac26d-d59f-4247-8a29-57c0db0b4acf | Context cleanup@openstack setup() finished in 0.01 msec
2019-12-20 01:21:52.010 13785 RALLYDEBUG rally.task.runner [-] Starting the constant runner (task UUID: 3acac26d-d59f-4247-8a29-57c0db0b4acf). times: 10 concurrency: 4 timeout: 0 max_cpu_used: 16 processes_to_start: 4 concurrency_per_worker: 1 concurrency_overhead: 0
2019-12-20 01:21:52.021 14881 RALLYDEBUG rally.task.runner [-] Starting a worker. times: 10 duration: None concurrency: 1 timeout: 0 cls: method_name: run args: {"network_create_args": {}, "subnet_cidr_start": "1.4.0.0/16", "subnet_create_args": {}, "subnet_update_args": {"enable_dhcp": false}, "subnets_per_network": 1}
2019-12-20 01:21:52.025 14882 RALLYDEBUG rally.task.runner [-] Starting a worker. times: 10 duration: None concurrency: 1 timeout: 0 cls: method_name: run args: {"network_create_args": {}, "subnet_cidr_start": "1.4.0.0/16", "subnet_create_args": {}, "subnet_update_args": {"enable_dhcp": false}, "subnets_per_network": 1}
2019-12-20 01:21:52.028 14881 INFO rally.task.runner [-] Task 3acac26d-d59f-4247-8a29-57c0db0b4acf | ITER: 1 START
2019-12-20 01:21:52.028 14883 RALLYDEBUG rally.task.runner [-] Starting a worker. times: 10 duration: None concurrency: 1 timeout: 0 cls: method_name: run args: {"network_create_args": {}, "subnet_cidr_start": "1.4.0.0/16", "subnet_create_args": {}, "subnet_update_args": {"enable_dhcp": false}, "subnets_per_network": 1}
2019-12-20 01:21:52.031 14882 INFO rally.task.runner [-] Task 3acac26d-d59f-4247-8a29-57c0db0b4acf | ITER: 2 START
2019-12-20 01:21:52.032 14884 RALLYDEBUG rally.task.runner [-] Starting a worker. times: 10 duration: None concurrency: 1 timeout: 0 cls: method_name: run args: {"network_create_args": {}, "subnet_cidr_start": "1.4.0.0/16", "subnet_create_args": {}, "subnet_update_args": {"enable_dhcp": false}, "subnets_per_network": 1}
2019-12-20 01:21:52.035 14883 INFO rally.task.runner [-] Task 3acac26d-d59f-4247-8a29-57c0db0b4acf | ITER: 3 START
2019-12-20 01:21:52.038 14884 INFO rally.task.runner [-] Task 3acac26d-d59f-4247-8a29-57c0db0b4acf | ITER: 4 START
2019-12-20 01:21:52.719 14882 RALLYDEBUG rally_openstack.wrappers.network [-] CIDR generated: 1.17.0.0/16
2019-12-20 01:21:53.262 14881 RALLYDEBUG rally_openstack.wrappers.network [-] CIDR generated: 1.18.0.0/16
2019-12-20 01:21:53.269 14883 RALLYDEBUG rally_openstack.wrappers.network [-] CIDR generated: 1.19.0.0/16
2019-12-20 01:21:53.527 14884 RALLYDEBUG rally_openstack.wrappers.network [-] CIDR generated: 1.20.0.0/16
2019-12-20 01:21:53.697 14882 INFO rally.task.runner [-] Task 3acac26d-d59f-4247-8a29-57c0db0b4acf | ITER: 2 END: OK
2019-12-20 01:21:53.701 14882 INFO rally.task.runner [-] Task 3acac26d-d59f-4247-8a29-57c0db0b4acf | ITER: 5 START
2019-12-20 01:21:54.341 14882 RALLYDEBUG rally_openstack.wrappers.network [-] CIDR generated: 1.21.0.0/16
2019-12-20 01:21:54.547 14883 INFO rally.task.runner [-] Task 3acac26d-d59f-4247-8a29-57c0db0b4acf | ITER: 3 END: OK
2019-12-20 01:21:54.552 14883 INFO rally.task.runner [-] Task 3acac26d-d59f-4247-8a29-57c0db0b4acf | ITER: 6 START
2019-12-20 01:21:54.575 14881 INFO rally.task.runner [-] Task 3acac26d-d59f-4247-8a29-57c0db0b4acf | ITER: 1 END: OK
2019-12-20 01:21:54.580 14881 INFO rally.task.runner [-] Task 3acac26d-d59f-4247-8a29-57c0db0b4acf | ITER: 7 START
2019-12-20 01:21:54.874 14884 INFO rally.task.runner [-] Task 3acac26d-d59f-4247-8a29-57c0db0b4acf | ITER: 4 END: OK
2019-12-20 01:21:54.878 14884 INFO rally.task.runner [-] Task 3acac26d-d59f-4247-8a29-57c0db0b4acf | ITER: 8 START
2019-12-20 01:21:55.155 14881 RALLYDEBUG rally_openstack.wrappers.network [-] CIDR generated: 1.22.0.0/16
2019-12-20 01:21:55.197 14883 RALLYDEBUG rally_openstack.wrappers.network [-] CIDR generated: 1.23.0.0/16
2019-12-20 01:21:55.365 14884 RALLYDEBUG rally_openstack.wrappers.network [-] CIDR generated: 1.24.0.0/16
2019-12-20 01:21:55.665 14882 INFO rally.task.runner [-] Task 3acac26d-d59f-4247-8a29-57c0db0b4acf | ITER: 5 END: OK
2019-12-20 01:21:55.668 14882 INFO rally.task.runner [-] Task 3acac26d-d59f-4247-8a29-57c0db0b4acf | ITER: 9 START
2019-12-20 01:21:56.174 14882 RALLYDEBUG rally_openstack.wrappers.network [-] CIDR generated: 1.25.0.0/16
2019-12-20 01:21:56.487 14881 INFO rally.task.runner [-] Task 3acac26d-d59f-4247-8a29-57c0db0b4acf | ITER: 7 END: OK
2019-12-20 01:21:56.491 14881 INFO rally.task.runner [-] Task 3acac26d-d59f-4247-8a29-57c0db0b4acf | ITER: 10 START
2019-12-20 01:21:56.640 14883 INFO rally.task.runner [-] Task 3acac26d-d59f-4247-8a29-57c0db0b4acf | ITER: 6 END: OK
2019-12-20 01:21:56.662 14884 INFO rally.task.runner [-] Task 3acac26d-d59f-4247-8a29-57c0db0b4acf | ITER: 8 END: OK
2019-12-20 01:21:57.067 14881 RALLYDEBUG rally_openstack.wrappers.network [-] CIDR generated: 1.26.0.0/16
2019-12-20 01:21:57.226 14882 INFO rally.task.runner [-] Task 3acac26d-d59f-4247-8a29-57c0db0b4acf | ITER: 9 END: OK
2019-12-20 01:21:58.162 14881 INFO rally.task.runner [-] Task 3acac26d-d59f-4247-8a29-57c0db0b4acf | ITER: 10 END: OK
2019-12-20 01:21:58.190 13785 INFO rally.task.context [-] Task 3acac26d-d59f-4247-8a29-57c0db0b4acf | Context cleanup@openstack cleanup() started
2019-12-20 01:21:58.199 13785 RALLYDEBUG rally_openstack.cleanup.manager [-] Cleaning up neutron vip objects
2019-12-20 01:21:59.363 13785 RALLYDEBUG rally_openstack.cleanup.manager [-] Cleaning up neutron health_monitor objects
2019-12-20 01:22:00.428 13785 RALLYDEBUG rally_openstack.cleanup.manager [-] Cleaning up neutron pool objects
2019-12-20 01:22:01.498 13785 RALLYDEBUG rally_openstack.cleanup.manager [-] Cleaning up neutron loadbalancer objects
2019-12-20 01:22:02.568 13785 RALLYDEBUG rally_openstack.cleanup.manager [-] Cleaning up neutron floatingip objects
2019-12-20 01:22:04.004 13785 RALLYDEBUG rally_openstack.cleanup.manager [-] Cleaning up neutron trunk objects
2019-12-20 01:22:05.181 13785 RALLYDEBUG rally_openstack.cleanup.manager [-] Cleaning up neutron port objects
2019-12-20 01:22:06.502 13785 RALLYDEBUG rally_openstack.cleanup.manager [-] Cleaning up neutron subnet objects
2019-12-20 01:22:07.812 13785 RALLYDEBUG rally_openstack.cleanup.manager [-] Deleting neutron.subnet object s_rally_8b7bd54a_wzWRBz8M (9a2d2b3c-e316-4c5b-acb6-795c939dcafb)
2019-12-20 01:22:07.816 13785 RALLYDEBUG rally_openstack.cleanup.manager [-] Deleting neutron.subnet object s_rally_8b7bd54a_is0q3ea6 (eb8e683d-d0bf-4242-b881-37adc237318f)
2019-12-20 01:22:07.831 13785 RALLYDEBUG rally_openstack.cleanup.manager [-] Deleting neutron.subnet object s_rally_8b7bd54a_zmaHMg2s (50776a82-0090-412d-b274-741e1e97efc8)
2019-12-20 01:22:07.840 13785 RALLYDEBUG rally_openstack.cleanup.manager [-] Deleting neutron.subnet object s_rally_8b7bd54a_IeEh5wlW (7fdef74c-04c9-49a3-80f4-762f7095accc)
2019-12-20 01:22:07.850 13785 RALLYDEBUG rally_openstack.cleanup.manager [-] Deleting neutron.subnet object s_rally_8b7bd54a_vWydglg5 (8d617679-12b0-4ac9-a57d-cb7146cc6503)
2019-12-20 01:22:07.860 13785 RALLYDEBUG rally_openstack.cleanup.manager [-] Deleting neutron.subnet object s_rally_8b7bd54a_UbnxTLfu (dff04f5b-3490-4b1c-9285-4c44c7409b9b)
2019-12-20 01:22:07.870 13785 RALLYDEBUG rally_openstack.cleanup.manager [-] Deleting neutron.subnet object s_rally_8b7bd54a_rEO2lodX (f0679478-88f0-461a-846f-7ff6303df2db)
2019-12-20 01:22:07.877 13785 RALLYDEBUG rally_openstack.cleanup.manager [-] Deleting neutron.subnet object s_rally_8b7bd54a_6oh9naC4 (2af70243-5d61-4933-983d-61c22947d199)
2019-12-20 01:22:07.882 13785 RALLYDEBUG rally_openstack.cleanup.manager [-] Deleting neutron.subnet object s_rally_8b7bd54a_uszuh62j (ae7a36d6-8638-4303-a78c-0b5563e09a89)
2019-12-20 01:22:07.909 13785 RALLYDEBUG rally_openstack.cleanup.manager [-] Deleting neutron.subnet object s_rally_8b7bd54a_CQ6G2QYX (be80c45c-ace4-43d5-b1c5-f169dec48788)
2019-12-20 01:22:10.310 13785 RALLYDEBUG rally_openstack.cleanup.manager [-] Cleaning up neutron network objects
2019-12-20 01:22:11.724 13785 RALLYDEBUG rally_openstack.cleanup.manager [-] Deleting neutron.network object s_rally_8b7bd54a_AqCoMcFR (0e601c14-f1f8-4969-98fe-92ee43ce3767)
2019-12-20 01:22:11.733 13785 RALLYDEBUG rally_openstack.cleanup.manager [-] Deleting neutron.network object s_rally_8b7bd54a_UMixHElH (729465cb-b300-40fa-bfa2-c920f0f35288)
2019-12-20 01:22:11.742 13785 RALLYDEBUG rally_openstack.cleanup.manager [-] Deleting neutron.network object s_rally_8b7bd54a_vn2WmeLK (7f72fb11-218a-4a1c-9f48-691b259089db)
2019-12-20 01:22:11.750 13785 RALLYDEBUG rally_openstack.cleanup.manager [-] Deleting neutron.network object s_rally_8b7bd54a_hkHgz6QK (a3231d20-4577-4461-b587-b7eaf6f03d64)
2019-12-20 01:22:11.760 13785 RALLYDEBUG rally_openstack.cleanup.manager [-] Deleting neutron.network object s_rally_8b7bd54a_JGIN76I1 (ac804896-12a1-45e8-8354-0454dfef42f9)
2019-12-20 01:22:11.765 13785 RALLYDEBUG rally_openstack.cleanup.manager [-] Deleting neutron.network object s_rally_8b7bd54a_m5Ti15ka (b646c026-dacc-4d86-8dcf-7f07f2b0e681)
2019-12-20 01:22:11.780 13785 RALLYDEBUG rally_openstack.cleanup.manager [-] Deleting neutron.network object s_rally_8b7bd54a_5QsoLY6A (fddc57d9-a5ff-4e84-92c7-b05c10c2c11a)
2019-12-20 01:22:11.790 13785 RALLYDEBUG rally_openstack.cleanup.manager [-] Deleting neutron.network object s_rally_8b7bd54a_ObyY8p6b (2ea64912-ce0a-4c39-9cc2-3eb0aa4ec353)
2019-12-20 01:22:11.805 13785 RALLYDEBUG rally_openstack.cleanup.manager [-] Deleting neutron.network object s_rally_8b7bd54a_mmgpeSaa (7e120160-6fc3-414c-9e56-bc33f177fece)
2019-12-20 01:22:11.818 13785 RALLYDEBUG rally_openstack.cleanup.manager [-] Deleting neutron.network object s_rally_8b7bd54a_H80OaCgG (b7c516dc-49b4-4d12-8a9f-f61e428aa454)
2019-12-20 01:22:14.309 13785 RALLYDEBUG rally_openstack.cleanup.manager [-] Cleaning up neutron router objects
2019-12-20 01:22:15.576 13785 RALLYDEBUG rally_openstack.cleanup.manager [-] Cleaning up neutron security_group objects
2019-12-20 01:22:16.912 13785 INFO rally.task.context [-] Task 3acac26d-d59f-4247-8a29-57c0db0b4acf | Context cleanup@openstack cleanup() finished in 18.72 sec
2019-12-20 01:22:16.912 13785 INFO rally.task.context [-] Task 3acac26d-d59f-4247-8a29-57c0db0b4acf | Context quotas@openstack cleanup() started
2019-12-20 01:22:17.170 13785 INFO rally.task.context [-] Task 3acac26d-d59f-4247-8a29-57c0db0b4acf | Context quotas@openstack cleanup() finished in 0.26 sec
2019-12-20 01:22:17.171 13785 INFO rally.task.context [-] Task 3acac26d-d59f-4247-8a29-57c0db0b4acf | Context users@openstack cleanup() started
2019-12-20 01:22:21.316 13785 INFO rally.task.context [-] Task 3acac26d-d59f-4247-8a29-57c0db0b4acf | Context users@openstack cleanup() finished in 4.15 sec
2019-12-20 01:22:22.840 13785 INFO rally.task.engine [-] Load duration is: 6.132739
2019-12-20 01:22:22.840 13785 INFO rally.task.engine [-] Full runner duration is: 6.1797
2019-12-20 01:22:22.841 13785 INFO rally.task.engine [-] Full duration is: 32.676236
2019-12-20 01:22:23.179 13785 INFO rally.task.engine [-] Running workload: position = 0 config = { "version": 2, "title": "A cropped version of a bigger task.", "description": "Auto-generated task from a single workload (uuid=d656bcb5-187b-4146-8010-c5977e54f1c0)", "subtasks": [ { "title": "NeutronNetworks.create_and_delete_networks", "description": "Create and delete a network.", "scenario": { "NeutronNetworks.create_and_delete_networks": { "network_create_args": {} } }, "contexts": { "users": { "tenants": 3, "users_per_tenant": 2 }, "quotas": { "neutron": { "network": -1 } } }, "runner": { "constant": { "concurrency": 4, "times": 10 } }, "hooks": [], "sla": { "failure_rate": { "max": 0 } } } ] }
2019-12-20 01:22:23.205 13785 RALLYDEBUG rally_openstack.contexts.keystone.users [-] Creating 3 tenants using 20 threads
2019-12-20 01:22:24.239 13785 RALLYDEBUG rally_openstack.contexts.keystone.users [-] Creating 6 users using 20 threads
2019-12-20 01:22:25.848 13785 INFO rally.task.context [-] Task 3acac26d-d59f-4247-8a29-57c0db0b4acf | Context users@openstack setup() finished in 2.64 sec
2019-12-20 01:22:26.672 13785 INFO rally.task.context [-] Task 3acac26d-d59f-4247-8a29-57c0db0b4acf | Context quotas@openstack setup() finished in 0.82 sec
2019-12-20 01:22:26.673 13785 INFO rally.task.context [-] Task 3acac26d-d59f-4247-8a29-57c0db0b4acf | Context cleanup@openstack setup() finished in 0.02 msec
2019-12-20 01:22:26.682 13785 RALLYDEBUG rally.task.runner [-] Starting the constant runner (task UUID: 3acac26d-d59f-4247-8a29-57c0db0b4acf). times: 10 concurrency: 4 timeout: 0 max_cpu_used: 16 processes_to_start: 4 concurrency_per_worker: 1 concurrency_overhead: 0
2019-12-20 01:22:26.694 15205 RALLYDEBUG rally.task.runner [-] Starting a worker. times: 10 duration: None concurrency: 1 timeout: 0 cls: method_name: run args: {"network_create_args": {}}
2019-12-20 01:22:26.697 15206 RALLYDEBUG rally.task.runner [-] Starting a worker. times: 10 duration: None concurrency: 1 timeout: 0 cls: method_name: run args: {"network_create_args": {}}
2019-12-20 01:22:26.701 15205 INFO rally.task.runner [-] Task 3acac26d-d59f-4247-8a29-57c0db0b4acf | ITER: 1 START
2019-12-20 01:22:26.701 15207 RALLYDEBUG rally.task.runner [-] Starting a worker. times: 10 duration: None concurrency: 1 timeout: 0 cls: method_name: run args: {"network_create_args": {}}
2019-12-20 01:22:26.703 15206 INFO rally.task.runner [-] Task 3acac26d-d59f-4247-8a29-57c0db0b4acf | ITER: 2 START
2019-12-20 01:22:26.705 15209 RALLYDEBUG rally.task.runner [-] Starting a worker. times: 10 duration: None concurrency: 1 timeout: 0 cls: method_name: run args: {"network_create_args": {}}
2019-12-20 01:22:26.707 15207 INFO rally.task.runner [-] Task 3acac26d-d59f-4247-8a29-57c0db0b4acf | ITER: 3 START
2019-12-20 01:22:26.711 15209 INFO rally.task.runner [-] Task 3acac26d-d59f-4247-8a29-57c0db0b4acf | ITER: 4 START
2019-12-20 01:22:27.979 15207 INFO rally.task.runner [-] Task 3acac26d-d59f-4247-8a29-57c0db0b4acf | ITER: 3 END: OK
2019-12-20 01:22:27.985 15207 INFO rally.task.runner [-] Task 3acac26d-d59f-4247-8a29-57c0db0b4acf | ITER: 5 START
2019-12-20 01:22:28.133 15206 INFO rally.task.runner [-] Task 3acac26d-d59f-4247-8a29-57c0db0b4acf | ITER: 2 END: OK
2019-12-20 01:22:28.137 15206 INFO rally.task.runner [-] Task 3acac26d-d59f-4247-8a29-57c0db0b4acf | ITER: 6 START
2019-12-20 01:22:28.306 15205 INFO rally.task.runner [-] Task 3acac26d-d59f-4247-8a29-57c0db0b4acf | ITER: 1 END: OK
2019-12-20 01:22:28.311 15205 INFO rally.task.runner [-] Task 3acac26d-d59f-4247-8a29-57c0db0b4acf | ITER: 7 START
2019-12-20 01:22:28.932 15209 INFO rally.task.runner [-] Task 3acac26d-d59f-4247-8a29-57c0db0b4acf | ITER: 4 END: OK
2019-12-20 01:22:28.937 15209 INFO rally.task.runner [-] Task 3acac26d-d59f-4247-8a29-57c0db0b4acf | ITER: 8 START
2019-12-20 01:22:29.304 15207 INFO rally.task.runner [-] Task 3acac26d-d59f-4247-8a29-57c0db0b4acf | ITER: 5 END: OK
2019-12-20 01:22:29.308 15207 INFO rally.task.runner [-] Task 3acac26d-d59f-4247-8a29-57c0db0b4acf | ITER: 9 START
2019-12-20 01:22:29.417 15206 INFO rally.task.runner [-] Task 3acac26d-d59f-4247-8a29-57c0db0b4acf | ITER: 6 END: OK
2019-12-20 01:22:29.420 15206 INFO rally.task.runner [-] Task 3acac26d-d59f-4247-8a29-57c0db0b4acf | ITER: 10 START
2019-12-20 01:22:29.593 15205 INFO rally.task.runner [-] Task 3acac26d-d59f-4247-8a29-57c0db0b4acf | ITER: 7 END: OK
2019-12-20 01:22:30.360 15207 INFO rally.task.runner [-] Task 3acac26d-d59f-4247-8a29-57c0db0b4acf | ITER: 9 END: OK
2019-12-20 01:22:30.511 15206 INFO rally.task.runner [-] Task 3acac26d-d59f-4247-8a29-57c0db0b4acf | ITER: 10 END: OK
2019-12-20 01:22:30.520 15209 INFO rally.task.runner [-] Task 3acac26d-d59f-4247-8a29-57c0db0b4acf | ITER: 8 END: OK
2019-12-20 01:22:30.549 13785 INFO rally.task.context [-] Task 3acac26d-d59f-4247-8a29-57c0db0b4acf | Context cleanup@openstack cleanup() started
2019-12-20 01:22:30.553 13785 RALLYDEBUG rally_openstack.cleanup.manager [-] Cleaning up neutron vip objects
2019-12-20 01:22:31.707 13785 RALLYDEBUG rally_openstack.cleanup.manager [-] Cleaning up neutron health_monitor objects
2019-12-20 01:22:32.855 13785 RALLYDEBUG rally_openstack.cleanup.manager [-] Cleaning up neutron pool objects
2019-12-20 01:22:33.995 13785 RALLYDEBUG rally_openstack.cleanup.manager [-] Cleaning up neutron loadbalancer objects
2019-12-20 01:22:35.127 13785 RALLYDEBUG rally_openstack.cleanup.manager [-] Cleaning up neutron floatingip objects
2019-12-20 01:22:36.378 13785 RALLYDEBUG rally_openstack.cleanup.manager [-] Cleaning up neutron trunk objects
2019-12-20 01:22:37.558 13785 RALLYDEBUG rally_openstack.cleanup.manager [-] Cleaning up neutron port objects
2019-12-20 01:22:38.783 13785 RALLYDEBUG rally_openstack.cleanup.manager [-] Cleaning up neutron subnet objects
2019-12-20 01:22:39.997 13785 RALLYDEBUG rally_openstack.cleanup.manager [-] Cleaning up neutron network objects
2019-12-20 01:22:41.249 13785 RALLYDEBUG rally_openstack.cleanup.manager [-] Cleaning up neutron router objects
2019-12-20 01:22:42.520 13785 RALLYDEBUG rally_openstack.cleanup.manager [-] Cleaning up neutron security_group objects
2019-12-20 01:22:44.145 13785 INFO rally.task.context [-] Task 3acac26d-d59f-4247-8a29-57c0db0b4acf | Context cleanup@openstack cleanup() finished in 13.60 sec
2019-12-20 01:22:44.145 13785 INFO rally.task.context [-] Task 3acac26d-d59f-4247-8a29-57c0db0b4acf | Context quotas@openstack cleanup() started
2019-12-20 01:22:44.274 13785 INFO rally.task.context [-] Task 3acac26d-d59f-4247-8a29-57c0db0b4acf | Context quotas@openstack cleanup() finished in 0.13 sec
2019-12-20 01:22:44.274 13785 INFO rally.task.context [-] Task 3acac26d-d59f-4247-8a29-57c0db0b4acf | Context users@openstack cleanup() started
2019-12-20 01:22:48.433 13785 INFO rally.task.context [-] Task 3acac26d-d59f-4247-8a29-57c0db0b4acf | Context users@openstack cleanup() finished in 4.16 sec
2019-12-20 01:22:49.391 13785 INFO rally.task.engine [-] Load duration is: 3.818146
2019-12-20 01:22:49.392 13785 INFO rally.task.engine [-] Full runner duration is: 3.867578
2019-12-20 01:22:49.392 13785 INFO rally.task.engine [-] Full duration is: 25.231061
2019-12-20 01:22:49.748 13785 INFO rally.task.engine [-] Running workload: position = 0 config = { "version": 2, "title": "A cropped version of a bigger task.", "description": "Auto-generated task from a single workload (uuid=bb5f1c96-79c6-4ecb-9708-2820ab757510)", "subtasks": [ { "title": "NeutronNetworks.create_and_delete_ports", "description": "Create and delete a port.", "scenario": { "NeutronNetworks.create_and_delete_ports": { "network_create_args": {}, "port_create_args": {}, "ports_per_network": 1 } }, "contexts": { "users": { "tenants": 3, "users_per_tenant": 2 }, "network": { "router": {} }, "quotas": { "neutron": { "network": -1, "port": -1 } } }, "runner": { "constant": { "concurrency": 4, "times": 10 } }, "hooks": [], "sla": { "failure_rate": { "max": 0 } } } ] }
2019-12-20 01:22:49.774 13785 RALLYDEBUG rally_openstack.contexts.keystone.users [-] Creating 3 tenants using 20 threads
2019-12-20 01:22:50.833 13785 RALLYDEBUG rally_openstack.contexts.keystone.users [-] Creating 6 users using 20 threads
2019-12-20 01:22:52.317 13785 INFO rally.task.context [-] Task 3acac26d-d59f-4247-8a29-57c0db0b4acf | Context users@openstack setup() finished in 2.54 sec
2019-12-20 01:22:53.205 13785 INFO rally.task.context [-] Task 3acac26d-d59f-4247-8a29-57c0db0b4acf | Context quotas@openstack setup() finished in 0.89 sec
2019-12-20 01:22:53.920 13785 RALLYDEBUG rally_openstack.wrappers.network [-] CIDR generated: 10.2.23.0/24
2019-12-20 01:22:55.189 13785 RALLYDEBUG rally_openstack.wrappers.network [-] CIDR generated: 10.2.24.0/24
2019-12-20 01:22:56.011 13785 RALLYDEBUG rally_openstack.wrappers.network [-] CIDR generated: 10.2.25.0/24
2019-12-20 01:22:56.509 13785 INFO rally.task.context [-] Task 3acac26d-d59f-4247-8a29-57c0db0b4acf | Context network@openstack setup() finished in 3.30 sec
2019-12-20 01:22:56.509 13785 INFO rally.task.context [-] Task 3acac26d-d59f-4247-8a29-57c0db0b4acf | Context cleanup@openstack setup() finished in 0.01 msec
2019-12-20 01:22:56.518 13785 RALLYDEBUG rally.task.runner [-] Starting the constant runner (task UUID: 3acac26d-d59f-4247-8a29-57c0db0b4acf). times: 10 concurrency: 4 timeout: 0 max_cpu_used: 16 processes_to_start: 4 concurrency_per_worker: 1 concurrency_overhead: 0
2019-12-20 01:22:56.530 15529 RALLYDEBUG rally.task.runner [-] Starting a worker. times: 10 duration: None concurrency: 1 timeout: 0 cls: method_name: run args: {"network_create_args": {}, "port_create_args": {}, "ports_per_network": 1}
2019-12-20 01:22:56.534 15530 RALLYDEBUG rally.task.runner [-] Starting a worker. times: 10 duration: None concurrency: 1 timeout: 0 cls: method_name: run args: {"network_create_args": {}, "port_create_args": {}, "ports_per_network": 1}
2019-12-20 01:22:56.537 15529 INFO rally.task.runner [-] Task 3acac26d-d59f-4247-8a29-57c0db0b4acf | ITER: 1 START
2019-12-20 01:22:56.537 15531 RALLYDEBUG rally.task.runner [-] Starting a worker. times: 10 duration: None concurrency: 1 timeout: 0 cls: method_name: run args: {"network_create_args": {}, "port_create_args": {}, "ports_per_network": 1}
2019-12-20 01:22:56.540 15533 RALLYDEBUG rally.task.runner [-] Starting a worker. times: 10 duration: None concurrency: 1 timeout: 0 cls: method_name: run args: {"network_create_args": {}, "port_create_args": {}, "ports_per_network": 1}
2019-12-20 01:22:56.541 15530 INFO rally.task.runner [-] Task 3acac26d-d59f-4247-8a29-57c0db0b4acf | ITER: 2 START
2019-12-20 01:22:56.544 15531 INFO rally.task.runner [-] Task 3acac26d-d59f-4247-8a29-57c0db0b4acf | ITER: 3 START
2019-12-20 01:22:56.546 15533 INFO rally.task.runner [-] Task 3acac26d-d59f-4247-8a29-57c0db0b4acf | ITER: 4 START
2019-12-20 01:22:57.986 15530 INFO rally.task.runner [-] Task 3acac26d-d59f-4247-8a29-57c0db0b4acf | ITER: 2 END: OK
2019-12-20 01:22:57.992 15530 INFO rally.task.runner [-] Task 3acac26d-d59f-4247-8a29-57c0db0b4acf | ITER: 5 START
2019-12-20 01:22:58.203 15529 INFO rally.task.runner [-] Task 3acac26d-d59f-4247-8a29-57c0db0b4acf | ITER: 1 END: OK
2019-12-20 01:22:58.208 15529 INFO rally.task.runner [-] Task 3acac26d-d59f-4247-8a29-57c0db0b4acf | ITER: 6 START
2019-12-20 01:22:58.286 15533 INFO rally.task.runner [-] Task 3acac26d-d59f-4247-8a29-57c0db0b4acf | ITER: 4 END: OK
2019-12-20 01:22:58.291 15533 INFO rally.task.runner [-] Task 3acac26d-d59f-4247-8a29-57c0db0b4acf | ITER: 7 START
2019-12-20 01:22:58.320 15531 INFO rally.task.runner [-] Task 3acac26d-d59f-4247-8a29-57c0db0b4acf | ITER: 3 END: OK
2019-12-20 01:22:58.325 15531 INFO rally.task.runner [-] Task 3acac26d-d59f-4247-8a29-57c0db0b4acf | ITER: 8 START
2019-12-20 01:22:59.473 15530 INFO rally.task.runner [-] Task 3acac26d-d59f-4247-8a29-57c0db0b4acf | ITER: 5 END: OK
2019-12-20 01:22:59.477 15530 INFO rally.task.runner [-] Task 3acac26d-d59f-4247-8a29-57c0db0b4acf | ITER: 9 START
2019-12-20 01:22:59.753 15529 INFO rally.task.runner [-] Task 3acac26d-d59f-4247-8a29-57c0db0b4acf | ITER: 6 END: OK
2019-12-20 01:22:59.757 15529 INFO rally.task.runner [-] Task 3acac26d-d59f-4247-8a29-57c0db0b4acf | ITER: 10 START
2019-12-20 01:22:59.994 15533 INFO rally.task.runner [-] Task 3acac26d-d59f-4247-8a29-57c0db0b4acf | ITER: 7 END: OK
2019-12-20 01:23:00.038 15531 INFO rally.task.runner [-] Task 3acac26d-d59f-4247-8a29-57c0db0b4acf | ITER: 8 END: OK
2019-12-20 01:23:00.991 15530 INFO rally.task.runner [-] Task 3acac26d-d59f-4247-8a29-57c0db0b4acf | ITER: 9 END: OK
2019-12-20 01:23:01.196 15529 INFO rally.task.runner [-] Task 3acac26d-d59f-4247-8a29-57c0db0b4acf | ITER: 10 END: OK
2019-12-20 01:23:01.217 13785 INFO rally.task.context [-] Task 3acac26d-d59f-4247-8a29-57c0db0b4acf | Context cleanup@openstack cleanup() started
2019-12-20 01:23:01.221 13785 RALLYDEBUG rally_openstack.cleanup.manager [-] Cleaning up neutron vip objects
2019-12-20 01:23:02.311 13785 RALLYDEBUG rally_openstack.cleanup.manager [-] Cleaning up neutron health_monitor objects
2019-12-20 01:23:03.412 13785 RALLYDEBUG rally_openstack.cleanup.manager [-] Cleaning up neutron pool objects
2019-12-20 01:23:04.510 13785 RALLYDEBUG rally_openstack.cleanup.manager [-] Cleaning up neutron loadbalancer objects
2019-12-20 01:23:05.640 13785 RALLYDEBUG rally_openstack.cleanup.manager [-] Cleaning up neutron floatingip objects
2019-12-20 01:23:06.909 13785 RALLYDEBUG rally_openstack.cleanup.manager [-] Cleaning up neutron trunk objects
2019-12-20 01:23:08.065 13785 RALLYDEBUG rally_openstack.cleanup.manager [-] Cleaning up neutron port objects
2019-12-20 01:23:09.461 13785 RALLYDEBUG rally_openstack.cleanup.manager [-] Cleaning up neutron subnet objects
2019-12-20 01:23:10.754 13785 RALLYDEBUG rally_openstack.cleanup.manager [-] Cleaning up neutron network objects
2019-12-20 01:23:12.201 13785 RALLYDEBUG rally_openstack.cleanup.manager [-] Cleaning up neutron router objects
2019-12-20 01:23:13.548 13785 RALLYDEBUG rally_openstack.cleanup.manager [-] Cleaning up neutron security_group objects
2019-12-20 01:23:14.823 13785 INFO rally.task.context [-] Task 3acac26d-d59f-4247-8a29-57c0db0b4acf | Context cleanup@openstack cleanup() finished in 13.61 sec
2019-12-20 01:23:14.823 13785 INFO rally.task.context [-] Task 3acac26d-d59f-4247-8a29-57c0db0b4acf | Context network@openstack cleanup() started
2019-12-20 01:23:26.586 13785 INFO rally.task.context [-] Task 3acac26d-d59f-4247-8a29-57c0db0b4acf | Context network@openstack cleanup() finished in 11.76 sec
2019-12-20 01:23:26.587 13785 INFO rally.task.context [-] Task 3acac26d-d59f-4247-8a29-57c0db0b4acf | Context quotas@openstack cleanup() started
2019-12-20 01:23:26.788 13785 INFO rally.task.context [-] Task 3acac26d-d59f-4247-8a29-57c0db0b4acf | Context quotas@openstack cleanup() finished in 0.20 sec
2019-12-20 01:23:26.789 13785 INFO rally.task.context [-] Task 3acac26d-d59f-4247-8a29-57c0db0b4acf | Context users@openstack cleanup() started
2019-12-20 01:23:31.027 13785 INFO rally.task.context [-] Task 3acac26d-d59f-4247-8a29-57c0db0b4acf | Context users@openstack cleanup() finished in 4.24 sec
2019-12-20 01:23:31.984 13785 INFO rally.task.engine [-] Load duration is: 4.656427
2019-12-20 01:23:31.985 13785 INFO rally.task.engine [-] Full runner duration is: 4.699415
2019-12-20 01:23:31.985 13785 INFO rally.task.engine [-] Full duration is: 41.255515
2019-12-20 01:23:32.277 13785 INFO rally.task.engine [-] Running workload: position = 0 config = { "version": 2, "title": "A cropped version of a bigger task.", "description": "Auto-generated task from a single workload (uuid=256cbc35-040a-48ef-b3cb-644498752b49)", "subtasks": [ { "title": "NeutronNetworks.create_and_delete_routers", "description": "Create and delete a given number of routers.", "scenario": { "NeutronNetworks.create_and_delete_routers": { "network_create_args": {}, "router_create_args": {}, "subnet_cidr_start": "1.1.0.0/30", "subnet_create_args": {}, "subnets_per_network": 1 } }, "contexts": { "users": { "tenants": 3, "users_per_tenant": 2 }, "quotas": { "neutron": { "network": -1, "subnet": -1, "port": -1, "router": -1 } } }, "runner": { "constant": { "concurrency": 4, "times": 10 } }, "hooks": [], "sla": { "failure_rate": { "max": 0 } } } ] }
2019-12-20 01:23:32.301 13785 RALLYDEBUG rally_openstack.contexts.keystone.users [-] Creating 3 tenants using 20 threads
2019-12-20 01:23:33.312 13785 RALLYDEBUG rally_openstack.contexts.keystone.users [-] Creating 6 users using 20 threads
2019-12-20 01:23:34.887 13785 INFO rally.task.context [-] Task 3acac26d-d59f-4247-8a29-57c0db0b4acf | Context users@openstack setup() finished in 2.59 sec
2019-12-20 01:23:35.880 13785 INFO rally.task.context [-] Task 3acac26d-d59f-4247-8a29-57c0db0b4acf | Context quotas@openstack setup() finished in 0.99 sec
2019-12-20 01:23:35.881 13785 INFO rally.task.context [-] Task 3acac26d-d59f-4247-8a29-57c0db0b4acf | Context cleanup@openstack setup() finished in 0.01 msec
2019-12-20 01:23:35.890 13785 RALLYDEBUG rally.task.runner [-] Starting the constant runner (task UUID: 3acac26d-d59f-4247-8a29-57c0db0b4acf). times: 10 concurrency: 4 timeout: 0 max_cpu_used: 16 processes_to_start: 4 concurrency_per_worker: 1 concurrency_overhead: 0
2019-12-20 01:23:35.902 15853 RALLYDEBUG rally.task.runner [-] Starting a worker. times: 10 duration: None concurrency: 1 timeout: 0 cls: method_name: run args: {"network_create_args": {}, "router_create_args": {}, "subnet_cidr_start": "1.1.0.0/30", "subnet_create_args": {}, "subnets_per_network": 1}
2019-12-20 01:23:35.905 15854 RALLYDEBUG rally.task.runner [-] Starting a worker. times: 10 duration: None concurrency: 1 timeout: 0 cls: method_name: run args: {"network_create_args": {}, "router_create_args": {}, "subnet_cidr_start": "1.1.0.0/30", "subnet_create_args": {}, "subnets_per_network": 1}
2019-12-20 01:23:35.908 15853 INFO rally.task.runner [-] Task 3acac26d-d59f-4247-8a29-57c0db0b4acf | ITER: 1 START
2019-12-20 01:23:35.909 15855 RALLYDEBUG rally.task.runner [-] Starting a worker. times: 10 duration: None concurrency: 1 timeout: 0 cls: method_name: run args: {"network_create_args": {}, "router_create_args": {}, "subnet_cidr_start": "1.1.0.0/30", "subnet_create_args": {}, "subnets_per_network": 1}
2019-12-20 01:23:35.912 15854 INFO rally.task.runner [-] Task 3acac26d-d59f-4247-8a29-57c0db0b4acf | ITER: 2 START
2019-12-20 01:23:35.912 15857 RALLYDEBUG rally.task.runner [-] Starting a worker. times: 10 duration: None concurrency: 1 timeout: 0 cls: method_name: run args: {"network_create_args": {}, "router_create_args": {}, "subnet_cidr_start": "1.1.0.0/30", "subnet_create_args": {}, "subnets_per_network": 1}
2019-12-20 01:23:35.915 15855 INFO rally.task.runner [-] Task 3acac26d-d59f-4247-8a29-57c0db0b4acf | ITER: 3 START
2019-12-20 01:23:35.918 15857 INFO rally.task.runner [-] Task 3acac26d-d59f-4247-8a29-57c0db0b4acf | ITER: 4 START
2019-12-20 01:23:36.566 15857 RALLYDEBUG rally_openstack.wrappers.network [-] CIDR generated: 1.1.0.104/30
2019-12-20 01:23:36.579 15853 RALLYDEBUG rally_openstack.wrappers.network [-] CIDR generated: 1.1.0.108/30
2019-12-20 01:23:37.109 15855 RALLYDEBUG rally_openstack.wrappers.network [-] CIDR generated: 1.1.0.112/30
2019-12-20 01:23:37.118 15854 RALLYDEBUG rally_openstack.wrappers.network [-] CIDR generated: 1.1.0.116/30
2019-12-20 01:23:41.788 15854 INFO rally.task.runner [-] Task 3acac26d-d59f-4247-8a29-57c0db0b4acf | ITER: 2 END: OK
2019-12-20 01:23:41.793 15854 INFO rally.task.runner [-] Task 3acac26d-d59f-4247-8a29-57c0db0b4acf | ITER: 5 START
2019-12-20 01:23:42.129 15853 INFO rally.task.runner [-] Task 3acac26d-d59f-4247-8a29-57c0db0b4acf | ITER: 1 END: OK
2019-12-20 01:23:42.134 15853 INFO rally.task.runner [-] Task 3acac26d-d59f-4247-8a29-57c0db0b4acf | ITER: 6 START
2019-12-20 01:23:42.375 15857 INFO rally.task.runner [-] Task 3acac26d-d59f-4247-8a29-57c0db0b4acf | ITER: 4 END: OK
2019-12-20 01:23:42.380 15857 INFO rally.task.runner [-] Task 3acac26d-d59f-4247-8a29-57c0db0b4acf | ITER: 7 START
2019-12-20 01:23:42.504 15854 RALLYDEBUG rally_openstack.wrappers.network [-] CIDR generated: 1.1.0.120/30
