2019-12-09 11:13:14.949 28443 WARNING rally_openstack.scenarios.neutron.utils [-] Running this scenario without either the 'network' or 'existing_network' context is deprecated
2019-12-09 11:13:14.946 28441 WARNING rally_openstack.scenarios.neutron.utils [-] Running this scenario without either the 'network' or 'existing_network' context is deprecated
2019-12-09 11:13:14.945 28440 INFO rally.task.runner [-] Task 659684be-26c0-4043-8977-25972a35de74 | ITER: 7 START
2019-12-09 11:13:14.950 28450 RALLYDEBUG rally.task.runner [-] Starting a worker. concurrency: 1 args: {"network_create_args": {}, "subnet_create_args": {}, "subnet_cidr_start": "1.1.0.0/30", "subnets_per_network": 2} times: 40 method_name: run timeout: 0 duration: None cls:
2019-12-09 11:13:14.952 28455 RALLYDEBUG rally.task.runner [-] Starting a worker. concurrency: 1 args: {"network_create_args": {}, "subnet_create_args": {}, "subnet_cidr_start": "1.1.0.0/30", "subnets_per_network": 2} times: 40 method_name: run timeout: 0 duration: None cls:
2019-12-09 11:13:14.951 28439 INFO rally.task.runner [-] Task 659684be-26c0-4043-8977-25972a35de74 | ITER: 5 START
2019-12-09 11:13:14.953 28446 INFO rally.task.runner [-] Task 659684be-26c0-4043-8977-25972a35de74 | ITER: 10 START
2019-12-09 11:13:14.954 28439 WARNING rally_openstack.scenarios.neutron.utils [-] Running this scenario without either the 'network' or 'existing_network' context is deprecated
2019-12-09 11:13:14.954 28441 INFO rally.task.runner [-] Task 659684be-26c0-4043-8977-25972a35de74 | ITER: 9 START
2019-12-09 11:13:14.954 28446 WARNING rally_openstack.scenarios.neutron.utils [-] Running this scenario without either the 'network' or 'existing_network' context is deprecated
2019-12-09 11:13:14.955 28458 RALLYDEBUG rally.task.runner [-] Starting a worker. concurrency: 1 args: {"network_create_args": {}, "subnet_create_args": {}, "subnet_cidr_start": "1.1.0.0/30", "subnets_per_network": 2} times: 40 method_name: run timeout: 0 duration: None cls:
2019-12-09 11:13:14.951 28440 WARNING rally_openstack.scenarios.neutron.utils [-] Running this scenario without either the 'network' or 'existing_network' context is deprecated
2019-12-09 11:13:14.957 28438 INFO rally.task.runner [-] Task 659684be-26c0-4043-8977-25972a35de74 | ITER: 3 START
2019-12-09 11:13:14.957 28441 WARNING rally_openstack.scenarios.neutron.utils [-] Running this scenario without either the 'network' or 'existing_network' context is deprecated
2019-12-09 11:13:14.959 28438 WARNING rally_openstack.scenarios.neutron.utils [-] Running this scenario without either the 'network' or 'existing_network' context is deprecated
2019-12-09 11:13:14.959 28450 INFO rally.task.runner [-] Task 659684be-26c0-4043-8977-25972a35de74 | ITER: 11 START
2019-12-09 11:13:14.960 28462 RALLYDEBUG rally.task.runner [-] Starting a worker. concurrency: 1 args: {"network_create_args": {}, "subnet_create_args": {}, "subnet_cidr_start": "1.1.0.0/30", "subnets_per_network": 2} times: 40 method_name: run timeout: 0 duration: None cls:
2019-12-09 11:13:14.961 28450 WARNING rally_openstack.scenarios.neutron.utils [-] Running this scenario without either the 'network' or 'existing_network' context is deprecated
2019-12-09 11:13:14.964 28455 INFO rally.task.runner [-] Task 659684be-26c0-4043-8977-25972a35de74 | ITER: 12 START
2019-12-09 11:13:14.966 28455 WARNING rally_openstack.scenarios.neutron.utils [-] Running this scenario without either the 'network' or 'existing_network' context is deprecated
2019-12-09 11:13:14.963 28458 INFO rally.task.runner [-] Task 659684be-26c0-4043-8977-25972a35de74 | ITER: 13 START
2019-12-09 11:13:14.967 28462 INFO rally.task.runner [-] Task 659684be-26c0-4043-8977-25972a35de74 | ITER: 14 START
2019-12-09 11:13:14.969 28462 WARNING rally_openstack.scenarios.neutron.utils [-] Running this scenario without either the 'network' or 'existing_network' context is deprecated
2019-12-09 11:13:14.967 28458 WARNING rally_openstack.scenarios.neutron.utils [-] Running this scenario without either the 'network' or 'existing_network' context is deprecated
2019-12-09 11:13:14.971 28465 RALLYDEBUG rally.task.runner [-] Starting a worker. concurrency: 1 args: {"network_create_args": {}, "subnet_create_args": {}, "subnet_cidr_start": "1.1.0.0/30", "subnets_per_network": 2} times: 40 method_name: run timeout: 0 duration: None cls:
2019-12-09 11:13:14.973 28471 RALLYDEBUG rally.task.runner [-] Starting a worker. concurrency: 1 args: {"network_create_args": {}, "subnet_create_args": {}, "subnet_cidr_start": "1.1.0.0/30", "subnets_per_network": 2} times: 40 method_name: run timeout: 0 duration: None cls:
2019-12-09 11:13:14.980 28471 INFO rally.task.runner [-] Task 659684be-26c0-4043-8977-25972a35de74 | ITER: 16 START
2019-12-09 11:13:14.980 28465 INFO rally.task.runner [-] Task 659684be-26c0-4043-8977-25972a35de74 | ITER: 15 START
2019-12-09 11:13:14.981 28471 WARNING rally_openstack.scenarios.neutron.utils [-] Running this scenario without either the 'network' or 'existing_network' context is deprecated
2019-12-09 11:13:14.982 28465 WARNING rally_openstack.scenarios.neutron.utils [-] Running this scenario without either the 'network' or 'existing_network' context is deprecated
2019-12-09 11:13:14.981 28474 RALLYDEBUG rally.task.runner [-] Starting a worker. concurrency: 1 args: {"network_create_args": {}, "subnet_create_args": {}, "subnet_cidr_start": "1.1.0.0/30", "subnets_per_network": 2} times: 40 method_name: run timeout: 0 duration: None cls:
2019-12-09 11:13:14.986 28475 RALLYDEBUG rally.task.runner [-] Starting a worker. concurrency: 1 args: {"network_create_args": {}, "subnet_create_args": {}, "subnet_cidr_start": "1.1.0.0/30", "subnets_per_network": 2} times: 40 method_name: run timeout: 0 duration: None cls:
2019-12-09 11:13:14.988 28474 INFO rally.task.runner [-] Task 659684be-26c0-4043-8977-25972a35de74 | ITER: 17 START
2019-12-09 11:13:14.989 28474 WARNING rally_openstack.scenarios.neutron.utils [-] Running this scenario without either the 'network' or 'existing_network' context is deprecated
2019-12-09 11:13:14.993 28475 INFO rally.task.runner [-] Task 659684be-26c0-4043-8977-25972a35de74 | ITER: 18 START
2019-12-09 11:13:14.992 28480 RALLYDEBUG rally.task.runner [-] Starting a worker. concurrency: 1 args: {"network_create_args": {}, "subnet_create_args": {}, "subnet_cidr_start": "1.1.0.0/30", "subnets_per_network": 2} times: 40 method_name: run timeout: 0 duration: None cls:
2019-12-09 11:13:14.994 28475 WARNING rally_openstack.scenarios.neutron.utils [-] Running this scenario without either the 'network' or 'existing_network' context is deprecated
2019-12-09 11:13:14.998 28480 INFO rally.task.runner [-] Task 659684be-26c0-4043-8977-25972a35de74 | ITER: 19 START
2019-12-09 11:13:14.997 28483 RALLYDEBUG rally.task.runner [-] Starting a worker. concurrency: 1 args: {"network_create_args": {}, "subnet_create_args": {}, "subnet_cidr_start": "1.1.0.0/30", "subnets_per_network": 2} times: 40 method_name: run timeout: 0 duration: None cls:
2019-12-09 11:13:14.999 28480 WARNING rally_openstack.scenarios.neutron.utils [-] Running this scenario without either the 'network' or 'existing_network' context is deprecated
2019-12-09 11:13:15.003 28483 INFO rally.task.runner [-] Task 659684be-26c0-4043-8977-25972a35de74 | ITER: 20 START
2019-12-09 11:13:15.004 28483 WARNING rally_openstack.scenarios.neutron.utils [-] Running this scenario without either the 'network' or 'existing_network' context is deprecated
2019-12-09 11:13:15.716 28439 RALLYDEBUG rally_openstack.wrappers.network [-] CIDR generated: 1.1.4.96/30
2019-12-09 11:13:15.763 28471 RALLYDEBUG rally_openstack.wrappers.network [-] CIDR generated: 1.1.4.100/30
2019-12-09 11:13:15.775 28440 RALLYDEBUG rally_openstack.wrappers.network [-] CIDR generated: 1.1.4.104/30
2019-12-09 11:13:15.808 28440 RALLYDEBUG rally_openstack.wrappers.network [-] CIDR generated: 1.1.4.108/30
2019-12-09 11:13:15.829 28438 RALLYDEBUG rally_openstack.wrappers.network [-] CIDR generated: 1.1.4.112/30
2019-12-09 11:13:15.843 28441 RALLYDEBUG rally_openstack.wrappers.network [-] CIDR generated: 1.1.4.116/30
2019-12-09 11:13:15.848 28455 RALLYDEBUG rally_openstack.wrappers.network [-] CIDR generated: 1.1.4.120/30
2019-12-09 11:13:15.923 28443 RALLYDEBUG rally_openstack.wrappers.network [-] CIDR generated: 1.1.4.124/30
2019-12-09 11:13:15.951 28475 RALLYDEBUG rally_openstack.wrappers.network [-] CIDR generated: 1.1.4.128/30
2019-12-09 11:13:15.961 28446 RALLYDEBUG rally_openstack.wrappers.network [-] CIDR generated: 1.1.4.132/30
2019-12-09 11:13:16.016 28438 RALLYDEBUG rally_openstack.wrappers.network [-] CIDR generated: 1.1.4.136/30
2019-12-09 11:13:16.077 28458 RALLYDEBUG rally_openstack.wrappers.network [-] CIDR generated: 1.1.4.140/30
2019-12-09 11:13:16.101 28441 RALLYDEBUG rally_openstack.wrappers.network [-] CIDR generated: 1.1.4.144/30
2019-12-09 11:13:16.153 28450 RALLYDEBUG rally_openstack.wrappers.network [-] CIDR generated: 1.1.4.148/30
2019-12-09 11:13:16.182 28483 RALLYDEBUG rally_openstack.wrappers.network [-] CIDR generated: 1.1.4.152/30
2019-12-09 11:13:16.295 28480 RALLYDEBUG rally_openstack.wrappers.network [-] CIDR generated: 1.1.4.156/30
2019-12-09 11:13:16.414 28474 RALLYDEBUG rally_openstack.wrappers.network [-] CIDR generated: 1.1.4.160/30
2019-12-09 11:13:16.493 28462 RALLYDEBUG rally_openstack.wrappers.network [-] CIDR generated: 1.1.4.164/30
2019-12-09 11:13:16.755 28465 RALLYDEBUG rally_openstack.wrappers.network [-] CIDR generated: 1.1.4.168/30
2019-12-09 11:13:16.760 28440 RALLYDEBUG rally_openstack.wrappers.network [-] CIDR generated: 1.1.4.172/30
2019-12-09 11:13:16.789 28450 RALLYDEBUG rally_openstack.wrappers.network [-] CIDR generated: 1.1.4.176/30
2019-12-09 11:13:16.872 28483 RALLYDEBUG rally_openstack.wrappers.network [-] CIDR generated: 1.1.4.180/30
2019-12-09 11:13:16.918 28439 RALLYDEBUG rally_openstack.wrappers.network [-] CIDR generated: 1.1.4.184/30
2019-12-09 11:13:17.067 28439 RALLYDEBUG rally_openstack.wrappers.network [-] CIDR generated: 1.1.4.188/30
2019-12-09 11:13:17.099 28441 RALLYDEBUG rally_openstack.wrappers.network [-] CIDR generated: 1.1.4.192/30
2019-12-09 11:13:17.213 28458 RALLYDEBUG rally_openstack.wrappers.network [-] CIDR generated: 1.1.4.196/30
2019-12-09 11:13:17.465 28480 RALLYDEBUG rally_openstack.wrappers.network [-] CIDR generated: 1.1.4.200/30
2019-12-09 11:13:17.668 28446 RALLYDEBUG rally_openstack.wrappers.network [-] CIDR generated: 1.1.4.204/30
2019-12-09 11:13:17.840 28465 RALLYDEBUG rally_openstack.wrappers.network [-] CIDR generated: 1.1.4.208/30
2019-12-09 11:13:18.145 28462 RALLYDEBUG rally_openstack.wrappers.network [-] CIDR generated: 1.1.4.212/30
2019-12-09 11:13:18.217 28474 RALLYDEBUG rally_openstack.wrappers.network [-] CIDR generated: 1.1.4.216/30
2019-12-09 11:13:18.409 28455 RALLYDEBUG rally_openstack.wrappers.network [-] CIDR generated: 1.1.4.220/30
2019-12-09 11:13:18.560 28475 RALLYDEBUG rally_openstack.wrappers.network [-] CIDR generated: 1.1.4.224/30
2019-12-09 11:13:18.969 28438 RALLYDEBUG rally_openstack.wrappers.network [-] CIDR generated: 1.1.4.228/30
2019-12-09 11:13:18.998 28471 RALLYDEBUG rally_openstack.wrappers.network [-] CIDR generated: 1.1.4.232/30
2019-12-09 11:13:19.106 28438 RALLYDEBUG rally_openstack.wrappers.network [-] CIDR generated: 1.1.4.236/30
2019-12-09 11:13:19.341 28439 RALLYDEBUG rally_openstack.wrappers.network [-] CIDR generated: 1.1.4.240/30
2019-12-09 11:13:19.657 28440 RALLYDEBUG rally_openstack.wrappers.network [-] CIDR generated: 1.1.4.244/30
2019-12-09 11:13:19.840 28441 RALLYDEBUG rally_openstack.wrappers.network [-] CIDR generated: 1.1.4.248/30
2019-12-09 11:13:19.967 28443 RALLYDEBUG rally_openstack.wrappers.network [-] CIDR generated: 1.1.4.252/30
2019-12-09 11:13:21.872 28455 INFO rally.task.runner [-] Task 659684be-26c0-4043-8977-25972a35de74 | ITER: 12 END: OK
2019-12-09 11:13:21.877 28455 INFO rally.task.runner [-] Task 659684be-26c0-4043-8977-25972a35de74 | ITER: 21 START
2019-12-09 11:13:21.878 28455 WARNING rally_openstack.scenarios.neutron.utils [-] Running this scenario without either the 'network' or 'existing_network' context is deprecated
2019-12-09 11:13:22.108 28441 INFO rally.task.runner [-] Task 659684be-26c0-4043-8977-25972a35de74 | ITER: 9 END: OK
2019-12-09 11:13:22.112 28441 INFO rally.task.runner [-] Task 659684be-26c0-4043-8977-25972a35de74 | ITER: 22 START
2019-12-09 11:13:22.113 28441 WARNING rally_openstack.scenarios.neutron.utils [-] Running this scenario without either the 'network' or 'existing_network' context is deprecated
2019-12-09 11:13:22.331 28438 INFO rally.task.runner [-] Task 659684be-26c0-4043-8977-25972a35de74 | ITER: 3 END: OK
2019-12-09 11:13:22.336 28438 INFO rally.task.runner [-] Task 659684be-26c0-4043-8977-25972a35de74 | ITER: 23 START
2019-12-09 11:13:22.337 28438 WARNING rally_openstack.scenarios.neutron.utils [-] Running this scenario without either the 'network' or 'existing_network' context is deprecated
2019-12-09 11:13:22.338 28440 INFO rally.task.runner [-] Task 659684be-26c0-4043-8977-25972a35de74 | ITER: 7 END: OK
2019-12-09 11:13:22.344 28440 INFO rally.task.runner [-] Task 659684be-26c0-4043-8977-25972a35de74 | ITER: 24 START
2019-12-09 11:13:22.345 28440 WARNING rally_openstack.scenarios.neutron.utils [-] Running this scenario without either the 'network' or 'existing_network' context is deprecated
2019-12-09 11:13:22.616 28455 RALLYDEBUG rally_openstack.wrappers.network [-] CIDR generated: 1.1.5.0/30
2019-12-09 11:13:22.647 28483 INFO rally.task.runner [-] Task 659684be-26c0-4043-8977-25972a35de74 | ITER: 20 END: OK
2019-12-09 11:13:22.652 28483 INFO rally.task.runner [-] Task 659684be-26c0-4043-8977-25972a35de74 | ITER: 25 START
2019-12-09 11:13:22.653 28483 WARNING rally_openstack.scenarios.neutron.utils [-] Running this scenario without either the 'network' or 'existing_network' context is deprecated
2019-12-09 11:13:22.654 28441 RALLYDEBUG rally_openstack.wrappers.network [-] CIDR generated: 1.1.5.4/30
2019-12-09 11:13:22.904 28440 RALLYDEBUG rally_openstack.wrappers.network [-] CIDR generated: 1.1.5.8/30
2019-12-09 11:13:23.130 28480 INFO rally.task.runner [-] Task 659684be-26c0-4043-8977-25972a35de74 | ITER: 19 END: OK
2019-12-09 11:13:23.136 28480 INFO rally.task.runner [-] Task 659684be-26c0-4043-8977-25972a35de74 | ITER: 26 START
2019-12-09 11:13:23.136 28480 WARNING rally_openstack.scenarios.neutron.utils [-] Running this scenario without either the 'network' or 'existing_network' context is deprecated
2019-12-09 11:13:23.157 28474 INFO rally.task.runner [-] Task 659684be-26c0-4043-8977-25972a35de74 | ITER: 17 END: OK
2019-12-09 11:13:23.162 28474 INFO rally.task.runner [-] Task 659684be-26c0-4043-8977-25972a35de74 | ITER: 27 START
2019-12-09 11:13:23.163 28474 WARNING rally_openstack.scenarios.neutron.utils [-] Running this scenario without either the 'network' or 'existing_network' context is deprecated
2019-12-09 11:13:23.492 28440 INFO rally.task.runner [-] Task 659684be-26c0-4043-8977-25972a35de74 | ITER: 4 END: OK
2019-12-09 11:13:23.497 28440 INFO rally.task.runner [-] Task 659684be-26c0-4043-8977-25972a35de74 | ITER: 28 START
2019-12-09 11:13:23.497 28440 WARNING rally_openstack.scenarios.neutron.utils [-] Running this scenario without either the 'network' or 'existing_network' context is deprecated
2019-12-09 11:13:23.641 28450 INFO rally.task.runner [-] Task 659684be-26c0-4043-8977-25972a35de74 | ITER: 11 END: OK
2019-12-09 11:13:23.645 28450 INFO rally.task.runner [-] Task 659684be-26c0-4043-8977-25972a35de74 | ITER: 29 START
2019-12-09 11:13:23.646 28450 WARNING rally_openstack.scenarios.neutron.utils [-] Running this scenario without either the 'network' or 'existing_network' context is deprecated
2019-12-09 11:13:23.785 28441 INFO rally.task.runner [-] Task 659684be-26c0-4043-8977-25972a35de74 | ITER: 6 END: OK
2019-12-09 11:13:23.786 28441 RALLYDEBUG rally_openstack.wrappers.network [-] CIDR generated: 1.1.5.12/30
2019-12-09 11:13:23.796 28441 INFO rally.task.runner [-] Task 659684be-26c0-4043-8977-25972a35de74 | ITER: 30 START
2019-12-09 11:13:23.796 28441 WARNING rally_openstack.scenarios.neutron.utils [-] Running this scenario without either the 'network' or 'existing_network' context is deprecated
2019-12-09 11:13:23.830 28480 RALLYDEBUG rally_openstack.wrappers.network [-] CIDR generated: 1.1.5.16/30
2019-12-09 11:13:24.017 28483 RALLYDEBUG rally_openstack.wrappers.network [-] CIDR generated: 1.1.5.20/30
2019-12-09 11:13:24.087 28440 RALLYDEBUG rally_openstack.wrappers.network [-] CIDR generated: 1.1.5.24/30
2019-12-09 11:13:24.098 28440 RALLYDEBUG rally_openstack.wrappers.network [-] CIDR generated: 1.1.5.28/30
2019-12-09 11:13:24.181 28439 INFO rally.task.runner [-] Task 659684be-26c0-4043-8977-25972a35de74 | ITER: 5 END: OK
2019-12-09 11:13:24.186 28439 INFO rally.task.runner [-] Task 659684be-26c0-4043-8977-25972a35de74 | ITER: 31 START
2019-12-09 11:13:24.186 28439 WARNING rally_openstack.scenarios.neutron.utils [-] Running this scenario without either the 'network' or 'existing_network' context is deprecated
2019-12-09 11:13:24.340 28474 RALLYDEBUG rally_openstack.wrappers.network [-] CIDR generated: 1.1.5.32/30
2019-12-09 11:13:24.398 28441 RALLYDEBUG rally_openstack.wrappers.network [-] CIDR generated: 1.1.5.36/30
2019-12-09 11:13:24.494 28438 RALLYDEBUG rally_openstack.wrappers.network [-] CIDR generated: 1.1.5.40/30
2019-12-09 11:13:24.523 28465 INFO rally.task.runner [-] Task 659684be-26c0-4043-8977-25972a35de74 | ITER: 15 END: OK
2019-12-09 11:13:24.528 28465 INFO rally.task.runner [-] Task 659684be-26c0-4043-8977-25972a35de74 | ITER: 32 START
2019-12-09 11:13:24.529 28465 WARNING rally_openstack.scenarios.neutron.utils [-] Running this scenario without either the 'network' or 'existing_network' context is deprecated
2019-12-09 11:13:24.621 28450 RALLYDEBUG rally_openstack.wrappers.network [-] CIDR generated: 1.1.5.44/30
2019-12-09 11:13:24.857 28471 INFO rally.task.runner [-] Task 659684be-26c0-4043-8977-25972a35de74 | ITER: 16 END: OK
2019-12-09 11:13:24.861 28471 INFO rally.task.runner [-] Task 659684be-26c0-4043-8977-25972a35de74 | ITER: 33 START
2019-12-09 11:13:24.862 28471 WARNING rally_openstack.scenarios.neutron.utils [-] Running this scenario without either the 'network' or 'existing_network' context is deprecated
2019-12-09 11:13:25.052 28439 RALLYDEBUG rally_openstack.wrappers.network [-] CIDR generated: 1.1.5.48/30
2019-12-09 11:13:25.213 28465 RALLYDEBUG rally_openstack.wrappers.network [-] CIDR generated: 1.1.5.52/30
2019-12-09 11:13:25.354 28458 INFO rally.task.runner [-] Task 659684be-26c0-4043-8977-25972a35de74 | ITER: 13 END: OK
2019-12-09 11:13:25.359 28458 INFO rally.task.runner [-] Task 659684be-26c0-4043-8977-25972a35de74 | ITER: 34 START
2019-12-09 11:13:25.359 28458 WARNING rally_openstack.scenarios.neutron.utils [-] Running this scenario without either the 'network' or 'existing_network' context is deprecated
2019-12-09 11:13:25.369 28438 RALLYDEBUG rally_openstack.wrappers.network [-] CIDR generated: 1.1.5.56/30
2019-12-09 11:13:25.473 28471 RALLYDEBUG rally_openstack.wrappers.network [-] CIDR generated: 1.1.5.60/30
2019-12-09 11:13:25.514 28438 INFO rally.task.runner [-] Task 659684be-26c0-4043-8977-25972a35de74 | ITER: 1 END: OK
2019-12-09 11:13:25.519 28438 INFO rally.task.runner [-] Task 659684be-26c0-4043-8977-25972a35de74 | ITER: 35 START
2019-12-09 11:13:25.520 28438 WARNING rally_openstack.scenarios.neutron.utils [-] Running this scenario without either the 'network' or 'existing_network' context is deprecated
2019-12-09 11:13:25.896 28458 RALLYDEBUG rally_openstack.wrappers.network [-] CIDR generated: 1.1.5.64/30
2019-12-09 11:13:26.231 28439 INFO rally.task.runner [-] Task 659684be-26c0-4043-8977-25972a35de74 | ITER: 2 END: OK
2019-12-09 11:13:26.236 28439 INFO rally.task.runner [-] Task 659684be-26c0-4043-8977-25972a35de74 | ITER: 36 START
2019-12-09 11:13:26.237 28439 WARNING rally_openstack.scenarios.neutron.utils [-] Running this scenario without either the 'network' or 'existing_network' context is deprecated
2019-12-09 11:13:26.524 28441 RALLYDEBUG rally_openstack.wrappers.network [-] CIDR generated: 1.1.5.68/30
2019-12-09 11:13:26.559 28458 RALLYDEBUG rally_openstack.wrappers.network [-] CIDR generated: 1.1.5.72/30
2019-12-09 11:13:26.743 28474 RALLYDEBUG rally_openstack.wrappers.network [-] CIDR generated: 1.1.5.76/30
2019-12-09 11:13:26.834 28455 RALLYDEBUG rally_openstack.wrappers.network [-] CIDR generated: 1.1.5.80/30
2019-12-09 11:13:26.906 28439 RALLYDEBUG rally_openstack.wrappers.network [-] CIDR generated: 1.1.5.84/30
2019-12-09 11:13:27.012 28439 RALLYDEBUG rally_openstack.wrappers.network [-] CIDR generated: 1.1.5.88/30
2019-12-09 11:13:27.125 28475 INFO rally.task.runner [-] Task 659684be-26c0-4043-8977-25972a35de74 | ITER: 18 END: OK
2019-12-09 11:13:27.130 28475 INFO rally.task.runner [-] Task 659684be-26c0-4043-8977-25972a35de74 | ITER: 37 START
2019-12-09 11:13:27.131 28475 WARNING rally_openstack.scenarios.neutron.utils [-] Running this scenario without either the 'network' or 'existing_network' context is deprecated
2019-12-09 11:13:27.547 28438 RALLYDEBUG rally_openstack.wrappers.network [-] CIDR generated: 1.1.5.92/30
2019-12-09 11:13:27.888 28480 RALLYDEBUG rally_openstack.wrappers.network [-] CIDR generated: 1.1.5.96/30
2019-12-09 11:13:28.099 28475 RALLYDEBUG rally_openstack.wrappers.network [-] CIDR generated: 1.1.5.100/30
2019-12-09 11:13:28.196 28440 RALLYDEBUG rally_openstack.wrappers.network [-] CIDR generated: 1.1.5.104/30
2019-12-09 11:13:28.407 28446 INFO rally.task.runner [-] Task 659684be-26c0-4043-8977-25972a35de74 | ITER: 10 END: OK
2019-12-09 11:13:28.412 28446 INFO rally.task.runner [-] Task 659684be-26c0-4043-8977-25972a35de74 | ITER: 38 START
2019-12-09 11:13:28.412 28446 WARNING rally_openstack.scenarios.neutron.utils [-] Running this scenario without either the 'network' or 'existing_network' context is deprecated
2019-12-09 11:13:28.855 28438 RALLYDEBUG rally_openstack.wrappers.network [-] CIDR generated: 1.1.5.108/30
2019-12-09 11:13:29.019 28483 RALLYDEBUG rally_openstack.wrappers.network [-] CIDR generated: 1.1.5.112/30
2019-12-09 11:13:29.036 28446 RALLYDEBUG rally_openstack.wrappers.network [-] CIDR generated: 1.1.5.116/30
2019-12-09 11:13:29.161 28450 RALLYDEBUG rally_openstack.wrappers.network [-] CIDR generated: 1.1.5.120/30
2019-12-09 11:13:29.553 28439 RALLYDEBUG rally_openstack.wrappers.network [-] CIDR generated: 1.1.5.124/30
2019-12-09 11:13:29.669 28465 RALLYDEBUG rally_openstack.wrappers.network [-] CIDR generated: 1.1.5.128/30
2019-12-09 11:13:29.775 28471 RALLYDEBUG rally_openstack.wrappers.network [-] CIDR generated: 1.1.5.132/30
2019-12-09 11:13:30.326 28441 INFO rally.task.runner [-] Task 659684be-26c0-4043-8977-25972a35de74 | ITER: 22 END: OK
2019-12-09 11:13:30.330 28441 INFO rally.task.runner [-] Task 659684be-26c0-4043-8977-25972a35de74 | ITER: 39 START
2019-12-09 11:13:30.331 28441 WARNING rally_openstack.scenarios.neutron.utils [-] Running this scenario without either the 'network' or 'existing_network' context is deprecated
2019-12-09 11:13:30.351 28475 RALLYDEBUG rally_openstack.wrappers.network [-] CIDR generated: 1.1.5.136/30
2019-12-09 11:13:30.405 28462 INFO rally.task.runner [-] Task 659684be-26c0-4043-8977-25972a35de74 | ITER: 14 END: OK
2019-12-09 11:13:30.410 28462 INFO rally.task.runner [-] Task 659684be-26c0-4043-8977-25972a35de74 | ITER: 40 START
2019-12-09 11:13:30.410 28462 WARNING rally_openstack.scenarios.neutron.utils [-] Running this scenario without either the 'network' or 'existing_network' context is deprecated
2019-12-09 11:13:30.911 28440 INFO rally.task.runner [-] Task 659684be-26c0-4043-8977-25972a35de74 | ITER: 24 END: OK
2019-12-09 11:13:31.027 28441 RALLYDEBUG rally_openstack.wrappers.network [-] CIDR generated: 1.1.5.140/30
2019-12-09 11:13:31.425 28462 RALLYDEBUG rally_openstack.wrappers.network [-] CIDR generated: 1.1.5.144/30
2019-12-09 11:13:31.562 28438 INFO rally.task.runner [-] Task 659684be-26c0-4043-8977-25972a35de74 | ITER: 23 END: OK
2019-12-09 11:13:31.768 28446 RALLYDEBUG rally_openstack.wrappers.network [-] CIDR generated: 1.1.5.148/30
2019-12-09 11:13:31.825 28441 RALLYDEBUG rally_openstack.wrappers.network [-] CIDR generated: 1.1.5.152/30
2019-12-09 11:13:31.853 28443 INFO rally.task.runner [-] Task 659684be-26c0-4043-8977-25972a35de74 | ITER: 8 END: OK
2019-12-09 11:13:32.358 28462 RALLYDEBUG rally_openstack.wrappers.network [-] CIDR generated: 1.1.5.156/30
2019-12-09 11:13:32.602 28458 INFO rally.task.runner [-] Task 659684be-26c0-4043-8977-25972a35de74 | ITER: 34 END: OK
2019-12-09 11:13:33.398 28480 INFO rally.task.runner [-] Task 659684be-26c0-4043-8977-25972a35de74 | ITER: 26 END: OK
2019-12-09 11:13:33.429 28471 INFO rally.task.runner [-] Task 659684be-26c0-4043-8977-25972a35de74 | ITER: 33 END: OK
2019-12-09 11:13:33.448 28455 INFO rally.task.runner [-] Task 659684be-26c0-4043-8977-25972a35de74 | ITER: 21 END: OK
2019-12-09 11:13:33.721 28441 INFO rally.task.runner [-] Task 659684be-26c0-4043-8977-25972a35de74 | ITER: 30 END: OK
2019-12-09 11:13:33.760 28475 INFO rally.task.runner [-] Task 659684be-26c0-4043-8977-25972a35de74 | ITER: 37 END: OK
2019-12-09 11:13:34.128 28450 INFO rally.task.runner [-] Task 659684be-26c0-4043-8977-25972a35de74 | ITER: 29 END: OK
2019-12-09 11:13:34.317 28440 INFO rally.task.runner [-] Task 659684be-26c0-4043-8977-25972a35de74 | ITER: 28 END: OK
2019-12-09 11:13:34.612 28438 INFO rally.task.runner [-] Task 659684be-26c0-4043-8977-25972a35de74 | ITER: 35 END: OK
2019-12-09 11:13:34.668 28483 INFO rally.task.runner [-] Task 659684be-26c0-4043-8977-25972a35de74 | ITER: 25 END: OK
2019-12-09 11:13:35.167 28439 INFO rally.task.runner [-] Task 659684be-26c0-4043-8977-25972a35de74 | ITER: 31 END: OK
2019-12-09 11:13:35.205 28439 INFO rally.task.runner [-] Task 659684be-26c0-4043-8977-25972a35de74 | ITER: 36 END: OK
2019-12-09 11:13:35.285 28465 INFO rally.task.runner [-] Task 659684be-26c0-4043-8977-25972a35de74 | ITER: 32 END: OK
2019-12-09 11:13:35.646 28474 INFO rally.task.runner [-] Task 659684be-26c0-4043-8977-25972a35de74 | ITER: 27 END: OK
2019-12-09 11:13:35.676 28462 INFO rally.task.runner [-] Task 659684be-26c0-4043-8977-25972a35de74 | ITER: 40 END: OK
2019-12-09 11:13:35.962 28446 INFO rally.task.runner [-] Task 659684be-26c0-4043-8977-25972a35de74 | ITER: 38 END: OK
2019-12-09 11:13:36.436 28441 INFO rally.task.runner [-] Task 659684be-26c0-4043-8977-25972a35de74 | ITER: 39 END: OK
2019-12-09 11:13:36.466 26244 INFO rally.task.context [-] Task 659684be-26c0-4043-8977-25972a35de74 | Context cleanup@openstack cleanup() started
2019-12-09 11:13:36.469 26244 RALLYDEBUG rally_openstack.cleanup.manager [-] Cleaning up neutron vip objects
2019-12-09 11:13:36.857 26244 RALLYDEBUG rally_openstack.cleanup.manager [-] Cleaning up neutron health_monitor objects
2019-12-09 11:13:37.232 26244 RALLYDEBUG rally_openstack.cleanup.manager [-] Cleaning up neutron pool objects
2019-12-09 11:13:37.611 26244 RALLYDEBUG rally_openstack.cleanup.manager [-] Cleaning up neutron loadbalancer objects
2019-12-09 11:13:37.998 26244 RALLYDEBUG rally_openstack.cleanup.manager [-] Cleaning up neutron floatingip objects
2019-12-09 11:13:38.476 26244 RALLYDEBUG rally_openstack.cleanup.manager [-] Cleaning up neutron trunk objects
2019-12-09 11:13:38.887 26244 RALLYDEBUG rally_openstack.cleanup.manager [-] Cleaning up neutron port objects
2019-12-09 11:13:39.359 26244 RALLYDEBUG rally_openstack.cleanup.manager [-] Cleaning up neutron subnet objects
2019-12-09 11:13:39.769 26244 RALLYDEBUG rally_openstack.cleanup.manager [-] Cleaning up neutron network objects
2019-12-09 11:13:40.302 26244 RALLYDEBUG rally_openstack.cleanup.manager [-] Deleting neutron.network object s_rally_1e7998a9_mGajsKTU (0aa85db7-52a4-4050-8a74-f08e63d1d110)
2019-12-09 11:13:40.318 26244 RALLYDEBUG rally_openstack.cleanup.manager [-] Deleting neutron.network object s_rally_1e7998a9_9O9mTdaQ (0f280d11-2fb5-4dad-95c2-439f8c5fbcff)
2019-12-09 11:13:40.323 26244 RALLYDEBUG rally_openstack.cleanup.manager [-] Deleting neutron.network object s_rally_1e7998a9_dov5kIA0 (154b8d10-0388-4897-b01d-42f666d681b4)
2019-12-09 11:13:40.329 26244 RALLYDEBUG rally_openstack.cleanup.manager [-] Deleting neutron.network object s_rally_1e7998a9_jAZi4pmJ (18f6f261-9d55-4f6d-aeb7-7050d00bf093)
2019-12-09 11:13:40.330 26244 RALLYDEBUG rally_openstack.cleanup.manager [-] Deleting neutron.network object s_rally_1e7998a9_8UUGAmdm (1ba88df3-cf57-4a9c-b7e7-c689da6f54a0)
2019-12-09 11:13:40.346 26244 RALLYDEBUG rally_openstack.cleanup.manager [-] Deleting neutron.network object s_rally_1e7998a9_zDUEwIMV (25e80895-7e74-4edf-801e-210d047dfc0b)
2019-12-09 11:13:40.354 26244 RALLYDEBUG rally_openstack.cleanup.manager [-] Deleting neutron.network object s_rally_1e7998a9_OkuEG9AV (22a5ed8c-807d-48e9-a5a1-600f9e14ce94)
2019-12-09 11:13:40.365 26244 RALLYDEBUG rally_openstack.cleanup.manager [-] Deleting neutron.network object s_rally_1e7998a9_hm5iHLPi (2a5a2bc1-9ef4-45b0-a170-cb29a11ab83b)
2019-12-09 11:13:40.395 26244 RALLYDEBUG rally_openstack.cleanup.manager [-] Deleting neutron.network object s_rally_1e7998a9_18hMvz1n (3d42b7b5-95dc-4a55-b720-e71e0d828cdc)
2019-12-09 11:13:40.393 26244 RALLYDEBUG rally_openstack.cleanup.manager [-] Deleting neutron.network object s_rally_1e7998a9_dlSJfXoA (30dc341e-0152-4af6-b484-26893f95cebb)
2019-12-09 11:13:40.406 26244 RALLYDEBUG rally_openstack.cleanup.manager [-] Deleting neutron.network object s_rally_1e7998a9_LyauPZpi (3b63442a-10cf-4094-8411-c8be342a8db9)
2019-12-09 11:13:40.411 26244 RALLYDEBUG rally_openstack.cleanup.manager [-] Deleting neutron.network object s_rally_1e7998a9_YBAapdHy (6ca997f8-1925-409b-8756-2037f4e06c6d)
2019-12-09 11:13:40.415 26244 RALLYDEBUG rally_openstack.cleanup.manager [-] Deleting neutron.network object s_rally_1e7998a9_ui599956 (4a2f3a9d-0ff6-4025-b308-392a554b58f6)
2019-12-09 11:13:40.419 26244 RALLYDEBUG rally_openstack.cleanup.manager [-] Deleting neutron.network object s_rally_1e7998a9_BpavVO3S (3f95e116-d156-47d9-8b32-5222752f0673)
2019-12-09 11:13:40.426 26244 RALLYDEBUG rally_openstack.cleanup.manager [-] Deleting neutron.network object s_rally_1e7998a9_D5W62jPS (70a091e8-dbcb-4aee-b80c-02dc58f7eeb3)
2019-12-09 11:13:40.438 26244 RALLYDEBUG rally_openstack.cleanup.manager [-] Deleting neutron.network object s_rally_1e7998a9_ZRjgoECm (3d8d3cc3-03e8-4598-9035-83357e1e03ea)
2019-12-09 11:13:40.499 26244 RALLYDEBUG rally_openstack.cleanup.manager [-] Deleting neutron.network object s_rally_1e7998a9_KZUdk4ZO (72ca973f-2fe6-4782-8503-97f897fab267)
2019-12-09 11:13:40.568 26244 RALLYDEBUG rally_openstack.cleanup.manager [-] Deleting neutron.network object s_rally_1e7998a9_81tsvUug (8ad15e09-59d8-4da6-a893-6b880d2cee1d)
2019-12-09 11:13:40.574 26244 RALLYDEBUG rally_openstack.cleanup.manager [-] Deleting neutron.network object s_rally_1e7998a9_a4LchP3V (8ba4e239-c44f-4a90-8b01-5f3814ead749)
2019-12-09 11:13:40.581 26244 RALLYDEBUG rally_openstack.cleanup.manager [-] Deleting neutron.network object s_rally_1e7998a9_D0FZhUBp (8b1761b4-2828-4589-8013-b4dd0c287b52)
2019-12-09 11:13:42.488 26244 RALLYDEBUG rally_openstack.cleanup.manager [-] Deleting neutron.network object s_rally_1e7998a9_Pr37MsF1 (8c0c0d19-d4b9-4981-84a4-71fcd6e56721)
2019-12-09 11:13:42.642 26244 RALLYDEBUG rally_openstack.cleanup.manager [-] Deleting neutron.network object s_rally_1e7998a9_OWSBSKQk (8d150d3b-5502-4350-b37d-5fd1fe219314)
2019-12-09 11:13:42.787 26244 RALLYDEBUG rally_openstack.cleanup.manager [-] Deleting neutron.network object s_rally_1e7998a9_O4NFdSQZ (914bd88a-8321-405b-97ce-9b4a893b5151)
2019-12-09 11:13:43.058 26244 RALLYDEBUG rally_openstack.cleanup.manager [-] Deleting neutron.network object s_rally_1e7998a9_THKFDb6i (9844f87c-78e5-40f4-91fb-6a5743bd34ae)
2019-12-09 11:13:43.059 26244 RALLYDEBUG rally_openstack.cleanup.manager [-] Deleting neutron.network object s_rally_1e7998a9_iuAnyTU5 (99537429-9d5c-4f21-8115-f05cdc263180)
2019-12-09 11:13:43.073 26244 RALLYDEBUG rally_openstack.cleanup.manager [-] Deleting neutron.network object s_rally_1e7998a9_IWUuWEwe (9b6a994e-ffff-478d-ae69-29123a1b3f16)
2019-12-09 11:13:43.299 26244 RALLYDEBUG rally_openstack.cleanup.manager [-] Deleting neutron.network object s_rally_1e7998a9_KrrbB5QB (a09009b7-fc12-4ab5-9b19-f0efe1a33215)
2019-12-09 11:13:43.330 26244 RALLYDEBUG rally_openstack.cleanup.manager [-] Deleting neutron.network object s_rally_1e7998a9_oKGnMyR7 (a24a3224-bc31-46cd-b352-74da62d6e765)
2019-12-09 11:13:43.446 26244 RALLYDEBUG rally_openstack.cleanup.manager [-] Deleting neutron.network object s_rally_1e7998a9_fypaT7lk (a63f43e7-9480-4f10-bbc5-8ff5b5b3f2a4)
2019-12-09 11:13:43.447 26244 RALLYDEBUG rally_openstack.cleanup.manager [-] Deleting neutron.network object s_rally_1e7998a9_YbT6ym0e (a6339569-f749-42b6-bfd4-9d92ec738aad)
2019-12-09 11:13:43.460 26244 RALLYDEBUG rally_openstack.cleanup.manager [-] Deleting neutron.network object s_rally_1e7998a9_RPCHlRiy (aeae7632-5ba8-4490-81e6-ff0f6d4988fd)
2019-12-09 11:13:43.488 26244 RALLYDEBUG rally_openstack.cleanup.manager [-] Deleting neutron.network object s_rally_1e7998a9_2zV5BiY6 (b16fbfa9-590b-489e-9212-a84719528431)
2019-12-09 11:13:43.501 26244 RALLYDEBUG rally_openstack.cleanup.manager [-] Deleting neutron.network object s_rally_1e7998a9_zxfNz7hY (b3bce47b-1b53-4219-bc54-cd3b49f2e118)
2019-12-09 11:13:43.509 26244 RALLYDEBUG rally_openstack.cleanup.manager [-] Deleting neutron.network object s_rally_1e7998a9_pOqCjiwE (ba6cae5a-3331-4801-b8ab-ffca37bdd72e)
2019-12-09 11:13:43.646 26244 RALLYDEBUG rally_openstack.cleanup.manager [-] Deleting neutron.network object s_rally_1e7998a9_qF3H0Oc1 (ba962a46-c049-42b6-8109-1218698d9954)
2019-12-09 11:13:43.762 26244 RALLYDEBUG rally_openstack.cleanup.manager [-] Deleting neutron.network object s_rally_1e7998a9_F1MgOaOQ (bc6dfd11-ee4a-4c8f-9c27-eee45ce901de)
2019-12-09 11:13:44.163 26244 RALLYDEBUG rally_openstack.cleanup.manager [-] Deleting neutron.network object s_rally_1e7998a9_YkJlTbDQ (c6eff86c-004b-47c9-ab8d-3cf18da058f5)
2019-12-09 11:13:44.197 26244 RALLYDEBUG rally_openstack.cleanup.manager [-] Deleting neutron.network object s_rally_1e7998a9_hgdp9pDo (ccc58e8d-45c8-4b3f-afd1-3f7bdbd5924b)
2019-12-09 11:13:44.406 26244 RALLYDEBUG rally_openstack.cleanup.manager [-] Deleting neutron.network object s_rally_1e7998a9_MUSj5Gxh (ec8fe053-c2f7-4ae3-9a6b-31347dc532ab)
2019-12-09 11:13:44.442 26244 RALLYDEBUG rally_openstack.cleanup.manager [-] Deleting neutron.network object s_rally_1e7998a9_sC3WQ6oA (f0588a8a-2bba-420d-99a0-08b1a8666435)
2019-12-09 11:13:46.610 26244 RALLYDEBUG rally_openstack.cleanup.manager [-] Cleaning up neutron router objects
2019-12-09 11:13:47.328 26244 RALLYDEBUG rally_openstack.cleanup.manager [-] Cleaning up neutron security_group objects
2019-12-09 11:13:47.778 26244 INFO rally.task.context [-] Task 659684be-26c0-4043-8977-25972a35de74 | Context cleanup@openstack cleanup() finished in 11.31 sec
2019-12-09 11:13:47.778 26244 INFO rally.task.context [-] Task 659684be-26c0-4043-8977-25972a35de74 | Context quotas@openstack cleanup() started
2019-12-09 11:13:47.859 26244 INFO rally.task.context [-] Task 659684be-26c0-4043-8977-25972a35de74 | Context quotas@openstack cleanup() finished in 80.76 msec
2019-12-09 11:13:47.859 26244 INFO rally.task.context [-] Task 659684be-26c0-4043-8977-25972a35de74 | Context users@openstack cleanup() started
2019-12-09 11:13:50.577 26244 INFO rally.task.context [-] Task 659684be-26c0-4043-8977-25972a35de74 | Context users@openstack cleanup() finished in 2.72 sec
2019-12-09 11:13:52.133 26244 INFO rally.task.engine [-] Load duration is: 21.500077
2019-12-09 11:13:52.134 26244 INFO rally.task.engine [-] Full runner duration is: 21.554877
2019-12-09 11:13:52.134 26244 INFO rally.task.engine [-] Full duration is: 38.611976
2019-12-09 11:13:52.531 26244 INFO rally.task.engine [-] Running workload: position = 0 config = { "version": 2, "title": "A cropped version of a bigger task.", "description": "Auto-generated task from a single workload (uuid=2a7d64c5-7f7b-4a6b-99cf-3f8441664b9e)", "subtasks": [ { "title": "NeutronNetworks.create_and_list_routers", "description": "Create and a given number of routers and list all routers.", "scenario": { "NeutronNetworks.create_and_list_routers": { "network_create_args": null, "subnet_create_args": null, "subnet_cidr_start": "1.1.0.0/30", "subnets_per_network": 2, "router_create_args": null } }, "contexts": { "users": { "tenants": 1, "users_per_tenant": 1 }, "quotas": { "neutron": { "network": -1, "subnet": -1, "router": -1 } } }, "runner": { "constant": { "times": 40, "concurrency": 20 } }, "hooks": [], "sla": { "failure_rate": { "max": 0 } } } ] }
2019-12-09 11:13:52.560 26244 RALLYDEBUG rally_openstack.contexts.keystone.users [-] Creating 1 tenants using 20 threads
2019-12-09 11:13:53.522 26244 RALLYDEBUG rally_openstack.contexts.keystone.users [-] Creating 1 users using 20 threads
2019-12-09 11:13:54.972 26244 INFO rally.task.context [-] Task 659684be-26c0-4043-8977-25972a35de74 | Context users@openstack setup() finished in 2.41 sec
2019-12-09 11:13:55.514 26244 INFO rally.task.context [-] Task 659684be-26c0-4043-8977-25972a35de74 | Context quotas@openstack setup() finished in 0.54 sec
2019-12-09 11:13:55.514 26244 INFO rally.task.context [-] Task 659684be-26c0-4043-8977-25972a35de74 | Context cleanup@openstack setup() finished in 0.01 msec
2019-12-09 11:13:55.523 26244 RALLYDEBUG rally.task.runner [-] Starting the constant runner (task UUID: 659684be-26c0-4043-8977-25972a35de74). timeout: 0 concurrency: 20 concurrency_per_worker: 1 times: 40 concurrency_overhead: 4 processes_to_start: 16 max_cpu_used: 16
2019-12-09 11:13:55.538 28828 RALLYDEBUG rally.task.runner [-] Starting a worker. concurrency: 2 args: {"network_create_args": null, "subnet_create_args": null, "subnet_cidr_start": "1.1.0.0/30", "subnets_per_network": 2, "router_create_args": null} times: 40 method_name: run timeout: 0 duration: None cls:
2019-12-09 11:13:55.541 28829 RALLYDEBUG rally.task.runner [-] Starting a worker. concurrency: 2 args: {"network_create_args": null, "subnet_create_args": null, "subnet_cidr_start": "1.1.0.0/30", "subnets_per_network": 2, "router_create_args": null} times: 40 method_name: run timeout: 0 duration: None cls:
2019-12-09 11:13:55.544 28830 RALLYDEBUG rally.task.runner [-] Starting a worker. concurrency: 2 args: {"network_create_args": null, "subnet_create_args": null, "subnet_cidr_start": "1.1.0.0/30", "subnets_per_network": 2, "router_create_args": null} times: 40 method_name: run timeout: 0 duration: None cls:
2019-12-09 11:13:55.545 28828 INFO rally.task.runner [-] Task 659684be-26c0-4043-8977-25972a35de74 | ITER: 1 START
2019-12-09 11:13:55.547 28831 RALLYDEBUG rally.task.runner [-] Starting a worker. concurrency: 2 args: {"network_create_args": null, "subnet_create_args": null, "subnet_cidr_start": "1.1.0.0/30", "subnets_per_network": 2, "router_create_args": null} times: 40 method_name: run timeout: 0 duration: None cls:
2019-12-09 11:13:55.550 28832 RALLYDEBUG rally.task.runner [-] Starting a worker. concurrency: 1 args: {"network_create_args": null, "subnet_create_args": null, "subnet_cidr_start": "1.1.0.0/30", "subnets_per_network": 2, "router_create_args": null} times: 40 method_name: run timeout: 0 duration: None cls:
2019-12-09 11:13:55.552 28829 INFO rally.task.runner [-] Task 659684be-26c0-4043-8977-25972a35de74 | ITER: 2 START
2019-12-09 11:13:55.554 28836 RALLYDEBUG rally.task.runner [-] Starting a worker. concurrency: 1 args: {"network_create_args": null, "subnet_create_args": null, "subnet_cidr_start": "1.1.0.0/30", "subnets_per_network": 2, "router_create_args": null} times: 40 method_name: run timeout: 0 duration: None cls:
2019-12-09 11:13:55.555 28830 INFO rally.task.runner [-] Task 659684be-26c0-4043-8977-25972a35de74 | ITER: 4 START
2019-12-09 11:13:55.557 28832 INFO rally.task.runner [-] Task 659684be-26c0-4043-8977-25972a35de74 | ITER: 8 START
2019-12-09 11:13:55.557 28831 INFO rally.task.runner [-] Task 659684be-26c0-4043-8977-25972a35de74 | ITER: 6 START
2019-12-09 11:13:55.556 28830 INFO rally.task.runner [-] Task 659684be-26c0-4043-8977-25972a35de74 | ITER: 7 START
2019-12-09 11:13:55.559 28838 RALLYDEBUG rally.task.runner [-] Starting a worker. concurrency: 1 args: {"network_create_args": null, "subnet_create_args": null, "subnet_cidr_start": "1.1.0.0/30", "subnets_per_network": 2, "router_create_args": null} times: 40 method_name: run timeout: 0 duration: None cls:
2019-12-09 11:13:55.562 28836 INFO rally.task.runner [-] Task 659684be-26c0-4043-8977-25972a35de74 | ITER: 10 START
2019-12-09 11:13:55.561 28843 RALLYDEBUG rally.task.runner [-] Starting a worker. concurrency: 1 args: {"network_create_args": null, "subnet_create_args": null, "subnet_cidr_start": "1.1.0.0/30", "subnets_per_network": 2, "router_create_args": null} times: 40 method_name: run timeout: 0 duration: None cls:
2019-12-09 11:13:55.562 28829 INFO rally.task.runner [-] Task 659684be-26c0-4043-8977-25972a35de74 | ITER: 5 START
2019-12-09 11:13:55.564 28831 INFO rally.task.runner [-] Task 659684be-26c0-4043-8977-25972a35de74 | ITER: 9 START
2019-12-09 11:13:55.568 28838 INFO rally.task.runner [-] Task 659684be-26c0-4043-8977-25972a35de74 | ITER: 11 START
2019-12-09 11:13:55.568 28828 INFO rally.task.runner [-] Task 659684be-26c0-4043-8977-25972a35de74 | ITER: 3 START
2019-12-09 11:13:55.567 28849 RALLYDEBUG rally.task.runner [-] Starting a worker. concurrency: 1 args: {"network_create_args": null, "subnet_create_args": null, "subnet_cidr_start": "1.1.0.0/30", "subnets_per_network": 2, "router_create_args": null} times: 40 method_name: run timeout: 0 duration: None cls:
2019-12-09 11:13:55.569 28843 INFO rally.task.runner [-] Task 659684be-26c0-4043-8977-25972a35de74 | ITER: 12 START
2019-12-09 11:13:55.571 28853 RALLYDEBUG rally.task.runner [-] Starting a worker. concurrency: 1 args: {"network_create_args": null, "subnet_create_args": null, "subnet_cidr_start": "1.1.0.0/30", "subnets_per_network": 2, "router_create_args": null} times: 40 method_name: run timeout: 0 duration: None cls:
2019-12-09 11:13:55.575 28849 INFO rally.task.runner [-] Task 659684be-26c0-4043-8977-25972a35de74 | ITER: 13 START
2019-12-09 11:13:55.579 28853 INFO rally.task.runner [-] Task 659684be-26c0-4043-8977-25972a35de74 | ITER: 14 START
2019-12-09 11:13:55.579 28858 RALLYDEBUG rally.task.runner [-] Starting a worker. concurrency: 1 args: {"network_create_args": null, "subnet_create_args": null, "subnet_cidr_start": "1.1.0.0/30", "subnets_per_network": 2, "router_create_args": null} times: 40 method_name: run timeout: 0 duration: None cls:
2019-12-09 11:13:55.584 28861 RALLYDEBUG rally.task.runner [-] Starting a worker. concurrency: 1 args: {"network_create_args": null, "subnet_create_args": null, "subnet_cidr_start": "1.1.0.0/30", "subnets_per_network": 2, "router_create_args": null} times: 40 method_name: run timeout: 0 duration: None cls:
2019-12-09 11:13:55.587 28858 INFO rally.task.runner [-] Task 659684be-26c0-4043-8977-25972a35de74 | ITER: 15 START
2019-12-09 11:13:55.587 28864 RALLYDEBUG rally.task.runner [-] Starting a worker. concurrency: 1 args: {"network_create_args": null, "subnet_create_args": null, "subnet_cidr_start": "1.1.0.0/30", "subnets_per_network": 2, "router_create_args": null} times: 40 method_name: run timeout: 0 duration: None cls:
2019-12-09 11:13:55.590 28861 INFO rally.task.runner [-] Task 659684be-26c0-4043-8977-25972a35de74 | ITER: 16 START
2019-12-09 11:13:55.593 28864 INFO rally.task.runner [-] Task 659684be-26c0-4043-8977-25972a35de74 | ITER: 17 START
2019-12-09 11:13:55.597 28867 RALLYDEBUG rally.task.runner [-] Starting a worker. concurrency: 1 args: {"network_create_args": null, "subnet_create_args": null, "subnet_cidr_start": "1.1.0.0/30", "subnets_per_network": 2, "router_create_args": null} times: 40 method_name: run timeout: 0 duration: None cls:
2019-12-09 11:13:55.601 28872 RALLYDEBUG rally.task.runner [-] Starting a worker. concurrency: 1 args: {"network_create_args": null, "subnet_create_args": null, "subnet_cidr_start": "1.1.0.0/30", "subnets_per_network": 2, "router_create_args": null} times: 40 method_name: run timeout: 0 duration: None cls:
2019-12-09 11:13:55.603 28867 INFO rally.task.runner [-] Task 659684be-26c0-4043-8977-25972a35de74 | ITER: 18 START
2019-12-09 11:13:55.607 28872 INFO rally.task.runner [-] Task 659684be-26c0-4043-8977-25972a35de74 | ITER: 19 START
2019-12-09 11:13:55.607 28873 RALLYDEBUG rally.task.runner [-] Starting a worker. concurrency: 1 args: {"network_create_args": null, "subnet_create_args": null, "subnet_cidr_start": "1.1.0.0/30", "subnets_per_network": 2, "router_create_args": null} times: 40 method_name: run timeout: 0 duration: None cls:
2019-12-09 11:13:55.612 28873 INFO rally.task.runner [-] Task 659684be-26c0-4043-8977-25972a35de74 | ITER: 20 START
2019-12-09 11:13:56.299 28832 RALLYDEBUG rally_openstack.wrappers.network [-] CIDR generated: 1.1.5.160/30
2019-12-09 11:13:56.381 28828 RALLYDEBUG rally_openstack.wrappers.network [-] CIDR generated: 1.1.5.164/30
2019-12-09 11:13:56.418 28829 RALLYDEBUG rally_openstack.wrappers.network [-] CIDR generated: 1.1.5.168/30
2019-12-09 11:13:56.455 28843 RALLYDEBUG rally_openstack.wrappers.network [-] CIDR generated: 1.1.5.172/30
2019-12-09 11:13:56.497 28849 RALLYDEBUG rally_openstack.wrappers.network [-] CIDR generated: 1.1.5.176/30
2019-12-09 11:13:56.504 28836 RALLYDEBUG rally_openstack.wrappers.network [-] CIDR generated: 1.1.5.180/30
2019-12-09 11:13:56.536 28838 RALLYDEBUG rally_openstack.wrappers.network [-] CIDR generated: 1.1.5.184/30
2019-12-09 11:13:56.545 28873 RALLYDEBUG rally_openstack.wrappers.network [-] CIDR generated: 1.1.5.188/30
2019-12-09 11:13:56.633 28830 RALLYDEBUG rally_openstack.wrappers.network [-] CIDR generated: 1.1.5.192/30
2019-12-09 11:13:56.687 28830 RALLYDEBUG rally_openstack.wrappers.network [-] CIDR generated: 1.1.5.196/30
2019-12-09 11:13:56.698 28858 RALLYDEBUG rally_openstack.wrappers.network [-] CIDR generated: 1.1.5.200/30
2019-12-09 11:13:56.794 28829 RALLYDEBUG rally_openstack.wrappers.network [-] CIDR generated: 1.1.5.204/30
2019-12-09 11:13:56.869 28831 RALLYDEBUG rally_openstack.wrappers.network [-] CIDR generated: 1.1.5.208/30
2019-12-09 11:13:56.887 28831 RALLYDEBUG rally_openstack.wrappers.network [-] CIDR generated: 1.1.5.212/30
2019-12-09 11:13:56.903 28864 RALLYDEBUG rally_openstack.wrappers.network [-] CIDR generated: 1.1.5.216/30
2019-12-09 11:13:56.940 28872 RALLYDEBUG rally_openstack.wrappers.network [-] CIDR generated: 1.1.5.220/30
2019-12-09 11:13:57.044 28828 RALLYDEBUG rally_openstack.wrappers.network [-] CIDR generated: 1.1.5.224/30
2019-12-09 11:13:57.077 28867 RALLYDEBUG rally_openstack.wrappers.network [-] CIDR generated: 1.1.5.228/30
2019-12-09 11:13:57.147 28832 RALLYDEBUG rally_openstack.wrappers.network [-] CIDR generated: 1.1.5.232/30
2019-12-09 11:13:57.154 28853 RALLYDEBUG rally_openstack.wrappers.network [-] CIDR generated: 1.1.5.236/30
2019-12-09 11:13:57.390 28830 RALLYDEBUG rally_openstack.wrappers.network [-] CIDR generated: 1.1.5.240/30
2019-12-09 11:13:57.492 28861 RALLYDEBUG rally_openstack.wrappers.network [-] CIDR generated: 1.1.5.244/30
2019-12-09 11:13:57.580 28858 RALLYDEBUG rally_openstack.wrappers.network [-] CIDR generated: 1.1.5.248/30
2019-12-09 11:13:57.673 28843 RALLYDEBUG rally_openstack.wrappers.network [-] CIDR generated: 1.1.5.252/30
2019-12-09 11:13:58.023 28829 RALLYDEBUG rally_openstack.wrappers.network [-] CIDR generated: 1.1.6.0/30
2019-12-09 11:13:58.061 28836 RALLYDEBUG rally_openstack.wrappers.network [-] CIDR generated: 1.1.6.4/30
2019-12-09 11:13:58.149 28838 RALLYDEBUG rally_openstack.wrappers.network [-] CIDR generated: 1.1.6.8/30
2019-12-09 11:13:59.088 28873 RALLYDEBUG rally_openstack.wrappers.network [-] CIDR generated: 1.1.6.12/30
2019-12-09 11:13:59.459 28831 RALLYDEBUG rally_openstack.wrappers.network [-] CIDR generated: 1.1.6.16/30
2019-12-09 11:13:59.473 28829 RALLYDEBUG rally_openstack.wrappers.network [-] CIDR generated: 1.1.6.20/30
2019-12-09 11:13:59.848 28849 RALLYDEBUG rally_openstack.wrappers.network [-] CIDR generated: 1.1.6.24/30
2019-12-09 11:13:59.890 28828 RALLYDEBUG rally_openstack.wrappers.network [-] CIDR generated: 1.1.6.28/30
2019-12-09 11:14:00.050 28830 RALLYDEBUG rally_openstack.wrappers.network [-] CIDR generated: 1.1.6.32/30
2019-12-09 11:14:00.108 28828 RALLYDEBUG rally_openstack.wrappers.network [-] CIDR generated: 1.1.6.36/30
2019-12-09 11:14:00.322 28864 RALLYDEBUG rally_openstack.wrappers.network [-] CIDR generated: 1.1.6.40/30
2019-12-09 11:14:00.347 28831 RALLYDEBUG rally_openstack.wrappers.network [-] CIDR generated: 1.1.6.44/30
2019-12-09 11:14:00.438 28867 RALLYDEBUG rally_openstack.wrappers.network [-] CIDR generated: 1.1.6.48/30
2019-12-09 11:14:00.619 28861 RALLYDEBUG rally_openstack.wrappers.network [-] CIDR generated: 1.1.6.52/30
2019-12-09 11:14:00.702 28853 RALLYDEBUG rally_openstack.wrappers.network [-] CIDR generated: 1.1.6.56/30
2019-12-09 11:14:00.849 28872 RALLYDEBUG rally_openstack.wrappers.network [-] CIDR generated: 1.1.6.60/30
2019-12-09 11:14:07.005 28836 INFO rally.task.runner [-] Task 659684be-26c0-4043-8977-25972a35de74 | ITER: 10 END: OK
2019-12-09 11:14:07.008 28836 INFO rally.task.runner [-] Task 659684be-26c0-4043-8977-25972a35de74 | ITER: 21 START
2019-12-09 11:14:07.746 28858 INFO rally.task.runner [-] Task 659684be-26c0-4043-8977-25972a35de74 | ITER: 15 END: OK
2019-12-09 11:14:07.749 28858 INFO rally.task.runner [-] Task 659684be-26c0-4043-8977-25972a35de74 | ITER: 22 START
2019-12-09 11:14:08.321 28858 RALLYDEBUG rally_openstack.wrappers.network [-] CIDR generated: 1.1.6.64/30
