2019-12-09 11:08:43.633 26235 RALLYDEBUG rally.api [-] INFO logs from urllib3 and requests module are hide.
2019-12-09 11:08:43.634 26235 RALLYDEBUG rally.api [-] urllib3 insecure warnings are hidden.
2019-12-09 11:08:43.634 26235 RALLYDEBUG rally.api [-] ERROR log from boto module is hide.
2019-12-09 11:08:46.176 26237 RALLYDEBUG rally.api [-] INFO logs from urllib3 and requests module are hide.
2019-12-09 11:08:46.177 26237 RALLYDEBUG rally.api [-] urllib3 insecure warnings are hidden.
2019-12-09 11:08:46.177 26237 RALLYDEBUG rally.api [-] ERROR log from boto module is hide.
2019-12-09 11:08:48.668 26239 RALLYDEBUG rally.api [-] INFO logs from urllib3 and requests module are hide.
2019-12-09 11:08:48.668 26239 RALLYDEBUG rally.api [-] urllib3 insecure warnings are hidden.
2019-12-09 11:08:48.668 26239 RALLYDEBUG rally.api [-] ERROR log from boto module is hide.
2019-12-09 11:08:52.321 26242 RALLYDEBUG rally.api [-] INFO logs from urllib3 and requests module are hide.
2019-12-09 11:08:52.322 26242 RALLYDEBUG rally.api [-] urllib3 insecure warnings are hidden.
2019-12-09 11:08:52.322 26242 RALLYDEBUG rally.api [-] ERROR log from boto module is hide.
2019-12-09 11:08:53.769 26244 RALLYDEBUG rally.api [-] INFO logs from urllib3 and requests module are hide.
2019-12-09 11:08:53.770 26244 RALLYDEBUG rally.api [-] urllib3 insecure warnings are hidden.
2019-12-09 11:08:53.770 26244 RALLYDEBUG rally.api [-] ERROR log from boto module is hide.
2019-12-09 11:08:55.202 26244 INFO rally.common.plugin.discover [-] Loading plugins from directories /root/.rally/plugins/*
2019-12-09 11:08:55.202 26244 INFO rally.common.plugin.discover [-] Loaded module with plugins: /root/.rally/plugins/__init__.py
2019-12-09 11:08:55.205 26244 INFO rally.common.plugin.discover [-] Loaded module with plugins: /root/.rally/plugins/trunk_scenario.py
2019-12-09 11:08:55.523 26244 INFO rally.task.engine [-] Task 659684be-26c0-4043-8977-25972a35de74 | Starting: Task validation.
2019-12-09 11:08:55.574 26244 INFO rally.task.engine [-] Task 659684be-26c0-4043-8977-25972a35de74 | Starting: Task validation of syntax.
2019-12-09 11:08:55.814 26244 INFO rally.task.engine [-] Task 659684be-26c0-4043-8977-25972a35de74 | Completed: Task validation of syntax.
2019-12-09 11:08:55.814 26244 INFO rally.task.engine [-] Task 659684be-26c0-4043-8977-25972a35de74 | Starting: Task validation of required platforms.
2019-12-09 11:08:55.893 26244 INFO rally.task.engine [-] Task 659684be-26c0-4043-8977-25972a35de74 | Completed: Task validation of required platforms.
2019-12-09 11:08:55.893 26244 INFO rally.task.engine [-] Task 659684be-26c0-4043-8977-25972a35de74 | Starting: Task validation of semantic.
2019-12-09 11:08:55.893 26244 INFO rally.task.engine [-] Check health of the environment '1d048ea3-24b2-452a-9fb3-f64013de3f1b'.
2019-12-09 11:08:56.770 26244 INFO rally.task.engine [-] Platform existing@openstack (available: True): OK!
2019-12-09 11:08:56.793 26244 RALLYDEBUG rally_openstack.contexts.keystone.users [-] Creating 1 tenants using 20 threads
2019-12-09 11:08:57.739 26244 RALLYDEBUG rally_openstack.contexts.keystone.users [-] Creating 1 users using 20 threads
2019-12-09 11:08:59.134 26244 INFO rally.task.context [-] Task 659684be-26c0-4043-8977-25972a35de74 | Context users@openstack setup() finished in 2.34 sec
2019-12-09 11:09:03.751 26244 INFO rally.task.context [-] Task 659684be-26c0-4043-8977-25972a35de74 | Context users@openstack cleanup() started
2019-12-09 11:09:06.725 26244 INFO rally.task.context [-] Task 659684be-26c0-4043-8977-25972a35de74 | Context users@openstack cleanup() finished in 2.97 sec
2019-12-09 11:09:06.726 26244 INFO rally.task.engine [-] Task 659684be-26c0-4043-8977-25972a35de74 | Completed: Task validation of semantic.
2019-12-09 11:09:06.726 26244 INFO rally.task.engine [-] Task 659684be-26c0-4043-8977-25972a35de74 | Completed: Task validation.
2019-12-09 11:09:06.726 26244 INFO rally.api [-] Task 659684be-26c0-4043-8977-25972a35de74 input file is valid.
2019-12-09 11:09:06.727 26244 INFO rally.api [-] Run Task 659684be-26c0-4043-8977-25972a35de74 against Deployment 1d048ea3-24b2-452a-9fb3-f64013de3f1b
2019-12-09 11:09:06.727 26244 INFO rally.task.engine [-] Task 659684be-26c0-4043-8977-25972a35de74 | Starting: Running task.
2019-12-09 11:09:06.912 26244 INFO rally.task.engine [-] Running workload: position = 0 config = { "version": 2, "title": "A cropped version of a bigger task.", "description": "Auto-generated task from a single workload (uuid=7078528c-51c6-4151-8708-524e7847fcb4)", "subtasks": [ { "title": "NeutronNetworks.create_and_list_networks", "description": "Check performance of list_networks action and ensure > network quotas are not exceeded", "scenario": { "NeutronNetworks.create_and_list_networks": {} }, "contexts": { "users": { "tenants": 1, "users_per_tenant": 1 }, "quotas": { "neutron": { "network": 119 } } }, "runner": { "constant": { "times": 100, "concurrency": 20 } }, "hooks": [], "sla": { "max_avg_duration_per_atomic": { "neutron.list_networks": 15 }, "failure_rate": { "max": 0 } } } ] }
2019-12-09 11:09:06.940 26244 RALLYDEBUG rally_openstack.contexts.keystone.users [-] Creating 1 tenants using 20 threads
2019-12-09 11:09:07.901 26244 RALLYDEBUG rally_openstack.contexts.keystone.users [-] Creating 1 users using 20 threads
2019-12-09 11:09:09.266 26244 INFO rally.task.context [-] Task 659684be-26c0-4043-8977-25972a35de74 | Context users@openstack setup() finished in 2.33 sec
2019-12-09 11:09:09.805 26244 INFO rally.task.context [-] Task 659684be-26c0-4043-8977-25972a35de74 | Context quotas@openstack setup() finished in 0.54 sec
2019-12-09 11:09:09.806 26244 INFO rally.task.context [-] Task 659684be-26c0-4043-8977-25972a35de74 | Context cleanup@openstack setup() finished in 0.00 msec
2019-12-09 11:09:09.814 26244 RALLYDEBUG rally.task.runner [-] Starting the constant runner (task UUID: 659684be-26c0-4043-8977-25972a35de74). timeout: 0 concurrency: 20 concurrency_per_worker: 1 times: 100 concurrency_overhead: 4 processes_to_start: 16 max_cpu_used: 16
2019-12-09 11:09:09.828 26368 RALLYDEBUG rally.task.runner [-] Starting a worker. concurrency: 2 args: {} times: 100 method_name: run timeout: 0 duration: None cls:
2019-12-09 11:09:09.831 26369 RALLYDEBUG rally.task.runner [-] Starting a worker. concurrency: 2 args: {} times: 100 method_name: run timeout: 0 duration: None cls:
2019-12-09 11:09:09.834 26370 RALLYDEBUG rally.task.runner [-] Starting a worker. concurrency: 2 args: {} times: 100 method_name: run timeout: 0 duration: None cls:
2019-12-09 11:09:09.836 26371 RALLYDEBUG rally.task.runner [-] Starting a worker. concurrency: 2 args: {} times: 100 method_name: run timeout: 0 duration: None cls:
2019-12-09 11:09:09.839 26374 RALLYDEBUG rally.task.runner [-] Starting a worker. concurrency: 1 args: {} times: 100 method_name: run timeout: 0 duration: None cls:
2019-12-09 11:09:09.834 26368 INFO rally.task.runner [-] Task 659684be-26c0-4043-8977-25972a35de74 | ITER: 1 START
2019-12-09 11:09:09.843 26377 RALLYDEBUG rally.task.runner [-] Starting a worker. concurrency: 1 args: {} times: 100 method_name: run timeout: 0 duration: None cls:
2019-12-09 11:09:09.845 26374 INFO rally.task.runner [-] Task 659684be-26c0-4043-8977-25972a35de74 | ITER: 8 START
2019-12-09 11:09:09.845 26369 INFO rally.task.runner [-] Task 659684be-26c0-4043-8977-25972a35de74 | ITER: 2 START
2019-12-09 11:09:09.846 26380 RALLYDEBUG rally.task.runner [-] Starting a worker. concurrency: 1 args: {} times: 100 method_name: run timeout: 0 duration: None cls:
2019-12-09 11:09:09.842 26370 INFO rally.task.runner [-] Task 659684be-26c0-4043-8977-25972a35de74 | ITER: 4 START
2019-12-09 11:09:09.849 26371 INFO rally.task.runner [-] Task 659684be-26c0-4043-8977-25972a35de74 | ITER: 6 START
2019-12-09 11:09:09.849 26384 RALLYDEBUG rally.task.runner [-] Starting a worker. concurrency: 1 args: {} times: 100 method_name: run timeout: 0 duration: None cls:
2019-12-09 11:09:09.850 26377 INFO rally.task.runner [-] Task 659684be-26c0-4043-8977-25972a35de74 | ITER: 10 START
2019-12-09 11:09:09.851 26380 INFO rally.task.runner [-] Task 659684be-26c0-4043-8977-25972a35de74 | ITER: 11 START
2019-12-09 11:09:09.849 26368 INFO rally.task.runner [-] Task 659684be-26c0-4043-8977-25972a35de74 | ITER: 3 START
2019-12-09 11:09:09.853 26371 INFO rally.task.runner [-] Task 659684be-26c0-4043-8977-25972a35de74 | ITER: 9 START
2019-12-09 11:09:09.855 26384 INFO rally.task.runner [-] Task 659684be-26c0-4043-8977-25972a35de74 | ITER: 12 START
2019-12-09 11:09:09.855 26369 INFO rally.task.runner [-] Task 659684be-26c0-4043-8977-25972a35de74 | ITER: 5 START
2019-12-09 11:09:09.856 26370 INFO rally.task.runner [-] Task 659684be-26c0-4043-8977-25972a35de74 | ITER: 7 START
2019-12-09 11:09:09.859 26394 RALLYDEBUG rally.task.runner [-] Starting a worker. concurrency: 1 args: {} times: 100 method_name: run timeout: 0 duration: None cls:
2019-12-09 11:09:09.864 26397 RALLYDEBUG rally.task.runner [-] Starting a worker. concurrency: 1 args: {} times: 100 method_name: run timeout: 0 duration: None cls:
2019-12-09 11:09:09.867 26394 INFO rally.task.runner [-] Task 659684be-26c0-4043-8977-25972a35de74 | ITER: 13 START
2019-12-09 11:09:09.870 26397 INFO rally.task.runner [-] Task 659684be-26c0-4043-8977-25972a35de74 | ITER: 14 START
2019-12-09 11:09:09.871 26398 RALLYDEBUG rally.task.runner [-] Starting a worker. concurrency: 1 args: {} times: 100 method_name: run timeout: 0 duration: None cls:
2019-12-09 11:09:09.875 26403 RALLYDEBUG rally.task.runner [-] Starting a worker. concurrency: 1 args: {} times: 100 method_name: run timeout: 0 duration: None cls:
2019-12-09 11:09:09.878 26398 INFO rally.task.runner [-] Task 659684be-26c0-4043-8977-25972a35de74 | ITER: 15 START
2019-12-09 11:09:09.882 26403 INFO rally.task.runner [-] Task 659684be-26c0-4043-8977-25972a35de74 | ITER: 16 START
2019-12-09 11:09:09.882 26404 RALLYDEBUG rally.task.runner [-] Starting a worker. concurrency: 1 args: {} times: 100 method_name: run timeout: 0 duration: None cls:
2019-12-09 11:09:09.887 26404 INFO rally.task.runner [-] Task 659684be-26c0-4043-8977-25972a35de74 | ITER: 17 START
2019-12-09 11:09:09.887 26409 RALLYDEBUG rally.task.runner [-] Starting a worker. concurrency: 1 args: {} times: 100 method_name: run timeout: 0 duration: None cls:
2019-12-09 11:09:09.892 26409 INFO rally.task.runner [-] Task 659684be-26c0-4043-8977-25972a35de74 | ITER: 18 START
2019-12-09 11:09:09.892 26410 RALLYDEBUG rally.task.runner [-] Starting a worker. concurrency: 1 args: {} times: 100 method_name: run timeout: 0 duration: None cls:
2019-12-09 11:09:09.893 26413 RALLYDEBUG rally.task.runner [-] Starting a worker. concurrency: 1 args: {} times: 100 method_name: run timeout: 0 duration: None cls:
2019-12-09 11:09:09.898 26410 INFO rally.task.runner [-] Task 659684be-26c0-4043-8977-25972a35de74 | ITER: 19 START
2019-12-09 11:09:09.898 26413 INFO rally.task.runner [-] Task 659684be-26c0-4043-8977-25972a35de74 | ITER: 20 START
2019-12-09 11:09:11.068 26371 INFO rally.task.runner [-] Task 659684be-26c0-4043-8977-25972a35de74 | ITER: 6 END: OK
2019-12-09 11:09:11.073 26371 INFO rally.task.runner [-] Task 659684be-26c0-4043-8977-25972a35de74 | ITER: 21 START
2019-12-09 11:09:11.087 26384 INFO rally.task.runner [-] Task 659684be-26c0-4043-8977-25972a35de74 | ITER: 12 END: OK
2019-12-09 11:09:11.091 26384 INFO rally.task.runner [-] Task 659684be-26c0-4043-8977-25972a35de74 | ITER: 22 START
2019-12-09 11:09:11.105 26370 INFO rally.task.runner [-] Task 659684be-26c0-4043-8977-25972a35de74 | ITER: 4 END: OK
2019-12-09 11:09:11.106 26368 INFO rally.task.runner [-] Task 659684be-26c0-4043-8977-25972a35de74 | ITER: 1 END: OK
2019-12-09 11:09:11.110 26368 INFO rally.task.runner [-] Task 659684be-26c0-4043-8977-25972a35de74 | ITER: 24 START
2019-12-09 11:09:11.110 26370 INFO rally.task.runner [-] Task 659684be-26c0-4043-8977-25972a35de74 | ITER: 23 START
2019-12-09 11:09:11.202 26370 INFO rally.task.runner [-] Task 659684be-26c0-4043-8977-25972a35de74 | ITER: 7 END: OK
2019-12-09 11:09:11.205 26370 INFO rally.task.runner [-] Task 659684be-26c0-4043-8977-25972a35de74 | ITER: 25 START
2019-12-09 11:09:11.213 26371 INFO rally.task.runner [-] Task 659684be-26c0-4043-8977-25972a35de74 | ITER: 9 END: OK
2019-12-09 11:09:11.218 26371 INFO rally.task.runner [-] Task 659684be-26c0-4043-8977-25972a35de74 | ITER: 26 START
2019-12-09 11:09:11.220 26380 INFO rally.task.runner [-] Task 659684be-26c0-4043-8977-25972a35de74 | ITER: 11 END: OK
2019-12-09 11:09:11.225 26380 INFO rally.task.runner [-] Task 659684be-26c0-4043-8977-25972a35de74 | ITER: 27 START
2019-12-09 11:09:11.244 26409 INFO rally.task.runner [-] Task 659684be-26c0-4043-8977-25972a35de74 | ITER: 18 END: OK
2019-12-09 11:09:11.247 26409 INFO rally.task.runner [-] Task 659684be-26c0-4043-8977-25972a35de74 | ITER: 28 START
2019-12-09 11:09:11.359 26403 INFO rally.task.runner [-] Task 659684be-26c0-4043-8977-25972a35de74 | ITER: 16 END: OK
2019-12-09 11:09:11.365 26403 INFO rally.task.runner [-] Task 659684be-26c0-4043-8977-25972a35de74 | ITER: 29 START
2019-12-09 11:09:11.419 26377 INFO rally.task.runner [-] Task 659684be-26c0-4043-8977-25972a35de74 | ITER: 10 END: OK
2019-12-09 11:09:11.423 26377 INFO rally.task.runner [-] Task 659684be-26c0-4043-8977-25972a35de74 | ITER: 30 START
2019-12-09 11:09:11.517 26397 INFO rally.task.runner [-] Task 659684be-26c0-4043-8977-25972a35de74 | ITER: 14 END: OK
2019-12-09 11:09:11.521 26397 INFO rally.task.runner [-] Task 659684be-26c0-4043-8977-25972a35de74 | ITER: 31 START
2019-12-09 11:09:11.531 26394 INFO rally.task.runner [-] Task 659684be-26c0-4043-8977-25972a35de74 | ITER: 13 END: OK
2019-12-09 11:09:11.535 26394 INFO rally.task.runner [-] Task 659684be-26c0-4043-8977-25972a35de74 | ITER: 32 START
2019-12-09 11:09:11.607 26369 INFO rally.task.runner [-] Task 659684be-26c0-4043-8977-25972a35de74 | ITER: 5 END: OK
2019-12-09 11:09:11.610 26369 INFO rally.task.runner [-] Task 659684be-26c0-4043-8977-25972a35de74 | ITER: 33 START
2019-12-09 11:09:11.724 26410 INFO rally.task.runner [-] Task 659684be-26c0-4043-8977-25972a35de74 | ITER: 19 END: OK
2019-12-09 11:09:11.728 26410 INFO rally.task.runner [-] Task 659684be-26c0-4043-8977-25972a35de74 | ITER: 34 START
2019-12-09 11:09:11.766 26368 INFO rally.task.runner [-] Task 659684be-26c0-4043-8977-25972a35de74 | ITER: 3 END: OK
2019-12-09 11:09:11.768 26369 INFO rally.task.runner [-] Task 659684be-26c0-4043-8977-25972a35de74 | ITER: 2 END: OK
2019-12-09 11:09:11.770 26368 INFO rally.task.runner [-] Task 659684be-26c0-4043-8977-25972a35de74 | ITER: 35 START
2019-12-09 11:09:11.772 26369 INFO rally.task.runner [-] Task 659684be-26c0-4043-8977-25972a35de74 | ITER: 36 START
2019-12-09 11:09:11.792 26374 INFO rally.task.runner [-] Task 659684be-26c0-4043-8977-25972a35de74 | ITER: 8 END: OK
2019-12-09 11:09:11.796 26374 INFO rally.task.runner [-] Task 659684be-26c0-4043-8977-25972a35de74 | ITER: 37 START
2019-12-09 11:09:11.903 26384 INFO rally.task.runner [-] Task 659684be-26c0-4043-8977-25972a35de74 | ITER: 22 END: OK
2019-12-09 11:09:11.907 26384 INFO rally.task.runner [-] Task 659684be-26c0-4043-8977-25972a35de74 | ITER: 38 START
2019-12-09 11:09:12.038 26404 INFO rally.task.runner [-] Task 659684be-26c0-4043-8977-25972a35de74 | ITER: 17 END: OK
2019-12-09 11:09:12.043 26404 INFO rally.task.runner [-] Task 659684be-26c0-4043-8977-25972a35de74 | ITER: 39 START
2019-12-09 11:09:12.065 26398 INFO rally.task.runner [-] Task 659684be-26c0-4043-8977-25972a35de74 | ITER: 15 END: OK
2019-12-09 11:09:12.068 26398 INFO rally.task.runner [-] Task 659684be-26c0-4043-8977-25972a35de74 | ITER: 40 START
2019-12-09 11:09:12.088 26368 INFO rally.task.runner [-] Task 659684be-26c0-4043-8977-25972a35de74 | ITER: 24 END: OK
2019-12-09 11:09:12.091 26368 INFO rally.task.runner [-] Task 659684be-26c0-4043-8977-25972a35de74 | ITER: 41 START
2019-12-09 11:09:12.126 26413 INFO rally.task.runner [-] Task 659684be-26c0-4043-8977-25972a35de74 | ITER: 20 END: OK
2019-12-09 11:09:12.130 26413 INFO rally.task.runner [-] Task 659684be-26c0-4043-8977-25972a35de74 | ITER: 42 START
2019-12-09 11:09:12.190 26403 INFO rally.task.runner [-] Task 659684be-26c0-4043-8977-25972a35de74 | ITER: 29 END: OK
2019-12-09 11:09:12.194 26403 INFO rally.task.runner [-] Task 659684be-26c0-4043-8977-25972a35de74 | ITER: 43 START
2019-12-09 11:09:12.335 26370 INFO rally.task.runner [-] Task 659684be-26c0-4043-8977-25972a35de74 | ITER: 23 END: OK
2019-12-09 11:09:12.338 26370 INFO rally.task.runner [-] Task 659684be-26c0-4043-8977-25972a35de74 | ITER: 44 START
2019-12-09 11:09:12.358 26371 INFO rally.task.runner [-] Task 659684be-26c0-4043-8977-25972a35de74 | ITER: 21 END: OK
2019-12-09 11:09:12.362 26371 INFO rally.task.runner [-] Task 659684be-26c0-4043-8977-25972a35de74 | ITER: 45 START
2019-12-09 11:09:12.470 26380 INFO rally.task.runner [-] Task 659684be-26c0-4043-8977-25972a35de74 | ITER: 27 END: OK
2019-12-09 11:09:12.472 26380 INFO rally.task.runner [-] Task 659684be-26c0-4043-8977-25972a35de74 | ITER: 46 START
2019-12-09 11:09:12.791 26369 INFO rally.task.runner [-] Task 659684be-26c0-4043-8977-25972a35de74 | ITER: 36 END: OK
2019-12-09 11:09:12.794 26369 INFO rally.task.runner [-] Task 659684be-26c0-4043-8977-25972a35de74 | ITER: 47 START
2019-12-09 11:09:12.819 26377 INFO rally.task.runner [-] Task 659684be-26c0-4043-8977-25972a35de74 | ITER: 30 END: OK
2019-12-09 11:09:12.821 26394 INFO rally.task.runner [-] Task 659684be-26c0-4043-8977-25972a35de74 | ITER: 32 END: OK
2019-12-09 11:09:12.822 26377 INFO rally.task.runner [-] Task 659684be-26c0-4043-8977-25972a35de74 | ITER: 48 START
2019-12-09 11:09:12.825 26394 INFO rally.task.runner [-] Task 659684be-26c0-4043-8977-25972a35de74 | ITER: 49 START
2019-12-09 11:09:12.826 26397 INFO rally.task.runner [-] Task 659684be-26c0-4043-8977-25972a35de74 | ITER: 31 END: OK
2019-12-09 11:09:12.831 26397 INFO rally.task.runner [-] Task 659684be-26c0-4043-8977-25972a35de74 | ITER: 50 START
2019-12-09 11:09:12.836 26370 INFO rally.task.runner [-] Task 659684be-26c0-4043-8977-25972a35de74 | ITER: 25 END: OK
2019-12-09 11:09:12.839 26370 INFO rally.task.runner [-] Task 659684be-26c0-4043-8977-25972a35de74 | ITER: 51 START
2019-12-09 11:09:12.926 26409 INFO rally.task.runner [-] Task 659684be-26c0-4043-8977-25972a35de74 | ITER: 28 END: OK
2019-12-09 11:09:12.930 26409 INFO rally.task.runner [-] Task 659684be-26c0-4043-8977-25972a35de74 | ITER: 52 START
2019-12-09 11:09:13.040 26368 INFO rally.task.runner [-] Task 659684be-26c0-4043-8977-25972a35de74 | ITER: 35 END: OK
2019-12-09 11:09:13.043 26368 INFO rally.task.runner [-] Task 659684be-26c0-4043-8977-25972a35de74 | ITER: 53 START
2019-12-09 11:09:13.062 26371 INFO rally.task.runner [-] Task 659684be-26c0-4043-8977-25972a35de74 | ITER: 26 END: OK
2019-12-09 11:09:13.065 26371 INFO rally.task.runner [-] Task 659684be-26c0-4043-8977-25972a35de74 | ITER: 54 START
2019-12-09 11:09:13.117 26384 INFO rally.task.runner [-] Task 659684be-26c0-4043-8977-25972a35de74 | ITER: 38 END: OK
2019-12-09 11:09:13.121 26384 INFO rally.task.runner [-] Task 659684be-26c0-4043-8977-25972a35de74 | ITER: 55 START
2019-12-09 11:09:13.243 26410 INFO rally.task.runner [-] Task 659684be-26c0-4043-8977-25972a35de74 | ITER: 34 END: OK
2019-12-09 11:09:13.247 26410 INFO rally.task.runner [-] Task 659684be-26c0-4043-8977-25972a35de74 | ITER: 56 START
2019-12-09 11:09:13.312 26403 INFO rally.task.runner [-] Task 659684be-26c0-4043-8977-25972a35de74 | ITER: 43 END: OK
2019-12-09 11:09:13.316 26403 INFO rally.task.runner [-] Task 659684be-26c0-4043-8977-25972a35de74 | ITER: 57 START
2019-12-09 11:09:13.374 26413 INFO rally.task.runner [-] Task 659684be-26c0-4043-8977-25972a35de74 | ITER: 42 END: OK
2019-12-09 11:09:13.378 26413 INFO rally.task.runner [-] Task 659684be-26c0-4043-8977-25972a35de74 | ITER: 58 START
2019-12-09 11:09:13.484 26398 INFO rally.task.runner [-] Task 659684be-26c0-4043-8977-25972a35de74 | ITER: 40 END: OK
2019-12-09 11:09:13.488 26398 INFO rally.task.runner [-] Task 659684be-26c0-4043-8977-25972a35de74 | ITER: 59 START
2019-12-09 11:09:13.490 26369 INFO rally.task.runner [-] Task 659684be-26c0-4043-8977-25972a35de74 | ITER: 33 END: OK
2019-12-09 11:09:13.494 26369 INFO rally.task.runner [-] Task 659684be-26c0-4043-8977-25972a35de74 | ITER: 60 START
2019-12-09 11:09:13.538 26371 INFO rally.task.runner [-] Task 659684be-26c0-4043-8977-25972a35de74 | ITER: 45 END: OK
2019-12-09 11:09:13.542 26371 INFO rally.task.runner [-] Task 659684be-26c0-4043-8977-25972a35de74 | ITER: 61 START
2019-12-09 11:09:13.545 26368 INFO rally.task.runner [-] Task 659684be-26c0-4043-8977-25972a35de74 | ITER: 41 END: OK
2019-12-09 11:09:13.549 26368 INFO rally.task.runner [-] Task 659684be-26c0-4043-8977-25972a35de74 | ITER: 62 START
2019-12-09 11:09:13.559 26404 INFO rally.task.runner [-] Task 659684be-26c0-4043-8977-25972a35de74 | ITER: 39 END: OK
2019-12-09 11:09:13.563 26404 INFO rally.task.runner [-] Task 659684be-26c0-4043-8977-25972a35de74 | ITER: 63 START
2019-12-09 11:09:13.728 26370 INFO rally.task.runner [-] Task 659684be-26c0-4043-8977-25972a35de74 | ITER: 44 END: OK
2019-12-09 11:09:13.732 26370 INFO rally.task.runner [-] Task 659684be-26c0-4043-8977-25972a35de74 | ITER: 64 START
2019-12-09 11:09:13.801 26370 INFO rally.task.runner [-] Task 659684be-26c0-4043-8977-25972a35de74 | ITER: 51 END: OK
2019-12-09 11:09:13.805 26370 INFO rally.task.runner [-] Task 659684be-26c0-4043-8977-25972a35de74 | ITER: 65 START
2019-12-09 11:09:13.877 26409 INFO rally.task.runner [-] Task 659684be-26c0-4043-8977-25972a35de74 | ITER: 52 END: OK
2019-12-09 11:09:13.881 26409 INFO rally.task.runner [-] Task 659684be-26c0-4043-8977-25972a35de74 | ITER: 66 START
2019-12-09 11:09:13.959 26397 INFO rally.task.runner [-] Task 659684be-26c0-4043-8977-25972a35de74 | ITER: 50 END: OK
2019-12-09 11:09:13.964 26397 INFO rally.task.runner [-] Task 659684be-26c0-4043-8977-25972a35de74 | ITER: 67 START
2019-12-09 11:09:13.983 26380 INFO rally.task.runner [-] Task 659684be-26c0-4043-8977-25972a35de74 | ITER: 46 END: OK
2019-12-09 11:09:13.987 26380 INFO rally.task.runner [-] Task 659684be-26c0-4043-8977-25972a35de74 | ITER: 68 START
2019-12-09 11:09:14.050 26374 INFO rally.task.runner [-] Task 659684be-26c0-4043-8977-25972a35de74 | ITER: 37 END: OK
2019-12-09 11:09:14.053 26374 INFO rally.task.runner [-] Task 659684be-26c0-4043-8977-25972a35de74 | ITER: 69 START
2019-12-09 11:09:14.079 26377 INFO rally.task.runner [-] Task 659684be-26c0-4043-8977-25972a35de74 | ITER: 48 END: OK
2019-12-09 11:09:14.083 26377 INFO rally.task.runner [-] Task 659684be-26c0-4043-8977-25972a35de74 | ITER: 70 START
2019-12-09 11:09:14.145 26369 INFO rally.task.runner [-] Task 659684be-26c0-4043-8977-25972a35de74 | ITER: 47 END: OK
2019-12-09 11:09:14.149 26369 INFO rally.task.runner [-] Task 659684be-26c0-4043-8977-25972a35de74 | ITER: 71 START
2019-12-09 11:09:14.270 26394 INFO rally.task.runner [-] Task 659684be-26c0-4043-8977-25972a35de74 | ITER: 49 END: OK
2019-12-09 11:09:14.274 26394 INFO rally.task.runner [-] Task 659684be-26c0-4043-8977-25972a35de74 | ITER: 72 START
2019-12-09 11:09:14.332 26413 INFO rally.task.runner [-] Task 659684be-26c0-4043-8977-25972a35de74 | ITER: 58 END: OK
2019-12-09 11:09:14.336 26413 INFO rally.task.runner [-] Task 659684be-26c0-4043-8977-25972a35de74 | ITER: 73 START
2019-12-09 11:09:14.624 26368 INFO rally.task.runner [-] Task 659684be-26c0-4043-8977-25972a35de74 | ITER: 53 END: OK
2019-12-09 11:09:14.628 26368 INFO rally.task.runner [-] Task 659684be-26c0-4043-8977-25972a35de74 | ITER: 74 START
2019-12-09 11:09:14.659 26384 INFO rally.task.runner [-] Task 659684be-26c0-4043-8977-25972a35de74 | ITER: 55 END: OK
2019-12-09 11:09:14.663 26384 INFO rally.task.runner [-] Task 659684be-26c0-4043-8977-25972a35de74 | ITER: 75 START
2019-12-09 11:09:14.670 26410 INFO rally.task.runner [-] Task 659684be-26c0-4043-8977-25972a35de74 | ITER: 56 END: OK
2019-12-09 11:09:14.674 26410 INFO rally.task.runner [-] Task 659684be-26c0-4043-8977-25972a35de74 | ITER: 76 START
2019-12-09 11:09:14.689 26403 INFO rally.task.runner [-] Task 659684be-26c0-4043-8977-25972a35de74 | ITER: 57 END: OK
2019-12-09 11:09:14.689 26371 INFO rally.task.runner [-] Task 659684be-26c0-4043-8977-25972a35de74 | ITER: 54 END: OK
2019-12-09 11:09:14.692 26371 INFO rally.task.runner [-] Task 659684be-26c0-4043-8977-25972a35de74 | ITER: 78 START
2019-12-09 11:09:14.692 26403 INFO rally.task.runner [-] Task 659684be-26c0-4043-8977-25972a35de74 | ITER: 77 START
2019-12-09 11:09:14.725 26370 INFO rally.task.runner [-] Task 659684be-26c0-4043-8977-25972a35de74 | ITER: 64 END: OK
2019-12-09 11:09:14.728 26398 INFO rally.task.runner [-] Task 659684be-26c0-4043-8977-25972a35de74 | ITER: 59 END: OK
2019-12-09 11:09:14.729 26370 INFO rally.task.runner [-] Task 659684be-26c0-4043-8977-25972a35de74 | ITER: 79 START
2019-12-09 11:09:14.731 26398 INFO rally.task.runner [-] Task 659684be-26c0-4043-8977-25972a35de74 | ITER: 80 START
2019-12-09 11:09:14.937 26371 INFO rally.task.runner [-] Task 659684be-26c0-4043-8977-25972a35de74 | ITER: 61 END: OK
2019-12-09 11:09:14.941 26371 INFO rally.task.runner [-] Task 659684be-26c0-4043-8977-25972a35de74 | ITER: 81 START
2019-12-09 11:09:14.961 26404 INFO rally.task.runner [-] Task 659684be-26c0-4043-8977-25972a35de74 | ITER: 63 END: OK
2019-12-09 11:09:14.965 26404 INFO rally.task.runner [-] Task 659684be-26c0-4043-8977-25972a35de74 | ITER: 82 START
2019-12-09 11:09:15.092 26368 INFO rally.task.runner [-] Task 659684be-26c0-4043-8977-25972a35de74 | ITER: 62 END: OK
2019-12-09 11:09:15.095 26368 INFO rally.task.runner [-] Task 659684be-26c0-4043-8977-25972a35de74 | ITER: 83 START
2019-12-09 11:09:15.260 26374 INFO rally.task.runner [-] Task 659684be-26c0-4043-8977-25972a35de74 | ITER: 69 END: OK
2019-12-09 11:09:15.264 26374 INFO rally.task.runner [-] Task 659684be-26c0-4043-8977-25972a35de74 | ITER: 84 START
2019-12-09 11:09:15.295 26380 INFO rally.task.runner [-] Task 659684be-26c0-4043-8977-25972a35de74 | ITER: 68 END: OK
2019-12-09 11:09:15.299 26380 INFO rally.task.runner [-] Task 659684be-26c0-4043-8977-25972a35de74 | ITER: 85 START
2019-12-09 11:09:15.400 26377 INFO rally.task.runner [-] Task 659684be-26c0-4043-8977-25972a35de74 | ITER: 70 END: OK
2019-12-09 11:09:15.404 26377 INFO rally.task.runner [-] Task 659684be-26c0-4043-8977-25972a35de74 | ITER: 86 START
2019-12-09 11:09:15.416 26394 INFO rally.task.runner [-] Task 659684be-26c0-4043-8977-25972a35de74 | ITER: 72 END: OK
2019-12-09 11:09:15.420 26394 INFO rally.task.runner [-] Task 659684be-26c0-4043-8977-25972a35de74 | ITER: 87 START
2019-12-09 11:09:15.590 26371 INFO rally.task.runner [-] Task 659684be-26c0-4043-8977-25972a35de74 | ITER: 78 END: OK
2019-12-09 11:09:15.592 26413 INFO rally.task.runner [-] Task 659684be-26c0-4043-8977-25972a35de74 | ITER: 73 END: OK
2019-12-09 11:09:15.594 26371 INFO rally.task.runner [-] Task 659684be-26c0-4043-8977-25972a35de74 | ITER: 88 START
2019-12-09 11:09:15.596 26413 INFO rally.task.runner [-] Task 659684be-26c0-4043-8977-25972a35de74 | ITER: 89 START
2019-12-09 11:09:15.654 26369 INFO rally.task.runner [-] Task 659684be-26c0-4043-8977-25972a35de74 | ITER: 60 END: OK
2019-12-09 11:09:15.658 26369 INFO rally.task.runner [-] Task 659684be-26c0-4043-8977-25972a35de74 | ITER: 90 START
2019-12-09 11:09:15.828 26368 INFO rally.task.runner [-] Task 659684be-26c0-4043-8977-25972a35de74 | ITER: 74 END: OK
2019-12-09 11:09:15.832 26368 INFO rally.task.runner [-] Task 659684be-26c0-4043-8977-25972a35de74 | ITER: 91 START
2019-12-09 11:09:15.833 26369 INFO rally.task.runner [-] Task 659684be-26c0-4043-8977-25972a35de74 | ITER: 71 END: OK
2019-12-09 11:09:15.836 26369 INFO rally.task.runner [-] Task 659684be-26c0-4043-8977-25972a35de74 | ITER: 92 START
2019-12-09 11:09:15.897 26370 INFO rally.task.runner [-] Task 659684be-26c0-4043-8977-25972a35de74 | ITER: 65 END: OK
2019-12-09 11:09:15.902 26370 INFO rally.task.runner [-] Task 659684be-26c0-4043-8977-25972a35de74 | ITER: 93 START
2019-12-09 11:09:15.912 26397 INFO rally.task.runner [-] Task 659684be-26c0-4043-8977-25972a35de74 | ITER: 67 END: OK
2019-12-09 11:09:15.914 26409 INFO rally.task.runner [-] Task 659684be-26c0-4043-8977-25972a35de74 | ITER: 66 END: OK
2019-12-09 11:09:15.916 26397 INFO rally.task.runner [-] Task 659684be-26c0-4043-8977-25972a35de74 | ITER: 94 START
2019-12-09 11:09:15.918 26409 INFO rally.task.runner [-] Task 659684be-26c0-4043-8977-25972a35de74 | ITER: 95 START
2019-12-09 11:09:16.025 26370 INFO rally.task.runner [-] Task 659684be-26c0-4043-8977-25972a35de74 | ITER: 79 END: OK
2019-12-09 11:09:16.029 26370 INFO rally.task.runner [-] Task 659684be-26c0-4043-8977-25972a35de74 | ITER: 96 START
2019-12-09 11:09:16.030 26410 INFO rally.task.runner [-] Task 659684be-26c0-4043-8977-25972a35de74 | ITER: 76 END: OK
2019-12-09 11:09:16.034 26410 INFO rally.task.runner [-] Task 659684be-26c0-4043-8977-25972a35de74 | ITER: 97 START
2019-12-09 11:09:16.114 26403 INFO rally.task.runner [-] Task 659684be-26c0-4043-8977-25972a35de74 | ITER: 77 END: OK
2019-12-09 11:09:16.117 26403 INFO rally.task.runner [-] Task 659684be-26c0-4043-8977-25972a35de74 | ITER: 98 START
2019-12-09 11:09:16.182 26398 INFO rally.task.runner [-] Task 659684be-26c0-4043-8977-25972a35de74 | ITER: 80 END: OK
2019-12-09 11:09:16.185 26398 INFO rally.task.runner [-] Task 659684be-26c0-4043-8977-25972a35de74 | ITER: 99 START
2019-12-09 11:09:16.237 26380 INFO rally.task.runner [-] Task 659684be-26c0-4043-8977-25972a35de74 | ITER: 85 END: OK
2019-12-09 11:09:16.241 26380 INFO rally.task.runner [-] Task 659684be-26c0-4043-8977-25972a35de74 | ITER: 100 START
2019-12-09 11:09:16.298 26368 INFO rally.task.runner [-] Task 659684be-26c0-4043-8977-25972a35de74 | ITER: 83 END: OK
2019-12-09 11:09:16.449 26374 INFO rally.task.runner [-] Task 659684be-26c0-4043-8977-25972a35de74 | ITER: 84 END: OK
2019-12-09 11:09:16.469 26404 INFO rally.task.runner [-] Task 659684be-26c0-4043-8977-25972a35de74 | ITER: 82 END: OK
2019-12-09 11:09:16.519 26394 INFO rally.task.runner [-] Task 659684be-26c0-4043-8977-25972a35de74 | ITER: 87 END: OK
2019-12-09 11:09:16.522 26377 INFO rally.task.runner [-] Task 659684be-26c0-4043-8977-25972a35de74 | ITER: 86 END: OK
2019-12-09 11:09:16.746 26369 INFO rally.task.runner [-] Task 659684be-26c0-4043-8977-25972a35de74 | ITER: 92 END: OK
2019-12-09 11:09:16.896 26384 INFO rally.task.runner [-] Task 659684be-26c0-4043-8977-25972a35de74 | ITER: 75 END: OK
2019-12-09 11:09:16.944 26370 INFO rally.task.runner [-] Task 659684be-26c0-4043-8977-25972a35de74 | ITER: 96 END: OK
2019-12-09 11:09:17.232 26397 INFO rally.task.runner [-] Task 659684be-26c0-4043-8977-25972a35de74 | ITER: 94 END: OK
2019-12-09 11:09:17.357 26413 INFO rally.task.runner [-] Task 659684be-26c0-4043-8977-25972a35de74 | ITER: 89 END: OK
2019-12-09 11:09:17.358 26369 INFO rally.task.runner [-] Task 659684be-26c0-4043-8977-25972a35de74 | ITER: 90 END: OK
2019-12-09 11:09:17.362 26371 INFO rally.task.runner [-] Task 659684be-26c0-4043-8977-25972a35de74 | ITER: 81 END: OK
2019-12-09 11:09:17.403 26371 INFO rally.task.runner [-] Task 659684be-26c0-4043-8977-25972a35de74 | ITER: 88 END: OK
2019-12-09 11:09:17.443 26398 INFO rally.task.runner [-] Task 659684be-26c0-4043-8977-25972a35de74 | ITER: 99 END: OK
2019-12-09 11:09:17.523 26368 INFO rally.task.runner [-] Task 659684be-26c0-4043-8977-25972a35de74 | ITER: 91 END: OK
2019-12-09 11:09:17.548 26370 INFO rally.task.runner [-] Task 659684be-26c0-4043-8977-25972a35de74 | ITER: 93 END: OK
2019-12-09 11:09:17.629 26403 INFO rally.task.runner [-] Task 659684be-26c0-4043-8977-25972a35de74 | ITER: 98 END: OK
2019-12-09 11:09:17.651 26409 INFO rally.task.runner [-] Task 659684be-26c0-4043-8977-25972a35de74 | ITER: 95 END: OK
2019-12-09 11:09:17.798 26410 INFO rally.task.runner [-] Task 659684be-26c0-4043-8977-25972a35de74 | ITER: 97 END: OK
2019-12-09 11:09:17.823 26380 INFO rally.task.runner [-] Task 659684be-26c0-4043-8977-25972a35de74 | ITER: 100 END: OK
2019-12-09 11:09:17.844 26244 INFO rally.task.context [-] Task 659684be-26c0-4043-8977-25972a35de74 | Context cleanup@openstack cleanup() started
2019-12-09 11:09:17.847 26244 RALLYDEBUG rally_openstack.cleanup.manager [-] Cleaning up neutron vip objects
2019-12-09 11:09:18.258 26244 RALLYDEBUG rally_openstack.cleanup.manager [-] Cleaning up neutron health_monitor objects
2019-12-09 11:09:18.647 26244 RALLYDEBUG rally_openstack.cleanup.manager [-] Cleaning up neutron pool objects
2019-12-09 11:09:19.039 26244 RALLYDEBUG rally_openstack.cleanup.manager [-] Cleaning up neutron loadbalancer objects
2019-12-09 11:09:19.426 26244 RALLYDEBUG rally_openstack.cleanup.manager [-] Cleaning up neutron floatingip objects
2019-12-09 11:09:19.846 26244 RALLYDEBUG rally_openstack.cleanup.manager [-] Cleaning up neutron trunk objects
2019-12-09 11:09:20.246 26244 RALLYDEBUG rally_openstack.cleanup.manager [-] Cleaning up neutron port objects
2019-12-09 11:09:20.667 26244 RALLYDEBUG rally_openstack.cleanup.manager [-] Cleaning up neutron subnet objects
2019-12-09 11:09:21.091 26244 RALLYDEBUG rally_openstack.cleanup.manager [-] Cleaning up neutron network objects
2019-12-09 11:09:21.814 26244 RALLYDEBUG rally_openstack.cleanup.manager [-] Deleting neutron.network object s_rally_7078528c_x5llFAzV (0cea7192-5851-4847-be39-5034653348ce)
2019-12-09 11:09:21.820 26244 RALLYDEBUG rally_openstack.cleanup.manager [-] Deleting neutron.network object s_rally_7078528c_1bDdgPaA (2435b285-e445-460f-a0d7-d79e91ff1943)
2019-12-09 11:09:21.821 26244 RALLYDEBUG rally_openstack.cleanup.manager [-] Deleting neutron.network object s_rally_7078528c_r6K1rIc7 (1b4573c4-5bfd-47a0-a947-4f690aa6f5ce)
2019-12-09 11:09:21.824 26244 RALLYDEBUG rally_openstack.cleanup.manager [-] Deleting neutron.network object s_rally_7078528c_fAR3EqZA (236514bd-ebe5-46fb-8773-19a7c7dbe6ae)
2019-12-09 11:09:21.827 26244 RALLYDEBUG rally_openstack.cleanup.manager [-] Deleting neutron.network object s_rally_7078528c_IBK7QRbe (0caf341a-8ea4-492c-b1b5-7cf29206149c)
2019-12-09 11:09:21.836 26244 RALLYDEBUG rally_openstack.cleanup.manager [-] Deleting neutron.network object s_rally_7078528c_CNQC6NGB (276b4def-f6be-4d0e-a138-a54ad105eccd)
2019-12-09 11:09:21.838 26244 RALLYDEBUG rally_openstack.cleanup.manager [-] Deleting neutron.network object s_rally_7078528c_RvLuAgGw (0891ad82-771d-432c-a6d6-9e863404f5fd)
2019-12-09 11:09:21.837 26244 RALLYDEBUG rally_openstack.cleanup.manager [-] Deleting neutron.network object s_rally_7078528c_m4N8bSUN (21af7037-f6f7-46f0-ae5e-abb88c77584d)
2019-12-09 11:09:21.848 26244 RALLYDEBUG rally_openstack.cleanup.manager [-] Deleting neutron.network object s_rally_7078528c_r3R8Pkkn (04f50766-639f-459d-a1ab-ab52e0a6c510)
2019-12-09 11:09:21.859 26244 RALLYDEBUG rally_openstack.cleanup.manager [-] Deleting neutron.network object s_rally_7078528c_sgVVrd5r (1f738598-3ad5-4826-ab02-76e20c7032b9)
2019-12-09 11:09:21.863 26244 RALLYDEBUG rally_openstack.cleanup.manager [-] Deleting neutron.network object s_rally_7078528c_iW3A7Rvm (0cdbcc39-c219-4c86-b52c-376ac23f9872)
2019-12-09 11:09:21.874 26244 RALLYDEBUG rally_openstack.cleanup.manager [-] Deleting neutron.network object s_rally_7078528c_8f1Aszp9 (0a6d133f-1ecd-4b34-ac91-d67acb3093a8)
2019-12-09 11:09:21.875 26244 RALLYDEBUG rally_openstack.cleanup.manager [-] Deleting neutron.network object s_rally_7078528c_RHU17rDq (0ae84e2d-08b4-4511-ad5a-502c9f5bcbb4)
2019-12-09 11:09:21.885 26244 RALLYDEBUG rally_openstack.cleanup.manager [-] Deleting neutron.network object s_rally_7078528c_cPS2R2aS (1fc3a998-c0e7-4b22-b905-3dcbd003abc6)
2019-12-09 11:09:21.889 26244 RALLYDEBUG rally_openstack.cleanup.manager [-] Deleting neutron.network object s_rally_7078528c_dfoxqqAG (21c62310-9bfd-4036-a9ed-2d823317be73)
2019-12-09 11:09:21.897 26244 RALLYDEBUG rally_openstack.cleanup.manager [-] Deleting neutron.network object s_rally_7078528c_GyIsEKqN (20b3e175-d328-4266-8086-ebd9a37886e4)
2019-12-09 11:09:21.908 26244 RALLYDEBUG rally_openstack.cleanup.manager [-] Deleting neutron.network object s_rally_7078528c_4L7vOoZg (0f0f3085-09df-4fa4-bd24-068a0daf44e1)
2019-12-09 11:09:21.919 26244 RALLYDEBUG rally_openstack.cleanup.manager [-] Deleting neutron.network object s_rally_7078528c_ToBaornb (132fb963-5ba8-49d5-b913-902f7a543564)
2019-12-09 11:09:21.922 26244 RALLYDEBUG rally_openstack.cleanup.manager [-] Deleting neutron.network object s_rally_7078528c_CmfwsOAX (259699c7-7116-4ac7-8482-86da22c39c20)
2019-12-09 11:09:21.943 26244 RALLYDEBUG rally_openstack.cleanup.manager [-] Deleting neutron.network object s_rally_7078528c_xJ7MK9hX (1b97a83f-7052-4d70-8dd2-accfdc5322ba)
2019-12-09 11:09:24.142 26244 RALLYDEBUG rally_openstack.cleanup.manager [-] Deleting neutron.network object s_rally_7078528c_YNqEuMfe (294fad4b-7941-4adf-8884-275e561c3789)
2019-12-09 11:09:24.192 26244 RALLYDEBUG rally_openstack.cleanup.manager [-] Deleting neutron.network object s_rally_7078528c_c5nh2wXC (2cb2667c-68d6-496a-b279-2f55ce4762ba)
2019-12-09 11:09:24.287 26244 RALLYDEBUG rally_openstack.cleanup.manager [-] Deleting neutron.network object s_rally_7078528c_qdv0BRxa (35d0d242-0051-48c4-8a16-ec32cd53d921)
2019-12-09 11:09:24.288 26244 RALLYDEBUG rally_openstack.cleanup.manager [-] Deleting neutron.network object s_rally_7078528c_SupB1xhY (397ddca0-0ea5-4c9e-8ac1-e069e47f788c)
2019-12-09 11:09:24.360 26244 RALLYDEBUG rally_openstack.cleanup.manager [-] Deleting neutron.network object s_rally_7078528c_1p7L7CfR (3a3c7be6-f6ea-4dd0-87e4-aa9763dfa83e)
2019-12-09 11:09:24.440 26244 RALLYDEBUG rally_openstack.cleanup.manager [-] Deleting neutron.network object s_rally_7078528c_zpGOApzA (3a80711a-0f37-46a3-a2ec-2b911e839916)
2019-12-09 11:09:24.537 26244 RALLYDEBUG rally_openstack.cleanup.manager [-] Deleting neutron.network object s_rally_7078528c_IedHNgva (3ac7d540-4fa1-4b10-8784-7d05c1a44f10)
2019-12-09 11:09:24.635 26244 RALLYDEBUG rally_openstack.cleanup.manager [-] Deleting neutron.network object s_rally_7078528c_0kkYoKkg (3be32aef-dbc7-41aa-8c2c-122818d389bb)
2019-12-09 11:09:24.700 26244 RALLYDEBUG rally_openstack.cleanup.manager [-] Deleting neutron.network object s_rally_7078528c_rrCTdDyD (3cbebde7-e686-49f6-936d-5953bcd2dc7f)
2019-12-09 11:09:24.766 26244 RALLYDEBUG rally_openstack.cleanup.manager [-] Deleting neutron.network object s_rally_7078528c_kIGQnPct (3d3b38e7-ac92-4f80-b3ca-2b3f91639e3f)
2019-12-09 11:09:24.823 26244 RALLYDEBUG rally_openstack.cleanup.manager [-] Deleting neutron.network object s_rally_7078528c_1AjK9iyc (400b0b9b-6ab1-4b62-859c-458dd90589c0)
2019-12-09 11:09:24.841 26244 RALLYDEBUG rally_openstack.cleanup.manager [-] Deleting neutron.network object s_rally_7078528c_DBO20Wdr (403555de-2267-42e2-9d15-71d432be20d1)
2019-12-09 11:09:24.867 26244 RALLYDEBUG rally_openstack.cleanup.manager [-] Deleting neutron.network object s_rally_7078528c_lDrIiTHR (4a686c9a-7e3a-4a9c-8825-b0485cb421f1)
2019-12-09 11:09:25.024 26244 RALLYDEBUG rally_openstack.cleanup.manager [-] Deleting neutron.network object s_rally_7078528c_cQxrWc3l (4d53fd5f-132b-4f61-8c70-43e8016301af)
2019-12-09 11:09:25.054 26244 RALLYDEBUG rally_openstack.cleanup.manager [-] Deleting neutron.network object s_rally_7078528c_2qsAleBW (4fbe3f2d-b03a-4f28-a742-fb6faafaae03)
2019-12-09 11:09:25.060 26244 RALLYDEBUG rally_openstack.cleanup.manager [-] Deleting neutron.network object s_rally_7078528c_NDECjil7 (5248de12-591a-4b00-8273-613da22cc94f)
2019-12-09 11:09:25.078 26244 RALLYDEBUG rally_openstack.cleanup.manager [-] Deleting neutron.network object s_rally_7078528c_T0vGPBg7 (53b2f9d1-e7f3-48c5-89b9-d88654305dba)
2019-12-09 11:09:25.093 26244 RALLYDEBUG rally_openstack.cleanup.manager [-] Deleting neutron.network object s_rally_7078528c_mn9izQ5I (579606b2-9d14-43e8-b7ab-8e9de48f0631)
2019-12-09 11:09:25.102 26244 RALLYDEBUG rally_openstack.cleanup.manager [-] Deleting neutron.network object s_rally_7078528c_gWXOy9sH (565453f5-825d-421d-b30a-367d8fd29543)
2019-12-09 11:09:25.106 26244 RALLYDEBUG rally_openstack.cleanup.manager [-] Deleting neutron.network object s_rally_7078528c_zZI8u2C4 (58e58467-6cff-456e-8abc-c19476fbc772)
2019-12-09 11:09:26.168 26244 RALLYDEBUG rally_openstack.cleanup.manager [-] Deleting neutron.network object s_rally_7078528c_OmpI0BkW (5da408ed-96e8-4067-a632-cdbb33c21a40)
2019-12-09 11:09:26.335 26244 RALLYDEBUG rally_openstack.cleanup.manager [-] Deleting neutron.network object s_rally_7078528c_gmjZx6w6 (5e451e02-51cc-4c3a-bf43-9eea6c5ad577)
2019-12-09 11:09:26.623 26244 RALLYDEBUG rally_openstack.cleanup.manager [-] Deleting neutron.network object s_rally_7078528c_4JN5YEem (61d58e36-4549-4198-9750-1fad9d70ac7e)
2019-12-09 11:09:26.623 26244 RALLYDEBUG rally_openstack.cleanup.manager [-] Deleting neutron.network object s_rally_7078528c_uzzA3AcS (5f8ca2e2-7903-4760-b007-4d63da82eb1d)
2019-12-09 11:09:26.658 26244 RALLYDEBUG rally_openstack.cleanup.manager [-] Deleting neutron.network object s_rally_7078528c_7wtRW9kk (6967e5d9-1c04-4757-94f5-0240b9ed1968)
2019-12-09 11:09:26.672 26244 RALLYDEBUG rally_openstack.cleanup.manager [-] Deleting neutron.network object s_rally_7078528c_6BEmlVnU (70206a36-799a-462d-9c10-e3cd94c5dec1)
2019-12-09 11:09:26.745 26244 RALLYDEBUG rally_openstack.cleanup.manager [-] Deleting neutron.network object s_rally_7078528c_9L6xKHvT (721b23ab-1d94-4efe-a7b3-b673c71d31ea)
2019-12-09 11:09:26.861 26244 RALLYDEBUG rally_openstack.cleanup.manager [-] Deleting neutron.network object s_rally_7078528c_0qzlpR2N (723f44ba-77b6-4691-83de-e2b0939b8724)
2019-12-09 11:09:27.077 26244 RALLYDEBUG rally_openstack.cleanup.manager [-] Deleting neutron.network object s_rally_7078528c_QAs7CXqr (76603ad8-484d-4dd0-ab64-722decd22d7c)
2019-12-09 11:09:27.165 26244 RALLYDEBUG rally_openstack.cleanup.manager [-] Deleting neutron.network object s_rally_7078528c_XPVoxhQc (776c8b98-e8e8-423f-a743-77c1aec24cb7)
2019-12-09 11:09:27.200 26244 RALLYDEBUG rally_openstack.cleanup.manager [-] Deleting neutron.network object s_rally_7078528c_auBrHWjI (7a6db9c6-8a70-4e2f-8c29-0e303f35a444)
2019-12-09 11:09:27.226 26244 RALLYDEBUG rally_openstack.cleanup.manager [-] Deleting neutron.network object s_rally_7078528c_wdrRnAQJ (7b05fd3a-d9c9-4962-b1a9-fa6ec8f54215)
2019-12-09 11:09:27.234 26244 RALLYDEBUG rally_openstack.cleanup.manager [-] Deleting neutron.network object s_rally_7078528c_T2NhDU0F (7c5b0aaa-0156-4c52-9529-c4c4a336ee56)
2019-12-09 11:09:27.260 26244 RALLYDEBUG rally_openstack.cleanup.manager [-] Deleting neutron.network object s_rally_7078528c_qPVvJfPs (7c968489-1030-455a-b205-73e1889404c1)
2019-12-09 11:09:27.290 26244 RALLYDEBUG rally_openstack.cleanup.manager [-] Deleting neutron.network object s_rally_7078528c_ijs8aHDA (7de8cbd7-c525-4306-959c-f553a1d8efec)
2019-12-09 11:09:27.329 26244 RALLYDEBUG rally_openstack.cleanup.manager [-] Deleting neutron.network object s_rally_7078528c_u1UkJfY8 (7fe4228e-c0ae-4485-a239-ccfba056418f)
2019-12-09 11:09:27.414 26244 RALLYDEBUG rally_openstack.cleanup.manager [-] Deleting neutron.network object s_rally_7078528c_2QmH32PY (813b0252-fc12-4e91-95cf-ada2b6576bbe)
2019-12-09 11:09:27.522 26244 RALLYDEBUG rally_openstack.cleanup.manager [-] Deleting neutron.network object s_rally_7078528c_tttQmeeq (814726d9-8700-4818-9e92-f3bd6d6d3323)
2019-12-09 11:09:27.635 26244 RALLYDEBUG rally_openstack.cleanup.manager [-] Deleting neutron.network object s_rally_7078528c_Mrio3Og9 (8358ac1d-6adc-44a8-89d9-7a0f9dcbdde6)
2019-12-09 11:09:27.670 26244 RALLYDEBUG rally_openstack.cleanup.manager [-] Deleting neutron.network object s_rally_7078528c_MGbV1O0p (878e8a9d-1dc6-4a38-8e26-6ccb0c4f044d)
2019-12-09 11:09:28.091 26244 RALLYDEBUG rally_openstack.cleanup.manager [-] Deleting neutron.network object s_rally_7078528c_XSxU6jCd (89fdd125-9bc6-4aac-b2b7-79297641b044)
2019-12-09 11:09:28.250 26244 RALLYDEBUG rally_openstack.cleanup.manager [-] Deleting neutron.network object s_rally_7078528c_Ib6SZBHH (8b3f101c-72d7-4556-98a5-ccbe2f83d6b5)
2019-12-09 11:09:28.679 26244 RALLYDEBUG rally_openstack.cleanup.manager [-] Deleting neutron.network object s_rally_7078528c_mPQkYtqC (8d529bf0-61c1-4765-944a-7e55f4f6c2af)
2019-12-09 11:09:28.821 26244 RALLYDEBUG rally_openstack.cleanup.manager [-] Deleting neutron.network object s_rally_7078528c_5mY1nNIU (910a7985-38c8-4bbc-9e48-ef074781a8cd)
2019-12-09 11:09:28.882 26244 RALLYDEBUG rally_openstack.cleanup.manager [-] Deleting neutron.network object s_rally_7078528c_gJ0sAjnX (917be5ac-19d8-42bb-a35d-c926ab0d2c40)
2019-12-09 11:09:28.993 26244 RALLYDEBUG rally_openstack.cleanup.manager [-] Deleting neutron.network object s_rally_7078528c_5cIx97nj (93d56bf0-55f7-4895-9e03-f93cec7bf422)
2019-12-09 11:09:29.405 26244 RALLYDEBUG rally_openstack.cleanup.manager [-] Deleting neutron.network object s_rally_7078528c_DKdwAfOf (96278b2a-25ee-4200-8e16-83544b9b2898)
2019-12-09 11:09:29.408 26244 RALLYDEBUG rally_openstack.cleanup.manager [-] Deleting neutron.network object s_rally_7078528c_laE1HitR (9b1c3bf4-34fe-4571-85bb-6a8f3c6f8353)
2019-12-09 11:09:29.467 26244 RALLYDEBUG rally_openstack.cleanup.manager [-] Deleting neutron.network object s_rally_7078528c_Cv0x9zTu (9df26744-5ff5-4499-a333-1b19490d8886)
2019-12-09 11:09:29.495 26244 RALLYDEBUG rally_openstack.cleanup.manager [-] Deleting neutron.network object s_rally_7078528c_BCh6emai (9e3b3731-0523-42a4-b5e1-6bd7b4956e67)
2019-12-09 11:09:29.510 26244 RALLYDEBUG rally_openstack.cleanup.manager [-] Deleting neutron.network object s_rally_7078528c_elcfyV0R (a3a103b6-f8e2-4f62-b38f-804b1e4d6eae)
2019-12-09 11:09:29.594 26244 RALLYDEBUG rally_openstack.cleanup.manager [-] Deleting neutron.network object s_rally_7078528c_wCMYpkYk (aa049af3-3f25-4276-a61c-e8965592ea32)
2019-12-09 11:09:29.606 26244 RALLYDEBUG rally_openstack.cleanup.manager [-] Deleting neutron.network object s_rally_7078528c_8UWrFB4A (adf55edd-d193-45a1-85c1-e259e06428ea)
2019-12-09 11:09:29.614 26244 RALLYDEBUG rally_openstack.cleanup.manager [-] Deleting neutron.network object s_rally_7078528c_iSTsPEWq (b3cc86ed-d15c-465f-afb0-218aa71a9dd3)
2019-12-09 11:09:29.648 26244 RALLYDEBUG rally_openstack.cleanup.manager [-] Deleting neutron.network object s_rally_7078528c_YkcYeEo7 (b8bb464f-e5c1-484a-8523-fc319f1fcfb0)
2019-12-09 11:09:29.649 26244 RALLYDEBUG rally_openstack.cleanup.manager [-] Deleting neutron.network object s_rally_7078528c_OJiCAD1B (c3277e9c-1f12-43db-b600-e96ba98de686)
2019-12-09 11:09:29.664 26244 RALLYDEBUG rally_openstack.cleanup.manager [-] Deleting neutron.network object s_rally_7078528c_8eUP2UoQ (c3a3006b-7121-4f4c-9d40-ee6d690fa75d)
2019-12-09 11:09:29.925 26244 RALLYDEBUG rally_openstack.cleanup.manager [-] Deleting neutron.network object s_rally_7078528c_BXSgqksI (c43bd850-189c-44e5-b831-33f786d3d8e3)
2019-12-09 11:09:29.952 26244 RALLYDEBUG rally_openstack.cleanup.manager [-] Deleting neutron.network object s_rally_7078528c_mlTzp68h (c4fc28a9-32a6-44cd-a611-d329b36d81e7)
2019-12-09 11:09:30.007 26244 RALLYDEBUG rally_openstack.cleanup.manager [-] Deleting neutron.network object s_rally_7078528c_MMuLL2Mb (c5a201bc-eeb7-4bab-9ac9-1254878a8a1e)
2019-12-09 11:09:30.053 26244 RALLYDEBUG rally_openstack.cleanup.manager [-] Deleting neutron.network object s_rally_7078528c_UwfFaHkP (c62ca103-15fb-4ab8-9863-a8cdd06db235)
2019-12-09 11:09:30.438 26244 RALLYDEBUG rally_openstack.cleanup.manager [-] Deleting neutron.network object s_rally_7078528c_o2W1UAt5 (c6a49994-b717-4f66-bded-01d1135ea441)
2019-12-09 11:09:30.609 26244 RALLYDEBUG rally_openstack.cleanup.manager [-] Deleting neutron.network object s_rally_7078528c_sgFncvGZ (c9a94a50-9e27-44f8-9171-9461de36c9c6)
2019-12-09 11:09:30.797 26244 RALLYDEBUG rally_openstack.cleanup.manager [-] Deleting neutron.network object s_rally_7078528c_D7LN5X1O (ca5856fc-734c-49a7-a655-61c4de8fd93b)
2019-12-09 11:09:31.248 26244 RALLYDEBUG rally_openstack.cleanup.manager [-] Deleting neutron.network object s_rally_7078528c_qjJFWvHP (ca6e9751-bcfc-41a8-bacb-abbcdeb84142)
2019-12-09 11:09:31.356 26244 RALLYDEBUG rally_openstack.cleanup.manager [-] Deleting neutron.network object s_rally_7078528c_TAUJ0goJ (cb7d32e0-6a0c-44f4-a09c-cfc9c0247762)
2019-12-09 11:09:31.514 26244 RALLYDEBUG rally_openstack.cleanup.manager [-] Deleting neutron.network object s_rally_7078528c_B1EGw56W (cded1ff8-024b-403e-a745-b9e7759bf82a)
2019-12-09 11:09:31.641 26244 RALLYDEBUG rally_openstack.cleanup.manager [-] Deleting neutron.network object s_rally_7078528c_v4mjFSyf (ce7d882b-7afb-4b7b-9c7e-0a71e7249b63)
2019-12-09 11:09:31.680 26244 RALLYDEBUG rally_openstack.cleanup.manager [-] Deleting neutron.network object s_rally_7078528c_HjUJZKhS (d67d092f-dab4-42a1-bfe7-6a0836eca9d5)
2019-12-09 11:09:31.753 26244 RALLYDEBUG rally_openstack.cleanup.manager [-] Deleting neutron.network object s_rally_7078528c_JtUTmFeo (d89d4bff-78da-4ef3-acd4-20316e8db254)
2019-12-09 11:09:31.924 26244 RALLYDEBUG rally_openstack.cleanup.manager [-] Deleting neutron.network object s_rally_7078528c_Ya4HdUy2 (dc284316-6ee1-436f-83d9-3c472392c0e8)
2019-12-09 11:09:31.955 26244 RALLYDEBUG rally_openstack.cleanup.manager [-] Deleting neutron.network object s_rally_7078528c_KR4wRXLP (df80ec6a-fd6a-4ecb-ae8e-407358dc72d6)
2019-12-09 11:09:32.014 26244 RALLYDEBUG rally_openstack.cleanup.manager [-] Deleting neutron.network object s_rally_7078528c_vCubNo6u (e02b42d8-033a-4948-9575-67cbcf612aa1)
2019-12-09 11:09:32.069 26244 RALLYDEBUG rally_openstack.cleanup.manager [-] Deleting neutron.network object s_rally_7078528c_aBNHzMeR (ee2c0fb5-6b7e-4673-a3a8-b15e861d8d2e)
2019-12-09 11:09:32.086 26244 RALLYDEBUG rally_openstack.cleanup.manager [-] Deleting neutron.network object s_rally_7078528c_KBOkJ1IH (ef535da6-cd6c-4642-97cb-a36d58d8e610)
2019-12-09 11:09:32.100 26244 RALLYDEBUG rally_openstack.cleanup.manager [-] Deleting neutron.network object s_rally_7078528c_lLPYaiWh (f433ca4a-9a40-4735-92d4-ee425e4b75f8)
