2019-12-09 11:21:12.558 26244 RALLYDEBUG rally_openstack.cleanup.manager [-] Deleting neutron.port object s_rally_8da1b88b_l2MP0OCW (db37c302-b783-4d50-a31f-398e7677a51f)
2019-12-09 11:21:12.731 26244 RALLYDEBUG rally_openstack.cleanup.manager [-] Deleting neutron.port object s_rally_8da1b88b_L2ANbdom (dc031e7d-40e0-4562-a63c-317d23dcde90)
2019-12-09 11:21:12.772 26244 RALLYDEBUG rally_openstack.cleanup.manager [-] Deleting neutron.port object s_rally_8da1b88b_QWZVeVkv (dc39602d-c5f6-4b38-818a-5664c9f48b77)
2019-12-09 11:21:12.792 26244 RALLYDEBUG rally_openstack.cleanup.manager [-] Deleting neutron.port object s_rally_8da1b88b_uIzemnq7 (dc6d9aea-c820-46e9-82c9-020ad9d66aae)
2019-12-09 11:21:12.824 26244 RALLYDEBUG rally_openstack.cleanup.manager [-] Deleting neutron.port object s_rally_8da1b88b_8ZAFI9IG (dcf25d90-e418-4915-977f-9dd534bb6357)
2019-12-09 11:21:12.984 26244 RALLYDEBUG rally_openstack.cleanup.manager [-] Deleting neutron.port object s_rally_8da1b88b_XBqP4djD (dcf4c656-a86f-48ea-9739-54013d4c900a)
2019-12-09 11:21:13.163 26244 RALLYDEBUG rally_openstack.cleanup.manager [-] Deleting neutron.port object s_rally_8da1b88b_bsjYC6Pw (dd61ee2d-3b22-4aca-967e-5e4e3e04915d)
2019-12-09 11:21:13.236 26244 RALLYDEBUG rally_openstack.cleanup.manager [-] Deleting neutron.port object s_rally_8da1b88b_mnX771Lp (ddfea723-3eed-44d0-bab6-6087e0545c14)
2019-12-09 11:21:13.336 26244 RALLYDEBUG rally_openstack.cleanup.manager [-] Deleting neutron.port object s_rally_8da1b88b_LVPfY3me (de40a0fa-90e4-4761-a40d-17e988097b89)
2019-12-09 11:21:13.506 26244 RALLYDEBUG rally_openstack.cleanup.manager [-] Deleting neutron.port object s_rally_8da1b88b_KvmKJ4tC (de8c9b7a-de68-446c-ae95-7cdd92cbb0fe)
2019-12-09 11:21:13.626 26244 RALLYDEBUG rally_openstack.cleanup.manager [-] Deleting neutron.port object s_rally_8da1b88b_CDg9AjXK (df062c90-9bfc-478c-8f21-e469c071def8)
2019-12-09 11:21:13.641 26244 RALLYDEBUG rally_openstack.cleanup.manager [-] Deleting neutron.port object s_rally_8da1b88b_ajYUBcqb (df4d6394-e94b-47cf-9b30-1c2f340880ec)
2019-12-09 11:21:13.658 26244 RALLYDEBUG rally_openstack.cleanup.manager [-] Deleting neutron.port object s_rally_8da1b88b_baWqOLy8 (e0b994a5-6c50-4553-9900-b1bc5ce2713b)
2019-12-09 11:21:13.661 26244 RALLYDEBUG rally_openstack.cleanup.manager [-] Deleting neutron.port object s_rally_8da1b88b_FGxrbzaM (dfeb1489-eed4-4095-ae2c-f55e98c4f16a)
2019-12-09 11:21:13.702 26244 RALLYDEBUG rally_openstack.cleanup.manager [-] Deleting neutron.port object s_rally_8da1b88b_jBRWwiaS (e2499cac-9547-4a1a-bb04-c384126b15ca)
2019-12-09 11:21:13.891 26244 RALLYDEBUG rally_openstack.cleanup.manager [-] Deleting neutron.port object s_rally_8da1b88b_93Mm5s1P (e284d924-a6e1-4fc3-919b-617d8a56388a)
2019-12-09 11:21:14.205 26244 RALLYDEBUG rally_openstack.cleanup.manager [-] Deleting neutron.port object s_rally_8da1b88b_OlcDMWBH (e28d9ce2-6749-4898-9a30-e6c5242cb924)
2019-12-09 11:21:14.273 26244 RALLYDEBUG rally_openstack.cleanup.manager [-] Deleting neutron.port object s_rally_8da1b88b_Id2C2Lo7 (e2b99fb4-1c74-4a6a-aee3-90eb044fa065)
2019-12-09 11:21:14.318 26244 RALLYDEBUG rally_openstack.cleanup.manager [-] Deleting neutron.port object s_rally_8da1b88b_N62euBUu (e2d6844f-cb87-443b-8d74-ff642b54baa9)
2019-12-09 11:21:14.363 26244 RALLYDEBUG rally_openstack.cleanup.manager [-] Deleting neutron.port object s_rally_8da1b88b_WSSGtkpr (e3034e96-c9ab-4fcf-a10a-bc2d5ac4efad)
2019-12-09 11:21:14.377 26244 RALLYDEBUG rally_openstack.cleanup.manager [-] Deleting neutron.port object s_rally_8da1b88b_Es28g9Za (e35646e2-3921-4115-ae7e-5c7ded43b6c4)
2019-12-09 11:21:14.630 26244 RALLYDEBUG rally_openstack.cleanup.manager [-] Deleting neutron.port object s_rally_8da1b88b_4B21YGdk (e391ec0a-fd2e-4f92-a951-8deb189008c1)
2019-12-09 11:21:14.796 26244 RALLYDEBUG rally_openstack.cleanup.manager [-] Deleting neutron.port object s_rally_8da1b88b_EocWEQJL (e3ccc173-0b8b-450c-bcbf-6ec7f5807374)
2019-12-09 11:21:14.813 26244 RALLYDEBUG rally_openstack.cleanup.manager [-] Deleting neutron.port object s_rally_8da1b88b_SuSisTKe (e453cc22-e6cc-4162-9ba4-2d1a5c721505)
2019-12-09 11:21:14.828 26244 RALLYDEBUG rally_openstack.cleanup.manager [-] Deleting neutron.port object s_rally_8da1b88b_vjuxN2nr (e5e0679b-f0aa-4ee7-ad5f-874b9b43e35c)
2019-12-09 11:21:14.978 26244 RALLYDEBUG rally_openstack.cleanup.manager [-] Deleting neutron.port object s_rally_8da1b88b_19FyKstH (e8876b0e-227a-434a-baf3-c08d5cbf8e7f)
2019-12-09 11:21:14.998 26244 RALLYDEBUG rally_openstack.cleanup.manager [-] Deleting neutron.port object s_rally_8da1b88b_nX4gPHuz (ea79803d-38f2-4377-9601-d5d467a222c6)
2019-12-09 11:21:15.246 26244 RALLYDEBUG rally_openstack.cleanup.manager [-] Deleting neutron.port object s_rally_8da1b88b_JHi4wplk (ea908db4-422e-4685-9f51-417cf45c4569)
2019-12-09 11:21:15.473 26244 RALLYDEBUG rally_openstack.cleanup.manager [-] Deleting neutron.port object s_rally_8da1b88b_NgxZUvsO (eb7b805c-5e47-4d59-a708-54e6f79cd71c)
2019-12-09 11:21:15.517 26244 RALLYDEBUG rally_openstack.cleanup.manager [-] Deleting neutron.port object s_rally_8da1b88b_4OJMClO8 (ec67c559-6717-49bf-99a6-798cf327fa8f)
2019-12-09 11:21:15.517 26244 RALLYDEBUG rally_openstack.cleanup.manager [-] Deleting neutron.port object s_rally_8da1b88b_20DDO7pY (ebcde370-4cdc-41dc-a551-600f06f26f6b)
2019-12-09 11:21:15.540 26244 RALLYDEBUG rally_openstack.cleanup.manager [-] Deleting neutron.port object s_rally_8da1b88b_OXxnV44j (ecd9847a-b12e-4c6c-a1a0-2d11c0ae638e)
2019-12-09 11:21:15.560 26244 RALLYDEBUG rally_openstack.cleanup.manager [-] Deleting neutron.port object s_rally_8da1b88b_HtABpOYz (ed735556-575f-41ef-bf3e-48fa98bbde70)
2019-12-09 11:21:15.701 26244 RALLYDEBUG rally_openstack.cleanup.manager [-] Deleting neutron.port object s_rally_8da1b88b_o8GaPaJc (eee10184-57a0-40d7-9eb1-7bb047f39287)
2019-12-09 11:21:15.772 26244 RALLYDEBUG rally_openstack.cleanup.manager [-] Deleting neutron.port object s_rally_8da1b88b_vw1O8NKy (ef247af5-7ddc-4c67-b7f0-ca0e9a4ba18b)
2019-12-09 11:21:16.122 26244 RALLYDEBUG rally_openstack.cleanup.manager [-] Deleting neutron.port object s_rally_8da1b88b_ddhkc5NY (ef4c4415-2d00-440b-b2a3-676934f7d058)
2019-12-09 11:21:16.133 26244 RALLYDEBUG rally_openstack.cleanup.manager [-] Deleting neutron.port object s_rally_8da1b88b_1gHrBCIK (ef53fbcb-285f-4328-acb1-a66a5cd51516)
2019-12-09 11:21:16.136 26244 RALLYDEBUG rally_openstack.cleanup.manager [-] Deleting neutron.port object s_rally_8da1b88b_SS07JIgm (ef4a10cc-44c9-44f4-bbcd-d67b773839f3)
2019-12-09 11:21:16.218 26244 RALLYDEBUG rally_openstack.cleanup.manager [-] Deleting neutron.port object s_rally_8da1b88b_2alsKTVJ (ef6e5abb-e840-430e-872b-f08ff464fe66)
2019-12-09 11:21:16.323 26244 RALLYDEBUG rally_openstack.cleanup.manager [-] Deleting neutron.port object s_rally_8da1b88b_pkBU7DZS (ef7728e4-7b1c-4442-8457-cf43889e9c2b)
2019-12-09 11:21:16.517 26244 RALLYDEBUG rally_openstack.cleanup.manager [-] Deleting neutron.port object s_rally_8da1b88b_j1lhjfMh (f01f4e4f-155a-4680-b3ef-4e4947cb0588)
2019-12-09 11:21:16.527 26244 RALLYDEBUG rally_openstack.cleanup.manager [-] Deleting neutron.port object s_rally_8da1b88b_VN2RSK74 (f1922c68-4340-466d-9878-b5c15c4733ef)
2019-12-09 11:21:16.714 26244 RALLYDEBUG rally_openstack.cleanup.manager [-] Deleting neutron.port object s_rally_8da1b88b_rAwm8Vsi (f197f23d-081a-406a-93df-4fcb72ee2593)
2019-12-09 11:21:16.822 26244 RALLYDEBUG rally_openstack.cleanup.manager [-] Deleting neutron.port object s_rally_8da1b88b_h74u5ND6 (f24131cb-8592-43f3-92da-d3bad6b52288)
2019-12-09 11:21:16.916 26244 RALLYDEBUG rally_openstack.cleanup.manager [-] Deleting neutron.port object s_rally_8da1b88b_tvKgbtRx (f2515991-b1e1-4b1b-a877-ac71e4a24f26)
2019-12-09 11:21:16.931 26244 RALLYDEBUG rally_openstack.cleanup.manager [-] Deleting neutron.port object s_rally_8da1b88b_Vp33WpSe (f2a1afcb-5c62-4a03-a7bc-172b734a9a11)
2019-12-09 11:21:17.036 26244 RALLYDEBUG rally_openstack.cleanup.manager [-] Deleting neutron.port object s_rally_8da1b88b_TnX0FzpE (f2b8895d-8ee6-4254-9037-4d66180ca97a)
2019-12-09 11:21:17.066 26244 RALLYDEBUG rally_openstack.cleanup.manager [-] Deleting neutron.port object s_rally_8da1b88b_NLNLXKjs (f2c65b77-2150-4ee3-8c27-42f8f3886572)
2019-12-09 11:21:17.282 26244 RALLYDEBUG rally_openstack.cleanup.manager [-] Deleting neutron.port object s_rally_8da1b88b_AR4DUlP7 (f3339c06-95db-485e-8887-3033111b6723)
2019-12-09 11:21:17.517 26244 RALLYDEBUG rally_openstack.cleanup.manager [-] Deleting neutron.port object s_rally_8da1b88b_kSMQoglt (f3631f3d-b312-43ff-a755-f63fd08d21b2)
2019-12-09 11:21:17.519 26244 RALLYDEBUG rally_openstack.cleanup.manager [-] Deleting neutron.port object s_rally_8da1b88b_8OeHimNG (f50545f4-9682-469e-b7c0-fd38ce25df33)
2019-12-09 11:21:17.521 26244 RALLYDEBUG rally_openstack.cleanup.manager [-] Deleting neutron.port object s_rally_8da1b88b_mHZryYr2 (f598ac0a-1270-47e0-8caf-091d02709a6b)
2019-12-09 11:21:17.522 26244 RALLYDEBUG rally_openstack.cleanup.manager [-] Deleting neutron.port object s_rally_8da1b88b_ntpW6EFC (f5239753-03de-44c1-8387-73500eab3381)
2019-12-09 11:21:17.649 26244 RALLYDEBUG rally_openstack.cleanup.manager [-] Deleting neutron.port object s_rally_8da1b88b_x7WSJoUv (f63a74c5-054e-4d36-96a3-ddb5675ee773)
2019-12-09 11:21:17.812 26244 RALLYDEBUG rally_openstack.cleanup.manager [-] Deleting neutron.port object s_rally_8da1b88b_Nwng7len (f6916ae3-9d06-4fb1-b994-eb220221cf7a)
2019-12-09 11:21:17.915 26244 RALLYDEBUG rally_openstack.cleanup.manager [-] Deleting neutron.port object s_rally_8da1b88b_Uv4PkTGZ (f6f0dc53-ff41-4bbd-a8eb-e297a9de345e)
2019-12-09 11:21:17.930 26244 RALLYDEBUG rally_openstack.cleanup.manager [-] Deleting neutron.port object s_rally_8da1b88b_ETshncQw (f796646a-0eb4-4e77-a0c0-eb1bed4fa3a9)
2019-12-09 11:21:18.001 26244 RALLYDEBUG rally_openstack.cleanup.manager [-] Deleting neutron.port object s_rally_8da1b88b_hXEmoGSP (f796c06b-b429-431c-bbe2-d9f5f37ab7d2)
2019-12-09 11:21:18.089 26244 RALLYDEBUG rally_openstack.cleanup.manager [-] Deleting neutron.port object s_rally_8da1b88b_PMyfTvby (f948020d-b180-4f58-9a82-7fdfbe59da38)
2019-12-09 11:21:18.226 26244 RALLYDEBUG rally_openstack.cleanup.manager [-] Deleting neutron.port object s_rally_8da1b88b_CX2Ujfll (f9cc4afa-509d-42fc-93b2-756817643b2c)
2019-12-09 11:21:18.273 26244 RALLYDEBUG rally_openstack.cleanup.manager [-] Deleting neutron.port object s_rally_8da1b88b_yrED7z02 (fa98a176-486e-4ee7-ab40-0ccc6396a705)
2019-12-09 11:21:18.555 26244 RALLYDEBUG rally_openstack.cleanup.manager [-] Deleting neutron.port object s_rally_8da1b88b_DMVVHxWF (fb91c618-20ab-4b6d-a6a5-6cfceaeb2001)
2019-12-09 11:21:18.583 26244 RALLYDEBUG rally_openstack.cleanup.manager [-] Deleting neutron.port object s_rally_8da1b88b_llenw4E0 (fcd4133f-551f-4158-ad16-60d458bd201b)
2019-12-09 11:21:18.619 26244 RALLYDEBUG rally_openstack.cleanup.manager [-] Deleting neutron.port object s_rally_8da1b88b_0tmEpsgh (fce0cac6-1492-4735-bdda-8b1b4767bcd0)
2019-12-09 11:21:18.698 26244 RALLYDEBUG rally_openstack.cleanup.manager [-] Deleting neutron.port object s_rally_8da1b88b_zHc0vENB (fe030bf3-fe29-4dab-b4ec-45afbb5c4d64)
2019-12-09 11:21:18.714 26244 RALLYDEBUG rally_openstack.cleanup.manager [-] Deleting neutron.port object s_rally_8da1b88b_1XPrNTak (fe1d02f2-d66c-4704-b3b4-2bef3826cb8c)
2019-12-09 11:21:18.812 26244 RALLYDEBUG rally_openstack.cleanup.manager [-] Deleting neutron.port object s_rally_8da1b88b_AvSvhUDr (fe7e0c39-c2b3-4a33-af99-c713e64aa4c8)
2019-12-09 11:21:18.862 26244 RALLYDEBUG rally_openstack.cleanup.manager [-] Deleting neutron.port object s_rally_8da1b88b_ZIZ4YDBv (fea94b83-e337-42a9-aa91-b6043bd9a09a)
2019-12-09 11:21:20.818 26244 RALLYDEBUG rally_openstack.cleanup.manager [-] Cleaning up neutron subnet objects
2019-12-09 11:21:21.248 26244 RALLYDEBUG rally_openstack.cleanup.manager [-] Cleaning up neutron network objects
2019-12-09 11:21:21.765 26244 RALLYDEBUG rally_openstack.cleanup.manager [-] Deleting neutron.network object s_rally_8da1b88b_iAWbZKhs (3a1504b5-5e07-4104-bb55-2570b8fede41)
2019-12-09 11:21:21.777 26244 RALLYDEBUG rally_openstack.cleanup.manager [-] Deleting neutron.network object s_rally_8da1b88b_nutkcJUC (7eb601cb-b42e-4777-b17c-7f41e9dd7adb)
2019-12-09 11:21:21.791 26244 RALLYDEBUG rally_openstack.cleanup.manager [-] Deleting neutron.network object s_rally_8da1b88b_uiB41JkX (98f0e82f-0d70-4726-b7ce-14848bf71c01)
2019-12-09 11:21:21.800 26244 RALLYDEBUG rally_openstack.cleanup.manager [-] Deleting neutron.network object s_rally_8da1b88b_HDNPqUND (a86ba656-00a8-4036-86ef-823a76c0250d)
2019-12-09 11:21:21.804 26244 RALLYDEBUG rally_openstack.cleanup.manager [-] Deleting neutron.network object s_rally_8da1b88b_lR8ot5t7 (bf653109-5d2b-4184-b227-9ba0b4ad16fc)
2019-12-09 11:21:21.806 26244 RALLYDEBUG rally_openstack.cleanup.manager [-] Deleting neutron.network object s_rally_8da1b88b_SIpawzQl (aefa5066-faf1-41f8-b063-1476ebc19e4e)
2019-12-09 11:21:21.821 26244 RALLYDEBUG rally_openstack.cleanup.manager [-] Deleting neutron.network object s_rally_8da1b88b_LcypTzFN (c7385576-570f-4536-9c43-afd29296465c)
2019-12-09 11:21:21.823 26244 RALLYDEBUG rally_openstack.cleanup.manager [-] Deleting neutron.network object s_rally_8da1b88b_38yqdyjK (f70bafa3-5eb0-4f30-8679-2ba3928b857c)
2019-12-09 11:21:24.625 26244 RALLYDEBUG rally_openstack.cleanup.manager [-] Cleaning up neutron router objects
2019-12-09 11:21:25.067 26244 RALLYDEBUG rally_openstack.cleanup.manager [-] Cleaning up neutron security_group objects
2019-12-09 11:21:25.513 26244 INFO rally.task.context [-] Task 659684be-26c0-4043-8977-25972a35de74 | Context cleanup@openstack cleanup() finished in 48.69 sec
2019-12-09 11:21:25.513 26244 INFO rally.task.context [-] Task 659684be-26c0-4043-8977-25972a35de74 | Context quotas@openstack cleanup() started
2019-12-09 11:21:25.603 26244 INFO rally.task.context [-] Task 659684be-26c0-4043-8977-25972a35de74 | Context quotas@openstack cleanup() finished in 89.44 msec
2019-12-09 11:21:25.603 26244 INFO rally.task.context [-] Task 659684be-26c0-4043-8977-25972a35de74 | Context users@openstack cleanup() started
2019-12-09 11:21:28.321 26244 INFO rally.task.context [-] Task 659684be-26c0-4043-8977-25972a35de74 | Context users@openstack cleanup() finished in 2.72 sec
2019-12-09 11:21:29.648 26244 INFO rally.task.engine [-] Load duration is: 56.726927
2019-12-09 11:21:29.648 26244 INFO rally.task.engine [-] Full runner duration is: 56.775023
2019-12-09 11:21:29.649 26244 INFO rally.task.engine [-] Full duration is: 111.24754
2019-12-09 11:21:29.934 26244 INFO rally.task.engine [-] Running workload: position = 1 config = { "version": 2, "title": "A cropped version of a bigger task.", "description": "Auto-generated task from a single workload (uuid=df7cc4f5-beca-4217-ad77-581fc21c40cb)", "subtasks": [ { "title": "NeutronNetworks.create_and_update_ports", "description": "Create and update a given number of ports.", "scenario": { "NeutronNetworks.create_and_update_ports": { "network_create_args": {}, "port_create_args": {}, "ports_per_network": 5, "port_update_args": { "admin_state_up": false, "device_id": "dummy_id", "device_owner": "dummy_owner", "name": "_port_updated" } } }, "contexts": { "users": { "tenants": 1, "users_per_tenant": 1 }, "quotas": { "neutron": { "network": -1, "port": -1 } } }, "runner": { "constant": { "times": 40, "concurrency": 20 } }, "hooks": [], "sla": { "failure_rate": { "max": 0 } } } ] }
2019-12-09 11:21:29.963 26244 RALLYDEBUG rally_openstack.contexts.keystone.users [-] Creating 1 tenants using 20 threads
2019-12-09 11:21:30.907 26244 RALLYDEBUG rally_openstack.contexts.keystone.users [-] Creating 1 users using 20 threads
2019-12-09 11:21:32.353 26244 INFO rally.task.context [-] Task 659684be-26c0-4043-8977-25972a35de74 | Context users@openstack setup() finished in 2.39 sec
2019-12-09 11:21:32.892 26244 INFO rally.task.context [-] Task 659684be-26c0-4043-8977-25972a35de74 | Context quotas@openstack setup() finished in 0.54 sec
2019-12-09 11:21:32.893 26244 INFO rally.task.context [-] Task 659684be-26c0-4043-8977-25972a35de74 | Context cleanup@openstack setup() finished in 0.01 msec
2019-12-09 11:21:32.902 26244 RALLYDEBUG rally.task.runner [-] Starting the constant runner (task UUID: 659684be-26c0-4043-8977-25972a35de74). timeout: 0 concurrency: 20 concurrency_per_worker: 1 times: 40 concurrency_overhead: 4 processes_to_start: 16 max_cpu_used: 16
2019-12-09 11:21:32.917 30320 RALLYDEBUG rally.task.runner [-] Starting a worker. concurrency: 2 args: {"network_create_args": {}, "port_create_args": {}, "ports_per_network": 5, "port_update_args": {"admin_state_up": false, "device_id": "dummy_id", "device_owner": "dummy_owner", "name": "_port_updated"}} times: 40 method_name: run timeout: 0 duration: None cls:
2019-12-09 11:21:32.920 30321 RALLYDEBUG rally.task.runner [-] Starting a worker. concurrency: 2 args: {"network_create_args": {}, "port_create_args": {}, "ports_per_network": 5, "port_update_args": {"admin_state_up": false, "device_id": "dummy_id", "device_owner": "dummy_owner", "name": "_port_updated"}} times: 40 method_name: run timeout: 0 duration: None cls:
2019-12-09 11:21:32.923 30322 RALLYDEBUG rally.task.runner [-] Starting a worker. concurrency: 2 args: {"network_create_args": {}, "port_create_args": {}, "ports_per_network": 5, "port_update_args": {"admin_state_up": false, "device_id": "dummy_id", "device_owner": "dummy_owner", "name": "_port_updated"}} times: 40 method_name: run timeout: 0 duration: None cls:
2019-12-09 11:21:32.927 30323 RALLYDEBUG rally.task.runner [-] Starting a worker. concurrency: 2 args: {"network_create_args": {}, "port_create_args": {}, "ports_per_network": 5, "port_update_args": {"admin_state_up": false, "device_id": "dummy_id", "device_owner": "dummy_owner", "name": "_port_updated"}} times: 40 method_name: run timeout: 0 duration: None cls:
2019-12-09 11:21:32.928 30320 INFO rally.task.runner [-] Task 659684be-26c0-4043-8977-25972a35de74 | ITER: 1 START
2019-12-09 11:21:32.930 30321 INFO rally.task.runner [-] Task 659684be-26c0-4043-8977-25972a35de74 | ITER: 2 START
2019-12-09 11:21:32.930 30324 RALLYDEBUG rally.task.runner [-] Starting a worker. concurrency: 1 args: {"network_create_args": {}, "port_create_args": {}, "ports_per_network": 5, "port_update_args": {"admin_state_up": false, "device_id": "dummy_id", "device_owner": "dummy_owner", "name": "_port_updated"}} times: 40 method_name: run timeout: 0 duration: None cls:
2019-12-09 11:21:32.930 30320 WARNING rally_openstack.scenarios.neutron.utils [-] Running this scenario without either the 'network' or 'existing_network' context is deprecated
2019-12-09 11:21:32.933 30321 WARNING rally_openstack.scenarios.neutron.utils [-] Running this scenario without either the 'network' or 'existing_network' context is deprecated
2019-12-09 11:21:32.934 30327 RALLYDEBUG rally.task.runner [-] Starting a worker. concurrency: 1 args: {"network_create_args": {}, "port_create_args": {}, "ports_per_network": 5, "port_update_args": {"admin_state_up": false, "device_id": "dummy_id", "device_owner": "dummy_owner", "name": "_port_updated"}} times: 40 method_name: run timeout: 0 duration: None cls:
2019-12-09 11:21:32.936 30322 INFO rally.task.runner [-] Task 659684be-26c0-4043-8977-25972a35de74 | ITER: 7 START
2019-12-09 11:21:32.939 30324 INFO rally.task.runner [-] Task 659684be-26c0-4043-8977-25972a35de74 | ITER: 8 START
2019-12-09 11:21:32.938 30322 WARNING rally_openstack.scenarios.neutron.utils [-] Running this scenario without either the 'network' or 'existing_network' context is deprecated
2019-12-09 11:21:32.938 30332 RALLYDEBUG rally.task.runner [-] Starting a worker. concurrency: 1 args: {"network_create_args": {}, "port_create_args": {}, "ports_per_network": 5, "port_update_args": {"admin_state_up": false, "device_id": "dummy_id", "device_owner": "dummy_owner", "name": "_port_updated"}} times: 40 method_name: run timeout: 0 duration: None cls:
2019-12-09 11:21:32.939 30323 INFO rally.task.runner [-] Task 659684be-26c0-4043-8977-25972a35de74 | ITER: 6 START
2019-12-09 11:21:32.931 30320 INFO rally.task.runner [-] Task 659684be-26c0-4043-8977-25972a35de74 | ITER: 3 START
2019-12-09 11:21:32.940 30324 WARNING rally_openstack.scenarios.neutron.utils [-] Running this scenario without either the 'network' or 'existing_network' context is deprecated
2019-12-09 11:21:32.939 30322 INFO rally.task.runner [-] Task 659684be-26c0-4043-8977-25972a35de74 | ITER: 4 START
2019-12-09 11:21:32.941 30320 WARNING rally_openstack.scenarios.neutron.utils [-] Running this scenario without either the 'network' or 'existing_network' context is deprecated
2019-12-09 11:21:32.941 30323 WARNING rally_openstack.scenarios.neutron.utils [-] Running this scenario without either the 'network' or 'existing_network' context is deprecated
2019-12-09 11:21:32.942 30327 INFO rally.task.runner [-] Task 659684be-26c0-4043-8977-25972a35de74 | ITER: 10 START
2019-12-09 11:21:32.942 30322 WARNING rally_openstack.scenarios.neutron.utils [-] Running this scenario without either the 'network' or 'existing_network' context is deprecated
2019-12-09 11:21:32.943 30327 WARNING rally_openstack.scenarios.neutron.utils [-] Running this scenario without either the 'network' or 'existing_network' context is deprecated
2019-12-09 11:21:32.945 30332 INFO rally.task.runner [-] Task 659684be-26c0-4043-8977-25972a35de74 | ITER: 11 START
2019-12-09 11:21:32.946 30332 WARNING rally_openstack.scenarios.neutron.utils [-] Running this scenario without either the 'network' or 'existing_network' context is deprecated
2019-12-09 11:21:32.947 30340 RALLYDEBUG rally.task.runner [-] Starting a worker. concurrency: 1 args: {"network_create_args": {}, "port_create_args": {}, "ports_per_network": 5, "port_update_args": {"admin_state_up": false, "device_id": "dummy_id", "device_owner": "dummy_owner", "name": "_port_updated"}} times: 40 method_name: run timeout: 0 duration: None cls:
2019-12-09 11:21:32.941 30323 INFO rally.task.runner [-] Task 659684be-26c0-4043-8977-25972a35de74 | ITER: 9 START
2019-12-09 11:21:32.950 30321 INFO rally.task.runner [-] Task 659684be-26c0-4043-8977-25972a35de74 | ITER: 5 START
2019-12-09 11:21:32.953 30321 WARNING rally_openstack.scenarios.neutron.utils [-] Running this scenario without either the 'network' or 'existing_network' context is deprecated
2019-12-09 11:21:32.952 30323 WARNING rally_openstack.scenarios.neutron.utils [-] Running this scenario without either the 'network' or 'existing_network' context is deprecated
2019-12-09 11:21:32.955 30340 INFO rally.task.runner [-] Task 659684be-26c0-4043-8977-25972a35de74 | ITER: 12 START
2019-12-09 11:21:32.954 30346 RALLYDEBUG rally.task.runner [-] Starting a worker. concurrency: 1 args: {"network_create_args": {}, "port_create_args": {}, "ports_per_network": 5, "port_update_args": {"admin_state_up": false, "device_id": "dummy_id", "device_owner": "dummy_owner", "name": "_port_updated"}} times: 40 method_name: run timeout: 0 duration: None cls:
2019-12-09 11:21:32.956 30340 WARNING rally_openstack.scenarios.neutron.utils [-] Running this scenario without either the 'network' or 'existing_network' context is deprecated
2019-12-09 11:21:32.956 30347 RALLYDEBUG rally.task.runner [-] Starting a worker. concurrency: 1 args: {"network_create_args": {}, "port_create_args": {}, "ports_per_network": 5, "port_update_args": {"admin_state_up": false, "device_id": "dummy_id", "device_owner": "dummy_owner", "name": "_port_updated"}} times: 40 method_name: run timeout: 0 duration: None cls:
2019-12-09 11:21:32.962 30346 INFO rally.task.runner [-] Task 659684be-26c0-4043-8977-25972a35de74 | ITER: 13 START
2019-12-09 11:21:32.963 30346 WARNING rally_openstack.scenarios.neutron.utils [-] Running this scenario without either the 'network' or 'existing_network' context is deprecated
2019-12-09 11:21:32.966 30350 RALLYDEBUG rally.task.runner [-] Starting a worker. concurrency: 1 args: {"network_create_args": {}, "port_create_args": {}, "ports_per_network": 5, "port_update_args": {"admin_state_up": false, "device_id": "dummy_id", "device_owner": "dummy_owner", "name": "_port_updated"}} times: 40 method_name: run timeout: 0 duration: None cls:
2019-12-09 11:21:32.968 30347 INFO rally.task.runner [-] Task 659684be-26c0-4043-8977-25972a35de74 | ITER: 14 START
2019-12-09 11:21:32.970 30347 WARNING rally_openstack.scenarios.neutron.utils [-] Running this scenario without either the 'network' or 'existing_network' context is deprecated
2019-12-09 11:21:32.972 30350 INFO rally.task.runner [-] Task 659684be-26c0-4043-8977-25972a35de74 | ITER: 15 START
2019-12-09 11:21:32.973 30350 WARNING rally_openstack.scenarios.neutron.utils [-] Running this scenario without either the 'network' or 'existing_network' context is deprecated
2019-12-09 11:21:32.976 30355 RALLYDEBUG rally.task.runner [-] Starting a worker. concurrency: 1 args: {"network_create_args": {}, "port_create_args": {}, "ports_per_network": 5, "port_update_args": {"admin_state_up": false, "device_id": "dummy_id", "device_owner": "dummy_owner", "name": "_port_updated"}} times: 40 method_name: run timeout: 0 duration: None cls:
2019-12-09 11:21:32.983 30355 INFO rally.task.runner [-] Task 659684be-26c0-4043-8977-25972a35de74 | ITER: 16 START
2019-12-09 11:21:32.983 30358 RALLYDEBUG rally.task.runner [-] Starting a worker. concurrency: 1 args: {"network_create_args": {}, "port_create_args": {}, "ports_per_network": 5, "port_update_args": {"admin_state_up": false, "device_id": "dummy_id", "device_owner": "dummy_owner", "name": "_port_updated"}} times: 40 method_name: run timeout: 0 duration: None cls:
2019-12-09 11:21:32.984 30355 WARNING rally_openstack.scenarios.neutron.utils [-] Running this scenario without either the 'network' or 'existing_network' context is deprecated
2019-12-09 11:21:32.987 30359 RALLYDEBUG rally.task.runner [-] Starting a worker. concurrency: 1 args: {"network_create_args": {}, "port_create_args": {}, "ports_per_network": 5, "port_update_args": {"admin_state_up": false, "device_id": "dummy_id", "device_owner": "dummy_owner", "name": "_port_updated"}} times: 40 method_name: run timeout: 0 duration: None cls:
2019-12-09 11:21:32.988 30358 INFO rally.task.runner [-] Task 659684be-26c0-4043-8977-25972a35de74 | ITER: 17 START
2019-12-09 11:21:32.989 30358 WARNING rally_openstack.scenarios.neutron.utils [-] Running this scenario without either the 'network' or 'existing_network' context is deprecated
2019-12-09 11:21:32.990 30362 RALLYDEBUG rally.task.runner [-] Starting a worker. concurrency: 1 args: {"network_create_args": {}, "port_create_args": {}, "ports_per_network": 5, "port_update_args": {"admin_state_up": false, "device_id": "dummy_id", "device_owner": "dummy_owner", "name": "_port_updated"}} times: 40 method_name: run timeout: 0 duration: None cls:
2019-12-09 11:21:32.993 30359 INFO rally.task.runner [-] Task 659684be-26c0-4043-8977-25972a35de74 | ITER: 18 START
2019-12-09 11:21:32.993 30365 RALLYDEBUG rally.task.runner [-] Starting a worker. concurrency: 1 args: {"network_create_args": {}, "port_create_args": {}, "ports_per_network": 5, "port_update_args": {"admin_state_up": false, "device_id": "dummy_id", "device_owner": "dummy_owner", "name": "_port_updated"}} times: 40 method_name: run timeout: 0 duration: None cls:
2019-12-09 11:21:32.994 30359 WARNING rally_openstack.scenarios.neutron.utils [-] Running this scenario without either the 'network' or 'existing_network' context is deprecated
2019-12-09 11:21:32.996 30362 INFO rally.task.runner [-] Task 659684be-26c0-4043-8977-25972a35de74 | ITER: 19 START
2019-12-09 11:21:32.997 30362 WARNING rally_openstack.scenarios.neutron.utils [-] Running this scenario without either the 'network' or 'existing_network' context is deprecated
2019-12-09 11:21:32.998 30365 INFO rally.task.runner [-] Task 659684be-26c0-4043-8977-25972a35de74 | ITER: 20 START
2019-12-09 11:21:32.999 30365 WARNING rally_openstack.scenarios.neutron.utils [-] Running this scenario without either the 'network' or 'existing_network' context is deprecated
2019-12-09 11:21:41.054 30359 INFO rally.task.runner [-] Task 659684be-26c0-4043-8977-25972a35de74 | ITER: 18 END: OK
2019-12-09 11:21:41.060 30359 INFO rally.task.runner [-] Task 659684be-26c0-4043-8977-25972a35de74 | ITER: 21 START
2019-12-09 11:21:41.061 30359 WARNING rally_openstack.scenarios.neutron.utils [-] Running this scenario without either the 'network' or 'existing_network' context is deprecated
2019-12-09 11:21:41.405 30323 INFO rally.task.runner [-] Task 659684be-26c0-4043-8977-25972a35de74 | ITER: 6 END: OK
2019-12-09 11:21:41.410 30323 INFO rally.task.runner [-] Task 659684be-26c0-4043-8977-25972a35de74 | ITER: 22 START
2019-12-09 11:21:41.410 30323 WARNING rally_openstack.scenarios.neutron.utils [-] Running this scenario without either the 'network' or 'existing_network' context is deprecated
2019-12-09 11:21:41.698 30320 INFO rally.task.runner [-] Task 659684be-26c0-4043-8977-25972a35de74 | ITER: 1 END: OK
2019-12-09 11:21:41.702 30320 INFO rally.task.runner [-] Task 659684be-26c0-4043-8977-25972a35de74 | ITER: 23 START
2019-12-09 11:21:41.702 30320 WARNING rally_openstack.scenarios.neutron.utils [-] Running this scenario without either the 'network' or 'existing_network' context is deprecated
2019-12-09 11:21:41.705 30365 INFO rally.task.runner [-] Task 659684be-26c0-4043-8977-25972a35de74 | ITER: 20 END: OK
2019-12-09 11:21:41.708 30365 INFO rally.task.runner [-] Task 659684be-26c0-4043-8977-25972a35de74 | ITER: 24 START
2019-12-09 11:21:41.709 30365 WARNING rally_openstack.scenarios.neutron.utils [-] Running this scenario without either the 'network' or 'existing_network' context is deprecated
2019-12-09 11:21:42.168 30327 INFO rally.task.runner [-] Task 659684be-26c0-4043-8977-25972a35de74 | ITER: 10 END: OK
2019-12-09 11:21:42.174 30327 INFO rally.task.runner [-] Task 659684be-26c0-4043-8977-25972a35de74 | ITER: 25 START
2019-12-09 11:21:42.174 30327 WARNING rally_openstack.scenarios.neutron.utils [-] Running this scenario without either the 'network' or 'existing_network' context is deprecated
2019-12-09 11:21:42.614 30340 INFO rally.task.runner [-] Task 659684be-26c0-4043-8977-25972a35de74 | ITER: 12 END: OK
2019-12-09 11:21:42.617 30340 INFO rally.task.runner [-] Task 659684be-26c0-4043-8977-25972a35de74 | ITER: 26 START
2019-12-09 11:21:42.618 30340 WARNING rally_openstack.scenarios.neutron.utils [-] Running this scenario without either the 'network' or 'existing_network' context is deprecated
2019-12-09 11:21:42.813 30323 INFO rally.task.runner [-] Task 659684be-26c0-4043-8977-25972a35de74 | ITER: 9 END: OK
2019-12-09 11:21:42.817 30323 INFO rally.task.runner [-] Task 659684be-26c0-4043-8977-25972a35de74 | ITER: 27 START
2019-12-09 11:21:42.817 30323 WARNING rally_openstack.scenarios.neutron.utils [-] Running this scenario without either the 'network' or 'existing_network' context is deprecated
2019-12-09 11:21:42.966 30355 INFO rally.task.runner [-] Task 659684be-26c0-4043-8977-25972a35de74 | ITER: 16 END: OK
2019-12-09 11:21:42.971 30355 INFO rally.task.runner [-] Task 659684be-26c0-4043-8977-25972a35de74 | ITER: 28 START
2019-12-09 11:21:42.971 30355 WARNING rally_openstack.scenarios.neutron.utils [-] Running this scenario without either the 'network' or 'existing_network' context is deprecated
2019-12-09 11:21:43.565 30321 INFO rally.task.runner [-] Task 659684be-26c0-4043-8977-25972a35de74 | ITER: 2 END: OK
2019-12-09 11:21:43.570 30350 INFO rally.task.runner [-] Task 659684be-26c0-4043-8977-25972a35de74 | ITER: 15 END: OK
2019-12-09 11:21:43.571 30321 INFO rally.task.runner [-] Task 659684be-26c0-4043-8977-25972a35de74 | ITER: 29 START
2019-12-09 11:21:43.572 30321 WARNING rally_openstack.scenarios.neutron.utils [-] Running this scenario without either the 'network' or 'existing_network' context is deprecated
2019-12-09 11:21:43.576 30350 INFO rally.task.runner [-] Task 659684be-26c0-4043-8977-25972a35de74 | ITER: 30 START
2019-12-09 11:21:43.577 30350 WARNING rally_openstack.scenarios.neutron.utils [-] Running this scenario without either the 'network' or 'existing_network' context is deprecated
2019-12-09 11:21:43.834 30346 INFO rally.task.runner [-] Task 659684be-26c0-4043-8977-25972a35de74 | ITER: 13 END: OK
2019-12-09 11:21:43.839 30346 INFO rally.task.runner [-] Task 659684be-26c0-4043-8977-25972a35de74 | ITER: 31 START
2019-12-09 11:21:43.840 30346 WARNING rally_openstack.scenarios.neutron.utils [-] Running this scenario without either the 'network' or 'existing_network' context is deprecated
2019-12-09 11:21:44.001 30324 INFO rally.task.runner [-] Task 659684be-26c0-4043-8977-25972a35de74 | ITER: 8 END: OK
2019-12-09 11:21:44.006 30324 INFO rally.task.runner [-] Task 659684be-26c0-4043-8977-25972a35de74 | ITER: 32 START
2019-12-09 11:21:44.007 30324 WARNING rally_openstack.scenarios.neutron.utils [-] Running this scenario without either the 'network' or 'existing_network' context is deprecated
2019-12-09 11:21:44.119 30332 INFO rally.task.runner [-] Task 659684be-26c0-4043-8977-25972a35de74 | ITER: 11 END: OK
2019-12-09 11:21:44.125 30332 INFO rally.task.runner [-] Task 659684be-26c0-4043-8977-25972a35de74 | ITER: 33 START
2019-12-09 11:21:44.125 30332 WARNING rally_openstack.scenarios.neutron.utils [-] Running this scenario without either the 'network' or 'existing_network' context is deprecated
2019-12-09 11:21:44.305 30320 INFO rally.task.runner [-] Task 659684be-26c0-4043-8977-25972a35de74 | ITER: 3 END: OK
2019-12-09 11:21:44.310 30320 INFO rally.task.runner [-] Task 659684be-26c0-4043-8977-25972a35de74 | ITER: 34 START
2019-12-09 11:21:44.310 30362 INFO rally.task.runner [-] Task 659684be-26c0-4043-8977-25972a35de74 | ITER: 19 END: OK
2019-12-09 11:21:44.310 30320 WARNING rally_openstack.scenarios.neutron.utils [-] Running this scenario without either the 'network' or 'existing_network' context is deprecated
2019-12-09 11:21:44.316 30362 INFO rally.task.runner [-] Task 659684be-26c0-4043-8977-25972a35de74 | ITER: 35 START
2019-12-09 11:21:44.316 30362 WARNING rally_openstack.scenarios.neutron.utils [-] Running this scenario without either the 'network' or 'existing_network' context is deprecated
2019-12-09 11:21:44.342 30321 INFO rally.task.runner [-] Task 659684be-26c0-4043-8977-25972a35de74 | ITER: 5 END: OK
2019-12-09 11:21:44.346 30321 INFO rally.task.runner [-] Task 659684be-26c0-4043-8977-25972a35de74 | ITER: 36 START
2019-12-09 11:21:44.347 30321 WARNING rally_openstack.scenarios.neutron.utils [-] Running this scenario without either the 'network' or 'existing_network' context is deprecated
2019-12-09 11:21:44.471 30347 INFO rally.task.runner [-] Task 659684be-26c0-4043-8977-25972a35de74 | ITER: 14 END: OK
2019-12-09 11:21:44.477 30347 INFO rally.task.runner [-] Task 659684be-26c0-4043-8977-25972a35de74 | ITER: 37 START
2019-12-09 11:21:44.477 30347 WARNING rally_openstack.scenarios.neutron.utils [-] Running this scenario without either the 'network' or 'existing_network' context is deprecated
2019-12-09 11:21:44.477 30322 INFO rally.task.runner [-] Task 659684be-26c0-4043-8977-25972a35de74 | ITER: 4 END: OK
2019-12-09 11:21:44.483 30322 INFO rally.task.runner [-] Task 659684be-26c0-4043-8977-25972a35de74 | ITER: 38 START
2019-12-09 11:21:44.484 30322 WARNING rally_openstack.scenarios.neutron.utils [-] Running this scenario without either the 'network' or 'existing_network' context is deprecated
2019-12-09 11:21:45.370 30358 INFO rally.task.runner [-] Task 659684be-26c0-4043-8977-25972a35de74 | ITER: 17 END: OK
2019-12-09 11:21:45.375 30358 INFO rally.task.runner [-] Task 659684be-26c0-4043-8977-25972a35de74 | ITER: 39 START
2019-12-09 11:21:45.376 30358 WARNING rally_openstack.scenarios.neutron.utils [-] Running this scenario without either the 'network' or 'existing_network' context is deprecated
2019-12-09 11:21:46.033 30322 INFO rally.task.runner [-] Task 659684be-26c0-4043-8977-25972a35de74 | ITER: 7 END: OK
2019-12-09 11:21:46.038 30322 INFO rally.task.runner [-] Task 659684be-26c0-4043-8977-25972a35de74 | ITER: 40 START
2019-12-09 11:21:46.039 30322 WARNING rally_openstack.scenarios.neutron.utils [-] Running this scenario without either the 'network' or 'existing_network' context is deprecated
2019-12-09 11:21:50.112 30323 INFO rally.task.runner [-] Task 659684be-26c0-4043-8977-25972a35de74 | ITER: 22 END: OK
2019-12-09 11:21:51.313 30355 INFO rally.task.runner [-] Task 659684be-26c0-4043-8977-25972a35de74 | ITER: 28 END: OK
2019-12-09 11:21:51.622 30320 INFO rally.task.runner [-] Task 659684be-26c0-4043-8977-25972a35de74 | ITER: 23 END: OK
2019-12-09 11:21:51.652 30365 INFO rally.task.runner [-] Task 659684be-26c0-4043-8977-25972a35de74 | ITER: 24 END: OK
2019-12-09 11:21:51.767 30359 INFO rally.task.runner [-] Task 659684be-26c0-4043-8977-25972a35de74 | ITER: 21 END: OK
2019-12-09 11:21:52.447 30321 INFO rally.task.runner [-] Task 659684be-26c0-4043-8977-25972a35de74 | ITER: 29 END: OK
2019-12-09 11:21:52.562 30347 INFO rally.task.runner [-] Task 659684be-26c0-4043-8977-25972a35de74 | ITER: 37 END: OK
2019-12-09 11:21:52.577 30346 INFO rally.task.runner [-] Task 659684be-26c0-4043-8977-25972a35de74 | ITER: 31 END: OK
2019-12-09 11:21:52.822 30320 INFO rally.task.runner [-] Task 659684be-26c0-4043-8977-25972a35de74 | ITER: 34 END: OK
2019-12-09 11:21:53.109 30350 INFO rally.task.runner [-] Task 659684be-26c0-4043-8977-25972a35de74 | ITER: 30 END: OK
2019-12-09 11:21:53.112 30324 INFO rally.task.runner [-] Task 659684be-26c0-4043-8977-25972a35de74 | ITER: 32 END: OK
2019-12-09 11:21:53.143 30323 INFO rally.task.runner [-] Task 659684be-26c0-4043-8977-25972a35de74 | ITER: 27 END: OK
2019-12-09 11:21:53.191 30362 INFO rally.task.runner [-] Task 659684be-26c0-4043-8977-25972a35de74 | ITER: 35 END: OK
2019-12-09 11:21:53.319 30340 INFO rally.task.runner [-] Task 659684be-26c0-4043-8977-25972a35de74 | ITER: 26 END: OK
2019-12-09 11:21:53.350 30322 INFO rally.task.runner [-] Task 659684be-26c0-4043-8977-25972a35de74 | ITER: 38 END: OK
2019-12-09 11:21:53.410 30358 INFO rally.task.runner [-] Task 659684be-26c0-4043-8977-25972a35de74 | ITER: 39 END: OK
2019-12-09 11:21:53.420 30321 INFO rally.task.runner [-] Task 659684be-26c0-4043-8977-25972a35de74 | ITER: 36 END: OK
2019-12-09 11:21:53.422 30332 INFO rally.task.runner [-] Task 659684be-26c0-4043-8977-25972a35de74 | ITER: 33 END: OK
2019-12-09 11:21:53.998 30327 INFO rally.task.runner [-] Task 659684be-26c0-4043-8977-25972a35de74 | ITER: 25 END: OK
2019-12-09 11:21:54.127 30322 INFO rally.task.runner [-] Task 659684be-26c0-4043-8977-25972a35de74 | ITER: 40 END: OK
2019-12-09 11:21:54.159 26244 INFO rally.task.context [-] Task 659684be-26c0-4043-8977-25972a35de74 | Context cleanup@openstack cleanup() started
2019-12-09 11:21:54.162 26244 RALLYDEBUG rally_openstack.cleanup.manager [-] Cleaning up neutron vip objects
2019-12-09 11:21:54.555 26244 RALLYDEBUG rally_openstack.cleanup.manager [-] Cleaning up neutron health_monitor objects
2019-12-09 11:21:54.958 26244 RALLYDEBUG rally_openstack.cleanup.manager [-] Cleaning up neutron pool objects
2019-12-09 11:21:55.347 26244 RALLYDEBUG rally_openstack.cleanup.manager [-] Cleaning up neutron loadbalancer objects
2019-12-09 11:21:55.742 26244 RALLYDEBUG rally_openstack.cleanup.manager [-] Cleaning up neutron floatingip objects
2019-12-09 11:21:56.179 26244 RALLYDEBUG rally_openstack.cleanup.manager [-] Cleaning up neutron trunk objects
2019-12-09 11:21:56.599 26244 RALLYDEBUG rally_openstack.cleanup.manager [-] Cleaning up neutron port objects
2019-12-09 11:21:57.434 26244 RALLYDEBUG rally_openstack.cleanup.manager [-] Deleting neutron.port object s_rally_df7cc4f5_DmKyUJES (0fc6750b-bbc7-4a12-95e1-5dd17648f0a8)
2019-12-09 11:21:57.435 26244 RALLYDEBUG rally_openstack.cleanup.manager [-] Deleting neutron.port object s_rally_df7cc4f5_v2Zwgjki (029f8b50-2e81-4a3c-8e59-18cad7af0be9)
2019-12-09 11:21:57.437 26244 RALLYDEBUG rally_openstack.cleanup.manager [-] Deleting neutron.port object s_rally_df7cc4f5_acZvEPmj (1030b3b9-31b2-4ea4-afaf-1490cdb9b780)
2019-12-09 11:21:57.443 26244 RALLYDEBUG rally_openstack.cleanup.manager [-] Deleting neutron.port object s_rally_df7cc4f5_sq7aolrX (094efa7a-9e3f-48b3-9f50-80c1a1d3ec33)
2019-12-09 11:21:57.448 26244 RALLYDEBUG rally_openstack.cleanup.manager [-] Deleting neutron.port object s_rally_df7cc4f5_NyhIkcuM (172237ba-6f7e-4d44-97c2-b473e863e2e5)
2019-12-09 11:21:57.451 26244 RALLYDEBUG rally_openstack.cleanup.manager [-] Deleting neutron.port object s_rally_df7cc4f5_ErzXL1ce (05daa15f-c586-4978-a17c-030628b238dd)
2019-12-09 11:21:57.452 26244 RALLYDEBUG rally_openstack.cleanup.manager [-] Deleting neutron.port object s_rally_df7cc4f5_ywNADilq (14e63b67-da4a-4d2c-a092-be77993989b8)
2019-12-09 11:21:57.454 26244 RALLYDEBUG rally_openstack.cleanup.manager [-] Deleting neutron.port object s_rally_df7cc4f5_6KBHSDXE (009fa35b-fbf1-43e2-be8f-c2db85c1ba49)
2019-12-09 11:21:57.453 26244 RALLYDEBUG rally_openstack.cleanup.manager [-] Deleting neutron.port object s_rally_df7cc4f5_RiWDImKD (07f4ffef-1ef5-4f17-8dcb-b43eeb8864d7)
2019-12-09 11:21:57.459 26244 RALLYDEBUG rally_openstack.cleanup.manager [-] Deleting neutron.port object s_rally_df7cc4f5_dzB8gPrJ (0cae67d3-36fc-408f-a343-4167f1383933)
2019-12-09 11:21:57.469 26244 RALLYDEBUG rally_openstack.cleanup.manager [-] Deleting neutron.port object s_rally_df7cc4f5_56fI8Wtv (0dd67e7c-5575-4f81-add6-3d6dbc65a6fc)
2019-12-09 11:21:57.471 26244 RALLYDEBUG rally_openstack.cleanup.manager [-] Deleting neutron.port object s_rally_df7cc4f5_YjlkRPdY (16f9b598-290a-4b30-8f77-cd5df49f5ea0)
2019-12-09 11:21:57.472 26244 RALLYDEBUG rally_openstack.cleanup.manager [-] Deleting neutron.port object s_rally_df7cc4f5_NGDtTIbn (15f590e4-55f9-46df-a3f1-8699e00f0746)
2019-12-09 11:21:57.475 26244 RALLYDEBUG rally_openstack.cleanup.manager [-] Deleting neutron.port object s_rally_df7cc4f5_Fmf6XZH4 (06416b2d-6bf8-4c07-9dc5-1f520509094a)
2019-12-09 11:21:57.478 26244 RALLYDEBUG rally_openstack.cleanup.manager [-] Deleting neutron.port object s_rally_df7cc4f5_t9eGCrSd (05b0bcbf-f812-42aa-9d7b-c4802aa803b4)
2019-12-09 11:21:57.483 26244 RALLYDEBUG rally_openstack.cleanup.manager [-] Deleting neutron.port object s_rally_df7cc4f5_6FARjHkE (1dba1c3b-3480-4ea3-bf67-37a7cc43ea2d)
2019-12-09 11:21:57.496 26244 RALLYDEBUG rally_openstack.cleanup.manager [-] Deleting neutron.port object s_rally_df7cc4f5_ZiuD7G3p (0e5852b3-34cb-431c-981f-e283695b2139)
2019-12-09 11:21:57.497 26244 RALLYDEBUG rally_openstack.cleanup.manager [-] Deleting neutron.port object s_rally_df7cc4f5_qrH8rNy4 (1c1630a3-c689-497a-875c-4f65b1b71274)
2019-12-09 11:21:57.509 26244 RALLYDEBUG rally_openstack.cleanup.manager [-] Deleting neutron.port object s_rally_df7cc4f5_TsU2n7MS (233f9098-baaf-4463-b314-71319d41f7a9)
2019-12-09 11:21:57.515 26244 RALLYDEBUG rally_openstack.cleanup.manager [-] Deleting neutron.port object s_rally_df7cc4f5_v0hZvifs (2104911d-2fac-4aff-b07c-6d59931299b0)
2019-12-09 11:21:59.573 26244 RALLYDEBUG rally_openstack.cleanup.manager [-] Deleting neutron.port object s_rally_df7cc4f5_mV3vU3SO (24aefc7b-6d66-464a-a489-24079820dc8d)
2019-12-09 11:21:59.700 26244 RALLYDEBUG rally_openstack.cleanup.manager [-] Deleting neutron.port object s_rally_df7cc4f5_FfIqu3sU (28c9aea8-852d-4e88-a2f2-7db7e468fb42)
2019-12-09 11:21:59.701 26244 RALLYDEBUG rally_openstack.cleanup.manager [-] Deleting neutron.port object s_rally_df7cc4f5_mwv0eXCv (299e7037-9715-401c-aca0-729519ff42b7)
2019-12-09 11:21:59.701 26244 RALLYDEBUG rally_openstack.cleanup.manager [-] Deleting neutron.port object s_rally_df7cc4f5_AMAiMB75 (2582d8ee-ab35-40bc-8913-a9e1d73d9022)
2019-12-09 11:21:59.723 26244 RALLYDEBUG rally_openstack.cleanup.manager [-] Deleting neutron.port object s_rally_df7cc4f5_vdl5MdoS (2a13db1b-4c19-4e93-8740-b8fe4bd299fe)
2019-12-09 11:21:59.788 26244 RALLYDEBUG rally_openstack.cleanup.manager [-] Deleting neutron.port object s_rally_df7cc4f5_i2dHQHE6 (2abe3661-8243-4d5b-baba-40e02e13c3b0)
2019-12-09 11:21:59.862 26244 RALLYDEBUG rally_openstack.cleanup.manager [-] Deleting neutron.port object s_rally_df7cc4f5_preh3HB0 (2ac06246-a515-4e04-a38a-8b8ae2130d35)
2019-12-09 11:21:59.890 26244 RALLYDEBUG rally_openstack.cleanup.manager [-] Deleting neutron.port object s_rally_df7cc4f5_bkfbtMyW (2b4cf6b4-5938-41f3-b3fd-1926639b7bd6)
2019-12-09 11:21:59.907 26244 RALLYDEBUG rally_openstack.cleanup.manager [-] Deleting neutron.port object s_rally_df7cc4f5_7La1T2Ac (2f487c1e-4f27-4044-a079-23f8e1949960)
2019-12-09 11:22:00.069 26244 RALLYDEBUG rally_openstack.cleanup.manager [-] Deleting neutron.port object s_rally_df7cc4f5_N8DlHHus (2fa7d46e-f8cf-4822-8be6-e59f6399819e)
2019-12-09 11:22:00.082 26244 RALLYDEBUG rally_openstack.cleanup.manager [-] Deleting neutron.port object s_rally_df7cc4f5_2mMUoSCF (2fe25839-b0da-4013-b87c-61b8df7e03ff)
2019-12-09 11:22:00.088 26244 RALLYDEBUG rally_openstack.cleanup.manager [-] Deleting neutron.port object s_rally_df7cc4f5_cUK77RTw (3028d1ce-38ef-47b4-a64b-dae8b1a5748c)
2019-12-09 11:22:00.106 26244 RALLYDEBUG rally_openstack.cleanup.manager [-] Deleting neutron.port object s_rally_df7cc4f5_gO43CJUi (33a79cf8-0e3f-4177-9e34-3f16368e923a)
2019-12-09 11:22:00.106 26244 RALLYDEBUG rally_openstack.cleanup.manager [-] Deleting neutron.port object s_rally_df7cc4f5_u8eHiaLn (30640750-23ef-4522-b1c6-81b3bb661921)
2019-12-09 11:22:00.120 26244 RALLYDEBUG rally_openstack.cleanup.manager [-] Deleting neutron.port object s_rally_df7cc4f5_wTS95q1Y (37ecb3f1-ef8f-4e69-8f00-c3eb0febaaa8)
2019-12-09 11:22:00.232 26244 RALLYDEBUG rally_openstack.cleanup.manager [-] Deleting neutron.port object s_rally_df7cc4f5_NzlFdFsZ (388e2622-c37a-4cea-90c5-7d6e6e92b7e1)
2019-12-09 11:22:00.261 26244 RALLYDEBUG rally_openstack.cleanup.manager [-] Deleting neutron.port object s_rally_df7cc4f5_g6xuYbjp (389806fd-5c58-4691-9e73-e05f974cbbe4)
2019-12-09 11:22:00.266 26244 RALLYDEBUG rally_openstack.cleanup.manager [-] Deleting neutron.port object s_rally_df7cc4f5_so3N68TB (39db9688-e7be-4b08-91d3-06352ff1d168)
2019-12-09 11:22:00.424 26244 RALLYDEBUG rally_openstack.cleanup.manager [-] Deleting neutron.port object s_rally_df7cc4f5_6A7uEp8L (3a564142-f0ab-408d-8249-11d6e94f173e)
2019-12-09 11:22:00.484 26244 RALLYDEBUG rally_openstack.cleanup.manager [-] Deleting neutron.port object s_rally_df7cc4f5_snM1HLpI (3ac1d181-5bd7-4c59-9d14-ec0063045fa4)
2019-12-09 11:22:01.369 26244 RALLYDEBUG rally_openstack.cleanup.manager [-] Deleting neutron.port object s_rally_df7cc4f5_Rzm16xyb (3cced01c-5bc4-463c-b7e6-195718c8bcaf)
2019-12-09 11:22:01.795 26244 RALLYDEBUG rally_openstack.cleanup.manager [-] Deleting neutron.port object s_rally_df7cc4f5_pROjdq7p (3cd99451-80ad-4332-bb48-c83a6924b06b)
2019-12-09 11:22:01.810 26244 RALLYDEBUG rally_openstack.cleanup.manager [-] Deleting neutron.port object s_rally_df7cc4f5_8IXtZ2Q3 (3e93ca7f-faf5-4dc8-84d2-7aa771ca7cca)
2019-12-09 11:22:01.836 26244 RALLYDEBUG rally_openstack.cleanup.manager [-] Deleting neutron.port object s_rally_df7cc4f5_xrmx2UUX (3eebe9bc-ea1c-4720-9bde-7920ebdda722)
2019-12-09 11:22:01.972 26244 RALLYDEBUG rally_openstack.cleanup.manager [-] Deleting neutron.port object s_rally_df7cc4f5_aMfoQEqE (40777be1-fd4a-4ca3-b734-50f684942358)
2019-12-09 11:22:02.020 26244 RALLYDEBUG rally_openstack.cleanup.manager [-] Deleting neutron.port object s_rally_df7cc4f5_L098qX7r (40fecb64-3f8b-4a73-9a0b-e298c58e8770)
2019-12-09 11:22:02.065 26244 RALLYDEBUG rally_openstack.cleanup.manager [-] Deleting neutron.port object s_rally_df7cc4f5_6a654Cst (421cd5ab-d21f-4b64-b876-e1885c4ab6be)
2019-12-09 11:22:02.228 26244 RALLYDEBUG rally_openstack.cleanup.manager [-] Deleting neutron.port object s_rally_df7cc4f5_YcJ0jVlV (4311232c-9699-4565-8d39-a13827a298c3)
2019-12-09 11:22:02.246 26244 RALLYDEBUG rally_openstack.cleanup.manager [-] Deleting neutron.port object s_rally_df7cc4f5_1rnwEW4J (4387be0b-2616-4d83-9704-39c7ef13576e)
2019-12-09 11:22:02.255 26244 RALLYDEBUG rally_openstack.cleanup.manager [-] Deleting neutron.port object s_rally_df7cc4f5_D9ROT3rb (447465c3-da8b-4a1a-858f-c4ba65d5e72e)
2019-12-09 11:22:02.275 26244 RALLYDEBUG rally_openstack.cleanup.manager [-] Deleting neutron.port object s_rally_df7cc4f5_FAOhcNhY (448126c8-7598-435c-bc04-0bf406c6bba9)
2019-12-09 11:22:02.316 26244 RALLYDEBUG rally_openstack.cleanup.manager [-] Deleting neutron.port object s_rally_df7cc4f5_qTKbEQQg (448a7663-071c-47f7-b155-3305ba629a22)
2019-12-09 11:22:02.363 26244 RALLYDEBUG rally_openstack.cleanup.manager [-] Deleting neutron.port object s_rally_df7cc4f5_ZzMAVX6a (44ad6584-960a-4247-b17d-d33bacd3cde0)
2019-12-09 11:22:02.424 26244 RALLYDEBUG rally_openstack.cleanup.manager [-] Deleting neutron.port object s_rally_df7cc4f5_OD9VJRCK (474cbcb6-c65c-40f3-b606-6a2ff6146b51)
2019-12-09 11:22:02.460 26244 RALLYDEBUG rally_openstack.cleanup.manager [-] Deleting neutron.port object s_rally_df7cc4f5_mIc0u8Ql (477f0df0-0cb3-46a3-89c3-66a06e5f2d52)
2019-12-09 11:22:02.524 26244 RALLYDEBUG rally_openstack.cleanup.manager [-] Deleting neutron.port object s_rally_df7cc4f5_2Eee3XwZ (49d1f2a0-f9ad-4cfd-be32-3c38b493e45f)
2019-12-09 11:22:02.650 26244 RALLYDEBUG rally_openstack.cleanup.manager [-] Deleting neutron.port object s_rally_df7cc4f5_nQKY5HlZ (49ec587b-a2f2-4ed1-8b5e-894d242f561c)
2019-12-09 11:22:02.704 26244 RALLYDEBUG rally_openstack.cleanup.manager [-] Deleting neutron.port object s_rally_df7cc4f5_JgCqSCdK (4b8fe6c2-417a-419d-8a4a-9bafd5a8b979)
2019-12-09 11:22:02.991 26244 RALLYDEBUG rally_openstack.cleanup.manager [-] Deleting neutron.port object s_rally_df7cc4f5_rjOXRNMd (4fed44ca-a40e-42d5-b7d0-bbcc3e6c29c7)
2019-12-09 11:22:02.995 26244 RALLYDEBUG rally_openstack.cleanup.manager [-] Deleting neutron.port object s_rally_df7cc4f5_TS2xkJXc (4ffc63b2-0edf-4e3a-b499-85cdd360b05d)
