2019-12-09 11:22:03.431 26244 RALLYDEBUG rally_openstack.cleanup.manager [-] Deleting neutron.port object s_rally_df7cc4f5_9jMCe6eI (523f14b4-2cf3-410d-9685-46557a5ef12f)
2019-12-09 11:22:03.596 26244 RALLYDEBUG rally_openstack.cleanup.manager [-] Deleting neutron.port object s_rally_df7cc4f5_BjVSrhX3 (538e6414-4da8-421d-a886-747be8a856d8)
2019-12-09 11:22:03.661 26244 RALLYDEBUG rally_openstack.cleanup.manager [-] Deleting neutron.port object s_rally_df7cc4f5_4Ttk5wKw (552d4ee7-3cf8-49e2-b98c-d2cf3e6dc05b)
2019-12-09 11:22:03.853 26244 RALLYDEBUG rally_openstack.cleanup.manager [-] Deleting neutron.port object s_rally_df7cc4f5_lnVn6f0J (55cbb890-10aa-4c0e-a11d-7277e109ffcb)
2019-12-09 11:22:03.856 26244 RALLYDEBUG rally_openstack.cleanup.manager [-] Deleting neutron.port object s_rally_df7cc4f5_rOuev4Dy (594b5028-ddbd-486c-a53b-3373f3ea84d0)
2019-12-09 11:22:03.918 26244 RALLYDEBUG rally_openstack.cleanup.manager [-] Deleting neutron.port object s_rally_df7cc4f5_ACk4x1pg (5e06d002-86e0-4094-b148-6ec262ea1821)
2019-12-09 11:22:03.919 26244 RALLYDEBUG rally_openstack.cleanup.manager [-] Deleting neutron.port object s_rally_df7cc4f5_0Xuf7GC3 (5f425880-db1c-4adc-914b-79d5a5e20112)
2019-12-09 11:22:04.136 26244 RALLYDEBUG rally_openstack.cleanup.manager [-] Deleting neutron.port object s_rally_df7cc4f5_XbTNqfs7 (5f77efb8-d2d6-437e-bfaf-074137df4aed)
2019-12-09 11:22:04.208 26244 RALLYDEBUG rally_openstack.cleanup.manager [-] Deleting neutron.port object s_rally_df7cc4f5_JXY8e3oZ (622068e0-0414-4fa9-ad7c-f3d7717079aa)
2019-12-09 11:22:04.277 26244 RALLYDEBUG rally_openstack.cleanup.manager [-] Deleting neutron.port object s_rally_df7cc4f5_b23BZnaT (6263206a-41a7-4d5c-ab65-32119b33c5c6)
2019-12-09 11:22:04.292 26244 RALLYDEBUG rally_openstack.cleanup.manager [-] Deleting neutron.port object s_rally_df7cc4f5_hWTVzN00 (650c6398-bca5-4807-90ef-f3d86b6abe5f)
2019-12-09 11:22:04.379 26244 RALLYDEBUG rally_openstack.cleanup.manager [-] Deleting neutron.port object s_rally_df7cc4f5_CHBeX80I (66355c9b-6b56-4b68-8d40-e42af72f64fc)
2019-12-09 11:22:04.392 26244 RALLYDEBUG rally_openstack.cleanup.manager [-] Deleting neutron.port object s_rally_df7cc4f5_4DQWiAXG (68a8a817-a27c-4591-bd56-a15f28ace0c6)
2019-12-09 11:22:04.432 26244 RALLYDEBUG rally_openstack.cleanup.manager [-] Deleting neutron.port object s_rally_df7cc4f5_fO3wjdgo (69f61942-0003-4267-840a-6ea2651c59a5)
2019-12-09 11:22:04.523 26244 RALLYDEBUG rally_openstack.cleanup.manager [-] Deleting neutron.port object s_rally_df7cc4f5_RphwidVd (6c6c9f3f-809f-4f44-a3d3-167fa3f454a0)
2019-12-09 11:22:04.539 26244 RALLYDEBUG rally_openstack.cleanup.manager [-] Deleting neutron.port object s_rally_df7cc4f5_ZszzBMKa (6c9de729-ac0c-422c-8cba-28f7b279d9b2)
2019-12-09 11:22:04.549 26244 RALLYDEBUG rally_openstack.cleanup.manager [-] Deleting neutron.port object s_rally_df7cc4f5_gzaKRkue (6ec0160d-4ec6-4d87-b5ae-00466d9c9b80)
2019-12-09 11:22:04.557 26244 RALLYDEBUG rally_openstack.cleanup.manager [-] Deleting neutron.port object s_rally_df7cc4f5_tXw91IQx (709a93f3-5d93-4677-b730-b4be01b0c0f6)
2019-12-09 11:22:04.792 26244 RALLYDEBUG rally_openstack.cleanup.manager [-] Deleting neutron.port object s_rally_df7cc4f5_LgQ9PEh4 (7127cbfe-1b29-4793-90a4-89403193249a)
2019-12-09 11:22:04.811 26244 RALLYDEBUG rally_openstack.cleanup.manager [-] Deleting neutron.port object s_rally_df7cc4f5_8a4DvEo5 (72ae55e9-0a08-4a20-a8a3-1c08eb6da8ac)
2019-12-09 11:22:05.195 26244 RALLYDEBUG rally_openstack.cleanup.manager [-] Deleting neutron.port object s_rally_df7cc4f5_yCIHixtM (73c7b9b3-4c47-427c-923d-db15654f34f6)
2019-12-09 11:22:05.375 26244 RALLYDEBUG rally_openstack.cleanup.manager [-] Deleting neutron.port object s_rally_df7cc4f5_MT7J5suO (75b85520-3b46-4a9e-97c9-38bff135711c)
2019-12-09 11:22:05.404 26244 RALLYDEBUG rally_openstack.cleanup.manager [-] Deleting neutron.port object s_rally_df7cc4f5_eVzYqrfV (76114407-9821-4ea3-95a2-8eae8faa8cea)
2019-12-09 11:22:05.752 26244 RALLYDEBUG rally_openstack.cleanup.manager [-] Deleting neutron.port object s_rally_df7cc4f5_kWa20ngu (76ef2075-440a-4e49-bc86-1456bda764a3)
2019-12-09 11:22:06.017 26244 RALLYDEBUG rally_openstack.cleanup.manager [-] Deleting neutron.port object s_rally_df7cc4f5_0177P9JM (77fa2d3f-722e-4b20-b9e4-b7ab5510c280)
2019-12-09 11:22:06.030 26244 RALLYDEBUG rally_openstack.cleanup.manager [-] Deleting neutron.port object s_rally_df7cc4f5_8l50InCD (79447069-c587-4169-a31a-62141618b0b1)
2019-12-09 11:22:06.110 26244 RALLYDEBUG rally_openstack.cleanup.manager [-] Deleting neutron.port object s_rally_df7cc4f5_3HYCxvNx (7a61319d-b27f-4376-a551-34a51e3eb1e7)
2019-12-09 11:22:06.155 26244 RALLYDEBUG rally_openstack.cleanup.manager [-] Deleting neutron.port object s_rally_df7cc4f5_wjStT59b (7a84249b-6b96-4269-a290-9e4bd8f9c4b6)
2019-12-09 11:22:06.187 26244 RALLYDEBUG rally_openstack.cleanup.manager [-] Deleting neutron.port object s_rally_df7cc4f5_NrwiofdZ (7bfdcee4-c382-4228-9821-03ba9098a664)
2019-12-09 11:22:06.226 26244 RALLYDEBUG rally_openstack.cleanup.manager [-] Deleting neutron.port object s_rally_df7cc4f5_OLnV16CT (7d57689d-7c48-4f41-abea-e5cd579a8381)
2019-12-09 11:22:06.365 26244 RALLYDEBUG rally_openstack.cleanup.manager [-] Deleting neutron.port object s_rally_df7cc4f5_keWXHlwV (80960001-247d-4231-92a1-70441d138d54)
2019-12-09 11:22:06.442 26244 RALLYDEBUG rally_openstack.cleanup.manager [-] Deleting neutron.port object s_rally_df7cc4f5_ciSBZT0X (80b22282-7c49-480b-8599-995ce9d1b628)
2019-12-09 11:22:06.451 26244 RALLYDEBUG rally_openstack.cleanup.manager [-] Deleting neutron.port object s_rally_df7cc4f5_SsUEgMN2 (820b94e3-8b50-48d8-8060-33b6047ed218)
2019-12-09 11:22:06.529 26244 RALLYDEBUG rally_openstack.cleanup.manager [-] Deleting neutron.port object s_rally_df7cc4f5_HjaM6qvZ (82863695-5a0e-472d-8086-370fcd7df205)
2019-12-09 11:22:06.547 26244 RALLYDEBUG rally_openstack.cleanup.manager [-] Deleting neutron.port object s_rally_df7cc4f5_PaTzcXHt (8509984a-bd12-4ca5-b838-acd216e83be9)
2019-12-09 11:22:06.586 26244 RALLYDEBUG rally_openstack.cleanup.manager [-] Deleting neutron.port object s_rally_df7cc4f5_isgk1elY (880e2e0c-a9a5-43ee-a7c0-8d924ac3336c)
2019-12-09 11:22:06.623 26244 RALLYDEBUG rally_openstack.cleanup.manager [-] Deleting neutron.port object s_rally_df7cc4f5_OIU2VVwF (88f0bb64-d110-48ca-8b25-9eb2c0e3459e)
2019-12-09 11:22:06.657 26244 RALLYDEBUG rally_openstack.cleanup.manager [-] Deleting neutron.port object s_rally_df7cc4f5_CeVf3E3e (8b148fef-804d-416c-8bb5-b292c9c6b15c)
2019-12-09 11:22:06.716 26244 RALLYDEBUG rally_openstack.cleanup.manager [-] Deleting neutron.port object s_rally_df7cc4f5_t7C8WEBe (8baabebd-b546-417f-9bf6-f95120d7d62e)
2019-12-09 11:22:06.810 26244 RALLYDEBUG rally_openstack.cleanup.manager [-] Deleting neutron.port object s_rally_df7cc4f5_Aezt23Zy (8ce494d7-1336-4e7f-8d25-c30c259eaf8b)
2019-12-09 11:22:06.950 26244 RALLYDEBUG rally_openstack.cleanup.manager [-] Deleting neutron.port object s_rally_df7cc4f5_EJFcJo61 (8dd6525a-dbbd-49b2-8978-9db6f94b6311)
2019-12-09 11:22:07.134 26244 RALLYDEBUG rally_openstack.cleanup.manager [-] Deleting neutron.port object s_rally_df7cc4f5_wkA2Bhbu (8e5f098c-0f2f-4612-b433-58da0e5e6911)
2019-12-09 11:22:07.433 26244 RALLYDEBUG rally_openstack.cleanup.manager [-] Deleting neutron.port object s_rally_df7cc4f5_1GVgvr6H (8e65cc9d-9cf2-40d1-a158-982751ba2f0f)
2019-12-09 11:22:07.516 26244 RALLYDEBUG rally_openstack.cleanup.manager [-] Deleting neutron.port object s_rally_df7cc4f5_OndpzxTq (8e9114b7-0b94-41f4-9e0d-7100f3fc88ed)
2019-12-09 11:22:08.004 26244 RALLYDEBUG rally_openstack.cleanup.manager [-] Deleting neutron.port object s_rally_df7cc4f5_YP7rOLGu (8ea65ccf-0c31-4b49-a07a-0e963ccbd5e8)
2019-12-09 11:22:08.030 26244 RALLYDEBUG rally_openstack.cleanup.manager [-] Deleting neutron.port object s_rally_df7cc4f5_AOM1kF2k (8ee49415-3e47-49a0-bfa5-c9d649e23b1b)
2019-12-09 11:22:08.060 26244 RALLYDEBUG rally_openstack.cleanup.manager [-] Deleting neutron.port object s_rally_df7cc4f5_it6syfXB (8ee50043-a69f-4693-865d-84b77adf38e5)
2019-12-09 11:22:08.141 26244 RALLYDEBUG rally_openstack.cleanup.manager [-] Deleting neutron.port object s_rally_df7cc4f5_KZvIK43e (90f5597a-f8a7-4be5-a61f-1d2bde2222fb)
2019-12-09 11:22:08.239 26244 RALLYDEBUG rally_openstack.cleanup.manager [-] Deleting neutron.port object s_rally_df7cc4f5_If1cK7JZ (92d98da5-546b-4cfb-971d-c6fd490e1f79)
2019-12-09 11:22:08.396 26244 RALLYDEBUG rally_openstack.cleanup.manager [-] Deleting neutron.port object s_rally_df7cc4f5_QhqDmSJL (9458483f-c51e-44bf-9802-35fd6a4b4b02)
2019-12-09 11:22:08.425 26244 RALLYDEBUG rally_openstack.cleanup.manager [-] Deleting neutron.port object s_rally_df7cc4f5_eR1jClUL (9464abcb-ec1a-4e71-b54e-10ed842e4402)
2019-12-09 11:22:08.442 26244 RALLYDEBUG rally_openstack.cleanup.manager [-] Deleting neutron.port object s_rally_df7cc4f5_YX9qqWGo (9473df81-a7eb-4356-87d8-66a0618069e4)
2019-12-09 11:22:08.478 26244 RALLYDEBUG rally_openstack.cleanup.manager [-] Deleting neutron.port object s_rally_df7cc4f5_93fUm9PJ (96d55a06-c0c2-4579-92d8-cf5906295c0e)
2019-12-09 11:22:08.511 26244 RALLYDEBUG rally_openstack.cleanup.manager [-] Deleting neutron.port object s_rally_df7cc4f5_ZpuQ1e9u (9b71b3e8-75e7-468a-a607-cfcf1a89893d)
2019-12-09 11:22:08.527 26244 RALLYDEBUG rally_openstack.cleanup.manager [-] Deleting neutron.port object s_rally_df7cc4f5_9Vgfg63q (9d7af271-c16f-4167-82a6-4d7be14f2200)
2019-12-09 11:22:08.560 26244 RALLYDEBUG rally_openstack.cleanup.manager [-] Deleting neutron.port object s_rally_df7cc4f5_TDdBfubf (9eca1d1d-af7e-4a99-882e-de694c2c52bb)
2019-12-09 11:22:08.718 26244 RALLYDEBUG rally_openstack.cleanup.manager [-] Deleting neutron.port object s_rally_df7cc4f5_hiT3RaFG (a1df2b7f-c0ab-4fbe-a26d-cf2170bd2f73)
2019-12-09 11:22:08.778 26244 RALLYDEBUG rally_openstack.cleanup.manager [-] Deleting neutron.port object s_rally_df7cc4f5_7sjsJdmu (a3da2d2e-38de-4603-8671-05bc825672d7)
2019-12-09 11:22:08.961 26244 RALLYDEBUG rally_openstack.cleanup.manager [-] Deleting neutron.port object s_rally_df7cc4f5_eHC1l7jn (a4127fbf-2dbd-4201-95fb-89e9dde04c12)
2019-12-09 11:22:09.036 26244 RALLYDEBUG rally_openstack.cleanup.manager [-] Deleting neutron.port object s_rally_df7cc4f5_Ftzb0eCH (a4f7a6d8-f8e5-499f-af38-2e64502b97ad)
2019-12-09 11:22:09.122 26244 RALLYDEBUG rally_openstack.cleanup.manager [-] Deleting neutron.port object s_rally_df7cc4f5_SqZkubQZ (a8eb43f5-b049-4e16-bdc3-0fd7b72e74f1)
2019-12-09 11:22:09.123 26244 RALLYDEBUG rally_openstack.cleanup.manager [-] Deleting neutron.port object s_rally_df7cc4f5_0oJPQ9yo (aad2ddb3-89e3-441d-b6fe-194dcb746767)
2019-12-09 11:22:09.199 26244 RALLYDEBUG rally_openstack.cleanup.manager [-] Deleting neutron.port object s_rally_df7cc4f5_esB1BpOk (adc92c69-201e-43f9-9688-3036b6ca5683)
2019-12-09 11:22:09.265 26244 RALLYDEBUG rally_openstack.cleanup.manager [-] Deleting neutron.port object s_rally_df7cc4f5_N4DW5LuT (b035bb61-a415-476b-9aef-95057877ee61)
2019-12-09 11:22:09.763 26244 RALLYDEBUG rally_openstack.cleanup.manager [-] Deleting neutron.port object s_rally_df7cc4f5_QrEjxzAz (b0dddbcb-9a82-4e35-89ef-b5623252d176)
2019-12-09 11:22:09.793 26244 RALLYDEBUG rally_openstack.cleanup.manager [-] Deleting neutron.port object s_rally_df7cc4f5_2k5g2ooz (b17671f8-4a11-47a6-8511-9cc7c35b98a2)
2019-12-09 11:22:09.796 26244 RALLYDEBUG rally_openstack.cleanup.manager [-] Deleting neutron.port object s_rally_df7cc4f5_Mwsc6Wtd (b1a8478e-74e7-4a41-96a6-265459688460)
2019-12-09 11:22:09.926 26244 RALLYDEBUG rally_openstack.cleanup.manager [-] Deleting neutron.port object s_rally_df7cc4f5_lrJdc5yA (b436c90f-0d16-4909-aba4-992798358113)
2019-12-09 11:22:10.242 26244 RALLYDEBUG rally_openstack.cleanup.manager [-] Deleting neutron.port object s_rally_df7cc4f5_6CNFQqFW (b5bf2738-6042-42b0-a741-e7cc53c05b3b)
2019-12-09 11:22:10.288 26244 RALLYDEBUG rally_openstack.cleanup.manager [-] Deleting neutron.port object s_rally_df7cc4f5_yMbFwNHl (b6bd6346-dc95-437c-9eff-0a1c0b93a3c6)
2019-12-09 11:22:10.352 26244 RALLYDEBUG rally_openstack.cleanup.manager [-] Deleting neutron.port object s_rally_df7cc4f5_6BWfoIZz (b733eb10-a18a-40d2-99bb-c29c3c9827d1)
2019-12-09 11:22:10.446 26244 RALLYDEBUG rally_openstack.cleanup.manager [-] Deleting neutron.port object s_rally_df7cc4f5_x43JqtGT (b8475330-21d1-4a7b-98c4-9a2faf3d27d1)
2019-12-09 11:22:10.478 26244 RALLYDEBUG rally_openstack.cleanup.manager [-] Deleting neutron.port object s_rally_df7cc4f5_5BEFYLwv (b9ba1e59-afca-4276-9a9d-35be37252a4e)
2019-12-09 11:22:10.495 26244 RALLYDEBUG rally_openstack.cleanup.manager [-] Deleting neutron.port object s_rally_df7cc4f5_BHXfCwYS (ba15bd8f-a16d-468c-894c-2bd75ce0466d)
2019-12-09 11:22:10.509 26244 RALLYDEBUG rally_openstack.cleanup.manager [-] Deleting neutron.port object s_rally_df7cc4f5_ix6Wu0OV (bd3c9681-4c73-4978-8a0c-8dfa046a01d2)
2019-12-09 11:22:10.513 26244 RALLYDEBUG rally_openstack.cleanup.manager [-] Deleting neutron.port object s_rally_df7cc4f5_1HaMRWtg (bc3159e4-ea5d-405a-9a49-0af70a868b22)
2019-12-09 11:22:10.735 26244 RALLYDEBUG rally_openstack.cleanup.manager [-] Deleting neutron.port object s_rally_df7cc4f5_4Ehw9PZC (bd687775-f8a7-4804-b7d6-44db5977ebc6)
2019-12-09 11:22:10.766 26244 RALLYDEBUG rally_openstack.cleanup.manager [-] Deleting neutron.port object s_rally_df7cc4f5_NQvtbsg3 (c02be86f-681b-4b1d-a003-985e6a1cccd7)
2019-12-09 11:22:10.790 26244 RALLYDEBUG rally_openstack.cleanup.manager [-] Deleting neutron.port object s_rally_df7cc4f5_4XOVBrGm (c46662fe-bdeb-4ba6-b971-88cf98c98b26)
2019-12-09 11:22:10.909 26244 RALLYDEBUG rally_openstack.cleanup.manager [-] Deleting neutron.port object s_rally_df7cc4f5_mVnMdUB5 (c491aec0-f8bd-4285-a1a0-65a4d0a5b5ef)
2019-12-09 11:22:10.947 26244 RALLYDEBUG rally_openstack.cleanup.manager [-] Deleting neutron.port object s_rally_df7cc4f5_Rgwtzw3f (c4d7ef53-fff3-4b83-98d0-6a952fe0e42e)
2019-12-09 11:22:11.060 26244 RALLYDEBUG rally_openstack.cleanup.manager [-] Deleting neutron.port object s_rally_df7cc4f5_bvNX71L5 (c6bf3432-7123-4718-b8c8-01a39d953b7a)
2019-12-09 11:22:11.077 26244 RALLYDEBUG rally_openstack.cleanup.manager [-] Deleting neutron.port object s_rally_df7cc4f5_tXs0EegH (c7e82801-b5b7-4118-980d-52b2d68ca326)
2019-12-09 11:22:11.247 26244 RALLYDEBUG rally_openstack.cleanup.manager [-] Deleting neutron.port object s_rally_df7cc4f5_r0zXSCXe (c932c7f5-3054-46c5-b998-5b51505f88dc)
2019-12-09 11:22:11.517 26244 RALLYDEBUG rally_openstack.cleanup.manager [-] Deleting neutron.port object s_rally_df7cc4f5_b1kCjwmb (ca367925-3515-4886-85b7-46bed886ff57)
2019-12-09 11:22:11.591 26244 RALLYDEBUG rally_openstack.cleanup.manager [-] Deleting neutron.port object s_rally_df7cc4f5_NQKzGTv1 (ca668ba0-e9cd-4bab-9c16-51cc04d6fbc2)
2019-12-09 11:22:11.597 26244 RALLYDEBUG rally_openstack.cleanup.manager [-] Deleting neutron.port object s_rally_df7cc4f5_yNrcA4qa (ca9d9027-3fca-441e-9e42-60285deca96c)
2019-12-09 11:22:11.720 26244 RALLYDEBUG rally_openstack.cleanup.manager [-] Deleting neutron.port object s_rally_df7cc4f5_KiAkU8tA (cd2989af-83d2-4d68-b3bf-a0f50d4abcd5)
2019-12-09 11:22:12.401 26244 RALLYDEBUG rally_openstack.cleanup.manager [-] Deleting neutron.port object s_rally_df7cc4f5_INU4alUY (cd6ac358-b772-4ccb-bcdb-ed71fbe35fa4)
2019-12-09 11:22:12.418 26244 RALLYDEBUG rally_openstack.cleanup.manager [-] Deleting neutron.port object s_rally_df7cc4f5_ZW90WWuQ (cf7129b9-743a-420b-b6b5-f3b9d029877b)
2019-12-09 11:22:12.432 26244 RALLYDEBUG rally_openstack.cleanup.manager [-] Deleting neutron.port object s_rally_df7cc4f5_5BaTmHxz (cfc74ca1-658b-46bd-a340-5c5f84449fde)
2019-12-09 11:22:12.451 26244 RALLYDEBUG rally_openstack.cleanup.manager [-] Deleting neutron.port object s_rally_df7cc4f5_CanjfOf3 (d0e709aa-8d95-47f1-917a-170faf06df4c)
2019-12-09 11:22:12.615 26244 RALLYDEBUG rally_openstack.cleanup.manager [-] Deleting neutron.port object s_rally_df7cc4f5_sfDZ39Gh (d21a1c11-a748-414e-b62b-da12ff27020d)
2019-12-09 11:22:12.648 26244 RALLYDEBUG rally_openstack.cleanup.manager [-] Deleting neutron.port object s_rally_df7cc4f5_8kKZaClI (d23a83f4-52bd-433a-a01e-d6bde0cee9f4)
2019-12-09 11:22:12.664 26244 RALLYDEBUG rally_openstack.cleanup.manager [-] Deleting neutron.port object s_rally_df7cc4f5_kTTCQyID (d473dbd2-7607-4dff-8bef-c645e121ebb7)
2019-12-09 11:22:12.668 26244 RALLYDEBUG rally_openstack.cleanup.manager [-] Deleting neutron.port object s_rally_df7cc4f5_VwtYvcWl (d28168a7-e34d-409c-a11c-902e08056a5c)
2019-12-09 11:22:12.684 26244 RALLYDEBUG rally_openstack.cleanup.manager [-] Deleting neutron.port object s_rally_df7cc4f5_baGK0CeB (d48a3350-dfe8-4779-9acf-ed73845f5aa0)
2019-12-09 11:22:12.871 26244 RALLYDEBUG rally_openstack.cleanup.manager [-] Deleting neutron.port object s_rally_df7cc4f5_Cee0kaHI (d596aeee-560d-482b-b5dd-71855165d6e1)
2019-12-09 11:22:12.882 26244 RALLYDEBUG rally_openstack.cleanup.manager [-] Deleting neutron.port object s_rally_df7cc4f5_tAdOD86O (d7bbb342-53f5-447d-8ada-1ebe4a4a1d2a)
2019-12-09 11:22:12.883 26244 RALLYDEBUG rally_openstack.cleanup.manager [-] Deleting neutron.port object s_rally_df7cc4f5_kJlT4jDN (d672141a-8c92-4e7e-892e-cb83ae90b80f)
2019-12-09 11:22:12.914 26244 RALLYDEBUG rally_openstack.cleanup.manager [-] Deleting neutron.port object s_rally_df7cc4f5_2bOtC9uT (d7fc2138-3eb2-419f-a2b5-5d99149bddea)
2019-12-09 11:22:13.093 26244 RALLYDEBUG rally_openstack.cleanup.manager [-] Deleting neutron.port object s_rally_df7cc4f5_njl8eOiS (d8d30979-8938-4083-b8b5-f02598932b98)
2019-12-09 11:22:13.166 26244 RALLYDEBUG rally_openstack.cleanup.manager [-] Deleting neutron.port object s_rally_df7cc4f5_R2B03kM5 (da9e78bf-901c-477c-871b-e64a1b3fdea7)
2019-12-09 11:22:13.175 26244 RALLYDEBUG rally_openstack.cleanup.manager [-] Deleting neutron.port object s_rally_df7cc4f5_Rg8DjzaZ (dc4ab91d-36b9-4bda-8e5b-92411132c722)
2019-12-09 11:22:13.379 26244 RALLYDEBUG rally_openstack.cleanup.manager [-] Deleting neutron.port object s_rally_df7cc4f5_ITXzhU87 (dcd739b8-e7db-4c2a-abc5-3b9746b0697e)
2019-12-09 11:22:13.394 26244 RALLYDEBUG rally_openstack.cleanup.manager [-] Deleting neutron.port object s_rally_df7cc4f5_Gk353XfJ (dd0401ec-9827-48d4-884d-5e657ae8f7e5)
2019-12-09 11:22:13.419 26244 RALLYDEBUG rally_openstack.cleanup.manager [-] Deleting neutron.port object s_rally_df7cc4f5_6lwrPdCw (dd618d3f-fd10-4f93-a756-8a37e2a33102)
2019-12-09 11:22:13.568 26244 RALLYDEBUG rally_openstack.cleanup.manager [-] Deleting neutron.port object s_rally_df7cc4f5_j1w7Dlqh (dd92d6d6-cea0-4cb5-884d-0ef09a576189)
2019-12-09 11:22:14.188 26244 RALLYDEBUG rally_openstack.cleanup.manager [-] Deleting neutron.port object s_rally_df7cc4f5_WOEANU2H (e5b47d71-76e4-4dd4-b80b-3e3f19a14c7e)
2019-12-09 11:22:14.207 26244 RALLYDEBUG rally_openstack.cleanup.manager [-] Deleting neutron.port object s_rally_df7cc4f5_ZO2pffQm (e5bb9338-4a6c-4114-b1d5-1cd32f91723b)
2019-12-09 11:22:14.229 26244 RALLYDEBUG rally_openstack.cleanup.manager [-] Deleting neutron.port object s_rally_df7cc4f5_gR1DonMM (e67b78e2-c2b9-4b95-a2cc-5fbc293c35b5)
2019-12-09 11:22:14.326 26244 RALLYDEBUG rally_openstack.cleanup.manager [-] Deleting neutron.port object s_rally_df7cc4f5_Rw8N8qWm (e6a7481f-73c0-4e0d-b093-a75e68477794)
2019-12-09 11:22:14.446 26244 RALLYDEBUG rally_openstack.cleanup.manager [-] Deleting neutron.port object s_rally_df7cc4f5_cgTOz4j8 (e785e41e-55ab-4892-8665-d8b12c660ae8)
2019-12-09 11:22:14.526 26244 RALLYDEBUG rally_openstack.cleanup.manager [-] Deleting neutron.port object s_rally_df7cc4f5_fQmvzS8k (e9dfeddb-6398-4f8f-afb7-3a566a9cdfe4)
2019-12-09 11:22:14.556 26244 RALLYDEBUG rally_openstack.cleanup.manager [-] Deleting neutron.port object s_rally_df7cc4f5_tyWPyDC1 (ec1d19ac-4f19-4867-88a4-65bdf30d47f1)
2019-12-09 11:22:14.721 26244 RALLYDEBUG rally_openstack.cleanup.manager [-] Deleting neutron.port object s_rally_df7cc4f5_Z0DvQKzc (eddbcb53-aa41-47d9-b71e-b8b8a4e192be)
2019-12-09 11:22:14.771 26244 RALLYDEBUG rally_openstack.cleanup.manager [-] Deleting neutron.port object s_rally_df7cc4f5_lKaWRk9c (ee2fa8c8-23a9-4a6f-b326-ca67a881c53f)
2019-12-09 11:22:14.878 26244 RALLYDEBUG rally_openstack.cleanup.manager [-] Deleting neutron.port object s_rally_df7cc4f5_yhrw1zIm (ee330fa7-0532-4ce2-9f71-8c2b3d0c6997)
2019-12-09 11:22:14.900 26244 RALLYDEBUG rally_openstack.cleanup.manager [-] Deleting neutron.port object s_rally_df7cc4f5_KpFVSnmb (ee3b0e13-33ae-4e24-ac28-71920c0f6e66)
2019-12-09 11:22:15.034 26244 RALLYDEBUG rally_openstack.cleanup.manager [-] Deleting neutron.port object s_rally_df7cc4f5_pVMAOsXj (ee91f397-4983-450c-957f-9fdf92b82cb2)
2019-12-09 11:22:15.048 26244 RALLYDEBUG rally_openstack.cleanup.manager [-] Deleting neutron.port object s_rally_df7cc4f5_nKsI7duo (ef03736b-0297-40bb-ae48-1147c2f35969)
2019-12-09 11:22:15.154 26244 RALLYDEBUG rally_openstack.cleanup.manager [-] Deleting neutron.port object s_rally_df7cc4f5_VeBE3q8B (ef123a38-e279-41a0-9795-765bfeabe0b8)
2019-12-09 11:22:15.174 26244 RALLYDEBUG rally_openstack.cleanup.manager [-] Deleting neutron.port object s_rally_df7cc4f5_4WPjO6Tu (f0c9a9c5-1bb2-4e8a-8a2e-92b60ff75062)
2019-12-09 11:22:15.178 26244 RALLYDEBUG rally_openstack.cleanup.manager [-] Deleting neutron.port object s_rally_df7cc4f5_tAOl6sdt (f09b24dd-3046-405d-a14a-3f7d1e57bb5b)
2019-12-09 11:22:15.231 26244 RALLYDEBUG rally_openstack.cleanup.manager [-] Deleting neutron.port object s_rally_df7cc4f5_4BPcU2Sf (f0fa8813-7425-4916-87d0-4499da83c7a2)
2019-12-09 11:22:15.247 26244 RALLYDEBUG rally_openstack.cleanup.manager [-] Deleting neutron.port object s_rally_df7cc4f5_ik32uNoT (f1474374-5eee-46ec-88cf-41690a4b4956)
2019-12-09 11:22:15.247 26244 RALLYDEBUG rally_openstack.cleanup.manager [-] Deleting neutron.port object s_rally_df7cc4f5_sAqRChfw (f1fe18ba-fcfe-49c9-a294-71d9240bb630)
2019-12-09 11:22:15.387 26244 RALLYDEBUG rally_openstack.cleanup.manager [-] Deleting neutron.port object s_rally_df7cc4f5_Q1LsicmM (f3221bab-36ee-4421-83f9-882ec845d0f1)
2019-12-09 11:22:16.027 26244 RALLYDEBUG rally_openstack.cleanup.manager [-] Deleting neutron.port object s_rally_df7cc4f5_kfbRKHd6 (f4bf2921-0b61-405c-83cd-b64693c56dfb)
2019-12-09 11:22:16.085 26244 RALLYDEBUG rally_openstack.cleanup.manager [-] Deleting neutron.port object s_rally_df7cc4f5_rIBImHIC (f4efcc8f-7f6a-4cde-9b95-f4487c46166a)
2019-12-09 11:22:16.119 26244 RALLYDEBUG rally_openstack.cleanup.manager [-] Deleting neutron.port object s_rally_df7cc4f5_7djiikJ4 (f7872d3d-0ca1-4951-8873-4db8f7cdcffc)
2019-12-09 11:22:16.350 26244 RALLYDEBUG rally_openstack.cleanup.manager [-] Deleting neutron.port object s_rally_df7cc4f5_8HE9BgK6 (f8354171-a460-4b3a-9cbf-26967fec0cf5)
2019-12-09 11:22:16.375 26244 RALLYDEBUG rally_openstack.cleanup.manager [-] Deleting neutron.port object s_rally_df7cc4f5_UGUijWCX (f8e713bf-3ec1-491d-9693-34ecbf5b29f7)
2019-12-09 11:22:16.641 26244 RALLYDEBUG rally_openstack.cleanup.manager [-] Deleting neutron.port object s_rally_df7cc4f5_93o4jt02 (fb943d94-95f2-4939-b336-3d37b0bd8f1c)
2019-12-09 11:22:16.704 26244 RALLYDEBUG rally_openstack.cleanup.manager [-] Deleting neutron.port object s_rally_df7cc4f5_T7IZp51Y (fbd50d9d-3af4-4efb-a5e1-def831c0179b)
2019-12-09 11:22:16.773 26244 RALLYDEBUG rally_openstack.cleanup.manager [-] Deleting neutron.port object s_rally_df7cc4f5_6R5CsBnq (fc5b0583-3943-4e51-8c92-3594908d356f)
2019-12-09 11:22:16.855 26244 RALLYDEBUG rally_openstack.cleanup.manager [-] Deleting neutron.port object s_rally_df7cc4f5_vjVzc2zj (fc9f83a7-ac96-45a0-a25d-58d24cdf9ce6)
2019-12-09 11:22:16.926 26244 RALLYDEBUG rally_openstack.cleanup.manager [-] Deleting neutron.port object s_rally_df7cc4f5_3DZmWJZJ (fd1b6797-3774-45f7-9e8a-ef56dfed9373)
2019-12-09 11:22:16.967 26244 RALLYDEBUG rally_openstack.cleanup.manager [-] Deleting neutron.port object s_rally_df7cc4f5_qh4IxCbY (fd412a3e-d5e8-4bf0-88db-6b71588207c2)
2019-12-09 11:22:17.120 26244 RALLYDEBUG rally_openstack.cleanup.manager [-] Deleting neutron.port object s_rally_df7cc4f5_CDVh8nwO (ff945ecc-0a42-486b-b38e-1fcab774ed29)
2019-12-09 11:22:18.872 26244 RALLYDEBUG rally_openstack.cleanup.manager [-] Cleaning up neutron subnet objects
2019-12-09 11:22:19.305 26244 RALLYDEBUG rally_openstack.cleanup.manager [-] Cleaning up neutron network objects
2019-12-09 11:22:19.858 26244 RALLYDEBUG rally_openstack.cleanup.manager [-] Deleting neutron.network object s_rally_df7cc4f5_qLKsGsA9 (0359b2ac-87ae-4125-aef3-d9f3f91943f8)
2019-12-09 11:22:19.870 26244 RALLYDEBUG rally_openstack.cleanup.manager [-] Deleting neutron.network object s_rally_df7cc4f5_DgAOyUDW (04b447fd-05e5-4b7f-9296-136dc5c712b2)
2019-12-09 11:22:19.887 26244 RALLYDEBUG rally_openstack.cleanup.manager [-] Deleting neutron.network object s_rally_df7cc4f5_PUL2wa7Z (0f1a1d12-483e-4f99-8514-d5f2c9e54147)
2019-12-09 11:22:19.888 26244 RALLYDEBUG rally_openstack.cleanup.manager [-] Deleting neutron.network object s_rally_df7cc4f5_UjLaA8wN (0524992a-c0d1-4e0a-a738-7f58a4268157)
2019-12-09 11:22:19.892 26244 RALLYDEBUG rally_openstack.cleanup.manager [-] Deleting neutron.network object s_rally_df7cc4f5_BjAk3BQj (07b34b6d-bd23-455c-9319-2d807afc701b)
2019-12-09 11:22:19.909 26244 RALLYDEBUG rally_openstack.cleanup.manager [-] Deleting neutron.network object s_rally_df7cc4f5_d1xvpPC6 (11ff1c0f-aa53-4374-8eae-f287a2457ba6)
2019-12-09 11:22:19.910 26244 RALLYDEBUG rally_openstack.cleanup.manager [-] Deleting neutron.network object s_rally_df7cc4f5_Xbh5fa7y (1358336f-a927-4dcf-b3a7-ff7ad9e9860f)
2019-12-09 11:22:19.958 26244 RALLYDEBUG rally_openstack.cleanup.manager [-] Deleting neutron.network object s_rally_df7cc4f5_IGCUsXQe (2500fa76-4f09-4a69-90ba-d657cfff35f9)
2019-12-09 11:22:19.980 26244 RALLYDEBUG rally_openstack.cleanup.manager [-] Deleting neutron.network object s_rally_df7cc4f5_GndGV1Qi (31bdc127-3437-4c59-b7a6-188c89e55861)
2019-12-09 11:22:20.020 26244 RALLYDEBUG rally_openstack.cleanup.manager [-] Deleting neutron.network object s_rally_df7cc4f5_ZUi6qvqm (44b35b41-e9c6-44b4-9ffe-a521c9e66cb0)
2019-12-09 11:22:20.020 26244 RALLYDEBUG rally_openstack.cleanup.manager [-] Deleting neutron.network object s_rally_df7cc4f5_G64KJO1H (2f95cc6f-5b22-46ef-88d3-b6bb2bb91449)
2019-12-09 11:22:20.037 26244 RALLYDEBUG rally_openstack.cleanup.manager [-] Deleting neutron.network object s_rally_df7cc4f5_BDsdyM86 (6279a7b4-0f64-4e9a-93df-ab4f44550bb4)
2019-12-09 11:22:20.038 26244 RALLYDEBUG rally_openstack.cleanup.manager [-] Deleting neutron.network object s_rally_df7cc4f5_4RoWFnhl (57c65560-ef03-4463-ba53-f93c004babf9)
2019-12-09 11:22:20.039 26244 RALLYDEBUG rally_openstack.cleanup.manager [-] Deleting neutron.network object s_rally_df7cc4f5_wePwPUo5 (28329533-1cf0-4d65-b774-b5b41df93b3b)
2019-12-09 11:22:20.050 26244 RALLYDEBUG rally_openstack.cleanup.manager [-] Deleting neutron.network object s_rally_df7cc4f5_6En3q6VU (3233d9c7-26c3-49da-8751-b3cd790967c4)
2019-12-09 11:22:20.043 26244 RALLYDEBUG rally_openstack.cleanup.manager [-] Deleting neutron.network object s_rally_df7cc4f5_QK8cFeJf (77a526e4-85e0-4e6f-a173-13d0e790d7ce)
2019-12-09 11:22:20.061 26244 RALLYDEBUG rally_openstack.cleanup.manager [-] Deleting neutron.network object s_rally_df7cc4f5_F6EPk16u (7757e6c0-09b8-43d8-b112-6553b403596d)
2019-12-09 11:22:20.062 26244 RALLYDEBUG rally_openstack.cleanup.manager [-] Deleting neutron.network object s_rally_df7cc4f5_bz6Dg6Ht (843d294c-b406-4df8-ad1f-b75463aa7954)
2019-12-09 11:22:20.063 26244 RALLYDEBUG rally_openstack.cleanup.manager [-] Deleting neutron.network object s_rally_df7cc4f5_oXszfHjs (7962a3ce-6a23-4259-9e86-719b58daedbf)
2019-12-09 11:22:20.073 26244 RALLYDEBUG rally_openstack.cleanup.manager [-] Deleting neutron.network object s_rally_df7cc4f5_wO2rL7dg (3d214cd8-f5d9-489d-85cd-052d8d5354c3)
2019-12-09 11:22:22.235 26244 RALLYDEBUG rally_openstack.cleanup.manager [-] Deleting neutron.network object s_rally_df7cc4f5_kba860DX (96117a3a-7341-4826-83d8-f02b10379152)
2019-12-09 11:22:22.336 26244 RALLYDEBUG rally_openstack.cleanup.manager [-] Deleting neutron.network object s_rally_df7cc4f5_VxfsH6TZ (9918cec3-cf3e-4cfd-9d5d-5f7fd8d30242)
2019-12-09 11:22:22.473 26244 RALLYDEBUG rally_openstack.cleanup.manager [-] Deleting neutron.network object s_rally_df7cc4f5_yjELDvT5 (a09ffbe6-eeff-4d61-a1db-67890cc4e7d4)
2019-12-09 11:22:22.579 26244 RALLYDEBUG rally_openstack.cleanup.manager [-] Deleting neutron.network object s_rally_df7cc4f5_vZKpvliG (a7eee79c-960e-45a5-86fa-0ccac621e05f)
2019-12-09 11:22:22.596 26244 RALLYDEBUG rally_openstack.cleanup.manager [-] Deleting neutron.network object s_rally_df7cc4f5_NFjQQlCx (af9ce0fb-8eb5-4a8d-b693-c4a8c7387a96)
2019-12-09 11:22:22.639 26244 RALLYDEBUG rally_openstack.cleanup.manager [-] Deleting neutron.network object s_rally_df7cc4f5_Tzl2QKj7 (b2b23967-ef40-404b-aff6-d1dd3d5ebc7c)
2019-12-09 11:22:22.764 26244 RALLYDEBUG rally_openstack.cleanup.manager [-] Deleting neutron.network object s_rally_df7cc4f5_suO2S4NK (b7411a96-e45e-4862-b706-5066523789a0)
2019-12-09 11:22:22.802 26244 RALLYDEBUG rally_openstack.cleanup.manager [-] Deleting neutron.network object s_rally_df7cc4f5_cxlejda4 (bc1a04fe-5315-4257-90fd-9a6afe51a602)
2019-12-09 11:22:22.803 26244 RALLYDEBUG rally_openstack.cleanup.manager [-] Deleting neutron.network object s_rally_df7cc4f5_0DBBRIPj (ba925b7c-3ee4-4327-a273-dff9904779f8)
2019-12-09 11:22:22.826 26244 RALLYDEBUG rally_openstack.cleanup.manager [-] Deleting neutron.network object s_rally_df7cc4f5_1Fty9EVq (bc63db82-c625-4fca-a7f0-bf3992f91a26)
2019-12-09 11:22:22.994 26244 RALLYDEBUG rally_openstack.cleanup.manager [-] Deleting neutron.network object s_rally_df7cc4f5_3m0YQT1A (be7b6582-68ad-4b5e-b5ab-bdf0223db48d)
2019-12-09 11:22:23.127 26244 RALLYDEBUG rally_openstack.cleanup.manager [-] Deleting neutron.network object s_rally_df7cc4f5_RTM0fGdi (bfae60b6-ed4d-48a4-ae9c-ec6818bd01f6)
2019-12-09 11:22:23.165 26244 RALLYDEBUG rally_openstack.cleanup.manager [-] Deleting neutron.network object s_rally_df7cc4f5_PJTwCfyM (c0eb7b60-2145-49fb-8743-94d1f471a502)
2019-12-09 11:22:23.207 26244 RALLYDEBUG rally_openstack.cleanup.manager [-] Deleting neutron.network object s_rally_df7cc4f5_KLtAAVqa (c497db5d-941e-4e62-8704-c0a295b41202)
2019-12-09 11:22:23.211 26244 RALLYDEBUG rally_openstack.cleanup.manager [-] Deleting neutron.network object s_rally_df7cc4f5_tnpq71x0 (c14ae64a-f2e2-4426-912b-13eec0213392)
2019-12-09 11:22:23.211 26244 RALLYDEBUG rally_openstack.cleanup.manager [-] Deleting neutron.network object s_rally_df7cc4f5_Q8iyeIlL (d86752f8-ace6-4e61-abc2-0ac8bc2ce4ec)
2019-12-09 11:22:23.235 26244 RALLYDEBUG rally_openstack.cleanup.manager [-] Deleting neutron.network object s_rally_df7cc4f5_7uS49BR4 (ded6f39b-56f0-482f-be48-7e81ab69cd13)
2019-12-09 11:22:23.378 26244 RALLYDEBUG rally_openstack.cleanup.manager [-] Deleting neutron.network object s_rally_df7cc4f5_0A8PcXyo (ecc74590-c775-404a-96d1-1c7cba2e0e6d)
2019-12-09 11:22:23.702 26244 RALLYDEBUG rally_openstack.cleanup.manager [-] Deleting neutron.network object s_rally_df7cc4f5_cg9CgQ0n (ecf4e08a-08fe-4e36-b0e7-808a4d020a2a)
2019-12-09 11:22:23.732 26244 RALLYDEBUG rally_openstack.cleanup.manager [-] Deleting neutron.network object s_rally_df7cc4f5_vtmF30HR (fcaf10dc-0911-4acd-a135-db2eefd4dccc)
2019-12-09 11:22:25.988 26244 RALLYDEBUG rally_openstack.cleanup.manager [-] Cleaning up neutron router objects
2019-12-09 11:22:26.436 26244 RALLYDEBUG rally_openstack.cleanup.manager [-] Cleaning up neutron security_group objects
2019-12-09 11:22:26.867 26244 INFO rally.task.context [-] Task 659684be-26c0-4043-8977-25972a35de74 | Context cleanup@openstack cleanup() finished in 32.71 sec
2019-12-09 11:22:26.868 26244 INFO rally.task.context [-] Task 659684be-26c0-4043-8977-25972a35de74 | Context quotas@openstack cleanup() started
2019-12-09 11:22:26.957 26244 INFO rally.task.context [-] Task 659684be-26c0-4043-8977-25972a35de74 | Context quotas@openstack cleanup() finished in 88.58 msec
2019-12-09 11:22:26.957 26244 INFO rally.task.context [-] Task 659684be-26c0-4043-8977-25972a35de74 | Context users@openstack cleanup() started
2019-12-09 11:22:29.656 26244 INFO rally.task.context [-] Task 659684be-26c0-4043-8977-25972a35de74 | Context users@openstack cleanup() finished in 2.70 sec
2019-12-09 11:22:30.298 26244 INFO rally.task.engine [-] Load duration is: 21.196965
2019-12-09 11:22:30.298 26244 INFO rally.task.engine [-] Full runner duration is: 21.256275
2019-12-09 11:22:30.298 26244 INFO rally.task.engine [-] Full duration is: 59.701137
2019-12-09 11:22:30.587 26244 INFO rally.task.engine [-] Running workload: position = 2 config = { "version": 2, "title": "A cropped version of a bigger task.", "description": "Auto-generated task from a single workload (uuid=32376de8-f40c-4d06-917c-b548d11c065a)", "subtasks": [ { "title": "NeutronNetworks.create_and_delete_ports", "description": "Create and delete a port.", "scenario": { "NeutronNetworks.create_and_delete_ports": { "network_create_args": {}, "port_create_args": {}, "ports_per_network": 5 } }, "contexts": { "users": { "tenants": 1, "users_per_tenant": 1 }, "quotas": { "neutron": { "network": -1, "port": -1 } } }, "runner": { "constant": { "times": 40, "concurrency": 20 } }, "hooks": [], "sla": { "failure_rate": { "max": 0 } } } ] }
2019-12-09 11:22:30.616 26244 RALLYDEBUG rally_openstack.contexts.keystone.users [-] Creating 1 tenants using 20 threads
2019-12-09 11:22:31.549 26244 RALLYDEBUG rally_openstack.contexts.keystone.users [-] Creating 1 users using 20 threads
2019-12-09 11:22:32.954 26244 INFO rally.task.context [-] Task 659684be-26c0-4043-8977-25972a35de74 | Context users@openstack setup() finished in 2.34 sec
2019-12-09 11:22:33.505 26244 INFO rally.task.context [-] Task 659684be-26c0-4043-8977-25972a35de74 | Context quotas@openstack setup() finished in 0.55 sec
2019-12-09 11:22:33.505 26244 INFO rally.task.context [-] Task 659684be-26c0-4043-8977-25972a35de74 | Context cleanup@openstack setup() finished in 0.01 msec
2019-12-09 11:22:33.515 26244 RALLYDEBUG rally.task.runner [-] Starting the constant runner (task UUID: 659684be-26c0-4043-8977-25972a35de74). timeout: 0 concurrency: 20 concurrency_per_worker: 1 times: 40 concurrency_overhead: 4 processes_to_start: 16 max_cpu_used: 16
2019-12-09 11:22:33.530 30710 RALLYDEBUG rally.task.runner [-] Starting a worker. concurrency: 2 args: {"network_create_args": {}, "port_create_args": {}, "ports_per_network": 5} times: 40 method_name: run timeout: 0 duration: None cls:
2019-12-09 11:22:33.533 30711 RALLYDEBUG rally.task.runner [-] Starting a worker. concurrency: 2 args: {"network_create_args": {}, "port_create_args": {}, "ports_per_network": 5} times: 40 method_name: run timeout: 0 duration: None cls:
2019-12-09 11:22:33.536 30712 RALLYDEBUG rally.task.runner [-] Starting a worker. concurrency: 2 args: {"network_create_args": {}, "port_create_args": {}, "ports_per_network": 5} times: 40 method_name: run timeout: 0 duration: None cls:
2019-12-09 11:22:33.540 30713 RALLYDEBUG rally.task.runner [-] Starting a worker. concurrency: 2 args: {"network_create_args": {}, "port_create_args": {}, "ports_per_network": 5} times: 40 method_name: run timeout: 0 duration: None cls:
2019-12-09 11:22:33.541 30710 INFO rally.task.runner [-] Task 659684be-26c0-4043-8977-25972a35de74 | ITER: 1 START
2019-12-09 11:22:33.542 30711 INFO rally.task.runner [-] Task 659684be-26c0-4043-8977-25972a35de74 | ITER: 2 START
2019-12-09 11:22:33.542 30710 WARNING rally_openstack.scenarios.neutron.utils [-] Running this scenario without either the 'network' or 'existing_network' context is deprecated
2019-12-09 11:22:33.543 30714 RALLYDEBUG rally.task.runner [-] Starting a worker. concurrency: 1 args: {"network_create_args": {}, "port_create_args": {}, "ports_per_network": 5} times: 40 method_name: run timeout: 0 duration: None cls:
2019-12-09 11:22:33.544 30711 WARNING rally_openstack.scenarios.neutron.utils [-] Running this scenario without either the 'network' or 'existing_network' context is deprecated
2019-12-09 11:22:33.548 30712 INFO rally.task.runner [-] Task 659684be-26c0-4043-8977-25972a35de74 | ITER: 4 START
2019-12-09 11:22:33.549 30713 INFO rally.task.runner [-] Task 659684be-26c0-4043-8977-25972a35de74 | ITER: 6 START
2019-12-09 11:22:33.549 30717 RALLYDEBUG rally.task.runner [-] Starting a worker. concurrency: 1 args: {"network_create_args": {}, "port_create_args": {}, "ports_per_network": 5} times: 40 method_name: run timeout: 0 duration: None cls:
2019-12-09 11:22:33.550 30710 INFO rally.task.runner [-] Task 659684be-26c0-4043-8977-25972a35de74 | ITER: 3 START
2019-12-09 11:22:33.550 30714 INFO rally.task.runner [-] Task 659684be-26c0-4043-8977-25972a35de74 | ITER: 8 START
2019-12-09 11:22:33.550 30712 WARNING rally_openstack.scenarios.neutron.utils [-] Running this scenario without either the 'network' or 'existing_network' context is deprecated
2019-12-09 11:22:33.550 30722 RALLYDEBUG rally.task.runner [-] Starting a worker. concurrency: 1 args: {"network_create_args": {}, "port_create_args": {}, "ports_per_network": 5} times: 40 method_name: run timeout: 0 duration: None cls:
2019-12-09 11:22:33.552 30714 WARNING rally_openstack.scenarios.neutron.utils [-] Running this scenario without either the 'network' or 'existing_network' context is deprecated
2019-12-09 11:22:33.553 30713 WARNING rally_openstack.scenarios.neutron.utils [-] Running this scenario without either the 'network' or 'existing_network' context is deprecated
2019-12-09 11:22:33.554 30726 RALLYDEBUG rally.task.runner [-] Starting a worker. concurrency: 1 args: {"network_create_args": {}, "port_create_args": {}, "ports_per_network": 5} times: 40 method_name: run timeout: 0 duration: None cls:
2019-12-09 11:22:33.556 30722 INFO rally.task.runner [-] Task 659684be-26c0-4043-8977-25972a35de74 | ITER: 11 START
2019-12-09 11:22:33.557 30722 WARNING rally_openstack.scenarios.neutron.utils [-] Running this scenario without either the 'network' or 'existing_network' context is deprecated
2019-12-09 11:22:33.558 30717 INFO rally.task.runner [-] Task 659684be-26c0-4043-8977-25972a35de74 | ITER: 10 START
2019-12-09 11:22:33.559 30717 WARNING rally_openstack.scenarios.neutron.utils [-] Running this scenario without either the 'network' or 'existing_network' context is deprecated
2019-12-09 11:22:33.560 30710 WARNING rally_openstack.scenarios.neutron.utils [-] Running this scenario without either the 'network' or 'existing_network' context is deprecated
2019-12-09 11:22:33.562 30731 RALLYDEBUG rally.task.runner [-] Starting a worker. concurrency: 1 args: {"network_create_args": {}, "port_create_args": {}, "ports_per_network": 5} times: 40 method_name: run timeout: 0 duration: None cls:
2019-12-09 11:22:33.563 30711 INFO rally.task.runner [-] Task 659684be-26c0-4043-8977-25972a35de74 | ITER: 5 START
2019-12-09 11:22:33.563 30726 INFO rally.task.runner [-] Task 659684be-26c0-4043-8977-25972a35de74 | ITER: 12 START
2019-12-09 11:22:33.565 30726 WARNING rally_openstack.scenarios.neutron.utils [-] Running this scenario without either the 'network' or 'existing_network' context is deprecated
2019-12-09 11:22:33.564 30711 WARNING rally_openstack.scenarios.neutron.utils [-] Running this scenario without either the 'network' or 'existing_network' context is deprecated
2019-12-09 11:22:33.552 30712 INFO rally.task.runner [-] Task 659684be-26c0-4043-8977-25972a35de74 | ITER: 7 START
2019-12-09 11:22:33.567 30712 WARNING rally_openstack.scenarios.neutron.utils [-] Running this scenario without either the 'network' or 'existing_network' context is deprecated
2019-12-09 11:22:33.568 30738 RALLYDEBUG rally.task.runner [-] Starting a worker. concurrency: 1 args: {"network_create_args": {}, "port_create_args": {}, "ports_per_network": 5} times: 40 method_name: run timeout: 0 duration: None cls:
2019-12-09 11:22:33.569 30731 INFO rally.task.runner [-] Task 659684be-26c0-4043-8977-25972a35de74 | ITER: 13 START
2019-12-09 11:22:33.570 30713 INFO rally.task.runner [-] Task 659684be-26c0-4043-8977-25972a35de74 | ITER: 9 START
2019-12-09 11:22:33.571 30731 WARNING rally_openstack.scenarios.neutron.utils [-] Running this scenario without either the 'network' or 'existing_network' context is deprecated
2019-12-09 11:22:33.571 30713 WARNING rally_openstack.scenarios.neutron.utils [-] Running this scenario without either the 'network' or 'existing_network' context is deprecated
2019-12-09 11:22:33.575 30738 INFO rally.task.runner [-] Task 659684be-26c0-4043-8977-25972a35de74 | ITER: 14 START
2019-12-09 11:22:33.576 30738 WARNING rally_openstack.scenarios.neutron.utils [-] Running this scenario without either the 'network' or 'existing_network' context is deprecated
2019-12-09 11:22:33.578 30742 RALLYDEBUG rally.task.runner [-] Starting a worker. concurrency: 1 args: {"network_create_args": {}, "port_create_args": {}, "ports_per_network": 5} times: 40 method_name: run timeout: 0 duration: None cls:
2019-12-09 11:22:33.585 30742 INFO rally.task.runner [-] Task 659684be-26c0-4043-8977-25972a35de74 | ITER: 15 START
2019-12-09 11:22:33.586 30742 WARNING rally_openstack.scenarios.neutron.utils [-] Running this scenario without either the 'network' or 'existing_network' context is deprecated
2019-12-09 11:22:33.586 30745 RALLYDEBUG rally.task.runner [-] Starting a worker. concurrency: 1 args: {"network_create_args": {}, "port_create_args": {}, "ports_per_network": 5} times: 40 method_name: run timeout: 0 duration: None cls:
2019-12-09 11:22:33.588 30746 RALLYDEBUG rally.task.runner [-] Starting a worker. concurrency: 1 args: {"network_create_args": {}, "port_create_args": {}, "ports_per_network": 5} times: 40 method_name: run timeout: 0 duration: None cls:
2019-12-09 11:22:33.592 30745 INFO rally.task.runner [-] Task 659684be-26c0-4043-8977-25972a35de74 | ITER: 16 START
2019-12-09 11:22:33.593 30745 WARNING rally_openstack.scenarios.neutron.utils [-] Running this scenario without either the 'network' or 'existing_network' context is deprecated
2019-12-09 11:22:33.594 30746 INFO rally.task.runner [-] Task 659684be-26c0-4043-8977-25972a35de74 | ITER: 17 START
2019-12-09 11:22:33.596 30746 WARNING rally_openstack.scenarios.neutron.utils [-] Running this scenario without either the 'network' or 'existing_network' context is deprecated
2019-12-09 11:22:33.596 30749 RALLYDEBUG rally.task.runner [-] Starting a worker. concurrency: 1 args: {"network_create_args": {}, "port_create_args": {}, "ports_per_network": 5} times: 40 method_name: run timeout: 0 duration: None cls:
2019-12-09 11:22:33.601 30749 INFO rally.task.runner [-] Task 659684be-26c0-4043-8977-25972a35de74 | ITER: 18 START
2019-12-09 11:22:33.601 30754 RALLYDEBUG rally.task.runner [-] Starting a worker. concurrency: 1 args: {"network_create_args": {}, "port_create_args": {}, "ports_per_network": 5} times: 40 method_name: run timeout: 0 duration: None cls:
2019-12-09 11:22:33.602 30749 WARNING rally_openstack.scenarios.neutron.utils [-] Running this scenario without either the 'network' or 'existing_network' context is deprecated
2019-12-09 11:22:33.606 30754 INFO rally.task.runner [-] Task 659684be-26c0-4043-8977-25972a35de74 | ITER: 19 START
2019-12-09 11:22:33.606 30755 RALLYDEBUG rally.task.runner [-] Starting a worker. concurrency: 1 args: {"network_create_args": {}, "port_create_args": {}, "ports_per_network": 5} times: 40 method_name: run timeout: 0 duration: None cls:
2019-12-09 11:22:33.607 30754 WARNING rally_openstack.scenarios.neutron.utils [-] Running this scenario without either the 'network' or 'existing_network' context is deprecated
2019-12-09 11:22:33.611 30755 INFO rally.task.runner [-] Task 659684be-26c0-4043-8977-25972a35de74 | ITER: 20 START
2019-12-09 11:22:33.612 30755 WARNING rally_openstack.scenarios.neutron.utils [-] Running this scenario without either the 'network' or 'existing_network' context is deprecated
2019-12-09 11:22:43.262 30746 INFO rally.task.runner [-] Task 659684be-26c0-4043-8977-25972a35de74 | ITER: 17 END: OK
2019-12-09 11:22:43.266 30746 INFO rally.task.runner [-] Task 659684be-26c0-4043-8977-25972a35de74 | ITER: 21 START
2019-12-09 11:22:43.267 30746 WARNING rally_openstack.scenarios.neutron.utils [-] Running this scenario without either the 'network' or 'existing_network' context is deprecated
2019-12-09 11:22:43.547 30711 INFO rally.task.runner [-] Task 659684be-26c0-4043-8977-25972a35de74 | ITER: 5 END: OK
2019-12-09 11:22:43.553 30711 INFO rally.task.runner [-] Task 659684be-26c0-4043-8977-25972a35de74 | ITER: 22 START
2019-12-09 11:22:43.554 30711 WARNING rally_openstack.scenarios.neutron.utils [-] Running this scenario without either the 'network' or 'existing_network' context is deprecated
2019-12-09 11:22:43.578 30754 INFO rally.task.runner [-] Task 659684be-26c0-4043-8977-25972a35de74 | ITER: 19 END: OK
2019-12-09 11:22:43.583 30754 INFO rally.task.runner [-] Task 659684be-26c0-4043-8977-25972a35de74 | ITER: 23 START
2019-12-09 11:22:43.584 30754 WARNING rally_openstack.scenarios.neutron.utils [-] Running this scenario without either the 'network' or 'existing_network' context is deprecated
2019-12-09 11:22:43.612 30712 INFO rally.task.runner [-] Task 659684be-26c0-4043-8977-25972a35de74 | ITER: 7 END: OK
2019-12-09 11:22:43.616 30712 INFO rally.task.runner [-] Task 659684be-26c0-4043-8977-25972a35de74 | ITER: 24 START
2019-12-09 11:22:43.617 30712 WARNING rally_openstack.scenarios.neutron.utils [-] Running this scenario without either the 'network' or 'existing_network' context is deprecated
2019-12-09 11:22:43.666 30742 INFO rally.task.runner [-] Task 659684be-26c0-4043-8977-25972a35de74 | ITER: 15 END: OK
2019-12-09 11:22:43.671 30742 INFO rally.task.runner [-] Task 659684be-26c0-4043-8977-25972a35de74 | ITER: 25 START
2019-12-09 11:22:43.671 30742 WARNING rally_openstack.scenarios.neutron.utils [-] Running this scenario without either the 'network' or 'existing_network' context is deprecated
2019-12-09 11:22:43.727 30738 INFO rally.task.runner [-] Task 659684be-26c0-4043-8977-25972a35de74 | ITER: 14 END: OK
2019-12-09 11:22:43.732 30738 INFO rally.task.runner [-] Task 659684be-26c0-4043-8977-25972a35de74 | ITER: 26 START
2019-12-09 11:22:43.733 30738 WARNING rally_openstack.scenarios.neutron.utils [-] Running this scenario without either the 'network' or 'existing_network' context is deprecated
2019-12-09 11:22:43.800 30722 INFO rally.task.runner [-] Task 659684be-26c0-4043-8977-25972a35de74 | ITER: 11 END: OK
2019-12-09 11:22:43.804 30722 INFO rally.task.runner [-] Task 659684be-26c0-4043-8977-25972a35de74 | ITER: 27 START
2019-12-09 11:22:43.805 30722 WARNING rally_openstack.scenarios.neutron.utils [-] Running this scenario without either the 'network' or 'existing_network' context is deprecated
2019-12-09 11:22:43.839 30745 INFO rally.task.runner [-] Task 659684be-26c0-4043-8977-25972a35de74 | ITER: 16 END: OK
2019-12-09 11:22:43.844 30745 INFO rally.task.runner [-] Task 659684be-26c0-4043-8977-25972a35de74 | ITER: 28 START
2019-12-09 11:22:43.845 30745 WARNING rally_openstack.scenarios.neutron.utils [-] Running this scenario without either the 'network' or 'existing_network' context is deprecated
2019-12-09 11:22:44.066 30713 INFO rally.task.runner [-] Task 659684be-26c0-4043-8977-25972a35de74 | ITER: 9 END: OK
2019-12-09 11:22:44.071 30713 INFO rally.task.runner [-] Task 659684be-26c0-4043-8977-25972a35de74 | ITER: 29 START
2019-12-09 11:22:44.072 30713 WARNING rally_openstack.scenarios.neutron.utils [-] Running this scenario without either the 'network' or 'existing_network' context is deprecated
2019-12-09 11:22:44.172 30717 INFO rally.task.runner [-] Task 659684be-26c0-4043-8977-25972a35de74 | ITER: 10 END: OK
2019-12-09 11:22:44.177 30717 INFO rally.task.runner [-] Task 659684be-26c0-4043-8977-25972a35de74 | ITER: 30 START
2019-12-09 11:22:44.177 30717 WARNING rally_openstack.scenarios.neutron.utils [-] Running this scenario without either the 'network' or 'existing_network' context is deprecated
2019-12-09 11:22:44.186 30712 INFO rally.task.runner [-] Task 659684be-26c0-4043-8977-25972a35de74 | ITER: 4 END: OK
2019-12-09 11:22:44.191 30712 INFO rally.task.runner [-] Task 659684be-26c0-4043-8977-25972a35de74 | ITER: 31 START
2019-12-09 11:22:44.192 30712 WARNING rally_openstack.scenarios.neutron.utils [-] Running this scenario without either the 'network' or 'existing_network' context is deprecated
2019-12-09 11:22:44.200 30731 INFO rally.task.runner [-] Task 659684be-26c0-4043-8977-25972a35de74 | ITER: 13 END: OK
2019-12-09 11:22:44.205 30731 INFO rally.task.runner [-] Task 659684be-26c0-4043-8977-25972a35de74 | ITER: 32 START
2019-12-09 11:22:44.205 30731 WARNING rally_openstack.scenarios.neutron.utils [-] Running this scenario without either the 'network' or 'existing_network' context is deprecated
2019-12-09 11:22:44.327 30755 INFO rally.task.runner [-] Task 659684be-26c0-4043-8977-25972a35de74 | ITER: 20 END: OK
2019-12-09 11:22:44.332 30755 INFO rally.task.runner [-] Task 659684be-26c0-4043-8977-25972a35de74 | ITER: 33 START
2019-12-09 11:22:44.333 30755 WARNING rally_openstack.scenarios.neutron.utils [-] Running this scenario without either the 'network' or 'existing_network' context is deprecated
2019-12-09 11:22:44.512 30710 INFO rally.task.runner [-] Task 659684be-26c0-4043-8977-25972a35de74 | ITER: 3 END: OK
2019-12-09 11:22:44.517 30710 INFO rally.task.runner [-] Task 659684be-26c0-4043-8977-25972a35de74 | ITER: 34 START
2019-12-09 11:22:44.517 30710 WARNING rally_openstack.scenarios.neutron.utils [-] Running this scenario without either the 'network' or 'existing_network' context is deprecated
2019-12-09 11:22:44.872 30713 INFO rally.task.runner [-] Task 659684be-26c0-4043-8977-25972a35de74 | ITER: 6 END: OK
2019-12-09 11:22:44.877 30713 INFO rally.task.runner [-] Task 659684be-26c0-4043-8977-25972a35de74 | ITER: 35 START
2019-12-09 11:22:44.877 30713 WARNING rally_openstack.scenarios.neutron.utils [-] Running this scenario without either the 'network' or 'existing_network' context is deprecated
