2019-12-09 11:22:45.305 30710 INFO rally.task.runner [-] Task 659684be-26c0-4043-8977-25972a35de74 | ITER: 1 END: OK
2019-12-09 11:22:45.310 30710 INFO rally.task.runner [-] Task 659684be-26c0-4043-8977-25972a35de74 | ITER: 36 START
2019-12-09 11:22:45.311 30710 WARNING rally_openstack.scenarios.neutron.utils [-] Running this scenario without either the 'network' or 'existing_network' context is deprecated
2019-12-09 11:22:45.319 30711 INFO rally.task.runner [-] Task 659684be-26c0-4043-8977-25972a35de74 | ITER: 2 END: OK
2019-12-09 11:22:45.323 30711 INFO rally.task.runner [-] Task 659684be-26c0-4043-8977-25972a35de74 | ITER: 37 START
2019-12-09 11:22:45.324 30711 WARNING rally_openstack.scenarios.neutron.utils [-] Running this scenario without either the 'network' or 'existing_network' context is deprecated
2019-12-09 11:22:45.871 30726 INFO rally.task.runner [-] Task 659684be-26c0-4043-8977-25972a35de74 | ITER: 12 END: OK
2019-12-09 11:22:45.876 30726 INFO rally.task.runner [-] Task 659684be-26c0-4043-8977-25972a35de74 | ITER: 38 START
2019-12-09 11:22:45.877 30726 WARNING rally_openstack.scenarios.neutron.utils [-] Running this scenario without either the 'network' or 'existing_network' context is deprecated
2019-12-09 11:22:45.962 30749 INFO rally.task.runner [-] Task 659684be-26c0-4043-8977-25972a35de74 | ITER: 18 END: OK
2019-12-09 11:22:45.966 30749 INFO rally.task.runner [-] Task 659684be-26c0-4043-8977-25972a35de74 | ITER: 39 START
2019-12-09 11:22:45.967 30749 WARNING rally_openstack.scenarios.neutron.utils [-] Running this scenario without either the 'network' or 'existing_network' context is deprecated
2019-12-09 11:22:46.598 30714 INFO rally.task.runner [-] Task 659684be-26c0-4043-8977-25972a35de74 | ITER: 8 END: OK
2019-12-09 11:22:46.603 30714 INFO rally.task.runner [-] Task 659684be-26c0-4043-8977-25972a35de74 | ITER: 40 START
2019-12-09 11:22:46.603 30714 WARNING rally_openstack.scenarios.neutron.utils [-] Running this scenario without either the 'network' or 'existing_network' context is deprecated
2019-12-09 11:22:52.739 30746 INFO rally.task.runner [-] Task 659684be-26c0-4043-8977-25972a35de74 | ITER: 21 END: OK
2019-12-09 11:22:52.873 30738 INFO rally.task.runner [-] Task 659684be-26c0-4043-8977-25972a35de74 | ITER: 26 END: OK
2019-12-09 11:22:53.471 30712 INFO rally.task.runner [-] Task 659684be-26c0-4043-8977-25972a35de74 | ITER: 31 END: OK
2019-12-09 11:22:53.612 30745 INFO rally.task.runner [-] Task 659684be-26c0-4043-8977-25972a35de74 | ITER: 28 END: OK
2019-12-09 11:22:53.640 30711 INFO rally.task.runner [-] Task 659684be-26c0-4043-8977-25972a35de74 | ITER: 22 END: OK
2019-12-09 11:22:53.769 30754 INFO rally.task.runner [-] Task 659684be-26c0-4043-8977-25972a35de74 | ITER: 23 END: OK
2019-12-09 11:22:53.973 30742 INFO rally.task.runner [-] Task 659684be-26c0-4043-8977-25972a35de74 | ITER: 25 END: OK
2019-12-09 11:22:54.129 30710 INFO rally.task.runner [-] Task 659684be-26c0-4043-8977-25972a35de74 | ITER: 36 END: OK
2019-12-09 11:22:54.255 30713 INFO rally.task.runner [-] Task 659684be-26c0-4043-8977-25972a35de74 | ITER: 29 END: OK
2019-12-09 11:22:54.270 30731 INFO rally.task.runner [-] Task 659684be-26c0-4043-8977-25972a35de74 | ITER: 32 END: OK
2019-12-09 11:22:54.318 30722 INFO rally.task.runner [-] Task 659684be-26c0-4043-8977-25972a35de74 | ITER: 27 END: OK
2019-12-09 11:22:54.475 30755 INFO rally.task.runner [-] Task 659684be-26c0-4043-8977-25972a35de74 | ITER: 33 END: OK
2019-12-09 11:22:54.723 30710 INFO rally.task.runner [-] Task 659684be-26c0-4043-8977-25972a35de74 | ITER: 34 END: OK
2019-12-09 11:22:54.770 30713 INFO rally.task.runner [-] Task 659684be-26c0-4043-8977-25972a35de74 | ITER: 35 END: OK
2019-12-09 11:22:54.842 30712 INFO rally.task.runner [-] Task 659684be-26c0-4043-8977-25972a35de74 | ITER: 24 END: OK
2019-12-09 11:22:54.991 30714 INFO rally.task.runner [-] Task 659684be-26c0-4043-8977-25972a35de74 | ITER: 40 END: OK
2019-12-09 11:22:55.153 30717 INFO rally.task.runner [-] Task 659684be-26c0-4043-8977-25972a35de74 | ITER: 30 END: OK
2019-12-09 11:22:55.205 30711 INFO rally.task.runner [-] Task 659684be-26c0-4043-8977-25972a35de74 | ITER: 37 END: OK
2019-12-09 11:22:55.332 30726 INFO rally.task.runner [-] Task 659684be-26c0-4043-8977-25972a35de74 | ITER: 38 END: OK
2019-12-09 11:22:55.851 30749 INFO rally.task.runner [-] Task 659684be-26c0-4043-8977-25972a35de74 | ITER: 39 END: OK
2019-12-09 11:22:55.873 26244 INFO rally.task.context [-] Task 659684be-26c0-4043-8977-25972a35de74 | Context cleanup@openstack cleanup() started
2019-12-09 11:22:55.878 26244 RALLYDEBUG rally_openstack.cleanup.manager [-] Cleaning up neutron vip objects
2019-12-09 11:22:56.288 26244 RALLYDEBUG rally_openstack.cleanup.manager [-] Cleaning up neutron health_monitor objects
2019-12-09 11:22:56.692 26244 RALLYDEBUG rally_openstack.cleanup.manager [-] Cleaning up neutron pool objects
2019-12-09 11:22:57.091 26244 RALLYDEBUG rally_openstack.cleanup.manager [-] Cleaning up neutron loadbalancer objects
2019-12-09 11:22:57.480 26244 RALLYDEBUG rally_openstack.cleanup.manager [-] Cleaning up neutron floatingip objects
2019-12-09 11:22:57.932 26244 RALLYDEBUG rally_openstack.cleanup.manager [-] Cleaning up neutron trunk objects
2019-12-09 11:22:58.356 26244 RALLYDEBUG rally_openstack.cleanup.manager [-] Cleaning up neutron port objects
2019-12-09 11:22:58.790 26244 RALLYDEBUG rally_openstack.cleanup.manager [-] Cleaning up neutron subnet objects
2019-12-09 11:22:59.212 26244 RALLYDEBUG rally_openstack.cleanup.manager [-] Cleaning up neutron network objects
2019-12-09 11:22:59.865 26244 RALLYDEBUG rally_openstack.cleanup.manager [-] Deleting neutron.network object s_rally_32376de8_jcCufKbx (657f3700-3afa-4ece-ba22-b12c5d4e15c2)
2019-12-09 11:22:59.873 26244 RALLYDEBUG rally_openstack.cleanup.manager [-] Deleting neutron.network object s_rally_32376de8_4rs0Ilym (125d0475-e1bb-42bf-8d2e-dace73de0287)
2019-12-09 11:22:59.876 26244 RALLYDEBUG rally_openstack.cleanup.manager [-] Deleting neutron.network object s_rally_32376de8_gSNwor2k (884c3a24-5732-46df-b797-95aa16b334df)
2019-12-09 11:22:59.878 26244 RALLYDEBUG rally_openstack.cleanup.manager [-] Deleting neutron.network object s_rally_32376de8_eOlb5G0A (2b1f8962-cf7c-4251-b36e-65338586e2cf)
2019-12-09 11:22:59.879 26244 RALLYDEBUG rally_openstack.cleanup.manager [-] Deleting neutron.network object s_rally_32376de8_LN9hEc9P (2064e9ff-0c7d-4150-8b19-ef48f9fa668f)
2019-12-09 11:22:59.884 26244 RALLYDEBUG rally_openstack.cleanup.manager [-] Deleting neutron.network object s_rally_32376de8_6f5PFW9S (44731493-b458-41a5-a098-94addb078e34)
2019-12-09 11:22:59.885 26244 RALLYDEBUG rally_openstack.cleanup.manager [-] Deleting neutron.network object s_rally_32376de8_QfPKppU6 (26bb9fcd-8319-45d4-ae25-fac3f46ebc66)
2019-12-09 11:22:59.889 26244 RALLYDEBUG rally_openstack.cleanup.manager [-] Deleting neutron.network object s_rally_32376de8_zDYlRYEe (2bc6b19e-c815-4830-87bf-209a62f464fb)
2019-12-09 11:22:59.895 26244 RALLYDEBUG rally_openstack.cleanup.manager [-] Deleting neutron.network object s_rally_32376de8_2T3fFhli (526227f6-af1b-4d9c-a0a1-90f4de7dbfcf)
2019-12-09 11:22:59.913 26244 RALLYDEBUG rally_openstack.cleanup.manager [-] Deleting neutron.network object s_rally_32376de8_ObBjP6eF (77922c94-3a1d-4392-842d-e13a0bf8dc2a)
2019-12-09 11:22:59.914 26244 RALLYDEBUG rally_openstack.cleanup.manager [-] Deleting neutron.network object s_rally_32376de8_p0SL5MRr (0041459b-d276-4133-a89f-6b729761c9d8)
2019-12-09 11:22:59.916 26244 RALLYDEBUG rally_openstack.cleanup.manager [-] Deleting neutron.network object s_rally_32376de8_wnehYzYN (421e348f-6c0b-4bcc-b186-f3dfde4c08c2)
2019-12-09 11:22:59.923 26244 RALLYDEBUG rally_openstack.cleanup.manager [-] Deleting neutron.network object s_rally_32376de8_UHx1D3kk (5b0bbef8-970f-4a29-b24d-93b2820657b2)
2019-12-09 11:22:59.925 26244 RALLYDEBUG rally_openstack.cleanup.manager [-] Deleting neutron.network object s_rally_32376de8_VQ8aNuJT (87d78917-158e-4a7e-9b94-34fad2d803d1)
2019-12-09 11:22:59.928 26244 RALLYDEBUG rally_openstack.cleanup.manager [-] Deleting neutron.network object s_rally_32376de8_7PojsfIh (4b78f1b8-40dd-49a0-a8c1-baa2ff6d7f94)
2019-12-09 11:22:59.928 26244 RALLYDEBUG rally_openstack.cleanup.manager [-] Deleting neutron.network object s_rally_32376de8_ORRk4icF (2b64e6c8-fc36-4c5d-81d4-d0dd60e3829d)
2019-12-09 11:22:59.929 26244 RALLYDEBUG rally_openstack.cleanup.manager [-] Deleting neutron.network object s_rally_32376de8_yy1vkR2n (504a2a3e-aded-4556-8374-b3ea2a53920d)
2019-12-09 11:22:59.938 26244 RALLYDEBUG rally_openstack.cleanup.manager [-] Deleting neutron.network object s_rally_32376de8_ZGTk2J0n (7d829a89-496c-4126-a993-01b8be204eb5)
2019-12-09 11:22:59.940 26244 RALLYDEBUG rally_openstack.cleanup.manager [-] Deleting neutron.network object s_rally_32376de8_Z8Y1zHxp (0890ce29-9d0f-4cd8-96b3-caeb9e21ca37)
2019-12-09 11:22:59.976 26244 RALLYDEBUG rally_openstack.cleanup.manager [-] Deleting neutron.network object s_rally_32376de8_y69PqwzJ (81315f97-a5d1-41d8-a1be-b758d89b3be1)
2019-12-09 11:23:02.338 26244 RALLYDEBUG rally_openstack.cleanup.manager [-] Deleting neutron.network object s_rally_32376de8_QW1nBMPw (9596eaa1-f7d9-4ad4-a08c-9a3c310423d7)
2019-12-09 11:23:02.382 26244 RALLYDEBUG rally_openstack.cleanup.manager [-] Deleting neutron.network object s_rally_32376de8_TUKzdVGR (9b8b4638-a8ef-429f-be6f-d9e253909dbd)
2019-12-09 11:23:02.520 26244 RALLYDEBUG rally_openstack.cleanup.manager [-] Deleting neutron.network object s_rally_32376de8_aIODTN7k (9bdd4bb3-da8f-4354-96f0-35ae28a77ddf)
2019-12-09 11:23:02.617 26244 RALLYDEBUG rally_openstack.cleanup.manager [-] Deleting neutron.network object s_rally_32376de8_aAVnzMi2 (a1032007-1574-4aff-8d94-71fab83da970)
2019-12-09 11:23:02.665 26244 RALLYDEBUG rally_openstack.cleanup.manager [-] Deleting neutron.network object s_rally_32376de8_v3UewNJL (a99d6157-e171-4b63-9109-53914f2b4f2b)
2019-12-09 11:23:02.929 26244 RALLYDEBUG rally_openstack.cleanup.manager [-] Deleting neutron.network object s_rally_32376de8_VUcCE8nN (aa1a8487-2ba2-47b7-a871-f39ad1a74019)
2019-12-09 11:23:03.031 26244 RALLYDEBUG rally_openstack.cleanup.manager [-] Deleting neutron.network object s_rally_32376de8_17DrMV83 (abc5ba0d-9e1d-496a-a00b-b45ad9f0e716)
2019-12-09 11:23:03.038 26244 RALLYDEBUG rally_openstack.cleanup.manager [-] Deleting neutron.network object s_rally_32376de8_qQQjmNu1 (b2155b99-9a6b-4e24-9ba6-bc0f47694c86)
2019-12-09 11:23:03.094 26244 RALLYDEBUG rally_openstack.cleanup.manager [-] Deleting neutron.network object s_rally_32376de8_ZNsb1wiT (b33093c3-f284-450a-880a-7b4f87c10e35)
2019-12-09 11:23:03.141 26244 RALLYDEBUG rally_openstack.cleanup.manager [-] Deleting neutron.network object s_rally_32376de8_BGk3uUMl (d2764278-f1e8-4d08-95e7-7e7cc16b3604)
2019-12-09 11:23:03.166 26244 RALLYDEBUG rally_openstack.cleanup.manager [-] Deleting neutron.network object s_rally_32376de8_9OD1UiV8 (d2b46588-c0eb-42f3-8360-e4364d53e485)
2019-12-09 11:23:03.174 26244 RALLYDEBUG rally_openstack.cleanup.manager [-] Deleting neutron.network object s_rally_32376de8_IZGzPaHJ (d3cb26c3-2b16-441a-8977-3b7b58f6074d)
2019-12-09 11:23:03.218 26244 RALLYDEBUG rally_openstack.cleanup.manager [-] Deleting neutron.network object s_rally_32376de8_bcRdUpeV (d9a84f7d-bef7-48cb-b522-9b3ee931b194)
2019-12-09 11:23:03.283 26244 RALLYDEBUG rally_openstack.cleanup.manager [-] Deleting neutron.network object s_rally_32376de8_beago1zc (d9ab7e8a-2cb6-4e15-99d3-289b8c7c4f22)
2019-12-09 11:23:03.292 26244 RALLYDEBUG rally_openstack.cleanup.manager [-] Deleting neutron.network object s_rally_32376de8_D4FxC3gy (ebae3b8d-8342-415d-a8c7-9ec5985caa9c)
2019-12-09 11:23:03.302 26244 RALLYDEBUG rally_openstack.cleanup.manager [-] Deleting neutron.network object s_rally_32376de8_f8TDVToR (ed0ab227-0b5e-400c-b7f8-43c2b7927c3d)
2019-12-09 11:23:04.326 26244 RALLYDEBUG rally_openstack.cleanup.manager [-] Deleting neutron.network object s_rally_32376de8_w2IRJNij (f22fafc0-80d0-4a88-8671-59a4866aa603)
2019-12-09 11:23:04.350 26244 RALLYDEBUG rally_openstack.cleanup.manager [-] Deleting neutron.network object s_rally_32376de8_Rp02CxWX (f2c8cb89-daa8-43ad-b6ca-37ec9ac19123)
2019-12-09 11:23:04.740 26244 RALLYDEBUG rally_openstack.cleanup.manager [-] Deleting neutron.network object s_rally_32376de8_NAkpdc5z (f76b7db7-9acb-43eb-9d30-a14d4e0fa65e)
2019-12-09 11:23:04.875 26244 RALLYDEBUG rally_openstack.cleanup.manager [-] Deleting neutron.network object s_rally_32376de8_63kCKzGJ (ff339a42-3297-4917-a971-35577d8d3206)
2019-12-09 11:23:06.918 26244 RALLYDEBUG rally_openstack.cleanup.manager [-] Cleaning up neutron router objects
2019-12-09 11:23:07.366 26244 RALLYDEBUG rally_openstack.cleanup.manager [-] Cleaning up neutron security_group objects
2019-12-09 11:23:07.803 26244 INFO rally.task.context [-] Task 659684be-26c0-4043-8977-25972a35de74 | Context cleanup@openstack cleanup() finished in 11.93 sec
2019-12-09 11:23:07.804 26244 INFO rally.task.context [-] Task 659684be-26c0-4043-8977-25972a35de74 | Context quotas@openstack cleanup() started
2019-12-09 11:23:07.826 26244 INFO rally.task.context [-] Task 659684be-26c0-4043-8977-25972a35de74 | Context quotas@openstack cleanup() finished in 22.58 msec
2019-12-09 11:23:07.827 26244 INFO rally.task.context [-] Task 659684be-26c0-4043-8977-25972a35de74 | Context users@openstack cleanup() started
2019-12-09 11:23:10.570 26244 INFO rally.task.context [-] Task 659684be-26c0-4043-8977-25972a35de74 | Context users@openstack cleanup() finished in 2.74 sec
2019-12-09 11:23:10.790 26244 INFO rally.task.engine [-] Load duration is: 22.309452
2019-12-09 11:23:10.790 26244 INFO rally.task.engine [-] Full runner duration is: 22.357506
2019-12-09 11:23:10.790 26244 INFO rally.task.engine [-] Full duration is: 39.960228
2019-12-09 11:23:11.218 26244 INFO rally.task.engine [-] Running workload: position = 0 config = { "version": 2, "title": "A cropped version of a bigger task.", "description": "Auto-generated task from a single workload (uuid=b0375dc8-5ad8-4fc3-b700-93fbf820c12e)", "subtasks": [ { "title": "Quotas.neutron_update", "description": "Update quotas for neutron.", "scenario": { "Quotas.neutron_update": { "max_quota": 1024 } }, "contexts": { "users": { "tenants": 20, "users_per_tenant": 1 } }, "runner": { "constant": { "times": 40, "concurrency": 20 } }, "hooks": [], "sla": { "failure_rate": { "max": 0 } } } ] }
2019-12-09 11:23:11.243 26244 RALLYDEBUG rally_openstack.contexts.keystone.users [-] Creating 20 tenants using 20 threads
2019-12-09 11:23:13.219 26244 RALLYDEBUG rally_openstack.contexts.keystone.users [-] Creating 20 users using 20 threads
2019-12-09 11:23:16.137 26244 INFO rally.task.context [-] Task 659684be-26c0-4043-8977-25972a35de74 | Context users@openstack setup() finished in 4.89 sec
2019-12-09 11:23:16.137 26244 INFO rally.task.context [-] Task 659684be-26c0-4043-8977-25972a35de74 | Context admin_cleanup@openstack setup() finished in 0.01 msec
2019-12-09 11:23:16.147 26244 RALLYDEBUG rally.task.runner [-] Starting the constant runner (task UUID: 659684be-26c0-4043-8977-25972a35de74). timeout: 0 concurrency: 20 concurrency_per_worker: 1 times: 40 concurrency_overhead: 4 processes_to_start: 16 max_cpu_used: 16
2019-12-09 11:23:16.162 31100 RALLYDEBUG rally.task.runner [-] Starting a worker. concurrency: 2 args: {"max_quota": 1024} times: 40 method_name: run timeout: 0 duration: None cls:
2019-12-09 11:23:16.165 31101 RALLYDEBUG rally.task.runner [-] Starting a worker. concurrency: 2 args: {"max_quota": 1024} times: 40 method_name: run timeout: 0 duration: None cls:
2019-12-09 11:23:16.168 31102 RALLYDEBUG rally.task.runner [-] Starting a worker. concurrency: 2 args: {"max_quota": 1024} times: 40 method_name: run timeout: 0 duration: None cls:
2019-12-09 11:23:16.172 31103 RALLYDEBUG rally.task.runner [-] Starting a worker. concurrency: 2 args: {"max_quota": 1024} times: 40 method_name: run timeout: 0 duration: None cls:
2019-12-09 11:23:16.176 31104 RALLYDEBUG rally.task.runner [-] Starting a worker. concurrency: 1 args: {"max_quota": 1024} times: 40 method_name: run timeout: 0 duration: None cls:
2019-12-09 11:23:16.177 31101 INFO rally.task.runner [-] Task 659684be-26c0-4043-8977-25972a35de74 | ITER: 2 START
2019-12-09 11:23:16.179 31105 RALLYDEBUG rally.task.runner [-] Starting a worker. concurrency: 1 args: {"max_quota": 1024} times: 40 method_name: run timeout: 0 duration: None cls:
2019-12-09 11:23:16.183 31102 INFO rally.task.runner [-] Task 659684be-26c0-4043-8977-25972a35de74 | ITER: 3 START
2019-12-09 11:23:16.183 31108 RALLYDEBUG rally.task.runner [-] Starting a worker. concurrency: 1 args: {"max_quota": 1024} times: 40 method_name: run timeout: 0 duration: None cls:
2019-12-09 11:23:16.184 31103 INFO rally.task.runner [-] Task 659684be-26c0-4043-8977-25972a35de74 | ITER: 5 START
2019-12-09 11:23:16.186 31100 INFO rally.task.runner [-] Task 659684be-26c0-4043-8977-25972a35de74 | ITER: 1 START
2019-12-09 11:23:16.187 31104 INFO rally.task.runner [-] Task 659684be-26c0-4043-8977-25972a35de74 | ITER: 7 START
2019-12-09 11:23:16.191 31105 INFO rally.task.runner [-] Task 659684be-26c0-4043-8977-25972a35de74 | ITER: 9 START
2019-12-09 11:23:16.191 31113 RALLYDEBUG rally.task.runner [-] Starting a worker. concurrency: 1 args: {"max_quota": 1024} times: 40 method_name: run timeout: 0 duration: None cls:
2019-12-09 11:23:16.197 31108 INFO rally.task.runner [-] Task 659684be-26c0-4043-8977-25972a35de74 | ITER: 11 START
2019-12-09 11:23:16.199 31100 INFO rally.task.runner [-] Task 659684be-26c0-4043-8977-25972a35de74 | ITER: 4 START
2019-12-09 11:23:16.198 31121 RALLYDEBUG rally.task.runner [-] Starting a worker. concurrency: 1 args: {"max_quota": 1024} times: 40 method_name: run timeout: 0 duration: None cls:
2019-12-09 11:23:16.204 31113 INFO rally.task.runner [-] Task 659684be-26c0-4043-8977-25972a35de74 | ITER: 12 START
2019-12-09 11:23:16.206 31103 INFO rally.task.runner [-] Task 659684be-26c0-4043-8977-25972a35de74 | ITER: 10 START
2019-12-09 11:23:16.206 31124 RALLYDEBUG rally.task.runner [-] Starting a worker. concurrency: 1 args: {"max_quota": 1024} times: 40 method_name: run timeout: 0 duration: None cls:
2019-12-09 11:23:16.209 31101 INFO rally.task.runner [-] Task 659684be-26c0-4043-8977-25972a35de74 | ITER: 6 START
2019-12-09 11:23:16.209 31121 INFO rally.task.runner [-] Task 659684be-26c0-4043-8977-25972a35de74 | ITER: 13 START
2019-12-09 11:23:16.209 31125 RALLYDEBUG rally.task.runner [-] Starting a worker. concurrency: 1 args: {"max_quota": 1024} times: 40 method_name: run timeout: 0 duration: None cls:
2019-12-09 11:23:16.212 31102 INFO rally.task.runner [-] Task 659684be-26c0-4043-8977-25972a35de74 | ITER: 8 START
2019-12-09 11:23:16.218 31124 INFO rally.task.runner [-] Task 659684be-26c0-4043-8977-25972a35de74 | ITER: 14 START
2019-12-09 11:23:16.219 31133 RALLYDEBUG rally.task.runner [-] Starting a worker. concurrency: 1 args: {"max_quota": 1024} times: 40 method_name: run timeout: 0 duration: None cls:
2019-12-09 11:23:16.226 31136 RALLYDEBUG rally.task.runner [-] Starting a worker. concurrency: 1 args: {"max_quota": 1024} times: 40 method_name: run timeout: 0 duration: None cls:
2019-12-09 11:23:16.229 31138 RALLYDEBUG rally.task.runner [-] Starting a worker. concurrency: 1 args: {"max_quota": 1024} times: 40 method_name: run timeout: 0 duration: None cls:
2019-12-09 11:23:16.231 31125 INFO rally.task.runner [-] Task 659684be-26c0-4043-8977-25972a35de74 | ITER: 15 START
2019-12-09 11:23:16.231 31133 INFO rally.task.runner [-] Task 659684be-26c0-4043-8977-25972a35de74 | ITER: 16 START
2019-12-09 11:23:16.235 31139 RALLYDEBUG rally.task.runner [-] Starting a worker. concurrency: 1 args: {"max_quota": 1024} times: 40 method_name: run timeout: 0 duration: None cls:
2019-12-09 11:23:16.237 31138 INFO rally.task.runner [-] Task 659684be-26c0-4043-8977-25972a35de74 | ITER: 18 START
2019-12-09 11:23:16.238 31136 INFO rally.task.runner [-] Task 659684be-26c0-4043-8977-25972a35de74 | ITER: 17 START
2019-12-09 11:23:16.244 31139 INFO rally.task.runner [-] Task 659684be-26c0-4043-8977-25972a35de74 | ITER: 19 START
2019-12-09 11:23:16.243 31144 RALLYDEBUG rally.task.runner [-] Starting a worker. concurrency: 1 args: {"max_quota": 1024} times: 40 method_name: run timeout: 0 duration: None cls:
2019-12-09 11:23:16.251 31144 INFO rally.task.runner [-] Task 659684be-26c0-4043-8977-25972a35de74 | ITER: 20 START
2019-12-09 11:23:16.781 31103 INFO rally.task.runner [-] Task 659684be-26c0-4043-8977-25972a35de74 | ITER: 10 END: OK
2019-12-09 11:23:16.791 31103 INFO rally.task.runner [-] Task 659684be-26c0-4043-8977-25972a35de74 | ITER: 21 START
2019-12-09 11:23:16.808 31101 INFO rally.task.runner [-] Task 659684be-26c0-4043-8977-25972a35de74 | ITER: 2 END: OK
2019-12-09 11:23:16.817 31101 INFO rally.task.runner [-] Task 659684be-26c0-4043-8977-25972a35de74 | ITER: 22 START
2019-12-09 11:23:16.819 31133 INFO rally.task.runner [-] Task 659684be-26c0-4043-8977-25972a35de74 | ITER: 16 END: OK
2019-12-09 11:23:16.825 31100 INFO rally.task.runner [-] Task 659684be-26c0-4043-8977-25972a35de74 | ITER: 4 END: OK
2019-12-09 11:23:16.827 31133 INFO rally.task.runner [-] Task 659684be-26c0-4043-8977-25972a35de74 | ITER: 23 START
2019-12-09 11:23:16.838 31100 INFO rally.task.runner [-] Task 659684be-26c0-4043-8977-25972a35de74 | ITER: 24 START
2019-12-09 11:23:16.847 31108 INFO rally.task.runner [-] Task 659684be-26c0-4043-8977-25972a35de74 | ITER: 11 END: OK
2019-12-09 11:23:16.854 31108 INFO rally.task.runner [-] Task 659684be-26c0-4043-8977-25972a35de74 | ITER: 25 START
2019-12-09 11:23:16.853 31102 INFO rally.task.runner [-] Task 659684be-26c0-4043-8977-25972a35de74 | ITER: 3 END: OK
2019-12-09 11:23:16.855 31113 INFO rally.task.runner [-] Task 659684be-26c0-4043-8977-25972a35de74 | ITER: 12 END: OK
2019-12-09 11:23:16.862 31113 INFO rally.task.runner [-] Task 659684be-26c0-4043-8977-25972a35de74 | ITER: 26 START
2019-12-09 11:23:16.862 31102 INFO rally.task.runner [-] Task 659684be-26c0-4043-8977-25972a35de74 | ITER: 27 START
2019-12-09 11:23:16.863 31121 INFO rally.task.runner [-] Task 659684be-26c0-4043-8977-25972a35de74 | ITER: 13 END: OK
2019-12-09 11:23:16.864 31105 INFO rally.task.runner [-] Task 659684be-26c0-4043-8977-25972a35de74 | ITER: 9 END: OK
2019-12-09 11:23:16.868 31100 INFO rally.task.runner [-] Task 659684be-26c0-4043-8977-25972a35de74 | ITER: 1 END: OK
2019-12-09 11:23:16.870 31105 INFO rally.task.runner [-] Task 659684be-26c0-4043-8977-25972a35de74 | ITER: 29 START
2019-12-09 11:23:16.871 31121 INFO rally.task.runner [-] Task 659684be-26c0-4043-8977-25972a35de74 | ITER: 28 START
2019-12-09 11:23:16.873 31104 INFO rally.task.runner [-] Task 659684be-26c0-4043-8977-25972a35de74 | ITER: 7 END: OK
2019-12-09 11:23:16.875 31100 INFO rally.task.runner [-] Task 659684be-26c0-4043-8977-25972a35de74 | ITER: 30 START
2019-12-09 11:23:16.875 31101 INFO rally.task.runner [-] Task 659684be-26c0-4043-8977-25972a35de74 | ITER: 6 END: OK
2019-12-09 11:23:16.881 31104 INFO rally.task.runner [-] Task 659684be-26c0-4043-8977-25972a35de74 | ITER: 31 START
2019-12-09 11:23:16.883 31101 INFO rally.task.runner [-] Task 659684be-26c0-4043-8977-25972a35de74 | ITER: 32 START
2019-12-09 11:23:17.010 31144 INFO rally.task.runner [-] Task 659684be-26c0-4043-8977-25972a35de74 | ITER: 20 END: OK
2019-12-09 11:23:17.018 31144 INFO rally.task.runner [-] Task 659684be-26c0-4043-8977-25972a35de74 | ITER: 33 START
2019-12-09 11:23:17.043 31102 INFO rally.task.runner [-] Task 659684be-26c0-4043-8977-25972a35de74 | ITER: 8 END: OK
2019-12-09 11:23:17.044 31139 INFO rally.task.runner [-] Task 659684be-26c0-4043-8977-25972a35de74 | ITER: 19 END: OK
2019-12-09 11:23:17.051 31102 INFO rally.task.runner [-] Task 659684be-26c0-4043-8977-25972a35de74 | ITER: 34 START
2019-12-09 11:23:17.051 31125 INFO rally.task.runner [-] Task 659684be-26c0-4043-8977-25972a35de74 | ITER: 15 END: OK
2019-12-09 11:23:17.053 31139 INFO rally.task.runner [-] Task 659684be-26c0-4043-8977-25972a35de74 | ITER: 35 START
2019-12-09 11:23:17.054 31124 INFO rally.task.runner [-] Task 659684be-26c0-4043-8977-25972a35de74 | ITER: 14 END: OK
2019-12-09 11:23:17.060 31125 INFO rally.task.runner [-] Task 659684be-26c0-4043-8977-25972a35de74 | ITER: 36 START
2019-12-09 11:23:17.062 31124 INFO rally.task.runner [-] Task 659684be-26c0-4043-8977-25972a35de74 | ITER: 37 START
2019-12-09 11:23:17.093 31103 INFO rally.task.runner [-] Task 659684be-26c0-4043-8977-25972a35de74 | ITER: 5 END: OK
2019-12-09 11:23:17.101 31103 INFO rally.task.runner [-] Task 659684be-26c0-4043-8977-25972a35de74 | ITER: 38 START
2019-12-09 11:23:17.103 31138 INFO rally.task.runner [-] Task 659684be-26c0-4043-8977-25972a35de74 | ITER: 18 END: OK
2019-12-09 11:23:17.111 31138 INFO rally.task.runner [-] Task 659684be-26c0-4043-8977-25972a35de74 | ITER: 39 START
2019-12-09 11:23:17.207 31136 INFO rally.task.runner [-] Task 659684be-26c0-4043-8977-25972a35de74 | ITER: 17 END: OK
2019-12-09 11:23:17.215 31136 INFO rally.task.runner [-] Task 659684be-26c0-4043-8977-25972a35de74 | ITER: 40 START
2019-12-09 11:23:17.378 31103 INFO rally.task.runner [-] Task 659684be-26c0-4043-8977-25972a35de74 | ITER: 21 END: OK
2019-12-09 11:23:17.383 31108 INFO rally.task.runner [-] Task 659684be-26c0-4043-8977-25972a35de74 | ITER: 25 END: OK
2019-12-09 11:23:17.425 31100 INFO rally.task.runner [-] Task 659684be-26c0-4043-8977-25972a35de74 | ITER: 24 END: OK
2019-12-09 11:23:17.438 31101 INFO rally.task.runner [-] Task 659684be-26c0-4043-8977-25972a35de74 | ITER: 22 END: OK
2019-12-09 11:23:17.449 31113 INFO rally.task.runner [-] Task 659684be-26c0-4043-8977-25972a35de74 | ITER: 26 END: OK
2019-12-09 11:23:17.524 31102 INFO rally.task.runner [-] Task 659684be-26c0-4043-8977-25972a35de74 | ITER: 27 END: OK
2019-12-09 11:23:17.583 31104 INFO rally.task.runner [-] Task 659684be-26c0-4043-8977-25972a35de74 | ITER: 31 END: OK
2019-12-09 11:23:17.602 31121 INFO rally.task.runner [-] Task 659684be-26c0-4043-8977-25972a35de74 | ITER: 28 END: OK
2019-12-09 11:23:17.615 31139 INFO rally.task.runner [-] Task 659684be-26c0-4043-8977-25972a35de74 | ITER: 35 END: OK
2019-12-09 11:23:17.685 31125 INFO rally.task.runner [-] Task 659684be-26c0-4043-8977-25972a35de74 | ITER: 36 END: OK
2019-12-09 11:23:17.686 31144 INFO rally.task.runner [-] Task 659684be-26c0-4043-8977-25972a35de74 | ITER: 33 END: OK
2019-12-09 11:23:17.715 31103 INFO rally.task.runner [-] Task 659684be-26c0-4043-8977-25972a35de74 | ITER: 38 END: OK
2019-12-09 11:23:17.716 31133 INFO rally.task.runner [-] Task 659684be-26c0-4043-8977-25972a35de74 | ITER: 23 END: OK
2019-12-09 11:23:17.754 31138 INFO rally.task.runner [-] Task 659684be-26c0-4043-8977-25972a35de74 | ITER: 39 END: OK
2019-12-09 11:23:17.794 31105 INFO rally.task.runner [-] Task 659684be-26c0-4043-8977-25972a35de74 | ITER: 29 END: OK
2019-12-09 11:23:17.798 31124 INFO rally.task.runner [-] Task 659684be-26c0-4043-8977-25972a35de74 | ITER: 37 END: OK
2019-12-09 11:23:17.800 31101 INFO rally.task.runner [-] Task 659684be-26c0-4043-8977-25972a35de74 | ITER: 32 END: OK
2019-12-09 11:23:17.814 31102 INFO rally.task.runner [-] Task 659684be-26c0-4043-8977-25972a35de74 | ITER: 34 END: OK
2019-12-09 11:23:17.818 31136 INFO rally.task.runner [-] Task 659684be-26c0-4043-8977-25972a35de74 | ITER: 40 END: OK
2019-12-09 11:23:17.821 31100 INFO rally.task.runner [-] Task 659684be-26c0-4043-8977-25972a35de74 | ITER: 30 END: OK
2019-12-09 11:23:17.849 26244 INFO rally.task.context [-] Task 659684be-26c0-4043-8977-25972a35de74 | Context admin_cleanup@openstack cleanup() started
2019-12-09 11:23:17.852 26244 RALLYDEBUG rally_openstack.cleanup.manager [-] Cleaning up neutron quota objects
2019-12-09 11:23:19.519 26244 INFO rally.task.context [-] Task 659684be-26c0-4043-8977-25972a35de74 | Context admin_cleanup@openstack cleanup() finished in 1.67 sec
2019-12-09 11:23:19.520 26244 INFO rally.task.context [-] Task 659684be-26c0-4043-8977-25972a35de74 | Context users@openstack cleanup() started
2019-12-09 11:23:39.781 26244 INFO rally.task.context [-] Task 659684be-26c0-4043-8977-25972a35de74 | Context users@openstack cleanup() finished in 20.26 sec
2019-12-09 11:23:41.441 26244 INFO rally.task.engine [-] Load duration is: 1.642932
2019-12-09 11:23:41.441 26244 INFO rally.task.engine [-] Full runner duration is: 1.702928
2019-12-09 11:23:41.442 26244 INFO rally.task.engine [-] Full duration is: 28.544923
2019-12-09 11:23:41.811 26244 INFO rally.task.engine [-] Running workload: position = 0 config = { "version": 2, "title": "A cropped version of a bigger task.", "description": "Auto-generated task from a single workload (uuid=de627766-01b8-4d63-b6ef-a94d96b43ce9)", "subtasks": [ { "title": "NeutronTrunks.create_and_list_trunk_subports", "description": "", "scenario": { "NeutronTrunks.create_and_list_trunk_subports": { "subport_count": 125 } }, "contexts": { "users": { "tenants": 1, "users_per_tenant": 1 }, "quotas": { "neutron": { "network": -1, "port": 1000 } } }, "runner": { "constant": { "times": 4, "concurrency": 4 } }, "hooks": [], "sla": { "failure_rate": { "max": 0 } } } ] }
2019-12-09 11:23:41.838 26244 RALLYDEBUG rally_openstack.contexts.keystone.users [-] Creating 1 tenants using 20 threads
2019-12-09 11:23:42.853 26244 RALLYDEBUG rally_openstack.contexts.keystone.users [-] Creating 1 users using 20 threads
2019-12-09 11:23:44.281 26244 INFO rally.task.context [-] Task 659684be-26c0-4043-8977-25972a35de74 | Context users@openstack setup() finished in 2.44 sec
2019-12-09 11:23:44.810 26244 INFO rally.task.context [-] Task 659684be-26c0-4043-8977-25972a35de74 | Context quotas@openstack setup() finished in 0.53 sec
2019-12-09 11:23:44.810 26244 INFO rally.task.context [-] Task 659684be-26c0-4043-8977-25972a35de74 | Context cleanup@openstack setup() finished in 0.01 msec
2019-12-09 11:23:44.818 26244 RALLYDEBUG rally.task.runner [-] Starting the constant runner (task UUID: 659684be-26c0-4043-8977-25972a35de74). timeout: 0 concurrency: 4 concurrency_per_worker: 1 times: 4 concurrency_overhead: 0 processes_to_start: 4 max_cpu_used: 16
2019-12-09 11:23:44.832 31290 RALLYDEBUG rally.task.runner [-] Starting a worker. concurrency: 1 args: {"subport_count": 125} times: 4 method_name: run timeout: 0 duration: None cls:
2019-12-09 11:23:44.835 31291 RALLYDEBUG rally.task.runner [-] Starting a worker. concurrency: 1 args: {"subport_count": 125} times: 4 method_name: run timeout: 0 duration: None cls:
2019-12-09 11:23:44.837 31292 RALLYDEBUG rally.task.runner [-] Starting a worker. concurrency: 1 args: {"subport_count": 125} times: 4 method_name: run timeout: 0 duration: None cls:
2019-12-09 11:23:44.839 31290 INFO rally.task.runner [-] Task 659684be-26c0-4043-8977-25972a35de74 | ITER: 1 START
2019-12-09 11:23:44.840 31293 RALLYDEBUG rally.task.runner [-] Starting a worker. concurrency: 1 args: {"subport_count": 125} times: 4 method_name: run timeout: 0 duration: None cls:
2019-12-09 11:23:44.841 31291 INFO rally.task.runner [-] Task 659684be-26c0-4043-8977-25972a35de74 | ITER: 2 START
2019-12-09 11:23:44.843 31292 INFO rally.task.runner [-] Task 659684be-26c0-4043-8977-25972a35de74 | ITER: 3 START
2019-12-09 11:23:44.847 31293 INFO rally.task.runner [-] Task 659684be-26c0-4043-8977-25972a35de74 | ITER: 4 START
2019-12-09 11:25:27.980 31292 WARNING rally.task.atomic [-] 'optional_action_timer' is deprecated since rally v0.10.0.Please use action_timer instead, we have improved atomic actions, now do not need to explicitly close original action.
2019-12-09 11:25:28.016 31292 WARNING rally.task.atomic [-] 'optional_action_timer' is deprecated since rally v0.10.0.Please use action_timer instead, we have improved atomic actions, now do not need to explicitly close original action.
2019-12-09 11:25:28.463 31292 INFO rally.task.runner [-] Task 659684be-26c0-4043-8977-25972a35de74 | ITER: 3 END: OK
2019-12-09 11:25:30.259 31291 WARNING rally.task.atomic [-] 'optional_action_timer' is deprecated since rally v0.10.0.Please use action_timer instead, we have improved atomic actions, now do not need to explicitly close original action.
2019-12-09 11:25:30.300 31291 WARNING rally.task.atomic [-] 'optional_action_timer' is deprecated since rally v0.10.0.Please use action_timer instead, we have improved atomic actions, now do not need to explicitly close original action.
2019-12-09 11:25:31.023 31291 INFO rally.task.runner [-] Task 659684be-26c0-4043-8977-25972a35de74 | ITER: 2 END: OK
2019-12-09 11:25:32.037 31293 WARNING rally.task.atomic [-] 'optional_action_timer' is deprecated since rally v0.10.0.Please use action_timer instead, we have improved atomic actions, now do not need to explicitly close original action.
2019-12-09 11:25:32.075 31293 WARNING rally.task.atomic [-] 'optional_action_timer' is deprecated since rally v0.10.0.Please use action_timer instead, we have improved atomic actions, now do not need to explicitly close original action.
2019-12-09 11:25:32.779 31293 INFO rally.task.runner [-] Task 659684be-26c0-4043-8977-25972a35de74 | ITER: 4 END: OK
2019-12-09 11:25:33.294 31290 WARNING rally.task.atomic [-] 'optional_action_timer' is deprecated since rally v0.10.0.Please use action_timer instead, we have improved atomic actions, now do not need to explicitly close original action.
2019-12-09 11:25:33.332 31290 WARNING rally.task.atomic [-] 'optional_action_timer' is deprecated since rally v0.10.0.Please use action_timer instead, we have improved atomic actions, now do not need to explicitly close original action.
2019-12-09 11:25:33.791 31290 INFO rally.task.runner [-] Task 659684be-26c0-4043-8977-25972a35de74 | ITER: 1 END: OK
2019-12-09 11:25:33.814 26244 INFO rally.task.context [-] Task 659684be-26c0-4043-8977-25972a35de74 | Context cleanup@openstack cleanup() started
2019-12-09 11:25:33.818 26244 RALLYDEBUG rally_openstack.cleanup.manager [-] Cleaning up neutron vip objects
2019-12-09 11:25:34.235 26244 RALLYDEBUG rally_openstack.cleanup.manager [-] Cleaning up neutron health_monitor objects
2019-12-09 11:25:34.643 26244 RALLYDEBUG rally_openstack.cleanup.manager [-] Cleaning up neutron pool objects
2019-12-09 11:25:35.064 26244 RALLYDEBUG rally_openstack.cleanup.manager [-] Cleaning up neutron loadbalancer objects
2019-12-09 11:25:35.453 26244 RALLYDEBUG rally_openstack.cleanup.manager [-] Cleaning up neutron floatingip objects
2019-12-09 11:25:35.895 26244 RALLYDEBUG rally_openstack.cleanup.manager [-] Cleaning up neutron trunk objects
2019-12-09 11:25:36.321 26244 RALLYDEBUG rally_openstack.cleanup.manager [-] Cleaning up neutron port objects
2019-12-09 11:25:37.894 26244 RALLYDEBUG rally_openstack.cleanup.manager [-] Deleting neutron.port object s_rally_de627766_I0Re8Txl (00b44f1a-704c-4de5-b35a-93c50f8cd0b2)
2019-12-09 11:25:37.896 26244 RALLYDEBUG rally_openstack.cleanup.manager [-] Deleting neutron.port object s_rally_de627766_Ms2mLpBi (04733b53-4cdc-49ab-bb35-f32a0ed4e457)
2019-12-09 11:25:37.902 26244 RALLYDEBUG rally_openstack.cleanup.manager [-] Deleting neutron.port object s_rally_de627766_7HjQyK8P (0441034a-1a12-45eb-b2b8-0b52e2de7887)
2019-12-09 11:25:37.906 26244 RALLYDEBUG rally_openstack.cleanup.manager [-] Deleting neutron.port object s_rally_de627766_BuxxkNUH (012dc426-b297-49a7-aa06-4e1057599288)
2019-12-09 11:25:37.909 26244 RALLYDEBUG rally_openstack.cleanup.manager [-] Deleting neutron.port object s_rally_de627766_3bgU6nhM (01b623fe-2db6-4b61-b9d8-23b88f50ec68)
2019-12-09 11:25:37.915 26244 RALLYDEBUG rally_openstack.cleanup.manager [-] Deleting neutron.port object s_rally_de627766_bsdPgGEw (03066f16-0d1e-4380-8070-9789ba5d3925)
2019-12-09 11:25:37.917 26244 RALLYDEBUG rally_openstack.cleanup.manager [-] Deleting neutron.port object s_rally_de627766_QWb3EcMe (0454dce0-6996-417f-9cfd-945c1ff3dcb5)
2019-12-09 11:25:37.921 26244 RALLYDEBUG rally_openstack.cleanup.manager [-] Deleting neutron.port object s_rally_de627766_RwQXtndD (0568c569-32fb-4a87-bae9-abd607383ee6)
2019-12-09 11:25:37.924 26244 RALLYDEBUG rally_openstack.cleanup.manager [-] Deleting neutron.port object s_rally_de627766_Dy4lv01S (03f9ee3b-6371-4ae8-9600-a9f49bdaa89d)
2019-12-09 11:25:37.935 26244 RALLYDEBUG rally_openstack.cleanup.manager [-] Deleting neutron.port object s_rally_de627766_eEYiWy45 (05af1643-39f6-493b-8490-4a2081e2f90b)
2019-12-09 11:25:37.935 26244 RALLYDEBUG rally_openstack.cleanup.manager [-] Deleting neutron.port object s_rally_de627766_DOCQS8eY (012ecf6a-9b54-41f2-89d2-b346ab996df8)
2019-12-09 11:25:37.949 26244 RALLYDEBUG rally_openstack.cleanup.manager [-] Deleting neutron.port object s_rally_de627766_OUQcgBdk (06b8f60a-c843-4bd7-a9a0-8fed51772de7)
2019-12-09 11:25:37.955 26244 RALLYDEBUG rally_openstack.cleanup.manager [-] Deleting neutron.port object s_rally_de627766_2lQ81O5M (00cb7c01-b877-4cef-b944-09fbde451084)
2019-12-09 11:25:37.958 26244 RALLYDEBUG rally_openstack.cleanup.manager [-] Deleting neutron.port object s_rally_de627766_K6FVO2sW (0580aab9-5d02-4159-abaf-03cc627e4868)
2019-12-09 11:25:37.960 26244 RALLYDEBUG rally_openstack.cleanup.manager [-] Deleting neutron.port object s_rally_de627766_BXNlMjRE (0663b3b4-f312-48c7-8394-459cf534b62f)
2019-12-09 11:25:37.977 26244 RALLYDEBUG rally_openstack.cleanup.manager [-] Deleting neutron.port object s_rally_de627766_PxKmWPBM (05c3fbfd-59da-425b-a815-060f2960c906)
2019-12-09 11:25:37.981 26244 RALLYDEBUG rally_openstack.cleanup.manager [-] Deleting neutron.port object s_rally_de627766_HFxIdImF (074d563c-3ea6-430c-9fe0-23117166323b)
2019-12-09 11:25:38.000 26244 RALLYDEBUG rally_openstack.cleanup.manager [-] Deleting neutron.port object s_rally_de627766_ZOn2m9oR (0553f878-d644-4d8d-a959-d9ab5ac0682b)
2019-12-09 11:25:37.998 26244 RALLYDEBUG rally_openstack.cleanup.manager [-] Deleting neutron.port object s_rally_de627766_MM8giSMx (06e8ea36-71e7-4533-953c-0096fdfb53a8)
2019-12-09 11:25:38.018 26244 RALLYDEBUG rally_openstack.cleanup.manager [-] Deleting neutron.port object s_rally_de627766_8UfP0Qs2 (07a090bc-1efc-43b9-889c-f09402d81860)
2019-12-09 11:25:40.090 26244 RALLYDEBUG rally_openstack.cleanup.manager [-] Deleting neutron.port object s_rally_de627766_UuNUJJ8V (07e97777-8620-4e30-baf6-0f6816b34df4)
2019-12-09 11:25:40.114 26244 RALLYDEBUG rally_openstack.cleanup.manager [-] Deleting neutron.port object s_rally_de627766_XMimTQhm (090aa1f3-c656-400f-92b4-7189acdc6e10)
2019-12-09 11:25:40.218 26244 RALLYDEBUG rally_openstack.cleanup.manager [-] Deleting neutron.port object s_rally_de627766_D6eD2NjT (09a7825f-9a0b-49fd-bb06-82e47cd8ddd7)
2019-12-09 11:25:40.554 26244 RALLYDEBUG rally_openstack.cleanup.manager [-] Deleting neutron.port object s_rally_de627766_Ppabviih (0c6fa363-a889-475c-9013-04c19df7f2e6)
2019-12-09 11:25:40.622 26244 RALLYDEBUG rally_openstack.cleanup.manager [-] Deleting neutron.port object s_rally_de627766_pKPUSsWf (0ca3dce0-5f88-483a-8536-1b069bf9afe8)
2019-12-09 11:25:40.666 26244 RALLYDEBUG rally_openstack.cleanup.manager [-] Deleting neutron.port object s_rally_de627766_PeHa7zrq (0d2e6300-90b3-4ea5-84a8-0360b2e27a74)
2019-12-09 11:25:40.717 26244 RALLYDEBUG rally_openstack.cleanup.manager [-] Deleting neutron.port object s_rally_de627766_MIxoalMh (0d97c60f-0da0-4fa2-8874-b05f12f2db87)
2019-12-09 11:25:40.720 26244 RALLYDEBUG rally_openstack.cleanup.manager [-] Deleting neutron.port object s_rally_de627766_CAk7joFv (0fa43877-0c22-431e-b4ca-b74f1e1c0b8e)
2019-12-09 11:25:40.791 26244 RALLYDEBUG rally_openstack.cleanup.manager [-] Deleting neutron.port object s_rally_de627766_XFQcL2MT (1011b1b4-06b2-4a4a-8a8c-08982268eb56)
2019-12-09 11:25:40.833 26244 RALLYDEBUG rally_openstack.cleanup.manager [-] Deleting neutron.port object s_rally_de627766_GhYYi914 (108b8dcc-6149-4411-8807-645727f69629)
2019-12-09 11:25:40.891 26244 RALLYDEBUG rally_openstack.cleanup.manager [-] Deleting neutron.port object s_rally_de627766_KZ2zP07F (113998cb-b23c-46be-8cf9-221489d2eb9c)
2019-12-09 11:25:40.909 26244 RALLYDEBUG rally_openstack.cleanup.manager [-] Deleting neutron.port object s_rally_de627766_sIcJn5jc (13002ded-6047-4837-aa10-32f988221e2e)
2019-12-09 11:25:40.939 26244 RALLYDEBUG rally_openstack.cleanup.manager [-] Deleting neutron.port object s_rally_de627766_PiIuKLGs (14a50ea6-8e04-4bce-bae0-a43000e967cf)
2019-12-09 11:25:40.944 26244 RALLYDEBUG rally_openstack.cleanup.manager [-] Deleting neutron.port object s_rally_de627766_cbNEot67 (1307b112-cb13-457e-b3b7-3ff0bc175f72)
2019-12-09 11:25:41.046 26244 RALLYDEBUG rally_openstack.cleanup.manager [-] Deleting neutron.port object s_rally_de627766_nuqdsr8X (15194f06-2821-4381-a72e-0d9b3209d1e9)
2019-12-09 11:25:41.063 26244 RALLYDEBUG rally_openstack.cleanup.manager [-] Deleting neutron.port object s_rally_de627766_lTEofClh (15a00928-e64f-44ee-a45f-79ca22ff48a8)
2019-12-09 11:25:41.086 26244 RALLYDEBUG rally_openstack.cleanup.manager [-] Deleting neutron.port object s_rally_de627766_nYLSjzJ0 (15d8f6c4-3adb-47d2-9842-7e5d1f9ac5f3)
2019-12-09 11:25:41.538 26244 RALLYDEBUG rally_openstack.cleanup.manager [-] Deleting neutron.port object s_rally_de627766_nEqpk7aF (1674ab79-797a-452a-b5b4-0e5ad4090a82)
2019-12-09 11:25:41.554 26244 RALLYDEBUG rally_openstack.cleanup.manager [-] Deleting neutron.port object s_rally_de627766_b5fxSccj (17360245-5f3f-407c-9162-822298aa4bf6)
2019-12-09 11:25:41.562 26244 RALLYDEBUG rally_openstack.cleanup.manager [-] Deleting neutron.port object s_rally_de627766_0PJdgYAS (1718f388-9bc0-4887-87cb-e30e9326eeef)
2019-12-09 11:25:41.971 26244 RALLYDEBUG rally_openstack.cleanup.manager [-] Deleting neutron.port object s_rally_de627766_Z0xVeeYv (173f4b29-a0b7-41e6-a742-9a630e68e9ed)
2019-12-09 11:25:42.004 26244 RALLYDEBUG rally_openstack.cleanup.manager [-] Deleting neutron.port object s_rally_de627766_s9TxZtLK (180d75e0-24d9-428b-99f3-74f157cf2d11)
2019-12-09 11:25:42.083 26244 RALLYDEBUG rally_openstack.cleanup.manager [-] Deleting neutron.port object s_rally_de627766_X0lNrdn3 (18635a92-def5-4ba4-80a1-50a6acfb4d79)
2019-12-09 11:25:42.609 26244 RALLYDEBUG rally_openstack.cleanup.manager [-] Deleting neutron.port object s_rally_de627766_lxeZ6DVo (18b3c647-cc6e-4fab-96a3-cdd526d4cb2a)
2019-12-09 11:25:42.676 26244 RALLYDEBUG rally_openstack.cleanup.manager [-] Deleting neutron.port object s_rally_de627766_4FiZ00Mo (18c96ab0-0a72-471e-bf55-ff2602f1beb3)
2019-12-09 11:25:42.764 26244 RALLYDEBUG rally_openstack.cleanup.manager [-] Deleting neutron.port object s_rally_de627766_HoCZYhkk (1972ab76-9e9e-490b-9b0b-9d1e215ad95d)
2019-12-09 11:25:42.836 26244 RALLYDEBUG rally_openstack.cleanup.manager [-] Deleting neutron.port object s_rally_de627766_1WYipdNJ (199e1985-433c-49f3-aefb-79479d9b72f1)
2019-12-09 11:25:42.956 26244 RALLYDEBUG rally_openstack.cleanup.manager [-] Deleting neutron.port object s_rally_de627766_ntNUs0tP (19da3079-0a8a-4a5d-85ee-a09a02cdd1dd)
2019-12-09 11:25:43.009 26244 RALLYDEBUG rally_openstack.cleanup.manager [-] Deleting neutron.port object s_rally_de627766_Y4HYpRmd (1aa41835-87c7-438a-94bc-0f333a56358f)
2019-12-09 11:25:43.125 26244 RALLYDEBUG rally_openstack.cleanup.manager [-] Deleting neutron.port object s_rally_de627766_rEYWXIiH (1bc27289-a30d-4205-a26a-3e4244f522ff)
2019-12-09 11:25:43.206 26244 RALLYDEBUG rally_openstack.cleanup.manager [-] Deleting neutron.port object s_rally_de627766_5TJOZ6K4 (1c756fd7-1760-4e26-b4fd-a1415afc8bdf)
2019-12-09 11:25:43.240 26244 RALLYDEBUG rally_openstack.cleanup.manager [-] Deleting neutron.port object s_rally_de627766_RaBGlgj3 (1ce37598-f319-4df7-aebf-5a9b915a1a31)
2019-12-09 11:25:43.240 26244 RALLYDEBUG rally_openstack.cleanup.manager [-] Deleting neutron.port object s_rally_de627766_J8hyqhx8 (1e157d1b-7723-4acd-832f-4f21579c73d3)
2019-12-09 11:25:43.278 26244 RALLYDEBUG rally_openstack.cleanup.manager [-] Deleting neutron.port object s_rally_de627766_Oef9vOLM (2006d5c5-a9ac-4902-abc0-555fbd6d4cdd)
2019-12-09 11:25:43.282 26244 RALLYDEBUG rally_openstack.cleanup.manager [-] Deleting neutron.port object s_rally_de627766_ehv7q9gM (1f69406d-4e21-451d-8268-8290dfd686f3)
2019-12-09 11:25:43.326 26244 RALLYDEBUG rally_openstack.cleanup.manager [-] Deleting neutron.port object s_rally_de627766_CcRTCO2Q (2065f189-b52a-4d10-a186-8fafbb7ebeb7)
2019-12-09 11:25:43.405 26244 RALLYDEBUG rally_openstack.cleanup.manager [-] Deleting neutron.port object s_rally_de627766_ivqO2tqu (20d8c9d1-3bc7-41d9-b0ae-11a2a1b173fe)
2019-12-09 11:25:43.480 26244 RALLYDEBUG rally_openstack.cleanup.manager [-] Deleting neutron.port object s_rally_de627766_qEENdjoQ (21ae8d7f-4ce1-4adf-acb1-af6c97ba952a)
2019-12-09 11:25:43.521 26244 RALLYDEBUG rally_openstack.cleanup.manager [-] Deleting neutron.port object s_rally_de627766_c2yKSR1g (21f4ecd8-5532-447c-a3a1-f56d35edb305)
2019-12-09 11:25:43.748 26244 RALLYDEBUG rally_openstack.cleanup.manager [-] Deleting neutron.port object s_rally_de627766_8W9mClOC (2211a7ec-7c21-42fd-93f1-60df64e681b6)
2019-12-09 11:25:43.863 26244 RALLYDEBUG rally_openstack.cleanup.manager [-] Deleting neutron.port object s_rally_de627766_Uk70G6mI (228d88f2-85a1-4863-81e7-16dbd4bfb60e)
2019-12-09 11:25:43.884 26244 RALLYDEBUG rally_openstack.cleanup.manager [-] Deleting neutron.port object s_rally_de627766_mYxkEbIt (22dd8c41-bef8-4fec-9bc8-1239003642a7)
2019-12-09 11:25:43.955 26244 RALLYDEBUG rally_openstack.cleanup.manager [-] Deleting neutron.port object s_rally_de627766_K528mcL9 (241eb2c0-0d82-4522-b8ee-3b479a581687)
2019-12-09 11:25:44.472 26244 RALLYDEBUG rally_openstack.cleanup.manager [-] Deleting neutron.port object s_rally_de627766_hXyn3Hnc (24df643c-f53d-41c5-9daa-08691431d224)
2019-12-09 11:25:44.559 26244 RALLYDEBUG rally_openstack.cleanup.manager [-] Deleting neutron.port object s_rally_de627766_rIzSufYk (26649d3f-9394-4102-ace5-08b016b9d4b0)
2019-12-09 11:25:44.749 26244 RALLYDEBUG rally_openstack.cleanup.manager [-] Deleting neutron.port object s_rally_de627766_TToeoNbL (26a700e9-88b3-462a-a978-59de446dbd2a)
2019-12-09 11:25:44.946 26244 RALLYDEBUG rally_openstack.cleanup.manager [-] Deleting neutron.port object s_rally_de627766_arxZ8Mxq (26aaee09-5098-4208-9d69-fdc39ec7ccb7)
2019-12-09 11:25:45.227 26244 RALLYDEBUG rally_openstack.cleanup.manager [-] Deleting neutron.port object s_rally_de627766_MXJ5lam7 (28124cc5-5e18-4926-a100-6cc241ca358b)
2019-12-09 11:25:45.329 26244 RALLYDEBUG rally_openstack.cleanup.manager [-] Deleting neutron.port object s_rally_de627766_EwH9pW2t (28913a15-a16e-40d6-a2a9-1bb276637007)
2019-12-09 11:25:45.390 26244 RALLYDEBUG rally_openstack.cleanup.manager [-] Deleting neutron.port object s_rally_de627766_Ur89RSfs (2a39441c-7578-46be-b01b-9a6f66e492e3)
2019-12-09 11:25:45.451 26244 RALLYDEBUG rally_openstack.cleanup.manager [-] Deleting neutron.port object s_rally_de627766_5AEJyOvo (2a82244f-ee51-4f54-9f8a-a81df92931f4)
2019-12-09 11:25:45.468 26244 RALLYDEBUG rally_openstack.cleanup.manager [-] Deleting neutron.port object s_rally_de627766_snKS3oRV (2b3325b9-e993-451b-aef1-6a503abe9398)
2019-12-09 11:25:45.484 26244 RALLYDEBUG rally_openstack.cleanup.manager [-] Deleting neutron.port object s_rally_de627766_LzFIlBjD (2bf8f2ed-9096-4c0f-906d-0cb6554ccbb1)
2019-12-09 11:25:45.517 26244 RALLYDEBUG rally_openstack.cleanup.manager [-] Deleting neutron.port object s_rally_de627766_DIDNgfcI (2c2de263-cde2-40b6-b133-432c7c937993)
2019-12-09 11:25:45.545 26244 RALLYDEBUG rally_openstack.cleanup.manager [-] Deleting neutron.port object s_rally_de627766_rT561iEY (2ca5b589-dff5-4abb-82a8-fd95422ed36e)
2019-12-09 11:25:45.654 26244 RALLYDEBUG rally_openstack.cleanup.manager [-] Deleting neutron.port object s_rally_de627766_7va6SDLz (2ca73bcf-6502-4ce4-8aa6-55c3f49e2058)
2019-12-09 11:25:45.678 26244 RALLYDEBUG rally_openstack.cleanup.manager [-] Deleting neutron.port object s_rally_de627766_UGwSvYMH (2cec4784-b34c-49c5-a5d0-ba862203cc25)
2019-12-09 11:25:45.704 26244 RALLYDEBUG rally_openstack.cleanup.manager [-] Deleting neutron.port object s_rally_de627766_JzvONNfC (2cf7ea4b-11d5-46d9-8eca-400c2d9b8f09)
2019-12-09 11:25:45.843 26244 RALLYDEBUG rally_openstack.cleanup.manager [-] Deleting neutron.port object s_rally_de627766_ktpLgJsE (2d51b916-9b47-4e78-8203-52beb85bfdcb)
2019-12-09 11:25:45.851 26244 RALLYDEBUG rally_openstack.cleanup.manager [-] Deleting neutron.port object s_rally_de627766_d3w5MmvC (2e67c6bd-0675-43f0-b8b1-421fafef87f7)
2019-12-09 11:25:45.902 26244 RALLYDEBUG rally_openstack.cleanup.manager [-] Deleting neutron.port object s_rally_de627766_CKjueUm9 (2ec82a7c-ff2e-4225-8c68-1ca878c9f2a7)
2019-12-09 11:25:45.914 26244 RALLYDEBUG rally_openstack.cleanup.manager [-] Deleting neutron.port object s_rally_de627766_jfZ23h8B (2f20af7b-9e5d-4260-858d-e9b50a6d61d0)
2019-12-09 11:25:46.170 26244 RALLYDEBUG rally_openstack.cleanup.manager [-] Deleting neutron.port object s_rally_de627766_pTDeBmm6 (2fb7fae3-debb-4985-9b37-5a25bba1dc9a)
2019-12-09 11:25:46.343 26244 RALLYDEBUG rally_openstack.cleanup.manager [-] Deleting neutron.port object s_rally_de627766_D6ZYCH1w (31223983-ffe2-49ea-8da3-beaf37eaed1b)
2019-12-09 11:25:46.409 26244 RALLYDEBUG rally_openstack.cleanup.manager [-] Deleting neutron.port object s_rally_de627766_PRspKsv5 (315bb7ae-ce67-4a78-90a1-474b5dacab4d)
2019-12-09 11:25:46.796 26244 RALLYDEBUG rally_openstack.cleanup.manager [-] Deleting neutron.port object s_rally_de627766_Vxlm5ciS (315fb191-338b-4277-9ea1-7bef67944d87)
2019-12-09 11:25:46.888 26244 RALLYDEBUG rally_openstack.cleanup.manager [-] Deleting neutron.port object s_rally_de627766_2GZnxCzo (31745e4f-441f-44bf-92ad-71838708cc95)
2019-12-09 11:25:47.411 26244 RALLYDEBUG rally_openstack.cleanup.manager [-] Deleting neutron.port object s_rally_de627766_ZcdJWR13 (31959df8-bc84-4638-9d1c-02b23ce363ec)
2019-12-09 11:25:47.521 26244 RALLYDEBUG rally_openstack.cleanup.manager [-] Deleting neutron.port object s_rally_de627766_g3trTqfk (32417191-8960-4755-9392-38372d9d5b8a)
