2019-12-09 09:08:09.864 8 RALLYDEBUG rally.api [-] INFO logs from urllib3 and requests module are hide.
2019-12-09 09:08:09.864 8 RALLYDEBUG rally.api [-] urllib3 insecure warnings are hidden.
2019-12-09 09:08:09.864 8 RALLYDEBUG rally.api [-] ERROR log from boto module is hide.
2019-12-09 09:08:11.487 8 ERROR rally.cli.cliutils [-] Unexpected exception in CLI: DBRecordNotFound: Record for uuid or name is opnfv-rally not found in table envs
2019-12-09 09:08:11.487 8 ERROR rally.cli.cliutils
Traceback (most recent call last):
2019-12-09 09:08:11.487 8 ERROR rally.cli.cliutils
File "/usr/lib/python2.7/site-packages/rally/cli/cliutils.py", line 674, in run
2019-12-09 09:08:11.487 8 ERROR rally.cli.cliutils ret = fn(*fn_args, **fn_kwargs)
2019-12-09 09:08:11.487 8 ERROR rally.cli.cliutils File "", line 2, in destroy
2019-12-09 09:08:11.487 8 ERROR rally.cli.cliutils
File "/usr/lib/python2.7/site-packages/rally/cli/envutils.py", line 68, in default_from_global
2019-12-09 09:08:11.487 8 ERROR rally.cli.cliutils return f(*args, **kwargs)
2019-12-09 09:08:11.487 8 ERROR rally.cli.cliutils File "", line 2, in destroy
2019-12-09 09:08:11.487 8 ERROR rally.cli.cliutils
File "/usr/lib/python2.7/site-packages/rally/plugins/__init__.py", line 51, in ensure_plugins_are_loaded
2019-12-09 09:08:11.487 8 ERROR rally.cli.cliutils return f(*args, **kwargs)
2019-12-09 09:08:11.487 8 ERROR rally.cli.cliutils
File "/usr/lib/python2.7/site-packages/rally/cli/commands/deployment.py", line 157, in destroy
2019-12-09 09:08:11.487 8 ERROR rally.cli.cliutils api.deployment.destroy(deployment=deployment)
2019-12-09 09:08:11.487 8 ERROR rally.cli.cliutils
File "/usr/lib/python2.7/site-packages/rally/api.py", line 115, in destroy
2019-12-09 09:08:11.487 8 ERROR rally.cli.cliutils deploy = objects.Deployment.get(deployment)
2019-12-09 09:08:11.487 8 ERROR rally.cli.cliutils
File "/usr/lib/python2.7/site-packages/rally/common/objects/deploy.py", line 124, in get
2019-12-09 09:08:11.487 8 ERROR rally.cli.cliutils return Deployment(env_mgr.EnvManager.get(deploy))
2019-12-09 09:08:11.487 8 ERROR rally.cli.cliutils
File "/usr/lib/python2.7/site-packages/rally/env/env_mgr.py", line 212, in get
2019-12-09 09:08:11.487 8 ERROR rally.cli.cliutils return cls(db.env_get(uuid_or_name))
2019-12-09 09:08:11.487 8 ERROR rally.cli.cliutils
File "/usr/lib/python2.7/site-packages/rally/common/db/api.py", line 135, in wrapper
2019-12-09 09:08:11.487 8 ERROR rally.cli.cliutils result = f(session, *args, **kwargs)
2019-12-09 09:08:11.487 8 ERROR rally.cli.cliutils
File "/usr/lib/python2.7/site-packages/rally/common/db/api.py", line 521, in env_get
2019-12-09 09:08:11.487 8 ERROR rally.cli.cliutils criteria="uuid or name is %s" % uuid_or_name, table="envs")
2019-12-09 09:08:11.487 8 ERROR rally.cli.cliutils DBRecordNotFound: Record for uuid or name is opnfv-rally not found in table envs
2019-12-09 09:08:11.487 8 ERROR rally.cli.cliutils
2019-12-09 09:08:12.355 10 RALLYDEBUG rally.api [-] INFO logs from urllib3 and requests module are hide.
2019-12-09 09:08:12.356 10 RALLYDEBUG rally.api [-] urllib3 insecure warnings are hidden.
2019-12-09 09:08:12.356 10 RALLYDEBUG rally.api [-] ERROR log from boto module is hide.
2019-12-09 09:08:15.330 12 RALLYDEBUG rally.api [-] INFO logs from urllib3 and requests module are hide.
2019-12-09 09:08:15.330 12 RALLYDEBUG rally.api [-] urllib3 insecure warnings are hidden.
2019-12-09 09:08:15.330 12 RALLYDEBUG rally.api [-] ERROR log from boto module is hide.
2019-12-09 09:08:18.831 15 RALLYDEBUG rally.api [-] INFO logs from urllib3 and requests module are hide.
2019-12-09 09:08:18.831 15 RALLYDEBUG rally.api [-] urllib3 insecure warnings are hidden.
2019-12-09 09:08:18.831 15 RALLYDEBUG rally.api [-] ERROR log from boto module is hide.
2019-12-09 09:08:19.834 17 RALLYDEBUG rally.api [-] INFO logs from urllib3 and requests module are hide.
2019-12-09 09:08:19.834 17 RALLYDEBUG rally.api [-] urllib3 insecure warnings are hidden.
2019-12-09 09:08:19.834 17 RALLYDEBUG rally.api [-] ERROR log from boto module is hide.
2019-12-09 09:08:21.518 17 INFO rally.task.engine [-] Task 0ade5c05-1303-4396-9485-78123a0864bd | Starting: Task validation.
2019-12-09 09:08:21.564 17 INFO rally.task.engine [-] Task 0ade5c05-1303-4396-9485-78123a0864bd | Starting: Task validation of syntax.
2019-12-09 09:08:21.663 17 INFO rally.task.engine [-] Task 0ade5c05-1303-4396-9485-78123a0864bd | Completed: Task validation of syntax.
2019-12-09 09:08:21.663 17 INFO rally.task.engine [-] Task 0ade5c05-1303-4396-9485-78123a0864bd | Starting: Task validation of required platforms.
2019-12-09 09:08:21.708 17 INFO rally.task.engine [-] Task 0ade5c05-1303-4396-9485-78123a0864bd | Completed: Task validation of required platforms.
2019-12-09 09:08:21.708 17 INFO rally.task.engine [-] Task 0ade5c05-1303-4396-9485-78123a0864bd | Starting: Task validation of semantic.
2019-12-09 09:08:21.708 17 INFO rally.task.engine [-] Check health of the environment 'fb9188e0-e7ae-4550-ae66-5466d439d030'.
2019-12-09 09:08:22.622 17 INFO rally.task.engine [-] Platform existing@openstack (available: True): OK!
2019-12-09 09:08:22.643 17 RALLYDEBUG rally_openstack.contexts.keystone.users [-] Creating 1 tenants using 20 threads
2019-12-09 09:08:23.531 17 RALLYDEBUG rally_openstack.contexts.keystone.users [-] Creating 1 users using 20 threads
2019-12-09 09:08:24.927 17 INFO rally.task.context [-] Task 0ade5c05-1303-4396-9485-78123a0864bd | Context users@openstack setup() finished in 2.28 sec
2019-12-09 09:08:24.985 17 INFO rally.task.context [-] Task 0ade5c05-1303-4396-9485-78123a0864bd | Context users@openstack cleanup() started
2019-12-09 09:08:28.236 17 INFO rally.task.context [-] Task 0ade5c05-1303-4396-9485-78123a0864bd | Context users@openstack cleanup() finished in 3.25 sec
2019-12-09 09:08:28.236 17 INFO rally.task.engine [-] Task 0ade5c05-1303-4396-9485-78123a0864bd | Completed: Task validation of semantic.
2019-12-09 09:08:28.236 17 INFO rally.task.engine [-] Task 0ade5c05-1303-4396-9485-78123a0864bd | Completed: Task validation.
2019-12-09 09:08:28.237 17 INFO rally.api [-] Task 0ade5c05-1303-4396-9485-78123a0864bd input file is valid.
2019-12-09 09:08:28.237 17 INFO rally.api [-] Run Task 0ade5c05-1303-4396-9485-78123a0864bd against Deployment fb9188e0-e7ae-4550-ae66-5466d439d030
2019-12-09 09:08:28.237 17 INFO rally.task.engine [-] Task 0ade5c05-1303-4396-9485-78123a0864bd | Starting: Running task.
2019-12-09 09:08:28.410 17 INFO rally.task.engine [-] Running workload: position = 0 config = { "version": 2, "title": "A cropped version of a bigger task.", "description": "Auto-generated task from a single workload (uuid=fe1d7b5f-5f47-4806-920b-8f6c10b8ab13)", "subtasks": [ { "title": "Authenticate.keystone", "description": "Check Keystone Client.", "scenario": { "Authenticate.keystone": {} }, "contexts": { "users": { "tenants": 3, "users_per_tenant": 2 } }, "runner": { "constant": { "concurrency": 4, "times": 10 } }, "hooks": [], "sla": { "failure_rate": { "max": 0 } } } ] }
2019-12-09 09:08:28.437 17 RALLYDEBUG rally_openstack.contexts.keystone.users [-] Creating 3 tenants using 20 threads
2019-12-09 09:08:29.468 17 RALLYDEBUG rally_openstack.contexts.keystone.users [-] Creating 6 users using 20 threads
2019-12-09 09:08:31.023 17 INFO rally.task.context [-] Task 0ade5c05-1303-4396-9485-78123a0864bd | Context users@openstack setup() finished in 2.59 sec
2019-12-09 09:08:31.032 17 RALLYDEBUG rally.task.runner [-] Starting the constant runner (task UUID: 0ade5c05-1303-4396-9485-78123a0864bd). timeout: 0 concurrency: 4 concurrency_per_worker: 1 times: 10 concurrency_overhead: 0 processes_to_start: 4 max_cpu_used: 16
2019-12-09 09:08:31.047 141 RALLYDEBUG rally.task.runner [-] Starting a worker. concurrency: 1 args: {} times: 10 method_name: run timeout: 0 duration: None cls:
2019-12-09 09:08:31.050 142 RALLYDEBUG rally.task.runner [-] Starting a worker. concurrency: 1 args: {} times: 10 method_name: run timeout: 0 duration: None cls:
2019-12-09 09:08:31.054 141 INFO rally.task.runner [-] Task 0ade5c05-1303-4396-9485-78123a0864bd | ITER: 1 START
2019-12-09 09:08:31.053 143 RALLYDEBUG rally.task.runner [-] Starting a worker. concurrency: 1 args: {} times: 10 method_name: run timeout: 0 duration: None cls:
2019-12-09 09:08:31.056 144 RALLYDEBUG rally.task.runner [-] Starting a worker. concurrency: 1 args: {} times: 10 method_name: run timeout: 0 duration: None cls:
2019-12-09 09:08:31.058 142 INFO rally.task.runner [-] Task 0ade5c05-1303-4396-9485-78123a0864bd | ITER: 2 START
2019-12-09 09:08:31.060 143 INFO rally.task.runner [-] Task 0ade5c05-1303-4396-9485-78123a0864bd | ITER: 3 START
2019-12-09 09:08:31.063 144 INFO rally.task.runner [-] Task 0ade5c05-1303-4396-9485-78123a0864bd | ITER: 4 START
2019-12-09 09:08:31.783 142 INFO rally.task.runner [-] Task 0ade5c05-1303-4396-9485-78123a0864bd | ITER: 2 END: OK
2019-12-09 09:08:31.789 142 INFO rally.task.runner [-] Task 0ade5c05-1303-4396-9485-78123a0864bd | ITER: 5 START
2019-12-09 09:08:31.795 141 INFO rally.task.runner [-] Task 0ade5c05-1303-4396-9485-78123a0864bd | ITER: 1 END: OK
2019-12-09 09:08:31.801 141 INFO rally.task.runner [-] Task 0ade5c05-1303-4396-9485-78123a0864bd | ITER: 6 START
2019-12-09 09:08:31.828 143 INFO rally.task.runner [-] Task 0ade5c05-1303-4396-9485-78123a0864bd | ITER: 3 END: OK
2019-12-09 09:08:31.829 144 INFO rally.task.runner [-] Task 0ade5c05-1303-4396-9485-78123a0864bd | ITER: 4 END: OK
2019-12-09 09:08:31.833 143 INFO rally.task.runner [-] Task 0ade5c05-1303-4396-9485-78123a0864bd | ITER: 7 START
2019-12-09 09:08:31.833 144 INFO rally.task.runner [-] Task 0ade5c05-1303-4396-9485-78123a0864bd | ITER: 8 START
2019-12-09 09:08:32.420 141 INFO rally.task.runner [-] Task 0ade5c05-1303-4396-9485-78123a0864bd | ITER: 6 END: OK
2019-12-09 09:08:32.425 141 INFO rally.task.runner [-] Task 0ade5c05-1303-4396-9485-78123a0864bd | ITER: 9 START
2019-12-09 09:08:32.453 143 INFO rally.task.runner [-] Task 0ade5c05-1303-4396-9485-78123a0864bd | ITER: 7 END: OK
2019-12-09 09:08:32.458 143 INFO rally.task.runner [-] Task 0ade5c05-1303-4396-9485-78123a0864bd | ITER: 10 START
2019-12-09 09:08:32.462 144 INFO rally.task.runner [-] Task 0ade5c05-1303-4396-9485-78123a0864bd | ITER: 8 END: OK
2019-12-09 09:08:32.523 142 INFO rally.task.runner [-] Task 0ade5c05-1303-4396-9485-78123a0864bd | ITER: 5 END: OK
2019-12-09 09:08:33.162 141 INFO rally.task.runner [-] Task 0ade5c05-1303-4396-9485-78123a0864bd | ITER: 9 END: OK
2019-12-09 09:08:33.173 143 INFO rally.task.runner [-] Task 0ade5c05-1303-4396-9485-78123a0864bd | ITER: 10 END: OK
2019-12-09 09:08:33.194 17 INFO rally.task.context [-] Task 0ade5c05-1303-4396-9485-78123a0864bd | Context users@openstack cleanup() started
2019-12-09 09:08:37.932 17 INFO rally.task.context [-] Task 0ade5c05-1303-4396-9485-78123a0864bd | Context users@openstack cleanup() finished in 4.74 sec
2019-12-09 09:08:38.507 17 INFO rally.task.engine [-] Load duration is: 2.117873
2019-12-09 09:08:38.507 17 INFO rally.task.engine [-] Full runner duration is: 2.162543
2019-12-09 09:08:38.508 17 INFO rally.task.engine [-] Full duration is: 9.499865
2019-12-09 09:08:38.782 17 INFO rally.task.engine [-] Running workload: position = 0 config = { "version": 2, "title": "A cropped version of a bigger task.", "description": "Auto-generated task from a single workload (uuid=3c08d193-fb07-41d5-8afe-f520da24c25e)", "subtasks": [ { "title": "Authenticate.validate_cinder", "description": "Check Cinder Client to ensure validation of token.", "scenario": { "Authenticate.validate_cinder": { "repetitions": 2 } }, "contexts": { "users": { "tenants": 3, "users_per_tenant": 2 } }, "runner": { "constant": { "concurrency": 4, "times": 10 } }, "hooks": [], "sla": { "failure_rate": { "max": 0 } } } ] }
2019-12-09 09:08:38.810 17 RALLYDEBUG rally_openstack.contexts.keystone.users [-] Creating 3 tenants using 20 threads
2019-12-09 09:08:39.816 17 RALLYDEBUG rally_openstack.contexts.keystone.users [-] Creating 6 users using 20 threads
2019-12-09 09:08:41.488 17 INFO rally.task.context [-] Task 0ade5c05-1303-4396-9485-78123a0864bd | Context users@openstack setup() finished in 2.68 sec
2019-12-09 09:08:41.498 17 RALLYDEBUG rally.task.runner [-] Starting the constant runner (task UUID: 0ade5c05-1303-4396-9485-78123a0864bd). timeout: 0 concurrency: 4 concurrency_per_worker: 1 times: 10 concurrency_overhead: 0 processes_to_start: 4 max_cpu_used: 16
2019-12-09 09:08:41.512 245 RALLYDEBUG rally.task.runner [-] Starting a worker. concurrency: 1 args: {"repetitions": 2} times: 10 method_name: run timeout: 0 duration: None cls:
2019-12-09 09:08:41.515 246 RALLYDEBUG rally.task.runner [-] Starting a worker. concurrency: 1 args: {"repetitions": 2} times: 10 method_name: run timeout: 0 duration: None cls:
2019-12-09 09:08:41.519 247 RALLYDEBUG rally.task.runner [-] Starting a worker. concurrency: 1 args: {"repetitions": 2} times: 10 method_name: run timeout: 0 duration: None cls:
2019-12-09 09:08:41.520 245 INFO rally.task.runner [-] Task 0ade5c05-1303-4396-9485-78123a0864bd | ITER: 1 START
2019-12-09 09:08:41.522 246 INFO rally.task.runner [-] Task 0ade5c05-1303-4396-9485-78123a0864bd | ITER: 2 START
2019-12-09 09:08:41.522 248 RALLYDEBUG rally.task.runner [-] Starting a worker. concurrency: 1 args: {"repetitions": 2} times: 10 method_name: run timeout: 0 duration: None cls:
2019-12-09 09:08:41.526 247 INFO rally.task.runner [-] Task 0ade5c05-1303-4396-9485-78123a0864bd | ITER: 3 START
2019-12-09 09:08:41.529 248 INFO rally.task.runner [-] Task 0ade5c05-1303-4396-9485-78123a0864bd | ITER: 4 START
2019-12-09 09:08:42.242 245 INFO rally.task.runner [-] Task 0ade5c05-1303-4396-9485-78123a0864bd | ITER: 1 END: OK
2019-12-09 09:08:42.246 245 INFO rally.task.runner [-] Task 0ade5c05-1303-4396-9485-78123a0864bd | ITER: 5 START
2019-12-09 09:08:42.462 248 INFO rally.task.runner [-] Task 0ade5c05-1303-4396-9485-78123a0864bd | ITER: 4 END: OK
2019-12-09 09:08:42.466 246 INFO rally.task.runner [-] Task 0ade5c05-1303-4396-9485-78123a0864bd | ITER: 2 END: OK
2019-12-09 09:08:42.466 248 INFO rally.task.runner [-] Task 0ade5c05-1303-4396-9485-78123a0864bd | ITER: 6 START
2019-12-09 09:08:42.470 246 INFO rally.task.runner [-] Task 0ade5c05-1303-4396-9485-78123a0864bd | ITER: 7 START
2019-12-09 09:08:42.472 247 INFO rally.task.runner [-] Task 0ade5c05-1303-4396-9485-78123a0864bd | ITER: 3 END: OK
2019-12-09 09:08:42.477 247 INFO rally.task.runner [-] Task 0ade5c05-1303-4396-9485-78123a0864bd | ITER: 8 START
2019-12-09 09:08:42.686 245 INFO rally.task.runner [-] Task 0ade5c05-1303-4396-9485-78123a0864bd | ITER: 5 END: OK
2019-12-09 09:08:42.691 245 INFO rally.task.runner [-] Task 0ade5c05-1303-4396-9485-78123a0864bd | ITER: 9 START
2019-12-09 09:08:42.875 246 INFO rally.task.runner [-] Task 0ade5c05-1303-4396-9485-78123a0864bd | ITER: 7 END: OK
2019-12-09 09:08:42.880 246 INFO rally.task.runner [-] Task 0ade5c05-1303-4396-9485-78123a0864bd | ITER: 10 START
2019-12-09 09:08:43.026 247 INFO rally.task.runner [-] Task 0ade5c05-1303-4396-9485-78123a0864bd | ITER: 8 END: OK
2019-12-09 09:08:43.164 248 INFO rally.task.runner [-] Task 0ade5c05-1303-4396-9485-78123a0864bd | ITER: 6 END: OK
2019-12-09 09:08:43.398 245 INFO rally.task.runner [-] Task 0ade5c05-1303-4396-9485-78123a0864bd | ITER: 9 END: OK
2019-12-09 09:08:43.693 246 INFO rally.task.runner [-] Task 0ade5c05-1303-4396-9485-78123a0864bd | ITER: 10 END: OK
2019-12-09 09:08:43.717 17 INFO rally.task.context [-] Task 0ade5c05-1303-4396-9485-78123a0864bd | Context users@openstack cleanup() started
2019-12-09 09:08:48.414 17 INFO rally.task.context [-] Task 0ade5c05-1303-4396-9485-78123a0864bd | Context users@openstack cleanup() finished in 4.70 sec
2019-12-09 09:08:48.873 17 INFO rally.task.engine [-] Load duration is: 2.171981
2019-12-09 09:08:48.873 17 INFO rally.task.engine [-] Full runner duration is: 2.219048
2019-12-09 09:08:48.874 17 INFO rally.task.engine [-] Full duration is: 9.606628
2019-12-09 09:08:49.274 17 INFO rally.task.engine [-] Running workload: position = 0 config = { "version": 2, "title": "A cropped version of a bigger task.", "description": "Auto-generated task from a single workload (uuid=8859fa5a-d7eb-474a-8655-e9e32d28d160)", "subtasks": [ { "title": "Authenticate.validate_glance", "description": "Check Glance Client to ensure validation of token.", "scenario": { "Authenticate.validate_glance": { "repetitions": 2 } }, "contexts": { "users": { "tenants": 3, "users_per_tenant": 2 } }, "runner": { "constant": { "concurrency": 4, "times": 10 } }, "hooks": [], "sla": { "failure_rate": { "max": 0 } } } ] }
2019-12-09 09:08:49.301 17 RALLYDEBUG rally_openstack.contexts.keystone.users [-] Creating 3 tenants using 20 threads
2019-12-09 09:08:50.351 17 RALLYDEBUG rally_openstack.contexts.keystone.users [-] Creating 6 users using 20 threads
2019-12-09 09:08:52.227 17 INFO rally.task.context [-] Task 0ade5c05-1303-4396-9485-78123a0864bd | Context users@openstack setup() finished in 2.93 sec
2019-12-09 09:08:52.236 17 RALLYDEBUG rally.task.runner [-] Starting the constant runner (task UUID: 0ade5c05-1303-4396-9485-78123a0864bd). timeout: 0 concurrency: 4 concurrency_per_worker: 1 times: 10 concurrency_overhead: 0 processes_to_start: 4 max_cpu_used: 16
2019-12-09 09:08:52.250 349 RALLYDEBUG rally.task.runner [-] Starting a worker. concurrency: 1 args: {"repetitions": 2} times: 10 method_name: run timeout: 0 duration: None cls:
2019-12-09 09:08:52.253 350 RALLYDEBUG rally.task.runner [-] Starting a worker. concurrency: 1 args: {"repetitions": 2} times: 10 method_name: run timeout: 0 duration: None cls:
2019-12-09 09:08:52.257 351 RALLYDEBUG rally.task.runner [-] Starting a worker. concurrency: 1 args: {"repetitions": 2} times: 10 method_name: run timeout: 0 duration: None cls:
2019-12-09 09:08:52.258 349 INFO rally.task.runner [-] Task 0ade5c05-1303-4396-9485-78123a0864bd | ITER: 1 START
2019-12-09 09:08:52.260 352 RALLYDEBUG rally.task.runner [-] Starting a worker. concurrency: 1 args: {"repetitions": 2} times: 10 method_name: run timeout: 0 duration: None cls:
2019-12-09 09:08:52.261 350 INFO rally.task.runner [-] Task 0ade5c05-1303-4396-9485-78123a0864bd | ITER: 2 START
2019-12-09 09:08:52.264 351 INFO rally.task.runner [-] Task 0ade5c05-1303-4396-9485-78123a0864bd | ITER: 3 START
2019-12-09 09:08:52.267 352 INFO rally.task.runner [-] Task 0ade5c05-1303-4396-9485-78123a0864bd | ITER: 4 START
2019-12-09 09:08:52.966 349 INFO rally.task.runner [-] Task 0ade5c05-1303-4396-9485-78123a0864bd | ITER: 1 END: OK
2019-12-09 09:08:52.972 349 INFO rally.task.runner [-] Task 0ade5c05-1303-4396-9485-78123a0864bd | ITER: 5 START
2019-12-09 09:08:53.017 351 INFO rally.task.runner [-] Task 0ade5c05-1303-4396-9485-78123a0864bd | ITER: 3 END: OK
2019-12-09 09:08:53.019 350 INFO rally.task.runner [-] Task 0ade5c05-1303-4396-9485-78123a0864bd | ITER: 2 END: OK
2019-12-09 09:08:53.023 351 INFO rally.task.runner [-] Task 0ade5c05-1303-4396-9485-78123a0864bd | ITER: 6 START
2019-12-09 09:08:53.024 350 INFO rally.task.runner [-] Task 0ade5c05-1303-4396-9485-78123a0864bd | ITER: 7 START
2019-12-09 09:08:53.024 352 INFO rally.task.runner [-] Task 0ade5c05-1303-4396-9485-78123a0864bd | ITER: 4 END: OK
2019-12-09 09:08:53.029 352 INFO rally.task.runner [-] Task 0ade5c05-1303-4396-9485-78123a0864bd | ITER: 8 START
2019-12-09 09:08:53.561 351 INFO rally.task.runner [-] Task 0ade5c05-1303-4396-9485-78123a0864bd | ITER: 6 END: OK
2019-12-09 09:08:53.565 350 INFO rally.task.runner [-] Task 0ade5c05-1303-4396-9485-78123a0864bd | ITER: 7 END: OK
2019-12-09 09:08:53.566 351 INFO rally.task.runner [-] Task 0ade5c05-1303-4396-9485-78123a0864bd | ITER: 9 START
2019-12-09 09:08:53.570 350 INFO rally.task.runner [-] Task 0ade5c05-1303-4396-9485-78123a0864bd | ITER: 10 START
2019-12-09 09:08:53.573 352 INFO rally.task.runner [-] Task 0ade5c05-1303-4396-9485-78123a0864bd | ITER: 8 END: OK
2019-12-09 09:08:53.625 349 INFO rally.task.runner [-] Task 0ade5c05-1303-4396-9485-78123a0864bd | ITER: 5 END: OK
2019-12-09 09:08:54.118 351 INFO rally.task.runner [-] Task 0ade5c05-1303-4396-9485-78123a0864bd | ITER: 9 END: OK
2019-12-09 09:08:54.133 350 INFO rally.task.runner [-] Task 0ade5c05-1303-4396-9485-78123a0864bd | ITER: 10 END: OK
2019-12-09 09:08:54.157 17 INFO rally.task.context [-] Task 0ade5c05-1303-4396-9485-78123a0864bd | Context users@openstack cleanup() started
2019-12-09 09:08:58.696 17 INFO rally.task.context [-] Task 0ade5c05-1303-4396-9485-78123a0864bd | Context users@openstack cleanup() finished in 4.54 sec
2019-12-09 09:08:59.406 17 INFO rally.task.engine [-] Load duration is: 1.874236
2019-12-09 09:08:59.407 17 INFO rally.task.engine [-] Full runner duration is: 1.92065
2019-12-09 09:08:59.407 17 INFO rally.task.engine [-] Full duration is: 9.399125
2019-12-09 09:08:59.968 17 INFO rally.task.engine [-] Running workload: position = 0 config = { "version": 2, "title": "A cropped version of a bigger task.", "description": "Auto-generated task from a single workload (uuid=40e60dba-67b7-45b0-b502-8115884829b9)", "subtasks": [ { "title": "Authenticate.validate_heat", "description": "Check Heat Client to ensure validation of token.", "scenario": { "Authenticate.validate_heat": { "repetitions": 2 } }, "contexts": { "users": { "tenants": 3, "users_per_tenant": 2 } }, "runner": { "constant": { "concurrency": 4, "times": 10 } }, "hooks": [], "sla": { "failure_rate": { "max": 0 } } } ] }
2019-12-09 09:08:59.995 17 RALLYDEBUG rally_openstack.contexts.keystone.users [-] Creating 3 tenants using 20 threads
2019-12-09 09:09:01.040 17 RALLYDEBUG rally_openstack.contexts.keystone.users [-] Creating 6 users using 20 threads
2019-12-09 09:09:02.615 17 INFO rally.task.context [-] Task 0ade5c05-1303-4396-9485-78123a0864bd | Context users@openstack setup() finished in 2.62 sec
2019-12-09 09:09:02.624 17 RALLYDEBUG rally.task.runner [-] Starting the constant runner (task UUID: 0ade5c05-1303-4396-9485-78123a0864bd). timeout: 0 concurrency: 4 concurrency_per_worker: 1 times: 10 concurrency_overhead: 0 processes_to_start: 4 max_cpu_used: 16
2019-12-09 09:09:02.637 453 RALLYDEBUG rally.task.runner [-] Starting a worker. concurrency: 1 args: {"repetitions": 2} times: 10 method_name: run timeout: 0 duration: None cls:
2019-12-09 09:09:02.640 454 RALLYDEBUG rally.task.runner [-] Starting a worker. concurrency: 1 args: {"repetitions": 2} times: 10 method_name: run timeout: 0 duration: None cls:
2019-12-09 09:09:02.643 455 RALLYDEBUG rally.task.runner [-] Starting a worker. concurrency: 1 args: {"repetitions": 2} times: 10 method_name: run timeout: 0 duration: None cls:
2019-12-09 09:09:02.645 453 INFO rally.task.runner [-] Task 0ade5c05-1303-4396-9485-78123a0864bd | ITER: 1 START
2019-12-09 09:09:02.646 456 RALLYDEBUG rally.task.runner [-] Starting a worker. concurrency: 1 args: {"repetitions": 2} times: 10 method_name: run timeout: 0 duration: None cls:
2019-12-09 09:09:02.648 454 INFO rally.task.runner [-] Task 0ade5c05-1303-4396-9485-78123a0864bd | ITER: 2 START
2019-12-09 09:09:02.651 455 INFO rally.task.runner [-] Task 0ade5c05-1303-4396-9485-78123a0864bd | ITER: 3 START
2019-12-09 09:09:02.653 456 INFO rally.task.runner [-] Task 0ade5c05-1303-4396-9485-78123a0864bd | ITER: 4 START
2019-12-09 09:09:03.609 455 INFO rally.task.runner [-] Task 0ade5c05-1303-4396-9485-78123a0864bd | ITER: 3 END: OK
2019-12-09 09:09:03.614 455 INFO rally.task.runner [-] Task 0ade5c05-1303-4396-9485-78123a0864bd | ITER: 5 START
2019-12-09 09:09:03.696 456 INFO rally.task.runner [-] Task 0ade5c05-1303-4396-9485-78123a0864bd | ITER: 4 END: OK
2019-12-09 09:09:03.701 456 INFO rally.task.runner [-] Task 0ade5c05-1303-4396-9485-78123a0864bd | ITER: 6 START
2019-12-09 09:09:03.715 454 INFO rally.task.runner [-] Task 0ade5c05-1303-4396-9485-78123a0864bd | ITER: 2 END: OK
2019-12-09 09:09:03.720 454 INFO rally.task.runner [-] Task 0ade5c05-1303-4396-9485-78123a0864bd | ITER: 7 START
2019-12-09 09:09:03.934 453 INFO rally.task.runner [-] Task 0ade5c05-1303-4396-9485-78123a0864bd | ITER: 1 END: OK
2019-12-09 09:09:03.939 453 INFO rally.task.runner [-] Task 0ade5c05-1303-4396-9485-78123a0864bd | ITER: 8 START
2019-12-09 09:09:04.209 456 INFO rally.task.runner [-] Task 0ade5c05-1303-4396-9485-78123a0864bd | ITER: 6 END: OK
2019-12-09 09:09:04.214 456 INFO rally.task.runner [-] Task 0ade5c05-1303-4396-9485-78123a0864bd | ITER: 9 START
2019-12-09 09:09:04.486 454 INFO rally.task.runner [-] Task 0ade5c05-1303-4396-9485-78123a0864bd | ITER: 7 END: OK
2019-12-09 09:09:04.491 454 INFO rally.task.runner [-] Task 0ade5c05-1303-4396-9485-78123a0864bd | ITER: 10 START
2019-12-09 09:09:04.512 455 INFO rally.task.runner [-] Task 0ade5c05-1303-4396-9485-78123a0864bd | ITER: 5 END: OK
2019-12-09 09:09:04.701 453 INFO rally.task.runner [-] Task 0ade5c05-1303-4396-9485-78123a0864bd | ITER: 8 END: OK
2019-12-09 09:09:04.920 456 INFO rally.task.runner [-] Task 0ade5c05-1303-4396-9485-78123a0864bd | ITER: 9 END: OK
2019-12-09 09:09:05.268 454 INFO rally.task.runner [-] Task 0ade5c05-1303-4396-9485-78123a0864bd | ITER: 10 END: OK
2019-12-09 09:09:05.295 17 INFO rally.task.context [-] Task 0ade5c05-1303-4396-9485-78123a0864bd | Context users@openstack cleanup() started
2019-12-09 09:09:09.946 17 INFO rally.task.context [-] Task 0ade5c05-1303-4396-9485-78123a0864bd | Context users@openstack cleanup() finished in 4.65 sec
2019-12-09 09:09:10.084 17 INFO rally.task.engine [-] Load duration is: 2.622117
2019-12-09 09:09:10.084 17 INFO rally.task.engine [-] Full runner duration is: 2.671941
2019-12-09 09:09:10.085 17 INFO rally.task.engine [-] Full duration is: 9.954874
2019-12-09 09:09:10.650 17 INFO rally.task.engine [-] Running workload: position = 0 config = { "version": 2, "title": "A cropped version of a bigger task.", "description": "Auto-generated task from a single workload (uuid=268e744e-8959-4fce-92ce-be88f99f5a9b)", "subtasks": [ { "title": "Authenticate.validate_neutron", "description": "Check Neutron Client to ensure validation of token.", "scenario": { "Authenticate.validate_neutron": { "repetitions": 2 } }, "contexts": { "users": { "tenants": 3, "users_per_tenant": 2 } }, "runner": { "constant": { "concurrency": 4, "times": 10 } }, "hooks": [], "sla": { "failure_rate": { "max": 0 } } } ] }
2019-12-09 09:09:10.677 17 RALLYDEBUG rally_openstack.contexts.keystone.users [-] Creating 3 tenants using 20 threads
2019-12-09 09:09:11.782 17 RALLYDEBUG rally_openstack.contexts.keystone.users [-] Creating 6 users using 20 threads
2019-12-09 09:09:13.389 17 INFO rally.task.context [-] Task 0ade5c05-1303-4396-9485-78123a0864bd | Context users@openstack setup() finished in 2.71 sec
2019-12-09 09:09:13.398 17 RALLYDEBUG rally.task.runner [-] Starting the constant runner (task UUID: 0ade5c05-1303-4396-9485-78123a0864bd). timeout: 0 concurrency: 4 concurrency_per_worker: 1 times: 10 concurrency_overhead: 0 processes_to_start: 4 max_cpu_used: 16
2019-12-09 09:09:13.412 557 RALLYDEBUG rally.task.runner [-] Starting a worker. concurrency: 1 args: {"repetitions": 2} times: 10 method_name: run timeout: 0 duration: None cls:
2019-12-09 09:09:13.416 558 RALLYDEBUG rally.task.runner [-] Starting a worker. concurrency: 1 args: {"repetitions": 2} times: 10 method_name: run timeout: 0 duration: None cls:
2019-12-09 09:09:13.419 559 RALLYDEBUG rally.task.runner [-] Starting a worker. concurrency: 1 args: {"repetitions": 2} times: 10 method_name: run timeout: 0 duration: None cls:
2019-12-09 09:09:13.420 557 INFO rally.task.runner [-] Task 0ade5c05-1303-4396-9485-78123a0864bd | ITER: 1 START
2019-12-09 09:09:13.422 560 RALLYDEBUG rally.task.runner [-] Starting a worker. concurrency: 1 args: {"repetitions": 2} times: 10 method_name: run timeout: 0 duration: None cls:
2019-12-09 09:09:13.424 558 INFO rally.task.runner [-] Task 0ade5c05-1303-4396-9485-78123a0864bd | ITER: 2 START
2019-12-09 09:09:13.426 559 INFO rally.task.runner [-] Task 0ade5c05-1303-4396-9485-78123a0864bd | ITER: 3 START
2019-12-09 09:09:13.429 560 INFO rally.task.runner [-] Task 0ade5c05-1303-4396-9485-78123a0864bd | ITER: 4 START
2019-12-09 09:09:14.172 557 INFO rally.task.runner [-] Task 0ade5c05-1303-4396-9485-78123a0864bd | ITER: 1 END: OK
2019-12-09 09:09:14.178 557 INFO rally.task.runner [-] Task 0ade5c05-1303-4396-9485-78123a0864bd | ITER: 5 START
2019-12-09 09:09:14.184 559 INFO rally.task.runner [-] Task 0ade5c05-1303-4396-9485-78123a0864bd | ITER: 3 END: OK
2019-12-09 09:09:14.189 559 INFO rally.task.runner [-] Task 0ade5c05-1303-4396-9485-78123a0864bd | ITER: 6 START
2019-12-09 09:09:14.329 560 INFO rally.task.runner [-] Task 0ade5c05-1303-4396-9485-78123a0864bd | ITER: 4 END: OK
2019-12-09 09:09:14.332 558 INFO rally.task.runner [-] Task 0ade5c05-1303-4396-9485-78123a0864bd | ITER: 2 END: OK
2019-12-09 09:09:14.335 560 INFO rally.task.runner [-] Task 0ade5c05-1303-4396-9485-78123a0864bd | ITER: 7 START
2019-12-09 09:09:14.337 558 INFO rally.task.runner [-] Task 0ade5c05-1303-4396-9485-78123a0864bd | ITER: 8 START
2019-12-09 09:09:14.776 557 INFO rally.task.runner [-] Task 0ade5c05-1303-4396-9485-78123a0864bd | ITER: 5 END: OK
2019-12-09 09:09:14.781 557 INFO rally.task.runner [-] Task 0ade5c05-1303-4396-9485-78123a0864bd | ITER: 9 START
2019-12-09 09:09:14.802 559 INFO rally.task.runner [-] Task 0ade5c05-1303-4396-9485-78123a0864bd | ITER: 6 END: OK
2019-12-09 09:09:14.805 559 INFO rally.task.runner [-] Task 0ade5c05-1303-4396-9485-78123a0864bd | ITER: 10 START
2019-12-09 09:09:14.931 558 INFO rally.task.runner [-] Task 0ade5c05-1303-4396-9485-78123a0864bd | ITER: 8 END: OK
2019-12-09 09:09:15.026 560 INFO rally.task.runner [-] Task 0ade5c05-1303-4396-9485-78123a0864bd | ITER: 7 END: OK
2019-12-09 09:09:15.402 559 INFO rally.task.runner [-] Task 0ade5c05-1303-4396-9485-78123a0864bd | ITER: 10 END: OK
2019-12-09 09:09:15.471 557 INFO rally.task.runner [-] Task 0ade5c05-1303-4396-9485-78123a0864bd | ITER: 9 END: OK
2019-12-09 09:09:15.497 17 INFO rally.task.context [-] Task 0ade5c05-1303-4396-9485-78123a0864bd | Context users@openstack cleanup() started
2019-12-09 09:09:20.516 17 INFO rally.task.context [-] Task 0ade5c05-1303-4396-9485-78123a0864bd | Context users@openstack cleanup() finished in 5.02 sec
2019-12-09 09:09:20.754 17 INFO rally.task.engine [-] Load duration is: 2.050556
2019-12-09 09:09:20.754 17 INFO rally.task.engine [-] Full runner duration is: 2.0976
2019-12-09 09:09:20.755 17 INFO rally.task.engine [-] Full duration is: 9.841746
2019-12-09 09:09:21.309 17 INFO rally.task.engine [-] Running workload: position = 0 config = { "version": 2, "title": "A cropped version of a bigger task.", "description": "Auto-generated task from a single workload (uuid=68ce8d1c-b113-43ca-9ed0-98980b834505)", "subtasks": [ { "title": "Authenticate.validate_nova", "description": "Check Nova Client to ensure validation of token.", "scenario": { "Authenticate.validate_nova": { "repetitions": 2 } }, "contexts": { "users": { "tenants": 3, "users_per_tenant": 2 } }, "runner": { "constant": { "concurrency": 4, "times": 10 } }, "hooks": [], "sla": { "failure_rate": { "max": 0 } } } ] }
2019-12-09 09:09:21.337 17 RALLYDEBUG rally_openstack.contexts.keystone.users [-] Creating 3 tenants using 20 threads
2019-12-09 09:09:22.542 17 RALLYDEBUG rally_openstack.contexts.keystone.users [-] Creating 6 users using 20 threads
2019-12-09 09:09:24.178 17 INFO rally.task.context [-] Task 0ade5c05-1303-4396-9485-78123a0864bd | Context users@openstack setup() finished in 2.84 sec
2019-12-09 09:09:24.187 17 RALLYDEBUG rally.task.runner [-] Starting the constant runner (task UUID: 0ade5c05-1303-4396-9485-78123a0864bd). timeout: 0 concurrency: 4 concurrency_per_worker: 1 times: 10 concurrency_overhead: 0 processes_to_start: 4 max_cpu_used: 16
2019-12-09 09:09:24.201 661 RALLYDEBUG rally.task.runner [-] Starting a worker. concurrency: 1 args: {"repetitions": 2} times: 10 method_name: run timeout: 0 duration: None cls:
2019-12-09 09:09:24.204 662 RALLYDEBUG rally.task.runner [-] Starting a worker. concurrency: 1 args: {"repetitions": 2} times: 10 method_name: run timeout: 0 duration: None cls:
2019-12-09 09:09:24.207 663 RALLYDEBUG rally.task.runner [-] Starting a worker. concurrency: 1 args: {"repetitions": 2} times: 10 method_name: run timeout: 0 duration: None cls:
2019-12-09 09:09:24.208 661 INFO rally.task.runner [-] Task 0ade5c05-1303-4396-9485-78123a0864bd | ITER: 1 START
2019-12-09 09:09:24.210 664 RALLYDEBUG rally.task.runner [-] Starting a worker. concurrency: 1 args: {"repetitions": 2} times: 10 method_name: run timeout: 0 duration: None cls:
2019-12-09 09:09:24.212 662 INFO rally.task.runner [-] Task 0ade5c05-1303-4396-9485-78123a0864bd | ITER: 2 START
2019-12-09 09:09:24.215 663 INFO rally.task.runner [-] Task 0ade5c05-1303-4396-9485-78123a0864bd | ITER: 3 START
2019-12-09 09:09:24.218 664 INFO rally.task.runner [-] Task 0ade5c05-1303-4396-9485-78123a0864bd | ITER: 4 START
2019-12-09 09:09:24.689 662 DEBUG novaclient.v2.client [-] REQ: curl -g -i --cacert "/etc/ssl/certs/mcp_os_cacert" -X GET http://10.167.4.35:8774/v2.1/flavors/detail -H "Accept: application/json" -H "User-Agent: python-novaclient" -H "X-Auth-Token: {SHA1}daee5db320025228302e638e1c08efad9f7f1df3" _http_log_request /usr/lib/python2.7/site-packages/keystoneauth1/session.py:448
2019-12-09 09:09:24.689 664 DEBUG novaclient.v2.client [-] REQ: curl -g -i --cacert "/etc/ssl/certs/mcp_os_cacert" -X GET http://10.167.4.35:8774/v2.1/flavors/detail -H "Accept: application/json" -H "User-Agent: python-novaclient" -H "X-Auth-Token: {SHA1}01c4206bd25483a23ff25d859cd9490b9d27a1d2" _http_log_request /usr/lib/python2.7/site-packages/keystoneauth1/session.py:448
2019-12-09 09:09:24.689 661 DEBUG novaclient.v2.client [-] REQ: curl -g -i --cacert "/etc/ssl/certs/mcp_os_cacert" -X GET http://10.167.4.35:8774/v2.1/flavors/detail -H "Accept: application/json" -H "User-Agent: python-novaclient" -H "X-Auth-Token: {SHA1}098d2bdd060e69c7aedfa76a9f6609e12bf62e69" _http_log_request /usr/lib/python2.7/site-packages/keystoneauth1/session.py:448
2019-12-09 09:09:24.692 663 DEBUG novaclient.v2.client [-] REQ: curl -g -i --cacert "/etc/ssl/certs/mcp_os_cacert" -X GET http://10.167.4.35:8774/v2.1/flavors/detail -H "Accept: application/json" -H "User-Agent: python-novaclient" -H "X-Auth-Token: {SHA1}40d4d44a3c49743ca6baf04a8def5c3e5683846a" _http_log_request /usr/lib/python2.7/site-packages/keystoneauth1/session.py:448
2019-12-09 09:09:24.813 664 DEBUG novaclient.v2.client [-] RESP: [200] Connection: close Content-Length: 1014 Content-Type: application/json Date: Mon, 09 Dec 2019 09:09:24 GMT Openstack-Api-Version: compute 2.1 Vary: OpenStack-API-Version, X-OpenStack-Nova-API-Version X-Compute-Request-Id: req-ad43d9ac-b7f2-45a4-ba31-a3bc1add89a8 X-Openstack-Nova-Api-Version: 2.1 X-Openstack-Request-Id: req-ad43d9ac-b7f2-45a4-ba31-a3bc1add89a8 _http_log_response /usr/lib/python2.7/site-packages/keystoneauth1/session.py:479
2019-12-09 09:09:24.814 664 DEBUG novaclient.v2.client [-] RESP BODY: {"flavors": [{"name": "rally_full-flavor_ef9d379c-03c1-4d68-b6a0-11867efe6caf", "links": [{"href": "http://10.167.4.35:8774/v2.1/flavors/c1edc1ef-c778-40c6-9473-8c7d384fd7ea", "rel": "self"}, {"href": "http://10.167.4.35:8774/flavors/c1edc1ef-c778-40c6-9473-8c7d384fd7ea", "rel": "bookmark"}], "ram": 512, "OS-FLV-DISABLED:disabled": false, "vcpus": 1, "swap": "", "os-flavor-access:is_public": true, "rxtx_factor": 1.0, "OS-FLV-EXT-DATA:ephemeral": 0, "disk": 1, "id": "c1edc1ef-c778-40c6-9473-8c7d384fd7ea"}, {"name": "rally_full-flavor_alt_ef9d379c-03c1-4d68-b6a0-11867efe6caf", "links": [{"href": "http://10.167.4.35:8774/v2.1/flavors/d63b73eb-8f62-4c39-8592-97824e38f826", "rel": "self"}, {"href": "http://10.167.4.35:8774/flavors/d63b73eb-8f62-4c39-8592-97824e38f826", "rel": "bookmark"}], "ram": 1024, "OS-FLV-DISABLED:disabled": false, "vcpus": 1, "swap": "", "os-flavor-access:is_public": true, "rxtx_factor": 1.0, "OS-FLV-EXT-DATA:ephemeral": 0, "disk": 1, "id": "d63b73eb-8f62-4c39-8592-97824e38f826"}]} _http_log_response /usr/lib/python2.7/site-packages/keystoneauth1/session.py:511
2019-12-09 09:09:24.814 664 DEBUG novaclient.v2.client [-] GET call to compute for http://10.167.4.35:8774/v2.1/flavors/detail used request id req-ad43d9ac-b7f2-45a4-ba31-a3bc1add89a8 request /usr/lib/python2.7/site-packages/keystoneauth1/session.py:844
2019-12-09 09:09:24.816 663 DEBUG novaclient.v2.client [-] RESP: [200] Connection: close Content-Length: 1014 Content-Type: application/json Date: Mon, 09 Dec 2019 09:09:24 GMT Openstack-Api-Version: compute 2.1 Vary: OpenStack-API-Version, X-OpenStack-Nova-API-Version X-Compute-Request-Id: req-8f6707bd-2b8e-40bc-8bff-b899f8e845fd X-Openstack-Nova-Api-Version: 2.1 X-Openstack-Request-Id: req-8f6707bd-2b8e-40bc-8bff-b899f8e845fd _http_log_response /usr/lib/python2.7/site-packages/keystoneauth1/session.py:479
2019-12-09 09:09:24.816 661 DEBUG novaclient.v2.client [-] RESP: [200] Connection: close Content-Length: 1014 Content-Type: application/json Date: Mon, 09 Dec 2019 09:09:24 GMT Openstack-Api-Version: compute 2.1 Vary: OpenStack-API-Version, X-OpenStack-Nova-API-Version X-Compute-Request-Id: req-3d16009d-6f94-41da-9e65-3c2ce8d5cd77 X-Openstack-Nova-Api-Version: 2.1 X-Openstack-Request-Id: req-3d16009d-6f94-41da-9e65-3c2ce8d5cd77 _http_log_response /usr/lib/python2.7/site-packages/keystoneauth1/session.py:479
2019-12-09 09:09:24.817 663 DEBUG novaclient.v2.client [-] RESP BODY: {"flavors": [{"name": "rally_full-flavor_ef9d379c-03c1-4d68-b6a0-11867efe6caf", "links": [{"href": "http://10.167.4.35:8774/v2.1/flavors/c1edc1ef-c778-40c6-9473-8c7d384fd7ea", "rel": "self"}, {"href": "http://10.167.4.35:8774/flavors/c1edc1ef-c778-40c6-9473-8c7d384fd7ea", "rel": "bookmark"}], "ram": 512, "OS-FLV-DISABLED:disabled": false, "vcpus": 1, "swap": "", "os-flavor-access:is_public": true, "rxtx_factor": 1.0, "OS-FLV-EXT-DATA:ephemeral": 0, "disk": 1, "id": "c1edc1ef-c778-40c6-9473-8c7d384fd7ea"}, {"name": "rally_full-flavor_alt_ef9d379c-03c1-4d68-b6a0-11867efe6caf", "links": [{"href": "http://10.167.4.35:8774/v2.1/flavors/d63b73eb-8f62-4c39-8592-97824e38f826", "rel": "self"}, {"href": "http://10.167.4.35:8774/flavors/d63b73eb-8f62-4c39-8592-97824e38f826", "rel": "bookmark"}], "ram": 1024, "OS-FLV-DISABLED:disabled": false, "vcpus": 1, "swap": "", "os-flavor-access:is_public": true, "rxtx_factor": 1.0, "OS-FLV-EXT-DATA:ephemeral": 0, "disk": 1, "id": "d63b73eb-8f62-4c39-8592-97824e38f826"}]} _http_log_response /usr/lib/python2.7/site-packages/keystoneauth1/session.py:511
2019-12-09 09:09:24.817 664 DEBUG novaclient.v2.client [-] REQ: curl -g -i --cacert "/etc/ssl/certs/mcp_os_cacert" -X GET http://10.167.4.35:8774/v2.1/flavors/detail -H "Accept: application/json" -H "User-Agent: python-novaclient" -H "X-Auth-Token: {SHA1}01c4206bd25483a23ff25d859cd9490b9d27a1d2" _http_log_request /usr/lib/python2.7/site-packages/keystoneauth1/session.py:448
2019-12-09 09:09:24.817 661 DEBUG novaclient.v2.client [-] RESP BODY: {"flavors": [{"name": "rally_full-flavor_ef9d379c-03c1-4d68-b6a0-11867efe6caf", "links": [{"href": "http://10.167.4.35:8774/v2.1/flavors/c1edc1ef-c778-40c6-9473-8c7d384fd7ea", "rel": "self"}, {"href": "http://10.167.4.35:8774/flavors/c1edc1ef-c778-40c6-9473-8c7d384fd7ea", "rel": "bookmark"}], "ram": 512, "OS-FLV-DISABLED:disabled": false, "vcpus": 1, "swap": "", "os-flavor-access:is_public": true, "rxtx_factor": 1.0, "OS-FLV-EXT-DATA:ephemeral": 0, "disk": 1, "id": "c1edc1ef-c778-40c6-9473-8c7d384fd7ea"}, {"name": "rally_full-flavor_alt_ef9d379c-03c1-4d68-b6a0-11867efe6caf", "links": [{"href": "http://10.167.4.35:8774/v2.1/flavors/d63b73eb-8f62-4c39-8592-97824e38f826", "rel": "self"}, {"href": "http://10.167.4.35:8774/flavors/d63b73eb-8f62-4c39-8592-97824e38f826", "rel": "bookmark"}], "ram": 1024, "OS-FLV-DISABLED:disabled": false, "vcpus": 1, "swap": "", "os-flavor-access:is_public": true, "rxtx_factor": 1.0, "OS-FLV-EXT-DATA:ephemeral": 0, "disk": 1, "id": "d63b73eb-8f62-4c39-8592-97824e38f826"}]} _http_log_response /usr/lib/python2.7/site-packages/keystoneauth1/session.py:511
2019-12-09 09:09:24.817 663 DEBUG novaclient.v2.client [-] GET call to compute for http://10.167.4.35:8774/v2.1/flavors/detail used request id req-8f6707bd-2b8e-40bc-8bff-b899f8e845fd request /usr/lib/python2.7/site-packages/keystoneauth1/session.py:844
2019-12-09 09:09:24.817 661 DEBUG novaclient.v2.client [-] GET call to compute for http://10.167.4.35:8774/v2.1/flavors/detail used request id req-3d16009d-6f94-41da-9e65-3c2ce8d5cd77 request /usr/lib/python2.7/site-packages/keystoneauth1/session.py:844
2019-12-09 09:09:24.819 663 DEBUG novaclient.v2.client [-] REQ: curl -g -i --cacert "/etc/ssl/certs/mcp_os_cacert" -X GET http://10.167.4.35:8774/v2.1/flavors/detail -H "Accept: application/json" -H "User-Agent: python-novaclient" -H "X-Auth-Token: {SHA1}40d4d44a3c49743ca6baf04a8def5c3e5683846a" _http_log_request /usr/lib/python2.7/site-packages/keystoneauth1/session.py:448
2019-12-09 09:09:24.819 661 DEBUG novaclient.v2.client [-] REQ: curl -g -i --cacert "/etc/ssl/certs/mcp_os_cacert" -X GET http://10.167.4.35:8774/v2.1/flavors/detail -H "Accept: application/json" -H "User-Agent: python-novaclient" -H "X-Auth-Token: {SHA1}098d2bdd060e69c7aedfa76a9f6609e12bf62e69" _http_log_request /usr/lib/python2.7/site-packages/keystoneauth1/session.py:448
2019-12-09 09:09:24.828 662 DEBUG novaclient.v2.client [-] RESP: [200] Connection: close Content-Length: 1014 Content-Type: application/json Date: Mon, 09 Dec 2019 09:09:24 GMT Openstack-Api-Version: compute 2.1 Vary: OpenStack-API-Version, X-OpenStack-Nova-API-Version X-Compute-Request-Id: req-95e56ec0-99ef-4632-baa7-e3d1852db693 X-Openstack-Nova-Api-Version: 2.1 X-Openstack-Request-Id: req-95e56ec0-99ef-4632-baa7-e3d1852db693 _http_log_response /usr/lib/python2.7/site-packages/keystoneauth1/session.py:479
2019-12-09 09:09:24.829 662 DEBUG novaclient.v2.client [-] RESP BODY: {"flavors": [{"name": "rally_full-flavor_ef9d379c-03c1-4d68-b6a0-11867efe6caf", "links": [{"href": "http://10.167.4.35:8774/v2.1/flavors/c1edc1ef-c778-40c6-9473-8c7d384fd7ea", "rel": "self"}, {"href": "http://10.167.4.35:8774/flavors/c1edc1ef-c778-40c6-9473-8c7d384fd7ea", "rel": "bookmark"}], "ram": 512, "OS-FLV-DISABLED:disabled": false, "vcpus": 1, "swap": "", "os-flavor-access:is_public": true, "rxtx_factor": 1.0, "OS-FLV-EXT-DATA:ephemeral": 0, "disk": 1, "id": "c1edc1ef-c778-40c6-9473-8c7d384fd7ea"}, {"name": "rally_full-flavor_alt_ef9d379c-03c1-4d68-b6a0-11867efe6caf", "links": [{"href": "http://10.167.4.35:8774/v2.1/flavors/d63b73eb-8f62-4c39-8592-97824e38f826", "rel": "self"}, {"href": "http://10.167.4.35:8774/flavors/d63b73eb-8f62-4c39-8592-97824e38f826", "rel": "bookmark"}], "ram": 1024, "OS-FLV-DISABLED:disabled": false, "vcpus": 1, "swap": "", "os-flavor-access:is_public": true, "rxtx_factor": 1.0, "OS-FLV-EXT-DATA:ephemeral": 0, "disk": 1, "id": "d63b73eb-8f62-4c39-8592-97824e38f826"}]} _http_log_response /usr/lib/python2.7/site-packages/keystoneauth1/session.py:511
2019-12-09 09:09:24.829 662 DEBUG novaclient.v2.client [-] GET call to compute for http://10.167.4.35:8774/v2.1/flavors/detail used request id req-95e56ec0-99ef-4632-baa7-e3d1852db693 request /usr/lib/python2.7/site-packages/keystoneauth1/session.py:844
2019-12-09 09:09:24.831 662 DEBUG novaclient.v2.client [-] REQ: curl -g -i --cacert "/etc/ssl/certs/mcp_os_cacert" -X GET http://10.167.4.35:8774/v2.1/flavors/detail -H "Accept: application/json" -H "User-Agent: python-novaclient" -H "X-Auth-Token: {SHA1}daee5db320025228302e638e1c08efad9f7f1df3" _http_log_request /usr/lib/python2.7/site-packages/keystoneauth1/session.py:448
2019-12-09 09:09:24.839 663 DEBUG novaclient.v2.client [-] RESP: [200] Connection: close Content-Length: 1014 Content-Type: application/json Date: Mon, 09 Dec 2019 09:09:24 GMT Openstack-Api-Version: compute 2.1 Vary: OpenStack-API-Version, X-OpenStack-Nova-API-Version X-Compute-Request-Id: req-7e4e44bc-77e9-4d47-8367-759799be03de X-Openstack-Nova-Api-Version: 2.1 X-Openstack-Request-Id: req-7e4e44bc-77e9-4d47-8367-759799be03de _http_log_response /usr/lib/python2.7/site-packages/keystoneauth1/session.py:479
2019-12-09 09:09:24.839 663 DEBUG novaclient.v2.client [-] RESP BODY: {"flavors": [{"name": "rally_full-flavor_ef9d379c-03c1-4d68-b6a0-11867efe6caf", "links": [{"href": "http://10.167.4.35:8774/v2.1/flavors/c1edc1ef-c778-40c6-9473-8c7d384fd7ea", "rel": "self"}, {"href": "http://10.167.4.35:8774/flavors/c1edc1ef-c778-40c6-9473-8c7d384fd7ea", "rel": "bookmark"}], "ram": 512, "OS-FLV-DISABLED:disabled": false, "vcpus": 1, "swap": "", "os-flavor-access:is_public": true, "rxtx_factor": 1.0, "OS-FLV-EXT-DATA:ephemeral": 0, "disk": 1, "id": "c1edc1ef-c778-40c6-9473-8c7d384fd7ea"}, {"name": "rally_full-flavor_alt_ef9d379c-03c1-4d68-b6a0-11867efe6caf", "links": [{"href": "http://10.167.4.35:8774/v2.1/flavors/d63b73eb-8f62-4c39-8592-97824e38f826", "rel": "self"}, {"href": "http://10.167.4.35:8774/flavors/d63b73eb-8f62-4c39-8592-97824e38f826", "rel": "bookmark"}], "ram": 1024, "OS-FLV-DISABLED:disabled": false, "vcpus": 1, "swap": "", "os-flavor-access:is_public": true, "rxtx_factor": 1.0, "OS-FLV-EXT-DATA:ephemeral": 0, "disk": 1, "id": "d63b73eb-8f62-4c39-8592-97824e38f826"}]} _http_log_response /usr/lib/python2.7/site-packages/keystoneauth1/session.py:511
2019-12-09 09:09:24.840 663 DEBUG novaclient.v2.client [-] GET call to compute for http://10.167.4.35:8774/v2.1/flavors/detail used request id req-7e4e44bc-77e9-4d47-8367-759799be03de request /usr/lib/python2.7/site-packages/keystoneauth1/session.py:844
2019-12-09 09:09:24.840 661 DEBUG novaclient.v2.client [-] RESP: [200] Connection: close Content-Length: 1014 Content-Type: application/json Date: Mon, 09 Dec 2019 09:09:24 GMT Openstack-Api-Version: compute 2.1 Vary: OpenStack-API-Version, X-OpenStack-Nova-API-Version X-Compute-Request-Id: req-91225169-c561-47bc-9d66-b24fc23cfea9 X-Openstack-Nova-Api-Version: 2.1 X-Openstack-Request-Id: req-91225169-c561-47bc-9d66-b24fc23cfea9 _http_log_response /usr/lib/python2.7/site-packages/keystoneauth1/session.py:479
2019-12-09 09:09:24.841 661 DEBUG novaclient.v2.client [-] RESP BODY: {"flavors": [{"name": "rally_full-flavor_ef9d379c-03c1-4d68-b6a0-11867efe6caf", "links": [{"href": "http://10.167.4.35:8774/v2.1/flavors/c1edc1ef-c778-40c6-9473-8c7d384fd7ea", "rel": "self"}, {"href": "http://10.167.4.35:8774/flavors/c1edc1ef-c778-40c6-9473-8c7d384fd7ea", "rel": "bookmark"}], "ram": 512, "OS-FLV-DISABLED:disabled": false, "vcpus": 1, "swap": "", "os-flavor-access:is_public": true, "rxtx_factor": 1.0, "OS-FLV-EXT-DATA:ephemeral": 0, "disk": 1, "id": "c1edc1ef-c778-40c6-9473-8c7d384fd7ea"}, {"name": "rally_full-flavor_alt_ef9d379c-03c1-4d68-b6a0-11867efe6caf", "links": [{"href": "http://10.167.4.35:8774/v2.1/flavors/d63b73eb-8f62-4c39-8592-97824e38f826", "rel": "self"}, {"href": "http://10.167.4.35:8774/flavors/d63b73eb-8f62-4c39-8592-97824e38f826", "rel": "bookmark"}], "ram": 1024, "OS-FLV-DISABLED:disabled": false, "vcpus": 1, "swap": "", "os-flavor-access:is_public": true, "rxtx_factor": 1.0, "OS-FLV-EXT-DATA:ephemeral": 0, "disk": 1, "id": "d63b73eb-8f62-4c39-8592-97824e38f826"}]} _http_log_response /usr/lib/python2.7/site-packages/keystoneauth1/session.py:511
2019-12-09 09:09:24.841 661 DEBUG novaclient.v2.client [-] GET call to compute for http://10.167.4.35:8774/v2.1/flavors/detail used request id req-91225169-c561-47bc-9d66-b24fc23cfea9 request /usr/lib/python2.7/site-packages/keystoneauth1/session.py:844
2019-12-09 09:09:24.841 663 INFO rally.task.runner [-] Task 0ade5c05-1303-4396-9485-78123a0864bd | ITER: 3 END: OK
2019-12-09 09:09:24.842 661 INFO rally.task.runner [-] Task 0ade5c05-1303-4396-9485-78123a0864bd | ITER: 1 END: OK
2019-12-09 09:09:24.843 664 DEBUG novaclient.v2.client [-] RESP: [200] Connection: close Content-Length: 1014 Content-Type: application/json Date: Mon, 09 Dec 2019 09:09:24 GMT Openstack-Api-Version: compute 2.1 Vary: OpenStack-API-Version, X-OpenStack-Nova-API-Version X-Compute-Request-Id: req-08d4de44-16bf-4b55-85a6-f3588b781771 X-Openstack-Nova-Api-Version: 2.1 X-Openstack-Request-Id: req-08d4de44-16bf-4b55-85a6-f3588b781771 _http_log_response /usr/lib/python2.7/site-packages/keystoneauth1/session.py:479
2019-12-09 09:09:24.843 664 DEBUG novaclient.v2.client [-] RESP BODY: {"flavors": [{"name": "rally_full-flavor_ef9d379c-03c1-4d68-b6a0-11867efe6caf", "links": [{"href": "http://10.167.4.35:8774/v2.1/flavors/c1edc1ef-c778-40c6-9473-8c7d384fd7ea", "rel": "self"}, {"href": "http://10.167.4.35:8774/flavors/c1edc1ef-c778-40c6-9473-8c7d384fd7ea", "rel": "bookmark"}], "ram": 512, "OS-FLV-DISABLED:disabled": false, "vcpus": 1, "swap": "", "os-flavor-access:is_public": true, "rxtx_factor": 1.0, "OS-FLV-EXT-DATA:ephemeral": 0, "disk": 1, "id": "c1edc1ef-c778-40c6-9473-8c7d384fd7ea"}, {"name": "rally_full-flavor_alt_ef9d379c-03c1-4d68-b6a0-11867efe6caf", "links": [{"href": "http://10.167.4.35:8774/v2.1/flavors/d63b73eb-8f62-4c39-8592-97824e38f826", "rel": "self"}, {"href": "http://10.167.4.35:8774/flavors/d63b73eb-8f62-4c39-8592-97824e38f826", "rel": "bookmark"}], "ram": 1024, "OS-FLV-DISABLED:disabled": false, "vcpus": 1, "swap": "", "os-flavor-access:is_public": true, "rxtx_factor": 1.0, "OS-FLV-EXT-DATA:ephemeral": 0, "disk": 1, "id": "d63b73eb-8f62-4c39-8592-97824e38f826"}]} _http_log_response /usr/lib/python2.7/site-packages/keystoneauth1/session.py:511
2019-12-09 09:09:24.844 664 DEBUG novaclient.v2.client [-] GET call to compute for http://10.167.4.35:8774/v2.1/flavors/detail used request id req-08d4de44-16bf-4b55-85a6-f3588b781771 request /usr/lib/python2.7/site-packages/keystoneauth1/session.py:844
2019-12-09 09:09:24.845 664 INFO rally.task.runner [-] Task 0ade5c05-1303-4396-9485-78123a0864bd | ITER: 4 END: OK
2019-12-09 09:09:24.846 663 INFO rally.task.runner [-] Task 0ade5c05-1303-4396-9485-78123a0864bd | ITER: 5 START
