2019-12-09 09:14:37.157 727 DEBUG glanceclient.common.http [-] Request returned failure status 404. _handle_response /usr/lib/python2.7/site-packages/glanceclient/common/http.py:125
2019-12-09 09:14:37.173 727 DEBUG glanceclient.common.http [-] Request returned failure status 404. _handle_response /usr/lib/python2.7/site-packages/glanceclient/common/http.py:125
2019-12-09 09:14:37.174 727 DEBUG glanceclient.common.http [-] Request returned failure status 404. _handle_response /usr/lib/python2.7/site-packages/glanceclient/common/http.py:125
2019-12-09 09:14:37.186 727 DEBUG glanceclient.common.http [-] Request returned failure status 404. _handle_response /usr/lib/python2.7/site-packages/glanceclient/common/http.py:125
2019-12-09 09:14:37.214 727 DEBUG glanceclient.common.http [-] Request returned failure status 404. _handle_response /usr/lib/python2.7/site-packages/glanceclient/common/http.py:125
2019-12-09 09:14:37.243 727 DEBUG glanceclient.common.http [-] Request returned failure status 404. _handle_response /usr/lib/python2.7/site-packages/glanceclient/common/http.py:125
2019-12-09 09:14:37.249 727 DEBUG glanceclient.common.http [-] Request returned failure status 404. _handle_response /usr/lib/python2.7/site-packages/glanceclient/common/http.py:125
2019-12-09 09:14:37.252 727 DEBUG glanceclient.common.http [-] Request returned failure status 404. _handle_response /usr/lib/python2.7/site-packages/glanceclient/common/http.py:125
2019-12-09 09:14:37.268 727 DEBUG glanceclient.common.http [-] Request returned failure status 404. _handle_response /usr/lib/python2.7/site-packages/glanceclient/common/http.py:125
2019-12-09 09:14:37.315 727 DEBUG glanceclient.common.http [-] Request returned failure status 404. _handle_response /usr/lib/python2.7/site-packages/glanceclient/common/http.py:125
2019-12-09 09:14:38.318 727 INFO rally.task.context [-] Task 2b4c4a07-b406-4523-9879-1d136deaefc2 | Context cleanup@openstack cleanup() finished in 3.99 sec
2019-12-09 09:14:38.319 727 INFO rally.task.context [-] Task 2b4c4a07-b406-4523-9879-1d136deaefc2 | Context users@openstack cleanup() started
2019-12-09 09:14:42.874 727 INFO rally.task.context [-] Task 2b4c4a07-b406-4523-9879-1d136deaefc2 | Context users@openstack cleanup() finished in 4.55 sec
2019-12-09 09:14:43.137 727 INFO rally.task.engine [-] Load duration is: 9.777164
2019-12-09 09:14:43.138 727 INFO rally.task.engine [-] Full runner duration is: 10.531335
2019-12-09 09:14:43.138 727 INFO rally.task.engine [-] Full duration is: 21.868331
2019-12-09 09:14:43.719 727 INFO rally.task.engine [-] Running workload: position = 0 config = { "version": 2, "title": "A cropped version of a bigger task.", "description": "Auto-generated task from a single workload (uuid=13328a95-7c22-46e4-9fcc-3d5f189aec29)", "subtasks": [ { "title": "GlanceImages.create_and_download_image", "description": "Create an image, then download data of the image.", "scenario": { "GlanceImages.create_and_download_image": { "container_format": "bare", "disk_format": "qcow2", "image_location": "/home/opnfv/functest/images/cirros-0.4.0-x86_64-disk.img" } }, "contexts": { "users": { "tenants": 3, "users_per_tenant": 2 } }, "runner": { "constant": { "concurrency": 4, "times": 10 } }, "hooks": [], "sla": { "failure_rate": { "max": 0 } } } ] }
2019-12-09 09:14:43.747 727 RALLYDEBUG rally_openstack.contexts.keystone.users [-] Creating 3 tenants using 20 threads
2019-12-09 09:14:44.805 727 RALLYDEBUG rally_openstack.contexts.keystone.users [-] Creating 6 users using 20 threads
2019-12-09 09:14:46.454 727 INFO rally.task.context [-] Task 2b4c4a07-b406-4523-9879-1d136deaefc2 | Context users@openstack setup() finished in 2.71 sec
2019-12-09 09:14:46.454 727 INFO rally.task.context [-] Task 2b4c4a07-b406-4523-9879-1d136deaefc2 | Context cleanup@openstack setup() finished in 0.01 msec
2019-12-09 09:14:46.464 727 RALLYDEBUG rally.task.runner [-] Starting the constant runner (task UUID: 2b4c4a07-b406-4523-9879-1d136deaefc2). timeout: 0 concurrency: 4 concurrency_per_worker: 1 times: 10 concurrency_overhead: 0 processes_to_start: 4 max_cpu_used: 16
2019-12-09 09:14:46.478 1511 RALLYDEBUG rally.task.runner [-] Starting a worker. concurrency: 1 args: {"container_format": "bare", "disk_format": "qcow2", "image_location": "/home/opnfv/functest/images/cirros-0.4.0-x86_64-disk.img"} times: 10 method_name: run timeout: 0 duration: None cls:
2019-12-09 09:14:46.482 1512 RALLYDEBUG rally.task.runner [-] Starting a worker. concurrency: 1 args: {"container_format": "bare", "disk_format": "qcow2", "image_location": "/home/opnfv/functest/images/cirros-0.4.0-x86_64-disk.img"} times: 10 method_name: run timeout: 0 duration: None cls:
2019-12-09 09:14:46.485 1513 RALLYDEBUG rally.task.runner [-] Starting a worker. concurrency: 1 args: {"container_format": "bare", "disk_format": "qcow2", "image_location": "/home/opnfv/functest/images/cirros-0.4.0-x86_64-disk.img"} times: 10 method_name: run timeout: 0 duration: None cls:
2019-12-09 09:14:46.486 1511 INFO rally.task.runner [-] Task 2b4c4a07-b406-4523-9879-1d136deaefc2 | ITER: 1 START
2019-12-09 09:14:46.486 1514 RALLYDEBUG rally.task.runner [-] Starting a worker. concurrency: 1 args: {"container_format": "bare", "disk_format": "qcow2", "image_location": "/home/opnfv/functest/images/cirros-0.4.0-x86_64-disk.img"} times: 10 method_name: run timeout: 0 duration: None cls:
2019-12-09 09:14:46.490 1512 INFO rally.task.runner [-] Task 2b4c4a07-b406-4523-9879-1d136deaefc2 | ITER: 2 START
2019-12-09 09:14:46.493 1514 INFO rally.task.runner [-] Task 2b4c4a07-b406-4523-9879-1d136deaefc2 | ITER: 4 START
2019-12-09 09:14:46.493 1513 INFO rally.task.runner [-] Task 2b4c4a07-b406-4523-9879-1d136deaefc2 | ITER: 3 START
2019-12-09 09:14:49.526 1513 RALLYDEBUG rally.task.utils [-] Waiting for resource u'92dbc1a6-af55-4d93-a4de-6e5b09b3a1b4'. Status changed: NONE => QUEUED in 0.0379109382629
2019-12-09 09:14:49.576 1512 RALLYDEBUG rally.task.utils [-] Waiting for resource u'8f81a1ff-fe68-4d75-8cf3-7cda4313dbd0'. Status changed: NONE => QUEUED in 0.107346057892
2019-12-09 09:14:49.640 1511 RALLYDEBUG rally.task.utils [-] Waiting for resource u'18867b3f-8344-4bf2-aab5-a0a9f7541e6f'. Status changed: NONE => QUEUED in 0.217653989792
2019-12-09 09:14:49.650 1514 RALLYDEBUG rally.task.utils [-] Waiting for resource u'52a2b0a5-b569-4a86-9041-7fc3cc07cdf6'. Status changed: NONE => QUEUED in 0.15998005867
2019-12-09 09:14:49.855 1513 RALLYDEBUG rally.task.utils [-] Waiting for resource s_rally_13328a95_StvHvpcM. Status changed: QUEUED => ACTIVE in 0.0760841369629
2019-12-09 09:14:49.906 1512 RALLYDEBUG rally.task.utils [-] Waiting for resource s_rally_13328a95_cP3p0GvX. Status changed: QUEUED => ACTIVE in 0.0751860141754
2019-12-09 09:14:49.923 1511 RALLYDEBUG rally.task.utils [-] Waiting for resource s_rally_13328a95_XMvHtrIu. Status changed: QUEUED => ACTIVE in 0.0785930156708
2019-12-09 09:14:49.950 1514 RALLYDEBUG rally.task.utils [-] Waiting for resource s_rally_13328a95_dtckxKJT. Status changed: QUEUED => ACTIVE in 0.026535987854
2019-12-09 09:14:49.955 1513 INFO rally.task.runner [-] Task 2b4c4a07-b406-4523-9879-1d136deaefc2 | ITER: 3 END: OK
2019-12-09 09:14:49.960 1513 INFO rally.task.runner [-] Task 2b4c4a07-b406-4523-9879-1d136deaefc2 | ITER: 5 START
2019-12-09 09:14:50.035 1514 INFO rally.task.runner [-] Task 2b4c4a07-b406-4523-9879-1d136deaefc2 | ITER: 4 END: OK
2019-12-09 09:14:50.040 1514 INFO rally.task.runner [-] Task 2b4c4a07-b406-4523-9879-1d136deaefc2 | ITER: 6 START
2019-12-09 09:14:50.049 1512 INFO rally.task.runner [-] Task 2b4c4a07-b406-4523-9879-1d136deaefc2 | ITER: 2 END: OK
2019-12-09 09:14:50.054 1512 INFO rally.task.runner [-] Task 2b4c4a07-b406-4523-9879-1d136deaefc2 | ITER: 7 START
2019-12-09 09:14:50.066 1511 INFO rally.task.runner [-] Task 2b4c4a07-b406-4523-9879-1d136deaefc2 | ITER: 1 END: OK
2019-12-09 09:14:50.071 1511 INFO rally.task.runner [-] Task 2b4c4a07-b406-4523-9879-1d136deaefc2 | ITER: 8 START
2019-12-09 09:14:53.221 1513 RALLYDEBUG rally.task.utils [-] Waiting for resource u'5365fd8b-8980-4b6b-8276-334293ac9dda'. Status changed: NONE => QUEUED in 0.168664932251
2019-12-09 09:14:53.280 1512 RALLYDEBUG rally.task.utils [-] Waiting for resource u'e222bc23-66c0-40f6-ba3c-4f272b76db5c'. Status changed: NONE => QUEUED in 0.159942150116
2019-12-09 09:14:53.291 1511 RALLYDEBUG rally.task.utils [-] Waiting for resource u'73fbb294-a2df-4c56-9bb1-cacb09312846'. Status changed: NONE => QUEUED in 0.169880867004
2019-12-09 09:14:53.374 1514 RALLYDEBUG rally.task.utils [-] Waiting for resource u'342ab8ea-d40d-4920-8dc0-385585270510'. Status changed: NONE => QUEUED in 0.247614145279
2019-12-09 09:14:53.569 1513 RALLYDEBUG rally.task.utils [-] Waiting for resource s_rally_13328a95_zvXXgLuo. Status changed: QUEUED => ACTIVE in 0.0748209953308
2019-12-09 09:14:53.605 1513 INFO rally.task.runner [-] Task 2b4c4a07-b406-4523-9879-1d136deaefc2 | ITER: 5 END: OK
2019-12-09 09:14:53.608 1512 RALLYDEBUG rally.task.utils [-] Waiting for resource s_rally_13328a95_9ceHtyeA. Status changed: QUEUED => ACTIVE in 0.0713241100311
2019-12-09 09:14:53.609 1513 INFO rally.task.runner [-] Task 2b4c4a07-b406-4523-9879-1d136deaefc2 | ITER: 9 START
2019-12-09 09:14:53.619 1511 RALLYDEBUG rally.task.utils [-] Waiting for resource s_rally_13328a95_I4esd0kU. Status changed: QUEUED => ACTIVE in 0.0868799686432
2019-12-09 09:14:53.749 1512 INFO rally.task.runner [-] Task 2b4c4a07-b406-4523-9879-1d136deaefc2 | ITER: 7 END: OK
2019-12-09 09:14:53.754 1512 INFO rally.task.runner [-] Task 2b4c4a07-b406-4523-9879-1d136deaefc2 | ITER: 10 START
2019-12-09 09:14:53.774 1511 INFO rally.task.runner [-] Task 2b4c4a07-b406-4523-9879-1d136deaefc2 | ITER: 8 END: OK
2019-12-09 09:14:53.781 1514 RALLYDEBUG rally.task.utils [-] Waiting for resource s_rally_13328a95_avGMIM7o. Status changed: QUEUED => ACTIVE in 0.0191290378571
2019-12-09 09:14:53.919 1514 INFO rally.task.runner [-] Task 2b4c4a07-b406-4523-9879-1d136deaefc2 | ITER: 6 END: OK
2019-12-09 09:14:56.637 1513 RALLYDEBUG rally.task.utils [-] Waiting for resource u'e94867a0-c27a-4fa7-a829-91ef456e51e6'. Status changed: NONE => QUEUED in 0.174639940262
2019-12-09 09:14:56.837 1513 RALLYDEBUG rally.task.utils [-] Waiting for resource s_rally_13328a95_31HIEwAi. Status changed: QUEUED => ACTIVE in 0.0183501243591
2019-12-09 09:14:56.855 1512 RALLYDEBUG rally.task.utils [-] Waiting for resource u'15c4d4dc-5a39-4044-8774-9e1076265aa7'. Status changed: NONE => QUEUED in 0.156530857086
2019-12-09 09:14:56.876 1513 INFO rally.task.runner [-] Task 2b4c4a07-b406-4523-9879-1d136deaefc2 | ITER: 9 END: OK
2019-12-09 09:14:57.073 1512 RALLYDEBUG rally.task.utils [-] Waiting for resource s_rally_13328a95_kxtLFRPD. Status changed: QUEUED => ACTIVE in 0.0190048217773
2019-12-09 09:14:57.163 1512 INFO rally.task.runner [-] Task 2b4c4a07-b406-4523-9879-1d136deaefc2 | ITER: 10 END: OK
2019-12-09 09:14:57.195 727 INFO rally.task.context [-] Task 2b4c4a07-b406-4523-9879-1d136deaefc2 | Context cleanup@openstack cleanup() started
2019-12-09 09:14:57.198 727 RALLYDEBUG rally_openstack.cleanup.manager [-] Cleaning up glance images objects
2019-12-09 09:14:59.124 727 RALLYDEBUG rally_openstack.cleanup.manager [-] Deleting glance.images object s_rally_13328a95_cP3p0GvX (8f81a1ff-fe68-4d75-8cf3-7cda4313dbd0)
2019-12-09 09:14:59.127 727 RALLYDEBUG rally_openstack.cleanup.manager [-] Deleting glance.images object s_rally_13328a95_I4esd0kU (73fbb294-a2df-4c56-9bb1-cacb09312846)
2019-12-09 09:14:59.134 727 RALLYDEBUG rally_openstack.cleanup.manager [-] Deleting glance.images object s_rally_13328a95_9ceHtyeA (e222bc23-66c0-40f6-ba3c-4f272b76db5c)
2019-12-09 09:14:59.138 727 RALLYDEBUG rally_openstack.cleanup.manager [-] Deleting glance.images object s_rally_13328a95_avGMIM7o (342ab8ea-d40d-4920-8dc0-385585270510)
2019-12-09 09:14:59.140 727 RALLYDEBUG rally_openstack.cleanup.manager [-] Deleting glance.images object s_rally_13328a95_dtckxKJT (52a2b0a5-b569-4a86-9041-7fc3cc07cdf6)
2019-12-09 09:14:59.142 727 RALLYDEBUG rally_openstack.cleanup.manager [-] Deleting glance.images object s_rally_13328a95_XMvHtrIu (18867b3f-8344-4bf2-aab5-a0a9f7541e6f)
2019-12-09 09:14:59.143 727 RALLYDEBUG rally_openstack.cleanup.manager [-] Deleting glance.images object s_rally_13328a95_31HIEwAi (e94867a0-c27a-4fa7-a829-91ef456e51e6)
2019-12-09 09:14:59.145 727 RALLYDEBUG rally_openstack.cleanup.manager [-] Deleting glance.images object s_rally_13328a95_zvXXgLuo (5365fd8b-8980-4b6b-8276-334293ac9dda)
2019-12-09 09:14:59.145 727 RALLYDEBUG rally_openstack.cleanup.manager [-] Deleting glance.images object s_rally_13328a95_StvHvpcM (92dbc1a6-af55-4d93-a4de-6e5b09b3a1b4)
2019-12-09 09:14:59.295 727 RALLYDEBUG rally_openstack.cleanup.manager [-] Deleting glance.images object s_rally_13328a95_kxtLFRPD (15c4d4dc-5a39-4044-8774-9e1076265aa7)
2019-12-09 09:14:59.856 727 DEBUG glanceclient.common.http [-] Request returned failure status 404. _handle_response /usr/lib/python2.7/site-packages/glanceclient/common/http.py:125
2019-12-09 09:14:59.863 727 DEBUG glanceclient.common.http [-] Request returned failure status 404. _handle_response /usr/lib/python2.7/site-packages/glanceclient/common/http.py:125
2019-12-09 09:14:59.866 727 DEBUG glanceclient.common.http [-] Request returned failure status 404. _handle_response /usr/lib/python2.7/site-packages/glanceclient/common/http.py:125
2019-12-09 09:14:59.925 727 DEBUG glanceclient.common.http [-] Request returned failure status 404. _handle_response /usr/lib/python2.7/site-packages/glanceclient/common/http.py:125
2019-12-09 09:14:59.929 727 DEBUG glanceclient.common.http [-] Request returned failure status 404. _handle_response /usr/lib/python2.7/site-packages/glanceclient/common/http.py:125
2019-12-09 09:14:59.949 727 DEBUG glanceclient.common.http [-] Request returned failure status 404. _handle_response /usr/lib/python2.7/site-packages/glanceclient/common/http.py:125
2019-12-09 09:14:59.953 727 DEBUG glanceclient.common.http [-] Request returned failure status 404. _handle_response /usr/lib/python2.7/site-packages/glanceclient/common/http.py:125
2019-12-09 09:14:59.959 727 DEBUG glanceclient.common.http [-] Request returned failure status 404. _handle_response /usr/lib/python2.7/site-packages/glanceclient/common/http.py:125
2019-12-09 09:14:59.974 727 DEBUG glanceclient.common.http [-] Request returned failure status 404. _handle_response /usr/lib/python2.7/site-packages/glanceclient/common/http.py:125
2019-12-09 09:14:59.977 727 DEBUG glanceclient.common.http [-] Request returned failure status 404. _handle_response /usr/lib/python2.7/site-packages/glanceclient/common/http.py:125
2019-12-09 09:14:59.993 727 DEBUG glanceclient.common.http [-] Request returned failure status 404. _handle_response /usr/lib/python2.7/site-packages/glanceclient/common/http.py:125
2019-12-09 09:14:59.995 727 DEBUG glanceclient.common.http [-] Request returned failure status 404. _handle_response /usr/lib/python2.7/site-packages/glanceclient/common/http.py:125
2019-12-09 09:15:00.003 727 DEBUG glanceclient.common.http [-] Request returned failure status 404. _handle_response /usr/lib/python2.7/site-packages/glanceclient/common/http.py:125
2019-12-09 09:15:00.027 727 DEBUG glanceclient.common.http [-] Request returned failure status 404. _handle_response /usr/lib/python2.7/site-packages/glanceclient/common/http.py:125
2019-12-09 09:15:00.045 727 DEBUG glanceclient.common.http [-] Request returned failure status 404. _handle_response /usr/lib/python2.7/site-packages/glanceclient/common/http.py:125
2019-12-09 09:15:00.054 727 DEBUG glanceclient.common.http [-] Request returned failure status 404. _handle_response /usr/lib/python2.7/site-packages/glanceclient/common/http.py:125
2019-12-09 09:15:00.067 727 DEBUG glanceclient.common.http [-] Request returned failure status 404. _handle_response /usr/lib/python2.7/site-packages/glanceclient/common/http.py:125
2019-12-09 09:15:00.070 727 DEBUG glanceclient.common.http [-] Request returned failure status 404. _handle_response /usr/lib/python2.7/site-packages/glanceclient/common/http.py:125
2019-12-09 09:15:00.152 727 DEBUG glanceclient.common.http [-] Request returned failure status 404. _handle_response /usr/lib/python2.7/site-packages/glanceclient/common/http.py:125
2019-12-09 09:15:00.228 727 DEBUG glanceclient.common.http [-] Request returned failure status 404. _handle_response /usr/lib/python2.7/site-packages/glanceclient/common/http.py:125
2019-12-09 09:15:01.231 727 INFO rally.task.context [-] Task 2b4c4a07-b406-4523-9879-1d136deaefc2 | Context cleanup@openstack cleanup() finished in 4.04 sec
2019-12-09 09:15:01.232 727 INFO rally.task.context [-] Task 2b4c4a07-b406-4523-9879-1d136deaefc2 | Context users@openstack cleanup() started
2019-12-09 09:15:05.675 727 INFO rally.task.context [-] Task 2b4c4a07-b406-4523-9879-1d136deaefc2 | Context users@openstack cleanup() finished in 4.44 sec
2019-12-09 09:15:05.901 727 INFO rally.task.engine [-] Load duration is: 9.973321
2019-12-09 09:15:05.901 727 INFO rally.task.engine [-] Full runner duration is: 10.73104
2019-12-09 09:15:05.901 727 INFO rally.task.engine [-] Full duration is: 21.93266
2019-12-09 09:15:06.540 727 INFO rally.task.engine [-] Running workload: position = 0 config = { "version": 2, "title": "A cropped version of a bigger task.", "description": "Auto-generated task from a single workload (uuid=5a994cf5-28d7-437d-9215-88bad8f25edc)", "subtasks": [ { "title": "GlanceImages.create_and_get_image", "description": "Create and get detailed information of an image.", "scenario": { "GlanceImages.create_and_get_image": { "container_format": "bare", "disk_format": "qcow2", "image_location": "/home/opnfv/functest/images/cirros-0.4.0-x86_64-disk.img" } }, "contexts": { "users": { "tenants": 3, "users_per_tenant": 2 } }, "runner": { "constant": { "concurrency": 4, "times": 10 } }, "hooks": [], "sla": { "failure_rate": { "max": 0 } } } ] }
2019-12-09 09:15:06.566 727 RALLYDEBUG rally_openstack.contexts.keystone.users [-] Creating 3 tenants using 20 threads
2019-12-09 09:15:07.622 727 RALLYDEBUG rally_openstack.contexts.keystone.users [-] Creating 6 users using 20 threads
2019-12-09 09:15:09.309 727 INFO rally.task.context [-] Task 2b4c4a07-b406-4523-9879-1d136deaefc2 | Context users@openstack setup() finished in 2.74 sec
2019-12-09 09:15:09.309 727 INFO rally.task.context [-] Task 2b4c4a07-b406-4523-9879-1d136deaefc2 | Context cleanup@openstack setup() finished in 0.01 msec
2019-12-09 09:15:09.318 727 RALLYDEBUG rally.task.runner [-] Starting the constant runner (task UUID: 2b4c4a07-b406-4523-9879-1d136deaefc2). timeout: 0 concurrency: 4 concurrency_per_worker: 1 times: 10 concurrency_overhead: 0 processes_to_start: 4 max_cpu_used: 16
2019-12-09 09:15:09.331 1635 RALLYDEBUG rally.task.runner [-] Starting a worker. concurrency: 1 args: {"container_format": "bare", "disk_format": "qcow2", "image_location": "/home/opnfv/functest/images/cirros-0.4.0-x86_64-disk.img"} times: 10 method_name: run timeout: 0 duration: None cls:
2019-12-09 09:15:09.333 1636 RALLYDEBUG rally.task.runner [-] Starting a worker. concurrency: 1 args: {"container_format": "bare", "disk_format": "qcow2", "image_location": "/home/opnfv/functest/images/cirros-0.4.0-x86_64-disk.img"} times: 10 method_name: run timeout: 0 duration: None cls:
2019-12-09 09:15:09.337 1637 RALLYDEBUG rally.task.runner [-] Starting a worker. concurrency: 1 args: {"container_format": "bare", "disk_format": "qcow2", "image_location": "/home/opnfv/functest/images/cirros-0.4.0-x86_64-disk.img"} times: 10 method_name: run timeout: 0 duration: None cls:
2019-12-09 09:15:09.340 1635 INFO rally.task.runner [-] Task 2b4c4a07-b406-4523-9879-1d136deaefc2 | ITER: 1 START
2019-12-09 09:15:09.340 1638 RALLYDEBUG rally.task.runner [-] Starting a worker. concurrency: 1 args: {"container_format": "bare", "disk_format": "qcow2", "image_location": "/home/opnfv/functest/images/cirros-0.4.0-x86_64-disk.img"} times: 10 method_name: run timeout: 0 duration: None cls:
2019-12-09 09:15:09.342 1636 INFO rally.task.runner [-] Task 2b4c4a07-b406-4523-9879-1d136deaefc2 | ITER: 2 START
2019-12-09 09:15:09.345 1637 INFO rally.task.runner [-] Task 2b4c4a07-b406-4523-9879-1d136deaefc2 | ITER: 3 START
2019-12-09 09:15:09.348 1638 INFO rally.task.runner [-] Task 2b4c4a07-b406-4523-9879-1d136deaefc2 | ITER: 4 START
2019-12-09 09:15:12.370 1635 RALLYDEBUG rally.task.utils [-] Waiting for resource u'94341771-23ea-4adf-8452-d48826db1c2b'. Status changed: NONE => QUEUED in 0.110723972321
2019-12-09 09:15:12.478 1638 RALLYDEBUG rally.task.utils [-] Waiting for resource u'da60781c-220b-4f36-bace-eeaac5550f43'. Status changed: NONE => QUEUED in 0.16407585144
2019-12-09 09:15:12.564 1636 RALLYDEBUG rally.task.utils [-] Waiting for resource u'bf8e583c-e135-4dc7-93be-43c77e2ab128'. Status changed: NONE => QUEUED in 0.249691009521
2019-12-09 09:15:12.599 1637 RALLYDEBUG rally.task.utils [-] Waiting for resource u'6d41f1a0-9f8f-47ae-922f-44e4971850d9'. Status changed: NONE => QUEUED in 0.234905958176
2019-12-09 09:15:12.639 1635 RALLYDEBUG rally.task.utils [-] Waiting for resource s_rally_5a994cf5_8wLWpMvw. Status changed: QUEUED => ACTIVE in 0.0172669887543
2019-12-09 09:15:12.739 1635 INFO rally.task.runner [-] Task 2b4c4a07-b406-4523-9879-1d136deaefc2 | ITER: 1 END: OK
2019-12-09 09:15:12.744 1635 INFO rally.task.runner [-] Task 2b4c4a07-b406-4523-9879-1d136deaefc2 | ITER: 5 START
2019-12-09 09:15:12.757 1638 RALLYDEBUG rally.task.utils [-] Waiting for resource s_rally_5a994cf5_JSutunN6. Status changed: QUEUED => ACTIVE in 0.0258040428162
2019-12-09 09:15:12.774 1638 INFO rally.task.runner [-] Task 2b4c4a07-b406-4523-9879-1d136deaefc2 | ITER: 4 END: OK
2019-12-09 09:15:12.779 1638 INFO rally.task.runner [-] Task 2b4c4a07-b406-4523-9879-1d136deaefc2 | ITER: 6 START
2019-12-09 09:15:12.857 1636 RALLYDEBUG rally.task.utils [-] Waiting for resource s_rally_5a994cf5_goHBti1J. Status changed: QUEUED => ACTIVE in 0.0195689201355
2019-12-09 09:15:12.928 1636 INFO rally.task.runner [-] Task 2b4c4a07-b406-4523-9879-1d136deaefc2 | ITER: 2 END: OK
2019-12-09 09:15:12.933 1636 INFO rally.task.runner [-] Task 2b4c4a07-b406-4523-9879-1d136deaefc2 | ITER: 7 START
2019-12-09 09:15:12.966 1637 RALLYDEBUG rally.task.utils [-] Waiting for resource s_rally_5a994cf5_FqK5l4n6. Status changed: QUEUED => ACTIVE in 0.0712020397186
2019-12-09 09:15:12.983 1637 INFO rally.task.runner [-] Task 2b4c4a07-b406-4523-9879-1d136deaefc2 | ITER: 3 END: OK
2019-12-09 09:15:12.989 1637 INFO rally.task.runner [-] Task 2b4c4a07-b406-4523-9879-1d136deaefc2 | ITER: 8 START
2019-12-09 09:15:15.839 1635 RALLYDEBUG rally.task.utils [-] Waiting for resource u'52b1d6a0-6382-4aa1-9fd9-e215ee52d21b'. Status changed: NONE => QUEUED in 0.166942119598
2019-12-09 09:15:15.857 1638 RALLYDEBUG rally.task.utils [-] Waiting for resource u'830e3444-ad24-4a28-a12d-6f069654dc28'. Status changed: NONE => QUEUED in 0.173019886017
2019-12-09 09:15:16.062 1636 RALLYDEBUG rally.task.utils [-] Waiting for resource u'4e5cef66-8ddd-4529-b7dd-ceec418550f0'. Status changed: NONE => QUEUED in 0.17737197876
2019-12-09 09:15:16.090 1637 RALLYDEBUG rally.task.utils [-] Waiting for resource u'8fcecb50-50c5-4fc2-8dd2-1a7d83aed115'. Status changed: NONE => QUEUED in 0.181682109833
2019-12-09 09:15:16.100 1638 RALLYDEBUG rally.task.utils [-] Waiting for resource s_rally_5a994cf5_gab1d0Ud. Status changed: QUEUED => ACTIVE in 0.0190048217773
2019-12-09 09:15:16.174 1638 INFO rally.task.runner [-] Task 2b4c4a07-b406-4523-9879-1d136deaefc2 | ITER: 6 END: OK
2019-12-09 09:15:16.176 1635 RALLYDEBUG rally.task.utils [-] Waiting for resource s_rally_5a994cf5_uoPkliB5. Status changed: QUEUED => ACTIVE in 0.0704119205475
2019-12-09 09:15:16.178 1638 INFO rally.task.runner [-] Task 2b4c4a07-b406-4523-9879-1d136deaefc2 | ITER: 9 START
2019-12-09 09:15:16.252 1635 INFO rally.task.runner [-] Task 2b4c4a07-b406-4523-9879-1d136deaefc2 | ITER: 5 END: OK
2019-12-09 09:15:16.256 1635 INFO rally.task.runner [-] Task 2b4c4a07-b406-4523-9879-1d136deaefc2 | ITER: 10 START
2019-12-09 09:15:16.378 1637 RALLYDEBUG rally.task.utils [-] Waiting for resource s_rally_5a994cf5_Xu1daSO8. Status changed: QUEUED => ACTIVE in 0.0717639923096
2019-12-09 09:15:16.396 1636 RALLYDEBUG rally.task.utils [-] Waiting for resource s_rally_5a994cf5_psmygHTf. Status changed: QUEUED => ACTIVE in 0.0770280361176
2019-12-09 09:15:16.449 1637 INFO rally.task.runner [-] Task 2b4c4a07-b406-4523-9879-1d136deaefc2 | ITER: 8 END: OK
2019-12-09 09:15:16.464 1636 INFO rally.task.runner [-] Task 2b4c4a07-b406-4523-9879-1d136deaefc2 | ITER: 7 END: OK
2019-12-09 09:15:19.236 1638 RALLYDEBUG rally.task.utils [-] Waiting for resource u'd5fb27cc-f496-426a-b2f2-f7a1da4be522'. Status changed: NONE => QUEUED in 0.174994945526
2019-12-09 09:15:19.371 1635 RALLYDEBUG rally.task.utils [-] Waiting for resource u'3e877e39-ea8a-4a6c-b31f-8c8ab63718e3'. Status changed: NONE => QUEUED in 0.179766893387
2019-12-09 09:15:19.527 1638 RALLYDEBUG rally.task.utils [-] Waiting for resource s_rally_5a994cf5_L0tRMDXH. Status changed: QUEUED => ACTIVE in 0.0772309303284
2019-12-09 09:15:19.570 1635 RALLYDEBUG rally.task.utils [-] Waiting for resource s_rally_5a994cf5_9k5wdIQr. Status changed: QUEUED => ACTIVE in 0.0176827907562
2019-12-09 09:15:19.602 1638 INFO rally.task.runner [-] Task 2b4c4a07-b406-4523-9879-1d136deaefc2 | ITER: 9 END: OK
2019-12-09 09:15:19.641 1635 INFO rally.task.runner [-] Task 2b4c4a07-b406-4523-9879-1d136deaefc2 | ITER: 10 END: OK
2019-12-09 09:15:19.667 727 INFO rally.task.context [-] Task 2b4c4a07-b406-4523-9879-1d136deaefc2 | Context cleanup@openstack cleanup() started
2019-12-09 09:15:19.670 727 RALLYDEBUG rally_openstack.cleanup.manager [-] Cleaning up glance images objects
2019-12-09 09:15:21.469 727 RALLYDEBUG rally_openstack.cleanup.manager [-] Deleting glance.images object s_rally_5a994cf5_9k5wdIQr (3e877e39-ea8a-4a6c-b31f-8c8ab63718e3)
2019-12-09 09:15:21.470 727 RALLYDEBUG rally_openstack.cleanup.manager [-] Deleting glance.images object s_rally_5a994cf5_Xu1daSO8 (8fcecb50-50c5-4fc2-8dd2-1a7d83aed115)
2019-12-09 09:15:21.476 727 RALLYDEBUG rally_openstack.cleanup.manager [-] Deleting glance.images object s_rally_5a994cf5_L0tRMDXH (d5fb27cc-f496-426a-b2f2-f7a1da4be522)
2019-12-09 09:15:21.482 727 RALLYDEBUG rally_openstack.cleanup.manager [-] Deleting glance.images object s_rally_5a994cf5_JSutunN6 (da60781c-220b-4f36-bace-eeaac5550f43)
2019-12-09 09:15:21.483 727 RALLYDEBUG rally_openstack.cleanup.manager [-] Deleting glance.images object s_rally_5a994cf5_8wLWpMvw (94341771-23ea-4adf-8452-d48826db1c2b)
2019-12-09 09:15:21.487 727 RALLYDEBUG rally_openstack.cleanup.manager [-] Deleting glance.images object s_rally_5a994cf5_goHBti1J (bf8e583c-e135-4dc7-93be-43c77e2ab128)
2019-12-09 09:15:21.492 727 RALLYDEBUG rally_openstack.cleanup.manager [-] Deleting glance.images object s_rally_5a994cf5_psmygHTf (4e5cef66-8ddd-4529-b7dd-ceec418550f0)
2019-12-09 09:15:21.494 727 RALLYDEBUG rally_openstack.cleanup.manager [-] Deleting glance.images object s_rally_5a994cf5_FqK5l4n6 (6d41f1a0-9f8f-47ae-922f-44e4971850d9)
2019-12-09 09:15:21.518 727 RALLYDEBUG rally_openstack.cleanup.manager [-] Deleting glance.images object s_rally_5a994cf5_gab1d0Ud (830e3444-ad24-4a28-a12d-6f069654dc28)
2019-12-09 09:15:21.524 727 RALLYDEBUG rally_openstack.cleanup.manager [-] Deleting glance.images object s_rally_5a994cf5_uoPkliB5 (52b1d6a0-6382-4aa1-9fd9-e215ee52d21b)
2019-12-09 09:15:22.065 727 DEBUG glanceclient.common.http [-] Request returned failure status 404. _handle_response /usr/lib/python2.7/site-packages/glanceclient/common/http.py:125
2019-12-09 09:15:22.092 727 DEBUG glanceclient.common.http [-] Request returned failure status 404. _handle_response /usr/lib/python2.7/site-packages/glanceclient/common/http.py:125
2019-12-09 09:15:22.127 727 DEBUG glanceclient.common.http [-] Request returned failure status 404. _handle_response /usr/lib/python2.7/site-packages/glanceclient/common/http.py:125
2019-12-09 09:15:22.139 727 DEBUG glanceclient.common.http [-] Request returned failure status 404. _handle_response /usr/lib/python2.7/site-packages/glanceclient/common/http.py:125
2019-12-09 09:15:22.154 727 DEBUG glanceclient.common.http [-] Request returned failure status 404. _handle_response /usr/lib/python2.7/site-packages/glanceclient/common/http.py:125
2019-12-09 09:15:22.171 727 DEBUG glanceclient.common.http [-] Request returned failure status 404. _handle_response /usr/lib/python2.7/site-packages/glanceclient/common/http.py:125
2019-12-09 09:15:22.175 727 DEBUG glanceclient.common.http [-] Request returned failure status 404. _handle_response /usr/lib/python2.7/site-packages/glanceclient/common/http.py:125
2019-12-09 09:15:22.177 727 DEBUG glanceclient.common.http [-] Request returned failure status 404. _handle_response /usr/lib/python2.7/site-packages/glanceclient/common/http.py:125
2019-12-09 09:15:22.188 727 DEBUG glanceclient.common.http [-] Request returned failure status 404. _handle_response /usr/lib/python2.7/site-packages/glanceclient/common/http.py:125
2019-12-09 09:15:22.190 727 DEBUG glanceclient.common.http [-] Request returned failure status 404. _handle_response /usr/lib/python2.7/site-packages/glanceclient/common/http.py:125
2019-12-09 09:15:22.205 727 DEBUG glanceclient.common.http [-] Request returned failure status 404. _handle_response /usr/lib/python2.7/site-packages/glanceclient/common/http.py:125
2019-12-09 09:15:22.210 727 DEBUG glanceclient.common.http [-] Request returned failure status 404. _handle_response /usr/lib/python2.7/site-packages/glanceclient/common/http.py:125
2019-12-09 09:15:22.212 727 DEBUG glanceclient.common.http [-] Request returned failure status 404. _handle_response /usr/lib/python2.7/site-packages/glanceclient/common/http.py:125
2019-12-09 09:15:22.225 727 DEBUG glanceclient.common.http [-] Request returned failure status 404. _handle_response /usr/lib/python2.7/site-packages/glanceclient/common/http.py:125
2019-12-09 09:15:22.254 727 DEBUG glanceclient.common.http [-] Request returned failure status 404. _handle_response /usr/lib/python2.7/site-packages/glanceclient/common/http.py:125
2019-12-09 09:15:22.257 727 DEBUG glanceclient.common.http [-] Request returned failure status 404. _handle_response /usr/lib/python2.7/site-packages/glanceclient/common/http.py:125
2019-12-09 09:15:22.261 727 DEBUG glanceclient.common.http [-] Request returned failure status 404. _handle_response /usr/lib/python2.7/site-packages/glanceclient/common/http.py:125
2019-12-09 09:15:22.264 727 DEBUG glanceclient.common.http [-] Request returned failure status 404. _handle_response /usr/lib/python2.7/site-packages/glanceclient/common/http.py:125
2019-12-09 09:15:22.266 727 DEBUG glanceclient.common.http [-] Request returned failure status 404. _handle_response /usr/lib/python2.7/site-packages/glanceclient/common/http.py:125
2019-12-09 09:15:22.288 727 DEBUG glanceclient.common.http [-] Request returned failure status 404. _handle_response /usr/lib/python2.7/site-packages/glanceclient/common/http.py:125
2019-12-09 09:15:23.291 727 INFO rally.task.context [-] Task 2b4c4a07-b406-4523-9879-1d136deaefc2 | Context cleanup@openstack cleanup() finished in 3.62 sec
2019-12-09 09:15:23.292 727 INFO rally.task.context [-] Task 2b4c4a07-b406-4523-9879-1d136deaefc2 | Context users@openstack cleanup() started
2019-12-09 09:15:28.048 727 INFO rally.task.context [-] Task 2b4c4a07-b406-4523-9879-1d136deaefc2 | Context users@openstack cleanup() finished in 4.76 sec
2019-12-09 09:15:28.712 727 INFO rally.task.engine [-] Load duration is: 9.594053
2019-12-09 09:15:28.712 727 INFO rally.task.engine [-] Full runner duration is: 10.349611
2019-12-09 09:15:28.713 727 INFO rally.task.engine [-] Full duration is: 21.485904
2019-12-09 09:15:29.313 727 INFO rally.task.engine [-] Running workload: position = 0 config = { "version": 2, "title": "A cropped version of a bigger task.", "description": "Auto-generated task from a single workload (uuid=24609381-8d50-482e-8664-69bd1be95178)", "subtasks": [ { "title": "GlanceImages.create_and_update_image", "description": "Create an image then update it.", "scenario": { "GlanceImages.create_and_update_image": { "container_format": "bare", "disk_format": "qcow2", "image_location": "/home/opnfv/functest/images/cirros-0.4.0-x86_64-disk.img" } }, "contexts": { "users": { "tenants": 3, "users_per_tenant": 2 } }, "runner": { "constant": { "concurrency": 4, "times": 10 } }, "hooks": [], "sla": { "failure_rate": { "max": 0 } } } ] }
2019-12-09 09:15:29.341 727 RALLYDEBUG rally_openstack.contexts.keystone.users [-] Creating 3 tenants using 20 threads
2019-12-09 09:15:30.445 727 RALLYDEBUG rally_openstack.contexts.keystone.users [-] Creating 6 users using 20 threads
2019-12-09 09:15:32.057 727 INFO rally.task.context [-] Task 2b4c4a07-b406-4523-9879-1d136deaefc2 | Context users@openstack setup() finished in 2.72 sec
2019-12-09 09:15:32.057 727 INFO rally.task.context [-] Task 2b4c4a07-b406-4523-9879-1d136deaefc2 | Context cleanup@openstack setup() finished in 0.01 msec
2019-12-09 09:15:32.067 727 RALLYDEBUG rally.task.runner [-] Starting the constant runner (task UUID: 2b4c4a07-b406-4523-9879-1d136deaefc2). timeout: 0 concurrency: 4 concurrency_per_worker: 1 times: 10 concurrency_overhead: 0 processes_to_start: 4 max_cpu_used: 16
2019-12-09 09:15:32.082 1759 RALLYDEBUG rally.task.runner [-] Starting a worker. concurrency: 1 args: {"container_format": "bare", "disk_format": "qcow2", "image_location": "/home/opnfv/functest/images/cirros-0.4.0-x86_64-disk.img"} times: 10 method_name: run timeout: 0 duration: None cls:
2019-12-09 09:15:32.085 1760 RALLYDEBUG rally.task.runner [-] Starting a worker. concurrency: 1 args: {"container_format": "bare", "disk_format": "qcow2", "image_location": "/home/opnfv/functest/images/cirros-0.4.0-x86_64-disk.img"} times: 10 method_name: run timeout: 0 duration: None cls:
2019-12-09 09:15:32.089 1761 RALLYDEBUG rally.task.runner [-] Starting a worker. concurrency: 1 args: {"container_format": "bare", "disk_format": "qcow2", "image_location": "/home/opnfv/functest/images/cirros-0.4.0-x86_64-disk.img"} times: 10 method_name: run timeout: 0 duration: None cls:
2019-12-09 09:15:32.089 1759 INFO rally.task.runner [-] Task 2b4c4a07-b406-4523-9879-1d136deaefc2 | ITER: 1 START
2019-12-09 09:15:32.092 1762 RALLYDEBUG rally.task.runner [-] Starting a worker. concurrency: 1 args: {"container_format": "bare", "disk_format": "qcow2", "image_location": "/home/opnfv/functest/images/cirros-0.4.0-x86_64-disk.img"} times: 10 method_name: run timeout: 0 duration: None cls:
2019-12-09 09:15:32.093 1760 INFO rally.task.runner [-] Task 2b4c4a07-b406-4523-9879-1d136deaefc2 | ITER: 2 START
2019-12-09 09:15:32.096 1761 INFO rally.task.runner [-] Task 2b4c4a07-b406-4523-9879-1d136deaefc2 | ITER: 3 START
2019-12-09 09:15:32.100 1762 INFO rally.task.runner [-] Task 2b4c4a07-b406-4523-9879-1d136deaefc2 | ITER: 4 START
2019-12-09 09:15:35.113 1759 RALLYDEBUG rally.task.utils [-] Waiting for resource u'c2939dec-2876-47ff-96cf-d7207d26dfe8'. Status changed: NONE => QUEUED in 0.0370230674744
2019-12-09 09:15:35.188 1761 RALLYDEBUG rally.task.utils [-] Waiting for resource u'807393ea-5601-4980-b530-3058a36ac21f'. Status changed: NONE => QUEUED in 0.10161614418
2019-12-09 09:15:35.243 1760 RALLYDEBUG rally.task.utils [-] Waiting for resource u'e39b4b35-ba00-44b3-96fb-a1a26b573a8d'. Status changed: NONE => QUEUED in 0.166506052017
2019-12-09 09:15:35.268 1762 RALLYDEBUG rally.task.utils [-] Waiting for resource u'4ca03b04-8453-4a9f-b624-b4272b4527ed'. Status changed: NONE => QUEUED in 0.112637996674
2019-12-09 09:15:35.455 1761 RALLYDEBUG rally.task.utils [-] Waiting for resource s_rally_24609381_CtdVV71I. Status changed: QUEUED => ACTIVE in 0.0776360034943
2019-12-09 09:15:35.463 1759 RALLYDEBUG rally.task.utils [-] Waiting for resource s_rally_24609381_rYg5JOXQ. Status changed: QUEUED => ACTIVE in 0.0874121189117
2019-12-09 09:15:35.532 1762 RALLYDEBUG rally.task.utils [-] Waiting for resource s_rally_24609381_cTf38yrd. Status changed: QUEUED => ACTIVE in 0.0774018764496
2019-12-09 09:15:35.572 1760 RALLYDEBUG rally.task.utils [-] Waiting for resource s_rally_24609381_lLavauVd. Status changed: QUEUED => ACTIVE in 0.0726399421692
2019-12-09 09:15:35.644 1761 INFO rally.task.runner [-] Task 2b4c4a07-b406-4523-9879-1d136deaefc2 | ITER: 3 END: OK
2019-12-09 09:15:35.649 1761 INFO rally.task.runner [-] Task 2b4c4a07-b406-4523-9879-1d136deaefc2 | ITER: 5 START
2019-12-09 09:15:35.692 1759 INFO rally.task.runner [-] Task 2b4c4a07-b406-4523-9879-1d136deaefc2 | ITER: 1 END: OK
2019-12-09 09:15:35.696 1759 INFO rally.task.runner [-] Task 2b4c4a07-b406-4523-9879-1d136deaefc2 | ITER: 6 START
2019-12-09 09:15:35.783 1760 INFO rally.task.runner [-] Task 2b4c4a07-b406-4523-9879-1d136deaefc2 | ITER: 2 END: OK
2019-12-09 09:15:35.787 1760 INFO rally.task.runner [-] Task 2b4c4a07-b406-4523-9879-1d136deaefc2 | ITER: 7 START
2019-12-09 09:15:35.830 1762 INFO rally.task.runner [-] Task 2b4c4a07-b406-4523-9879-1d136deaefc2 | ITER: 4 END: OK
2019-12-09 09:15:35.835 1762 INFO rally.task.runner [-] Task 2b4c4a07-b406-4523-9879-1d136deaefc2 | ITER: 8 START
2019-12-09 09:15:38.644 1759 RALLYDEBUG rally.task.utils [-] Waiting for resource u'b87056ef-436a-42f7-b8be-79937279b623'. Status changed: NONE => QUEUED in 0.187288999557
2019-12-09 09:15:38.663 1761 RALLYDEBUG rally.task.utils [-] Waiting for resource u'bef37a90-fa17-4af2-85fd-35bba9efa630'. Status changed: NONE => QUEUED in 0.106159925461
2019-12-09 09:15:38.791 1760 RALLYDEBUG rally.task.utils [-] Waiting for resource u'353ba8c6-d2e3-4187-84c4-37ec1ee5ea6d'. Status changed: NONE => QUEUED in 0.166719913483
2019-12-09 09:15:38.851 1762 RALLYDEBUG rally.task.utils [-] Waiting for resource u'd378f567-f893-40e3-b0f4-526637619d50'. Status changed: NONE => QUEUED in 0.167687892914
2019-12-09 09:15:38.952 1759 RALLYDEBUG rally.task.utils [-] Waiting for resource s_rally_24609381_Mk5lGhnw. Status changed: QUEUED => ACTIVE in 0.0761761665344
2019-12-09 09:15:39.012 1761 RALLYDEBUG rally.task.utils [-] Waiting for resource s_rally_24609381_Y3BfRl0G. Status changed: QUEUED => ACTIVE in 0.0820860862732
2019-12-09 09:15:39.032 1760 RALLYDEBUG rally.task.utils [-] Waiting for resource s_rally_24609381_WRKo7wZh. Status changed: QUEUED => ACTIVE in 0.0186569690704
2019-12-09 09:15:39.195 1762 RALLYDEBUG rally.task.utils [-] Waiting for resource s_rally_24609381_Ra0iup4K. Status changed: QUEUED => ACTIVE in 0.0745320320129
2019-12-09 09:15:39.201 1759 INFO rally.task.runner [-] Task 2b4c4a07-b406-4523-9879-1d136deaefc2 | ITER: 6 END: OK
2019-12-09 09:15:39.206 1759 INFO rally.task.runner [-] Task 2b4c4a07-b406-4523-9879-1d136deaefc2 | ITER: 9 START
2019-12-09 09:15:39.261 1761 INFO rally.task.runner [-] Task 2b4c4a07-b406-4523-9879-1d136deaefc2 | ITER: 5 END: OK
2019-12-09 09:15:39.265 1761 INFO rally.task.runner [-] Task 2b4c4a07-b406-4523-9879-1d136deaefc2 | ITER: 10 START
2019-12-09 09:15:39.266 1760 INFO rally.task.runner [-] Task 2b4c4a07-b406-4523-9879-1d136deaefc2 | ITER: 7 END: OK
2019-12-09 09:15:39.487 1762 INFO rally.task.runner [-] Task 2b4c4a07-b406-4523-9879-1d136deaefc2 | ITER: 8 END: OK
2019-12-09 09:15:42.228 1759 RALLYDEBUG rally.task.utils [-] Waiting for resource u'5e494aa9-5a34-42ab-9a10-ee1485b339c3'. Status changed: NONE => QUEUED in 0.174274921417
2019-12-09 09:15:42.318 1761 RALLYDEBUG rally.task.utils [-] Waiting for resource u'2279f0ad-0caa-4115-be84-a160cb4b833d'. Status changed: NONE => QUEUED in 0.102442979813
2019-12-09 09:15:42.546 1759 RALLYDEBUG rally.task.utils [-] Waiting for resource s_rally_24609381_84uTDJI7. Status changed: QUEUED => ACTIVE in 0.0242199897766
2019-12-09 09:15:42.671 1761 RALLYDEBUG rally.task.utils [-] Waiting for resource s_rally_24609381_gtVC6dLt. Status changed: QUEUED => ACTIVE in 0.0702021121979
2019-12-09 09:15:42.713 1759 INFO rally.task.runner [-] Task 2b4c4a07-b406-4523-9879-1d136deaefc2 | ITER: 9 END: OK
2019-12-09 09:15:42.913 1761 INFO rally.task.runner [-] Task 2b4c4a07-b406-4523-9879-1d136deaefc2 | ITER: 10 END: OK
2019-12-09 09:15:42.936 727 INFO rally.task.context [-] Task 2b4c4a07-b406-4523-9879-1d136deaefc2 | Context cleanup@openstack cleanup() started
2019-12-09 09:15:42.939 727 RALLYDEBUG rally_openstack.cleanup.manager [-] Cleaning up glance images objects
2019-12-09 09:15:44.874 727 RALLYDEBUG rally_openstack.cleanup.manager [-] Deleting glance.images object s_rally_24609381_QeehKBeD (807393ea-5601-4980-b530-3058a36ac21f)
2019-12-09 09:15:44.875 727 RALLYDEBUG rally_openstack.cleanup.manager [-] Deleting glance.images object s_rally_24609381_Qb5seix4 (bef37a90-fa17-4af2-85fd-35bba9efa630)
2019-12-09 09:15:44.877 727 RALLYDEBUG rally_openstack.cleanup.manager [-] Deleting glance.images object s_rally_24609381_eqqmoixq (4ca03b04-8453-4a9f-b624-b4272b4527ed)
2019-12-09 09:15:44.878 727 RALLYDEBUG rally_openstack.cleanup.manager [-] Deleting glance.images object s_rally_24609381_YVu7Qvlz (d378f567-f893-40e3-b0f4-526637619d50)
2019-12-09 09:15:44.883 727 RALLYDEBUG rally_openstack.cleanup.manager [-] Deleting glance.images object s_rally_24609381_aRwxxnQd (5e494aa9-5a34-42ab-9a10-ee1485b339c3)
2019-12-09 09:15:44.887 727 RALLYDEBUG rally_openstack.cleanup.manager [-] Deleting glance.images object s_rally_24609381_cAgr0J7o (e39b4b35-ba00-44b3-96fb-a1a26b573a8d)
2019-12-09 09:15:44.896 727 RALLYDEBUG rally_openstack.cleanup.manager [-] Deleting glance.images object s_rally_24609381_mPXSdknq (353ba8c6-d2e3-4187-84c4-37ec1ee5ea6d)
2019-12-09 09:15:44.903 727 RALLYDEBUG rally_openstack.cleanup.manager [-] Deleting glance.images object s_rally_24609381_ojSptmwp (2279f0ad-0caa-4115-be84-a160cb4b833d)
2019-12-09 09:15:44.908 727 RALLYDEBUG rally_openstack.cleanup.manager [-] Deleting glance.images object s_rally_24609381_luPfUx1o (c2939dec-2876-47ff-96cf-d7207d26dfe8)
2019-12-09 09:15:44.914 727 RALLYDEBUG rally_openstack.cleanup.manager [-] Deleting glance.images object s_rally_24609381_y57xxjU1 (b87056ef-436a-42f7-b8be-79937279b623)
2019-12-09 09:15:45.399 727 DEBUG glanceclient.common.http [-] Request returned failure status 404. _handle_response /usr/lib/python2.7/site-packages/glanceclient/common/http.py:125
2019-12-09 09:15:45.479 727 DEBUG glanceclient.common.http [-] Request returned failure status 404. _handle_response /usr/lib/python2.7/site-packages/glanceclient/common/http.py:125
2019-12-09 09:15:45.526 727 DEBUG glanceclient.common.http [-] Request returned failure status 404. _handle_response /usr/lib/python2.7/site-packages/glanceclient/common/http.py:125
2019-12-09 09:15:45.526 727 DEBUG glanceclient.common.http [-] Request returned failure status 404. _handle_response /usr/lib/python2.7/site-packages/glanceclient/common/http.py:125
2019-12-09 09:15:45.587 727 DEBUG glanceclient.common.http [-] Request returned failure status 404. _handle_response /usr/lib/python2.7/site-packages/glanceclient/common/http.py:125
2019-12-09 09:15:45.603 727 DEBUG glanceclient.common.http [-] Request returned failure status 404. _handle_response /usr/lib/python2.7/site-packages/glanceclient/common/http.py:125
2019-12-09 09:15:45.632 727 DEBUG glanceclient.common.http [-] Request returned failure status 404. _handle_response /usr/lib/python2.7/site-packages/glanceclient/common/http.py:125
2019-12-09 09:15:45.641 727 DEBUG glanceclient.common.http [-] Request returned failure status 404. _handle_response /usr/lib/python2.7/site-packages/glanceclient/common/http.py:125
2019-12-09 09:15:45.651 727 DEBUG glanceclient.common.http [-] Request returned failure status 404. _handle_response /usr/lib/python2.7/site-packages/glanceclient/common/http.py:125
2019-12-09 09:15:45.655 727 DEBUG glanceclient.common.http [-] Request returned failure status 404. _handle_response /usr/lib/python2.7/site-packages/glanceclient/common/http.py:125
2019-12-09 09:15:45.656 727 DEBUG glanceclient.common.http [-] Request returned failure status 404. _handle_response /usr/lib/python2.7/site-packages/glanceclient/common/http.py:125
2019-12-09 09:15:45.656 727 DEBUG glanceclient.common.http [-] Request returned failure status 404. _handle_response /usr/lib/python2.7/site-packages/glanceclient/common/http.py:125
2019-12-09 09:15:45.658 727 DEBUG glanceclient.common.http [-] Request returned failure status 404. _handle_response /usr/lib/python2.7/site-packages/glanceclient/common/http.py:125
2019-12-09 09:15:45.661 727 DEBUG glanceclient.common.http [-] Request returned failure status 404. _handle_response /usr/lib/python2.7/site-packages/glanceclient/common/http.py:125
2019-12-09 09:15:45.669 727 DEBUG glanceclient.common.http [-] Request returned failure status 404. _handle_response /usr/lib/python2.7/site-packages/glanceclient/common/http.py:125
2019-12-09 09:15:45.700 727 DEBUG glanceclient.common.http [-] Request returned failure status 404. _handle_response /usr/lib/python2.7/site-packages/glanceclient/common/http.py:125
2019-12-09 09:15:45.703 727 DEBUG glanceclient.common.http [-] Request returned failure status 404. _handle_response /usr/lib/python2.7/site-packages/glanceclient/common/http.py:125
2019-12-09 09:15:45.727 727 DEBUG glanceclient.common.http [-] Request returned failure status 404. _handle_response /usr/lib/python2.7/site-packages/glanceclient/common/http.py:125
2019-12-09 09:15:45.735 727 DEBUG glanceclient.common.http [-] Request returned failure status 404. _handle_response /usr/lib/python2.7/site-packages/glanceclient/common/http.py:125
2019-12-09 09:15:45.737 727 DEBUG glanceclient.common.http [-] Request returned failure status 404. _handle_response /usr/lib/python2.7/site-packages/glanceclient/common/http.py:125
2019-12-09 09:15:46.739 727 INFO rally.task.context [-] Task 2b4c4a07-b406-4523-9879-1d136deaefc2 | Context cleanup@openstack cleanup() finished in 3.80 sec
2019-12-09 09:15:46.740 727 INFO rally.task.context [-] Task 2b4c4a07-b406-4523-9879-1d136deaefc2 | Context users@openstack cleanup() started
2019-12-09 09:15:51.233 727 INFO rally.task.context [-] Task 2b4c4a07-b406-4523-9879-1d136deaefc2 | Context users@openstack cleanup() finished in 4.49 sec
2019-12-09 09:15:51.450 727 INFO rally.task.engine [-] Load duration is: 10.106892
2019-12-09 09:15:51.450 727 INFO rally.task.engine [-] Full runner duration is: 10.868559
2019-12-09 09:15:51.451 727 INFO rally.task.engine [-] Full duration is: 21.896792
2019-12-09 09:15:52.040 727 INFO rally.task.engine [-] Task 2b4c4a07-b406-4523-9879-1d136deaefc2 | Completed: Running task.
2019-12-09 09:15:53.177 1841 RALLYDEBUG rally.api [-] INFO logs from urllib3 and requests module are hide.
2019-12-09 09:15:53.177 1841 RALLYDEBUG rally.api [-] urllib3 insecure warnings are hidden.
2019-12-09 09:15:53.177 1841 RALLYDEBUG rally.api [-] ERROR log from boto module is hide.
2019-12-09 09:15:54.095 1842 RALLYDEBUG rally.api [-] INFO logs from urllib3 and requests module are hide.
2019-12-09 09:15:54.095 1842 RALLYDEBUG rally.api [-] urllib3 insecure warnings are hidden.
2019-12-09 09:15:54.095 1842 RALLYDEBUG rally.api [-] ERROR log from boto module is hide.
2019-12-09 09:15:54.917 1843 RALLYDEBUG rally.api [-] INFO logs from urllib3 and requests module are hide.
2019-12-09 09:15:54.917 1843 RALLYDEBUG rally.api [-] urllib3 insecure warnings are hidden.
2019-12-09 09:15:54.917 1843 RALLYDEBUG rally.api [-] ERROR log from boto module is hide.
2019-12-09 09:15:56.396 1843 INFO rally.api [-] Building 'json' report for the following task(s): '2b4c4a07-b406-4523-9879-1d136deaefc2'.
2019-12-09 09:15:56.422 1843 INFO rally.api [-] The report has been successfully built.
2019-12-09 09:15:57.386 1845 RALLYDEBUG rally.api [-] INFO logs from urllib3 and requests module are hide.
2019-12-09 09:15:57.386 1845 RALLYDEBUG rally.api [-] urllib3 insecure warnings are hidden.
2019-12-09 09:15:57.386 1845 RALLYDEBUG rally.api [-] ERROR log from boto module is hide.
2019-12-09 09:15:59.349 1845 INFO rally.task.engine [-] Task 57315413-74af-4797-8eea-4e50dcf664ba | Starting: Task validation.
2019-12-09 09:15:59.435 1845 INFO rally.task.engine [-] Task 57315413-74af-4797-8eea-4e50dcf664ba | Starting: Task validation of syntax.
2019-12-09 09:15:59.855 1845 INFO rally.task.engine [-] Task 57315413-74af-4797-8eea-4e50dcf664ba | Completed: Task validation of syntax.
2019-12-09 09:15:59.856 1845 INFO rally.task.engine [-] Task 57315413-74af-4797-8eea-4e50dcf664ba | Starting: Task validation of required platforms.
2019-12-09 09:15:59.991 1845 INFO rally.task.engine [-] Task 57315413-74af-4797-8eea-4e50dcf664ba | Completed: Task validation of required platforms.
2019-12-09 09:15:59.991 1845 INFO rally.task.engine [-] Task 57315413-74af-4797-8eea-4e50dcf664ba | Starting: Task validation of semantic.
2019-12-09 09:15:59.992 1845 INFO rally.task.engine [-] Check health of the environment 'fb9188e0-e7ae-4550-ae66-5466d439d030'.
2019-12-09 09:16:00.927 1845 INFO rally.task.engine [-] Platform existing@openstack (available: True): OK!
2019-12-09 09:16:00.947 1845 RALLYDEBUG rally_openstack.contexts.keystone.users [-] Creating 1 tenants using 20 threads
2019-12-09 09:16:01.811 1845 RALLYDEBUG rally_openstack.contexts.keystone.users [-] Creating 1 users using 20 threads
2019-12-09 09:16:03.167 1845 INFO rally.task.context [-] Task 57315413-74af-4797-8eea-4e50dcf664ba | Context users@openstack setup() finished in 2.22 sec
2019-12-09 09:16:03.960 1845 DEBUG novaclient.v2.client [-] REQ: curl -g -i --cacert "/etc/ssl/certs/mcp_os_cacert" -X GET http://10.167.4.35:8774/v2.1/flavors/detail -H "Accept: application/json" -H "User-Agent: python-novaclient" -H "X-Auth-Token: {SHA1}ff3e6f2886aa00dcd57e8259b0a861ca2a171f72" _http_log_request /usr/lib/python2.7/site-packages/keystoneauth1/session.py:448
