2019-12-07 11:07:35.365 16975 WARNING rally_openstack.scenarios.neutron.utils [-] Running this scenario without either the 'network' or 'existing_network' context is deprecated
2019-12-07 11:07:35.365 16985 RALLYDEBUG rally.task.runner [-] Starting a worker. concurrency: 1 args: {"network_create_args": {}, "subnet_create_args": {}, "subnet_cidr_start": "1.1.0.0/30", "subnets_per_network": 2} times: 40 method_name: run timeout: 0 duration: None cls:
2019-12-07 11:07:35.366 16976 WARNING rally_openstack.scenarios.neutron.utils [-] Running this scenario without either the 'network' or 'existing_network' context is deprecated
2019-12-07 11:07:35.361 16972 INFO rally.task.runner [-] Task 48f87f48-66eb-4675-8a05-69e4a23c1674 | ITER: 3 START
2019-12-07 11:07:35.369 16979 INFO rally.task.runner [-] Task 48f87f48-66eb-4675-8a05-69e4a23c1674 | ITER: 10 START
2019-12-07 11:07:35.370 16979 WARNING rally_openstack.scenarios.neutron.utils [-] Running this scenario without either the 'network' or 'existing_network' context is deprecated
2019-12-07 11:07:35.369 16975 INFO rally.task.runner [-] Task 48f87f48-66eb-4675-8a05-69e4a23c1674 | ITER: 8 START
2019-12-07 11:07:35.372 16985 INFO rally.task.runner [-] Task 48f87f48-66eb-4675-8a05-69e4a23c1674 | ITER: 11 START
2019-12-07 11:07:35.365 16974 INFO rally.task.runner [-] Task 48f87f48-66eb-4675-8a05-69e4a23c1674 | ITER: 7 START
2019-12-07 11:07:35.374 16985 WARNING rally_openstack.scenarios.neutron.utils [-] Running this scenario without either the 'network' or 'existing_network' context is deprecated
2019-12-07 11:07:35.374 16974 WARNING rally_openstack.scenarios.neutron.utils [-] Running this scenario without either the 'network' or 'existing_network' context is deprecated
2019-12-07 11:07:35.362 16973 INFO rally.task.runner [-] Task 48f87f48-66eb-4675-8a05-69e4a23c1674 | ITER: 5 START
2019-12-07 11:07:35.373 16990 RALLYDEBUG rally.task.runner [-] Starting a worker. concurrency: 1 args: {"network_create_args": {}, "subnet_create_args": {}, "subnet_cidr_start": "1.1.0.0/30", "subnets_per_network": 2} times: 40 method_name: run timeout: 0 duration: None cls:
2019-12-07 11:07:35.369 16972 WARNING rally_openstack.scenarios.neutron.utils [-] Running this scenario without either the 'network' or 'existing_network' context is deprecated
2019-12-07 11:07:35.375 16973 WARNING rally_openstack.scenarios.neutron.utils [-] Running this scenario without either the 'network' or 'existing_network' context is deprecated
2019-12-07 11:07:35.378 16996 RALLYDEBUG rally.task.runner [-] Starting a worker. concurrency: 1 args: {"network_create_args": {}, "subnet_create_args": {}, "subnet_cidr_start": "1.1.0.0/30", "subnets_per_network": 2} times: 40 method_name: run timeout: 0 duration: None cls:
2019-12-07 11:07:35.374 16975 WARNING rally_openstack.scenarios.neutron.utils [-] Running this scenario without either the 'network' or 'existing_network' context is deprecated
2019-12-07 11:07:35.382 16990 INFO rally.task.runner [-] Task 48f87f48-66eb-4675-8a05-69e4a23c1674 | ITER: 12 START
2019-12-07 11:07:35.383 16990 WARNING rally_openstack.scenarios.neutron.utils [-] Running this scenario without either the 'network' or 'existing_network' context is deprecated
2019-12-07 11:07:35.385 16996 INFO rally.task.runner [-] Task 48f87f48-66eb-4675-8a05-69e4a23c1674 | ITER: 13 START
2019-12-07 11:07:35.386 16996 WARNING rally_openstack.scenarios.neutron.utils [-] Running this scenario without either the 'network' or 'existing_network' context is deprecated
2019-12-07 11:07:35.388 16999 RALLYDEBUG rally.task.runner [-] Starting a worker. concurrency: 1 args: {"network_create_args": {}, "subnet_create_args": {}, "subnet_cidr_start": "1.1.0.0/30", "subnets_per_network": 2} times: 40 method_name: run timeout: 0 duration: None cls:
2019-12-07 11:07:35.394 17004 RALLYDEBUG rally.task.runner [-] Starting a worker. concurrency: 1 args: {"network_create_args": {}, "subnet_create_args": {}, "subnet_cidr_start": "1.1.0.0/30", "subnets_per_network": 2} times: 40 method_name: run timeout: 0 duration: None cls:
2019-12-07 11:07:35.396 16999 INFO rally.task.runner [-] Task 48f87f48-66eb-4675-8a05-69e4a23c1674 | ITER: 14 START
2019-12-07 11:07:35.397 16999 WARNING rally_openstack.scenarios.neutron.utils [-] Running this scenario without either the 'network' or 'existing_network' context is deprecated
2019-12-07 11:07:35.402 17004 INFO rally.task.runner [-] Task 48f87f48-66eb-4675-8a05-69e4a23c1674 | ITER: 15 START
2019-12-07 11:07:35.402 17005 RALLYDEBUG rally.task.runner [-] Starting a worker. concurrency: 1 args: {"network_create_args": {}, "subnet_create_args": {}, "subnet_cidr_start": "1.1.0.0/30", "subnets_per_network": 2} times: 40 method_name: run timeout: 0 duration: None cls:
2019-12-07 11:07:35.403 17004 WARNING rally_openstack.scenarios.neutron.utils [-] Running this scenario without either the 'network' or 'existing_network' context is deprecated
2019-12-07 11:07:35.408 17005 INFO rally.task.runner [-] Task 48f87f48-66eb-4675-8a05-69e4a23c1674 | ITER: 16 START
2019-12-07 11:07:35.409 17010 RALLYDEBUG rally.task.runner [-] Starting a worker. concurrency: 1 args: {"network_create_args": {}, "subnet_create_args": {}, "subnet_cidr_start": "1.1.0.0/30", "subnets_per_network": 2} times: 40 method_name: run timeout: 0 duration: None cls:
2019-12-07 11:07:35.410 17005 WARNING rally_openstack.scenarios.neutron.utils [-] Running this scenario without either the 'network' or 'existing_network' context is deprecated
2019-12-07 11:07:35.415 17010 INFO rally.task.runner [-] Task 48f87f48-66eb-4675-8a05-69e4a23c1674 | ITER: 17 START
2019-12-07 11:07:35.416 17010 WARNING rally_openstack.scenarios.neutron.utils [-] Running this scenario without either the 'network' or 'existing_network' context is deprecated
2019-12-07 11:07:35.417 17013 RALLYDEBUG rally.task.runner [-] Starting a worker. concurrency: 1 args: {"network_create_args": {}, "subnet_create_args": {}, "subnet_cidr_start": "1.1.0.0/30", "subnets_per_network": 2} times: 40 method_name: run timeout: 0 duration: None cls:
2019-12-07 11:07:35.423 17013 INFO rally.task.runner [-] Task 48f87f48-66eb-4675-8a05-69e4a23c1674 | ITER: 18 START
2019-12-07 11:07:35.422 17016 RALLYDEBUG rally.task.runner [-] Starting a worker. concurrency: 1 args: {"network_create_args": {}, "subnet_create_args": {}, "subnet_cidr_start": "1.1.0.0/30", "subnets_per_network": 2} times: 40 method_name: run timeout: 0 duration: None cls:
2019-12-07 11:07:35.424 17013 WARNING rally_openstack.scenarios.neutron.utils [-] Running this scenario without either the 'network' or 'existing_network' context is deprecated
2019-12-07 11:07:35.425 17017 RALLYDEBUG rally.task.runner [-] Starting a worker. concurrency: 1 args: {"network_create_args": {}, "subnet_create_args": {}, "subnet_cidr_start": "1.1.0.0/30", "subnets_per_network": 2} times: 40 method_name: run timeout: 0 duration: None cls:
2019-12-07 11:07:35.428 17016 INFO rally.task.runner [-] Task 48f87f48-66eb-4675-8a05-69e4a23c1674 | ITER: 19 START
2019-12-07 11:07:35.429 17016 WARNING rally_openstack.scenarios.neutron.utils [-] Running this scenario without either the 'network' or 'existing_network' context is deprecated
2019-12-07 11:07:35.431 17017 INFO rally.task.runner [-] Task 48f87f48-66eb-4675-8a05-69e4a23c1674 | ITER: 20 START
2019-12-07 11:07:35.432 17017 WARNING rally_openstack.scenarios.neutron.utils [-] Running this scenario without either the 'network' or 'existing_network' context is deprecated
2019-12-07 11:07:36.306 16996 RALLYDEBUG rally_openstack.wrappers.network [-] CIDR generated: 1.1.4.96/30
2019-12-07 11:07:36.310 16979 RALLYDEBUG rally_openstack.wrappers.network [-] CIDR generated: 1.1.4.100/30
2019-12-07 11:07:36.383 16976 RALLYDEBUG rally_openstack.wrappers.network [-] CIDR generated: 1.1.4.104/30
2019-12-07 11:07:36.394 16973 RALLYDEBUG rally_openstack.wrappers.network [-] CIDR generated: 1.1.4.108/30
2019-12-07 11:07:36.452 16972 RALLYDEBUG rally_openstack.wrappers.network [-] CIDR generated: 1.1.4.112/30
2019-12-07 11:07:36.471 17005 RALLYDEBUG rally_openstack.wrappers.network [-] CIDR generated: 1.1.4.116/30
2019-12-07 11:07:36.509 16999 RALLYDEBUG rally_openstack.wrappers.network [-] CIDR generated: 1.1.4.120/30
2019-12-07 11:07:36.531 17017 RALLYDEBUG rally_openstack.wrappers.network [-] CIDR generated: 1.1.4.124/30
2019-12-07 11:07:36.533 16973 RALLYDEBUG rally_openstack.wrappers.network [-] CIDR generated: 1.1.4.128/30
2019-12-07 11:07:36.534 17010 RALLYDEBUG rally_openstack.wrappers.network [-] CIDR generated: 1.1.4.132/30
2019-12-07 11:07:36.540 16975 RALLYDEBUG rally_openstack.wrappers.network [-] CIDR generated: 1.1.4.136/30
2019-12-07 11:07:36.613 16972 RALLYDEBUG rally_openstack.wrappers.network [-] CIDR generated: 1.1.4.140/30
2019-12-07 11:07:36.624 16990 RALLYDEBUG rally_openstack.wrappers.network [-] CIDR generated: 1.1.4.144/30
2019-12-07 11:07:36.635 16974 RALLYDEBUG rally_openstack.wrappers.network [-] CIDR generated: 1.1.4.148/30
2019-12-07 11:07:36.663 16975 RALLYDEBUG rally_openstack.wrappers.network [-] CIDR generated: 1.1.4.152/30
2019-12-07 11:07:36.729 16974 RALLYDEBUG rally_openstack.wrappers.network [-] CIDR generated: 1.1.4.156/30
2019-12-07 11:07:36.801 17004 RALLYDEBUG rally_openstack.wrappers.network [-] CIDR generated: 1.1.4.160/30
2019-12-07 11:07:36.802 16985 RALLYDEBUG rally_openstack.wrappers.network [-] CIDR generated: 1.1.4.164/30
2019-12-07 11:07:36.922 17016 RALLYDEBUG rally_openstack.wrappers.network [-] CIDR generated: 1.1.4.168/30
2019-12-07 11:07:37.279 16976 RALLYDEBUG rally_openstack.wrappers.network [-] CIDR generated: 1.1.4.172/30
2019-12-07 11:07:37.406 17013 RALLYDEBUG rally_openstack.wrappers.network [-] CIDR generated: 1.1.4.176/30
2019-12-07 11:07:37.522 16979 RALLYDEBUG rally_openstack.wrappers.network [-] CIDR generated: 1.1.4.180/30
2019-12-07 11:07:37.694 16973 RALLYDEBUG rally_openstack.wrappers.network [-] CIDR generated: 1.1.4.184/30
2019-12-07 11:07:37.735 16972 RALLYDEBUG rally_openstack.wrappers.network [-] CIDR generated: 1.1.4.188/30
2019-12-07 11:07:37.855 17016 RALLYDEBUG rally_openstack.wrappers.network [-] CIDR generated: 1.1.4.192/30
2019-12-07 11:07:38.055 17004 RALLYDEBUG rally_openstack.wrappers.network [-] CIDR generated: 1.1.4.196/30
2019-12-07 11:07:38.262 16996 RALLYDEBUG rally_openstack.wrappers.network [-] CIDR generated: 1.1.4.200/30
2019-12-07 11:07:38.282 16974 RALLYDEBUG rally_openstack.wrappers.network [-] CIDR generated: 1.1.4.204/30
2019-12-07 11:07:38.637 17017 RALLYDEBUG rally_openstack.wrappers.network [-] CIDR generated: 1.1.4.208/30
2019-12-07 11:07:38.662 16975 RALLYDEBUG rally_openstack.wrappers.network [-] CIDR generated: 1.1.4.212/30
2019-12-07 11:07:38.847 16990 RALLYDEBUG rally_openstack.wrappers.network [-] CIDR generated: 1.1.4.216/30
2019-12-07 11:07:39.078 16973 RALLYDEBUG rally_openstack.wrappers.network [-] CIDR generated: 1.1.4.220/30
2019-12-07 11:07:39.118 17005 RALLYDEBUG rally_openstack.wrappers.network [-] CIDR generated: 1.1.4.224/30
2019-12-07 11:07:39.326 16985 RALLYDEBUG rally_openstack.wrappers.network [-] CIDR generated: 1.1.4.228/30
2019-12-07 11:07:39.617 16999 RALLYDEBUG rally_openstack.wrappers.network [-] CIDR generated: 1.1.4.232/30
2019-12-07 11:07:39.695 16974 RALLYDEBUG rally_openstack.wrappers.network [-] CIDR generated: 1.1.4.236/30
2019-12-07 11:07:40.466 16975 RALLYDEBUG rally_openstack.wrappers.network [-] CIDR generated: 1.1.4.240/30
2019-12-07 11:07:40.581 16972 RALLYDEBUG rally_openstack.wrappers.network [-] CIDR generated: 1.1.4.244/30
2019-12-07 11:07:40.601 17010 RALLYDEBUG rally_openstack.wrappers.network [-] CIDR generated: 1.1.4.248/30
2019-12-07 11:07:41.498 17013 RALLYDEBUG rally_openstack.wrappers.network [-] CIDR generated: 1.1.4.252/30
2019-12-07 11:07:42.566 17016 INFO rally.task.runner [-] Task 48f87f48-66eb-4675-8a05-69e4a23c1674 | ITER: 19 END: OK
2019-12-07 11:07:42.571 17016 INFO rally.task.runner [-] Task 48f87f48-66eb-4675-8a05-69e4a23c1674 | ITER: 21 START
2019-12-07 11:07:42.571 17016 WARNING rally_openstack.scenarios.neutron.utils [-] Running this scenario without either the 'network' or 'existing_network' context is deprecated
2019-12-07 11:07:43.167 17016 RALLYDEBUG rally_openstack.wrappers.network [-] CIDR generated: 1.1.5.0/30
2019-12-07 11:07:43.993 17005 INFO rally.task.runner [-] Task 48f87f48-66eb-4675-8a05-69e4a23c1674 | ITER: 16 END: OK
2019-12-07 11:07:43.998 17005 INFO rally.task.runner [-] Task 48f87f48-66eb-4675-8a05-69e4a23c1674 | ITER: 22 START
2019-12-07 11:07:43.999 17005 WARNING rally_openstack.scenarios.neutron.utils [-] Running this scenario without either the 'network' or 'existing_network' context is deprecated
2019-12-07 11:07:44.061 16972 INFO rally.task.runner [-] Task 48f87f48-66eb-4675-8a05-69e4a23c1674 | ITER: 1 END: OK
2019-12-07 11:07:44.065 16972 INFO rally.task.runner [-] Task 48f87f48-66eb-4675-8a05-69e4a23c1674 | ITER: 23 START
2019-12-07 11:07:44.066 16972 WARNING rally_openstack.scenarios.neutron.utils [-] Running this scenario without either the 'network' or 'existing_network' context is deprecated
2019-12-07 11:07:44.093 16974 INFO rally.task.runner [-] Task 48f87f48-66eb-4675-8a05-69e4a23c1674 | ITER: 4 END: OK
2019-12-07 11:07:44.097 16974 INFO rally.task.runner [-] Task 48f87f48-66eb-4675-8a05-69e4a23c1674 | ITER: 24 START
2019-12-07 11:07:44.098 16974 WARNING rally_openstack.scenarios.neutron.utils [-] Running this scenario without either the 'network' or 'existing_network' context is deprecated
2019-12-07 11:07:44.323 16973 INFO rally.task.runner [-] Task 48f87f48-66eb-4675-8a05-69e4a23c1674 | ITER: 2 END: OK
2019-12-07 11:07:44.328 16973 INFO rally.task.runner [-] Task 48f87f48-66eb-4675-8a05-69e4a23c1674 | ITER: 25 START
2019-12-07 11:07:44.329 16973 WARNING rally_openstack.scenarios.neutron.utils [-] Running this scenario without either the 'network' or 'existing_network' context is deprecated
2019-12-07 11:07:44.537 16996 INFO rally.task.runner [-] Task 48f87f48-66eb-4675-8a05-69e4a23c1674 | ITER: 13 END: OK
2019-12-07 11:07:44.542 16996 INFO rally.task.runner [-] Task 48f87f48-66eb-4675-8a05-69e4a23c1674 | ITER: 26 START
2019-12-07 11:07:44.542 16996 WARNING rally_openstack.scenarios.neutron.utils [-] Running this scenario without either the 'network' or 'existing_network' context is deprecated
2019-12-07 11:07:44.624 16974 INFO rally.task.runner [-] Task 48f87f48-66eb-4675-8a05-69e4a23c1674 | ITER: 7 END: OK
2019-12-07 11:07:44.628 16974 INFO rally.task.runner [-] Task 48f87f48-66eb-4675-8a05-69e4a23c1674 | ITER: 27 START
2019-12-07 11:07:44.629 16974 WARNING rally_openstack.scenarios.neutron.utils [-] Running this scenario without either the 'network' or 'existing_network' context is deprecated
2019-12-07 11:07:44.632 17005 RALLYDEBUG rally_openstack.wrappers.network [-] CIDR generated: 1.1.5.4/30
2019-12-07 11:07:44.664 16975 INFO rally.task.runner [-] Task 48f87f48-66eb-4675-8a05-69e4a23c1674 | ITER: 6 END: OK
2019-12-07 11:07:44.668 16975 INFO rally.task.runner [-] Task 48f87f48-66eb-4675-8a05-69e4a23c1674 | ITER: 28 START
2019-12-07 11:07:44.669 16975 WARNING rally_openstack.scenarios.neutron.utils [-] Running this scenario without either the 'network' or 'existing_network' context is deprecated
2019-12-07 11:07:44.730 16972 RALLYDEBUG rally_openstack.wrappers.network [-] CIDR generated: 1.1.5.8/30
2019-12-07 11:07:44.831 17016 RALLYDEBUG rally_openstack.wrappers.network [-] CIDR generated: 1.1.5.12/30
2019-12-07 11:07:44.993 16973 RALLYDEBUG rally_openstack.wrappers.network [-] CIDR generated: 1.1.5.16/30
2019-12-07 11:07:45.106 16973 INFO rally.task.runner [-] Task 48f87f48-66eb-4675-8a05-69e4a23c1674 | ITER: 5 END: OK
2019-12-07 11:07:45.112 16973 INFO rally.task.runner [-] Task 48f87f48-66eb-4675-8a05-69e4a23c1674 | ITER: 29 START
2019-12-07 11:07:45.112 16973 WARNING rally_openstack.scenarios.neutron.utils [-] Running this scenario without either the 'network' or 'existing_network' context is deprecated
2019-12-07 11:07:45.250 16985 INFO rally.task.runner [-] Task 48f87f48-66eb-4675-8a05-69e4a23c1674 | ITER: 11 END: OK
2019-12-07 11:07:45.255 16985 INFO rally.task.runner [-] Task 48f87f48-66eb-4675-8a05-69e4a23c1674 | ITER: 30 START
2019-12-07 11:07:45.255 16985 WARNING rally_openstack.scenarios.neutron.utils [-] Running this scenario without either the 'network' or 'existing_network' context is deprecated
2019-12-07 11:07:45.273 16974 RALLYDEBUG rally_openstack.wrappers.network [-] CIDR generated: 1.1.5.20/30
2019-12-07 11:07:45.338 16996 RALLYDEBUG rally_openstack.wrappers.network [-] CIDR generated: 1.1.5.24/30
2019-12-07 11:07:45.594 16976 INFO rally.task.runner [-] Task 48f87f48-66eb-4675-8a05-69e4a23c1674 | ITER: 9 END: OK
2019-12-07 11:07:45.599 16976 INFO rally.task.runner [-] Task 48f87f48-66eb-4675-8a05-69e4a23c1674 | ITER: 31 START
2019-12-07 11:07:45.600 16976 WARNING rally_openstack.scenarios.neutron.utils [-] Running this scenario without either the 'network' or 'existing_network' context is deprecated
2019-12-07 11:07:45.774 16975 RALLYDEBUG rally_openstack.wrappers.network [-] CIDR generated: 1.1.5.28/30
2019-12-07 11:07:45.795 16979 INFO rally.task.runner [-] Task 48f87f48-66eb-4675-8a05-69e4a23c1674 | ITER: 10 END: OK
2019-12-07 11:07:45.800 16979 INFO rally.task.runner [-] Task 48f87f48-66eb-4675-8a05-69e4a23c1674 | ITER: 32 START
2019-12-07 11:07:45.800 16979 WARNING rally_openstack.scenarios.neutron.utils [-] Running this scenario without either the 'network' or 'existing_network' context is deprecated
2019-12-07 11:07:45.844 17005 RALLYDEBUG rally_openstack.wrappers.network [-] CIDR generated: 1.1.5.32/30
2019-12-07 11:07:46.049 16972 INFO rally.task.runner [-] Task 48f87f48-66eb-4675-8a05-69e4a23c1674 | ITER: 3 END: OK
2019-12-07 11:07:46.053 16972 INFO rally.task.runner [-] Task 48f87f48-66eb-4675-8a05-69e4a23c1674 | ITER: 33 START
2019-12-07 11:07:46.054 16972 WARNING rally_openstack.scenarios.neutron.utils [-] Running this scenario without either the 'network' or 'existing_network' context is deprecated
2019-12-07 11:07:46.216 16996 RALLYDEBUG rally_openstack.wrappers.network [-] CIDR generated: 1.1.5.36/30
2019-12-07 11:07:46.263 16973 RALLYDEBUG rally_openstack.wrappers.network [-] CIDR generated: 1.1.5.40/30
2019-12-07 11:07:46.448 17017 INFO rally.task.runner [-] Task 48f87f48-66eb-4675-8a05-69e4a23c1674 | ITER: 20 END: OK
2019-12-07 11:07:46.453 17017 INFO rally.task.runner [-] Task 48f87f48-66eb-4675-8a05-69e4a23c1674 | ITER: 34 START
2019-12-07 11:07:46.454 17017 WARNING rally_openstack.scenarios.neutron.utils [-] Running this scenario without either the 'network' or 'existing_network' context is deprecated
2019-12-07 11:07:46.465 16973 RALLYDEBUG rally_openstack.wrappers.network [-] CIDR generated: 1.1.5.44/30
2019-12-07 11:07:46.471 16976 RALLYDEBUG rally_openstack.wrappers.network [-] CIDR generated: 1.1.5.48/30
2019-12-07 11:07:46.573 16985 RALLYDEBUG rally_openstack.wrappers.network [-] CIDR generated: 1.1.5.52/30
2019-12-07 11:07:46.667 16975 RALLYDEBUG rally_openstack.wrappers.network [-] CIDR generated: 1.1.5.56/30
2019-12-07 11:07:46.991 16974 RALLYDEBUG rally_openstack.wrappers.network [-] CIDR generated: 1.1.5.60/30
2019-12-07 11:07:47.075 16972 RALLYDEBUG rally_openstack.wrappers.network [-] CIDR generated: 1.1.5.64/30
2019-12-07 11:07:47.102 17017 RALLYDEBUG rally_openstack.wrappers.network [-] CIDR generated: 1.1.5.68/30
2019-12-07 11:07:47.459 16979 RALLYDEBUG rally_openstack.wrappers.network [-] CIDR generated: 1.1.5.72/30
2019-12-07 11:07:47.488 16974 RALLYDEBUG rally_openstack.wrappers.network [-] CIDR generated: 1.1.5.76/30
2019-12-07 11:07:47.537 16973 RALLYDEBUG rally_openstack.wrappers.network [-] CIDR generated: 1.1.5.80/30
2019-12-07 11:07:47.695 16976 RALLYDEBUG rally_openstack.wrappers.network [-] CIDR generated: 1.1.5.84/30
2019-12-07 11:07:47.724 16990 INFO rally.task.runner [-] Task 48f87f48-66eb-4675-8a05-69e4a23c1674 | ITER: 12 END: OK
2019-12-07 11:07:47.729 16990 INFO rally.task.runner [-] Task 48f87f48-66eb-4675-8a05-69e4a23c1674 | ITER: 35 START
2019-12-07 11:07:47.730 16990 WARNING rally_openstack.scenarios.neutron.utils [-] Running this scenario without either the 'network' or 'existing_network' context is deprecated
2019-12-07 11:07:47.968 17017 RALLYDEBUG rally_openstack.wrappers.network [-] CIDR generated: 1.1.5.88/30
2019-12-07 11:07:49.178 16972 RALLYDEBUG rally_openstack.wrappers.network [-] CIDR generated: 1.1.5.92/30
2019-12-07 11:07:49.241 16975 INFO rally.task.runner [-] Task 48f87f48-66eb-4675-8a05-69e4a23c1674 | ITER: 8 END: OK
2019-12-07 11:07:49.246 16975 INFO rally.task.runner [-] Task 48f87f48-66eb-4675-8a05-69e4a23c1674 | ITER: 36 START
2019-12-07 11:07:49.247 16975 WARNING rally_openstack.scenarios.neutron.utils [-] Running this scenario without either the 'network' or 'existing_network' context is deprecated
2019-12-07 11:07:50.111 17005 INFO rally.task.runner [-] Task 48f87f48-66eb-4675-8a05-69e4a23c1674 | ITER: 22 END: OK
2019-12-07 11:07:50.116 17005 INFO rally.task.runner [-] Task 48f87f48-66eb-4675-8a05-69e4a23c1674 | ITER: 37 START
2019-12-07 11:07:50.116 17005 WARNING rally_openstack.scenarios.neutron.utils [-] Running this scenario without either the 'network' or 'existing_network' context is deprecated
2019-12-07 11:07:50.203 16985 RALLYDEBUG rally_openstack.wrappers.network [-] CIDR generated: 1.1.5.96/30
2019-12-07 11:07:50.286 16975 RALLYDEBUG rally_openstack.wrappers.network [-] CIDR generated: 1.1.5.100/30
2019-12-07 11:07:50.445 16996 INFO rally.task.runner [-] Task 48f87f48-66eb-4675-8a05-69e4a23c1674 | ITER: 26 END: OK
2019-12-07 11:07:50.449 16996 INFO rally.task.runner [-] Task 48f87f48-66eb-4675-8a05-69e4a23c1674 | ITER: 38 START
2019-12-07 11:07:50.449 16996 WARNING rally_openstack.scenarios.neutron.utils [-] Running this scenario without either the 'network' or 'existing_network' context is deprecated
2019-12-07 11:07:50.624 16990 RALLYDEBUG rally_openstack.wrappers.network [-] CIDR generated: 1.1.5.104/30
2019-12-07 11:07:51.127 16996 RALLYDEBUG rally_openstack.wrappers.network [-] CIDR generated: 1.1.5.108/30
2019-12-07 11:07:51.201 17005 RALLYDEBUG rally_openstack.wrappers.network [-] CIDR generated: 1.1.5.112/30
2019-12-07 11:07:51.241 16973 INFO rally.task.runner [-] Task 48f87f48-66eb-4675-8a05-69e4a23c1674 | ITER: 29 END: OK
2019-12-07 11:07:51.246 16973 INFO rally.task.runner [-] Task 48f87f48-66eb-4675-8a05-69e4a23c1674 | ITER: 39 START
2019-12-07 11:07:51.246 16973 WARNING rally_openstack.scenarios.neutron.utils [-] Running this scenario without either the 'network' or 'existing_network' context is deprecated
2019-12-07 11:07:51.335 16972 RALLYDEBUG rally_openstack.wrappers.network [-] CIDR generated: 1.1.5.116/30
2019-12-07 11:07:51.384 16990 RALLYDEBUG rally_openstack.wrappers.network [-] CIDR generated: 1.1.5.120/30
2019-12-07 11:07:51.425 16974 RALLYDEBUG rally_openstack.wrappers.network [-] CIDR generated: 1.1.5.124/30
2019-12-07 11:07:51.669 16979 RALLYDEBUG rally_openstack.wrappers.network [-] CIDR generated: 1.1.5.128/30
2019-12-07 11:07:52.142 16973 RALLYDEBUG rally_openstack.wrappers.network [-] CIDR generated: 1.1.5.132/30
2019-12-07 11:07:52.145 17005 RALLYDEBUG rally_openstack.wrappers.network [-] CIDR generated: 1.1.5.136/30
2019-12-07 11:07:52.148 17004 INFO rally.task.runner [-] Task 48f87f48-66eb-4675-8a05-69e4a23c1674 | ITER: 15 END: OK
2019-12-07 11:07:52.153 17004 INFO rally.task.runner [-] Task 48f87f48-66eb-4675-8a05-69e4a23c1674 | ITER: 40 START
2019-12-07 11:07:52.154 17004 WARNING rally_openstack.scenarios.neutron.utils [-] Running this scenario without either the 'network' or 'existing_network' context is deprecated
2019-12-07 11:07:52.350 16972 INFO rally.task.runner [-] Task 48f87f48-66eb-4675-8a05-69e4a23c1674 | ITER: 23 END: OK
2019-12-07 11:07:52.699 17017 INFO rally.task.runner [-] Task 48f87f48-66eb-4675-8a05-69e4a23c1674 | ITER: 34 END: OK
2019-12-07 11:07:52.798 17004 RALLYDEBUG rally_openstack.wrappers.network [-] CIDR generated: 1.1.5.140/30
2019-12-07 11:07:52.931 16985 INFO rally.task.runner [-] Task 48f87f48-66eb-4675-8a05-69e4a23c1674 | ITER: 30 END: OK
2019-12-07 11:07:53.527 16974 INFO rally.task.runner [-] Task 48f87f48-66eb-4675-8a05-69e4a23c1674 | ITER: 24 END: OK
2019-12-07 11:07:53.546 17004 RALLYDEBUG rally_openstack.wrappers.network [-] CIDR generated: 1.1.5.144/30
2019-12-07 11:07:53.619 17010 INFO rally.task.runner [-] Task 48f87f48-66eb-4675-8a05-69e4a23c1674 | ITER: 17 END: OK
2019-12-07 11:07:53.641 16999 INFO rally.task.runner [-] Task 48f87f48-66eb-4675-8a05-69e4a23c1674 | ITER: 14 END: OK
2019-12-07 11:07:53.860 16976 INFO rally.task.runner [-] Task 48f87f48-66eb-4675-8a05-69e4a23c1674 | ITER: 31 END: OK
2019-12-07 11:07:54.418 16973 RALLYDEBUG rally_openstack.wrappers.network [-] CIDR generated: 1.1.5.148/30
2019-12-07 11:07:56.563 16990 INFO rally.task.runner [-] Task 48f87f48-66eb-4675-8a05-69e4a23c1674 | ITER: 35 END: OK
2019-12-07 11:07:56.675 17016 INFO rally.task.runner [-] Task 48f87f48-66eb-4675-8a05-69e4a23c1674 | ITER: 21 END: OK
2019-12-07 11:07:57.148 16975 INFO rally.task.runner [-] Task 48f87f48-66eb-4675-8a05-69e4a23c1674 | ITER: 28 END: OK
2019-12-07 11:07:57.222 16973 INFO rally.task.runner [-] Task 48f87f48-66eb-4675-8a05-69e4a23c1674 | ITER: 39 END: OK
2019-12-07 11:07:57.229 17004 INFO rally.task.runner [-] Task 48f87f48-66eb-4675-8a05-69e4a23c1674 | ITER: 40 END: OK
2019-12-07 11:07:57.342 16979 INFO rally.task.runner [-] Task 48f87f48-66eb-4675-8a05-69e4a23c1674 | ITER: 32 END: OK
2019-12-07 11:07:57.764 16973 INFO rally.task.runner [-] Task 48f87f48-66eb-4675-8a05-69e4a23c1674 | ITER: 25 END: OK
2019-12-07 11:07:57.832 16975 RALLYDEBUG rally_openstack.wrappers.network [-] CIDR generated: 1.1.5.152/30
2019-12-07 11:07:57.948 17005 INFO rally.task.runner [-] Task 48f87f48-66eb-4675-8a05-69e4a23c1674 | ITER: 37 END: OK
2019-12-07 11:07:57.959 16996 RALLYDEBUG rally_openstack.wrappers.network [-] CIDR generated: 1.1.5.156/30
2019-12-07 11:07:58.804 16972 INFO rally.task.runner [-] Task 48f87f48-66eb-4675-8a05-69e4a23c1674 | ITER: 33 END: OK
2019-12-07 11:07:58.812 17013 INFO rally.task.runner [-] Task 48f87f48-66eb-4675-8a05-69e4a23c1674 | ITER: 18 END: OK
2019-12-07 11:07:59.311 16974 INFO rally.task.runner [-] Task 48f87f48-66eb-4675-8a05-69e4a23c1674 | ITER: 27 END: OK
2019-12-07 11:08:00.558 16975 INFO rally.task.runner [-] Task 48f87f48-66eb-4675-8a05-69e4a23c1674 | ITER: 36 END: OK
2019-12-07 11:08:00.846 16996 INFO rally.task.runner [-] Task 48f87f48-66eb-4675-8a05-69e4a23c1674 | ITER: 38 END: OK
2019-12-07 11:08:00.879 14778 INFO rally.task.context [-] Task 48f87f48-66eb-4675-8a05-69e4a23c1674 | Context cleanup@openstack cleanup() started
2019-12-07 11:08:00.882 14778 RALLYDEBUG rally_openstack.cleanup.manager [-] Cleaning up neutron vip objects
2019-12-07 11:08:01.279 14778 RALLYDEBUG rally_openstack.cleanup.manager [-] Cleaning up neutron health_monitor objects
2019-12-07 11:08:01.671 14778 RALLYDEBUG rally_openstack.cleanup.manager [-] Cleaning up neutron pool objects
2019-12-07 11:08:02.064 14778 RALLYDEBUG rally_openstack.cleanup.manager [-] Cleaning up neutron loadbalancer objects
2019-12-07 11:08:02.444 14778 RALLYDEBUG rally_openstack.cleanup.manager [-] Cleaning up neutron floatingip objects
2019-12-07 11:08:02.862 14778 RALLYDEBUG rally_openstack.cleanup.manager [-] Cleaning up neutron trunk objects
2019-12-07 11:08:03.257 14778 RALLYDEBUG rally_openstack.cleanup.manager [-] Cleaning up neutron port objects
2019-12-07 11:08:03.771 14778 RALLYDEBUG rally_openstack.cleanup.manager [-] Cleaning up neutron subnet objects
2019-12-07 11:08:04.213 14778 RALLYDEBUG rally_openstack.cleanup.manager [-] Cleaning up neutron network objects
2019-12-07 11:08:04.800 14778 RALLYDEBUG rally_openstack.cleanup.manager [-] Deleting neutron.network object s_rally_c94aaaf1_z1DfglHb (206a7608-b448-4a4b-be12-48ed55d85a33)
2019-12-07 11:08:04.804 14778 RALLYDEBUG rally_openstack.cleanup.manager [-] Deleting neutron.network object s_rally_c94aaaf1_CWIhS9yg (24590a80-f3b6-46aa-bca6-aabbdaf9e305)
2019-12-07 11:08:04.814 14778 RALLYDEBUG rally_openstack.cleanup.manager [-] Deleting neutron.network object s_rally_c94aaaf1_CfXW3W5z (250c4c6c-7a17-4824-8997-9213a8617e2b)
2019-12-07 11:08:04.829 14778 RALLYDEBUG rally_openstack.cleanup.manager [-] Deleting neutron.network object s_rally_c94aaaf1_VvebE8Of (2c13f3ed-0054-4b07-aae6-d34a00e9440b)
2019-12-07 11:08:04.829 14778 RALLYDEBUG rally_openstack.cleanup.manager [-] Deleting neutron.network object s_rally_c94aaaf1_p8F05UU7 (2540910e-f9de-4493-8e6e-0254a44c2d1f)
2019-12-07 11:08:04.848 14778 RALLYDEBUG rally_openstack.cleanup.manager [-] Deleting neutron.network object s_rally_c94aaaf1_Wsdq1TJp (2cea2f50-f69f-4e99-8077-0a7a6033b105)
2019-12-07 11:08:04.908 14778 RALLYDEBUG rally_openstack.cleanup.manager [-] Deleting neutron.network object s_rally_c94aaaf1_pHvAd0GK (2d1ff910-70c2-4a29-901c-82108546602e)
2019-12-07 11:08:04.913 14778 RALLYDEBUG rally_openstack.cleanup.manager [-] Deleting neutron.network object s_rally_c94aaaf1_aOuoTnms (380823a7-c2e5-4d85-b7da-e432f8b5899e)
2019-12-07 11:08:04.928 14778 RALLYDEBUG rally_openstack.cleanup.manager [-] Deleting neutron.network object s_rally_c94aaaf1_lW0x23sT (39fb3084-4e24-42ff-ac0b-1ea645fc4714)
2019-12-07 11:08:04.931 14778 RALLYDEBUG rally_openstack.cleanup.manager [-] Deleting neutron.network object s_rally_c94aaaf1_oSIJ2hmL (56ebde99-9522-4796-80c8-c5ae9ef3a61f)
2019-12-07 11:08:04.933 14778 RALLYDEBUG rally_openstack.cleanup.manager [-] Deleting neutron.network object s_rally_c94aaaf1_V5YfE5dO (44a39d60-c009-434b-ab5c-8fc2eb42c7bb)
2019-12-07 11:08:04.970 14778 RALLYDEBUG rally_openstack.cleanup.manager [-] Deleting neutron.network object s_rally_c94aaaf1_TNTWkJXF (6ce132fd-e2e4-4ac0-a102-d6a6497e3276)
2019-12-07 11:08:04.977 14778 RALLYDEBUG rally_openstack.cleanup.manager [-] Deleting neutron.network object s_rally_c94aaaf1_expl52kd (69c7dd95-8033-4fa5-9f03-21058a931f70)
2019-12-07 11:08:04.980 14778 RALLYDEBUG rally_openstack.cleanup.manager [-] Deleting neutron.network object s_rally_c94aaaf1_Eh3dtusA (670d4565-20f5-422a-b019-33e6e39e01b7)
2019-12-07 11:08:05.001 14778 RALLYDEBUG rally_openstack.cleanup.manager [-] Deleting neutron.network object s_rally_c94aaaf1_4wS51QY6 (73c6a1da-89ab-4ca8-a10b-29aeb1be8e8a)
2019-12-07 11:08:05.008 14778 RALLYDEBUG rally_openstack.cleanup.manager [-] Deleting neutron.network object s_rally_c94aaaf1_GFHnq2LY (5af675c8-9138-4a33-b374-e6559d21668e)
2019-12-07 11:08:05.023 14778 RALLYDEBUG rally_openstack.cleanup.manager [-] Deleting neutron.network object s_rally_c94aaaf1_Z7Gfpx5H (5fbde988-86f0-4e60-9f04-f891be39597f)
2019-12-07 11:08:05.045 14778 RALLYDEBUG rally_openstack.cleanup.manager [-] Deleting neutron.network object s_rally_c94aaaf1_bXtcqHhC (813313ac-1b5e-4f1c-ba49-c1f28628df7d)
2019-12-07 11:08:05.054 14778 RALLYDEBUG rally_openstack.cleanup.manager [-] Deleting neutron.network object s_rally_c94aaaf1_RJ8JHLZ6 (777b21cd-968d-44c8-a8c9-4ab28d9318a4)
2019-12-07 11:08:05.068 14778 RALLYDEBUG rally_openstack.cleanup.manager [-] Deleting neutron.network object s_rally_c94aaaf1_20ApCMop (7f5742c1-7494-4183-8e53-ac5204961367)
2019-12-07 11:08:07.550 14778 RALLYDEBUG rally_openstack.cleanup.manager [-] Deleting neutron.network object s_rally_c94aaaf1_LrjlG0fR (84f9ee14-e373-418f-84c0-6e32afba79af)
2019-12-07 11:08:07.613 14778 RALLYDEBUG rally_openstack.cleanup.manager [-] Deleting neutron.network object s_rally_c94aaaf1_wDn77Ak1 (8ba376cb-5d0f-4662-84f7-853bd4c0353a)
2019-12-07 11:08:07.812 14778 RALLYDEBUG rally_openstack.cleanup.manager [-] Deleting neutron.network object s_rally_c94aaaf1_sqmSS0Sk (8c30e52a-aa22-42fe-bc8a-c9a2c9f113d0)
2019-12-07 11:08:07.934 14778 RALLYDEBUG rally_openstack.cleanup.manager [-] Deleting neutron.network object s_rally_c94aaaf1_FCUVeDWd (94c2dacf-96ed-4874-9077-c368acf9b3e2)
2019-12-07 11:08:07.945 14778 RALLYDEBUG rally_openstack.cleanup.manager [-] Deleting neutron.network object s_rally_c94aaaf1_YjyUmAi7 (9e261314-1f59-4826-9eb8-b65ae6b96911)
2019-12-07 11:08:07.971 14778 RALLYDEBUG rally_openstack.cleanup.manager [-] Deleting neutron.network object s_rally_c94aaaf1_RFWG0igG (aa1e10ae-adb9-405a-b785-412e610e0c8e)
2019-12-07 11:08:08.014 14778 RALLYDEBUG rally_openstack.cleanup.manager [-] Deleting neutron.network object s_rally_c94aaaf1_KeavKEpk (ac2e1b30-fa11-4a66-a1e3-44adfd404b06)
2019-12-07 11:08:08.029 14778 RALLYDEBUG rally_openstack.cleanup.manager [-] Deleting neutron.network object s_rally_c94aaaf1_JaVJ0hns (bb94599e-a991-41a7-a49d-42a9ec6deeb3)
2019-12-07 11:08:08.249 14778 RALLYDEBUG rally_openstack.cleanup.manager [-] Deleting neutron.network object s_rally_c94aaaf1_3n7Mt2RY (bdb7646e-6da0-4502-ae3d-619f9a217835)
2019-12-07 11:08:08.277 14778 RALLYDEBUG rally_openstack.cleanup.manager [-] Deleting neutron.network object s_rally_c94aaaf1_MtYgDImM (c1efde27-3881-4684-b237-adb4e2dcd975)
2019-12-07 11:08:08.301 14778 RALLYDEBUG rally_openstack.cleanup.manager [-] Deleting neutron.network object s_rally_c94aaaf1_781AxI02 (cc3a06ce-9ab5-428f-955c-96b33e7da6d6)
2019-12-07 11:08:08.314 14778 RALLYDEBUG rally_openstack.cleanup.manager [-] Deleting neutron.network object s_rally_c94aaaf1_YaSulpTk (cdd1cde4-c7c2-4774-83c9-09b0b656aa7a)
2019-12-07 11:08:08.324 14778 RALLYDEBUG rally_openstack.cleanup.manager [-] Deleting neutron.network object s_rally_c94aaaf1_0GZIkjbM (dbbcc21e-080d-402b-9e12-15374929942a)
2019-12-07 11:08:08.342 14778 RALLYDEBUG rally_openstack.cleanup.manager [-] Deleting neutron.network object s_rally_c94aaaf1_Mkt6bnsn (dd887b14-14b2-4c0e-aa0b-7627e7a957a0)
2019-12-07 11:08:08.373 14778 RALLYDEBUG rally_openstack.cleanup.manager [-] Deleting neutron.network object s_rally_c94aaaf1_jhcnHd5c (de78d847-95c9-48dd-ba8e-cbf5b8812f58)
2019-12-07 11:08:08.589 14778 RALLYDEBUG rally_openstack.cleanup.manager [-] Deleting neutron.network object s_rally_c94aaaf1_QYys0ZDZ (ef18e29b-5f16-460f-ad6d-b9491ad17214)
2019-12-07 11:08:08.636 14778 RALLYDEBUG rally_openstack.cleanup.manager [-] Deleting neutron.network object s_rally_c94aaaf1_hVMNGQVz (f45531b3-50e3-40b4-86e9-65b1f2276658)
2019-12-07 11:08:08.779 14778 RALLYDEBUG rally_openstack.cleanup.manager [-] Deleting neutron.network object s_rally_c94aaaf1_NPjowwos (f67a495a-94ef-4722-baec-e807a9396b88)
2019-12-07 11:08:08.956 14778 RALLYDEBUG rally_openstack.cleanup.manager [-] Deleting neutron.network object s_rally_c94aaaf1_4ZiGGlBt (f684d6fd-96bb-409c-a850-d1699c0f6ff4)
2019-12-07 11:08:09.799 14778 RALLYDEBUG rally_openstack.cleanup.manager [-] Deleting neutron.network object s_rally_c94aaaf1_jnQKM2TE (ff267893-591c-456a-8da0-a87d2aaa9012)
2019-12-07 11:08:12.746 14778 RALLYDEBUG rally_openstack.cleanup.manager [-] Cleaning up neutron router objects
2019-12-07 11:08:13.164 14778 RALLYDEBUG rally_openstack.cleanup.manager [-] Cleaning up neutron security_group objects
2019-12-07 11:08:13.610 14778 INFO rally.task.context [-] Task 48f87f48-66eb-4675-8a05-69e4a23c1674 | Context cleanup@openstack cleanup() finished in 12.73 sec
2019-12-07 11:08:13.610 14778 INFO rally.task.context [-] Task 48f87f48-66eb-4675-8a05-69e4a23c1674 | Context quotas@openstack cleanup() started
2019-12-07 11:08:13.685 14778 INFO rally.task.context [-] Task 48f87f48-66eb-4675-8a05-69e4a23c1674 | Context quotas@openstack cleanup() finished in 74.68 msec
2019-12-07 11:08:13.686 14778 INFO rally.task.context [-] Task 48f87f48-66eb-4675-8a05-69e4a23c1674 | Context users@openstack cleanup() started
2019-12-07 11:08:16.427 14778 INFO rally.task.context [-] Task 48f87f48-66eb-4675-8a05-69e4a23c1674 | Context users@openstack cleanup() finished in 2.74 sec
2019-12-07 11:08:16.742 14778 INFO rally.task.engine [-] Load duration is: 25.488313
2019-12-07 11:08:16.743 14778 INFO rally.task.engine [-] Full runner duration is: 25.549239
2019-12-07 11:08:16.743 14778 INFO rally.task.engine [-] Full duration is: 43.875269
2019-12-07 11:08:17.131 14778 INFO rally.task.engine [-] Running workload: position = 0 config = { "version": 2, "title": "A cropped version of a bigger task.", "description": "Auto-generated task from a single workload (uuid=6f94d179-fecc-4759-9a88-ac8d0bb14498)", "subtasks": [ { "title": "NeutronNetworks.create_and_list_routers", "description": "Create and a given number of routers and list all routers.", "scenario": { "NeutronNetworks.create_and_list_routers": { "network_create_args": null, "subnet_create_args": null, "subnet_cidr_start": "1.1.0.0/30", "subnets_per_network": 2, "router_create_args": null } }, "contexts": { "users": { "tenants": 1, "users_per_tenant": 1 }, "quotas": { "neutron": { "network": -1, "subnet": -1, "router": -1 } } }, "runner": { "constant": { "times": 40, "concurrency": 20 } }, "hooks": [], "sla": { "failure_rate": { "max": 0 } } } ] }
2019-12-07 11:08:17.160 14778 RALLYDEBUG rally_openstack.contexts.keystone.users [-] Creating 1 tenants using 20 threads
2019-12-07 11:08:18.069 14778 RALLYDEBUG rally_openstack.contexts.keystone.users [-] Creating 1 users using 20 threads
2019-12-07 11:08:19.419 14778 INFO rally.task.context [-] Task 48f87f48-66eb-4675-8a05-69e4a23c1674 | Context users@openstack setup() finished in 2.26 sec
2019-12-07 11:08:19.922 14778 INFO rally.task.context [-] Task 48f87f48-66eb-4675-8a05-69e4a23c1674 | Context quotas@openstack setup() finished in 0.50 sec
2019-12-07 11:08:19.922 14778 INFO rally.task.context [-] Task 48f87f48-66eb-4675-8a05-69e4a23c1674 | Context cleanup@openstack setup() finished in 0.01 msec
2019-12-07 11:08:19.932 14778 RALLYDEBUG rally.task.runner [-] Starting the constant runner (task UUID: 48f87f48-66eb-4675-8a05-69e4a23c1674). timeout: 0 concurrency: 20 concurrency_per_worker: 1 times: 40 concurrency_overhead: 4 processes_to_start: 16 max_cpu_used: 16
2019-12-07 11:08:19.946 17362 RALLYDEBUG rally.task.runner [-] Starting a worker. concurrency: 2 args: {"network_create_args": null, "subnet_create_args": null, "subnet_cidr_start": "1.1.0.0/30", "subnets_per_network": 2, "router_create_args": null} times: 40 method_name: run timeout: 0 duration: None cls:
2019-12-07 11:08:19.950 17363 RALLYDEBUG rally.task.runner [-] Starting a worker. concurrency: 2 args: {"network_create_args": null, "subnet_create_args": null, "subnet_cidr_start": "1.1.0.0/30", "subnets_per_network": 2, "router_create_args": null} times: 40 method_name: run timeout: 0 duration: None cls:
2019-12-07 11:08:19.953 17364 RALLYDEBUG rally.task.runner [-] Starting a worker. concurrency: 2 args: {"network_create_args": null, "subnet_create_args": null, "subnet_cidr_start": "1.1.0.0/30", "subnets_per_network": 2, "router_create_args": null} times: 40 method_name: run timeout: 0 duration: None cls:
2019-12-07 11:08:19.957 17362 INFO rally.task.runner [-] Task 48f87f48-66eb-4675-8a05-69e4a23c1674 | ITER: 1 START
2019-12-07 11:08:19.956 17365 RALLYDEBUG rally.task.runner [-] Starting a worker. concurrency: 2 args: {"network_create_args": null, "subnet_create_args": null, "subnet_cidr_start": "1.1.0.0/30", "subnets_per_network": 2, "router_create_args": null} times: 40 method_name: run timeout: 0 duration: None cls:
2019-12-07 11:08:19.960 17367 RALLYDEBUG rally.task.runner [-] Starting a worker. concurrency: 1 args: {"network_create_args": null, "subnet_create_args": null, "subnet_cidr_start": "1.1.0.0/30", "subnets_per_network": 2, "router_create_args": null} times: 40 method_name: run timeout: 0 duration: None cls:
2019-12-07 11:08:19.960 17363 INFO rally.task.runner [-] Task 48f87f48-66eb-4675-8a05-69e4a23c1674 | ITER: 2 START
2019-12-07 11:08:19.963 17364 INFO rally.task.runner [-] Task 48f87f48-66eb-4675-8a05-69e4a23c1674 | ITER: 4 START
2019-12-07 11:08:19.965 17365 INFO rally.task.runner [-] Task 48f87f48-66eb-4675-8a05-69e4a23c1674 | ITER: 6 START
2019-12-07 11:08:19.966 17367 INFO rally.task.runner [-] Task 48f87f48-66eb-4675-8a05-69e4a23c1674 | ITER: 8 START
2019-12-07 11:08:19.965 17371 RALLYDEBUG rally.task.runner [-] Starting a worker. concurrency: 1 args: {"network_create_args": null, "subnet_create_args": null, "subnet_cidr_start": "1.1.0.0/30", "subnets_per_network": 2, "router_create_args": null} times: 40 method_name: run timeout: 0 duration: None cls:
2019-12-07 11:08:19.958 17362 INFO rally.task.runner [-] Task 48f87f48-66eb-4675-8a05-69e4a23c1674 | ITER: 3 START
2019-12-07 11:08:19.966 17364 INFO rally.task.runner [-] Task 48f87f48-66eb-4675-8a05-69e4a23c1674 | ITER: 7 START
2019-12-07 11:08:19.967 17376 RALLYDEBUG rally.task.runner [-] Starting a worker. concurrency: 1 args: {"network_create_args": null, "subnet_create_args": null, "subnet_cidr_start": "1.1.0.0/30", "subnets_per_network": 2, "router_create_args": null} times: 40 method_name: run timeout: 0 duration: None cls:
2019-12-07 11:08:19.973 17371 INFO rally.task.runner [-] Task 48f87f48-66eb-4675-8a05-69e4a23c1674 | ITER: 10 START
2019-12-07 11:08:19.974 17376 INFO rally.task.runner [-] Task 48f87f48-66eb-4675-8a05-69e4a23c1674 | ITER: 11 START
2019-12-07 11:08:19.975 17382 RALLYDEBUG rally.task.runner [-] Starting a worker. concurrency: 1 args: {"network_create_args": null, "subnet_create_args": null, "subnet_cidr_start": "1.1.0.0/30", "subnets_per_network": 2, "router_create_args": null} times: 40 method_name: run timeout: 0 duration: None cls:
2019-12-07 11:08:19.975 17365 INFO rally.task.runner [-] Task 48f87f48-66eb-4675-8a05-69e4a23c1674 | ITER: 9 START
2019-12-07 11:08:19.970 17363 INFO rally.task.runner [-] Task 48f87f48-66eb-4675-8a05-69e4a23c1674 | ITER: 5 START
2019-12-07 11:08:19.981 17382 INFO rally.task.runner [-] Task 48f87f48-66eb-4675-8a05-69e4a23c1674 | ITER: 12 START
2019-12-07 11:08:19.983 17388 RALLYDEBUG rally.task.runner [-] Starting a worker. concurrency: 1 args: {"network_create_args": null, "subnet_create_args": null, "subnet_cidr_start": "1.1.0.0/30", "subnets_per_network": 2, "router_create_args": null} times: 40 method_name: run timeout: 0 duration: None cls:
2019-12-07 11:08:19.990 17388 INFO rally.task.runner [-] Task 48f87f48-66eb-4675-8a05-69e4a23c1674 | ITER: 13 START
2019-12-07 11:08:19.993 17391 RALLYDEBUG rally.task.runner [-] Starting a worker. concurrency: 1 args: {"network_create_args": null, "subnet_create_args": null, "subnet_cidr_start": "1.1.0.0/30", "subnets_per_network": 2, "router_create_args": null} times: 40 method_name: run timeout: 0 duration: None cls:
2019-12-07 11:08:20.000 17391 INFO rally.task.runner [-] Task 48f87f48-66eb-4675-8a05-69e4a23c1674 | ITER: 14 START
2019-12-07 11:08:20.001 17394 RALLYDEBUG rally.task.runner [-] Starting a worker. concurrency: 1 args: {"network_create_args": null, "subnet_create_args": null, "subnet_cidr_start": "1.1.0.0/30", "subnets_per_network": 2, "router_create_args": null} times: 40 method_name: run timeout: 0 duration: None cls:
2019-12-07 11:08:20.007 17394 INFO rally.task.runner [-] Task 48f87f48-66eb-4675-8a05-69e4a23c1674 | ITER: 15 START
2019-12-07 11:08:20.008 17397 RALLYDEBUG rally.task.runner [-] Starting a worker. concurrency: 1 args: {"network_create_args": null, "subnet_create_args": null, "subnet_cidr_start": "1.1.0.0/30", "subnets_per_network": 2, "router_create_args": null} times: 40 method_name: run timeout: 0 duration: None cls:
2019-12-07 11:08:20.014 17400 RALLYDEBUG rally.task.runner [-] Starting a worker. concurrency: 1 args: {"network_create_args": null, "subnet_create_args": null, "subnet_cidr_start": "1.1.0.0/30", "subnets_per_network": 2, "router_create_args": null} times: 40 method_name: run timeout: 0 duration: None cls:
2019-12-07 11:08:20.015 17397 INFO rally.task.runner [-] Task 48f87f48-66eb-4675-8a05-69e4a23c1674 | ITER: 16 START
2019-12-07 11:08:20.017 17401 RALLYDEBUG rally.task.runner [-] Starting a worker. concurrency: 1 args: {"network_create_args": null, "subnet_create_args": null, "subnet_cidr_start": "1.1.0.0/30", "subnets_per_network": 2, "router_create_args": null} times: 40 method_name: run timeout: 0 duration: None cls:
2019-12-07 11:08:20.019 17400 INFO rally.task.runner [-] Task 48f87f48-66eb-4675-8a05-69e4a23c1674 | ITER: 17 START
2019-12-07 11:08:20.022 17401 INFO rally.task.runner [-] Task 48f87f48-66eb-4675-8a05-69e4a23c1674 | ITER: 18 START
2019-12-07 11:08:20.022 17404 RALLYDEBUG rally.task.runner [-] Starting a worker. concurrency: 1 args: {"network_create_args": null, "subnet_create_args": null, "subnet_cidr_start": "1.1.0.0/30", "subnets_per_network": 2, "router_create_args": null} times: 40 method_name: run timeout: 0 duration: None cls:
2019-12-07 11:08:20.026 17407 RALLYDEBUG rally.task.runner [-] Starting a worker. concurrency: 1 args: {"network_create_args": null, "subnet_create_args": null, "subnet_cidr_start": "1.1.0.0/30", "subnets_per_network": 2, "router_create_args": null} times: 40 method_name: run timeout: 0 duration: None cls:
2019-12-07 11:08:20.029 17404 INFO rally.task.runner [-] Task 48f87f48-66eb-4675-8a05-69e4a23c1674 | ITER: 19 START
2019-12-07 11:08:20.031 17407 INFO rally.task.runner [-] Task 48f87f48-66eb-4675-8a05-69e4a23c1674 | ITER: 20 START
2019-12-07 11:08:20.930 17367 RALLYDEBUG rally_openstack.wrappers.network [-] CIDR generated: 1.1.5.160/30
2019-12-07 11:08:21.002 17364 RALLYDEBUG rally_openstack.wrappers.network [-] CIDR generated: 1.1.5.164/30
2019-12-07 11:08:21.025 17362 RALLYDEBUG rally_openstack.wrappers.network [-] CIDR generated: 1.1.5.168/30
2019-12-07 11:08:21.045 17397 RALLYDEBUG rally_openstack.wrappers.network [-] CIDR generated: 1.1.5.172/30
2019-12-07 11:08:21.064 17400 RALLYDEBUG rally_openstack.wrappers.network [-] CIDR generated: 1.1.5.176/30
2019-12-07 11:08:21.064 17394 RALLYDEBUG rally_openstack.wrappers.network [-] CIDR generated: 1.1.5.180/30
2019-12-07 11:08:21.069 17388 RALLYDEBUG rally_openstack.wrappers.network [-] CIDR generated: 1.1.5.184/30
2019-12-07 11:08:21.081 17407 RALLYDEBUG rally_openstack.wrappers.network [-] CIDR generated: 1.1.5.188/30
2019-12-07 11:08:21.088 17365 RALLYDEBUG rally_openstack.wrappers.network [-] CIDR generated: 1.1.5.192/30
2019-12-07 11:08:21.089 17382 RALLYDEBUG rally_openstack.wrappers.network [-] CIDR generated: 1.1.5.196/30
2019-12-07 11:08:21.094 17364 RALLYDEBUG rally_openstack.wrappers.network [-] CIDR generated: 1.1.5.200/30
2019-12-07 11:08:21.164 17362 RALLYDEBUG rally_openstack.wrappers.network [-] CIDR generated: 1.1.5.204/30
2019-12-07 11:08:21.192 17391 RALLYDEBUG rally_openstack.wrappers.network [-] CIDR generated: 1.1.5.208/30
2019-12-07 11:08:21.201 17365 RALLYDEBUG rally_openstack.wrappers.network [-] CIDR generated: 1.1.5.212/30
2019-12-07 11:08:21.214 17371 RALLYDEBUG rally_openstack.wrappers.network [-] CIDR generated: 1.1.5.216/30
2019-12-07 11:08:21.266 17401 RALLYDEBUG rally_openstack.wrappers.network [-] CIDR generated: 1.1.5.220/30
2019-12-07 11:08:21.282 17363 RALLYDEBUG rally_openstack.wrappers.network [-] CIDR generated: 1.1.5.224/30
2019-12-07 11:08:21.470 17363 RALLYDEBUG rally_openstack.wrappers.network [-] CIDR generated: 1.1.5.228/30
2019-12-07 11:08:21.668 17376 RALLYDEBUG rally_openstack.wrappers.network [-] CIDR generated: 1.1.5.232/30
2019-12-07 11:08:21.750 17404 RALLYDEBUG rally_openstack.wrappers.network [-] CIDR generated: 1.1.5.236/30
2019-12-07 11:08:22.142 17401 RALLYDEBUG rally_openstack.wrappers.network [-] CIDR generated: 1.1.5.240/30
2019-12-07 11:08:22.326 17363 RALLYDEBUG rally_openstack.wrappers.network [-] CIDR generated: 1.1.5.244/30
2019-12-07 11:08:22.363 17391 RALLYDEBUG rally_openstack.wrappers.network [-] CIDR generated: 1.1.5.248/30
2019-12-07 11:08:22.503 17364 RALLYDEBUG rally_openstack.wrappers.network [-] CIDR generated: 1.1.5.252/30
2019-12-07 11:08:22.521 17363 RALLYDEBUG rally_openstack.wrappers.network [-] CIDR generated: 1.1.6.0/30
2019-12-07 11:08:22.654 17397 RALLYDEBUG rally_openstack.wrappers.network [-] CIDR generated: 1.1.6.4/30
2019-12-07 11:08:22.679 17388 RALLYDEBUG rally_openstack.wrappers.network [-] CIDR generated: 1.1.6.8/30
2019-12-07 11:08:22.968 17407 RALLYDEBUG rally_openstack.wrappers.network [-] CIDR generated: 1.1.6.12/30
2019-12-07 11:08:22.987 17367 RALLYDEBUG rally_openstack.wrappers.network [-] CIDR generated: 1.1.6.16/30
2019-12-07 11:08:23.051 17400 RALLYDEBUG rally_openstack.wrappers.network [-] CIDR generated: 1.1.6.20/30
2019-12-07 11:08:23.238 17382 RALLYDEBUG rally_openstack.wrappers.network [-] CIDR generated: 1.1.6.24/30
2019-12-07 11:08:23.345 17376 RALLYDEBUG rally_openstack.wrappers.network [-] CIDR generated: 1.1.6.28/30
2019-12-07 11:08:23.412 17362 RALLYDEBUG rally_openstack.wrappers.network [-] CIDR generated: 1.1.6.32/30
2019-12-07 11:08:23.582 17371 RALLYDEBUG rally_openstack.wrappers.network [-] CIDR generated: 1.1.6.36/30
2019-12-07 11:08:23.785 17364 RALLYDEBUG rally_openstack.wrappers.network [-] CIDR generated: 1.1.6.40/30
2019-12-07 11:08:23.794 17404 RALLYDEBUG rally_openstack.wrappers.network [-] CIDR generated: 1.1.6.44/30
2019-12-07 11:08:23.947 17365 RALLYDEBUG rally_openstack.wrappers.network [-] CIDR generated: 1.1.6.48/30
2019-12-07 11:08:24.309 17362 RALLYDEBUG rally_openstack.wrappers.network [-] CIDR generated: 1.1.6.52/30
2019-12-07 11:08:24.416 17394 RALLYDEBUG rally_openstack.wrappers.network [-] CIDR generated: 1.1.6.56/30
2019-12-07 11:08:24.445 17365 RALLYDEBUG rally_openstack.wrappers.network [-] CIDR generated: 1.1.6.60/30
2019-12-07 11:08:29.855 17388 INFO rally.task.runner [-] Task 48f87f48-66eb-4675-8a05-69e4a23c1674 | ITER: 13 END: OK
2019-12-07 11:08:29.860 17388 INFO rally.task.runner [-] Task 48f87f48-66eb-4675-8a05-69e4a23c1674 | ITER: 21 START
2019-12-07 11:08:29.961 17400 INFO rally.task.runner [-] Task 48f87f48-66eb-4675-8a05-69e4a23c1674 | ITER: 17 END: OK
2019-12-07 11:08:29.965 17400 INFO rally.task.runner [-] Task 48f87f48-66eb-4675-8a05-69e4a23c1674 | ITER: 22 START
2019-12-07 11:08:30.689 17400 RALLYDEBUG rally_openstack.wrappers.network [-] CIDR generated: 1.1.6.64/30
