2019-12-07 11:16:51.429 19276 INFO rally.task.runner [-] Task 48f87f48-66eb-4675-8a05-69e4a23c1674 | ITER: 15 END: OK
2019-12-07 11:16:51.434 19276 INFO rally.task.runner [-] Task 48f87f48-66eb-4675-8a05-69e4a23c1674 | ITER: 36 START
2019-12-07 11:16:51.435 19276 WARNING rally_openstack.scenarios.neutron.utils [-] Running this scenario without either the 'network' or 'existing_network' context is deprecated
2019-12-07 11:16:52.937 19246 INFO rally.task.runner [-] Task 48f87f48-66eb-4675-8a05-69e4a23c1674 | ITER: 4 END: OK
2019-12-07 11:16:52.941 19246 INFO rally.task.runner [-] Task 48f87f48-66eb-4675-8a05-69e4a23c1674 | ITER: 37 START
2019-12-07 11:16:52.942 19246 WARNING rally_openstack.scenarios.neutron.utils [-] Running this scenario without either the 'network' or 'existing_network' context is deprecated
2019-12-07 11:16:53.216 19262 INFO rally.task.runner [-] Task 48f87f48-66eb-4675-8a05-69e4a23c1674 | ITER: 12 END: OK
2019-12-07 11:16:53.220 19248 INFO rally.task.runner [-] Task 48f87f48-66eb-4675-8a05-69e4a23c1674 | ITER: 8 END: OK
2019-12-07 11:16:53.220 19262 INFO rally.task.runner [-] Task 48f87f48-66eb-4675-8a05-69e4a23c1674 | ITER: 38 START
2019-12-07 11:16:53.221 19262 WARNING rally_openstack.scenarios.neutron.utils [-] Running this scenario without either the 'network' or 'existing_network' context is deprecated
2019-12-07 11:16:53.224 19248 INFO rally.task.runner [-] Task 48f87f48-66eb-4675-8a05-69e4a23c1674 | ITER: 39 START
2019-12-07 11:16:53.225 19248 WARNING rally_openstack.scenarios.neutron.utils [-] Running this scenario without either the 'network' or 'existing_network' context is deprecated
2019-12-07 11:16:53.317 19286 INFO rally.task.runner [-] Task 48f87f48-66eb-4675-8a05-69e4a23c1674 | ITER: 19 END: OK
2019-12-07 11:16:53.322 19286 INFO rally.task.runner [-] Task 48f87f48-66eb-4675-8a05-69e4a23c1674 | ITER: 40 START
2019-12-07 11:16:53.323 19286 WARNING rally_openstack.scenarios.neutron.utils [-] Running this scenario without either the 'network' or 'existing_network' context is deprecated
2019-12-07 11:16:59.334 19251 INFO rally.task.runner [-] Task 48f87f48-66eb-4675-8a05-69e4a23c1674 | ITER: 21 END: OK
2019-12-07 11:17:00.108 19247 INFO rally.task.runner [-] Task 48f87f48-66eb-4675-8a05-69e4a23c1674 | ITER: 27 END: OK
2019-12-07 11:17:00.324 19283 INFO rally.task.runner [-] Task 48f87f48-66eb-4675-8a05-69e4a23c1674 | ITER: 23 END: OK
2019-12-07 11:17:00.908 19246 INFO rally.task.runner [-] Task 48f87f48-66eb-4675-8a05-69e4a23c1674 | ITER: 24 END: OK
2019-12-07 11:17:00.917 19247 INFO rally.task.runner [-] Task 48f87f48-66eb-4675-8a05-69e4a23c1674 | ITER: 22 END: OK
2019-12-07 11:17:01.313 19280 INFO rally.task.runner [-] Task 48f87f48-66eb-4675-8a05-69e4a23c1674 | ITER: 34 END: OK
2019-12-07 11:17:01.441 19245 INFO rally.task.runner [-] Task 48f87f48-66eb-4675-8a05-69e4a23c1674 | ITER: 26 END: OK
2019-12-07 11:17:01.720 19262 INFO rally.task.runner [-] Task 48f87f48-66eb-4675-8a05-69e4a23c1674 | ITER: 38 END: OK
2019-12-07 11:17:01.769 19273 INFO rally.task.runner [-] Task 48f87f48-66eb-4675-8a05-69e4a23c1674 | ITER: 28 END: OK
2019-12-07 11:17:03.172 19289 INFO rally.task.runner [-] Task 48f87f48-66eb-4675-8a05-69e4a23c1674 | ITER: 35 END: OK
2019-12-07 11:17:03.196 19244 INFO rally.task.runner [-] Task 48f87f48-66eb-4675-8a05-69e4a23c1674 | ITER: 29 END: OK
2019-12-07 11:17:03.211 19245 INFO rally.task.runner [-] Task 48f87f48-66eb-4675-8a05-69e4a23c1674 | ITER: 30 END: OK
2019-12-07 11:17:03.279 19257 INFO rally.task.runner [-] Task 48f87f48-66eb-4675-8a05-69e4a23c1674 | ITER: 32 END: OK
2019-12-07 11:17:03.393 19276 INFO rally.task.runner [-] Task 48f87f48-66eb-4675-8a05-69e4a23c1674 | ITER: 36 END: OK
2019-12-07 11:17:03.487 19244 INFO rally.task.runner [-] Task 48f87f48-66eb-4675-8a05-69e4a23c1674 | ITER: 25 END: OK
2019-12-07 11:17:03.553 19246 INFO rally.task.runner [-] Task 48f87f48-66eb-4675-8a05-69e4a23c1674 | ITER: 37 END: OK
2019-12-07 11:17:03.682 19268 INFO rally.task.runner [-] Task 48f87f48-66eb-4675-8a05-69e4a23c1674 | ITER: 33 END: OK
2019-12-07 11:17:03.744 19279 INFO rally.task.runner [-] Task 48f87f48-66eb-4675-8a05-69e4a23c1674 | ITER: 31 END: OK
2019-12-07 11:17:03.798 19248 INFO rally.task.runner [-] Task 48f87f48-66eb-4675-8a05-69e4a23c1674 | ITER: 39 END: OK
2019-12-07 11:17:03.983 19286 INFO rally.task.runner [-] Task 48f87f48-66eb-4675-8a05-69e4a23c1674 | ITER: 40 END: OK
2019-12-07 11:17:04.007 14778 INFO rally.task.context [-] Task 48f87f48-66eb-4675-8a05-69e4a23c1674 | Context cleanup@openstack cleanup() started
2019-12-07 11:17:04.010 14778 RALLYDEBUG rally_openstack.cleanup.manager [-] Cleaning up neutron vip objects
2019-12-07 11:17:04.390 14778 RALLYDEBUG rally_openstack.cleanup.manager [-] Cleaning up neutron health_monitor objects
2019-12-07 11:17:04.773 14778 RALLYDEBUG rally_openstack.cleanup.manager [-] Cleaning up neutron pool objects
2019-12-07 11:17:05.148 14778 RALLYDEBUG rally_openstack.cleanup.manager [-] Cleaning up neutron loadbalancer objects
2019-12-07 11:17:05.537 14778 RALLYDEBUG rally_openstack.cleanup.manager [-] Cleaning up neutron floatingip objects
2019-12-07 11:17:05.979 14778 RALLYDEBUG rally_openstack.cleanup.manager [-] Cleaning up neutron trunk objects
2019-12-07 11:17:06.376 14778 RALLYDEBUG rally_openstack.cleanup.manager [-] Cleaning up neutron port objects
2019-12-07 11:17:06.791 14778 RALLYDEBUG rally_openstack.cleanup.manager [-] Cleaning up neutron subnet objects
2019-12-07 11:17:07.195 14778 RALLYDEBUG rally_openstack.cleanup.manager [-] Cleaning up neutron network objects
2019-12-07 11:17:07.793 14778 RALLYDEBUG rally_openstack.cleanup.manager [-] Deleting neutron.network object s_rally_ad6a3aeb_Jvkt7k7V (015e01ad-9c00-4604-8e2b-50465bebd57e)
2019-12-07 11:17:07.797 14778 RALLYDEBUG rally_openstack.cleanup.manager [-] Deleting neutron.network object s_rally_ad6a3aeb_2AuraTDL (232b610f-265f-4883-ad9f-786a09b1200f)
2019-12-07 11:17:07.803 14778 RALLYDEBUG rally_openstack.cleanup.manager [-] Deleting neutron.network object s_rally_ad6a3aeb_C2bZjCxz (06c9efc6-7f26-4889-b332-44e45d48a5cc)
2019-12-07 11:17:07.805 14778 RALLYDEBUG rally_openstack.cleanup.manager [-] Deleting neutron.network object s_rally_ad6a3aeb_rOVczj6l (1dfa356d-fd75-4bad-8eb3-b0b0b24c19ec)
2019-12-07 11:17:07.817 14778 RALLYDEBUG rally_openstack.cleanup.manager [-] Deleting neutron.network object s_rally_ad6a3aeb_p5QLXhS0 (329d541e-9b1a-4a11-9817-3621e5b327b8)
2019-12-07 11:17:07.842 14778 RALLYDEBUG rally_openstack.cleanup.manager [-] Deleting neutron.network object s_rally_ad6a3aeb_kQQmRMba (1e11efc1-ab5c-4047-a9a5-809fb84ede27)
2019-12-07 11:17:07.847 14778 RALLYDEBUG rally_openstack.cleanup.manager [-] Deleting neutron.network object s_rally_ad6a3aeb_1u6KZ240 (2bd2052e-c07c-4ff2-86b4-649d5f841636)
2019-12-07 11:17:07.851 14778 RALLYDEBUG rally_openstack.cleanup.manager [-] Deleting neutron.network object s_rally_ad6a3aeb_aeLAOOMN (364b1481-6dab-4e2c-8114-d7a8d2a95a0b)
2019-12-07 11:17:07.858 14778 RALLYDEBUG rally_openstack.cleanup.manager [-] Deleting neutron.network object s_rally_ad6a3aeb_ArrtrFFn (3be2dc7c-0b3e-4304-a97e-e98d064f7bf3)
2019-12-07 11:17:07.867 14778 RALLYDEBUG rally_openstack.cleanup.manager [-] Deleting neutron.network object s_rally_ad6a3aeb_EW1alEpX (42d74da5-69a1-4438-bfdc-0ef6362764e8)
2019-12-07 11:17:07.869 14778 RALLYDEBUG rally_openstack.cleanup.manager [-] Deleting neutron.network object s_rally_ad6a3aeb_tvOeTo9V (439a4a6e-0757-495e-90db-f9b480174267)
2019-12-07 11:17:07.872 14778 RALLYDEBUG rally_openstack.cleanup.manager [-] Deleting neutron.network object s_rally_ad6a3aeb_Rp87AqsU (415e2c9b-7f17-44e3-ac08-b91e344a63b4)
2019-12-07 11:17:07.876 14778 RALLYDEBUG rally_openstack.cleanup.manager [-] Deleting neutron.network object s_rally_ad6a3aeb_n89Z8Yl7 (468412d5-c009-4032-a9e7-a2e08d74e075)
2019-12-07 11:17:07.878 14778 RALLYDEBUG rally_openstack.cleanup.manager [-] Deleting neutron.network object s_rally_ad6a3aeb_aJaUu3bS (301c4b66-366f-4988-9324-9d0de6a86fab)
2019-12-07 11:17:07.879 14778 RALLYDEBUG rally_openstack.cleanup.manager [-] Deleting neutron.network object s_rally_ad6a3aeb_bfR0Xm3J (3e76e3a7-cd7c-484e-86de-15d74244e14d)
2019-12-07 11:17:07.881 14778 RALLYDEBUG rally_openstack.cleanup.manager [-] Deleting neutron.network object s_rally_ad6a3aeb_MIEifoIs (31a5e1b6-8284-4e98-bfed-e3fcb1e783b7)
2019-12-07 11:17:07.881 14778 RALLYDEBUG rally_openstack.cleanup.manager [-] Deleting neutron.network object s_rally_ad6a3aeb_i8CmYpIh (18305442-2e07-4318-b6c5-229af27461a9)
2019-12-07 11:17:07.888 14778 RALLYDEBUG rally_openstack.cleanup.manager [-] Deleting neutron.network object s_rally_ad6a3aeb_dnYyCWiG (48394130-d6e2-4120-a170-b76568d41540)
2019-12-07 11:17:07.889 14778 RALLYDEBUG rally_openstack.cleanup.manager [-] Deleting neutron.network object s_rally_ad6a3aeb_eUAydpTX (1e10fbeb-ad9a-4640-93b0-5e2fe62352a5)
2019-12-07 11:17:07.890 14778 RALLYDEBUG rally_openstack.cleanup.manager [-] Deleting neutron.network object s_rally_ad6a3aeb_D8XpFOiy (20a9da4b-29ff-462b-a574-700e8de32641)
2019-12-07 11:17:10.489 14778 RALLYDEBUG rally_openstack.cleanup.manager [-] Deleting neutron.network object s_rally_ad6a3aeb_YSkBjBK2 (4edae623-63c4-4689-94bc-ea1a313dc870)
2019-12-07 11:17:10.517 14778 RALLYDEBUG rally_openstack.cleanup.manager [-] Deleting neutron.network object s_rally_ad6a3aeb_YqpSI0Oq (4fac60ae-1eaf-41f3-ab79-29b3a72903c8)
2019-12-07 11:17:10.541 14778 RALLYDEBUG rally_openstack.cleanup.manager [-] Deleting neutron.network object s_rally_ad6a3aeb_F1Wmv9u8 (5430325b-9fbf-4131-95ec-7bf7c0127dd4)
2019-12-07 11:17:10.709 14778 RALLYDEBUG rally_openstack.cleanup.manager [-] Deleting neutron.network object s_rally_ad6a3aeb_HMQtgdx8 (678ac4d2-0eaf-4f76-b136-256280d4b99b)
2019-12-07 11:17:10.799 14778 RALLYDEBUG rally_openstack.cleanup.manager [-] Deleting neutron.network object s_rally_ad6a3aeb_PTIIu2qt (74d277e0-030a-47fc-a390-088abaae04fc)
2019-12-07 11:17:10.814 14778 RALLYDEBUG rally_openstack.cleanup.manager [-] Deleting neutron.network object s_rally_ad6a3aeb_yPeH9Son (7fc4a9de-f37b-43ed-88e0-cc72ee211b15)
2019-12-07 11:17:11.088 14778 RALLYDEBUG rally_openstack.cleanup.manager [-] Deleting neutron.network object s_rally_ad6a3aeb_9OTF2ogq (860a129b-9135-4237-a04e-2c510eac4223)
2019-12-07 11:17:11.121 14778 RALLYDEBUG rally_openstack.cleanup.manager [-] Deleting neutron.network object s_rally_ad6a3aeb_YIZB1KQI (8977f50d-1e48-4c46-b543-d749d18a4f87)
2019-12-07 11:17:11.303 14778 RALLYDEBUG rally_openstack.cleanup.manager [-] Deleting neutron.network object s_rally_ad6a3aeb_XlDplXg7 (8e728de7-5114-4df4-a684-3c676e490f0f)
2019-12-07 11:17:11.335 14778 RALLYDEBUG rally_openstack.cleanup.manager [-] Deleting neutron.network object s_rally_ad6a3aeb_8K0TipI7 (9c472a96-0410-4622-8fb1-a44824da5946)
2019-12-07 11:17:11.398 14778 RALLYDEBUG rally_openstack.cleanup.manager [-] Deleting neutron.network object s_rally_ad6a3aeb_JpXJhHe5 (a04543b7-e2e9-4809-8f27-a1cece2cfba3)
2019-12-07 11:17:11.553 14778 RALLYDEBUG rally_openstack.cleanup.manager [-] Deleting neutron.network object s_rally_ad6a3aeb_Mw0v1QPV (a8d6fb73-af97-4ea0-baa0-252dac8c6113)
2019-12-07 11:17:11.622 14778 RALLYDEBUG rally_openstack.cleanup.manager [-] Deleting neutron.network object s_rally_ad6a3aeb_wWH1m2GU (aaa1743d-66ac-4034-9063-8d1f6c581da9)
2019-12-07 11:17:11.683 14778 RALLYDEBUG rally_openstack.cleanup.manager [-] Deleting neutron.network object s_rally_ad6a3aeb_ZYHErU3W (ad2d4fdb-1be2-4205-b1de-a1d0a3be2bb9)
2019-12-07 11:17:12.121 14778 RALLYDEBUG rally_openstack.cleanup.manager [-] Deleting neutron.network object s_rally_ad6a3aeb_SW9m17RL (c1ee7657-0cf9-4c8d-9238-54c54cd66c9f)
2019-12-07 11:17:12.150 14778 RALLYDEBUG rally_openstack.cleanup.manager [-] Deleting neutron.network object s_rally_ad6a3aeb_RTM2W4pB (d204c9ff-7ec1-43b3-bb95-4689e3753f32)
2019-12-07 11:17:12.194 14778 RALLYDEBUG rally_openstack.cleanup.manager [-] Deleting neutron.network object s_rally_ad6a3aeb_xyngGF8T (e702fe33-94df-4c56-adec-fb26fb3bb18f)
2019-12-07 11:17:12.709 14778 RALLYDEBUG rally_openstack.cleanup.manager [-] Deleting neutron.network object s_rally_ad6a3aeb_WI8HboJ2 (eab368ac-271f-4e45-acd6-c46af27fe356)
2019-12-07 11:17:12.805 14778 RALLYDEBUG rally_openstack.cleanup.manager [-] Deleting neutron.network object s_rally_ad6a3aeb_5DgQqmSf (f0caa0f1-067a-4eea-9075-48103a4b775d)
2019-12-07 11:17:12.857 14778 RALLYDEBUG rally_openstack.cleanup.manager [-] Deleting neutron.network object s_rally_ad6a3aeb_xjvZPojT (ff8737ab-3dfe-41e3-a493-a292654a491d)
2019-12-07 11:17:15.234 14778 RALLYDEBUG rally_openstack.cleanup.manager [-] Cleaning up neutron router objects
2019-12-07 11:17:15.661 14778 RALLYDEBUG rally_openstack.cleanup.manager [-] Cleaning up neutron security_group objects
2019-12-07 11:17:16.074 14778 INFO rally.task.context [-] Task 48f87f48-66eb-4675-8a05-69e4a23c1674 | Context cleanup@openstack cleanup() finished in 12.07 sec
2019-12-07 11:17:16.075 14778 INFO rally.task.context [-] Task 48f87f48-66eb-4675-8a05-69e4a23c1674 | Context quotas@openstack cleanup() started
2019-12-07 11:17:16.093 14778 INFO rally.task.context [-] Task 48f87f48-66eb-4675-8a05-69e4a23c1674 | Context quotas@openstack cleanup() finished in 17.79 msec
2019-12-07 11:17:16.093 14778 INFO rally.task.context [-] Task 48f87f48-66eb-4675-8a05-69e4a23c1674 | Context users@openstack cleanup() started
2019-12-07 11:17:18.792 14778 INFO rally.task.context [-] Task 48f87f48-66eb-4675-8a05-69e4a23c1674 | Context users@openstack cleanup() finished in 2.70 sec
2019-12-07 11:17:19.327 14778 INFO rally.task.engine [-] Load duration is: 26.038144
2019-12-07 11:17:19.327 14778 INFO rally.task.engine [-] Full runner duration is: 26.090894
2019-12-07 11:17:19.328 14778 INFO rally.task.engine [-] Full duration is: 43.641669
2019-12-07 11:17:19.723 14778 INFO rally.task.engine [-] Running workload: position = 0 config = { "version": 2, "title": "A cropped version of a bigger task.", "description": "Auto-generated task from a single workload (uuid=33d7e571-433f-41bd-bed3-c95d109b2cff)", "subtasks": [ { "title": "Quotas.neutron_update", "description": "Update quotas for neutron.", "scenario": { "Quotas.neutron_update": { "max_quota": 1024 } }, "contexts": { "users": { "tenants": 20, "users_per_tenant": 1 } }, "runner": { "constant": { "times": 40, "concurrency": 20 } }, "hooks": [], "sla": { "failure_rate": { "max": 0 } } } ] }
2019-12-07 11:17:19.747 14778 RALLYDEBUG rally_openstack.contexts.keystone.users [-] Creating 20 tenants using 20 threads
2019-12-07 11:17:22.026 14778 RALLYDEBUG rally_openstack.contexts.keystone.users [-] Creating 20 users using 20 threads
2019-12-07 11:17:24.768 14778 INFO rally.task.context [-] Task 48f87f48-66eb-4675-8a05-69e4a23c1674 | Context users@openstack setup() finished in 5.02 sec
2019-12-07 11:17:24.769 14778 INFO rally.task.context [-] Task 48f87f48-66eb-4675-8a05-69e4a23c1674 | Context admin_cleanup@openstack setup() finished in 0.01 msec
2019-12-07 11:17:24.778 14778 RALLYDEBUG rally.task.runner [-] Starting the constant runner (task UUID: 48f87f48-66eb-4675-8a05-69e4a23c1674). timeout: 0 concurrency: 20 concurrency_per_worker: 1 times: 40 concurrency_overhead: 4 processes_to_start: 16 max_cpu_used: 16
2019-12-07 11:17:24.793 19634 RALLYDEBUG rally.task.runner [-] Starting a worker. concurrency: 2 args: {"max_quota": 1024} times: 40 method_name: run timeout: 0 duration: None cls:
2019-12-07 11:17:24.797 19635 RALLYDEBUG rally.task.runner [-] Starting a worker. concurrency: 2 args: {"max_quota": 1024} times: 40 method_name: run timeout: 0 duration: None cls:
2019-12-07 11:17:24.800 19636 RALLYDEBUG rally.task.runner [-] Starting a worker. concurrency: 2 args: {"max_quota": 1024} times: 40 method_name: run timeout: 0 duration: None cls:
2019-12-07 11:17:24.803 19637 RALLYDEBUG rally.task.runner [-] Starting a worker. concurrency: 2 args: {"max_quota": 1024} times: 40 method_name: run timeout: 0 duration: None cls:
2019-12-07 11:17:24.807 19634 INFO rally.task.runner [-] Task 48f87f48-66eb-4675-8a05-69e4a23c1674 | ITER: 1 START
2019-12-07 11:17:24.806 19638 RALLYDEBUG rally.task.runner [-] Starting a worker. concurrency: 1 args: {"max_quota": 1024} times: 40 method_name: run timeout: 0 duration: None cls:
2019-12-07 11:17:24.809 19639 RALLYDEBUG rally.task.runner [-] Starting a worker. concurrency: 1 args: {"max_quota": 1024} times: 40 method_name: run timeout: 0 duration: None cls:
2019-12-07 11:17:24.810 19635 INFO rally.task.runner [-] Task 48f87f48-66eb-4675-8a05-69e4a23c1674 | ITER: 2 START
2019-12-07 11:17:24.814 19642 RALLYDEBUG rally.task.runner [-] Starting a worker. concurrency: 1 args: {"max_quota": 1024} times: 40 method_name: run timeout: 0 duration: None cls:
2019-12-07 11:17:24.816 19636 INFO rally.task.runner [-] Task 48f87f48-66eb-4675-8a05-69e4a23c1674 | ITER: 3 START
2019-12-07 11:17:24.817 19637 INFO rally.task.runner [-] Task 48f87f48-66eb-4675-8a05-69e4a23c1674 | ITER: 5 START
2019-12-07 11:17:24.819 19638 INFO rally.task.runner [-] Task 48f87f48-66eb-4675-8a05-69e4a23c1674 | ITER: 7 START
2019-12-07 11:17:24.820 19639 INFO rally.task.runner [-] Task 48f87f48-66eb-4675-8a05-69e4a23c1674 | ITER: 9 START
2019-12-07 11:17:24.823 19648 RALLYDEBUG rally.task.runner [-] Starting a worker. concurrency: 1 args: {"max_quota": 1024} times: 40 method_name: run timeout: 0 duration: None cls:
2019-12-07 11:17:24.826 19642 INFO rally.task.runner [-] Task 48f87f48-66eb-4675-8a05-69e4a23c1674 | ITER: 11 START
2019-12-07 11:17:24.831 19634 INFO rally.task.runner [-] Task 48f87f48-66eb-4675-8a05-69e4a23c1674 | ITER: 4 START
2019-12-07 11:17:24.833 19654 RALLYDEBUG rally.task.runner [-] Starting a worker. concurrency: 1 args: {"max_quota": 1024} times: 40 method_name: run timeout: 0 duration: None cls:
2019-12-07 11:17:24.836 19635 INFO rally.task.runner [-] Task 48f87f48-66eb-4675-8a05-69e4a23c1674 | ITER: 6 START
2019-12-07 11:17:24.836 19657 RALLYDEBUG rally.task.runner [-] Starting a worker. concurrency: 1 args: {"max_quota": 1024} times: 40 method_name: run timeout: 0 duration: None cls:
2019-12-07 11:17:24.838 19636 INFO rally.task.runner [-] Task 48f87f48-66eb-4675-8a05-69e4a23c1674 | ITER: 8 START
2019-12-07 11:17:24.839 19637 INFO rally.task.runner [-] Task 48f87f48-66eb-4675-8a05-69e4a23c1674 | ITER: 10 START
2019-12-07 11:17:24.841 19648 INFO rally.task.runner [-] Task 48f87f48-66eb-4675-8a05-69e4a23c1674 | ITER: 12 START
2019-12-07 11:17:24.846 19654 INFO rally.task.runner [-] Task 48f87f48-66eb-4675-8a05-69e4a23c1674 | ITER: 13 START
2019-12-07 11:17:24.847 19657 INFO rally.task.runner [-] Task 48f87f48-66eb-4675-8a05-69e4a23c1674 | ITER: 14 START
2019-12-07 11:17:24.849 19662 RALLYDEBUG rally.task.runner [-] Starting a worker. concurrency: 1 args: {"max_quota": 1024} times: 40 method_name: run timeout: 0 duration: None cls:
2019-12-07 11:17:24.852 19666 RALLYDEBUG rally.task.runner [-] Starting a worker. concurrency: 1 args: {"max_quota": 1024} times: 40 method_name: run timeout: 0 duration: None cls:
2019-12-07 11:17:24.858 19670 RALLYDEBUG rally.task.runner [-] Starting a worker. concurrency: 1 args: {"max_quota": 1024} times: 40 method_name: run timeout: 0 duration: None cls:
2019-12-07 11:17:24.861 19662 INFO rally.task.runner [-] Task 48f87f48-66eb-4675-8a05-69e4a23c1674 | ITER: 15 START
2019-12-07 11:17:24.861 19666 INFO rally.task.runner [-] Task 48f87f48-66eb-4675-8a05-69e4a23c1674 | ITER: 16 START
2019-12-07 11:17:24.865 19671 RALLYDEBUG rally.task.runner [-] Starting a worker. concurrency: 1 args: {"max_quota": 1024} times: 40 method_name: run timeout: 0 duration: None cls:
2019-12-07 11:17:24.867 19670 INFO rally.task.runner [-] Task 48f87f48-66eb-4675-8a05-69e4a23c1674 | ITER: 17 START
2019-12-07 11:17:24.873 19678 RALLYDEBUG rally.task.runner [-] Starting a worker. concurrency: 1 args: {"max_quota": 1024} times: 40 method_name: run timeout: 0 duration: None cls:
2019-12-07 11:17:24.873 19671 INFO rally.task.runner [-] Task 48f87f48-66eb-4675-8a05-69e4a23c1674 | ITER: 18 START
2019-12-07 11:17:24.877 19679 RALLYDEBUG rally.task.runner [-] Starting a worker. concurrency: 1 args: {"max_quota": 1024} times: 40 method_name: run timeout: 0 duration: None cls:
2019-12-07 11:17:24.880 19678 INFO rally.task.runner [-] Task 48f87f48-66eb-4675-8a05-69e4a23c1674 | ITER: 19 START
2019-12-07 11:17:24.885 19679 INFO rally.task.runner [-] Task 48f87f48-66eb-4675-8a05-69e4a23c1674 | ITER: 20 START
2019-12-07 11:17:25.355 19636 INFO rally.task.runner [-] Task 48f87f48-66eb-4675-8a05-69e4a23c1674 | ITER: 8 END: OK
2019-12-07 11:17:25.363 19636 INFO rally.task.runner [-] Task 48f87f48-66eb-4675-8a05-69e4a23c1674 | ITER: 21 START
2019-12-07 11:17:25.393 19636 INFO rally.task.runner [-] Task 48f87f48-66eb-4675-8a05-69e4a23c1674 | ITER: 3 END: OK
2019-12-07 11:17:25.396 19634 INFO rally.task.runner [-] Task 48f87f48-66eb-4675-8a05-69e4a23c1674 | ITER: 4 END: OK
2019-12-07 11:17:25.399 19636 INFO rally.task.runner [-] Task 48f87f48-66eb-4675-8a05-69e4a23c1674 | ITER: 22 START
2019-12-07 11:17:25.402 19634 INFO rally.task.runner [-] Task 48f87f48-66eb-4675-8a05-69e4a23c1674 | ITER: 23 START
2019-12-07 11:17:25.462 19654 INFO rally.task.runner [-] Task 48f87f48-66eb-4675-8a05-69e4a23c1674 | ITER: 13 END: OK
2019-12-07 11:17:25.466 19642 INFO rally.task.runner [-] Task 48f87f48-66eb-4675-8a05-69e4a23c1674 | ITER: 11 END: OK
2019-12-07 11:17:25.467 19648 INFO rally.task.runner [-] Task 48f87f48-66eb-4675-8a05-69e4a23c1674 | ITER: 12 END: OK
2019-12-07 11:17:25.470 19654 INFO rally.task.runner [-] Task 48f87f48-66eb-4675-8a05-69e4a23c1674 | ITER: 24 START
2019-12-07 11:17:25.474 19642 INFO rally.task.runner [-] Task 48f87f48-66eb-4675-8a05-69e4a23c1674 | ITER: 25 START
2019-12-07 11:17:25.476 19648 INFO rally.task.runner [-] Task 48f87f48-66eb-4675-8a05-69e4a23c1674 | ITER: 26 START
2019-12-07 11:17:25.484 19638 INFO rally.task.runner [-] Task 48f87f48-66eb-4675-8a05-69e4a23c1674 | ITER: 7 END: OK
2019-12-07 11:17:25.491 19638 INFO rally.task.runner [-] Task 48f87f48-66eb-4675-8a05-69e4a23c1674 | ITER: 27 START
2019-12-07 11:17:25.492 19637 INFO rally.task.runner [-] Task 48f87f48-66eb-4675-8a05-69e4a23c1674 | ITER: 10 END: OK
2019-12-07 11:17:25.498 19637 INFO rally.task.runner [-] Task 48f87f48-66eb-4675-8a05-69e4a23c1674 | ITER: 28 START
2019-12-07 11:17:25.501 19639 INFO rally.task.runner [-] Task 48f87f48-66eb-4675-8a05-69e4a23c1674 | ITER: 9 END: OK
2019-12-07 11:17:25.508 19639 INFO rally.task.runner [-] Task 48f87f48-66eb-4675-8a05-69e4a23c1674 | ITER: 29 START
2019-12-07 11:17:25.567 19635 INFO rally.task.runner [-] Task 48f87f48-66eb-4675-8a05-69e4a23c1674 | ITER: 2 END: OK
2019-12-07 11:17:25.576 19635 INFO rally.task.runner [-] Task 48f87f48-66eb-4675-8a05-69e4a23c1674 | ITER: 30 START
2019-12-07 11:17:25.580 19634 INFO rally.task.runner [-] Task 48f87f48-66eb-4675-8a05-69e4a23c1674 | ITER: 1 END: OK
2019-12-07 11:17:25.588 19634 INFO rally.task.runner [-] Task 48f87f48-66eb-4675-8a05-69e4a23c1674 | ITER: 31 START
2019-12-07 11:17:25.665 19657 INFO rally.task.runner [-] Task 48f87f48-66eb-4675-8a05-69e4a23c1674 | ITER: 14 END: OK
2019-12-07 11:17:25.673 19671 INFO rally.task.runner [-] Task 48f87f48-66eb-4675-8a05-69e4a23c1674 | ITER: 18 END: OK
2019-12-07 11:17:25.673 19657 INFO rally.task.runner [-] Task 48f87f48-66eb-4675-8a05-69e4a23c1674 | ITER: 32 START
2019-12-07 11:17:25.683 19671 INFO rally.task.runner [-] Task 48f87f48-66eb-4675-8a05-69e4a23c1674 | ITER: 33 START
2019-12-07 11:17:25.709 19662 INFO rally.task.runner [-] Task 48f87f48-66eb-4675-8a05-69e4a23c1674 | ITER: 15 END: OK
2019-12-07 11:17:25.715 19662 INFO rally.task.runner [-] Task 48f87f48-66eb-4675-8a05-69e4a23c1674 | ITER: 34 START
2019-12-07 11:17:25.716 19666 INFO rally.task.runner [-] Task 48f87f48-66eb-4675-8a05-69e4a23c1674 | ITER: 16 END: OK
2019-12-07 11:17:25.725 19666 INFO rally.task.runner [-] Task 48f87f48-66eb-4675-8a05-69e4a23c1674 | ITER: 35 START
2019-12-07 11:17:25.830 19637 INFO rally.task.runner [-] Task 48f87f48-66eb-4675-8a05-69e4a23c1674 | ITER: 5 END: OK
2019-12-07 11:17:25.838 19637 INFO rally.task.runner [-] Task 48f87f48-66eb-4675-8a05-69e4a23c1674 | ITER: 36 START
2019-12-07 11:17:25.852 19670 INFO rally.task.runner [-] Task 48f87f48-66eb-4675-8a05-69e4a23c1674 | ITER: 17 END: OK
2019-12-07 11:17:25.860 19670 INFO rally.task.runner [-] Task 48f87f48-66eb-4675-8a05-69e4a23c1674 | ITER: 37 START
2019-12-07 11:17:25.900 19678 INFO rally.task.runner [-] Task 48f87f48-66eb-4675-8a05-69e4a23c1674 | ITER: 19 END: OK
2019-12-07 11:17:25.908 19678 INFO rally.task.runner [-] Task 48f87f48-66eb-4675-8a05-69e4a23c1674 | ITER: 38 START
2019-12-07 11:17:25.943 19634 INFO rally.task.runner [-] Task 48f87f48-66eb-4675-8a05-69e4a23c1674 | ITER: 23 END: OK
2019-12-07 11:17:25.950 19634 INFO rally.task.runner [-] Task 48f87f48-66eb-4675-8a05-69e4a23c1674 | ITER: 39 START
2019-12-07 11:17:26.031 19638 INFO rally.task.runner [-] Task 48f87f48-66eb-4675-8a05-69e4a23c1674 | ITER: 27 END: OK
2019-12-07 11:17:26.039 19638 INFO rally.task.runner [-] Task 48f87f48-66eb-4675-8a05-69e4a23c1674 | ITER: 40 START
2019-12-07 11:17:26.070 19635 INFO rally.task.runner [-] Task 48f87f48-66eb-4675-8a05-69e4a23c1674 | ITER: 6 END: OK
2019-12-07 11:17:26.118 19639 INFO rally.task.runner [-] Task 48f87f48-66eb-4675-8a05-69e4a23c1674 | ITER: 29 END: OK
2019-12-07 11:17:26.123 19654 INFO rally.task.runner [-] Task 48f87f48-66eb-4675-8a05-69e4a23c1674 | ITER: 24 END: OK
2019-12-07 11:17:26.193 19636 INFO rally.task.runner [-] Task 48f87f48-66eb-4675-8a05-69e4a23c1674 | ITER: 21 END: OK
2019-12-07 11:17:26.202 19634 INFO rally.task.runner [-] Task 48f87f48-66eb-4675-8a05-69e4a23c1674 | ITER: 31 END: OK
2019-12-07 11:17:26.256 19636 INFO rally.task.runner [-] Task 48f87f48-66eb-4675-8a05-69e4a23c1674 | ITER: 22 END: OK
2019-12-07 11:17:26.341 19679 INFO rally.task.runner [-] Task 48f87f48-66eb-4675-8a05-69e4a23c1674 | ITER: 20 END: OK
2019-12-07 11:17:26.375 19648 INFO rally.task.runner [-] Task 48f87f48-66eb-4675-8a05-69e4a23c1674 | ITER: 26 END: OK
2019-12-07 11:17:26.431 19671 INFO rally.task.runner [-] Task 48f87f48-66eb-4675-8a05-69e4a23c1674 | ITER: 33 END: OK
2019-12-07 11:17:26.446 19666 INFO rally.task.runner [-] Task 48f87f48-66eb-4675-8a05-69e4a23c1674 | ITER: 35 END: OK
2019-12-07 11:17:26.456 19678 INFO rally.task.runner [-] Task 48f87f48-66eb-4675-8a05-69e4a23c1674 | ITER: 38 END: OK
2019-12-07 11:17:26.501 19637 INFO rally.task.runner [-] Task 48f87f48-66eb-4675-8a05-69e4a23c1674 | ITER: 28 END: OK
2019-12-07 11:17:26.509 19662 INFO rally.task.runner [-] Task 48f87f48-66eb-4675-8a05-69e4a23c1674 | ITER: 34 END: OK
2019-12-07 11:17:26.538 19637 INFO rally.task.runner [-] Task 48f87f48-66eb-4675-8a05-69e4a23c1674 | ITER: 36 END: OK
2019-12-07 11:17:26.577 19634 INFO rally.task.runner [-] Task 48f87f48-66eb-4675-8a05-69e4a23c1674 | ITER: 39 END: OK
2019-12-07 11:17:26.582 19657 INFO rally.task.runner [-] Task 48f87f48-66eb-4675-8a05-69e4a23c1674 | ITER: 32 END: OK
2019-12-07 11:17:26.604 19642 INFO rally.task.runner [-] Task 48f87f48-66eb-4675-8a05-69e4a23c1674 | ITER: 25 END: OK
2019-12-07 11:17:26.605 19670 INFO rally.task.runner [-] Task 48f87f48-66eb-4675-8a05-69e4a23c1674 | ITER: 37 END: OK
2019-12-07 11:17:26.715 19635 INFO rally.task.runner [-] Task 48f87f48-66eb-4675-8a05-69e4a23c1674 | ITER: 30 END: OK
2019-12-07 11:17:26.729 19638 INFO rally.task.runner [-] Task 48f87f48-66eb-4675-8a05-69e4a23c1674 | ITER: 40 END: OK
2019-12-07 11:17:26.755 14778 INFO rally.task.context [-] Task 48f87f48-66eb-4675-8a05-69e4a23c1674 | Context admin_cleanup@openstack cleanup() started
2019-12-07 11:17:26.758 14778 RALLYDEBUG rally_openstack.cleanup.manager [-] Cleaning up neutron quota objects
2019-12-07 11:17:28.376 14778 INFO rally.task.context [-] Task 48f87f48-66eb-4675-8a05-69e4a23c1674 | Context admin_cleanup@openstack cleanup() finished in 1.62 sec
2019-12-07 11:17:28.377 14778 INFO rally.task.context [-] Task 48f87f48-66eb-4675-8a05-69e4a23c1674 | Context users@openstack cleanup() started
2019-12-07 11:17:51.825 14778 INFO rally.task.context [-] Task 48f87f48-66eb-4675-8a05-69e4a23c1674 | Context users@openstack cleanup() finished in 23.45 sec
2019-12-07 11:17:51.930 14778 INFO rally.task.engine [-] Load duration is: 1.920641
2019-12-07 11:17:51.931 14778 INFO rally.task.engine [-] Full runner duration is: 1.977156
2019-12-07 11:17:51.931 14778 INFO rally.task.engine [-] Full duration is: 32.080205
2019-12-07 11:17:52.253 14778 INFO rally.task.engine [-] Running workload: position = 0 config = { "version": 2, "title": "A cropped version of a bigger task.", "description": "Auto-generated task from a single workload (uuid=fd0e181f-b42e-4398-b81b-608afbf06505)", "subtasks": [ { "title": "NeutronTrunks.create_and_list_trunk_subports", "description": "", "scenario": { "NeutronTrunks.create_and_list_trunk_subports": { "subport_count": 125 } }, "contexts": { "users": { "tenants": 1, "users_per_tenant": 1 }, "quotas": { "neutron": { "network": -1, "port": 1000 } } }, "runner": { "constant": { "times": 4, "concurrency": 4 } }, "hooks": [], "sla": { "failure_rate": { "max": 0 } } } ] }
2019-12-07 11:17:52.278 14778 RALLYDEBUG rally_openstack.contexts.keystone.users [-] Creating 1 tenants using 20 threads
2019-12-07 11:17:53.143 14778 RALLYDEBUG rally_openstack.contexts.keystone.users [-] Creating 1 users using 20 threads
2019-12-07 11:17:54.452 14778 INFO rally.task.context [-] Task 48f87f48-66eb-4675-8a05-69e4a23c1674 | Context users@openstack setup() finished in 2.17 sec
2019-12-07 11:17:54.945 14778 INFO rally.task.context [-] Task 48f87f48-66eb-4675-8a05-69e4a23c1674 | Context quotas@openstack setup() finished in 0.49 sec
2019-12-07 11:17:54.945 14778 INFO rally.task.context [-] Task 48f87f48-66eb-4675-8a05-69e4a23c1674 | Context cleanup@openstack setup() finished in 0.01 msec
2019-12-07 11:17:54.955 14778 RALLYDEBUG rally.task.runner [-] Starting the constant runner (task UUID: 48f87f48-66eb-4675-8a05-69e4a23c1674). timeout: 0 concurrency: 4 concurrency_per_worker: 1 times: 4 concurrency_overhead: 0 processes_to_start: 4 max_cpu_used: 16
2019-12-07 11:17:54.970 19824 RALLYDEBUG rally.task.runner [-] Starting a worker. concurrency: 1 args: {"subport_count": 125} times: 4 method_name: run timeout: 0 duration: None cls:
2019-12-07 11:17:54.973 19825 RALLYDEBUG rally.task.runner [-] Starting a worker. concurrency: 1 args: {"subport_count": 125} times: 4 method_name: run timeout: 0 duration: None cls:
2019-12-07 11:17:54.976 19824 INFO rally.task.runner [-] Task 48f87f48-66eb-4675-8a05-69e4a23c1674 | ITER: 1 START
2019-12-07 11:17:54.976 19826 RALLYDEBUG rally.task.runner [-] Starting a worker. concurrency: 1 args: {"subport_count": 125} times: 4 method_name: run timeout: 0 duration: None cls:
2019-12-07 11:17:54.980 19825 INFO rally.task.runner [-] Task 48f87f48-66eb-4675-8a05-69e4a23c1674 | ITER: 2 START
2019-12-07 11:17:54.979 19827 RALLYDEBUG rally.task.runner [-] Starting a worker. concurrency: 1 args: {"subport_count": 125} times: 4 method_name: run timeout: 0 duration: None cls:
2019-12-07 11:17:54.983 19826 INFO rally.task.runner [-] Task 48f87f48-66eb-4675-8a05-69e4a23c1674 | ITER: 3 START
2019-12-07 11:17:54.985 19827 INFO rally.task.runner [-] Task 48f87f48-66eb-4675-8a05-69e4a23c1674 | ITER: 4 START
2019-12-07 11:19:48.981 19827 WARNING rally.task.atomic [-] 'optional_action_timer' is deprecated since rally v0.10.0.Please use action_timer instead, we have improved atomic actions, now do not need to explicitly close original action.
2019-12-07 11:19:49.023 19827 WARNING rally.task.atomic [-] 'optional_action_timer' is deprecated since rally v0.10.0.Please use action_timer instead, we have improved atomic actions, now do not need to explicitly close original action.
2019-12-07 11:19:49.508 19827 INFO rally.task.runner [-] Task 48f87f48-66eb-4675-8a05-69e4a23c1674 | ITER: 4 END: OK
2019-12-07 11:19:51.711 19826 WARNING rally.task.atomic [-] 'optional_action_timer' is deprecated since rally v0.10.0.Please use action_timer instead, we have improved atomic actions, now do not need to explicitly close original action.
2019-12-07 11:19:51.725 19825 WARNING rally.task.atomic [-] 'optional_action_timer' is deprecated since rally v0.10.0.Please use action_timer instead, we have improved atomic actions, now do not need to explicitly close original action.
2019-12-07 11:19:51.754 19826 WARNING rally.task.atomic [-] 'optional_action_timer' is deprecated since rally v0.10.0.Please use action_timer instead, we have improved atomic actions, now do not need to explicitly close original action.
2019-12-07 11:19:51.765 19825 WARNING rally.task.atomic [-] 'optional_action_timer' is deprecated since rally v0.10.0.Please use action_timer instead, we have improved atomic actions, now do not need to explicitly close original action.
2019-12-07 11:19:52.358 19825 INFO rally.task.runner [-] Task 48f87f48-66eb-4675-8a05-69e4a23c1674 | ITER: 2 END: OK
2019-12-07 11:19:52.429 19826 INFO rally.task.runner [-] Task 48f87f48-66eb-4675-8a05-69e4a23c1674 | ITER: 3 END: OK
2019-12-07 11:19:54.308 19824 WARNING rally.task.atomic [-] 'optional_action_timer' is deprecated since rally v0.10.0.Please use action_timer instead, we have improved atomic actions, now do not need to explicitly close original action.
2019-12-07 11:19:54.353 19824 WARNING rally.task.atomic [-] 'optional_action_timer' is deprecated since rally v0.10.0.Please use action_timer instead, we have improved atomic actions, now do not need to explicitly close original action.
2019-12-07 11:19:54.844 19824 INFO rally.task.runner [-] Task 48f87f48-66eb-4675-8a05-69e4a23c1674 | ITER: 1 END: OK
2019-12-07 11:19:54.875 14778 INFO rally.task.context [-] Task 48f87f48-66eb-4675-8a05-69e4a23c1674 | Context cleanup@openstack cleanup() started
2019-12-07 11:19:54.884 14778 RALLYDEBUG rally_openstack.cleanup.manager [-] Cleaning up neutron vip objects
2019-12-07 11:19:55.315 14778 RALLYDEBUG rally_openstack.cleanup.manager [-] Cleaning up neutron health_monitor objects
2019-12-07 11:19:55.722 14778 RALLYDEBUG rally_openstack.cleanup.manager [-] Cleaning up neutron pool objects
2019-12-07 11:19:56.117 14778 RALLYDEBUG rally_openstack.cleanup.manager [-] Cleaning up neutron loadbalancer objects
2019-12-07 11:19:56.533 14778 RALLYDEBUG rally_openstack.cleanup.manager [-] Cleaning up neutron floatingip objects
2019-12-07 11:19:56.986 14778 RALLYDEBUG rally_openstack.cleanup.manager [-] Cleaning up neutron trunk objects
2019-12-07 11:19:57.420 14778 RALLYDEBUG rally_openstack.cleanup.manager [-] Cleaning up neutron port objects
2019-12-07 11:19:59.039 14778 RALLYDEBUG rally_openstack.cleanup.manager [-] Deleting neutron.port object s_rally_fd0e181f_PsCv2IK1 (0439aad1-2036-4c74-a185-e81e6c188312)
2019-12-07 11:19:59.048 14778 RALLYDEBUG rally_openstack.cleanup.manager [-] Deleting neutron.port object s_rally_fd0e181f_IzWPinrH (02d90d10-f08b-461a-865e-da8413659896)
2019-12-07 11:19:59.049 14778 RALLYDEBUG rally_openstack.cleanup.manager [-] Deleting neutron.port object s_rally_fd0e181f_yhReuJeq (05cd3a32-b902-486d-a035-f3844c88b6cc)
2019-12-07 11:19:59.052 14778 RALLYDEBUG rally_openstack.cleanup.manager [-] Deleting neutron.port object s_rally_fd0e181f_RZFgvTOp (050dbbc5-dfb6-49c9-89b8-3a587bbe7094)
2019-12-07 11:19:59.067 14778 RALLYDEBUG rally_openstack.cleanup.manager [-] Deleting neutron.port object s_rally_fd0e181f_CYNfHKDg (01538454-4554-4c40-8f43-c6b7db6e68f0)
2019-12-07 11:19:59.070 14778 RALLYDEBUG rally_openstack.cleanup.manager [-] Deleting neutron.port object s_rally_fd0e181f_MWio5Fi3 (063cde9d-f40c-4a08-b073-0709aa83fdcc)
2019-12-07 11:19:59.070 14778 RALLYDEBUG rally_openstack.cleanup.manager [-] Deleting neutron.port object s_rally_fd0e181f_quIP1bba (008e406c-c36e-49a6-818f-0f3b5adb5902)
2019-12-07 11:19:59.073 14778 RALLYDEBUG rally_openstack.cleanup.manager [-] Deleting neutron.port object s_rally_fd0e181f_sdhf2kvg (06ac34b5-72d2-474c-a4cb-cde1c75639d2)
2019-12-07 11:19:59.076 14778 RALLYDEBUG rally_openstack.cleanup.manager [-] Deleting neutron.port object s_rally_fd0e181f_TLD5oigd (006f7988-d485-478a-8606-74607733a4a1)
2019-12-07 11:19:59.224 14778 RALLYDEBUG rally_openstack.cleanup.manager [-] Deleting neutron.port object s_rally_fd0e181f_OnNZ6siY (075f0231-14a0-4dca-995b-1f01cab46464)
2019-12-07 11:19:59.225 14778 RALLYDEBUG rally_openstack.cleanup.manager [-] Deleting neutron.port object s_rally_fd0e181f_M6vdpgmF (07586016-f1aa-4ac3-81b7-52a1b9f12fa3)
2019-12-07 11:19:59.233 14778 RALLYDEBUG rally_openstack.cleanup.manager [-] Deleting neutron.port object s_rally_fd0e181f_YGfM1QDW (0772bc8f-1be2-46fa-9771-4cd061ed3e37)
2019-12-07 11:19:59.237 14778 RALLYDEBUG rally_openstack.cleanup.manager [-] Deleting neutron.port object s_rally_fd0e181f_jZ91W7aY (02350209-ec12-45f0-b043-4b98331159a0)
2019-12-07 11:19:59.239 14778 RALLYDEBUG rally_openstack.cleanup.manager [-] Deleting neutron.port object s_rally_fd0e181f_qeqZhpgp (01415f13-6f21-4f02-98c6-e3c5c1d986a7)
2019-12-07 11:19:59.250 14778 RALLYDEBUG rally_openstack.cleanup.manager [-] Deleting neutron.port object s_rally_fd0e181f_Ledw63cj (08061e2e-39ae-4651-a0a6-2f76133919fd)
2019-12-07 11:19:59.276 14778 RALLYDEBUG rally_openstack.cleanup.manager [-] Deleting neutron.port object s_rally_fd0e181f_ILuauvHW (0467bf1d-789c-4fb2-99ac-459bbf774430)
2019-12-07 11:19:59.284 14778 RALLYDEBUG rally_openstack.cleanup.manager [-] Deleting neutron.port object s_rally_fd0e181f_Jyjzn0bQ (0961a7f3-743a-4c21-9c26-9e3e0b207d44)
2019-12-07 11:19:59.287 14778 RALLYDEBUG rally_openstack.cleanup.manager [-] Deleting neutron.port object s_rally_fd0e181f_K4CiyLcP (08a8aa59-712d-4c65-8b5c-a104bd3e93a4)
2019-12-07 11:19:59.315 14778 RALLYDEBUG rally_openstack.cleanup.manager [-] Deleting neutron.port object s_rally_fd0e181f_xuS8ddGC (09a090e4-c6d1-4a45-bac3-c318e3b289e5)
2019-12-07 11:19:59.323 14778 RALLYDEBUG rally_openstack.cleanup.manager [-] Deleting neutron.port object s_rally_fd0e181f_e1APHOWN (09ee692b-9afb-4ac5-9968-6bbd6eafb54f)
2019-12-07 11:20:01.709 14778 RALLYDEBUG rally_openstack.cleanup.manager [-] Deleting neutron.port object s_rally_fd0e181f_zHi9jF31 (0a09725b-18b9-454e-b84d-e0a160c998d2)
2019-12-07 11:20:01.824 14778 RALLYDEBUG rally_openstack.cleanup.manager [-] Deleting neutron.port object s_rally_fd0e181f_GTAvEepb (0abb4810-5593-40d2-9ee0-4e0975c7e149)
2019-12-07 11:20:01.848 14778 RALLYDEBUG rally_openstack.cleanup.manager [-] Deleting neutron.port object s_rally_fd0e181f_RscDwVNR (0d3ae74d-b244-41d6-bbd0-8cb2fbbf0eb3)
2019-12-07 11:20:01.863 14778 RALLYDEBUG rally_openstack.cleanup.manager [-] Deleting neutron.port object s_rally_fd0e181f_4UUsKrJv (0d76a2e3-ae95-401f-807c-0ba0de9476c6)
2019-12-07 11:20:01.880 14778 RALLYDEBUG rally_openstack.cleanup.manager [-] Deleting neutron.port object s_rally_fd0e181f_4jd6qzpU (0df05d18-4d84-48d5-97f6-38a1d0a724bf)
2019-12-07 11:20:01.899 14778 RALLYDEBUG rally_openstack.cleanup.manager [-] Deleting neutron.port object s_rally_fd0e181f_N9PWQvV2 (0e213bf7-d061-423c-ab6e-b603e6d1a9a6)
2019-12-07 11:20:01.907 14778 RALLYDEBUG rally_openstack.cleanup.manager [-] Deleting neutron.port object s_rally_fd0e181f_nBunIKqZ (0e339936-16e4-4277-bf1f-c37550ec83f5)
2019-12-07 11:20:02.082 14778 RALLYDEBUG rally_openstack.cleanup.manager [-] Deleting neutron.port object s_rally_fd0e181f_3NsJBBuR (0e40e58b-5aeb-482b-a484-6683a46338f1)
2019-12-07 11:20:02.239 14778 RALLYDEBUG rally_openstack.cleanup.manager [-] Deleting neutron.port object s_rally_fd0e181f_s17XkgpJ (0eef4dfe-1c68-4b38-a769-ec61db00db1d)
2019-12-07 11:20:02.467 14778 RALLYDEBUG rally_openstack.cleanup.manager [-] Deleting neutron.port object s_rally_fd0e181f_yBM6Giju (0f60051e-cd48-4293-a259-f363584a9a1d)
2019-12-07 11:20:02.475 14778 RALLYDEBUG rally_openstack.cleanup.manager [-] Deleting neutron.port object s_rally_fd0e181f_Ipr8H2sG (0fae0526-e21a-4fb9-8d46-bddc3be01b28)
2019-12-07 11:20:02.505 14778 RALLYDEBUG rally_openstack.cleanup.manager [-] Deleting neutron.port object s_rally_fd0e181f_RpCQdQPa (0fe0a79c-44da-4aaf-a141-99ca0ce3e212)
2019-12-07 11:20:02.536 14778 RALLYDEBUG rally_openstack.cleanup.manager [-] Deleting neutron.port object s_rally_fd0e181f_b2KWDvHC (1090a84c-c728-4bc1-91ac-2c1aacb129f9)
2019-12-07 11:20:02.749 14778 RALLYDEBUG rally_openstack.cleanup.manager [-] Deleting neutron.port object s_rally_fd0e181f_3zbluYsS (11cf0117-e875-4e79-b986-5e2e4194afd4)
2019-12-07 11:20:02.776 14778 RALLYDEBUG rally_openstack.cleanup.manager [-] Deleting neutron.port object s_rally_fd0e181f_axJZ95vE (11fcf4bc-5c13-468b-ab66-362e6069ea3a)
2019-12-07 11:20:02.856 14778 RALLYDEBUG rally_openstack.cleanup.manager [-] Deleting neutron.port object s_rally_fd0e181f_VfAeyCC9 (123436c7-c66b-47c7-94ae-997d26b125a8)
2019-12-07 11:20:02.909 14778 RALLYDEBUG rally_openstack.cleanup.manager [-] Deleting neutron.port object s_rally_fd0e181f_qRtN98mr (1259dc2e-5250-4c5d-b7e6-9574dd05dda2)
2019-12-07 11:20:02.924 14778 RALLYDEBUG rally_openstack.cleanup.manager [-] Deleting neutron.port object s_rally_fd0e181f_q63BaeJV (12a5885f-0cf5-4106-8843-bc78e8e5ef09)
2019-12-07 11:20:02.931 14778 RALLYDEBUG rally_openstack.cleanup.manager [-] Deleting neutron.port object s_rally_fd0e181f_6tqjnxfp (12aefd59-7132-4fd2-b618-08e809505822)
2019-12-07 11:20:02.959 14778 RALLYDEBUG rally_openstack.cleanup.manager [-] Deleting neutron.port object s_rally_fd0e181f_Kac4owEQ (12f4c21c-d5d0-48ae-9a5e-a2ebc4ac0ef9)
2019-12-07 11:20:03.965 14778 RALLYDEBUG rally_openstack.cleanup.manager [-] Deleting neutron.port object s_rally_fd0e181f_LHFITOny (138525fc-d317-4c0c-b030-c5775fb70bcb)
2019-12-07 11:20:04.020 14778 RALLYDEBUG rally_openstack.cleanup.manager [-] Deleting neutron.port object s_rally_fd0e181f_QfPawDJ7 (14625877-77bf-488b-b9d0-9f94420fd39e)
2019-12-07 11:20:04.195 14778 RALLYDEBUG rally_openstack.cleanup.manager [-] Deleting neutron.port object s_rally_fd0e181f_m8s6yzGy (14ec343e-2c7b-4ff3-a41b-03d69e332a13)
2019-12-07 11:20:04.368 14778 RALLYDEBUG rally_openstack.cleanup.manager [-] Deleting neutron.port object s_rally_fd0e181f_EA8YV84p (14f7e0e7-2355-45af-8435-fff9ee963e3f)
2019-12-07 11:20:04.393 14778 RALLYDEBUG rally_openstack.cleanup.manager [-] Deleting neutron.port object s_rally_fd0e181f_MBBX9leA (1513bb40-43e0-4035-b01f-ae46d88a8678)
2019-12-07 11:20:04.405 14778 RALLYDEBUG rally_openstack.cleanup.manager [-] Deleting neutron.port object s_rally_fd0e181f_iSnlBJ6h (157e8669-e2a8-45b4-a966-433c20681fbd)
2019-12-07 11:20:04.689 14778 RALLYDEBUG rally_openstack.cleanup.manager [-] Deleting neutron.port object s_rally_fd0e181f_jwhCAmuZ (15a363cd-4302-4bbc-9034-88525646de17)
2019-12-07 11:20:04.768 14778 RALLYDEBUG rally_openstack.cleanup.manager [-] Deleting neutron.port object s_rally_fd0e181f_55KXvPMc (166e0fe5-2462-4738-a859-a7ba2128f972)
2019-12-07 11:20:04.781 14778 RALLYDEBUG rally_openstack.cleanup.manager [-] Deleting neutron.port object s_rally_fd0e181f_coPWH6Hp (1682e362-c594-4535-95d7-f5744dbdb5c9)
2019-12-07 11:20:04.787 14778 RALLYDEBUG rally_openstack.cleanup.manager [-] Deleting neutron.port object s_rally_fd0e181f_e9LdYrLq (16851a39-2ebd-43bb-972d-75f57e7df662)
2019-12-07 11:20:04.980 14778 RALLYDEBUG rally_openstack.cleanup.manager [-] Deleting neutron.port object s_rally_fd0e181f_Lo83mCnp (16f4e2ad-dce3-4aee-9149-c7b5542fe410)
2019-12-07 11:20:05.011 14778 RALLYDEBUG rally_openstack.cleanup.manager [-] Deleting neutron.port object s_rally_fd0e181f_9mNFwKQt (17100b02-675b-4dbf-9b6b-1bbccc10da65)
2019-12-07 11:20:05.019 14778 RALLYDEBUG rally_openstack.cleanup.manager [-] Deleting neutron.port object s_rally_fd0e181f_2WN6s6UW (17745a3f-e27e-4029-853e-7a46c2e0bd92)
2019-12-07 11:20:05.151 14778 RALLYDEBUG rally_openstack.cleanup.manager [-] Deleting neutron.port object s_rally_fd0e181f_MidOzegp (17de545b-76dd-40af-85d3-a77026f09970)
2019-12-07 11:20:05.197 14778 RALLYDEBUG rally_openstack.cleanup.manager [-] Deleting neutron.port object s_rally_fd0e181f_YVHLDmgH (188e32bf-8ffe-4db4-b1b7-8b89893c750b)
2019-12-07 11:20:05.254 14778 RALLYDEBUG rally_openstack.cleanup.manager [-] Deleting neutron.port object s_rally_fd0e181f_CYWScvnM (18b10909-2bdd-49f2-8ff0-2b29f0f4ab2c)
2019-12-07 11:20:05.337 14778 RALLYDEBUG rally_openstack.cleanup.manager [-] Deleting neutron.port object s_rally_fd0e181f_66h7EyLY (18bb3805-a555-4a0a-a354-09b463546fd0)
2019-12-07 11:20:05.422 14778 RALLYDEBUG rally_openstack.cleanup.manager [-] Deleting neutron.port object s_rally_fd0e181f_IWIsB3ze (1925734a-a755-42b3-9dd2-1d88c04d5950)
2019-12-07 11:20:05.422 14778 RALLYDEBUG rally_openstack.cleanup.manager [-] Deleting neutron.port object s_rally_fd0e181f_6TDzHqRV (19260388-30c4-4ed8-a75f-c871b62e3e3d)
2019-12-07 11:20:05.591 14778 RALLYDEBUG rally_openstack.cleanup.manager [-] Deleting neutron.port object s_rally_fd0e181f_BRWM3iHt (192b0923-e94d-4bce-b26a-0415814ab7a1)
2019-12-07 11:20:06.009 14778 RALLYDEBUG rally_openstack.cleanup.manager [-] Deleting neutron.port object s_rally_fd0e181f_z2YqohCI (196d4a2c-acf4-4ba9-8c91-760bd18334f4)
2019-12-07 11:20:06.203 14778 RALLYDEBUG rally_openstack.cleanup.manager [-] Deleting neutron.port object s_rally_fd0e181f_l66ZZ1Lu (1a4ac8ee-1cb8-4e2b-966b-bf853bd81748)
2019-12-07 11:20:06.277 14778 RALLYDEBUG rally_openstack.cleanup.manager [-] Deleting neutron.port object s_rally_fd0e181f_UgN6uDpv (1a4c4a0f-5ee7-4464-b47c-f580a403b44f)
2019-12-07 11:20:06.337 14778 RALLYDEBUG rally_openstack.cleanup.manager [-] Deleting neutron.port object s_rally_fd0e181f_rTlidiHL (1a73e16c-f35e-45bd-a6c5-d15572e79e95)
2019-12-07 11:20:06.455 14778 RALLYDEBUG rally_openstack.cleanup.manager [-] Deleting neutron.port object s_rally_fd0e181f_c7KEWgw7 (1a874813-daa1-4267-9f3d-6c598847fb76)
2019-12-07 11:20:06.483 14778 RALLYDEBUG rally_openstack.cleanup.manager [-] Deleting neutron.port object s_rally_fd0e181f_BmK4Cg58 (1bf52681-ced9-4b4d-b494-59e9f62a9bb9)
2019-12-07 11:20:06.741 14778 RALLYDEBUG rally_openstack.cleanup.manager [-] Deleting neutron.port object s_rally_fd0e181f_ao7R0rk7 (1c3b94f8-88bc-4e13-8a7a-680aeeb71cba)
2019-12-07 11:20:06.826 14778 RALLYDEBUG rally_openstack.cleanup.manager [-] Deleting neutron.port object s_rally_fd0e181f_Eth8wwbC (1c670307-c314-446d-9f1b-f79caff01966)
2019-12-07 11:20:06.911 14778 RALLYDEBUG rally_openstack.cleanup.manager [-] Deleting neutron.port object s_rally_fd0e181f_9ozBDmlv (1c9c2ebe-696c-4abf-aa07-e1f70e02ddc9)
2019-12-07 11:20:07.179 14778 RALLYDEBUG rally_openstack.cleanup.manager [-] Deleting neutron.port object s_rally_fd0e181f_DaRN4od7 (1eecce77-b726-4688-905e-a4ad0000ca9c)
2019-12-07 11:20:07.239 14778 RALLYDEBUG rally_openstack.cleanup.manager [-] Deleting neutron.port object s_rally_fd0e181f_6MLwdNv7 (211e05ae-4b05-4773-a5d1-39f8fe6c80d6)
2019-12-07 11:20:07.253 14778 RALLYDEBUG rally_openstack.cleanup.manager [-] Deleting neutron.port object s_rally_fd0e181f_GElcKmZu (22cc2079-3de9-49ab-9065-4ce938f1c9c4)
2019-12-07 11:20:07.299 14778 RALLYDEBUG rally_openstack.cleanup.manager [-] Deleting neutron.port object s_rally_fd0e181f_tVMZ9eby (236ea9f9-0e1b-432e-b04b-92cd9f6ccd36)
2019-12-07 11:20:07.340 14778 RALLYDEBUG rally_openstack.cleanup.manager [-] Deleting neutron.port object s_rally_fd0e181f_PQB3zoGE (23d5b1d5-2526-409e-9dee-59dd2c0e9a90)
2019-12-07 11:20:07.608 14778 RALLYDEBUG rally_openstack.cleanup.manager [-] Deleting neutron.port object s_rally_fd0e181f_VEALiLGO (23d96a07-85d3-4878-bd8d-236a2e723bc5)
2019-12-07 11:20:07.667 14778 RALLYDEBUG rally_openstack.cleanup.manager [-] Deleting neutron.port object s_rally_fd0e181f_foA3owwu (244a81f4-52fc-44a7-8ad8-8f7964f96e50)
2019-12-07 11:20:07.687 14778 RALLYDEBUG rally_openstack.cleanup.manager [-] Deleting neutron.port object s_rally_fd0e181f_BBioJZBE (2460dc09-61c9-458b-8f82-44fe11223e55)
2019-12-07 11:20:07.737 14778 RALLYDEBUG rally_openstack.cleanup.manager [-] Deleting neutron.port object s_rally_fd0e181f_oPkQqxkZ (24c6b13c-2b13-482d-9acf-8b08dfc540bd)
2019-12-07 11:20:07.797 14778 RALLYDEBUG rally_openstack.cleanup.manager [-] Deleting neutron.port object s_rally_fd0e181f_OVatItZs (25827a13-ed58-4585-be87-9e2c54ff82f0)
2019-12-07 11:20:08.015 14778 RALLYDEBUG rally_openstack.cleanup.manager [-] Deleting neutron.port object s_rally_fd0e181f_maYzYAzG (25f61c8e-1a07-40ea-a81f-6b62a98d2445)
2019-12-07 11:20:08.178 14778 RALLYDEBUG rally_openstack.cleanup.manager [-] Deleting neutron.port object s_rally_fd0e181f_1QaRxBMp (27f5fcc6-2a5b-492c-a415-be9ce83d6304)
2019-12-07 11:20:08.379 14778 RALLYDEBUG rally_openstack.cleanup.manager [-] Deleting neutron.port object s_rally_fd0e181f_0VvSdiLb (28069332-0da3-4707-8410-d66bdf110fbb)
2019-12-07 11:20:08.655 14778 RALLYDEBUG rally_openstack.cleanup.manager [-] Deleting neutron.port object s_rally_fd0e181f_XUmjnfCZ (283408d5-ccc3-475c-875c-4155c2dac5cc)
2019-12-07 11:20:08.676 14778 RALLYDEBUG rally_openstack.cleanup.manager [-] Deleting neutron.port object s_rally_fd0e181f_um2jEojw (289eef42-247a-4f4e-baac-66549632d8be)
2019-12-07 11:20:08.786 14778 RALLYDEBUG rally_openstack.cleanup.manager [-] Deleting neutron.port object s_rally_fd0e181f_lv3ziNXL (28f54db1-aef5-467a-b784-2fe0cb6dee15)
2019-12-07 11:20:08.911 14778 RALLYDEBUG rally_openstack.cleanup.manager [-] Deleting neutron.port object s_rally_fd0e181f_dlfpkcs3 (297730da-9609-4a40-b8e4-08acbe064d99)
2019-12-07 11:20:08.919 14778 RALLYDEBUG rally_openstack.cleanup.manager [-] Deleting neutron.port object s_rally_fd0e181f_B15VRWcb (2a1ece55-f4bc-4351-808f-a9466d90b576)
2019-12-07 11:20:09.197 14778 RALLYDEBUG rally_openstack.cleanup.manager [-] Deleting neutron.port object s_rally_fd0e181f_cpCpbVNu (2a97d576-6067-4811-817a-62f6cd7195b8)
2019-12-07 11:20:09.227 14778 RALLYDEBUG rally_openstack.cleanup.manager [-] Deleting neutron.port object s_rally_fd0e181f_B4FjXvCj (2c278a0b-2bf7-4f44-bbae-d69c8534dab5)
