2019-12-07 11:16:05.546 14778 RALLYDEBUG rally_openstack.cleanup.manager [-] Deleting neutron.port object s_rally_500e7482_NrW9yOoz (49b5e16b-42e8-47a4-b7fa-c35dcf1f5e11)
2019-12-07 11:16:05.770 14778 RALLYDEBUG rally_openstack.cleanup.manager [-] Deleting neutron.port object s_rally_500e7482_MqXj9yvi (49f9448f-9dee-4bdd-99cf-fe829984505e)
2019-12-07 11:16:05.937 14778 RALLYDEBUG rally_openstack.cleanup.manager [-] Deleting neutron.port object s_rally_500e7482_YzpKOPfO (4bb8b7c5-1e60-4f0c-b049-39b5d5d475c2)
2019-12-07 11:16:05.967 14778 RALLYDEBUG rally_openstack.cleanup.manager [-] Deleting neutron.port object s_rally_500e7482_lM96jDeb (4c19e800-8b18-4149-ab25-48b20bf82681)
2019-12-07 11:16:06.037 14778 RALLYDEBUG rally_openstack.cleanup.manager [-] Deleting neutron.port object s_rally_500e7482_hLI5J7MS (53e9492c-92ee-4cd4-baaa-de8f6b58b37c)
2019-12-07 11:16:06.358 14778 RALLYDEBUG rally_openstack.cleanup.manager [-] Deleting neutron.port object s_rally_500e7482_EirRp02m (5561807f-4a28-455b-a5dc-2ce92a13d721)
2019-12-07 11:16:06.608 14778 RALLYDEBUG rally_openstack.cleanup.manager [-] Deleting neutron.port object s_rally_500e7482_zPSLKGnB (58e97e51-6133-441a-9991-e579048c4d17)
2019-12-07 11:16:06.617 14778 RALLYDEBUG rally_openstack.cleanup.manager [-] Deleting neutron.port object s_rally_500e7482_blMrLWNN (5951586f-0d94-4590-a369-ddde8519f8fa)
2019-12-07 11:16:06.711 14778 RALLYDEBUG rally_openstack.cleanup.manager [-] Deleting neutron.port object s_rally_500e7482_UhE27xM7 (5a576f38-a1ec-415a-8ae9-c11e0d7781db)
2019-12-07 11:16:06.880 14778 RALLYDEBUG rally_openstack.cleanup.manager [-] Deleting neutron.port object s_rally_500e7482_ITAXEuJW (5bc250f1-61d1-4162-a3d1-9462bd33dced)
2019-12-07 11:16:07.017 14778 RALLYDEBUG rally_openstack.cleanup.manager [-] Deleting neutron.port object s_rally_500e7482_jCaHGnp0 (5cd8d624-e4c4-4f3f-b633-8641edf28fac)
2019-12-07 11:16:07.048 14778 RALLYDEBUG rally_openstack.cleanup.manager [-] Deleting neutron.port object s_rally_500e7482_xIV5Zkw4 (5e2a8a86-073a-431b-9e55-a1b691576fec)
2019-12-07 11:16:07.097 14778 RALLYDEBUG rally_openstack.cleanup.manager [-] Deleting neutron.port object s_rally_500e7482_Zt91iH59 (5ef2921d-680e-4197-b66a-7b05f29ae357)
2019-12-07 11:16:07.098 14778 RALLYDEBUG rally_openstack.cleanup.manager [-] Deleting neutron.port object s_rally_500e7482_9IRUfFhR (5f8d3b3a-f5e8-46b1-b97d-a18b2d1597e3)
2019-12-07 11:16:07.374 14778 RALLYDEBUG rally_openstack.cleanup.manager [-] Deleting neutron.port object s_rally_500e7482_HnsqMJDn (5fcec390-89f1-47d1-81b3-2319e682d5a1)
2019-12-07 11:16:07.392 14778 RALLYDEBUG rally_openstack.cleanup.manager [-] Deleting neutron.port object s_rally_500e7482_g6q8HoNd (61de39a0-33a3-4a35-acaf-fa48029f6d9b)
2019-12-07 11:16:07.443 14778 RALLYDEBUG rally_openstack.cleanup.manager [-] Deleting neutron.port object s_rally_500e7482_iUc3X3JH (61f31f74-9882-4d68-b62c-0ba8aaa6f343)
2019-12-07 11:16:07.506 14778 RALLYDEBUG rally_openstack.cleanup.manager [-] Deleting neutron.port object s_rally_500e7482_equlEAY8 (62125754-7ff8-4285-86eb-12e473293c12)
2019-12-07 11:16:07.647 14778 RALLYDEBUG rally_openstack.cleanup.manager [-] Deleting neutron.port object s_rally_500e7482_0ThAabSL (62220abc-f229-4bd7-bb68-f2670d663258)
2019-12-07 11:16:07.674 14778 RALLYDEBUG rally_openstack.cleanup.manager [-] Deleting neutron.port object s_rally_500e7482_YBLpp04r (622d59f2-a1cb-4629-8dea-b7c5c1d64e32)
2019-12-07 11:16:07.687 14778 RALLYDEBUG rally_openstack.cleanup.manager [-] Deleting neutron.port object s_rally_500e7482_DWevk1qZ (65784f2a-7cca-437b-9746-d9bc453e150c)
2019-12-07 11:16:07.687 14778 RALLYDEBUG rally_openstack.cleanup.manager [-] Deleting neutron.port object s_rally_500e7482_FLdDCTiQ (64b9dcbb-7ba9-494e-b851-e90194fd2c00)
2019-12-07 11:16:07.852 14778 RALLYDEBUG rally_openstack.cleanup.manager [-] Deleting neutron.port object s_rally_500e7482_1Veh1a0s (68675fea-9a6a-4e4f-a583-5b60018b29d1)
2019-12-07 11:16:07.891 14778 RALLYDEBUG rally_openstack.cleanup.manager [-] Deleting neutron.port object s_rally_500e7482_zBd07I36 (6a5d2c48-57f2-48c5-ace5-8e780b448910)
2019-12-07 11:16:08.099 14778 RALLYDEBUG rally_openstack.cleanup.manager [-] Deleting neutron.port object s_rally_500e7482_Ed4BaISL (6aff1b87-ca0e-455e-8630-3f0c38fa3bec)
2019-12-07 11:16:08.237 14778 RALLYDEBUG rally_openstack.cleanup.manager [-] Deleting neutron.port object s_rally_500e7482_XhajQ8wz (6c49786d-6316-42be-8b96-a9ba73a43d02)
2019-12-07 11:16:08.551 14778 RALLYDEBUG rally_openstack.cleanup.manager [-] Deleting neutron.port object s_rally_500e7482_IDCRYZxO (6c82bf3c-4d20-4ea2-8a34-12f5bc7e9d99)
2019-12-07 11:16:08.584 14778 RALLYDEBUG rally_openstack.cleanup.manager [-] Deleting neutron.port object s_rally_500e7482_bZTwVqDA (6ec49d9c-b368-47d8-ae7e-2be220c8d3d4)
2019-12-07 11:16:08.808 14778 RALLYDEBUG rally_openstack.cleanup.manager [-] Deleting neutron.port object s_rally_500e7482_iawvKQFk (71d7e0de-89e0-4bb0-8c50-4c72b983b47b)
2019-12-07 11:16:08.875 14778 RALLYDEBUG rally_openstack.cleanup.manager [-] Deleting neutron.port object s_rally_500e7482_Ie6GYvqF (726f1f21-97ac-4fe4-81f4-18deefa729e3)
2019-12-07 11:16:08.979 14778 RALLYDEBUG rally_openstack.cleanup.manager [-] Deleting neutron.port object s_rally_500e7482_TLWMivs5 (78e1ae48-b1a6-48a7-a13a-291577c71407)
2019-12-07 11:16:09.003 14778 RALLYDEBUG rally_openstack.cleanup.manager [-] Deleting neutron.port object s_rally_500e7482_rngrpWfd (79963c75-c7a4-4f73-8d4a-df89e6e5b93f)
2019-12-07 11:16:09.074 14778 RALLYDEBUG rally_openstack.cleanup.manager [-] Deleting neutron.port object s_rally_500e7482_Wr5qD2PE (7a044ba9-032d-442c-9e93-5ff35641d6e0)
2019-12-07 11:16:09.104 14778 RALLYDEBUG rally_openstack.cleanup.manager [-] Deleting neutron.port object s_rally_500e7482_OQ5ZiSIK (7a3685b1-9286-4e3a-b783-377d45313290)
2019-12-07 11:16:09.335 14778 RALLYDEBUG rally_openstack.cleanup.manager [-] Deleting neutron.port object s_rally_500e7482_JxOFlKzm (7a5fec04-fe4b-48cd-b641-1020b380e202)
2019-12-07 11:16:09.352 14778 RALLYDEBUG rally_openstack.cleanup.manager [-] Deleting neutron.port object s_rally_500e7482_TYIHgXNh (7a6b4d13-552d-453c-b8f5-b9339f8cde5c)
2019-12-07 11:16:09.386 14778 RALLYDEBUG rally_openstack.cleanup.manager [-] Deleting neutron.port object s_rally_500e7482_uvBNMN1B (7ba4fa98-ffcb-4666-8d27-200ef07e0e3a)
2019-12-07 11:16:09.483 14778 RALLYDEBUG rally_openstack.cleanup.manager [-] Deleting neutron.port object s_rally_500e7482_r8ayM3gf (7d0db822-e666-434c-b4d4-c97961c7bd93)
2019-12-07 11:16:09.596 14778 RALLYDEBUG rally_openstack.cleanup.manager [-] Deleting neutron.port object s_rally_500e7482_UzdOIByA (7fe706d3-f57f-4d24-895a-1c5bf93a1161)
2019-12-07 11:16:09.615 14778 RALLYDEBUG rally_openstack.cleanup.manager [-] Deleting neutron.port object s_rally_500e7482_3KbU4Prg (812a5cab-e816-4416-8f29-dab9a8cf05ce)
2019-12-07 11:16:09.725 14778 RALLYDEBUG rally_openstack.cleanup.manager [-] Deleting neutron.port object s_rally_500e7482_Myc3bq9Z (82626e7e-6f1b-414e-91fb-1b8358b570cd)
2019-12-07 11:16:09.798 14778 RALLYDEBUG rally_openstack.cleanup.manager [-] Deleting neutron.port object s_rally_500e7482_wKUhdFHA (846068f8-6ec6-440d-9974-bfd66fc5363d)
2019-12-07 11:16:09.921 14778 RALLYDEBUG rally_openstack.cleanup.manager [-] Deleting neutron.port object s_rally_500e7482_fuXtHDFV (8afff153-d2b4-43c3-96e4-41568d76009a)
2019-12-07 11:16:09.951 14778 RALLYDEBUG rally_openstack.cleanup.manager [-] Deleting neutron.port object s_rally_500e7482_tUoCdui1 (8b306db7-464f-4391-a571-4f2bf96a4b6a)
2019-12-07 11:16:10.276 14778 RALLYDEBUG rally_openstack.cleanup.manager [-] Deleting neutron.port object s_rally_500e7482_OLCI0ZM2 (8c225f72-20e7-4378-8fee-0c8158e7484e)
2019-12-07 11:16:10.416 14778 RALLYDEBUG rally_openstack.cleanup.manager [-] Deleting neutron.port object s_rally_500e7482_Nh06prGf (8e17dad7-d3f4-478a-82f0-a007b22b26db)
2019-12-07 11:16:10.445 14778 RALLYDEBUG rally_openstack.cleanup.manager [-] Deleting neutron.port object s_rally_500e7482_uuSC7BrW (907158e4-811b-4ed4-8193-cc8b3cc07095)
2019-12-07 11:16:10.716 14778 RALLYDEBUG rally_openstack.cleanup.manager [-] Deleting neutron.port object s_rally_500e7482_xvJJzLVP (90e6b473-6b6f-4bd3-bb3f-0c0343e80640)
2019-12-07 11:16:10.844 14778 RALLYDEBUG rally_openstack.cleanup.manager [-] Deleting neutron.port object s_rally_500e7482_Xwg5Mpwz (926b684b-326f-4007-9189-566b46e24a28)
2019-12-07 11:16:10.874 14778 RALLYDEBUG rally_openstack.cleanup.manager [-] Deleting neutron.port object s_rally_500e7482_P8UkrEUm (945c4cd4-6de4-4659-8f96-9dfa84cce91d)
2019-12-07 11:16:10.969 14778 RALLYDEBUG rally_openstack.cleanup.manager [-] Deleting neutron.port object s_rally_500e7482_aHhJQFMi (94bdfeb0-dc6e-4e6d-bc81-5396b89359b8)
2019-12-07 11:16:11.230 14778 RALLYDEBUG rally_openstack.cleanup.manager [-] Deleting neutron.port object s_rally_500e7482_20yYr4k4 (98cbc946-d984-4b40-a22c-49b3081f4453)
2019-12-07 11:16:11.374 14778 RALLYDEBUG rally_openstack.cleanup.manager [-] Deleting neutron.port object s_rally_500e7482_rym29urC (99270d83-f197-44c0-94c1-405b133fb7e8)
2019-12-07 11:16:11.384 14778 RALLYDEBUG rally_openstack.cleanup.manager [-] Deleting neutron.port object s_rally_500e7482_WVfkcvLl (993afeb2-8b9a-4e7c-a783-a840cf679b55)
2019-12-07 11:16:11.414 14778 RALLYDEBUG rally_openstack.cleanup.manager [-] Deleting neutron.port object s_rally_500e7482_36xm6eUg (9d6bd4a9-ecb3-49d8-8d06-d5adaf6fb16e)
2019-12-07 11:16:11.466 14778 RALLYDEBUG rally_openstack.cleanup.manager [-] Deleting neutron.port object s_rally_500e7482_3kPyAyLL (9eee14de-6011-4064-96f6-d1e6c359fe0e)
2019-12-07 11:16:11.660 14778 RALLYDEBUG rally_openstack.cleanup.manager [-] Deleting neutron.port object s_rally_500e7482_TNG873EP (a18d6004-e124-4d61-92b4-35230b452af0)
2019-12-07 11:16:11.665 14778 RALLYDEBUG rally_openstack.cleanup.manager [-] Deleting neutron.port object s_rally_500e7482_anWQPjjV (9f94178c-a9fd-4794-9cc0-3117ca14e5fb)
2019-12-07 11:16:11.690 14778 RALLYDEBUG rally_openstack.cleanup.manager [-] Deleting neutron.port object s_rally_500e7482_obahZ7dR (a1f6544c-f41d-4fa3-ae29-2724c9d42dfe)
2019-12-07 11:16:11.717 14778 RALLYDEBUG rally_openstack.cleanup.manager [-] Deleting neutron.port object s_rally_500e7482_WC8c1tTk (a45bd08a-fb8a-47a0-b424-826ba5d322c5)
2019-12-07 11:16:11.826 14778 RALLYDEBUG rally_openstack.cleanup.manager [-] Deleting neutron.port object s_rally_500e7482_rAIBCSx6 (a4c8e01d-061e-4dbc-a593-50112205a547)
2019-12-07 11:16:11.910 14778 RALLYDEBUG rally_openstack.cleanup.manager [-] Deleting neutron.port object s_rally_500e7482_78U4cioi (a5c941bf-a83a-48aa-88f2-20007df9fab7)
2019-12-07 11:16:12.165 14778 RALLYDEBUG rally_openstack.cleanup.manager [-] Deleting neutron.port object s_rally_500e7482_9UBtuwRY (aa7517e2-98b3-4246-a01e-35889d947110)
2019-12-07 11:16:12.269 14778 RALLYDEBUG rally_openstack.cleanup.manager [-] Deleting neutron.port object s_rally_500e7482_NobvSQFT (aaa617f0-71cb-441b-a89e-ac0926042613)
2019-12-07 11:16:12.339 14778 RALLYDEBUG rally_openstack.cleanup.manager [-] Deleting neutron.port object s_rally_500e7482_nfInBp1E (aca9d872-27de-4ecf-bfbf-c68dc507d1db)
2019-12-07 11:16:12.455 14778 RALLYDEBUG rally_openstack.cleanup.manager [-] Deleting neutron.port object s_rally_500e7482_FyCd0Y0X (accd07ed-3ee6-4a49-b039-e3fb1e737ee4)
2019-12-07 11:16:12.462 14778 RALLYDEBUG rally_openstack.cleanup.manager [-] Deleting neutron.port object s_rally_500e7482_19bw0vvA (adf3e473-889b-4a33-9931-97362870887d)
2019-12-07 11:16:12.743 14778 RALLYDEBUG rally_openstack.cleanup.manager [-] Deleting neutron.port object s_rally_500e7482_z66sWN3h (b097cd2f-ae37-4d36-bd03-79be740ead08)
2019-12-07 11:16:12.869 14778 RALLYDEBUG rally_openstack.cleanup.manager [-] Deleting neutron.port object s_rally_500e7482_eDXNvNYn (b1b757b3-e0c4-48b9-80be-38c80d52ab02)
2019-12-07 11:16:12.962 14778 RALLYDEBUG rally_openstack.cleanup.manager [-] Deleting neutron.port object s_rally_500e7482_SqpBZg01 (b34a3452-ee2a-43ba-ab2d-a2706b5f7448)
2019-12-07 11:16:12.998 14778 RALLYDEBUG rally_openstack.cleanup.manager [-] Deleting neutron.port object s_rally_500e7482_ewqFVmFM (b3c0d747-cdff-487c-a675-fbc418af2b78)
2019-12-07 11:16:13.149 14778 RALLYDEBUG rally_openstack.cleanup.manager [-] Deleting neutron.port object s_rally_500e7482_apk5UE3o (b6b916c1-c896-4045-9261-f49e167cae96)
2019-12-07 11:16:13.328 14778 RALLYDEBUG rally_openstack.cleanup.manager [-] Deleting neutron.port object s_rally_500e7482_yFAf3EBS (b75426bd-29c5-4281-9cc0-a81cf2c52508)
2019-12-07 11:16:13.357 14778 RALLYDEBUG rally_openstack.cleanup.manager [-] Deleting neutron.port object s_rally_500e7482_CbHKI2gR (b8cc2e93-ee2f-4f0d-af2a-cfdce1b08435)
2019-12-07 11:16:13.441 14778 RALLYDEBUG rally_openstack.cleanup.manager [-] Deleting neutron.port object s_rally_500e7482_1cXfHESz (bb3241f1-9d28-4f63-8e43-663d0dfe0e87)
2019-12-07 11:16:13.632 14778 RALLYDEBUG rally_openstack.cleanup.manager [-] Deleting neutron.port object s_rally_500e7482_oSybwANh (bb84702d-1589-49b0-965f-83c455499467)
2019-12-07 11:16:13.641 14778 RALLYDEBUG rally_openstack.cleanup.manager [-] Deleting neutron.port object s_rally_500e7482_zGg5TLh8 (bc1c0bb0-03f1-4f3f-aa1c-233b1568cf42)
2019-12-07 11:16:13.742 14778 RALLYDEBUG rally_openstack.cleanup.manager [-] Deleting neutron.port object s_rally_500e7482_heUIe4NY (bcbf6666-ef6e-488a-8041-47bfc403d747)
2019-12-07 11:16:13.783 14778 RALLYDEBUG rally_openstack.cleanup.manager [-] Deleting neutron.port object s_rally_500e7482_VR8aGoH4 (bd32697a-e2c7-46ad-a379-d658514b6172)
2019-12-07 11:16:13.819 14778 RALLYDEBUG rally_openstack.cleanup.manager [-] Deleting neutron.port object s_rally_500e7482_9XS4vaTw (bde20cb1-f0c5-4131-b3f6-1dacbafef31a)
2019-12-07 11:16:13.840 14778 RALLYDEBUG rally_openstack.cleanup.manager [-] Deleting neutron.port object s_rally_500e7482_AVIRcDzv (be32db8b-3b12-410f-88e7-902bee8a328d)
2019-12-07 11:16:14.043 14778 RALLYDEBUG rally_openstack.cleanup.manager [-] Deleting neutron.port object s_rally_500e7482_rDlenpnn (be9af9e8-0af7-434b-b9a4-e018e84e70fb)
2019-12-07 11:16:14.077 14778 RALLYDEBUG rally_openstack.cleanup.manager [-] Deleting neutron.port object s_rally_500e7482_79QypmCv (bf3d23c7-df59-4af7-91e3-7b57c3b660f6)
2019-12-07 11:16:14.195 14778 RALLYDEBUG rally_openstack.cleanup.manager [-] Deleting neutron.port object s_rally_500e7482_idAmd2bz (bfa6c1be-5807-495d-989b-6a8f0cfa7e71)
2019-12-07 11:16:14.372 14778 RALLYDEBUG rally_openstack.cleanup.manager [-] Deleting neutron.port object s_rally_500e7482_e1y8ExYR (c012c423-154a-4894-a366-e530c6becb13)
2019-12-07 11:16:14.379 14778 RALLYDEBUG rally_openstack.cleanup.manager [-] Deleting neutron.port object s_rally_500e7482_iYcSInhr (c0cab20e-55ef-47d1-80d5-67a6da3fab53)
2019-12-07 11:16:14.659 14778 RALLYDEBUG rally_openstack.cleanup.manager [-] Deleting neutron.port object s_rally_500e7482_Q5z7xpxJ (c2a57558-e663-4732-8869-29263fb374bb)
2019-12-07 11:16:14.704 14778 RALLYDEBUG rally_openstack.cleanup.manager [-] Deleting neutron.port object s_rally_500e7482_If5zNXVE (c3f2921d-971b-4d56-8018-cbf93c645705)
2019-12-07 11:16:14.913 14778 RALLYDEBUG rally_openstack.cleanup.manager [-] Deleting neutron.port object s_rally_500e7482_tbPjt9fl (c4c6162f-c27d-40cb-8f59-a0ef929759a1)
2019-12-07 11:16:14.996 14778 RALLYDEBUG rally_openstack.cleanup.manager [-] Deleting neutron.port object s_rally_500e7482_eeis4Ty3 (c538a8fb-6c1f-4651-a870-90ea97db8119)
2019-12-07 11:16:14.996 14778 RALLYDEBUG rally_openstack.cleanup.manager [-] Deleting neutron.port object s_rally_500e7482_S4KFuJpn (c4ed80f6-332d-4077-ac10-8fecf230c9b6)
2019-12-07 11:16:15.314 14778 RALLYDEBUG rally_openstack.cleanup.manager [-] Deleting neutron.port object s_rally_500e7482_pC8m5v2G (c7b93546-d2d7-4ec8-a64a-a2a5f80eafa6)
2019-12-07 11:16:15.347 14778 RALLYDEBUG rally_openstack.cleanup.manager [-] Deleting neutron.port object s_rally_500e7482_vgT5GD45 (c99b0ffb-cf08-4989-871f-da852f81503d)
2019-12-07 11:16:15.408 14778 RALLYDEBUG rally_openstack.cleanup.manager [-] Deleting neutron.port object s_rally_500e7482_LsSPjhnl (cdf5b740-ab2e-4ab6-a1df-91781e8f15da)
2019-12-07 11:16:15.676 14778 RALLYDEBUG rally_openstack.cleanup.manager [-] Deleting neutron.port object s_rally_500e7482_PYKC0Sz0 (ce18ec29-d9f8-4832-9660-e113363b6777)
2019-12-07 11:16:15.798 14778 RALLYDEBUG rally_openstack.cleanup.manager [-] Deleting neutron.port object s_rally_500e7482_f1Mum24I (cee19eb6-a96c-4771-a65d-ee41c88c99b0)
2019-12-07 11:16:15.902 14778 RALLYDEBUG rally_openstack.cleanup.manager [-] Deleting neutron.port object s_rally_500e7482_vxJNPOoC (cf107c1f-6a31-4e16-94fc-01357ea2f093)
2019-12-07 11:16:16.106 14778 RALLYDEBUG rally_openstack.cleanup.manager [-] Deleting neutron.port object s_rally_500e7482_my6jZiZC (d0a688cd-5a8b-4a97-900d-944f8c594f8f)
2019-12-07 11:16:16.164 14778 RALLYDEBUG rally_openstack.cleanup.manager [-] Deleting neutron.port object s_rally_500e7482_Mva3MiUI (d1f78187-9eb4-45d6-b38b-cab62fdefaa9)
2019-12-07 11:16:16.164 14778 RALLYDEBUG rally_openstack.cleanup.manager [-] Deleting neutron.port object s_rally_500e7482_ycRjYnr5 (d0ebfafa-8c7e-4f86-804d-43a3690747c7)
2019-12-07 11:16:16.272 14778 RALLYDEBUG rally_openstack.cleanup.manager [-] Deleting neutron.port object s_rally_500e7482_AotGLqzZ (d4afa0d1-3856-43ab-b337-147881a57651)
2019-12-07 11:16:16.290 14778 RALLYDEBUG rally_openstack.cleanup.manager [-] Deleting neutron.port object s_rally_500e7482_dLvf43Ps (d57e574f-26df-4dc5-8b6c-f300d00bbee5)
2019-12-07 11:16:16.365 14778 RALLYDEBUG rally_openstack.cleanup.manager [-] Deleting neutron.port object s_rally_500e7482_H80cf6zm (d5b4ac07-01fd-4cf1-9bec-7d4079c7f2dd)
2019-12-07 11:16:16.430 14778 RALLYDEBUG rally_openstack.cleanup.manager [-] Deleting neutron.port object s_rally_500e7482_WLiiQnTm (d6291b8e-ce28-4d93-bbb9-89c1d0fa74da)
2019-12-07 11:16:16.430 14778 RALLYDEBUG rally_openstack.cleanup.manager [-] Deleting neutron.port object s_rally_500e7482_hUwBYkSd (d5bd27c6-4d7d-4896-9f88-a0ef8d9d8a2e)
2019-12-07 11:16:16.483 14778 RALLYDEBUG rally_openstack.cleanup.manager [-] Deleting neutron.port object s_rally_500e7482_IOdUcu4Q (d6446dc2-5ba4-411d-84fd-57d4028728e1)
2019-12-07 11:16:16.688 14778 RALLYDEBUG rally_openstack.cleanup.manager [-] Deleting neutron.port object s_rally_500e7482_bqbQ3Ukc (d697f65b-fceb-4a24-a3fe-6edd3bcbe7b1)
2019-12-07 11:16:16.806 14778 RALLYDEBUG rally_openstack.cleanup.manager [-] Deleting neutron.port object s_rally_500e7482_65XILIJe (d6bc188b-a5f0-4a93-be67-3e5a34c1b34e)
2019-12-07 11:16:17.112 14778 RALLYDEBUG rally_openstack.cleanup.manager [-] Deleting neutron.port object s_rally_500e7482_gdObLNYM (d7ae6f55-43f2-4dc1-b864-8c8d24e70cb3)
2019-12-07 11:16:17.241 14778 RALLYDEBUG rally_openstack.cleanup.manager [-] Deleting neutron.port object s_rally_500e7482_gQro4bb0 (d7c6f941-f5a5-41ff-8286-a6fcb59f0115)
2019-12-07 11:16:17.243 14778 RALLYDEBUG rally_openstack.cleanup.manager [-] Deleting neutron.port object s_rally_500e7482_Z5aZJIy0 (da793a1b-e17f-4836-aead-4a6453c84ca3)
2019-12-07 11:16:17.276 14778 RALLYDEBUG rally_openstack.cleanup.manager [-] Deleting neutron.port object s_rally_500e7482_IaVHcCAL (dbf73485-1bb8-4fab-bdf2-e5c93c5b2425)
2019-12-07 11:16:17.384 14778 RALLYDEBUG rally_openstack.cleanup.manager [-] Deleting neutron.port object s_rally_500e7482_hUq50SP4 (dd6ee2b8-138e-46d7-a4cd-99bbfab785cf)
2019-12-07 11:16:17.523 14778 RALLYDEBUG rally_openstack.cleanup.manager [-] Deleting neutron.port object s_rally_500e7482_AhzRJk3N (de1ef2de-5223-407e-b2d5-7e113d49cc15)
2019-12-07 11:16:17.545 14778 RALLYDEBUG rally_openstack.cleanup.manager [-] Deleting neutron.port object s_rally_500e7482_5wdx0h5u (de4aa1b3-5ed3-4765-a6c4-a40f40cef9f9)
2019-12-07 11:16:17.821 14778 RALLYDEBUG rally_openstack.cleanup.manager [-] Deleting neutron.port object s_rally_500e7482_5gRkxS0r (dfc2d151-2ad0-49fd-ad11-1893eafcb8a8)
2019-12-07 11:16:18.057 14778 RALLYDEBUG rally_openstack.cleanup.manager [-] Deleting neutron.port object s_rally_500e7482_6sp0TCL8 (e009a642-8fa7-4763-82b0-867e051ca4ca)
2019-12-07 11:16:18.075 14778 RALLYDEBUG rally_openstack.cleanup.manager [-] Deleting neutron.port object s_rally_500e7482_rQapXwiV (e0d1297a-b100-455b-8108-e1b24e82a9d6)
2019-12-07 11:16:18.095 14778 RALLYDEBUG rally_openstack.cleanup.manager [-] Deleting neutron.port object s_rally_500e7482_LY28Sqg2 (e198fb60-22a4-4343-b6ec-1c180dae5742)
2019-12-07 11:16:18.252 14778 RALLYDEBUG rally_openstack.cleanup.manager [-] Deleting neutron.port object s_rally_500e7482_VVFS5aDK (e2880009-45e0-4e16-ac66-6508899ffcd6)
2019-12-07 11:16:18.265 14778 RALLYDEBUG rally_openstack.cleanup.manager [-] Deleting neutron.port object s_rally_500e7482_BJrfMp6h (e3f65b8f-4afe-48af-9d9d-1a51034fcb32)
2019-12-07 11:16:18.279 14778 RALLYDEBUG rally_openstack.cleanup.manager [-] Deleting neutron.port object s_rally_500e7482_z1RCujkB (e40dec71-97a2-49ce-bce9-72aeaa46ecf1)
2019-12-07 11:16:18.381 14778 RALLYDEBUG rally_openstack.cleanup.manager [-] Deleting neutron.port object s_rally_500e7482_qnIy05m7 (e504df43-0d8d-4339-b174-eae29ca6ee9c)
2019-12-07 11:16:18.409 14778 RALLYDEBUG rally_openstack.cleanup.manager [-] Deleting neutron.port object s_rally_500e7482_S2Ox9k2C (e7580e77-a813-47ad-a532-992399636348)
2019-12-07 11:16:18.584 14778 RALLYDEBUG rally_openstack.cleanup.manager [-] Deleting neutron.port object s_rally_500e7482_cMlsfINx (eadab09e-ca56-4e68-927f-0160dde6395f)
2019-12-07 11:16:18.615 14778 RALLYDEBUG rally_openstack.cleanup.manager [-] Deleting neutron.port object s_rally_500e7482_PnjEjEG7 (ebe87d1e-09b1-49a7-8a49-21078e7c8695)
2019-12-07 11:16:18.648 14778 RALLYDEBUG rally_openstack.cleanup.manager [-] Deleting neutron.port object s_rally_500e7482_oNs1FQJ5 (ed2a4dc3-26b2-45ed-86ac-f75fa2e18db0)
2019-12-07 11:16:19.049 14778 RALLYDEBUG rally_openstack.cleanup.manager [-] Deleting neutron.port object s_rally_500e7482_Oy3B08pM (eea7cf55-e71e-4531-a8cb-d168b62e0b85)
2019-12-07 11:16:19.178 14778 RALLYDEBUG rally_openstack.cleanup.manager [-] Deleting neutron.port object s_rally_500e7482_RCCZnnzG (ef8b5193-5a4a-48b3-93cf-9c2489ffd391)
2019-12-07 11:16:19.189 14778 RALLYDEBUG rally_openstack.cleanup.manager [-] Deleting neutron.port object s_rally_500e7482_9HfABKl7 (f27c6172-9545-440c-afcf-337d9a596f12)
2019-12-07 11:16:19.343 14778 RALLYDEBUG rally_openstack.cleanup.manager [-] Deleting neutron.port object s_rally_500e7482_8Vh32928 (f2ce6ac5-ed0f-466d-8fb7-368205b56765)
2019-12-07 11:16:19.572 14778 RALLYDEBUG rally_openstack.cleanup.manager [-] Deleting neutron.port object s_rally_500e7482_U4ixxkav (f5807a7f-b7d6-4344-a198-5d4aeae74f67)
2019-12-07 11:16:19.589 14778 RALLYDEBUG rally_openstack.cleanup.manager [-] Deleting neutron.port object s_rally_500e7482_e7KVjmID (f5b94027-01cb-4328-95da-61db8ce5554b)
2019-12-07 11:16:19.665 14778 RALLYDEBUG rally_openstack.cleanup.manager [-] Deleting neutron.port object s_rally_500e7482_cPHdAtPb (f656baf5-30ff-493f-9c83-104b80f9c669)
2019-12-07 11:16:19.717 14778 RALLYDEBUG rally_openstack.cleanup.manager [-] Deleting neutron.port object s_rally_500e7482_CXo3gMzE (f6ace493-2eb1-4013-8107-a994f60ba7d4)
2019-12-07 11:16:19.725 14778 RALLYDEBUG rally_openstack.cleanup.manager [-] Deleting neutron.port object s_rally_500e7482_5fbpvhp8 (f6d7a4e2-cf25-4497-a13d-96cbb68249c9)
2019-12-07 11:16:20.005 14778 RALLYDEBUG rally_openstack.cleanup.manager [-] Deleting neutron.port object s_rally_500e7482_YlrWb5Cv (f9758a0d-0224-4126-b60c-7e0bf5c7abe6)
2019-12-07 11:16:20.021 14778 RALLYDEBUG rally_openstack.cleanup.manager [-] Deleting neutron.port object s_rally_500e7482_AG3hme0m (fb31740c-eeb2-4dea-82a1-ede83296c899)
2019-12-07 11:16:20.304 14778 RALLYDEBUG rally_openstack.cleanup.manager [-] Deleting neutron.port object s_rally_500e7482_ViHDnY8H (fb7263be-8ce4-49cc-937f-1d19a5aabe85)
2019-12-07 11:16:20.322 14778 RALLYDEBUG rally_openstack.cleanup.manager [-] Deleting neutron.port object s_rally_500e7482_X8pitwTA (fef4ecb1-8e0b-4f51-8369-fe713ebf88c3)
2019-12-07 11:16:22.418 14778 RALLYDEBUG rally_openstack.cleanup.manager [-] Cleaning up neutron subnet objects
2019-12-07 11:16:22.832 14778 RALLYDEBUG rally_openstack.cleanup.manager [-] Cleaning up neutron network objects
2019-12-07 11:16:23.356 14778 RALLYDEBUG rally_openstack.cleanup.manager [-] Deleting neutron.network object s_rally_500e7482_sz05cxxr (12ae9062-0416-4777-82bd-ec85f0c4da4c)
2019-12-07 11:16:23.366 14778 RALLYDEBUG rally_openstack.cleanup.manager [-] Deleting neutron.network object s_rally_500e7482_DT1W8UBP (1755b5ed-fdfa-4a77-8d9e-623d693332dc)
2019-12-07 11:16:23.379 14778 RALLYDEBUG rally_openstack.cleanup.manager [-] Deleting neutron.network object s_rally_500e7482_zR8ohwcf (27edf148-a39c-4569-bbe6-59b149a35252)
2019-12-07 11:16:23.379 14778 RALLYDEBUG rally_openstack.cleanup.manager [-] Deleting neutron.network object s_rally_500e7482_W1uU8B30 (2a3ac59c-e1a6-4e26-8a04-e14b8d87eb34)
2019-12-07 11:16:23.395 14778 RALLYDEBUG rally_openstack.cleanup.manager [-] Deleting neutron.network object s_rally_500e7482_04z2zEvp (2bbcfb2a-834d-4c56-979d-b9ba0891c99e)
2019-12-07 11:16:23.397 14778 RALLYDEBUG rally_openstack.cleanup.manager [-] Deleting neutron.network object s_rally_500e7482_k5mI4EcB (323e2403-aff9-4ae8-bac5-60fd4b5dc39e)
2019-12-07 11:16:23.406 14778 RALLYDEBUG rally_openstack.cleanup.manager [-] Deleting neutron.network object s_rally_500e7482_8qi1afdF (333880dd-8b06-4c86-a42a-9c2be67d4171)
2019-12-07 11:16:23.427 14778 RALLYDEBUG rally_openstack.cleanup.manager [-] Deleting neutron.network object s_rally_500e7482_8hr0s0R9 (34d8aef3-4cb2-4dd9-a01f-c12cf7c2b06d)
2019-12-07 11:16:23.428 14778 RALLYDEBUG rally_openstack.cleanup.manager [-] Deleting neutron.network object s_rally_500e7482_PDTLrqDh (3ba5bc4c-34c6-48da-b46e-8bb0c33fec7b)
2019-12-07 11:16:23.430 14778 RALLYDEBUG rally_openstack.cleanup.manager [-] Deleting neutron.network object s_rally_500e7482_K3mCVNF5 (3ac91474-1bc4-4e9d-86fe-ead27bbabc43)
2019-12-07 11:16:23.450 14778 RALLYDEBUG rally_openstack.cleanup.manager [-] Deleting neutron.network object s_rally_500e7482_fGxbtGsq (43fe69a5-a073-4501-8c74-82ac6a92ec12)
2019-12-07 11:16:23.453 14778 RALLYDEBUG rally_openstack.cleanup.manager [-] Deleting neutron.network object s_rally_500e7482_Yq6ejUqJ (40aaabf9-e4fd-4957-8a9d-27c3cbee7ae4)
2019-12-07 11:16:23.461 14778 RALLYDEBUG rally_openstack.cleanup.manager [-] Deleting neutron.network object s_rally_500e7482_WSYuaCKV (77ba81a7-28cc-4541-8f2a-b640f01945bd)
2019-12-07 11:16:23.466 14778 RALLYDEBUG rally_openstack.cleanup.manager [-] Deleting neutron.network object s_rally_500e7482_ItV1AUJe (47da11f9-1b50-4021-9183-1eac2243d413)
2019-12-07 11:16:23.519 14778 RALLYDEBUG rally_openstack.cleanup.manager [-] Deleting neutron.network object s_rally_500e7482_Bn7iAExd (56ac3e75-c4ea-4b86-ae7c-a4f11f1ac5b6)
2019-12-07 11:16:23.553 14778 RALLYDEBUG rally_openstack.cleanup.manager [-] Deleting neutron.network object s_rally_500e7482_NlEV2eUB (9255a77b-80a3-49ef-b780-6f07393dfe45)
2019-12-07 11:16:23.570 14778 RALLYDEBUG rally_openstack.cleanup.manager [-] Deleting neutron.network object s_rally_500e7482_gUuCMF4x (898b9226-de4c-4730-8c48-7880c9f6a6ed)
2019-12-07 11:16:23.584 14778 RALLYDEBUG rally_openstack.cleanup.manager [-] Deleting neutron.network object s_rally_500e7482_aKPwKX7D (a2f0f3de-7c22-4c54-ac16-03ec0cd02677)
2019-12-07 11:16:23.596 14778 RALLYDEBUG rally_openstack.cleanup.manager [-] Deleting neutron.network object s_rally_500e7482_nWLLnjeG (7d7ee811-bf23-438b-89e3-a0a4cc508f77)
2019-12-07 11:16:23.605 14778 RALLYDEBUG rally_openstack.cleanup.manager [-] Deleting neutron.network object s_rally_500e7482_wI4jxgoc (99a62bbb-2837-41e9-95c5-360a80084553)
2019-12-07 11:16:25.957 14778 RALLYDEBUG rally_openstack.cleanup.manager [-] Deleting neutron.network object s_rally_500e7482_eO3Rm6qz (aead0d95-741a-4fc4-8072-c6d87f44a2a9)
2019-12-07 11:16:26.241 14778 RALLYDEBUG rally_openstack.cleanup.manager [-] Deleting neutron.network object s_rally_500e7482_rkL4TRMR (b5b2a153-3ef0-424d-b130-bcbea4e64011)
2019-12-07 11:16:26.268 14778 RALLYDEBUG rally_openstack.cleanup.manager [-] Deleting neutron.network object s_rally_500e7482_yYdAed71 (bbe0b882-07a4-4eea-8c8d-04ee44b24638)
2019-12-07 11:16:26.371 14778 RALLYDEBUG rally_openstack.cleanup.manager [-] Deleting neutron.network object s_rally_500e7482_GTkh2ZF2 (c597ecfb-0d5b-4c3e-a4e6-9f7ec61c878d)
2019-12-07 11:16:26.449 14778 RALLYDEBUG rally_openstack.cleanup.manager [-] Deleting neutron.network object s_rally_500e7482_F5ZeAy2s (cc17cbe5-5add-415f-aee8-2a5d1f1aff50)
2019-12-07 11:16:26.533 14778 RALLYDEBUG rally_openstack.cleanup.manager [-] Deleting neutron.network object s_rally_500e7482_C75UbPoM (cf29396f-444f-40f6-9f51-2b84948281b3)
2019-12-07 11:16:26.695 14778 RALLYDEBUG rally_openstack.cleanup.manager [-] Deleting neutron.network object s_rally_500e7482_NuD6VDHy (cfe71d2f-dc51-4ef7-824d-832869122ad5)
2019-12-07 11:16:26.701 14778 RALLYDEBUG rally_openstack.cleanup.manager [-] Deleting neutron.network object s_rally_500e7482_d9IthqzQ (d48e89a6-a4e7-410c-be1c-be5b9a2b6255)
2019-12-07 11:16:26.822 14778 RALLYDEBUG rally_openstack.cleanup.manager [-] Deleting neutron.network object s_rally_500e7482_5aShB2xA (d4f17447-1e35-4584-a27a-53bacff730e8)
2019-12-07 11:16:26.845 14778 RALLYDEBUG rally_openstack.cleanup.manager [-] Deleting neutron.network object s_rally_500e7482_QTDt41iB (d8951389-88ed-4376-88c1-6b28c8c4ff57)
2019-12-07 11:16:26.867 14778 RALLYDEBUG rally_openstack.cleanup.manager [-] Deleting neutron.network object s_rally_500e7482_HDnyX9Zr (e10db992-344f-401e-82d1-6a517a3b493a)
2019-12-07 11:16:26.905 14778 RALLYDEBUG rally_openstack.cleanup.manager [-] Deleting neutron.network object s_rally_500e7482_PKMlDqWz (e27e35ed-826b-4ec8-9f62-22edc9807ff5)
2019-12-07 11:16:26.952 14778 RALLYDEBUG rally_openstack.cleanup.manager [-] Deleting neutron.network object s_rally_500e7482_EPLLSJDh (e69e1670-4716-47e4-a167-1ff044949a61)
2019-12-07 11:16:27.019 14778 RALLYDEBUG rally_openstack.cleanup.manager [-] Deleting neutron.network object s_rally_500e7482_BKzJZNuX (edca7668-ffe5-4cd3-b915-7e987ce25dda)
2019-12-07 11:16:27.028 14778 RALLYDEBUG rally_openstack.cleanup.manager [-] Deleting neutron.network object s_rally_500e7482_Zh0oiJMz (f27fe14b-be76-47f8-b4d1-1ae0adb2acaf)
2019-12-07 11:16:27.349 14778 RALLYDEBUG rally_openstack.cleanup.manager [-] Deleting neutron.network object s_rally_500e7482_YL98PMsk (f7e72173-746e-4414-a5b8-37a55689a846)
2019-12-07 11:16:27.349 14778 RALLYDEBUG rally_openstack.cleanup.manager [-] Deleting neutron.network object s_rally_500e7482_hzkJ2DdS (f922c6fc-e07b-4e44-9e05-d39787978488)
2019-12-07 11:16:27.722 14778 RALLYDEBUG rally_openstack.cleanup.manager [-] Deleting neutron.network object s_rally_500e7482_4ZYuhDDe (f947f601-0676-4ae8-bf6c-2d1c53355c1a)
2019-12-07 11:16:27.724 14778 RALLYDEBUG rally_openstack.cleanup.manager [-] Deleting neutron.network object s_rally_500e7482_Ef9oentX (fac48cd0-4eaa-44a5-84df-c0b625a75dcd)
2019-12-07 11:16:27.746 14778 RALLYDEBUG rally_openstack.cleanup.manager [-] Deleting neutron.network object s_rally_500e7482_AOcfd6Ps (fb4f5f70-4222-4605-8f5d-3a70189ed0b6)
2019-12-07 11:16:30.426 14778 RALLYDEBUG rally_openstack.cleanup.manager [-] Cleaning up neutron router objects
2019-12-07 11:16:30.856 14778 RALLYDEBUG rally_openstack.cleanup.manager [-] Cleaning up neutron security_group objects
2019-12-07 11:16:31.270 14778 INFO rally.task.context [-] Task 48f87f48-66eb-4675-8a05-69e4a23c1674 | Context cleanup@openstack cleanup() finished in 35.10 sec
2019-12-07 11:16:31.270 14778 INFO rally.task.context [-] Task 48f87f48-66eb-4675-8a05-69e4a23c1674 | Context quotas@openstack cleanup() started
2019-12-07 11:16:31.347 14778 INFO rally.task.context [-] Task 48f87f48-66eb-4675-8a05-69e4a23c1674 | Context quotas@openstack cleanup() finished in 76.81 msec
2019-12-07 11:16:31.348 14778 INFO rally.task.context [-] Task 48f87f48-66eb-4675-8a05-69e4a23c1674 | Context users@openstack cleanup() started
2019-12-07 11:16:34.056 14778 INFO rally.task.context [-] Task 48f87f48-66eb-4675-8a05-69e4a23c1674 | Context users@openstack cleanup() finished in 2.71 sec
2019-12-07 11:16:34.845 14778 INFO rally.task.engine [-] Load duration is: 24.76364
2019-12-07 11:16:34.845 14778 INFO rally.task.engine [-] Full runner duration is: 24.823467
2019-12-07 11:16:34.845 14778 INFO rally.task.engine [-] Full duration is: 65.511653
2019-12-07 11:16:35.128 14778 INFO rally.task.engine [-] Running workload: position = 2 config = { "version": 2, "title": "A cropped version of a bigger task.", "description": "Auto-generated task from a single workload (uuid=ad6a3aeb-8097-4b93-a95c-45af7919a2a2)", "subtasks": [ { "title": "NeutronNetworks.create_and_delete_ports", "description": "Create and delete a port.", "scenario": { "NeutronNetworks.create_and_delete_ports": { "network_create_args": {}, "port_create_args": {}, "ports_per_network": 5 } }, "contexts": { "users": { "tenants": 1, "users_per_tenant": 1 }, "quotas": { "neutron": { "network": -1, "port": -1 } } }, "runner": { "constant": { "times": 40, "concurrency": 20 } }, "hooks": [], "sla": { "failure_rate": { "max": 0 } } } ] }
2019-12-07 11:16:35.156 14778 RALLYDEBUG rally_openstack.contexts.keystone.users [-] Creating 1 tenants using 20 threads
2019-12-07 11:16:36.047 14778 RALLYDEBUG rally_openstack.contexts.keystone.users [-] Creating 1 users using 20 threads
2019-12-07 11:16:37.391 14778 INFO rally.task.context [-] Task 48f87f48-66eb-4675-8a05-69e4a23c1674 | Context users@openstack setup() finished in 2.23 sec
2019-12-07 11:16:37.907 14778 INFO rally.task.context [-] Task 48f87f48-66eb-4675-8a05-69e4a23c1674 | Context quotas@openstack setup() finished in 0.52 sec
2019-12-07 11:16:37.907 14778 INFO rally.task.context [-] Task 48f87f48-66eb-4675-8a05-69e4a23c1674 | Context cleanup@openstack setup() finished in 0.00 msec
2019-12-07 11:16:37.916 14778 RALLYDEBUG rally.task.runner [-] Starting the constant runner (task UUID: 48f87f48-66eb-4675-8a05-69e4a23c1674). timeout: 0 concurrency: 20 concurrency_per_worker: 1 times: 40 concurrency_overhead: 4 processes_to_start: 16 max_cpu_used: 16
2019-12-07 11:16:37.931 19244 RALLYDEBUG rally.task.runner [-] Starting a worker. concurrency: 2 args: {"network_create_args": {}, "port_create_args": {}, "ports_per_network": 5} times: 40 method_name: run timeout: 0 duration: None cls:
2019-12-07 11:16:37.934 19245 RALLYDEBUG rally.task.runner [-] Starting a worker. concurrency: 2 args: {"network_create_args": {}, "port_create_args": {}, "ports_per_network": 5} times: 40 method_name: run timeout: 0 duration: None cls:
2019-12-07 11:16:37.937 19246 RALLYDEBUG rally.task.runner [-] Starting a worker. concurrency: 2 args: {"network_create_args": {}, "port_create_args": {}, "ports_per_network": 5} times: 40 method_name: run timeout: 0 duration: None cls:
2019-12-07 11:16:37.940 19247 RALLYDEBUG rally.task.runner [-] Starting a worker. concurrency: 2 args: {"network_create_args": {}, "port_create_args": {}, "ports_per_network": 5} times: 40 method_name: run timeout: 0 duration: None cls:
2019-12-07 11:16:37.943 19244 INFO rally.task.runner [-] Task 48f87f48-66eb-4675-8a05-69e4a23c1674 | ITER: 1 START
2019-12-07 11:16:37.943 19245 INFO rally.task.runner [-] Task 48f87f48-66eb-4675-8a05-69e4a23c1674 | ITER: 2 START
2019-12-07 11:16:37.944 19248 RALLYDEBUG rally.task.runner [-] Starting a worker. concurrency: 1 args: {"network_create_args": {}, "port_create_args": {}, "ports_per_network": 5} times: 40 method_name: run timeout: 0 duration: None cls:
2019-12-07 11:16:37.944 19245 WARNING rally_openstack.scenarios.neutron.utils [-] Running this scenario without either the 'network' or 'existing_network' context is deprecated
2019-12-07 11:16:37.944 19244 WARNING rally_openstack.scenarios.neutron.utils [-] Running this scenario without either the 'network' or 'existing_network' context is deprecated
2019-12-07 11:16:37.946 19246 INFO rally.task.runner [-] Task 48f87f48-66eb-4675-8a05-69e4a23c1674 | ITER: 4 START
2019-12-07 11:16:37.948 19251 RALLYDEBUG rally.task.runner [-] Starting a worker. concurrency: 1 args: {"network_create_args": {}, "port_create_args": {}, "ports_per_network": 5} times: 40 method_name: run timeout: 0 duration: None cls:
2019-12-07 11:16:37.948 19246 WARNING rally_openstack.scenarios.neutron.utils [-] Running this scenario without either the 'network' or 'existing_network' context is deprecated
2019-12-07 11:16:37.951 19248 INFO rally.task.runner [-] Task 48f87f48-66eb-4675-8a05-69e4a23c1674 | ITER: 8 START
2019-12-07 11:16:37.949 19247 INFO rally.task.runner [-] Task 48f87f48-66eb-4675-8a05-69e4a23c1674 | ITER: 6 START
2019-12-07 11:16:37.946 19244 INFO rally.task.runner [-] Task 48f87f48-66eb-4675-8a05-69e4a23c1674 | ITER: 3 START
2019-12-07 11:16:37.953 19248 WARNING rally_openstack.scenarios.neutron.utils [-] Running this scenario without either the 'network' or 'existing_network' context is deprecated
2019-12-07 11:16:37.953 19257 RALLYDEBUG rally.task.runner [-] Starting a worker. concurrency: 1 args: {"network_create_args": {}, "port_create_args": {}, "ports_per_network": 5} times: 40 method_name: run timeout: 0 duration: None cls:
2019-12-07 11:16:37.953 19247 WARNING rally_openstack.scenarios.neutron.utils [-] Running this scenario without either the 'network' or 'existing_network' context is deprecated
2019-12-07 11:16:37.956 19251 INFO rally.task.runner [-] Task 48f87f48-66eb-4675-8a05-69e4a23c1674 | ITER: 10 START
2019-12-07 11:16:37.957 19251 WARNING rally_openstack.scenarios.neutron.utils [-] Running this scenario without either the 'network' or 'existing_network' context is deprecated
2019-12-07 11:16:37.958 19262 RALLYDEBUG rally.task.runner [-] Starting a worker. concurrency: 1 args: {"network_create_args": {}, "port_create_args": {}, "ports_per_network": 5} times: 40 method_name: run timeout: 0 duration: None cls:
2019-12-07 11:16:37.959 19257 INFO rally.task.runner [-] Task 48f87f48-66eb-4675-8a05-69e4a23c1674 | ITER: 11 START
2019-12-07 11:16:37.959 19244 WARNING rally_openstack.scenarios.neutron.utils [-] Running this scenario without either the 'network' or 'existing_network' context is deprecated
2019-12-07 11:16:37.960 19257 WARNING rally_openstack.scenarios.neutron.utils [-] Running this scenario without either the 'network' or 'existing_network' context is deprecated
2019-12-07 11:16:37.960 19245 INFO rally.task.runner [-] Task 48f87f48-66eb-4675-8a05-69e4a23c1674 | ITER: 5 START
2019-12-07 11:16:37.962 19245 WARNING rally_openstack.scenarios.neutron.utils [-] Running this scenario without either the 'network' or 'existing_network' context is deprecated
2019-12-07 11:16:37.965 19262 INFO rally.task.runner [-] Task 48f87f48-66eb-4675-8a05-69e4a23c1674 | ITER: 12 START
2019-12-07 11:16:37.965 19247 INFO rally.task.runner [-] Task 48f87f48-66eb-4675-8a05-69e4a23c1674 | ITER: 9 START
2019-12-07 11:16:37.966 19262 WARNING rally_openstack.scenarios.neutron.utils [-] Running this scenario without either the 'network' or 'existing_network' context is deprecated
2019-12-07 11:16:37.966 19247 WARNING rally_openstack.scenarios.neutron.utils [-] Running this scenario without either the 'network' or 'existing_network' context is deprecated
2019-12-07 11:16:37.966 19268 RALLYDEBUG rally.task.runner [-] Starting a worker. concurrency: 1 args: {"network_create_args": {}, "port_create_args": {}, "ports_per_network": 5} times: 40 method_name: run timeout: 0 duration: None cls:
2019-12-07 11:16:37.969 19246 INFO rally.task.runner [-] Task 48f87f48-66eb-4675-8a05-69e4a23c1674 | ITER: 7 START
2019-12-07 11:16:37.970 19246 WARNING rally_openstack.scenarios.neutron.utils [-] Running this scenario without either the 'network' or 'existing_network' context is deprecated
2019-12-07 11:16:37.972 19268 INFO rally.task.runner [-] Task 48f87f48-66eb-4675-8a05-69e4a23c1674 | ITER: 13 START
2019-12-07 11:16:37.972 19273 RALLYDEBUG rally.task.runner [-] Starting a worker. concurrency: 1 args: {"network_create_args": {}, "port_create_args": {}, "ports_per_network": 5} times: 40 method_name: run timeout: 0 duration: None cls:
2019-12-07 11:16:37.973 19268 WARNING rally_openstack.scenarios.neutron.utils [-] Running this scenario without either the 'network' or 'existing_network' context is deprecated
2019-12-07 11:16:37.980 19273 INFO rally.task.runner [-] Task 48f87f48-66eb-4675-8a05-69e4a23c1674 | ITER: 14 START
2019-12-07 11:16:37.982 19273 WARNING rally_openstack.scenarios.neutron.utils [-] Running this scenario without either the 'network' or 'existing_network' context is deprecated
2019-12-07 11:16:37.984 19276 RALLYDEBUG rally.task.runner [-] Starting a worker. concurrency: 1 args: {"network_create_args": {}, "port_create_args": {}, "ports_per_network": 5} times: 40 method_name: run timeout: 0 duration: None cls:
2019-12-07 11:16:37.990 19279 RALLYDEBUG rally.task.runner [-] Starting a worker. concurrency: 1 args: {"network_create_args": {}, "port_create_args": {}, "ports_per_network": 5} times: 40 method_name: run timeout: 0 duration: None cls:
2019-12-07 11:16:37.992 19276 INFO rally.task.runner [-] Task 48f87f48-66eb-4675-8a05-69e4a23c1674 | ITER: 15 START
2019-12-07 11:16:37.993 19276 WARNING rally_openstack.scenarios.neutron.utils [-] Running this scenario without either the 'network' or 'existing_network' context is deprecated
2019-12-07 11:16:37.996 19279 INFO rally.task.runner [-] Task 48f87f48-66eb-4675-8a05-69e4a23c1674 | ITER: 16 START
2019-12-07 11:16:37.996 19280 RALLYDEBUG rally.task.runner [-] Starting a worker. concurrency: 1 args: {"network_create_args": {}, "port_create_args": {}, "ports_per_network": 5} times: 40 method_name: run timeout: 0 duration: None cls:
2019-12-07 11:16:37.997 19279 WARNING rally_openstack.scenarios.neutron.utils [-] Running this scenario without either the 'network' or 'existing_network' context is deprecated
2019-12-07 11:16:37.999 19283 RALLYDEBUG rally.task.runner [-] Starting a worker. concurrency: 1 args: {"network_create_args": {}, "port_create_args": {}, "ports_per_network": 5} times: 40 method_name: run timeout: 0 duration: None cls:
2019-12-07 11:16:38.001 19280 INFO rally.task.runner [-] Task 48f87f48-66eb-4675-8a05-69e4a23c1674 | ITER: 17 START
2019-12-07 11:16:38.002 19280 WARNING rally_openstack.scenarios.neutron.utils [-] Running this scenario without either the 'network' or 'existing_network' context is deprecated
2019-12-07 11:16:38.004 19283 INFO rally.task.runner [-] Task 48f87f48-66eb-4675-8a05-69e4a23c1674 | ITER: 18 START
2019-12-07 11:16:38.004 19286 RALLYDEBUG rally.task.runner [-] Starting a worker. concurrency: 1 args: {"network_create_args": {}, "port_create_args": {}, "ports_per_network": 5} times: 40 method_name: run timeout: 0 duration: None cls:
2019-12-07 11:16:38.006 19283 WARNING rally_openstack.scenarios.neutron.utils [-] Running this scenario without either the 'network' or 'existing_network' context is deprecated
2019-12-07 11:16:38.008 19289 RALLYDEBUG rally.task.runner [-] Starting a worker. concurrency: 1 args: {"network_create_args": {}, "port_create_args": {}, "ports_per_network": 5} times: 40 method_name: run timeout: 0 duration: None cls:
2019-12-07 11:16:38.010 19286 INFO rally.task.runner [-] Task 48f87f48-66eb-4675-8a05-69e4a23c1674 | ITER: 19 START
2019-12-07 11:16:38.011 19286 WARNING rally_openstack.scenarios.neutron.utils [-] Running this scenario without either the 'network' or 'existing_network' context is deprecated
2019-12-07 11:16:38.014 19289 INFO rally.task.runner [-] Task 48f87f48-66eb-4675-8a05-69e4a23c1674 | ITER: 20 START
2019-12-07 11:16:38.015 19289 WARNING rally_openstack.scenarios.neutron.utils [-] Running this scenario without either the 'network' or 'existing_network' context is deprecated
2019-12-07 11:16:47.285 19251 INFO rally.task.runner [-] Task 48f87f48-66eb-4675-8a05-69e4a23c1674 | ITER: 10 END: OK
2019-12-07 11:16:47.288 19251 INFO rally.task.runner [-] Task 48f87f48-66eb-4675-8a05-69e4a23c1674 | ITER: 21 START
2019-12-07 11:16:47.289 19251 WARNING rally_openstack.scenarios.neutron.utils [-] Running this scenario without either the 'network' or 'existing_network' context is deprecated
2019-12-07 11:16:47.887 19247 INFO rally.task.runner [-] Task 48f87f48-66eb-4675-8a05-69e4a23c1674 | ITER: 6 END: OK
2019-12-07 11:16:47.890 19247 INFO rally.task.runner [-] Task 48f87f48-66eb-4675-8a05-69e4a23c1674 | ITER: 22 START
2019-12-07 11:16:47.891 19247 WARNING rally_openstack.scenarios.neutron.utils [-] Running this scenario without either the 'network' or 'existing_network' context is deprecated
2019-12-07 11:16:49.459 19283 INFO rally.task.runner [-] Task 48f87f48-66eb-4675-8a05-69e4a23c1674 | ITER: 18 END: OK
2019-12-07 11:16:49.462 19283 INFO rally.task.runner [-] Task 48f87f48-66eb-4675-8a05-69e4a23c1674 | ITER: 23 START
2019-12-07 11:16:49.463 19283 WARNING rally_openstack.scenarios.neutron.utils [-] Running this scenario without either the 'network' or 'existing_network' context is deprecated
2019-12-07 11:16:49.920 19246 INFO rally.task.runner [-] Task 48f87f48-66eb-4675-8a05-69e4a23c1674 | ITER: 7 END: OK
2019-12-07 11:16:49.924 19246 INFO rally.task.runner [-] Task 48f87f48-66eb-4675-8a05-69e4a23c1674 | ITER: 24 START
2019-12-07 11:16:49.925 19246 WARNING rally_openstack.scenarios.neutron.utils [-] Running this scenario without either the 'network' or 'existing_network' context is deprecated
2019-12-07 11:16:50.015 19244 INFO rally.task.runner [-] Task 48f87f48-66eb-4675-8a05-69e4a23c1674 | ITER: 1 END: OK
2019-12-07 11:16:50.020 19244 INFO rally.task.runner [-] Task 48f87f48-66eb-4675-8a05-69e4a23c1674 | ITER: 25 START
2019-12-07 11:16:50.021 19244 WARNING rally_openstack.scenarios.neutron.utils [-] Running this scenario without either the 'network' or 'existing_network' context is deprecated
2019-12-07 11:16:50.094 19245 INFO rally.task.runner [-] Task 48f87f48-66eb-4675-8a05-69e4a23c1674 | ITER: 2 END: OK
2019-12-07 11:16:50.099 19245 INFO rally.task.runner [-] Task 48f87f48-66eb-4675-8a05-69e4a23c1674 | ITER: 26 START
2019-12-07 11:16:50.100 19245 WARNING rally_openstack.scenarios.neutron.utils [-] Running this scenario without either the 'network' or 'existing_network' context is deprecated
2019-12-07 11:16:50.215 19247 INFO rally.task.runner [-] Task 48f87f48-66eb-4675-8a05-69e4a23c1674 | ITER: 9 END: OK
2019-12-07 11:16:50.220 19247 INFO rally.task.runner [-] Task 48f87f48-66eb-4675-8a05-69e4a23c1674 | ITER: 27 START
2019-12-07 11:16:50.220 19247 WARNING rally_openstack.scenarios.neutron.utils [-] Running this scenario without either the 'network' or 'existing_network' context is deprecated
2019-12-07 11:16:50.555 19273 INFO rally.task.runner [-] Task 48f87f48-66eb-4675-8a05-69e4a23c1674 | ITER: 14 END: OK
2019-12-07 11:16:50.560 19273 INFO rally.task.runner [-] Task 48f87f48-66eb-4675-8a05-69e4a23c1674 | ITER: 28 START
2019-12-07 11:16:50.561 19273 WARNING rally_openstack.scenarios.neutron.utils [-] Running this scenario without either the 'network' or 'existing_network' context is deprecated
2019-12-07 11:16:50.574 19244 INFO rally.task.runner [-] Task 48f87f48-66eb-4675-8a05-69e4a23c1674 | ITER: 3 END: OK
2019-12-07 11:16:50.579 19244 INFO rally.task.runner [-] Task 48f87f48-66eb-4675-8a05-69e4a23c1674 | ITER: 29 START
2019-12-07 11:16:50.579 19244 WARNING rally_openstack.scenarios.neutron.utils [-] Running this scenario without either the 'network' or 'existing_network' context is deprecated
2019-12-07 11:16:50.701 19245 INFO rally.task.runner [-] Task 48f87f48-66eb-4675-8a05-69e4a23c1674 | ITER: 5 END: OK
2019-12-07 11:16:50.706 19245 INFO rally.task.runner [-] Task 48f87f48-66eb-4675-8a05-69e4a23c1674 | ITER: 30 START
2019-12-07 11:16:50.706 19245 WARNING rally_openstack.scenarios.neutron.utils [-] Running this scenario without either the 'network' or 'existing_network' context is deprecated
2019-12-07 11:16:50.760 19279 INFO rally.task.runner [-] Task 48f87f48-66eb-4675-8a05-69e4a23c1674 | ITER: 16 END: OK
2019-12-07 11:16:50.764 19279 INFO rally.task.runner [-] Task 48f87f48-66eb-4675-8a05-69e4a23c1674 | ITER: 31 START
2019-12-07 11:16:50.765 19279 WARNING rally_openstack.scenarios.neutron.utils [-] Running this scenario without either the 'network' or 'existing_network' context is deprecated
2019-12-07 11:16:50.797 19257 INFO rally.task.runner [-] Task 48f87f48-66eb-4675-8a05-69e4a23c1674 | ITER: 11 END: OK
2019-12-07 11:16:50.802 19257 INFO rally.task.runner [-] Task 48f87f48-66eb-4675-8a05-69e4a23c1674 | ITER: 32 START
2019-12-07 11:16:50.803 19257 WARNING rally_openstack.scenarios.neutron.utils [-] Running this scenario without either the 'network' or 'existing_network' context is deprecated
2019-12-07 11:16:51.048 19268 INFO rally.task.runner [-] Task 48f87f48-66eb-4675-8a05-69e4a23c1674 | ITER: 13 END: OK
2019-12-07 11:16:51.052 19268 INFO rally.task.runner [-] Task 48f87f48-66eb-4675-8a05-69e4a23c1674 | ITER: 33 START
2019-12-07 11:16:51.053 19268 WARNING rally_openstack.scenarios.neutron.utils [-] Running this scenario without either the 'network' or 'existing_network' context is deprecated
2019-12-07 11:16:51.245 19280 INFO rally.task.runner [-] Task 48f87f48-66eb-4675-8a05-69e4a23c1674 | ITER: 17 END: OK
2019-12-07 11:16:51.250 19280 INFO rally.task.runner [-] Task 48f87f48-66eb-4675-8a05-69e4a23c1674 | ITER: 34 START
2019-12-07 11:16:51.251 19280 WARNING rally_openstack.scenarios.neutron.utils [-] Running this scenario without either the 'network' or 'existing_network' context is deprecated
2019-12-07 11:16:51.345 19289 INFO rally.task.runner [-] Task 48f87f48-66eb-4675-8a05-69e4a23c1674 | ITER: 20 END: OK
2019-12-07 11:16:51.350 19289 INFO rally.task.runner [-] Task 48f87f48-66eb-4675-8a05-69e4a23c1674 | ITER: 35 START
2019-12-07 11:16:51.351 19289 WARNING rally_openstack.scenarios.neutron.utils [-] Running this scenario without either the 'network' or 'existing_network' context is deprecated
