2019-12-07 11:02:52.459 14769 RALLYDEBUG rally.api [-] INFO logs from urllib3 and requests module are hide.
2019-12-07 11:02:52.459 14769 RALLYDEBUG rally.api [-] urllib3 insecure warnings are hidden.
2019-12-07 11:02:52.459 14769 RALLYDEBUG rally.api [-] ERROR log from boto module is hide.
2019-12-07 11:02:55.149 14771 RALLYDEBUG rally.api [-] INFO logs from urllib3 and requests module are hide.
2019-12-07 11:02:55.149 14771 RALLYDEBUG rally.api [-] urllib3 insecure warnings are hidden.
2019-12-07 11:02:55.149 14771 RALLYDEBUG rally.api [-] ERROR log from boto module is hide.
2019-12-07 11:02:57.687 14773 RALLYDEBUG rally.api [-] INFO logs from urllib3 and requests module are hide.
2019-12-07 11:02:57.688 14773 RALLYDEBUG rally.api [-] urllib3 insecure warnings are hidden.
2019-12-07 11:02:57.688 14773 RALLYDEBUG rally.api [-] ERROR log from boto module is hide.
2019-12-07 11:03:01.221 14776 RALLYDEBUG rally.api [-] INFO logs from urllib3 and requests module are hide.
2019-12-07 11:03:01.221 14776 RALLYDEBUG rally.api [-] urllib3 insecure warnings are hidden.
2019-12-07 11:03:01.221 14776 RALLYDEBUG rally.api [-] ERROR log from boto module is hide.
2019-12-07 11:03:02.549 14778 RALLYDEBUG rally.api [-] INFO logs from urllib3 and requests module are hide.
2019-12-07 11:03:02.549 14778 RALLYDEBUG rally.api [-] urllib3 insecure warnings are hidden.
2019-12-07 11:03:02.549 14778 RALLYDEBUG rally.api [-] ERROR log from boto module is hide.
2019-12-07 11:03:03.958 14778 INFO rally.common.plugin.discover [-] Loading plugins from directories /root/.rally/plugins/*
2019-12-07 11:03:03.960 14778 INFO rally.common.plugin.discover [-] Loaded module with plugins: /root/.rally/plugins/__init__.py
2019-12-07 11:03:03.963 14778 INFO rally.common.plugin.discover [-] Loaded module with plugins: /root/.rally/plugins/trunk_scenario.py
2019-12-07 11:03:04.301 14778 INFO rally.task.engine [-] Task 48f87f48-66eb-4675-8a05-69e4a23c1674 | Starting: Task validation.
2019-12-07 11:03:04.366 14778 INFO rally.task.engine [-] Task 48f87f48-66eb-4675-8a05-69e4a23c1674 | Starting: Task validation of syntax.
2019-12-07 11:03:04.620 14778 INFO rally.task.engine [-] Task 48f87f48-66eb-4675-8a05-69e4a23c1674 | Completed: Task validation of syntax.
2019-12-07 11:03:04.621 14778 INFO rally.task.engine [-] Task 48f87f48-66eb-4675-8a05-69e4a23c1674 | Starting: Task validation of required platforms.
2019-12-07 11:03:04.699 14778 INFO rally.task.engine [-] Task 48f87f48-66eb-4675-8a05-69e4a23c1674 | Completed: Task validation of required platforms.
2019-12-07 11:03:04.700 14778 INFO rally.task.engine [-] Task 48f87f48-66eb-4675-8a05-69e4a23c1674 | Starting: Task validation of semantic.
2019-12-07 11:03:04.700 14778 INFO rally.task.engine [-] Check health of the environment '72fed40b-6763-4bdd-9726-89e786931c30'.
2019-12-07 11:03:05.571 14778 INFO rally.task.engine [-] Platform existing@openstack (available: True): OK!
2019-12-07 11:03:05.593 14778 RALLYDEBUG rally_openstack.contexts.keystone.users [-] Creating 1 tenants using 20 threads
2019-12-07 11:03:06.413 14778 RALLYDEBUG rally_openstack.contexts.keystone.users [-] Creating 1 users using 20 threads
2019-12-07 11:03:07.761 14778 INFO rally.task.context [-] Task 48f87f48-66eb-4675-8a05-69e4a23c1674 | Context users@openstack setup() finished in 2.17 sec
2019-12-07 11:03:12.299 14778 INFO rally.task.context [-] Task 48f87f48-66eb-4675-8a05-69e4a23c1674 | Context users@openstack cleanup() started
2019-12-07 11:03:15.247 14778 INFO rally.task.context [-] Task 48f87f48-66eb-4675-8a05-69e4a23c1674 | Context users@openstack cleanup() finished in 2.95 sec
2019-12-07 11:03:15.247 14778 INFO rally.task.engine [-] Task 48f87f48-66eb-4675-8a05-69e4a23c1674 | Completed: Task validation of semantic.
2019-12-07 11:03:15.247 14778 INFO rally.task.engine [-] Task 48f87f48-66eb-4675-8a05-69e4a23c1674 | Completed: Task validation.
2019-12-07 11:03:15.248 14778 INFO rally.api [-] Task 48f87f48-66eb-4675-8a05-69e4a23c1674 input file is valid.
2019-12-07 11:03:15.248 14778 INFO rally.api [-] Run Task 48f87f48-66eb-4675-8a05-69e4a23c1674 against Deployment 72fed40b-6763-4bdd-9726-89e786931c30
2019-12-07 11:03:15.249 14778 INFO rally.task.engine [-] Task 48f87f48-66eb-4675-8a05-69e4a23c1674 | Starting: Running task.
2019-12-07 11:03:15.452 14778 INFO rally.task.engine [-] Running workload: position = 0 config = { "version": 2, "title": "A cropped version of a bigger task.", "description": "Auto-generated task from a single workload (uuid=9db1b676-47e8-420d-a0fd-758aa353b9e0)", "subtasks": [ { "title": "NeutronNetworks.create_and_list_networks", "description": "Check performance of list_networks action and ensure > network quotas are not exceeded", "scenario": { "NeutronNetworks.create_and_list_networks": {} }, "contexts": { "users": { "tenants": 1, "users_per_tenant": 1 }, "quotas": { "neutron": { "network": 119 } } }, "runner": { "constant": { "times": 100, "concurrency": 20 } }, "hooks": [], "sla": { "max_avg_duration_per_atomic": { "neutron.list_networks": 15 }, "failure_rate": { "max": 0 } } } ] }
2019-12-07 11:03:15.480 14778 RALLYDEBUG rally_openstack.contexts.keystone.users [-] Creating 1 tenants using 20 threads
2019-12-07 11:03:16.376 14778 RALLYDEBUG rally_openstack.contexts.keystone.users [-] Creating 1 users using 20 threads
2019-12-07 11:03:17.723 14778 INFO rally.task.context [-] Task 48f87f48-66eb-4675-8a05-69e4a23c1674 | Context users@openstack setup() finished in 2.24 sec
2019-12-07 11:03:18.225 14778 INFO rally.task.context [-] Task 48f87f48-66eb-4675-8a05-69e4a23c1674 | Context quotas@openstack setup() finished in 0.50 sec
2019-12-07 11:03:18.226 14778 INFO rally.task.context [-] Task 48f87f48-66eb-4675-8a05-69e4a23c1674 | Context cleanup@openstack setup() finished in 0.01 msec
2019-12-07 11:03:18.235 14778 RALLYDEBUG rally.task.runner [-] Starting the constant runner (task UUID: 48f87f48-66eb-4675-8a05-69e4a23c1674). timeout: 0 concurrency: 20 concurrency_per_worker: 1 times: 100 concurrency_overhead: 4 processes_to_start: 16 max_cpu_used: 16
2019-12-07 11:03:18.248 14902 RALLYDEBUG rally.task.runner [-] Starting a worker. concurrency: 2 args: {} times: 100 method_name: run timeout: 0 duration: None cls:
2019-12-07 11:03:18.251 14903 RALLYDEBUG rally.task.runner [-] Starting a worker. concurrency: 2 args: {} times: 100 method_name: run timeout: 0 duration: None cls:
2019-12-07 11:03:18.254 14904 RALLYDEBUG rally.task.runner [-] Starting a worker. concurrency: 2 args: {} times: 100 method_name: run timeout: 0 duration: None cls:
2019-12-07 11:03:18.256 14905 RALLYDEBUG rally.task.runner [-] Starting a worker. concurrency: 2 args: {} times: 100 method_name: run timeout: 0 duration: None cls:
2019-12-07 11:03:18.260 14908 RALLYDEBUG rally.task.runner [-] Starting a worker. concurrency: 1 args: {} times: 100 method_name: run timeout: 0 duration: None cls:
2019-12-07 11:03:18.261 14904 INFO rally.task.runner [-] Task 48f87f48-66eb-4675-8a05-69e4a23c1674 | ITER: 4 START
2019-12-07 11:03:18.262 14902 INFO rally.task.runner [-] Task 48f87f48-66eb-4675-8a05-69e4a23c1674 | ITER: 1 START
2019-12-07 11:03:18.264 14905 INFO rally.task.runner [-] Task 48f87f48-66eb-4675-8a05-69e4a23c1674 | ITER: 6 START
2019-12-07 11:03:18.264 14911 RALLYDEBUG rally.task.runner [-] Starting a worker. concurrency: 1 args: {} times: 100 method_name: run timeout: 0 duration: None cls:
2019-12-07 11:03:18.265 14916 RALLYDEBUG rally.task.runner [-] Starting a worker. concurrency: 1 args: {} times: 100 method_name: run timeout: 0 duration: None cls:
2019-12-07 11:03:18.265 14903 INFO rally.task.runner [-] Task 48f87f48-66eb-4675-8a05-69e4a23c1674 | ITER: 2 START
2019-12-07 11:03:18.266 14908 INFO rally.task.runner [-] Task 48f87f48-66eb-4675-8a05-69e4a23c1674 | ITER: 8 START
2019-12-07 11:03:18.269 14919 RALLYDEBUG rally.task.runner [-] Starting a worker. concurrency: 1 args: {} times: 100 method_name: run timeout: 0 duration: None cls:
2019-12-07 11:03:18.271 14916 INFO rally.task.runner [-] Task 48f87f48-66eb-4675-8a05-69e4a23c1674 | ITER: 11 START
2019-12-07 11:03:18.273 14911 INFO rally.task.runner [-] Task 48f87f48-66eb-4675-8a05-69e4a23c1674 | ITER: 10 START
2019-12-07 11:03:18.273 14922 RALLYDEBUG rally.task.runner [-] Starting a worker. concurrency: 1 args: {} times: 100 method_name: run timeout: 0 duration: None cls:
2019-12-07 11:03:18.266 14903 INFO rally.task.runner [-] Task 48f87f48-66eb-4675-8a05-69e4a23c1674 | ITER: 5 START
2019-12-07 11:03:18.276 14919 INFO rally.task.runner [-] Task 48f87f48-66eb-4675-8a05-69e4a23c1674 | ITER: 12 START
2019-12-07 11:03:18.276 14902 INFO rally.task.runner [-] Task 48f87f48-66eb-4675-8a05-69e4a23c1674 | ITER: 3 START
2019-12-07 11:03:18.278 14904 INFO rally.task.runner [-] Task 48f87f48-66eb-4675-8a05-69e4a23c1674 | ITER: 7 START
2019-12-07 11:03:18.278 14905 INFO rally.task.runner [-] Task 48f87f48-66eb-4675-8a05-69e4a23c1674 | ITER: 9 START
2019-12-07 11:03:18.280 14922 INFO rally.task.runner [-] Task 48f87f48-66eb-4675-8a05-69e4a23c1674 | ITER: 13 START
2019-12-07 11:03:18.280 14926 RALLYDEBUG rally.task.runner [-] Starting a worker. concurrency: 1 args: {} times: 100 method_name: run timeout: 0 duration: None cls:
2019-12-07 11:03:18.285 14926 INFO rally.task.runner [-] Task 48f87f48-66eb-4675-8a05-69e4a23c1674 | ITER: 14 START
2019-12-07 11:03:18.286 14933 RALLYDEBUG rally.task.runner [-] Starting a worker. concurrency: 1 args: {} times: 100 method_name: run timeout: 0 duration: None cls:
2019-12-07 11:03:18.292 14933 INFO rally.task.runner [-] Task 48f87f48-66eb-4675-8a05-69e4a23c1674 | ITER: 15 START
2019-12-07 11:03:18.292 14937 RALLYDEBUG rally.task.runner [-] Starting a worker. concurrency: 1 args: {} times: 100 method_name: run timeout: 0 duration: None cls:
2019-12-07 11:03:18.302 14941 RALLYDEBUG rally.task.runner [-] Starting a worker. concurrency: 1 args: {} times: 100 method_name: run timeout: 0 duration: None cls:
2019-12-07 11:03:18.305 14937 INFO rally.task.runner [-] Task 48f87f48-66eb-4675-8a05-69e4a23c1674 | ITER: 16 START
2019-12-07 11:03:18.307 14941 INFO rally.task.runner [-] Task 48f87f48-66eb-4675-8a05-69e4a23c1674 | ITER: 17 START
2019-12-07 11:03:18.309 14943 RALLYDEBUG rally.task.runner [-] Starting a worker. concurrency: 1 args: {} times: 100 method_name: run timeout: 0 duration: None cls:
2019-12-07 11:03:18.312 14946 RALLYDEBUG rally.task.runner [-] Starting a worker. concurrency: 1 args: {} times: 100 method_name: run timeout: 0 duration: None cls:
2019-12-07 11:03:18.313 14943 INFO rally.task.runner [-] Task 48f87f48-66eb-4675-8a05-69e4a23c1674 | ITER: 18 START
2019-12-07 11:03:18.315 14947 RALLYDEBUG rally.task.runner [-] Starting a worker. concurrency: 1 args: {} times: 100 method_name: run timeout: 0 duration: None cls:
2019-12-07 11:03:18.317 14946 INFO rally.task.runner [-] Task 48f87f48-66eb-4675-8a05-69e4a23c1674 | ITER: 19 START
2019-12-07 11:03:18.319 14947 INFO rally.task.runner [-] Task 48f87f48-66eb-4675-8a05-69e4a23c1674 | ITER: 20 START
2019-12-07 11:03:19.497 14919 INFO rally.task.runner [-] Task 48f87f48-66eb-4675-8a05-69e4a23c1674 | ITER: 12 END: OK
2019-12-07 11:03:19.501 14919 INFO rally.task.runner [-] Task 48f87f48-66eb-4675-8a05-69e4a23c1674 | ITER: 21 START
2019-12-07 11:03:19.528 14916 INFO rally.task.runner [-] Task 48f87f48-66eb-4675-8a05-69e4a23c1674 | ITER: 11 END: OK
2019-12-07 11:03:19.532 14916 INFO rally.task.runner [-] Task 48f87f48-66eb-4675-8a05-69e4a23c1674 | ITER: 22 START
2019-12-07 11:03:19.738 14943 INFO rally.task.runner [-] Task 48f87f48-66eb-4675-8a05-69e4a23c1674 | ITER: 18 END: OK
2019-12-07 11:03:19.742 14943 INFO rally.task.runner [-] Task 48f87f48-66eb-4675-8a05-69e4a23c1674 | ITER: 23 START
2019-12-07 11:03:19.761 14946 INFO rally.task.runner [-] Task 48f87f48-66eb-4675-8a05-69e4a23c1674 | ITER: 19 END: OK
2019-12-07 11:03:19.765 14946 INFO rally.task.runner [-] Task 48f87f48-66eb-4675-8a05-69e4a23c1674 | ITER: 24 START
2019-12-07 11:03:19.774 14947 INFO rally.task.runner [-] Task 48f87f48-66eb-4675-8a05-69e4a23c1674 | ITER: 20 END: OK
2019-12-07 11:03:19.778 14947 INFO rally.task.runner [-] Task 48f87f48-66eb-4675-8a05-69e4a23c1674 | ITER: 25 START
2019-12-07 11:03:19.795 14903 INFO rally.task.runner [-] Task 48f87f48-66eb-4675-8a05-69e4a23c1674 | ITER: 5 END: OK
2019-12-07 11:03:19.799 14903 INFO rally.task.runner [-] Task 48f87f48-66eb-4675-8a05-69e4a23c1674 | ITER: 26 START
2019-12-07 11:03:19.849 14922 INFO rally.task.runner [-] Task 48f87f48-66eb-4675-8a05-69e4a23c1674 | ITER: 13 END: OK
2019-12-07 11:03:19.853 14922 INFO rally.task.runner [-] Task 48f87f48-66eb-4675-8a05-69e4a23c1674 | ITER: 27 START
2019-12-07 11:03:19.876 14905 INFO rally.task.runner [-] Task 48f87f48-66eb-4675-8a05-69e4a23c1674 | ITER: 6 END: OK
2019-12-07 11:03:19.878 14904 INFO rally.task.runner [-] Task 48f87f48-66eb-4675-8a05-69e4a23c1674 | ITER: 7 END: OK
2019-12-07 11:03:19.880 14905 INFO rally.task.runner [-] Task 48f87f48-66eb-4675-8a05-69e4a23c1674 | ITER: 28 START
2019-12-07 11:03:19.882 14904 INFO rally.task.runner [-] Task 48f87f48-66eb-4675-8a05-69e4a23c1674 | ITER: 29 START
2019-12-07 11:03:19.898 14926 INFO rally.task.runner [-] Task 48f87f48-66eb-4675-8a05-69e4a23c1674 | ITER: 14 END: OK
2019-12-07 11:03:19.900 14933 INFO rally.task.runner [-] Task 48f87f48-66eb-4675-8a05-69e4a23c1674 | ITER: 15 END: OK
2019-12-07 11:03:19.902 14926 INFO rally.task.runner [-] Task 48f87f48-66eb-4675-8a05-69e4a23c1674 | ITER: 30 START
2019-12-07 11:03:19.903 14904 INFO rally.task.runner [-] Task 48f87f48-66eb-4675-8a05-69e4a23c1674 | ITER: 4 END: OK
2019-12-07 11:03:19.905 14933 INFO rally.task.runner [-] Task 48f87f48-66eb-4675-8a05-69e4a23c1674 | ITER: 31 START
2019-12-07 11:03:19.906 14904 INFO rally.task.runner [-] Task 48f87f48-66eb-4675-8a05-69e4a23c1674 | ITER: 32 START
2019-12-07 11:03:19.911 14908 INFO rally.task.runner [-] Task 48f87f48-66eb-4675-8a05-69e4a23c1674 | ITER: 8 END: OK
2019-12-07 11:03:19.914 14908 INFO rally.task.runner [-] Task 48f87f48-66eb-4675-8a05-69e4a23c1674 | ITER: 33 START
2019-12-07 11:03:19.970 14911 INFO rally.task.runner [-] Task 48f87f48-66eb-4675-8a05-69e4a23c1674 | ITER: 10 END: OK
2019-12-07 11:03:19.974 14911 INFO rally.task.runner [-] Task 48f87f48-66eb-4675-8a05-69e4a23c1674 | ITER: 34 START
2019-12-07 11:03:20.065 14941 INFO rally.task.runner [-] Task 48f87f48-66eb-4675-8a05-69e4a23c1674 | ITER: 17 END: OK
2019-12-07 11:03:20.069 14941 INFO rally.task.runner [-] Task 48f87f48-66eb-4675-8a05-69e4a23c1674 | ITER: 35 START
2019-12-07 11:03:20.209 14905 INFO rally.task.runner [-] Task 48f87f48-66eb-4675-8a05-69e4a23c1674 | ITER: 9 END: OK
2019-12-07 11:03:20.213 14905 INFO rally.task.runner [-] Task 48f87f48-66eb-4675-8a05-69e4a23c1674 | ITER: 36 START
2019-12-07 11:03:20.217 14937 INFO rally.task.runner [-] Task 48f87f48-66eb-4675-8a05-69e4a23c1674 | ITER: 16 END: OK
2019-12-07 11:03:20.221 14937 INFO rally.task.runner [-] Task 48f87f48-66eb-4675-8a05-69e4a23c1674 | ITER: 37 START
2019-12-07 11:03:20.241 14902 INFO rally.task.runner [-] Task 48f87f48-66eb-4675-8a05-69e4a23c1674 | ITER: 1 END: OK
2019-12-07 11:03:20.245 14902 INFO rally.task.runner [-] Task 48f87f48-66eb-4675-8a05-69e4a23c1674 | ITER: 38 START
2019-12-07 11:03:20.313 14903 INFO rally.task.runner [-] Task 48f87f48-66eb-4675-8a05-69e4a23c1674 | ITER: 2 END: OK
2019-12-07 11:03:20.317 14903 INFO rally.task.runner [-] Task 48f87f48-66eb-4675-8a05-69e4a23c1674 | ITER: 39 START
2019-12-07 11:03:20.414 14919 INFO rally.task.runner [-] Task 48f87f48-66eb-4675-8a05-69e4a23c1674 | ITER: 21 END: OK
2019-12-07 11:03:20.417 14919 INFO rally.task.runner [-] Task 48f87f48-66eb-4675-8a05-69e4a23c1674 | ITER: 40 START
2019-12-07 11:03:20.619 14902 INFO rally.task.runner [-] Task 48f87f48-66eb-4675-8a05-69e4a23c1674 | ITER: 3 END: OK
2019-12-07 11:03:20.622 14902 INFO rally.task.runner [-] Task 48f87f48-66eb-4675-8a05-69e4a23c1674 | ITER: 41 START
2019-12-07 11:03:20.647 14916 INFO rally.task.runner [-] Task 48f87f48-66eb-4675-8a05-69e4a23c1674 | ITER: 22 END: OK
2019-12-07 11:03:20.651 14916 INFO rally.task.runner [-] Task 48f87f48-66eb-4675-8a05-69e4a23c1674 | ITER: 42 START
2019-12-07 11:03:20.716 14943 INFO rally.task.runner [-] Task 48f87f48-66eb-4675-8a05-69e4a23c1674 | ITER: 23 END: OK
2019-12-07 11:03:20.720 14943 INFO rally.task.runner [-] Task 48f87f48-66eb-4675-8a05-69e4a23c1674 | ITER: 43 START
2019-12-07 11:03:20.831 14903 INFO rally.task.runner [-] Task 48f87f48-66eb-4675-8a05-69e4a23c1674 | ITER: 26 END: OK
2019-12-07 11:03:20.835 14903 INFO rally.task.runner [-] Task 48f87f48-66eb-4675-8a05-69e4a23c1674 | ITER: 44 START
2019-12-07 11:03:20.844 14946 INFO rally.task.runner [-] Task 48f87f48-66eb-4675-8a05-69e4a23c1674 | ITER: 24 END: OK
2019-12-07 11:03:20.847 14946 INFO rally.task.runner [-] Task 48f87f48-66eb-4675-8a05-69e4a23c1674 | ITER: 45 START
2019-12-07 11:03:20.917 14947 INFO rally.task.runner [-] Task 48f87f48-66eb-4675-8a05-69e4a23c1674 | ITER: 25 END: OK
2019-12-07 11:03:20.921 14947 INFO rally.task.runner [-] Task 48f87f48-66eb-4675-8a05-69e4a23c1674 | ITER: 46 START
2019-12-07 11:03:21.322 14926 INFO rally.task.runner [-] Task 48f87f48-66eb-4675-8a05-69e4a23c1674 | ITER: 30 END: OK
2019-12-07 11:03:21.326 14926 INFO rally.task.runner [-] Task 48f87f48-66eb-4675-8a05-69e4a23c1674 | ITER: 47 START
2019-12-07 11:03:21.446 14904 INFO rally.task.runner [-] Task 48f87f48-66eb-4675-8a05-69e4a23c1674 | ITER: 29 END: OK
2019-12-07 11:03:21.449 14904 INFO rally.task.runner [-] Task 48f87f48-66eb-4675-8a05-69e4a23c1674 | ITER: 48 START
2019-12-07 11:03:21.483 14905 INFO rally.task.runner [-] Task 48f87f48-66eb-4675-8a05-69e4a23c1674 | ITER: 28 END: OK
2019-12-07 11:03:21.487 14905 INFO rally.task.runner [-] Task 48f87f48-66eb-4675-8a05-69e4a23c1674 | ITER: 49 START
2019-12-07 11:03:21.548 14933 INFO rally.task.runner [-] Task 48f87f48-66eb-4675-8a05-69e4a23c1674 | ITER: 31 END: OK
2019-12-07 11:03:21.552 14933 INFO rally.task.runner [-] Task 48f87f48-66eb-4675-8a05-69e4a23c1674 | ITER: 50 START
2019-12-07 11:03:21.578 14904 INFO rally.task.runner [-] Task 48f87f48-66eb-4675-8a05-69e4a23c1674 | ITER: 32 END: OK
2019-12-07 11:03:21.579 14922 INFO rally.task.runner [-] Task 48f87f48-66eb-4675-8a05-69e4a23c1674 | ITER: 27 END: OK
2019-12-07 11:03:21.582 14904 INFO rally.task.runner [-] Task 48f87f48-66eb-4675-8a05-69e4a23c1674 | ITER: 51 START
2019-12-07 11:03:21.583 14922 INFO rally.task.runner [-] Task 48f87f48-66eb-4675-8a05-69e4a23c1674 | ITER: 52 START
2019-12-07 11:03:21.754 14941 INFO rally.task.runner [-] Task 48f87f48-66eb-4675-8a05-69e4a23c1674 | ITER: 35 END: OK
2019-12-07 11:03:21.755 14911 INFO rally.task.runner [-] Task 48f87f48-66eb-4675-8a05-69e4a23c1674 | ITER: 34 END: OK
2019-12-07 11:03:21.758 14941 INFO rally.task.runner [-] Task 48f87f48-66eb-4675-8a05-69e4a23c1674 | ITER: 53 START
2019-12-07 11:03:21.759 14911 INFO rally.task.runner [-] Task 48f87f48-66eb-4675-8a05-69e4a23c1674 | ITER: 54 START
2019-12-07 11:03:21.761 14919 INFO rally.task.runner [-] Task 48f87f48-66eb-4675-8a05-69e4a23c1674 | ITER: 40 END: OK
2019-12-07 11:03:21.765 14919 INFO rally.task.runner [-] Task 48f87f48-66eb-4675-8a05-69e4a23c1674 | ITER: 55 START
2019-12-07 11:03:21.768 14908 INFO rally.task.runner [-] Task 48f87f48-66eb-4675-8a05-69e4a23c1674 | ITER: 33 END: OK
2019-12-07 11:03:21.772 14908 INFO rally.task.runner [-] Task 48f87f48-66eb-4675-8a05-69e4a23c1674 | ITER: 56 START
2019-12-07 11:03:22.073 14905 INFO rally.task.runner [-] Task 48f87f48-66eb-4675-8a05-69e4a23c1674 | ITER: 36 END: OK
2019-12-07 11:03:22.078 14905 INFO rally.task.runner [-] Task 48f87f48-66eb-4675-8a05-69e4a23c1674 | ITER: 57 START
2019-12-07 11:03:22.126 14937 INFO rally.task.runner [-] Task 48f87f48-66eb-4675-8a05-69e4a23c1674 | ITER: 37 END: OK
2019-12-07 11:03:22.130 14937 INFO rally.task.runner [-] Task 48f87f48-66eb-4675-8a05-69e4a23c1674 | ITER: 58 START
2019-12-07 11:03:22.150 14903 INFO rally.task.runner [-] Task 48f87f48-66eb-4675-8a05-69e4a23c1674 | ITER: 44 END: OK
2019-12-07 11:03:22.154 14903 INFO rally.task.runner [-] Task 48f87f48-66eb-4675-8a05-69e4a23c1674 | ITER: 59 START
2019-12-07 11:03:22.217 14916 INFO rally.task.runner [-] Task 48f87f48-66eb-4675-8a05-69e4a23c1674 | ITER: 42 END: OK
2019-12-07 11:03:22.221 14916 INFO rally.task.runner [-] Task 48f87f48-66eb-4675-8a05-69e4a23c1674 | ITER: 60 START
2019-12-07 11:03:22.242 14902 INFO rally.task.runner [-] Task 48f87f48-66eb-4675-8a05-69e4a23c1674 | ITER: 38 END: OK
2019-12-07 11:03:22.247 14902 INFO rally.task.runner [-] Task 48f87f48-66eb-4675-8a05-69e4a23c1674 | ITER: 61 START
2019-12-07 11:03:22.250 14902 INFO rally.task.runner [-] Task 48f87f48-66eb-4675-8a05-69e4a23c1674 | ITER: 41 END: OK
2019-12-07 11:03:22.259 14902 INFO rally.task.runner [-] Task 48f87f48-66eb-4675-8a05-69e4a23c1674 | ITER: 62 START
2019-12-07 11:03:22.323 14926 INFO rally.task.runner [-] Task 48f87f48-66eb-4675-8a05-69e4a23c1674 | ITER: 47 END: OK
2019-12-07 11:03:22.323 14943 INFO rally.task.runner [-] Task 48f87f48-66eb-4675-8a05-69e4a23c1674 | ITER: 43 END: OK
2019-12-07 11:03:22.326 14926 INFO rally.task.runner [-] Task 48f87f48-66eb-4675-8a05-69e4a23c1674 | ITER: 63 START
2019-12-07 11:03:22.327 14943 INFO rally.task.runner [-] Task 48f87f48-66eb-4675-8a05-69e4a23c1674 | ITER: 64 START
2019-12-07 11:03:22.354 14947 INFO rally.task.runner [-] Task 48f87f48-66eb-4675-8a05-69e4a23c1674 | ITER: 46 END: OK
2019-12-07 11:03:22.358 14947 INFO rally.task.runner [-] Task 48f87f48-66eb-4675-8a05-69e4a23c1674 | ITER: 65 START
2019-12-07 11:03:22.409 14903 INFO rally.task.runner [-] Task 48f87f48-66eb-4675-8a05-69e4a23c1674 | ITER: 39 END: OK
2019-12-07 11:03:22.412 14903 INFO rally.task.runner [-] Task 48f87f48-66eb-4675-8a05-69e4a23c1674 | ITER: 66 START
2019-12-07 11:03:22.577 14905 INFO rally.task.runner [-] Task 48f87f48-66eb-4675-8a05-69e4a23c1674 | ITER: 49 END: OK
2019-12-07 11:03:22.580 14905 INFO rally.task.runner [-] Task 48f87f48-66eb-4675-8a05-69e4a23c1674 | ITER: 67 START
2019-12-07 11:03:22.757 14946 INFO rally.task.runner [-] Task 48f87f48-66eb-4675-8a05-69e4a23c1674 | ITER: 45 END: OK
2019-12-07 11:03:22.761 14946 INFO rally.task.runner [-] Task 48f87f48-66eb-4675-8a05-69e4a23c1674 | ITER: 68 START
2019-12-07 11:03:22.797 14904 INFO rally.task.runner [-] Task 48f87f48-66eb-4675-8a05-69e4a23c1674 | ITER: 48 END: OK
2019-12-07 11:03:22.800 14904 INFO rally.task.runner [-] Task 48f87f48-66eb-4675-8a05-69e4a23c1674 | ITER: 69 START
2019-12-07 11:03:22.888 14908 INFO rally.task.runner [-] Task 48f87f48-66eb-4675-8a05-69e4a23c1674 | ITER: 56 END: OK
2019-12-07 11:03:22.892 14908 INFO rally.task.runner [-] Task 48f87f48-66eb-4675-8a05-69e4a23c1674 | ITER: 70 START
2019-12-07 11:03:22.959 14904 INFO rally.task.runner [-] Task 48f87f48-66eb-4675-8a05-69e4a23c1674 | ITER: 51 END: OK
2019-12-07 11:03:22.963 14904 INFO rally.task.runner [-] Task 48f87f48-66eb-4675-8a05-69e4a23c1674 | ITER: 71 START
2019-12-07 11:03:23.020 14922 INFO rally.task.runner [-] Task 48f87f48-66eb-4675-8a05-69e4a23c1674 | ITER: 52 END: OK
2019-12-07 11:03:23.023 14922 INFO rally.task.runner [-] Task 48f87f48-66eb-4675-8a05-69e4a23c1674 | ITER: 72 START
2019-12-07 11:03:23.091 14911 INFO rally.task.runner [-] Task 48f87f48-66eb-4675-8a05-69e4a23c1674 | ITER: 54 END: OK
2019-12-07 11:03:23.095 14911 INFO rally.task.runner [-] Task 48f87f48-66eb-4675-8a05-69e4a23c1674 | ITER: 73 START
2019-12-07 11:03:23.185 14933 INFO rally.task.runner [-] Task 48f87f48-66eb-4675-8a05-69e4a23c1674 | ITER: 50 END: OK
2019-12-07 11:03:23.189 14933 INFO rally.task.runner [-] Task 48f87f48-66eb-4675-8a05-69e4a23c1674 | ITER: 74 START
2019-12-07 11:03:23.297 14941 INFO rally.task.runner [-] Task 48f87f48-66eb-4675-8a05-69e4a23c1674 | ITER: 53 END: OK
2019-12-07 11:03:23.301 14941 INFO rally.task.runner [-] Task 48f87f48-66eb-4675-8a05-69e4a23c1674 | ITER: 75 START
2019-12-07 11:03:23.358 14916 INFO rally.task.runner [-] Task 48f87f48-66eb-4675-8a05-69e4a23c1674 | ITER: 60 END: OK
2019-12-07 11:03:23.362 14916 INFO rally.task.runner [-] Task 48f87f48-66eb-4675-8a05-69e4a23c1674 | ITER: 76 START
2019-12-07 11:03:23.410 14919 INFO rally.task.runner [-] Task 48f87f48-66eb-4675-8a05-69e4a23c1674 | ITER: 55 END: OK
2019-12-07 11:03:23.414 14919 INFO rally.task.runner [-] Task 48f87f48-66eb-4675-8a05-69e4a23c1674 | ITER: 77 START
2019-12-07 11:03:23.470 14937 INFO rally.task.runner [-] Task 48f87f48-66eb-4675-8a05-69e4a23c1674 | ITER: 58 END: OK
2019-12-07 11:03:23.474 14937 INFO rally.task.runner [-] Task 48f87f48-66eb-4675-8a05-69e4a23c1674 | ITER: 78 START
2019-12-07 11:03:23.480 14943 INFO rally.task.runner [-] Task 48f87f48-66eb-4675-8a05-69e4a23c1674 | ITER: 64 END: OK
2019-12-07 11:03:23.484 14943 INFO rally.task.runner [-] Task 48f87f48-66eb-4675-8a05-69e4a23c1674 | ITER: 79 START
2019-12-07 11:03:23.588 14903 INFO rally.task.runner [-] Task 48f87f48-66eb-4675-8a05-69e4a23c1674 | ITER: 59 END: OK
2019-12-07 11:03:23.591 14903 INFO rally.task.runner [-] Task 48f87f48-66eb-4675-8a05-69e4a23c1674 | ITER: 80 START
2019-12-07 11:03:23.761 14905 INFO rally.task.runner [-] Task 48f87f48-66eb-4675-8a05-69e4a23c1674 | ITER: 57 END: OK
2019-12-07 11:03:23.765 14905 INFO rally.task.runner [-] Task 48f87f48-66eb-4675-8a05-69e4a23c1674 | ITER: 81 START
2019-12-07 11:03:23.946 14902 INFO rally.task.runner [-] Task 48f87f48-66eb-4675-8a05-69e4a23c1674 | ITER: 62 END: OK
2019-12-07 11:03:23.949 14902 INFO rally.task.runner [-] Task 48f87f48-66eb-4675-8a05-69e4a23c1674 | ITER: 82 START
2019-12-07 11:03:23.962 14902 INFO rally.task.runner [-] Task 48f87f48-66eb-4675-8a05-69e4a23c1674 | ITER: 61 END: OK
2019-12-07 11:03:23.967 14902 INFO rally.task.runner [-] Task 48f87f48-66eb-4675-8a05-69e4a23c1674 | ITER: 83 START
2019-12-07 11:03:24.089 14905 INFO rally.task.runner [-] Task 48f87f48-66eb-4675-8a05-69e4a23c1674 | ITER: 67 END: OK
2019-12-07 11:03:24.093 14905 INFO rally.task.runner [-] Task 48f87f48-66eb-4675-8a05-69e4a23c1674 | ITER: 84 START
2019-12-07 11:03:24.108 14908 INFO rally.task.runner [-] Task 48f87f48-66eb-4675-8a05-69e4a23c1674 | ITER: 70 END: OK
2019-12-07 11:03:24.112 14908 INFO rally.task.runner [-] Task 48f87f48-66eb-4675-8a05-69e4a23c1674 | ITER: 85 START
2019-12-07 11:03:24.158 14903 INFO rally.task.runner [-] Task 48f87f48-66eb-4675-8a05-69e4a23c1674 | ITER: 66 END: OK
2019-12-07 11:03:24.161 14903 INFO rally.task.runner [-] Task 48f87f48-66eb-4675-8a05-69e4a23c1674 | ITER: 86 START
2019-12-07 11:03:24.218 14922 INFO rally.task.runner [-] Task 48f87f48-66eb-4675-8a05-69e4a23c1674 | ITER: 72 END: OK
2019-12-07 11:03:24.222 14922 INFO rally.task.runner [-] Task 48f87f48-66eb-4675-8a05-69e4a23c1674 | ITER: 87 START
2019-12-07 11:03:24.441 14947 INFO rally.task.runner [-] Task 48f87f48-66eb-4675-8a05-69e4a23c1674 | ITER: 65 END: OK
2019-12-07 11:03:24.445 14947 INFO rally.task.runner [-] Task 48f87f48-66eb-4675-8a05-69e4a23c1674 | ITER: 88 START
2019-12-07 11:03:24.463 14926 INFO rally.task.runner [-] Task 48f87f48-66eb-4675-8a05-69e4a23c1674 | ITER: 63 END: OK
2019-12-07 11:03:24.467 14926 INFO rally.task.runner [-] Task 48f87f48-66eb-4675-8a05-69e4a23c1674 | ITER: 89 START
2019-12-07 11:03:24.522 14904 INFO rally.task.runner [-] Task 48f87f48-66eb-4675-8a05-69e4a23c1674 | ITER: 71 END: OK
2019-12-07 11:03:24.525 14904 INFO rally.task.runner [-] Task 48f87f48-66eb-4675-8a05-69e4a23c1674 | ITER: 90 START
2019-12-07 11:03:24.545 14904 INFO rally.task.runner [-] Task 48f87f48-66eb-4675-8a05-69e4a23c1674 | ITER: 69 END: OK
2019-12-07 11:03:24.549 14904 INFO rally.task.runner [-] Task 48f87f48-66eb-4675-8a05-69e4a23c1674 | ITER: 91 START
2019-12-07 11:03:24.651 14946 INFO rally.task.runner [-] Task 48f87f48-66eb-4675-8a05-69e4a23c1674 | ITER: 68 END: OK
2019-12-07 11:03:24.655 14946 INFO rally.task.runner [-] Task 48f87f48-66eb-4675-8a05-69e4a23c1674 | ITER: 92 START
2019-12-07 11:03:24.720 14943 INFO rally.task.runner [-] Task 48f87f48-66eb-4675-8a05-69e4a23c1674 | ITER: 79 END: OK
2019-12-07 11:03:24.724 14943 INFO rally.task.runner [-] Task 48f87f48-66eb-4675-8a05-69e4a23c1674 | ITER: 93 START
2019-12-07 11:03:24.815 14903 INFO rally.task.runner [-] Task 48f87f48-66eb-4675-8a05-69e4a23c1674 | ITER: 80 END: OK
2019-12-07 11:03:24.819 14903 INFO rally.task.runner [-] Task 48f87f48-66eb-4675-8a05-69e4a23c1674 | ITER: 94 START
2019-12-07 11:03:24.833 14941 INFO rally.task.runner [-] Task 48f87f48-66eb-4675-8a05-69e4a23c1674 | ITER: 75 END: OK
2019-12-07 11:03:24.837 14941 INFO rally.task.runner [-] Task 48f87f48-66eb-4675-8a05-69e4a23c1674 | ITER: 95 START
2019-12-07 11:03:24.914 14937 INFO rally.task.runner [-] Task 48f87f48-66eb-4675-8a05-69e4a23c1674 | ITER: 78 END: OK
2019-12-07 11:03:24.918 14937 INFO rally.task.runner [-] Task 48f87f48-66eb-4675-8a05-69e4a23c1674 | ITER: 96 START
2019-12-07 11:03:25.143 14916 INFO rally.task.runner [-] Task 48f87f48-66eb-4675-8a05-69e4a23c1674 | ITER: 76 END: OK
2019-12-07 11:03:25.147 14916 INFO rally.task.runner [-] Task 48f87f48-66eb-4675-8a05-69e4a23c1674 | ITER: 97 START
2019-12-07 11:03:25.290 14919 INFO rally.task.runner [-] Task 48f87f48-66eb-4675-8a05-69e4a23c1674 | ITER: 77 END: OK
2019-12-07 11:03:25.293 14919 INFO rally.task.runner [-] Task 48f87f48-66eb-4675-8a05-69e4a23c1674 | ITER: 98 START
2019-12-07 11:03:25.314 14905 INFO rally.task.runner [-] Task 48f87f48-66eb-4675-8a05-69e4a23c1674 | ITER: 81 END: OK
2019-12-07 11:03:25.316 14902 INFO rally.task.runner [-] Task 48f87f48-66eb-4675-8a05-69e4a23c1674 | ITER: 82 END: OK
2019-12-07 11:03:25.316 14905 INFO rally.task.runner [-] Task 48f87f48-66eb-4675-8a05-69e4a23c1674 | ITER: 99 START
2019-12-07 11:03:25.318 14902 INFO rally.task.runner [-] Task 48f87f48-66eb-4675-8a05-69e4a23c1674 | ITER: 100 START
2019-12-07 11:03:25.481 14911 INFO rally.task.runner [-] Task 48f87f48-66eb-4675-8a05-69e4a23c1674 | ITER: 73 END: OK
2019-12-07 11:03:25.565 14908 INFO rally.task.runner [-] Task 48f87f48-66eb-4675-8a05-69e4a23c1674 | ITER: 85 END: OK
2019-12-07 11:03:25.573 14903 INFO rally.task.runner [-] Task 48f87f48-66eb-4675-8a05-69e4a23c1674 | ITER: 86 END: OK
2019-12-07 11:03:25.574 14926 INFO rally.task.runner [-] Task 48f87f48-66eb-4675-8a05-69e4a23c1674 | ITER: 89 END: OK
2019-12-07 11:03:25.688 14947 INFO rally.task.runner [-] Task 48f87f48-66eb-4675-8a05-69e4a23c1674 | ITER: 88 END: OK
2019-12-07 11:03:25.702 14922 INFO rally.task.runner [-] Task 48f87f48-66eb-4675-8a05-69e4a23c1674 | ITER: 87 END: OK
2019-12-07 11:03:25.734 14902 INFO rally.task.runner [-] Task 48f87f48-66eb-4675-8a05-69e4a23c1674 | ITER: 83 END: OK
2019-12-07 11:03:25.830 14943 INFO rally.task.runner [-] Task 48f87f48-66eb-4675-8a05-69e4a23c1674 | ITER: 93 END: OK
2019-12-07 11:03:25.872 14933 INFO rally.task.runner [-] Task 48f87f48-66eb-4675-8a05-69e4a23c1674 | ITER: 74 END: OK
2019-12-07 11:03:25.989 14904 INFO rally.task.runner [-] Task 48f87f48-66eb-4675-8a05-69e4a23c1674 | ITER: 91 END: OK
2019-12-07 11:03:26.038 14941 INFO rally.task.runner [-] Task 48f87f48-66eb-4675-8a05-69e4a23c1674 | ITER: 95 END: OK
2019-12-07 11:03:26.081 14937 INFO rally.task.runner [-] Task 48f87f48-66eb-4675-8a05-69e4a23c1674 | ITER: 96 END: OK
2019-12-07 11:03:26.225 14946 INFO rally.task.runner [-] Task 48f87f48-66eb-4675-8a05-69e4a23c1674 | ITER: 92 END: OK
2019-12-07 11:03:26.239 14916 INFO rally.task.runner [-] Task 48f87f48-66eb-4675-8a05-69e4a23c1674 | ITER: 97 END: OK
2019-12-07 11:03:26.302 14905 INFO rally.task.runner [-] Task 48f87f48-66eb-4675-8a05-69e4a23c1674 | ITER: 84 END: OK
2019-12-07 11:03:26.439 14905 INFO rally.task.runner [-] Task 48f87f48-66eb-4675-8a05-69e4a23c1674 | ITER: 99 END: OK
2019-12-07 11:03:26.472 14903 INFO rally.task.runner [-] Task 48f87f48-66eb-4675-8a05-69e4a23c1674 | ITER: 94 END: OK
2019-12-07 11:03:26.501 14902 INFO rally.task.runner [-] Task 48f87f48-66eb-4675-8a05-69e4a23c1674 | ITER: 100 END: OK
2019-12-07 11:03:26.502 14904 INFO rally.task.runner [-] Task 48f87f48-66eb-4675-8a05-69e4a23c1674 | ITER: 90 END: OK
2019-12-07 11:03:26.614 14919 INFO rally.task.runner [-] Task 48f87f48-66eb-4675-8a05-69e4a23c1674 | ITER: 98 END: OK
2019-12-07 11:03:26.634 14778 INFO rally.task.context [-] Task 48f87f48-66eb-4675-8a05-69e4a23c1674 | Context cleanup@openstack cleanup() started
2019-12-07 11:03:26.637 14778 RALLYDEBUG rally_openstack.cleanup.manager [-] Cleaning up neutron vip objects
2019-12-07 11:03:27.021 14778 RALLYDEBUG rally_openstack.cleanup.manager [-] Cleaning up neutron health_monitor objects
2019-12-07 11:03:27.399 14778 RALLYDEBUG rally_openstack.cleanup.manager [-] Cleaning up neutron pool objects
2019-12-07 11:03:27.781 14778 RALLYDEBUG rally_openstack.cleanup.manager [-] Cleaning up neutron loadbalancer objects
2019-12-07 11:03:28.160 14778 RALLYDEBUG rally_openstack.cleanup.manager [-] Cleaning up neutron floatingip objects
2019-12-07 11:03:28.594 14778 RALLYDEBUG rally_openstack.cleanup.manager [-] Cleaning up neutron trunk objects
2019-12-07 11:03:28.988 14778 RALLYDEBUG rally_openstack.cleanup.manager [-] Cleaning up neutron port objects
2019-12-07 11:03:29.387 14778 RALLYDEBUG rally_openstack.cleanup.manager [-] Cleaning up neutron subnet objects
2019-12-07 11:03:29.790 14778 RALLYDEBUG rally_openstack.cleanup.manager [-] Cleaning up neutron network objects
2019-12-07 11:03:30.496 14778 RALLYDEBUG rally_openstack.cleanup.manager [-] Deleting neutron.network object s_rally_9db1b676_KMDWSrFl (01e07cbc-3e28-404c-809b-c3ec1a8a0308)
2019-12-07 11:03:30.500 14778 RALLYDEBUG rally_openstack.cleanup.manager [-] Deleting neutron.network object s_rally_9db1b676_BT3oARwA (022068f9-3005-4079-9b9a-2fe75bbe652c)
2019-12-07 11:03:30.509 14778 RALLYDEBUG rally_openstack.cleanup.manager [-] Deleting neutron.network object s_rally_9db1b676_y7gPyDX4 (0c2515fa-4a8c-491f-b11e-a0c8e185e58f)
2019-12-07 11:03:30.518 14778 RALLYDEBUG rally_openstack.cleanup.manager [-] Deleting neutron.network object s_rally_9db1b676_Ktzg6WKc (1442c795-ca6e-4503-8932-73e5c33ade75)
2019-12-07 11:03:30.528 14778 RALLYDEBUG rally_openstack.cleanup.manager [-] Deleting neutron.network object s_rally_9db1b676_tAP83JYP (19040193-5ecc-471a-b36c-8971bf624d7f)
2019-12-07 11:03:30.537 14778 RALLYDEBUG rally_openstack.cleanup.manager [-] Deleting neutron.network object s_rally_9db1b676_FmBQYQUV (057f5bd3-5bbf-4b75-b6c1-262481259325)
2019-12-07 11:03:30.540 14778 RALLYDEBUG rally_openstack.cleanup.manager [-] Deleting neutron.network object s_rally_9db1b676_roHnxM6t (21c3b61d-dcbc-4ed2-9a15-016f86b98384)
2019-12-07 11:03:30.557 14778 RALLYDEBUG rally_openstack.cleanup.manager [-] Deleting neutron.network object s_rally_9db1b676_I3VZp28D (029d3a8e-a4f0-407d-9123-d5116f2d7bcc)
2019-12-07 11:03:30.582 14778 RALLYDEBUG rally_openstack.cleanup.manager [-] Deleting neutron.network object s_rally_9db1b676_tXbDktQG (241809b5-1bac-42c2-982b-6517ff7b1206)
2019-12-07 11:03:30.584 14778 RALLYDEBUG rally_openstack.cleanup.manager [-] Deleting neutron.network object s_rally_9db1b676_JdYlyH5E (24d3224d-206d-41b8-a649-78c764806773)
2019-12-07 11:03:30.587 14778 RALLYDEBUG rally_openstack.cleanup.manager [-] Deleting neutron.network object s_rally_9db1b676_IOhQOefi (06cc2126-fc99-4896-832a-fa9076d830c3)
2019-12-07 11:03:30.591 14778 RALLYDEBUG rally_openstack.cleanup.manager [-] Deleting neutron.network object s_rally_9db1b676_XL9tbWGS (191445ad-da81-4965-b13c-86293811b9a5)
2019-12-07 11:03:30.596 14778 RALLYDEBUG rally_openstack.cleanup.manager [-] Deleting neutron.network object s_rally_9db1b676_VE6GavfY (24184dba-c0b5-449c-8227-dd967d48a3f7)
2019-12-07 11:03:30.598 14778 RALLYDEBUG rally_openstack.cleanup.manager [-] Deleting neutron.network object s_rally_9db1b676_ZfYTxzg2 (075d1935-ffe8-4dde-b865-89f85631b972)
2019-12-07 11:03:30.602 14778 RALLYDEBUG rally_openstack.cleanup.manager [-] Deleting neutron.network object s_rally_9db1b676_o41652HY (1c178047-e24b-459b-b897-48789cc78cfb)
2019-12-07 11:03:30.613 14778 RALLYDEBUG rally_openstack.cleanup.manager [-] Deleting neutron.network object s_rally_9db1b676_PtHGIGFl (195335c9-32bc-4b99-98ba-925cea362d65)
2019-12-07 11:03:30.615 14778 RALLYDEBUG rally_openstack.cleanup.manager [-] Deleting neutron.network object s_rally_9db1b676_MAFaQwGC (1692555b-5e99-4eb4-b1fb-4837bac325b0)
2019-12-07 11:03:30.624 14778 RALLYDEBUG rally_openstack.cleanup.manager [-] Deleting neutron.network object s_rally_9db1b676_nU96MQvq (0ce55540-5b0f-478b-9aad-ebba808ffd5d)
2019-12-07 11:03:30.625 14778 RALLYDEBUG rally_openstack.cleanup.manager [-] Deleting neutron.network object s_rally_9db1b676_mwWjPZj9 (1022bb72-cc06-4969-bba0-1b17d6e387df)
2019-12-07 11:03:30.649 14778 RALLYDEBUG rally_openstack.cleanup.manager [-] Deleting neutron.network object s_rally_9db1b676_Q0YAKBtk (12566920-bff5-4b83-91ab-71aa4a803d9c)
2019-12-07 11:03:32.893 14778 RALLYDEBUG rally_openstack.cleanup.manager [-] Deleting neutron.network object s_rally_9db1b676_5LoGnH8s (29204959-5581-478b-9091-a7c3b6c52961)
2019-12-07 11:03:33.025 14778 RALLYDEBUG rally_openstack.cleanup.manager [-] Deleting neutron.network object s_rally_9db1b676_ofMN0Gk0 (2c4fa358-b34a-4ca3-871d-b60fb160a60a)
2019-12-07 11:03:33.154 14778 RALLYDEBUG rally_openstack.cleanup.manager [-] Deleting neutron.network object s_rally_9db1b676_DNLGE2Eu (312d5fb6-2730-40e2-a519-24d83e84e90f)
2019-12-07 11:03:33.319 14778 RALLYDEBUG rally_openstack.cleanup.manager [-] Deleting neutron.network object s_rally_9db1b676_IGImyptC (36d011c0-de42-4c1a-bcc4-1bbb95cfd4d3)
2019-12-07 11:03:33.340 14778 RALLYDEBUG rally_openstack.cleanup.manager [-] Deleting neutron.network object s_rally_9db1b676_IJNoChs4 (379bf50b-792b-465b-a812-997c5bc65b8a)
2019-12-07 11:03:33.444 14778 RALLYDEBUG rally_openstack.cleanup.manager [-] Deleting neutron.network object s_rally_9db1b676_J6YI2b52 (38489b0e-e46e-4d91-9aa3-9e2f1695050d)
2019-12-07 11:03:33.499 14778 RALLYDEBUG rally_openstack.cleanup.manager [-] Deleting neutron.network object s_rally_9db1b676_CVuo6xIG (3e2dfd48-07bd-49f0-b15f-2dea1d851e30)
2019-12-07 11:03:33.548 14778 RALLYDEBUG rally_openstack.cleanup.manager [-] Deleting neutron.network object s_rally_9db1b676_ubAmYMs6 (3f71803e-881a-48fb-bd8d-d4df43781aa5)
2019-12-07 11:03:33.571 14778 RALLYDEBUG rally_openstack.cleanup.manager [-] Deleting neutron.network object s_rally_9db1b676_v6QSRPWE (3f8da3d7-1591-4cfa-8aee-6136a26bf79e)
2019-12-07 11:03:33.710 14778 RALLYDEBUG rally_openstack.cleanup.manager [-] Deleting neutron.network object s_rally_9db1b676_MCgoHPDV (4580222a-d606-4e8b-b937-6c1902af4fe6)
2019-12-07 11:03:33.752 14778 RALLYDEBUG rally_openstack.cleanup.manager [-] Deleting neutron.network object s_rally_9db1b676_GcY2XQIi (4858e713-68e9-4355-a815-aa20250ee6cd)
2019-12-07 11:03:33.878 14778 RALLYDEBUG rally_openstack.cleanup.manager [-] Deleting neutron.network object s_rally_9db1b676_Ey8tzB1r (49a513f5-524a-4d68-867f-df7d011f46a8)
2019-12-07 11:03:33.887 14778 RALLYDEBUG rally_openstack.cleanup.manager [-] Deleting neutron.network object s_rally_9db1b676_JRk3Ww6w (4df4c709-1406-4dc9-acc8-2440574f3ab8)
2019-12-07 11:03:33.951 14778 RALLYDEBUG rally_openstack.cleanup.manager [-] Deleting neutron.network object s_rally_9db1b676_gg482T1C (56636ed0-94a3-454b-abbb-158fa2684907)
2019-12-07 11:03:33.966 14778 RALLYDEBUG rally_openstack.cleanup.manager [-] Deleting neutron.network object s_rally_9db1b676_3WBeV71Z (5797b32b-cc38-434d-b52a-216585faa301)
2019-12-07 11:03:34.046 14778 RALLYDEBUG rally_openstack.cleanup.manager [-] Deleting neutron.network object s_rally_9db1b676_khKvO9Yp (5ae2421f-82d9-42f3-a48f-be4e2f982a2d)
2019-12-07 11:03:34.275 14778 RALLYDEBUG rally_openstack.cleanup.manager [-] Deleting neutron.network object s_rally_9db1b676_MHZ00mpa (5baf88ae-0bcc-4733-9ac8-97e99e79bc42)
2019-12-07 11:03:34.282 14778 RALLYDEBUG rally_openstack.cleanup.manager [-] Deleting neutron.network object s_rally_9db1b676_rpzNP3os (6107ddee-3b0f-4175-b7f4-3f0baa65b951)
2019-12-07 11:03:34.306 14778 RALLYDEBUG rally_openstack.cleanup.manager [-] Deleting neutron.network object s_rally_9db1b676_cXBobKnu (6512b220-398e-4126-b9b6-5a6d6981b83d)
2019-12-07 11:03:34.481 14778 RALLYDEBUG rally_openstack.cleanup.manager [-] Deleting neutron.network object s_rally_9db1b676_6ALkPzWZ (6899c4d2-5d25-41aa-9142-176277416ab1)
2019-12-07 11:03:34.955 14778 RALLYDEBUG rally_openstack.cleanup.manager [-] Deleting neutron.network object s_rally_9db1b676_gSGnXIkM (6970550b-f60f-41bd-bcc3-a15b31c795a8)
2019-12-07 11:03:35.547 14778 RALLYDEBUG rally_openstack.cleanup.manager [-] Deleting neutron.network object s_rally_9db1b676_8Rcka7vw (69bd7577-5c13-4cd3-9867-5f498aecde32)
2019-12-07 11:03:35.600 14778 RALLYDEBUG rally_openstack.cleanup.manager [-] Deleting neutron.network object s_rally_9db1b676_fGXYQ8wC (6b2f2393-6a1b-4dce-8c0e-0e16f4ab58ca)
2019-12-07 11:03:35.693 14778 RALLYDEBUG rally_openstack.cleanup.manager [-] Deleting neutron.network object s_rally_9db1b676_YNlHDcMM (6bb8fc57-20a1-484d-a8d3-d3da352d8359)
2019-12-07 11:03:35.721 14778 RALLYDEBUG rally_openstack.cleanup.manager [-] Deleting neutron.network object s_rally_9db1b676_BkMfjZoP (6c02fcfe-cb07-444c-838e-b3b7ab8b3fb0)
2019-12-07 11:03:36.002 14778 RALLYDEBUG rally_openstack.cleanup.manager [-] Deleting neutron.network object s_rally_9db1b676_hMdLlANt (6d728cf8-dea4-4310-857a-04de245db4ba)
2019-12-07 11:03:36.012 14778 RALLYDEBUG rally_openstack.cleanup.manager [-] Deleting neutron.network object s_rally_9db1b676_WuagaQCQ (6dd41bd3-83f8-445d-8437-69a947bd60f4)
2019-12-07 11:03:36.081 14778 RALLYDEBUG rally_openstack.cleanup.manager [-] Deleting neutron.network object s_rally_9db1b676_V06yuOXV (770e1d27-f270-4c4b-9c70-09739ada00d2)
2019-12-07 11:03:36.265 14778 RALLYDEBUG rally_openstack.cleanup.manager [-] Deleting neutron.network object s_rally_9db1b676_4q0NP3I2 (7cd52ad6-06a8-42a3-986a-8c814a4d823c)
2019-12-07 11:03:36.390 14778 RALLYDEBUG rally_openstack.cleanup.manager [-] Deleting neutron.network object s_rally_9db1b676_svryW0O5 (7facca1e-96c0-4331-a90b-738ca10d15e6)
2019-12-07 11:03:36.425 14778 RALLYDEBUG rally_openstack.cleanup.manager [-] Deleting neutron.network object s_rally_9db1b676_nQJDWyfu (81457dae-cab3-4fbb-8417-4636055c08fd)
2019-12-07 11:03:36.535 14778 RALLYDEBUG rally_openstack.cleanup.manager [-] Deleting neutron.network object s_rally_9db1b676_UFq8REog (83b1b79d-aa00-4727-a551-1aebe8ee4339)
2019-12-07 11:03:36.544 14778 RALLYDEBUG rally_openstack.cleanup.manager [-] Deleting neutron.network object s_rally_9db1b676_dtM5pXqy (86d43b42-f2f5-48d6-bdb9-95e4c7ec74b2)
2019-12-07 11:03:36.568 14778 RALLYDEBUG rally_openstack.cleanup.manager [-] Deleting neutron.network object s_rally_9db1b676_UpdzqBhT (88047a4c-cb40-4253-83c1-67d91260c221)
2019-12-07 11:03:36.592 14778 RALLYDEBUG rally_openstack.cleanup.manager [-] Deleting neutron.network object s_rally_9db1b676_d7mas2qh (8da48174-ccf9-4dd8-8262-ad2463829ea9)
2019-12-07 11:03:36.608 14778 RALLYDEBUG rally_openstack.cleanup.manager [-] Deleting neutron.network object s_rally_9db1b676_m9H2KnHm (8f6c1292-fd82-405b-894d-07df9ff29a8d)
2019-12-07 11:03:36.755 14778 RALLYDEBUG rally_openstack.cleanup.manager [-] Deleting neutron.network object s_rally_9db1b676_XMZS6DGT (90e1cbc7-a47f-402d-9a9c-a5e61e233784)
2019-12-07 11:03:36.856 14778 RALLYDEBUG rally_openstack.cleanup.manager [-] Deleting neutron.network object s_rally_9db1b676_M2hbqNPK (912f09fc-532f-4719-9ca2-cd46d9268f4b)
2019-12-07 11:03:36.905 14778 RALLYDEBUG rally_openstack.cleanup.manager [-] Deleting neutron.network object s_rally_9db1b676_zKBKesvQ (92c258b9-9805-4528-b1e8-fe3243ad61ff)
2019-12-07 11:03:37.071 14778 RALLYDEBUG rally_openstack.cleanup.manager [-] Deleting neutron.network object s_rally_9db1b676_8OPCRtb3 (938cd198-2d08-4216-91a7-005ece229487)
2019-12-07 11:03:37.199 14778 RALLYDEBUG rally_openstack.cleanup.manager [-] Deleting neutron.network object s_rally_9db1b676_dChFgZf5 (955ec407-ce51-4f9e-a3e3-11d42b94ce0a)
2019-12-07 11:03:37.681 14778 RALLYDEBUG rally_openstack.cleanup.manager [-] Deleting neutron.network object s_rally_9db1b676_ZaNjKi1m (97598fd4-f179-4f0c-9f42-f23c7de2cfb7)
2019-12-07 11:03:37.795 14778 RALLYDEBUG rally_openstack.cleanup.manager [-] Deleting neutron.network object s_rally_9db1b676_Jra71l18 (99f3b52f-4437-4852-8820-acf7e7f2b542)
2019-12-07 11:03:38.082 14778 RALLYDEBUG rally_openstack.cleanup.manager [-] Deleting neutron.network object s_rally_9db1b676_bHYPUov5 (9c38fcc9-50d9-4181-bd32-e73e60e1049e)
2019-12-07 11:03:38.123 14778 RALLYDEBUG rally_openstack.cleanup.manager [-] Deleting neutron.network object s_rally_9db1b676_qOTbFBfq (a149b708-99a4-4d29-a4b0-e6470903c12e)
2019-12-07 11:03:38.630 14778 RALLYDEBUG rally_openstack.cleanup.manager [-] Deleting neutron.network object s_rally_9db1b676_Da1SlHSq (a485aa0f-9b89-4d24-a99f-fdd5c5a065a5)
2019-12-07 11:03:38.657 14778 RALLYDEBUG rally_openstack.cleanup.manager [-] Deleting neutron.network object s_rally_9db1b676_meYKrQDr (a728f674-112c-43fc-a66a-511d53a6c36f)
2019-12-07 11:03:38.691 14778 RALLYDEBUG rally_openstack.cleanup.manager [-] Deleting neutron.network object s_rally_9db1b676_LJJrR0oE (a7de3025-cd3e-41ee-92bb-7bfb3c67613f)
2019-12-07 11:03:38.733 14778 RALLYDEBUG rally_openstack.cleanup.manager [-] Deleting neutron.network object s_rally_9db1b676_jS2mnCiE (aad49df2-111a-407a-a59f-9f1c8820580a)
2019-12-07 11:03:38.840 14778 RALLYDEBUG rally_openstack.cleanup.manager [-] Deleting neutron.network object s_rally_9db1b676_wqqujsni (b4b2bc29-fd09-4c20-871c-cb3ece42af05)
2019-12-07 11:03:38.875 14778 RALLYDEBUG rally_openstack.cleanup.manager [-] Deleting neutron.network object s_rally_9db1b676_quUiiOSq (b63d8dbd-e59e-479a-8e57-2f81402a1669)
2019-12-07 11:03:38.883 14778 RALLYDEBUG rally_openstack.cleanup.manager [-] Deleting neutron.network object s_rally_9db1b676_j46r86tn (b71e3129-a045-425f-8e97-321c63ad817b)
2019-12-07 11:03:39.055 14778 RALLYDEBUG rally_openstack.cleanup.manager [-] Deleting neutron.network object s_rally_9db1b676_Q0rIoLU9 (b7d49d81-676e-4b1b-bf8d-16f50dd617cc)
2019-12-07 11:03:39.110 14778 RALLYDEBUG rally_openstack.cleanup.manager [-] Deleting neutron.network object s_rally_9db1b676_gGVxodvJ (bb84bc4d-1197-477b-a70f-28c0887fe4cd)
2019-12-07 11:03:39.182 14778 RALLYDEBUG rally_openstack.cleanup.manager [-] Deleting neutron.network object s_rally_9db1b676_RVjkQAyK (bc95848d-a457-4692-8145-0087a52aa4de)
2019-12-07 11:03:39.222 14778 RALLYDEBUG rally_openstack.cleanup.manager [-] Deleting neutron.network object s_rally_9db1b676_y3V7eICJ (bdd9f488-38d9-4542-b4f0-986d55395669)
2019-12-07 11:03:39.314 14778 RALLYDEBUG rally_openstack.cleanup.manager [-] Deleting neutron.network object s_rally_9db1b676_eyQq5D3P (bf01cc34-8eff-415e-a3c3-a874773950d4)
2019-12-07 11:03:39.587 14778 RALLYDEBUG rally_openstack.cleanup.manager [-] Deleting neutron.network object s_rally_9db1b676_ZFbA2Ijm (c32816cb-883b-4e8c-be21-73ed517baac1)
2019-12-07 11:03:39.690 14778 RALLYDEBUG rally_openstack.cleanup.manager [-] Deleting neutron.network object s_rally_9db1b676_zZX5a3OT (c647ab05-d349-4898-8688-ab13641306fb)
2019-12-07 11:03:39.769 14778 RALLYDEBUG rally_openstack.cleanup.manager [-] Deleting neutron.network object s_rally_9db1b676_fBFesY9Z (c7bb2702-56cc-4d9b-8004-226cc6c515da)
2019-12-07 11:03:39.807 14778 RALLYDEBUG rally_openstack.cleanup.manager [-] Deleting neutron.network object s_rally_9db1b676_eKvrRtoH (c9ca6771-5d30-484a-9837-278d897e8604)
2019-12-07 11:03:39.868 14778 RALLYDEBUG rally_openstack.cleanup.manager [-] Deleting neutron.network object s_rally_9db1b676_ZJfHrSoM (cb202681-35e5-4938-be09-b1b8c817d2b1)
2019-12-07 11:03:39.929 14778 RALLYDEBUG rally_openstack.cleanup.manager [-] Deleting neutron.network object s_rally_9db1b676_C0Yske6T (d40d7778-2bf5-4147-a87b-6cc485c36898)
2019-12-07 11:03:40.183 14778 RALLYDEBUG rally_openstack.cleanup.manager [-] Deleting neutron.network object s_rally_9db1b676_JvjxfWe2 (d4dbb8e3-e5d1-44f2-9383-17df1c355b2e)
2019-12-07 11:03:40.350 14778 RALLYDEBUG rally_openstack.cleanup.manager [-] Deleting neutron.network object s_rally_9db1b676_aDJBxBza (d7680447-9cee-4b08-8b63-3a7b768144c1)
2019-12-07 11:03:40.673 14778 RALLYDEBUG rally_openstack.cleanup.manager [-] Deleting neutron.network object s_rally_9db1b676_vyxuktkN (d9fdd72c-9eb1-4281-ad4f-4ca823e302e9)
2019-12-07 11:03:40.933 14778 RALLYDEBUG rally_openstack.cleanup.manager [-] Deleting neutron.network object s_rally_9db1b676_npV12DEp (e1bb68fa-ad2f-4810-92f8-85915b90afcb)
2019-12-07 11:03:41.301 14778 RALLYDEBUG rally_openstack.cleanup.manager [-] Deleting neutron.network object s_rally_9db1b676_R9rqjbRS (e2d1d0f4-8fd9-4f62-8ec8-225edaf2dbe3)
2019-12-07 11:03:41.394 14778 RALLYDEBUG rally_openstack.cleanup.manager [-] Deleting neutron.network object s_rally_9db1b676_0gaMlRzz (e6bd1df0-fba3-4cf2-9511-2187dac32895)
2019-12-07 11:03:41.474 14778 RALLYDEBUG rally_openstack.cleanup.manager [-] Deleting neutron.network object s_rally_9db1b676_9OjPbTWZ (e7dae629-b206-4593-945e-d705960f98d6)
2019-12-07 11:03:41.508 14778 RALLYDEBUG rally_openstack.cleanup.manager [-] Deleting neutron.network object s_rally_9db1b676_347z4ARj (eb615b00-d2d0-4b8d-a5f0-9128bdbcb3d8)
2019-12-07 11:03:41.590 14778 RALLYDEBUG rally_openstack.cleanup.manager [-] Deleting neutron.network object s_rally_9db1b676_pfKKsGhF (edcb7f71-3ee4-4339-a0ca-5ff8733e82ef)
2019-12-07 11:03:41.694 14778 RALLYDEBUG rally_openstack.cleanup.manager [-] Deleting neutron.network object s_rally_9db1b676_xjRjfitM (f17480be-2ca4-49aa-b5eb-41ba315863da)
2019-12-07 11:03:41.798 14778 RALLYDEBUG rally_openstack.cleanup.manager [-] Deleting neutron.network object s_rally_9db1b676_6mI5T20q (f61b897e-a124-4391-8396-997874d928b1)
2019-12-07 11:03:41.863 14778 RALLYDEBUG rally_openstack.cleanup.manager [-] Deleting neutron.network object s_rally_9db1b676_qOIigbVB (f6820b81-b368-4d0f-9872-bb17d777bea7)
2019-12-07 11:03:41.896 14778 RALLYDEBUG rally_openstack.cleanup.manager [-] Deleting neutron.network object s_rally_9db1b676_TWN0o29E (f7259dfd-58d0-43f1-90a8-224691dd5e28)
