2019-12-07 11:15:09.792 14778 RALLYDEBUG rally_openstack.cleanup.manager [-] Deleting neutron.port object s_rally_545402e7_X14xwHpA (d8a765f8-4688-489f-a360-5a1f44da1dcf)
2019-12-07 11:15:09.948 14778 RALLYDEBUG rally_openstack.cleanup.manager [-] Deleting neutron.port object s_rally_545402e7_TWRKe1II (d8c9eafd-c5cf-401d-b822-d14f3d8b8330)
2019-12-07 11:15:10.003 14778 RALLYDEBUG rally_openstack.cleanup.manager [-] Deleting neutron.port object s_rally_545402e7_UbW2P2iD (d9820865-c2b2-4edf-adc0-7ccea2188b75)
2019-12-07 11:15:10.108 14778 RALLYDEBUG rally_openstack.cleanup.manager [-] Deleting neutron.port object s_rally_545402e7_iV2rK8gW (d9f20ff4-e2d9-42f8-b22e-195a77b3aece)
2019-12-07 11:15:10.320 14778 RALLYDEBUG rally_openstack.cleanup.manager [-] Deleting neutron.port object s_rally_545402e7_VrbLQvrg (da7a90fe-0b00-4131-895f-e01c8d8f51b3)
2019-12-07 11:15:10.340 14778 RALLYDEBUG rally_openstack.cleanup.manager [-] Deleting neutron.port object s_rally_545402e7_MNhq8l0V (dac782cb-20a4-4f2f-8866-3bc9fafe1e02)
2019-12-07 11:15:10.502 14778 RALLYDEBUG rally_openstack.cleanup.manager [-] Deleting neutron.port object s_rally_545402e7_gY2o3rf1 (db3b35c1-3f32-4ff5-b1df-565379092b82)
2019-12-07 11:15:10.548 14778 RALLYDEBUG rally_openstack.cleanup.manager [-] Deleting neutron.port object s_rally_545402e7_aCATWxG7 (dc797c30-3a23-4aa1-835e-e2fcf8df0f81)
2019-12-07 11:15:10.928 14778 RALLYDEBUG rally_openstack.cleanup.manager [-] Deleting neutron.port object s_rally_545402e7_A8snP9Wu (dca8c196-1810-437c-b05a-7f51175850bd)
2019-12-07 11:15:11.132 14778 RALLYDEBUG rally_openstack.cleanup.manager [-] Deleting neutron.port object s_rally_545402e7_ESABTcGo (dcb6b360-e6e8-43ef-9e9d-4d3c968a8128)
2019-12-07 11:15:11.189 14778 RALLYDEBUG rally_openstack.cleanup.manager [-] Deleting neutron.port object s_rally_545402e7_ojxC8wRL (dcd76376-8969-48c4-813e-5c04ee51e76c)
2019-12-07 11:15:11.280 14778 RALLYDEBUG rally_openstack.cleanup.manager [-] Deleting neutron.port object s_rally_545402e7_phxLB0nZ (ddc937e3-74d9-42bd-9940-9d4994e6f575)
2019-12-07 11:15:11.309 14778 RALLYDEBUG rally_openstack.cleanup.manager [-] Deleting neutron.port object s_rally_545402e7_BhJI5QXy (de030b37-ac5a-4760-8fcf-77dfd67468a8)
2019-12-07 11:15:11.399 14778 RALLYDEBUG rally_openstack.cleanup.manager [-] Deleting neutron.port object s_rally_545402e7_Af4kpSSY (def1d57a-e14e-434c-b04f-369a708174b3)
2019-12-07 11:15:11.491 14778 RALLYDEBUG rally_openstack.cleanup.manager [-] Deleting neutron.port object s_rally_545402e7_iIep89Fy (df48ee5b-3344-44fa-9843-614ac39593a1)
2019-12-07 11:15:11.600 14778 RALLYDEBUG rally_openstack.cleanup.manager [-] Deleting neutron.port object s_rally_545402e7_cnyC3YHk (e066b59f-8576-41dc-8d08-fb6fd7bf8b6f)
2019-12-07 11:15:11.652 14778 RALLYDEBUG rally_openstack.cleanup.manager [-] Deleting neutron.port object s_rally_545402e7_TQlRYvKv (e07a9e4e-533e-4c06-b246-8569120d1221)
2019-12-07 11:15:11.782 14778 RALLYDEBUG rally_openstack.cleanup.manager [-] Deleting neutron.port object s_rally_545402e7_xNdJwTjF (e08f3b5e-05c2-4f94-afc3-90fc9c7c69dd)
2019-12-07 11:15:11.843 14778 RALLYDEBUG rally_openstack.cleanup.manager [-] Deleting neutron.port object s_rally_545402e7_mJPj2A7h (e15d92b3-740c-43e5-a4e6-cc97de439948)
2019-12-07 11:15:11.876 14778 RALLYDEBUG rally_openstack.cleanup.manager [-] Deleting neutron.port object s_rally_545402e7_uFofbJKa (e1d2943b-523f-4b93-a0fa-a2d8190c4ee3)
2019-12-07 11:15:11.904 14778 RALLYDEBUG rally_openstack.cleanup.manager [-] Deleting neutron.port object s_rally_545402e7_h8unxWPY (e255a638-8410-4477-8fff-8d6710367360)
2019-12-07 11:15:11.995 14778 RALLYDEBUG rally_openstack.cleanup.manager [-] Deleting neutron.port object s_rally_545402e7_hKYgLv3R (e3b77872-bfa6-46ef-a018-282875a24d3f)
2019-12-07 11:15:12.062 14778 RALLYDEBUG rally_openstack.cleanup.manager [-] Deleting neutron.port object s_rally_545402e7_rVtM1p2N (e3f6043b-ff23-4868-8ec9-ee970a6b3ac8)
2019-12-07 11:15:12.149 14778 RALLYDEBUG rally_openstack.cleanup.manager [-] Deleting neutron.port object s_rally_545402e7_RUwN6vwh (e40176cb-38ea-4ff1-98a6-3c40f4e223b3)
2019-12-07 11:15:12.247 14778 RALLYDEBUG rally_openstack.cleanup.manager [-] Deleting neutron.port object s_rally_545402e7_a69zwO3T (e4ddcbf2-3a11-407b-83b7-c3baa9fd0c81)
2019-12-07 11:15:12.462 14778 RALLYDEBUG rally_openstack.cleanup.manager [-] Deleting neutron.port object s_rally_545402e7_FfcTEEn3 (e5816719-a93a-4e4b-9e5a-2b6cea80f27e)
2019-12-07 11:15:12.513 14778 RALLYDEBUG rally_openstack.cleanup.manager [-] Deleting neutron.port object s_rally_545402e7_6utV0kCD (e591a944-beb8-4920-a580-cd5ff96ba030)
2019-12-07 11:15:12.638 14778 RALLYDEBUG rally_openstack.cleanup.manager [-] Deleting neutron.port object s_rally_545402e7_ydr8YCPa (e61ae07f-c09f-468f-830d-ed6cce11f5d7)
2019-12-07 11:15:12.777 14778 RALLYDEBUG rally_openstack.cleanup.manager [-] Deleting neutron.port object s_rally_545402e7_315QdB2C (e63873b2-b651-4aa8-a300-e2163c731d2f)
2019-12-07 11:15:12.989 14778 RALLYDEBUG rally_openstack.cleanup.manager [-] Deleting neutron.port object s_rally_545402e7_JCrUeyQX (e6518398-c8dd-4056-9ce9-6bea395640b5)
2019-12-07 11:15:13.167 14778 RALLYDEBUG rally_openstack.cleanup.manager [-] Deleting neutron.port object s_rally_545402e7_k2U3cbcI (e72b41cd-af00-4ca0-b858-0908d32e271e)
2019-12-07 11:15:13.385 14778 RALLYDEBUG rally_openstack.cleanup.manager [-] Deleting neutron.port object s_rally_545402e7_JxXup0uk (e7697bf3-f53f-4263-821d-9432e0b1b523)
2019-12-07 11:15:13.391 14778 RALLYDEBUG rally_openstack.cleanup.manager [-] Deleting neutron.port object s_rally_545402e7_GW7czDhs (e8156dba-79b4-4752-8013-a654241325ce)
2019-12-07 11:15:13.546 14778 RALLYDEBUG rally_openstack.cleanup.manager [-] Deleting neutron.port object s_rally_545402e7_OCDefaKS (e8ac8c5b-a7aa-42a5-ad52-d49701559efd)
2019-12-07 11:15:13.598 14778 RALLYDEBUG rally_openstack.cleanup.manager [-] Deleting neutron.port object s_rally_545402e7_twvk2gp8 (e8af6bd1-24c7-4f43-9274-439d87684ca5)
2019-12-07 11:15:13.627 14778 RALLYDEBUG rally_openstack.cleanup.manager [-] Deleting neutron.port object s_rally_545402e7_G0osxcJ6 (e90f1297-062d-4819-a135-df2741d951e3)
2019-12-07 11:15:13.726 14778 RALLYDEBUG rally_openstack.cleanup.manager [-] Deleting neutron.port object s_rally_545402e7_HuYbv6Uf (ea57d342-be5f-457c-b995-636965de1439)
2019-12-07 11:15:13.813 14778 RALLYDEBUG rally_openstack.cleanup.manager [-] Deleting neutron.port object s_rally_545402e7_k6b8nNsw (ea640758-df31-4153-9d11-28d7dfb3aa4f)
2019-12-07 11:15:13.918 14778 RALLYDEBUG rally_openstack.cleanup.manager [-] Deleting neutron.port object s_rally_545402e7_OvmD76ew (eaed95cb-5282-4aaa-9620-677a07555880)
2019-12-07 11:15:13.921 14778 RALLYDEBUG rally_openstack.cleanup.manager [-] Deleting neutron.port object s_rally_545402e7_BcuGqEc5 (eb5fbc15-d0cb-4a68-9793-6255e2210543)
2019-12-07 11:15:13.984 14778 RALLYDEBUG rally_openstack.cleanup.manager [-] Deleting neutron.port object s_rally_545402e7_UOajXUXY (ec513f7b-f8a1-4d42-af1d-10dd062b068e)
2019-12-07 11:15:14.074 14778 RALLYDEBUG rally_openstack.cleanup.manager [-] Deleting neutron.port object s_rally_545402e7_YfoAu6SS (ed534de1-602c-4af7-9b9e-291796af8308)
2019-12-07 11:15:14.092 14778 RALLYDEBUG rally_openstack.cleanup.manager [-] Deleting neutron.port object s_rally_545402e7_dsRAoBiW (edd37a69-7c36-4a3a-a189-6ca94e493101)
2019-12-07 11:15:14.122 14778 RALLYDEBUG rally_openstack.cleanup.manager [-] Deleting neutron.port object s_rally_545402e7_eXtmX4RH (ee7da43a-c36b-44db-b976-9a2f3ef87368)
2019-12-07 11:15:14.137 14778 RALLYDEBUG rally_openstack.cleanup.manager [-] Deleting neutron.port object s_rally_545402e7_Ml1pdBYN (ef791b41-038d-444c-8f55-ce7c6c1e5fc8)
2019-12-07 11:15:14.337 14778 RALLYDEBUG rally_openstack.cleanup.manager [-] Deleting neutron.port object s_rally_545402e7_FTv34sq5 (ef8f762b-bb19-4227-a780-66945a7c75e9)
2019-12-07 11:15:14.350 14778 RALLYDEBUG rally_openstack.cleanup.manager [-] Deleting neutron.port object s_rally_545402e7_M63Uomr3 (f0742a41-51d0-4397-b7c9-b294e13e323f)
2019-12-07 11:15:14.518 14778 RALLYDEBUG rally_openstack.cleanup.manager [-] Deleting neutron.port object s_rally_545402e7_7WNwaFOO (f11855aa-9592-4319-b27f-e2b804b82b3e)
2019-12-07 11:15:14.659 14778 RALLYDEBUG rally_openstack.cleanup.manager [-] Deleting neutron.port object s_rally_545402e7_1IfcYi4l (f122d9a4-8566-4265-9ace-736b404dd36b)
2019-12-07 11:15:15.113 14778 RALLYDEBUG rally_openstack.cleanup.manager [-] Deleting neutron.port object s_rally_545402e7_ng02od5V (f163f6b7-7f46-4734-8109-245e03ef7818)
2019-12-07 11:15:15.283 14778 RALLYDEBUG rally_openstack.cleanup.manager [-] Deleting neutron.port object s_rally_545402e7_OH8uqrbs (f20817b5-f32f-4674-8735-8579808b1ac8)
2019-12-07 11:15:15.309 14778 RALLYDEBUG rally_openstack.cleanup.manager [-] Deleting neutron.port object s_rally_545402e7_wYQl0WXt (f3b05449-79bd-4e48-b3fd-c79229d278c5)
2019-12-07 11:15:15.341 14778 RALLYDEBUG rally_openstack.cleanup.manager [-] Deleting neutron.port object s_rally_545402e7_KzaojONt (f3e5fc50-c27e-49a1-8caa-0375df5902e7)
2019-12-07 11:15:15.509 14778 RALLYDEBUG rally_openstack.cleanup.manager [-] Deleting neutron.port object s_rally_545402e7_ymQv9ZH2 (f526b275-57ec-4ac2-b61a-6f7beaa3768e)
2019-12-07 11:15:15.565 14778 RALLYDEBUG rally_openstack.cleanup.manager [-] Deleting neutron.port object s_rally_545402e7_i9igOrfR (f5384368-7949-4ac9-9a95-31a326857fdd)
2019-12-07 11:15:15.816 14778 RALLYDEBUG rally_openstack.cleanup.manager [-] Deleting neutron.port object s_rally_545402e7_MKpLgt6F (f53a139a-8fe6-4a09-a691-8af630403add)
2019-12-07 11:15:15.872 14778 RALLYDEBUG rally_openstack.cleanup.manager [-] Deleting neutron.port object s_rally_545402e7_mmywh65R (f69b3168-7c90-450b-b3c7-2dd57e4099af)
2019-12-07 11:15:15.934 14778 RALLYDEBUG rally_openstack.cleanup.manager [-] Deleting neutron.port object s_rally_545402e7_vNvRgKA2 (f76f6905-a3c8-4b53-ad23-33e303b31e82)
2019-12-07 11:15:15.951 14778 RALLYDEBUG rally_openstack.cleanup.manager [-] Deleting neutron.port object s_rally_545402e7_J1JEyB7f (f7f0f0d7-0fcc-4158-8d4b-add8b0a4f647)
2019-12-07 11:15:15.997 14778 RALLYDEBUG rally_openstack.cleanup.manager [-] Deleting neutron.port object s_rally_545402e7_4BvqEby6 (f83e1539-5e25-4995-8cf1-4e42b38d3b34)
2019-12-07 11:15:16.065 14778 RALLYDEBUG rally_openstack.cleanup.manager [-] Deleting neutron.port object s_rally_545402e7_fkXYih7f (fbfd42cc-08e7-47ed-a06a-61b2ee552a3d)
2019-12-07 11:15:16.114 14778 RALLYDEBUG rally_openstack.cleanup.manager [-] Deleting neutron.port object s_rally_545402e7_4mmvj0bV (fc2aca0a-b561-4b94-9d09-f07f683c5fb8)
2019-12-07 11:15:16.138 14778 RALLYDEBUG rally_openstack.cleanup.manager [-] Deleting neutron.port object s_rally_545402e7_jhTS593m (fcb1a72d-93c0-4bf3-9ee6-b174ba00ea37)
2019-12-07 11:15:16.176 14778 RALLYDEBUG rally_openstack.cleanup.manager [-] Deleting neutron.port object s_rally_545402e7_UbEl73s2 (fd92f752-cf62-4d49-ae5f-a264fe11edec)
2019-12-07 11:15:16.360 14778 RALLYDEBUG rally_openstack.cleanup.manager [-] Deleting neutron.port object s_rally_545402e7_uxTvxodQ (fda174df-2a90-4efc-ac99-7aec85a59687)
2019-12-07 11:15:16.468 14778 RALLYDEBUG rally_openstack.cleanup.manager [-] Deleting neutron.port object s_rally_545402e7_0FD9lQ28 (fddf04c7-cccd-4dfd-9a20-4fe3b5dc801b)
2019-12-07 11:15:16.496 14778 RALLYDEBUG rally_openstack.cleanup.manager [-] Deleting neutron.port object s_rally_545402e7_AQyftGdu (feb9547b-e69e-423d-b578-ab3db42051d4)
2019-12-07 11:15:16.705 14778 RALLYDEBUG rally_openstack.cleanup.manager [-] Deleting neutron.port object s_rally_545402e7_Fm1GeWoo (ffdae900-8682-4786-a7d4-95cc55376481)
2019-12-07 11:15:18.944 14778 RALLYDEBUG rally_openstack.cleanup.manager [-] Cleaning up neutron subnet objects
2019-12-07 11:15:19.356 14778 RALLYDEBUG rally_openstack.cleanup.manager [-] Cleaning up neutron network objects
2019-12-07 11:15:19.819 14778 RALLYDEBUG rally_openstack.cleanup.manager [-] Deleting neutron.network object s_rally_545402e7_4km639Rl (03db47ef-b818-4fc1-9531-295b182e0258)
2019-12-07 11:15:19.822 14778 RALLYDEBUG rally_openstack.cleanup.manager [-] Deleting neutron.network object s_rally_545402e7_sYUZ3N1m (23ba1269-8617-4c7c-9b41-2b3d08a8e31c)
2019-12-07 11:15:19.839 14778 RALLYDEBUG rally_openstack.cleanup.manager [-] Deleting neutron.network object s_rally_545402e7_36p5naGt (3a0dfcd5-f16c-4095-ba7a-df01bb2e69e0)
2019-12-07 11:15:19.844 14778 RALLYDEBUG rally_openstack.cleanup.manager [-] Deleting neutron.network object s_rally_545402e7_Tam2iu2K (709590ab-477a-4975-8e02-bb6ec4a5b984)
2019-12-07 11:15:19.844 14778 RALLYDEBUG rally_openstack.cleanup.manager [-] Deleting neutron.network object s_rally_545402e7_H5Nb0gWU (a0f48510-b011-4731-a933-f274f74e5805)
2019-12-07 11:15:19.854 14778 RALLYDEBUG rally_openstack.cleanup.manager [-] Deleting neutron.network object s_rally_545402e7_WN6LZjOt (c40bddb4-77f2-444a-9093-4629db6c16cf)
2019-12-07 11:15:19.877 14778 RALLYDEBUG rally_openstack.cleanup.manager [-] Deleting neutron.network object s_rally_545402e7_ZkcOaRiI (eaa14b50-7ede-44e2-92c6-942041655195)
2019-12-07 11:15:19.883 14778 RALLYDEBUG rally_openstack.cleanup.manager [-] Deleting neutron.network object s_rally_545402e7_jxmkrCJa (de9c7b56-2d73-48e6-8b93-20d5cc1089c6)
2019-12-07 11:15:23.154 14778 RALLYDEBUG rally_openstack.cleanup.manager [-] Cleaning up neutron router objects
2019-12-07 11:15:23.587 14778 RALLYDEBUG rally_openstack.cleanup.manager [-] Cleaning up neutron security_group objects
2019-12-07 11:15:24.000 14778 INFO rally.task.context [-] Task 48f87f48-66eb-4675-8a05-69e4a23c1674 | Context cleanup@openstack cleanup() finished in 52.02 sec
2019-12-07 11:15:24.001 14778 INFO rally.task.context [-] Task 48f87f48-66eb-4675-8a05-69e4a23c1674 | Context quotas@openstack cleanup() started
2019-12-07 11:15:24.080 14778 INFO rally.task.context [-] Task 48f87f48-66eb-4675-8a05-69e4a23c1674 | Context quotas@openstack cleanup() finished in 78.92 msec
2019-12-07 11:15:24.080 14778 INFO rally.task.context [-] Task 48f87f48-66eb-4675-8a05-69e4a23c1674 | Context users@openstack cleanup() started
2019-12-07 11:15:26.831 14778 INFO rally.task.context [-] Task 48f87f48-66eb-4675-8a05-69e4a23c1674 | Context users@openstack cleanup() finished in 2.75 sec
2019-12-07 11:15:28.228 14778 INFO rally.task.engine [-] Load duration is: 61.37295
2019-12-07 11:15:28.229 14778 INFO rally.task.engine [-] Full runner duration is: 61.424758
2019-12-07 11:15:28.229 14778 INFO rally.task.engine [-] Full duration is: 119.117515
2019-12-07 11:15:28.523 14778 INFO rally.task.engine [-] Running workload: position = 1 config = { "version": 2, "title": "A cropped version of a bigger task.", "description": "Auto-generated task from a single workload (uuid=500e7482-2098-4488-aa5c-575a57bb5d9c)", "subtasks": [ { "title": "NeutronNetworks.create_and_update_ports", "description": "Create and update a given number of ports.", "scenario": { "NeutronNetworks.create_and_update_ports": { "network_create_args": {}, "port_create_args": {}, "ports_per_network": 5, "port_update_args": { "admin_state_up": false, "device_id": "dummy_id", "device_owner": "dummy_owner", "name": "_port_updated" } } }, "contexts": { "users": { "tenants": 1, "users_per_tenant": 1 }, "quotas": { "neutron": { "network": -1, "port": -1 } } }, "runner": { "constant": { "times": 40, "concurrency": 20 } }, "hooks": [], "sla": { "failure_rate": { "max": 0 } } } ] }
2019-12-07 11:15:28.553 14778 RALLYDEBUG rally_openstack.contexts.keystone.users [-] Creating 1 tenants using 20 threads
2019-12-07 11:15:29.498 14778 RALLYDEBUG rally_openstack.contexts.keystone.users [-] Creating 1 users using 20 threads
2019-12-07 11:15:30.872 14778 INFO rally.task.context [-] Task 48f87f48-66eb-4675-8a05-69e4a23c1674 | Context users@openstack setup() finished in 2.32 sec
2019-12-07 11:15:31.335 14778 INFO rally.task.context [-] Task 48f87f48-66eb-4675-8a05-69e4a23c1674 | Context quotas@openstack setup() finished in 0.46 sec
2019-12-07 11:15:31.336 14778 INFO rally.task.context [-] Task 48f87f48-66eb-4675-8a05-69e4a23c1674 | Context cleanup@openstack setup() finished in 0.01 msec
2019-12-07 11:15:31.346 14778 RALLYDEBUG rally.task.runner [-] Starting the constant runner (task UUID: 48f87f48-66eb-4675-8a05-69e4a23c1674). timeout: 0 concurrency: 20 concurrency_per_worker: 1 times: 40 concurrency_overhead: 4 processes_to_start: 16 max_cpu_used: 16
2019-12-07 11:15:31.361 18854 RALLYDEBUG rally.task.runner [-] Starting a worker. concurrency: 2 args: {"network_create_args": {}, "port_create_args": {}, "ports_per_network": 5, "port_update_args": {"admin_state_up": false, "device_id": "dummy_id", "device_owner": "dummy_owner", "name": "_port_updated"}} times: 40 method_name: run timeout: 0 duration: None cls:
2019-12-07 11:15:31.364 18855 RALLYDEBUG rally.task.runner [-] Starting a worker. concurrency: 2 args: {"network_create_args": {}, "port_create_args": {}, "ports_per_network": 5, "port_update_args": {"admin_state_up": false, "device_id": "dummy_id", "device_owner": "dummy_owner", "name": "_port_updated"}} times: 40 method_name: run timeout: 0 duration: None cls:
2019-12-07 11:15:31.367 18856 RALLYDEBUG rally.task.runner [-] Starting a worker. concurrency: 2 args: {"network_create_args": {}, "port_create_args": {}, "ports_per_network": 5, "port_update_args": {"admin_state_up": false, "device_id": "dummy_id", "device_owner": "dummy_owner", "name": "_port_updated"}} times: 40 method_name: run timeout: 0 duration: None cls:
2019-12-07 11:15:31.371 18857 RALLYDEBUG rally.task.runner [-] Starting a worker. concurrency: 2 args: {"network_create_args": {}, "port_create_args": {}, "ports_per_network": 5, "port_update_args": {"admin_state_up": false, "device_id": "dummy_id", "device_owner": "dummy_owner", "name": "_port_updated"}} times: 40 method_name: run timeout: 0 duration: None cls:
2019-12-07 11:15:31.373 18859 RALLYDEBUG rally.task.runner [-] Starting a worker. concurrency: 1 args: {"network_create_args": {}, "port_create_args": {}, "ports_per_network": 5, "port_update_args": {"admin_state_up": false, "device_id": "dummy_id", "device_owner": "dummy_owner", "name": "_port_updated"}} times: 40 method_name: run timeout: 0 duration: None cls:
2019-12-07 11:15:31.374 18854 INFO rally.task.runner [-] Task 48f87f48-66eb-4675-8a05-69e4a23c1674 | ITER: 1 START
2019-12-07 11:15:31.375 18855 INFO rally.task.runner [-] Task 48f87f48-66eb-4675-8a05-69e4a23c1674 | ITER: 2 START
2019-12-07 11:15:31.377 18855 WARNING rally_openstack.scenarios.neutron.utils [-] Running this scenario without either the 'network' or 'existing_network' context is deprecated
2019-12-07 11:15:31.377 18854 WARNING rally_openstack.scenarios.neutron.utils [-] Running this scenario without either the 'network' or 'existing_network' context is deprecated
2019-12-07 11:15:31.378 18854 INFO rally.task.runner [-] Task 48f87f48-66eb-4675-8a05-69e4a23c1674 | ITER: 3 START
2019-12-07 11:15:31.378 18856 INFO rally.task.runner [-] Task 48f87f48-66eb-4675-8a05-69e4a23c1674 | ITER: 4 START
2019-12-07 11:15:31.379 18854 WARNING rally_openstack.scenarios.neutron.utils [-] Running this scenario without either the 'network' or 'existing_network' context is deprecated
2019-12-07 11:15:31.379 18862 RALLYDEBUG rally.task.runner [-] Starting a worker. concurrency: 1 args: {"network_create_args": {}, "port_create_args": {}, "ports_per_network": 5, "port_update_args": {"admin_state_up": false, "device_id": "dummy_id", "device_owner": "dummy_owner", "name": "_port_updated"}} times: 40 method_name: run timeout: 0 duration: None cls:
2019-12-07 11:15:31.380 18856 INFO rally.task.runner [-] Task 48f87f48-66eb-4675-8a05-69e4a23c1674 | ITER: 7 START
2019-12-07 11:15:31.381 18859 INFO rally.task.runner [-] Task 48f87f48-66eb-4675-8a05-69e4a23c1674 | ITER: 8 START
2019-12-07 11:15:31.381 18856 WARNING rally_openstack.scenarios.neutron.utils [-] Running this scenario without either the 'network' or 'existing_network' context is deprecated
2019-12-07 11:15:31.381 18867 RALLYDEBUG rally.task.runner [-] Starting a worker. concurrency: 1 args: {"network_create_args": {}, "port_create_args": {}, "ports_per_network": 5, "port_update_args": {"admin_state_up": false, "device_id": "dummy_id", "device_owner": "dummy_owner", "name": "_port_updated"}} times: 40 method_name: run timeout: 0 duration: None cls:
2019-12-07 11:15:31.382 18859 WARNING rally_openstack.scenarios.neutron.utils [-] Running this scenario without either the 'network' or 'existing_network' context is deprecated
2019-12-07 11:15:31.380 18857 INFO rally.task.runner [-] Task 48f87f48-66eb-4675-8a05-69e4a23c1674 | ITER: 6 START
2019-12-07 11:15:31.382 18856 WARNING rally_openstack.scenarios.neutron.utils [-] Running this scenario without either the 'network' or 'existing_network' context is deprecated
2019-12-07 11:15:31.384 18857 WARNING rally_openstack.scenarios.neutron.utils [-] Running this scenario without either the 'network' or 'existing_network' context is deprecated
2019-12-07 11:15:31.385 18872 RALLYDEBUG rally.task.runner [-] Starting a worker. concurrency: 1 args: {"network_create_args": {}, "port_create_args": {}, "ports_per_network": 5, "port_update_args": {"admin_state_up": false, "device_id": "dummy_id", "device_owner": "dummy_owner", "name": "_port_updated"}} times: 40 method_name: run timeout: 0 duration: None cls:
2019-12-07 11:15:31.387 18862 INFO rally.task.runner [-] Task 48f87f48-66eb-4675-8a05-69e4a23c1674 | ITER: 10 START
2019-12-07 11:15:31.387 18855 INFO rally.task.runner [-] Task 48f87f48-66eb-4675-8a05-69e4a23c1674 | ITER: 5 START
2019-12-07 11:15:31.388 18862 WARNING rally_openstack.scenarios.neutron.utils [-] Running this scenario without either the 'network' or 'existing_network' context is deprecated
2019-12-07 11:15:31.388 18867 INFO rally.task.runner [-] Task 48f87f48-66eb-4675-8a05-69e4a23c1674 | ITER: 11 START
2019-12-07 11:15:31.390 18867 WARNING rally_openstack.scenarios.neutron.utils [-] Running this scenario without either the 'network' or 'existing_network' context is deprecated
2019-12-07 11:15:31.390 18875 RALLYDEBUG rally.task.runner [-] Starting a worker. concurrency: 1 args: {"network_create_args": {}, "port_create_args": {}, "ports_per_network": 5, "port_update_args": {"admin_state_up": false, "device_id": "dummy_id", "device_owner": "dummy_owner", "name": "_port_updated"}} times: 40 method_name: run timeout: 0 duration: None cls:
2019-12-07 11:15:31.393 18855 WARNING rally_openstack.scenarios.neutron.utils [-] Running this scenario without either the 'network' or 'existing_network' context is deprecated
2019-12-07 11:15:31.394 18872 INFO rally.task.runner [-] Task 48f87f48-66eb-4675-8a05-69e4a23c1674 | ITER: 12 START
2019-12-07 11:15:31.395 18872 WARNING rally_openstack.scenarios.neutron.utils [-] Running this scenario without either the 'network' or 'existing_network' context is deprecated
2019-12-07 11:15:31.397 18875 INFO rally.task.runner [-] Task 48f87f48-66eb-4675-8a05-69e4a23c1674 | ITER: 13 START
2019-12-07 11:15:31.399 18875 WARNING rally_openstack.scenarios.neutron.utils [-] Running this scenario without either the 'network' or 'existing_network' context is deprecated
2019-12-07 11:15:31.399 18857 INFO rally.task.runner [-] Task 48f87f48-66eb-4675-8a05-69e4a23c1674 | ITER: 9 START
2019-12-07 11:15:31.398 18880 RALLYDEBUG rally.task.runner [-] Starting a worker. concurrency: 1 args: {"network_create_args": {}, "port_create_args": {}, "ports_per_network": 5, "port_update_args": {"admin_state_up": false, "device_id": "dummy_id", "device_owner": "dummy_owner", "name": "_port_updated"}} times: 40 method_name: run timeout: 0 duration: None cls:
2019-12-07 11:15:31.401 18857 WARNING rally_openstack.scenarios.neutron.utils [-] Running this scenario without either the 'network' or 'existing_network' context is deprecated
2019-12-07 11:15:31.405 18886 RALLYDEBUG rally.task.runner [-] Starting a worker. concurrency: 1 args: {"network_create_args": {}, "port_create_args": {}, "ports_per_network": 5, "port_update_args": {"admin_state_up": false, "device_id": "dummy_id", "device_owner": "dummy_owner", "name": "_port_updated"}} times: 40 method_name: run timeout: 0 duration: None cls:
2019-12-07 11:15:31.407 18880 INFO rally.task.runner [-] Task 48f87f48-66eb-4675-8a05-69e4a23c1674 | ITER: 14 START
2019-12-07 11:15:31.408 18880 WARNING rally_openstack.scenarios.neutron.utils [-] Running this scenario without either the 'network' or 'existing_network' context is deprecated
2019-12-07 11:15:31.412 18886 INFO rally.task.runner [-] Task 48f87f48-66eb-4675-8a05-69e4a23c1674 | ITER: 15 START
2019-12-07 11:15:31.414 18886 WARNING rally_openstack.scenarios.neutron.utils [-] Running this scenario without either the 'network' or 'existing_network' context is deprecated
2019-12-07 11:15:31.415 18889 RALLYDEBUG rally.task.runner [-] Starting a worker. concurrency: 1 args: {"network_create_args": {}, "port_create_args": {}, "ports_per_network": 5, "port_update_args": {"admin_state_up": false, "device_id": "dummy_id", "device_owner": "dummy_owner", "name": "_port_updated"}} times: 40 method_name: run timeout: 0 duration: None cls:
2019-12-07 11:15:31.422 18889 INFO rally.task.runner [-] Task 48f87f48-66eb-4675-8a05-69e4a23c1674 | ITER: 16 START
2019-12-07 11:15:31.423 18889 WARNING rally_openstack.scenarios.neutron.utils [-] Running this scenario without either the 'network' or 'existing_network' context is deprecated
2019-12-07 11:15:31.422 18892 RALLYDEBUG rally.task.runner [-] Starting a worker. concurrency: 1 args: {"network_create_args": {}, "port_create_args": {}, "ports_per_network": 5, "port_update_args": {"admin_state_up": false, "device_id": "dummy_id", "device_owner": "dummy_owner", "name": "_port_updated"}} times: 40 method_name: run timeout: 0 duration: None cls:
2019-12-07 11:15:31.428 18892 INFO rally.task.runner [-] Task 48f87f48-66eb-4675-8a05-69e4a23c1674 | ITER: 17 START
2019-12-07 11:15:31.429 18892 WARNING rally_openstack.scenarios.neutron.utils [-] Running this scenario without either the 'network' or 'existing_network' context is deprecated
2019-12-07 11:15:31.429 18895 RALLYDEBUG rally.task.runner [-] Starting a worker. concurrency: 1 args: {"network_create_args": {}, "port_create_args": {}, "ports_per_network": 5, "port_update_args": {"admin_state_up": false, "device_id": "dummy_id", "device_owner": "dummy_owner", "name": "_port_updated"}} times: 40 method_name: run timeout: 0 duration: None cls:
2019-12-07 11:15:31.433 18897 RALLYDEBUG rally.task.runner [-] Starting a worker. concurrency: 1 args: {"network_create_args": {}, "port_create_args": {}, "ports_per_network": 5, "port_update_args": {"admin_state_up": false, "device_id": "dummy_id", "device_owner": "dummy_owner", "name": "_port_updated"}} times: 40 method_name: run timeout: 0 duration: None cls:
2019-12-07 11:15:31.434 18895 INFO rally.task.runner [-] Task 48f87f48-66eb-4675-8a05-69e4a23c1674 | ITER: 18 START
2019-12-07 11:15:31.435 18895 WARNING rally_openstack.scenarios.neutron.utils [-] Running this scenario without either the 'network' or 'existing_network' context is deprecated
2019-12-07 11:15:31.437 18899 RALLYDEBUG rally.task.runner [-] Starting a worker. concurrency: 1 args: {"network_create_args": {}, "port_create_args": {}, "ports_per_network": 5, "port_update_args": {"admin_state_up": false, "device_id": "dummy_id", "device_owner": "dummy_owner", "name": "_port_updated"}} times: 40 method_name: run timeout: 0 duration: None cls:
2019-12-07 11:15:31.439 18897 INFO rally.task.runner [-] Task 48f87f48-66eb-4675-8a05-69e4a23c1674 | ITER: 19 START
2019-12-07 11:15:31.440 18897 WARNING rally_openstack.scenarios.neutron.utils [-] Running this scenario without either the 'network' or 'existing_network' context is deprecated
2019-12-07 11:15:31.443 18899 INFO rally.task.runner [-] Task 48f87f48-66eb-4675-8a05-69e4a23c1674 | ITER: 20 START
2019-12-07 11:15:31.444 18899 WARNING rally_openstack.scenarios.neutron.utils [-] Running this scenario without either the 'network' or 'existing_network' context is deprecated
2019-12-07 11:15:40.267 18899 INFO rally.task.runner [-] Task 48f87f48-66eb-4675-8a05-69e4a23c1674 | ITER: 20 END: OK
2019-12-07 11:15:40.272 18899 INFO rally.task.runner [-] Task 48f87f48-66eb-4675-8a05-69e4a23c1674 | ITER: 21 START
2019-12-07 11:15:40.272 18899 WARNING rally_openstack.scenarios.neutron.utils [-] Running this scenario without either the 'network' or 'existing_network' context is deprecated
2019-12-07 11:15:40.862 18875 INFO rally.task.runner [-] Task 48f87f48-66eb-4675-8a05-69e4a23c1674 | ITER: 13 END: OK
2019-12-07 11:15:40.868 18875 INFO rally.task.runner [-] Task 48f87f48-66eb-4675-8a05-69e4a23c1674 | ITER: 22 START
2019-12-07 11:15:40.869 18875 WARNING rally_openstack.scenarios.neutron.utils [-] Running this scenario without either the 'network' or 'existing_network' context is deprecated
2019-12-07 11:15:41.001 18895 INFO rally.task.runner [-] Task 48f87f48-66eb-4675-8a05-69e4a23c1674 | ITER: 18 END: OK
2019-12-07 11:15:41.006 18895 INFO rally.task.runner [-] Task 48f87f48-66eb-4675-8a05-69e4a23c1674 | ITER: 23 START
2019-12-07 11:15:41.007 18895 WARNING rally_openstack.scenarios.neutron.utils [-] Running this scenario without either the 'network' or 'existing_network' context is deprecated
2019-12-07 11:15:42.240 18862 INFO rally.task.runner [-] Task 48f87f48-66eb-4675-8a05-69e4a23c1674 | ITER: 10 END: OK
2019-12-07 11:15:42.244 18862 INFO rally.task.runner [-] Task 48f87f48-66eb-4675-8a05-69e4a23c1674 | ITER: 24 START
2019-12-07 11:15:42.244 18862 WARNING rally_openstack.scenarios.neutron.utils [-] Running this scenario without either the 'network' or 'existing_network' context is deprecated
2019-12-07 11:15:42.365 18872 INFO rally.task.runner [-] Task 48f87f48-66eb-4675-8a05-69e4a23c1674 | ITER: 12 END: OK
2019-12-07 11:15:42.369 18872 INFO rally.task.runner [-] Task 48f87f48-66eb-4675-8a05-69e4a23c1674 | ITER: 25 START
2019-12-07 11:15:42.370 18872 WARNING rally_openstack.scenarios.neutron.utils [-] Running this scenario without either the 'network' or 'existing_network' context is deprecated
2019-12-07 11:15:42.382 18859 INFO rally.task.runner [-] Task 48f87f48-66eb-4675-8a05-69e4a23c1674 | ITER: 8 END: OK
2019-12-07 11:15:42.387 18859 INFO rally.task.runner [-] Task 48f87f48-66eb-4675-8a05-69e4a23c1674 | ITER: 26 START
2019-12-07 11:15:42.388 18859 WARNING rally_openstack.scenarios.neutron.utils [-] Running this scenario without either the 'network' or 'existing_network' context is deprecated
2019-12-07 11:15:42.401 18867 INFO rally.task.runner [-] Task 48f87f48-66eb-4675-8a05-69e4a23c1674 | ITER: 11 END: OK
2019-12-07 11:15:42.406 18867 INFO rally.task.runner [-] Task 48f87f48-66eb-4675-8a05-69e4a23c1674 | ITER: 27 START
2019-12-07 11:15:42.406 18867 WARNING rally_openstack.scenarios.neutron.utils [-] Running this scenario without either the 'network' or 'existing_network' context is deprecated
2019-12-07 11:15:42.556 18857 INFO rally.task.runner [-] Task 48f87f48-66eb-4675-8a05-69e4a23c1674 | ITER: 9 END: OK
2019-12-07 11:15:42.561 18857 INFO rally.task.runner [-] Task 48f87f48-66eb-4675-8a05-69e4a23c1674 | ITER: 28 START
2019-12-07 11:15:42.561 18857 WARNING rally_openstack.scenarios.neutron.utils [-] Running this scenario without either the 'network' or 'existing_network' context is deprecated
2019-12-07 11:15:42.833 18886 INFO rally.task.runner [-] Task 48f87f48-66eb-4675-8a05-69e4a23c1674 | ITER: 15 END: OK
2019-12-07 11:15:42.836 18886 INFO rally.task.runner [-] Task 48f87f48-66eb-4675-8a05-69e4a23c1674 | ITER: 29 START
2019-12-07 11:15:42.837 18886 WARNING rally_openstack.scenarios.neutron.utils [-] Running this scenario without either the 'network' or 'existing_network' context is deprecated
2019-12-07 11:15:43.014 18880 INFO rally.task.runner [-] Task 48f87f48-66eb-4675-8a05-69e4a23c1674 | ITER: 14 END: OK
2019-12-07 11:15:43.019 18880 INFO rally.task.runner [-] Task 48f87f48-66eb-4675-8a05-69e4a23c1674 | ITER: 30 START
2019-12-07 11:15:43.019 18880 WARNING rally_openstack.scenarios.neutron.utils [-] Running this scenario without either the 'network' or 'existing_network' context is deprecated
2019-12-07 11:15:43.572 18856 INFO rally.task.runner [-] Task 48f87f48-66eb-4675-8a05-69e4a23c1674 | ITER: 7 END: OK
2019-12-07 11:15:43.577 18856 INFO rally.task.runner [-] Task 48f87f48-66eb-4675-8a05-69e4a23c1674 | ITER: 31 START
2019-12-07 11:15:43.578 18856 WARNING rally_openstack.scenarios.neutron.utils [-] Running this scenario without either the 'network' or 'existing_network' context is deprecated
2019-12-07 11:15:43.661 18889 INFO rally.task.runner [-] Task 48f87f48-66eb-4675-8a05-69e4a23c1674 | ITER: 16 END: OK
2019-12-07 11:15:43.665 18889 INFO rally.task.runner [-] Task 48f87f48-66eb-4675-8a05-69e4a23c1674 | ITER: 32 START
2019-12-07 11:15:43.665 18889 WARNING rally_openstack.scenarios.neutron.utils [-] Running this scenario without either the 'network' or 'existing_network' context is deprecated
2019-12-07 11:15:44.295 18892 INFO rally.task.runner [-] Task 48f87f48-66eb-4675-8a05-69e4a23c1674 | ITER: 17 END: OK
2019-12-07 11:15:44.300 18892 INFO rally.task.runner [-] Task 48f87f48-66eb-4675-8a05-69e4a23c1674 | ITER: 33 START
2019-12-07 11:15:44.301 18892 WARNING rally_openstack.scenarios.neutron.utils [-] Running this scenario without either the 'network' or 'existing_network' context is deprecated
2019-12-07 11:15:44.337 18856 INFO rally.task.runner [-] Task 48f87f48-66eb-4675-8a05-69e4a23c1674 | ITER: 4 END: OK
2019-12-07 11:15:44.340 18856 INFO rally.task.runner [-] Task 48f87f48-66eb-4675-8a05-69e4a23c1674 | ITER: 34 START
2019-12-07 11:15:44.341 18856 WARNING rally_openstack.scenarios.neutron.utils [-] Running this scenario without either the 'network' or 'existing_network' context is deprecated
2019-12-07 11:15:44.625 18857 INFO rally.task.runner [-] Task 48f87f48-66eb-4675-8a05-69e4a23c1674 | ITER: 6 END: OK
2019-12-07 11:15:44.628 18857 INFO rally.task.runner [-] Task 48f87f48-66eb-4675-8a05-69e4a23c1674 | ITER: 35 START
2019-12-07 11:15:44.628 18857 WARNING rally_openstack.scenarios.neutron.utils [-] Running this scenario without either the 'network' or 'existing_network' context is deprecated
2019-12-07 11:15:44.717 18854 INFO rally.task.runner [-] Task 48f87f48-66eb-4675-8a05-69e4a23c1674 | ITER: 3 END: OK
2019-12-07 11:15:44.719 18854 INFO rally.task.runner [-] Task 48f87f48-66eb-4675-8a05-69e4a23c1674 | ITER: 36 START
2019-12-07 11:15:44.719 18854 WARNING rally_openstack.scenarios.neutron.utils [-] Running this scenario without either the 'network' or 'existing_network' context is deprecated
2019-12-07 11:15:44.828 18855 INFO rally.task.runner [-] Task 48f87f48-66eb-4675-8a05-69e4a23c1674 | ITER: 5 END: OK
2019-12-07 11:15:44.832 18855 INFO rally.task.runner [-] Task 48f87f48-66eb-4675-8a05-69e4a23c1674 | ITER: 37 START
2019-12-07 11:15:44.832 18855 WARNING rally_openstack.scenarios.neutron.utils [-] Running this scenario without either the 'network' or 'existing_network' context is deprecated
2019-12-07 11:15:45.093 18897 INFO rally.task.runner [-] Task 48f87f48-66eb-4675-8a05-69e4a23c1674 | ITER: 19 END: OK
2019-12-07 11:15:45.097 18897 INFO rally.task.runner [-] Task 48f87f48-66eb-4675-8a05-69e4a23c1674 | ITER: 38 START
2019-12-07 11:15:45.097 18897 WARNING rally_openstack.scenarios.neutron.utils [-] Running this scenario without either the 'network' or 'existing_network' context is deprecated
2019-12-07 11:15:45.512 18854 INFO rally.task.runner [-] Task 48f87f48-66eb-4675-8a05-69e4a23c1674 | ITER: 1 END: OK
2019-12-07 11:15:45.514 18854 INFO rally.task.runner [-] Task 48f87f48-66eb-4675-8a05-69e4a23c1674 | ITER: 39 START
2019-12-07 11:15:45.515 18854 WARNING rally_openstack.scenarios.neutron.utils [-] Running this scenario without either the 'network' or 'existing_network' context is deprecated
2019-12-07 11:15:46.210 18855 INFO rally.task.runner [-] Task 48f87f48-66eb-4675-8a05-69e4a23c1674 | ITER: 2 END: OK
2019-12-07 11:15:46.214 18855 INFO rally.task.runner [-] Task 48f87f48-66eb-4675-8a05-69e4a23c1674 | ITER: 40 START
2019-12-07 11:15:46.215 18855 WARNING rally_openstack.scenarios.neutron.utils [-] Running this scenario without either the 'network' or 'existing_network' context is deprecated
2019-12-07 11:15:51.126 18895 INFO rally.task.runner [-] Task 48f87f48-66eb-4675-8a05-69e4a23c1674 | ITER: 23 END: OK
2019-12-07 11:15:51.720 18875 INFO rally.task.runner [-] Task 48f87f48-66eb-4675-8a05-69e4a23c1674 | ITER: 22 END: OK
2019-12-07 11:15:51.856 18862 INFO rally.task.runner [-] Task 48f87f48-66eb-4675-8a05-69e4a23c1674 | ITER: 24 END: OK
2019-12-07 11:15:52.145 18899 INFO rally.task.runner [-] Task 48f87f48-66eb-4675-8a05-69e4a23c1674 | ITER: 21 END: OK
2019-12-07 11:15:52.842 18880 INFO rally.task.runner [-] Task 48f87f48-66eb-4675-8a05-69e4a23c1674 | ITER: 30 END: OK
2019-12-07 11:15:53.093 18892 INFO rally.task.runner [-] Task 48f87f48-66eb-4675-8a05-69e4a23c1674 | ITER: 33 END: OK
2019-12-07 11:15:53.155 18856 INFO rally.task.runner [-] Task 48f87f48-66eb-4675-8a05-69e4a23c1674 | ITER: 34 END: OK
2019-12-07 11:15:53.352 18857 INFO rally.task.runner [-] Task 48f87f48-66eb-4675-8a05-69e4a23c1674 | ITER: 28 END: OK
2019-12-07 11:15:53.809 18859 INFO rally.task.runner [-] Task 48f87f48-66eb-4675-8a05-69e4a23c1674 | ITER: 26 END: OK
2019-12-07 11:15:53.984 18886 INFO rally.task.runner [-] Task 48f87f48-66eb-4675-8a05-69e4a23c1674 | ITER: 29 END: OK
2019-12-07 11:15:54.040 18889 INFO rally.task.runner [-] Task 48f87f48-66eb-4675-8a05-69e4a23c1674 | ITER: 32 END: OK
2019-12-07 11:15:54.101 18872 INFO rally.task.runner [-] Task 48f87f48-66eb-4675-8a05-69e4a23c1674 | ITER: 25 END: OK
2019-12-07 11:15:54.254 18867 INFO rally.task.runner [-] Task 48f87f48-66eb-4675-8a05-69e4a23c1674 | ITER: 27 END: OK
2019-12-07 11:15:54.290 18854 INFO rally.task.runner [-] Task 48f87f48-66eb-4675-8a05-69e4a23c1674 | ITER: 36 END: OK
2019-12-07 11:15:54.506 18856 INFO rally.task.runner [-] Task 48f87f48-66eb-4675-8a05-69e4a23c1674 | ITER: 31 END: OK
2019-12-07 11:15:54.646 18897 INFO rally.task.runner [-] Task 48f87f48-66eb-4675-8a05-69e4a23c1674 | ITER: 38 END: OK
2019-12-07 11:15:54.842 18855 INFO rally.task.runner [-] Task 48f87f48-66eb-4675-8a05-69e4a23c1674 | ITER: 37 END: OK
2019-12-07 11:15:55.524 18857 INFO rally.task.runner [-] Task 48f87f48-66eb-4675-8a05-69e4a23c1674 | ITER: 35 END: OK
2019-12-07 11:15:55.609 18855 INFO rally.task.runner [-] Task 48f87f48-66eb-4675-8a05-69e4a23c1674 | ITER: 40 END: OK
2019-12-07 11:15:56.140 18854 INFO rally.task.runner [-] Task 48f87f48-66eb-4675-8a05-69e4a23c1674 | ITER: 39 END: OK
2019-12-07 11:15:56.169 14778 INFO rally.task.context [-] Task 48f87f48-66eb-4675-8a05-69e4a23c1674 | Context cleanup@openstack cleanup() started
2019-12-07 11:15:56.172 14778 RALLYDEBUG rally_openstack.cleanup.manager [-] Cleaning up neutron vip objects
2019-12-07 11:15:56.564 14778 RALLYDEBUG rally_openstack.cleanup.manager [-] Cleaning up neutron health_monitor objects
2019-12-07 11:15:56.946 14778 RALLYDEBUG rally_openstack.cleanup.manager [-] Cleaning up neutron pool objects
2019-12-07 11:15:57.325 14778 RALLYDEBUG rally_openstack.cleanup.manager [-] Cleaning up neutron loadbalancer objects
2019-12-07 11:15:57.721 14778 RALLYDEBUG rally_openstack.cleanup.manager [-] Cleaning up neutron floatingip objects
2019-12-07 11:15:58.401 14778 RALLYDEBUG rally_openstack.cleanup.manager [-] Cleaning up neutron trunk objects
2019-12-07 11:15:58.793 14778 RALLYDEBUG rally_openstack.cleanup.manager [-] Cleaning up neutron port objects
2019-12-07 11:15:59.684 14778 RALLYDEBUG rally_openstack.cleanup.manager [-] Deleting neutron.port object s_rally_500e7482_onTVX81a (09f936c4-9653-493e-b61f-cd5f52ab1fab)
2019-12-07 11:15:59.685 14778 RALLYDEBUG rally_openstack.cleanup.manager [-] Deleting neutron.port object s_rally_500e7482_iDtcVwpv (131fd22c-6b92-4225-befb-934c7933550e)
2019-12-07 11:15:59.685 14778 RALLYDEBUG rally_openstack.cleanup.manager [-] Deleting neutron.port object s_rally_500e7482_FdbFt3Vy (1637ccc8-7c83-4053-9b6f-9b2e3cb6e425)
2019-12-07 11:15:59.693 14778 RALLYDEBUG rally_openstack.cleanup.manager [-] Deleting neutron.port object s_rally_500e7482_hGojwAEM (0cf054c1-97d3-4012-b0f8-f40c25477228)
2019-12-07 11:15:59.694 14778 RALLYDEBUG rally_openstack.cleanup.manager [-] Deleting neutron.port object s_rally_500e7482_DaKi8mLt (0085714e-6e39-4d58-89ca-4e8d5e53f873)
2019-12-07 11:15:59.697 14778 RALLYDEBUG rally_openstack.cleanup.manager [-] Deleting neutron.port object s_rally_500e7482_USRwhqe9 (18ed275a-a958-4d74-b015-2de2f01bb47a)
2019-12-07 11:15:59.710 14778 RALLYDEBUG rally_openstack.cleanup.manager [-] Deleting neutron.port object s_rally_500e7482_fJjGL5SX (18f89236-f50a-46a1-ad3b-acf13fd311b2)
2019-12-07 11:15:59.713 14778 RALLYDEBUG rally_openstack.cleanup.manager [-] Deleting neutron.port object s_rally_500e7482_FkMGVOU1 (0f1bff22-039e-44bb-b404-959e51f16ea2)
2019-12-07 11:15:59.713 14778 RALLYDEBUG rally_openstack.cleanup.manager [-] Deleting neutron.port object s_rally_500e7482_Myck9NiE (0f190a67-8376-426a-beee-74708ef06648)
2019-12-07 11:15:59.715 14778 RALLYDEBUG rally_openstack.cleanup.manager [-] Deleting neutron.port object s_rally_500e7482_12ztWfrA (072cb96f-42db-4580-b84c-79d2126bf489)
2019-12-07 11:15:59.715 14778 RALLYDEBUG rally_openstack.cleanup.manager [-] Deleting neutron.port object s_rally_500e7482_ZilwcvfW (0ac1becb-0040-483c-b69b-0f5e446eeacb)
2019-12-07 11:15:59.717 14778 RALLYDEBUG rally_openstack.cleanup.manager [-] Deleting neutron.port object s_rally_500e7482_0gSFQYS4 (06232870-b97e-40d5-80de-98acd9b0132d)
2019-12-07 11:15:59.717 14778 RALLYDEBUG rally_openstack.cleanup.manager [-] Deleting neutron.port object s_rally_500e7482_tdfUOMKm (105b8e6e-c568-40f0-b65c-3bcf738e494f)
2019-12-07 11:15:59.720 14778 RALLYDEBUG rally_openstack.cleanup.manager [-] Deleting neutron.port object s_rally_500e7482_c5cfY6rj (087ee828-8e0e-4ce8-bf1b-63763461959c)
2019-12-07 11:15:59.724 14778 RALLYDEBUG rally_openstack.cleanup.manager [-] Deleting neutron.port object s_rally_500e7482_GxONtnNX (0edcc1f3-b1a4-4283-992c-7fdaa4647047)
2019-12-07 11:15:59.736 14778 RALLYDEBUG rally_openstack.cleanup.manager [-] Deleting neutron.port object s_rally_500e7482_pSoIMJFY (18bd09bd-8a74-4777-9cf7-c53ccba3f8df)
2019-12-07 11:15:59.746 14778 RALLYDEBUG rally_openstack.cleanup.manager [-] Deleting neutron.port object s_rally_500e7482_s8rqQtG9 (14aab7e6-a852-463d-ad7a-a66ef520986f)
2019-12-07 11:15:59.753 14778 RALLYDEBUG rally_openstack.cleanup.manager [-] Deleting neutron.port object s_rally_500e7482_vcvk9yJ5 (0755dfe3-cdba-4349-af05-269e3911ea89)
2019-12-07 11:15:59.756 14778 RALLYDEBUG rally_openstack.cleanup.manager [-] Deleting neutron.port object s_rally_500e7482_f5nSs66N (0d0a8d58-d876-48d7-9323-7e2fe5783298)
2019-12-07 11:15:59.802 14778 RALLYDEBUG rally_openstack.cleanup.manager [-] Deleting neutron.port object s_rally_500e7482_NNuEkEwM (143cd036-2a59-45b3-a917-61c061712cf8)
2019-12-07 11:16:01.809 14778 RALLYDEBUG rally_openstack.cleanup.manager [-] Deleting neutron.port object s_rally_500e7482_vrpAdCDm (194c4fdb-c062-46cc-afe7-d674a5aedfda)
2019-12-07 11:16:01.960 14778 RALLYDEBUG rally_openstack.cleanup.manager [-] Deleting neutron.port object s_rally_500e7482_CDh1oRaE (1af8b9dc-de3f-4a1b-806e-c1caf27af2f8)
2019-12-07 11:16:01.970 14778 RALLYDEBUG rally_openstack.cleanup.manager [-] Deleting neutron.port object s_rally_500e7482_aqbbe5gE (1c4f066b-4a5c-405e-bd26-08bcb6bf2c2b)
2019-12-07 11:16:02.079 14778 RALLYDEBUG rally_openstack.cleanup.manager [-] Deleting neutron.port object s_rally_500e7482_32kmwwDa (1d758cd1-e259-4c13-8ba4-b40070eed3e8)
2019-12-07 11:16:02.103 14778 RALLYDEBUG rally_openstack.cleanup.manager [-] Deleting neutron.port object s_rally_500e7482_oG7zUnAW (246f30cf-d5c0-45d0-a6be-9224b3160508)
2019-12-07 11:16:02.138 14778 RALLYDEBUG rally_openstack.cleanup.manager [-] Deleting neutron.port object s_rally_500e7482_ba5PpMz9 (2500130a-8098-4016-8743-f668802bbcaf)
2019-12-07 11:16:02.241 14778 RALLYDEBUG rally_openstack.cleanup.manager [-] Deleting neutron.port object s_rally_500e7482_13mpc6oS (255a978a-132e-4c4f-90ba-8aa8d9b0f036)
2019-12-07 11:16:02.330 14778 RALLYDEBUG rally_openstack.cleanup.manager [-] Deleting neutron.port object s_rally_500e7482_7DS4j10I (25f1d580-f1c8-4a48-8741-012ba4d635ef)
2019-12-07 11:16:02.409 14778 RALLYDEBUG rally_openstack.cleanup.manager [-] Deleting neutron.port object s_rally_500e7482_v8JcskVW (297fd876-6295-4903-a19a-eb4beaaeac2d)
2019-12-07 11:16:02.410 14778 RALLYDEBUG rally_openstack.cleanup.manager [-] Deleting neutron.port object s_rally_500e7482_cpvwQHre (2a0e037b-4f79-47dc-b70a-d5b98e16a0a6)
2019-12-07 11:16:02.453 14778 RALLYDEBUG rally_openstack.cleanup.manager [-] Deleting neutron.port object s_rally_500e7482_r63MvBef (2bd4dd86-0d67-4a76-91cd-77b790af1075)
2019-12-07 11:16:02.491 14778 RALLYDEBUG rally_openstack.cleanup.manager [-] Deleting neutron.port object s_rally_500e7482_nag1xOyD (2c978354-54cd-4ad6-9f42-60319aab9830)
2019-12-07 11:16:02.505 14778 RALLYDEBUG rally_openstack.cleanup.manager [-] Deleting neutron.port object s_rally_500e7482_NM6RghFy (2e5aa59f-5859-4746-9c5a-70ba0cce6833)
2019-12-07 11:16:02.618 14778 RALLYDEBUG rally_openstack.cleanup.manager [-] Deleting neutron.port object s_rally_500e7482_YYF7vJme (2ebd22eb-cbe0-4361-81d1-b78e0f9497d8)
2019-12-07 11:16:02.626 14778 RALLYDEBUG rally_openstack.cleanup.manager [-] Deleting neutron.port object s_rally_500e7482_fE4nXjik (2f09ff4e-bcd5-45db-9b3a-4f1ab4c6ee99)
2019-12-07 11:16:02.675 14778 RALLYDEBUG rally_openstack.cleanup.manager [-] Deleting neutron.port object s_rally_500e7482_u77ivObh (308620e7-192d-43a3-8e2e-dd03177b8bba)
2019-12-07 11:16:02.691 14778 RALLYDEBUG rally_openstack.cleanup.manager [-] Deleting neutron.port object s_rally_500e7482_tBaIdbju (30b113a7-259b-4a78-a45c-32c02f334f5b)
2019-12-07 11:16:02.697 14778 RALLYDEBUG rally_openstack.cleanup.manager [-] Deleting neutron.port object s_rally_500e7482_whGwCoAd (318b06c3-0949-43b8-8a9f-c5cbfccd317d)
2019-12-07 11:16:02.806 14778 RALLYDEBUG rally_openstack.cleanup.manager [-] Deleting neutron.port object s_rally_500e7482_nlLuo6RW (3277afc4-fdd6-4165-9ae3-3e7ace11103b)
2019-12-07 11:16:02.927 14778 RALLYDEBUG rally_openstack.cleanup.manager [-] Deleting neutron.port object s_rally_500e7482_YE1lDrlw (32af1ee7-47c2-44eb-b758-0e0237fd1971)
2019-12-07 11:16:03.669 14778 RALLYDEBUG rally_openstack.cleanup.manager [-] Deleting neutron.port object s_rally_500e7482_8G0BkypQ (3317a339-13ed-43d6-8c3b-31dacb5f95c2)
2019-12-07 11:16:03.941 14778 RALLYDEBUG rally_openstack.cleanup.manager [-] Deleting neutron.port object s_rally_500e7482_dp5wEUHF (3326cf11-7fee-4ad8-aa94-6fe0dc207b63)
2019-12-07 11:16:04.088 14778 RALLYDEBUG rally_openstack.cleanup.manager [-] Deleting neutron.port object s_rally_500e7482_F3GGswBL (356a07c2-f85d-47ab-ba4c-63e5aa1532a0)
2019-12-07 11:16:04.100 14778 RALLYDEBUG rally_openstack.cleanup.manager [-] Deleting neutron.port object s_rally_500e7482_hcIc0vEH (37068f76-a919-47d9-9f70-ef4bef291cb2)
2019-12-07 11:16:04.193 14778 RALLYDEBUG rally_openstack.cleanup.manager [-] Deleting neutron.port object s_rally_500e7482_YeYWI15C (37df26b3-db0d-4e15-b524-96cb663ca60a)
2019-12-07 11:16:04.496 14778 RALLYDEBUG rally_openstack.cleanup.manager [-] Deleting neutron.port object s_rally_500e7482_gEaijQ2B (37ea6db5-04bf-4092-b9e0-84a6949f5a77)
2019-12-07 11:16:04.557 14778 RALLYDEBUG rally_openstack.cleanup.manager [-] Deleting neutron.port object s_rally_500e7482_9W1OIZRH (39b671e3-f5de-44cf-a186-ad33d2e0727a)
2019-12-07 11:16:04.644 14778 RALLYDEBUG rally_openstack.cleanup.manager [-] Deleting neutron.port object s_rally_500e7482_k0zvj5Si (3b1a8e5a-8b67-42ca-a99f-6bf59ad86a3e)
2019-12-07 11:16:04.711 14778 RALLYDEBUG rally_openstack.cleanup.manager [-] Deleting neutron.port object s_rally_500e7482_xAcrWE5o (3c212dc1-d76f-4214-8dbd-ed9b86110765)
2019-12-07 11:16:04.736 14778 RALLYDEBUG rally_openstack.cleanup.manager [-] Deleting neutron.port object s_rally_500e7482_TP3gujfb (3c4b5c81-20c3-42e1-9224-50a713c52448)
2019-12-07 11:16:04.751 14778 RALLYDEBUG rally_openstack.cleanup.manager [-] Deleting neutron.port object s_rally_500e7482_OQ9hMcTg (3d1439b1-ec44-431b-9b9f-eaccdb0cda12)
2019-12-07 11:16:04.850 14778 RALLYDEBUG rally_openstack.cleanup.manager [-] Deleting neutron.port object s_rally_500e7482_26Zajmoc (407ddb5e-544b-4830-b0a1-596a90ae6013)
2019-12-07 11:16:04.963 14778 RALLYDEBUG rally_openstack.cleanup.manager [-] Deleting neutron.port object s_rally_500e7482_f1xZAnCf (40824591-77ab-4633-83a7-1110826e18fe)
2019-12-07 11:16:05.074 14778 RALLYDEBUG rally_openstack.cleanup.manager [-] Deleting neutron.port object s_rally_500e7482_9YhHitUo (416c0fa2-518b-4478-9ef3-9ce89bad35bd)
2019-12-07 11:16:05.171 14778 RALLYDEBUG rally_openstack.cleanup.manager [-] Deleting neutron.port object s_rally_500e7482_5M6z9yMi (416d7085-1129-4ef9-bb66-7fb92e49efea)
2019-12-07 11:16:05.211 14778 RALLYDEBUG rally_openstack.cleanup.manager [-] Deleting neutron.port object s_rally_500e7482_odA0vpvf (42ecc375-fc31-478c-a790-dd7c897db79f)
2019-12-07 11:16:05.257 14778 RALLYDEBUG rally_openstack.cleanup.manager [-] Deleting neutron.port object s_rally_500e7482_fGnOxlId (43d60b76-7e4a-469b-ab6e-b2bc65093b40)
2019-12-07 11:16:05.311 14778 RALLYDEBUG rally_openstack.cleanup.manager [-] Deleting neutron.port object s_rally_500e7482_YmrLqjpK (45345c2e-5829-4ab8-a929-b9240a5403e2)
2019-12-07 11:16:05.412 14778 RALLYDEBUG rally_openstack.cleanup.manager [-] Deleting neutron.port object s_rally_500e7482_ntckSeWq (45d2de24-5202-43ab-9e71-3ccfe8714f9d)
2019-12-07 11:16:05.521 14778 RALLYDEBUG rally_openstack.cleanup.manager [-] Deleting neutron.port object s_rally_500e7482_nVU3YDnz (483ec397-ee1e-4d48-bf97-095d9b4aeaae)
