2019-12-07 08:55:37.373 8 RALLYDEBUG rally.api [-] INFO logs from urllib3 and requests module are hide.
2019-12-07 08:55:37.373 8 RALLYDEBUG rally.api [-] urllib3 insecure warnings are hidden.
2019-12-07 08:55:37.374 8 RALLYDEBUG rally.api [-] ERROR log from boto module is hide.
2019-12-07 08:55:38.698 8 ERROR rally.cli.cliutils [-] Unexpected exception in CLI: DBRecordNotFound: Record for uuid or name is opnfv-rally not found in table envs
2019-12-07 08:55:38.698 8 ERROR rally.cli.cliutils
Traceback (most recent call last):
2019-12-07 08:55:38.698 8 ERROR rally.cli.cliutils
File "/usr/lib/python2.7/site-packages/rally/cli/cliutils.py", line 674, in run
2019-12-07 08:55:38.698 8 ERROR rally.cli.cliutils ret = fn(*fn_args, **fn_kwargs)
2019-12-07 08:55:38.698 8 ERROR rally.cli.cliutils File "", line 2, in destroy
2019-12-07 08:55:38.698 8 ERROR rally.cli.cliutils
File "/usr/lib/python2.7/site-packages/rally/cli/envutils.py", line 68, in default_from_global
2019-12-07 08:55:38.698 8 ERROR rally.cli.cliutils return f(*args, **kwargs)
2019-12-07 08:55:38.698 8 ERROR rally.cli.cliutils File "", line 2, in destroy
2019-12-07 08:55:38.698 8 ERROR rally.cli.cliutils
File "/usr/lib/python2.7/site-packages/rally/plugins/__init__.py", line 51, in ensure_plugins_are_loaded
2019-12-07 08:55:38.698 8 ERROR rally.cli.cliutils return f(*args, **kwargs)
2019-12-07 08:55:38.698 8 ERROR rally.cli.cliutils
File "/usr/lib/python2.7/site-packages/rally/cli/commands/deployment.py", line 157, in destroy
2019-12-07 08:55:38.698 8 ERROR rally.cli.cliutils api.deployment.destroy(deployment=deployment)
2019-12-07 08:55:38.698 8 ERROR rally.cli.cliutils
File "/usr/lib/python2.7/site-packages/rally/api.py", line 115, in destroy
2019-12-07 08:55:38.698 8 ERROR rally.cli.cliutils deploy = objects.Deployment.get(deployment)
2019-12-07 08:55:38.698 8 ERROR rally.cli.cliutils
File "/usr/lib/python2.7/site-packages/rally/common/objects/deploy.py", line 124, in get
2019-12-07 08:55:38.698 8 ERROR rally.cli.cliutils return Deployment(env_mgr.EnvManager.get(deploy))
2019-12-07 08:55:38.698 8 ERROR rally.cli.cliutils
File "/usr/lib/python2.7/site-packages/rally/env/env_mgr.py", line 212, in get
2019-12-07 08:55:38.698 8 ERROR rally.cli.cliutils return cls(db.env_get(uuid_or_name))
2019-12-07 08:55:38.698 8 ERROR rally.cli.cliutils
File "/usr/lib/python2.7/site-packages/rally/common/db/api.py", line 135, in wrapper
2019-12-07 08:55:38.698 8 ERROR rally.cli.cliutils result = f(session, *args, **kwargs)
2019-12-07 08:55:38.698 8 ERROR rally.cli.cliutils
File "/usr/lib/python2.7/site-packages/rally/common/db/api.py", line 521, in env_get
2019-12-07 08:55:38.698 8 ERROR rally.cli.cliutils criteria="uuid or name is %s" % uuid_or_name, table="envs")
2019-12-07 08:55:38.698 8 ERROR rally.cli.cliutils DBRecordNotFound: Record for uuid or name is opnfv-rally not found in table envs
2019-12-07 08:55:38.698 8 ERROR rally.cli.cliutils
2019-12-07 08:55:39.555 10 RALLYDEBUG rally.api [-] INFO logs from urllib3 and requests module are hide.
2019-12-07 08:55:39.555 10 RALLYDEBUG rally.api [-] urllib3 insecure warnings are hidden.
2019-12-07 08:55:39.555 10 RALLYDEBUG rally.api [-] ERROR log from boto module is hide.
2019-12-07 08:55:42.514 12 RALLYDEBUG rally.api [-] INFO logs from urllib3 and requests module are hide.
2019-12-07 08:55:42.515 12 RALLYDEBUG rally.api [-] urllib3 insecure warnings are hidden.
2019-12-07 08:55:42.515 12 RALLYDEBUG rally.api [-] ERROR log from boto module is hide.
2019-12-07 08:55:46.085 15 RALLYDEBUG rally.api [-] INFO logs from urllib3 and requests module are hide.
2019-12-07 08:55:46.086 15 RALLYDEBUG rally.api [-] urllib3 insecure warnings are hidden.
2019-12-07 08:55:46.086 15 RALLYDEBUG rally.api [-] ERROR log from boto module is hide.
2019-12-07 08:55:47.098 17 RALLYDEBUG rally.api [-] INFO logs from urllib3 and requests module are hide.
2019-12-07 08:55:47.098 17 RALLYDEBUG rally.api [-] urllib3 insecure warnings are hidden.
2019-12-07 08:55:47.098 17 RALLYDEBUG rally.api [-] ERROR log from boto module is hide.
2019-12-07 08:55:48.780 17 INFO rally.task.engine [-] Task ca2a9298-1bd3-4293-8bae-9b402503f0bf | Starting: Task validation.
2019-12-07 08:55:48.832 17 INFO rally.task.engine [-] Task ca2a9298-1bd3-4293-8bae-9b402503f0bf | Starting: Task validation of syntax.
2019-12-07 08:55:48.930 17 INFO rally.task.engine [-] Task ca2a9298-1bd3-4293-8bae-9b402503f0bf | Completed: Task validation of syntax.
2019-12-07 08:55:48.930 17 INFO rally.task.engine [-] Task ca2a9298-1bd3-4293-8bae-9b402503f0bf | Starting: Task validation of required platforms.
2019-12-07 08:55:48.974 17 INFO rally.task.engine [-] Task ca2a9298-1bd3-4293-8bae-9b402503f0bf | Completed: Task validation of required platforms.
2019-12-07 08:55:48.975 17 INFO rally.task.engine [-] Task ca2a9298-1bd3-4293-8bae-9b402503f0bf | Starting: Task validation of semantic.
2019-12-07 08:55:48.975 17 INFO rally.task.engine [-] Check health of the environment '99c473fe-0dc8-49ab-ae19-0790b40b6f68'.
2019-12-07 08:55:49.861 17 INFO rally.task.engine [-] Platform existing@openstack (available: True): OK!
2019-12-07 08:55:49.881 17 RALLYDEBUG rally_openstack.contexts.keystone.users [-] Creating 1 tenants using 20 threads
2019-12-07 08:55:50.717 17 RALLYDEBUG rally_openstack.contexts.keystone.users [-] Creating 1 users using 20 threads
2019-12-07 08:55:52.034 17 INFO rally.task.context [-] Task ca2a9298-1bd3-4293-8bae-9b402503f0bf | Context users@openstack setup() finished in 2.15 sec
2019-12-07 08:55:52.096 17 INFO rally.task.context [-] Task ca2a9298-1bd3-4293-8bae-9b402503f0bf | Context users@openstack cleanup() started
2019-12-07 08:55:54.975 17 INFO rally.task.context [-] Task ca2a9298-1bd3-4293-8bae-9b402503f0bf | Context users@openstack cleanup() finished in 2.88 sec
2019-12-07 08:55:54.976 17 INFO rally.task.engine [-] Task ca2a9298-1bd3-4293-8bae-9b402503f0bf | Completed: Task validation of semantic.
2019-12-07 08:55:54.976 17 INFO rally.task.engine [-] Task ca2a9298-1bd3-4293-8bae-9b402503f0bf | Completed: Task validation.
2019-12-07 08:55:54.977 17 INFO rally.api [-] Task ca2a9298-1bd3-4293-8bae-9b402503f0bf input file is valid.
2019-12-07 08:55:54.977 17 INFO rally.api [-] Run Task ca2a9298-1bd3-4293-8bae-9b402503f0bf against Deployment 99c473fe-0dc8-49ab-ae19-0790b40b6f68
2019-12-07 08:55:54.977 17 INFO rally.task.engine [-] Task ca2a9298-1bd3-4293-8bae-9b402503f0bf | Starting: Running task.
2019-12-07 08:55:55.157 17 INFO rally.task.engine [-] Running workload: position = 0 config = { "version": 2, "title": "A cropped version of a bigger task.", "description": "Auto-generated task from a single workload (uuid=732ef636-02ec-4b5a-a459-903dd5cef9e0)", "subtasks": [ { "title": "Authenticate.keystone", "description": "Check Keystone Client.", "scenario": { "Authenticate.keystone": {} }, "contexts": { "users": { "tenants": 3, "users_per_tenant": 2 } }, "runner": { "constant": { "concurrency": 4, "times": 10 } }, "hooks": [], "sla": { "failure_rate": { "max": 0 } } } ] }
2019-12-07 08:55:55.181 17 RALLYDEBUG rally_openstack.contexts.keystone.users [-] Creating 3 tenants using 20 threads
2019-12-07 08:55:56.246 17 RALLYDEBUG rally_openstack.contexts.keystone.users [-] Creating 6 users using 20 threads
2019-12-07 08:55:57.912 17 INFO rally.task.context [-] Task ca2a9298-1bd3-4293-8bae-9b402503f0bf | Context users@openstack setup() finished in 2.73 sec
2019-12-07 08:55:57.921 17 RALLYDEBUG rally.task.runner [-] Starting the constant runner (task UUID: ca2a9298-1bd3-4293-8bae-9b402503f0bf). timeout: 0 concurrency: 4 concurrency_per_worker: 1 times: 10 concurrency_overhead: 0 processes_to_start: 4 max_cpu_used: 16
2019-12-07 08:55:57.935 141 RALLYDEBUG rally.task.runner [-] Starting a worker. concurrency: 1 args: {} times: 10 method_name: run timeout: 0 duration: None cls:
2019-12-07 08:55:57.938 142 RALLYDEBUG rally.task.runner [-] Starting a worker. concurrency: 1 args: {} times: 10 method_name: run timeout: 0 duration: None cls:
2019-12-07 08:55:57.941 143 RALLYDEBUG rally.task.runner [-] Starting a worker. concurrency: 1 args: {} times: 10 method_name: run timeout: 0 duration: None cls:
2019-12-07 08:55:57.943 141 INFO rally.task.runner [-] Task ca2a9298-1bd3-4293-8bae-9b402503f0bf | ITER: 1 START
2019-12-07 08:55:57.945 142 INFO rally.task.runner [-] Task ca2a9298-1bd3-4293-8bae-9b402503f0bf | ITER: 2 START
2019-12-07 08:55:57.944 144 RALLYDEBUG rally.task.runner [-] Starting a worker. concurrency: 1 args: {} times: 10 method_name: run timeout: 0 duration: None cls:
2019-12-07 08:55:57.948 143 INFO rally.task.runner [-] Task ca2a9298-1bd3-4293-8bae-9b402503f0bf | ITER: 3 START
2019-12-07 08:55:57.952 144 INFO rally.task.runner [-] Task ca2a9298-1bd3-4293-8bae-9b402503f0bf | ITER: 4 START
2019-12-07 08:55:58.689 142 INFO rally.task.runner [-] Task ca2a9298-1bd3-4293-8bae-9b402503f0bf | ITER: 2 END: OK
2019-12-07 08:55:58.689 144 INFO rally.task.runner [-] Task ca2a9298-1bd3-4293-8bae-9b402503f0bf | ITER: 4 END: OK
2019-12-07 08:55:58.693 144 INFO rally.task.runner [-] Task ca2a9298-1bd3-4293-8bae-9b402503f0bf | ITER: 6 START
2019-12-07 08:55:58.694 142 INFO rally.task.runner [-] Task ca2a9298-1bd3-4293-8bae-9b402503f0bf | ITER: 5 START
2019-12-07 08:55:58.700 143 INFO rally.task.runner [-] Task ca2a9298-1bd3-4293-8bae-9b402503f0bf | ITER: 3 END: OK
2019-12-07 08:55:58.704 141 INFO rally.task.runner [-] Task ca2a9298-1bd3-4293-8bae-9b402503f0bf | ITER: 1 END: OK
2019-12-07 08:55:58.704 143 INFO rally.task.runner [-] Task ca2a9298-1bd3-4293-8bae-9b402503f0bf | ITER: 7 START
2019-12-07 08:55:58.711 141 INFO rally.task.runner [-] Task ca2a9298-1bd3-4293-8bae-9b402503f0bf | ITER: 8 START
2019-12-07 08:55:59.338 143 INFO rally.task.runner [-] Task ca2a9298-1bd3-4293-8bae-9b402503f0bf | ITER: 7 END: OK
2019-12-07 08:55:59.342 143 INFO rally.task.runner [-] Task ca2a9298-1bd3-4293-8bae-9b402503f0bf | ITER: 9 START
2019-12-07 08:55:59.346 141 INFO rally.task.runner [-] Task ca2a9298-1bd3-4293-8bae-9b402503f0bf | ITER: 8 END: OK
2019-12-07 08:55:59.351 141 INFO rally.task.runner [-] Task ca2a9298-1bd3-4293-8bae-9b402503f0bf | ITER: 10 START
2019-12-07 08:55:59.434 142 INFO rally.task.runner [-] Task ca2a9298-1bd3-4293-8bae-9b402503f0bf | ITER: 5 END: OK
2019-12-07 08:55:59.439 144 INFO rally.task.runner [-] Task ca2a9298-1bd3-4293-8bae-9b402503f0bf | ITER: 6 END: OK
2019-12-07 08:55:59.974 143 INFO rally.task.runner [-] Task ca2a9298-1bd3-4293-8bae-9b402503f0bf | ITER: 9 END: OK
2019-12-07 08:56:00.437 141 INFO rally.task.runner [-] Task ca2a9298-1bd3-4293-8bae-9b402503f0bf | ITER: 10 END: OK
2019-12-07 08:56:00.465 17 INFO rally.task.context [-] Task ca2a9298-1bd3-4293-8bae-9b402503f0bf | Context users@openstack cleanup() started
2019-12-07 08:56:05.361 17 INFO rally.task.context [-] Task ca2a9298-1bd3-4293-8bae-9b402503f0bf | Context users@openstack cleanup() finished in 4.90 sec
2019-12-07 08:56:07.259 17 INFO rally.task.engine [-] Load duration is: 2.493471
2019-12-07 08:56:07.260 17 INFO rally.task.engine [-] Full runner duration is: 2.544188
2019-12-07 08:56:07.260 17 INFO rally.task.engine [-] Full duration is: 10.182831
2019-12-07 08:56:07.564 17 INFO rally.task.engine [-] Running workload: position = 0 config = { "version": 2, "title": "A cropped version of a bigger task.", "description": "Auto-generated task from a single workload (uuid=f5fc89f2-09e0-4ea0-a6a5-44ee42d0543e)", "subtasks": [ { "title": "Authenticate.validate_cinder", "description": "Check Cinder Client to ensure validation of token.", "scenario": { "Authenticate.validate_cinder": { "repetitions": 2 } }, "contexts": { "users": { "tenants": 3, "users_per_tenant": 2 } }, "runner": { "constant": { "concurrency": 4, "times": 10 } }, "hooks": [], "sla": { "failure_rate": { "max": 0 } } } ] }
2019-12-07 08:56:07.591 17 RALLYDEBUG rally_openstack.contexts.keystone.users [-] Creating 3 tenants using 20 threads
2019-12-07 08:56:08.690 17 RALLYDEBUG rally_openstack.contexts.keystone.users [-] Creating 6 users using 20 threads
2019-12-07 08:56:10.573 17 INFO rally.task.context [-] Task ca2a9298-1bd3-4293-8bae-9b402503f0bf | Context users@openstack setup() finished in 2.98 sec
2019-12-07 08:56:10.582 17 RALLYDEBUG rally.task.runner [-] Starting the constant runner (task UUID: ca2a9298-1bd3-4293-8bae-9b402503f0bf). timeout: 0 concurrency: 4 concurrency_per_worker: 1 times: 10 concurrency_overhead: 0 processes_to_start: 4 max_cpu_used: 16
2019-12-07 08:56:10.595 245 RALLYDEBUG rally.task.runner [-] Starting a worker. concurrency: 1 args: {"repetitions": 2} times: 10 method_name: run timeout: 0 duration: None cls:
2019-12-07 08:56:10.598 246 RALLYDEBUG rally.task.runner [-] Starting a worker. concurrency: 1 args: {"repetitions": 2} times: 10 method_name: run timeout: 0 duration: None cls:
2019-12-07 08:56:10.603 245 INFO rally.task.runner [-] Task ca2a9298-1bd3-4293-8bae-9b402503f0bf | ITER: 1 START
2019-12-07 08:56:10.602 247 RALLYDEBUG rally.task.runner [-] Starting a worker. concurrency: 1 args: {"repetitions": 2} times: 10 method_name: run timeout: 0 duration: None cls:
2019-12-07 08:56:10.605 246 INFO rally.task.runner [-] Task ca2a9298-1bd3-4293-8bae-9b402503f0bf | ITER: 2 START
2019-12-07 08:56:10.605 248 RALLYDEBUG rally.task.runner [-] Starting a worker. concurrency: 1 args: {"repetitions": 2} times: 10 method_name: run timeout: 0 duration: None cls:
2019-12-07 08:56:10.609 247 INFO rally.task.runner [-] Task ca2a9298-1bd3-4293-8bae-9b402503f0bf | ITER: 3 START
2019-12-07 08:56:10.613 248 INFO rally.task.runner [-] Task ca2a9298-1bd3-4293-8bae-9b402503f0bf | ITER: 4 START
2019-12-07 08:56:11.342 246 INFO rally.task.runner [-] Task ca2a9298-1bd3-4293-8bae-9b402503f0bf | ITER: 2 END: OK
2019-12-07 08:56:11.347 246 INFO rally.task.runner [-] Task ca2a9298-1bd3-4293-8bae-9b402503f0bf | ITER: 5 START
2019-12-07 08:56:11.589 245 INFO rally.task.runner [-] Task ca2a9298-1bd3-4293-8bae-9b402503f0bf | ITER: 1 END: OK
2019-12-07 08:56:11.594 245 INFO rally.task.runner [-] Task ca2a9298-1bd3-4293-8bae-9b402503f0bf | ITER: 6 START
2019-12-07 08:56:11.772 248 INFO rally.task.runner [-] Task ca2a9298-1bd3-4293-8bae-9b402503f0bf | ITER: 4 END: OK
2019-12-07 08:56:11.778 248 INFO rally.task.runner [-] Task ca2a9298-1bd3-4293-8bae-9b402503f0bf | ITER: 7 START
2019-12-07 08:56:11.861 247 INFO rally.task.runner [-] Task ca2a9298-1bd3-4293-8bae-9b402503f0bf | ITER: 3 END: OK
2019-12-07 08:56:11.866 247 INFO rally.task.runner [-] Task ca2a9298-1bd3-4293-8bae-9b402503f0bf | ITER: 8 START
2019-12-07 08:56:12.148 246 INFO rally.task.runner [-] Task ca2a9298-1bd3-4293-8bae-9b402503f0bf | ITER: 5 END: OK
2019-12-07 08:56:12.153 246 INFO rally.task.runner [-] Task ca2a9298-1bd3-4293-8bae-9b402503f0bf | ITER: 9 START
2019-12-07 08:56:12.367 247 INFO rally.task.runner [-] Task ca2a9298-1bd3-4293-8bae-9b402503f0bf | ITER: 8 END: OK
2019-12-07 08:56:12.372 247 INFO rally.task.runner [-] Task ca2a9298-1bd3-4293-8bae-9b402503f0bf | ITER: 10 START
2019-12-07 08:56:12.404 245 INFO rally.task.runner [-] Task ca2a9298-1bd3-4293-8bae-9b402503f0bf | ITER: 6 END: OK
2019-12-07 08:56:12.493 248 INFO rally.task.runner [-] Task ca2a9298-1bd3-4293-8bae-9b402503f0bf | ITER: 7 END: OK
2019-12-07 08:56:12.619 246 INFO rally.task.runner [-] Task ca2a9298-1bd3-4293-8bae-9b402503f0bf | ITER: 9 END: OK
2019-12-07 08:56:12.795 247 INFO rally.task.runner [-] Task ca2a9298-1bd3-4293-8bae-9b402503f0bf | ITER: 10 END: OK
2019-12-07 08:56:12.817 17 INFO rally.task.context [-] Task ca2a9298-1bd3-4293-8bae-9b402503f0bf | Context users@openstack cleanup() started
2019-12-07 08:56:17.337 17 INFO rally.task.context [-] Task ca2a9298-1bd3-4293-8bae-9b402503f0bf | Context users@openstack cleanup() finished in 4.52 sec
2019-12-07 08:56:17.673 17 INFO rally.task.engine [-] Load duration is: 2.191456
2019-12-07 08:56:17.674 17 INFO rally.task.engine [-] Full runner duration is: 2.235773
2019-12-07 08:56:17.674 17 INFO rally.task.engine [-] Full duration is: 9.750064
2019-12-07 08:56:18.074 17 INFO rally.task.engine [-] Running workload: position = 0 config = { "version": 2, "title": "A cropped version of a bigger task.", "description": "Auto-generated task from a single workload (uuid=bf446a3c-6077-4f44-bc00-f353de6dcdb3)", "subtasks": [ { "title": "Authenticate.validate_glance", "description": "Check Glance Client to ensure validation of token.", "scenario": { "Authenticate.validate_glance": { "repetitions": 2 } }, "contexts": { "users": { "tenants": 3, "users_per_tenant": 2 } }, "runner": { "constant": { "concurrency": 4, "times": 10 } }, "hooks": [], "sla": { "failure_rate": { "max": 0 } } } ] }
2019-12-07 08:56:18.101 17 RALLYDEBUG rally_openstack.contexts.keystone.users [-] Creating 3 tenants using 20 threads
2019-12-07 08:56:19.130 17 RALLYDEBUG rally_openstack.contexts.keystone.users [-] Creating 6 users using 20 threads
2019-12-07 08:56:20.879 17 INFO rally.task.context [-] Task ca2a9298-1bd3-4293-8bae-9b402503f0bf | Context users@openstack setup() finished in 2.78 sec
2019-12-07 08:56:20.888 17 RALLYDEBUG rally.task.runner [-] Starting the constant runner (task UUID: ca2a9298-1bd3-4293-8bae-9b402503f0bf). timeout: 0 concurrency: 4 concurrency_per_worker: 1 times: 10 concurrency_overhead: 0 processes_to_start: 4 max_cpu_used: 16
2019-12-07 08:56:20.901 349 RALLYDEBUG rally.task.runner [-] Starting a worker. concurrency: 1 args: {"repetitions": 2} times: 10 method_name: run timeout: 0 duration: None cls:
2019-12-07 08:56:20.905 350 RALLYDEBUG rally.task.runner [-] Starting a worker. concurrency: 1 args: {"repetitions": 2} times: 10 method_name: run timeout: 0 duration: None cls:
2019-12-07 08:56:20.907 351 RALLYDEBUG rally.task.runner [-] Starting a worker. concurrency: 1 args: {"repetitions": 2} times: 10 method_name: run timeout: 0 duration: None cls:
2019-12-07 08:56:20.909 349 INFO rally.task.runner [-] Task ca2a9298-1bd3-4293-8bae-9b402503f0bf | ITER: 1 START
2019-12-07 08:56:20.911 352 RALLYDEBUG rally.task.runner [-] Starting a worker. concurrency: 1 args: {"repetitions": 2} times: 10 method_name: run timeout: 0 duration: None cls:
2019-12-07 08:56:20.913 350 INFO rally.task.runner [-] Task ca2a9298-1bd3-4293-8bae-9b402503f0bf | ITER: 2 START
2019-12-07 08:56:20.915 351 INFO rally.task.runner [-] Task ca2a9298-1bd3-4293-8bae-9b402503f0bf | ITER: 3 START
2019-12-07 08:56:20.918 352 INFO rally.task.runner [-] Task ca2a9298-1bd3-4293-8bae-9b402503f0bf | ITER: 4 START
2019-12-07 08:56:21.752 349 INFO rally.task.runner [-] Task ca2a9298-1bd3-4293-8bae-9b402503f0bf | ITER: 1 END: OK
2019-12-07 08:56:21.757 349 INFO rally.task.runner [-] Task ca2a9298-1bd3-4293-8bae-9b402503f0bf | ITER: 5 START
2019-12-07 08:56:21.762 350 INFO rally.task.runner [-] Task ca2a9298-1bd3-4293-8bae-9b402503f0bf | ITER: 2 END: OK
2019-12-07 08:56:21.767 350 INFO rally.task.runner [-] Task ca2a9298-1bd3-4293-8bae-9b402503f0bf | ITER: 6 START
2019-12-07 08:56:21.841 351 INFO rally.task.runner [-] Task ca2a9298-1bd3-4293-8bae-9b402503f0bf | ITER: 3 END: OK
2019-12-07 08:56:21.845 351 INFO rally.task.runner [-] Task ca2a9298-1bd3-4293-8bae-9b402503f0bf | ITER: 7 START
2019-12-07 08:56:21.859 352 INFO rally.task.runner [-] Task ca2a9298-1bd3-4293-8bae-9b402503f0bf | ITER: 4 END: OK
2019-12-07 08:56:21.864 352 INFO rally.task.runner [-] Task ca2a9298-1bd3-4293-8bae-9b402503f0bf | ITER: 8 START
2019-12-07 08:56:22.287 349 INFO rally.task.runner [-] Task ca2a9298-1bd3-4293-8bae-9b402503f0bf | ITER: 5 END: OK
2019-12-07 08:56:22.291 349 INFO rally.task.runner [-] Task ca2a9298-1bd3-4293-8bae-9b402503f0bf | ITER: 9 START
2019-12-07 08:56:22.434 350 INFO rally.task.runner [-] Task ca2a9298-1bd3-4293-8bae-9b402503f0bf | ITER: 6 END: OK
2019-12-07 08:56:22.439 350 INFO rally.task.runner [-] Task ca2a9298-1bd3-4293-8bae-9b402503f0bf | ITER: 10 START
2019-12-07 08:56:22.442 352 INFO rally.task.runner [-] Task ca2a9298-1bd3-4293-8bae-9b402503f0bf | ITER: 8 END: OK
2019-12-07 08:56:22.524 351 INFO rally.task.runner [-] Task ca2a9298-1bd3-4293-8bae-9b402503f0bf | ITER: 7 END: OK
2019-12-07 08:56:22.862 349 INFO rally.task.runner [-] Task ca2a9298-1bd3-4293-8bae-9b402503f0bf | ITER: 9 END: OK
2019-12-07 08:56:23.049 350 INFO rally.task.runner [-] Task ca2a9298-1bd3-4293-8bae-9b402503f0bf | ITER: 10 END: OK
2019-12-07 08:56:23.073 17 INFO rally.task.context [-] Task ca2a9298-1bd3-4293-8bae-9b402503f0bf | Context users@openstack cleanup() started
2019-12-07 08:56:28.485 17 INFO rally.task.context [-] Task ca2a9298-1bd3-4293-8bae-9b402503f0bf | Context users@openstack cleanup() finished in 5.41 sec
2019-12-07 08:56:30.179 17 INFO rally.task.engine [-] Load duration is: 2.138707
2019-12-07 08:56:30.179 17 INFO rally.task.engine [-] Full runner duration is: 2.185156
2019-12-07 08:56:30.180 17 INFO rally.task.engine [-] Full duration is: 10.387215
2019-12-07 08:56:30.781 17 INFO rally.task.engine [-] Running workload: position = 0 config = { "version": 2, "title": "A cropped version of a bigger task.", "description": "Auto-generated task from a single workload (uuid=ef3000e3-dab2-449b-9592-22c976005566)", "subtasks": [ { "title": "Authenticate.validate_heat", "description": "Check Heat Client to ensure validation of token.", "scenario": { "Authenticate.validate_heat": { "repetitions": 2 } }, "contexts": { "users": { "tenants": 3, "users_per_tenant": 2 } }, "runner": { "constant": { "concurrency": 4, "times": 10 } }, "hooks": [], "sla": { "failure_rate": { "max": 0 } } } ] }
2019-12-07 08:56:30.809 17 RALLYDEBUG rally_openstack.contexts.keystone.users [-] Creating 3 tenants using 20 threads
2019-12-07 08:56:32.007 17 RALLYDEBUG rally_openstack.contexts.keystone.users [-] Creating 6 users using 20 threads
2019-12-07 08:56:33.735 17 INFO rally.task.context [-] Task ca2a9298-1bd3-4293-8bae-9b402503f0bf | Context users@openstack setup() finished in 2.93 sec
2019-12-07 08:56:33.745 17 RALLYDEBUG rally.task.runner [-] Starting the constant runner (task UUID: ca2a9298-1bd3-4293-8bae-9b402503f0bf). timeout: 0 concurrency: 4 concurrency_per_worker: 1 times: 10 concurrency_overhead: 0 processes_to_start: 4 max_cpu_used: 16
2019-12-07 08:56:33.758 453 RALLYDEBUG rally.task.runner [-] Starting a worker. concurrency: 1 args: {"repetitions": 2} times: 10 method_name: run timeout: 0 duration: None cls:
2019-12-07 08:56:33.761 454 RALLYDEBUG rally.task.runner [-] Starting a worker. concurrency: 1 args: {"repetitions": 2} times: 10 method_name: run timeout: 0 duration: None cls:
2019-12-07 08:56:33.764 455 RALLYDEBUG rally.task.runner [-] Starting a worker. concurrency: 1 args: {"repetitions": 2} times: 10 method_name: run timeout: 0 duration: None cls:
2019-12-07 08:56:33.765 453 INFO rally.task.runner [-] Task ca2a9298-1bd3-4293-8bae-9b402503f0bf | ITER: 1 START
2019-12-07 08:56:33.767 456 RALLYDEBUG rally.task.runner [-] Starting a worker. concurrency: 1 args: {"repetitions": 2} times: 10 method_name: run timeout: 0 duration: None cls:
2019-12-07 08:56:33.769 454 INFO rally.task.runner [-] Task ca2a9298-1bd3-4293-8bae-9b402503f0bf | ITER: 2 START
2019-12-07 08:56:33.771 455 INFO rally.task.runner [-] Task ca2a9298-1bd3-4293-8bae-9b402503f0bf | ITER: 3 START
2019-12-07 08:56:33.775 456 INFO rally.task.runner [-] Task ca2a9298-1bd3-4293-8bae-9b402503f0bf | ITER: 4 START
2019-12-07 08:56:34.967 454 INFO rally.task.runner [-] Task ca2a9298-1bd3-4293-8bae-9b402503f0bf | ITER: 2 END: OK
2019-12-07 08:56:34.973 454 INFO rally.task.runner [-] Task ca2a9298-1bd3-4293-8bae-9b402503f0bf | ITER: 5 START
2019-12-07 08:56:35.090 455 INFO rally.task.runner [-] Task ca2a9298-1bd3-4293-8bae-9b402503f0bf | ITER: 3 END: OK
2019-12-07 08:56:35.095 455 INFO rally.task.runner [-] Task ca2a9298-1bd3-4293-8bae-9b402503f0bf | ITER: 6 START
2019-12-07 08:56:35.150 456 INFO rally.task.runner [-] Task ca2a9298-1bd3-4293-8bae-9b402503f0bf | ITER: 4 END: OK
2019-12-07 08:56:35.156 456 INFO rally.task.runner [-] Task ca2a9298-1bd3-4293-8bae-9b402503f0bf | ITER: 7 START
2019-12-07 08:56:35.423 453 INFO rally.task.runner [-] Task ca2a9298-1bd3-4293-8bae-9b402503f0bf | ITER: 1 END: OK
2019-12-07 08:56:35.428 453 INFO rally.task.runner [-] Task ca2a9298-1bd3-4293-8bae-9b402503f0bf | ITER: 8 START
2019-12-07 08:56:36.240 453 INFO rally.task.runner [-] Task ca2a9298-1bd3-4293-8bae-9b402503f0bf | ITER: 8 END: OK
2019-12-07 08:56:36.244 453 INFO rally.task.runner [-] Task ca2a9298-1bd3-4293-8bae-9b402503f0bf | ITER: 9 START
2019-12-07 08:56:36.293 455 INFO rally.task.runner [-] Task ca2a9298-1bd3-4293-8bae-9b402503f0bf | ITER: 6 END: OK
2019-12-07 08:56:36.297 455 INFO rally.task.runner [-] Task ca2a9298-1bd3-4293-8bae-9b402503f0bf | ITER: 10 START
2019-12-07 08:56:36.584 456 INFO rally.task.runner [-] Task ca2a9298-1bd3-4293-8bae-9b402503f0bf | ITER: 7 END: OK
2019-12-07 08:56:36.701 453 INFO rally.task.runner [-] Task ca2a9298-1bd3-4293-8bae-9b402503f0bf | ITER: 9 END: OK
2019-12-07 08:56:36.720 454 INFO rally.task.runner [-] Task ca2a9298-1bd3-4293-8bae-9b402503f0bf | ITER: 5 END: OK
2019-12-07 08:56:36.758 455 INFO rally.task.runner [-] Task ca2a9298-1bd3-4293-8bae-9b402503f0bf | ITER: 10 END: OK
2019-12-07 08:56:36.782 17 INFO rally.task.context [-] Task ca2a9298-1bd3-4293-8bae-9b402503f0bf | Context users@openstack cleanup() started
2019-12-07 08:56:41.729 17 INFO rally.task.context [-] Task ca2a9298-1bd3-4293-8bae-9b402503f0bf | Context users@openstack cleanup() finished in 4.95 sec
2019-12-07 08:56:42.877 17 INFO rally.task.engine [-] Load duration is: 2.991942
2019-12-07 08:56:42.878 17 INFO rally.task.engine [-] Full runner duration is: 3.037994
2019-12-07 08:56:42.878 17 INFO rally.task.engine [-] Full duration is: 10.924131
2019-12-07 08:56:43.500 17 INFO rally.task.engine [-] Running workload: position = 0 config = { "version": 2, "title": "A cropped version of a bigger task.", "description": "Auto-generated task from a single workload (uuid=b3918d83-8283-4084-beb3-45bfd6d9bd5c)", "subtasks": [ { "title": "Authenticate.validate_neutron", "description": "Check Neutron Client to ensure validation of token.", "scenario": { "Authenticate.validate_neutron": { "repetitions": 2 } }, "contexts": { "users": { "tenants": 3, "users_per_tenant": 2 } }, "runner": { "constant": { "concurrency": 4, "times": 10 } }, "hooks": [], "sla": { "failure_rate": { "max": 0 } } } ] }
2019-12-07 08:56:43.523 17 RALLYDEBUG rally_openstack.contexts.keystone.users [-] Creating 3 tenants using 20 threads
2019-12-07 08:56:44.505 17 RALLYDEBUG rally_openstack.contexts.keystone.users [-] Creating 6 users using 20 threads
2019-12-07 08:56:46.171 17 INFO rally.task.context [-] Task ca2a9298-1bd3-4293-8bae-9b402503f0bf | Context users@openstack setup() finished in 2.65 sec
2019-12-07 08:56:46.180 17 RALLYDEBUG rally.task.runner [-] Starting the constant runner (task UUID: ca2a9298-1bd3-4293-8bae-9b402503f0bf). timeout: 0 concurrency: 4 concurrency_per_worker: 1 times: 10 concurrency_overhead: 0 processes_to_start: 4 max_cpu_used: 16
2019-12-07 08:56:46.194 557 RALLYDEBUG rally.task.runner [-] Starting a worker. concurrency: 1 args: {"repetitions": 2} times: 10 method_name: run timeout: 0 duration: None cls:
2019-12-07 08:56:46.196 558 RALLYDEBUG rally.task.runner [-] Starting a worker. concurrency: 1 args: {"repetitions": 2} times: 10 method_name: run timeout: 0 duration: None cls:
2019-12-07 08:56:46.200 559 RALLYDEBUG rally.task.runner [-] Starting a worker. concurrency: 1 args: {"repetitions": 2} times: 10 method_name: run timeout: 0 duration: None cls:
2019-12-07 08:56:46.202 557 INFO rally.task.runner [-] Task ca2a9298-1bd3-4293-8bae-9b402503f0bf | ITER: 1 START
2019-12-07 08:56:46.203 558 INFO rally.task.runner [-] Task ca2a9298-1bd3-4293-8bae-9b402503f0bf | ITER: 2 START
2019-12-07 08:56:46.203 560 RALLYDEBUG rally.task.runner [-] Starting a worker. concurrency: 1 args: {"repetitions": 2} times: 10 method_name: run timeout: 0 duration: None cls:
2019-12-07 08:56:46.207 559 INFO rally.task.runner [-] Task ca2a9298-1bd3-4293-8bae-9b402503f0bf | ITER: 3 START
2019-12-07 08:56:46.211 560 INFO rally.task.runner [-] Task ca2a9298-1bd3-4293-8bae-9b402503f0bf | ITER: 4 START
2019-12-07 08:56:46.976 557 INFO rally.task.runner [-] Task ca2a9298-1bd3-4293-8bae-9b402503f0bf | ITER: 1 END: OK
2019-12-07 08:56:46.982 557 INFO rally.task.runner [-] Task ca2a9298-1bd3-4293-8bae-9b402503f0bf | ITER: 5 START
2019-12-07 08:56:47.073 560 INFO rally.task.runner [-] Task ca2a9298-1bd3-4293-8bae-9b402503f0bf | ITER: 4 END: OK
2019-12-07 08:56:47.079 560 INFO rally.task.runner [-] Task ca2a9298-1bd3-4293-8bae-9b402503f0bf | ITER: 6 START
2019-12-07 08:56:47.141 559 INFO rally.task.runner [-] Task ca2a9298-1bd3-4293-8bae-9b402503f0bf | ITER: 3 END: OK
2019-12-07 08:56:47.146 559 INFO rally.task.runner [-] Task ca2a9298-1bd3-4293-8bae-9b402503f0bf | ITER: 7 START
2019-12-07 08:56:47.300 558 INFO rally.task.runner [-] Task ca2a9298-1bd3-4293-8bae-9b402503f0bf | ITER: 2 END: OK
2019-12-07 08:56:47.305 558 INFO rally.task.runner [-] Task ca2a9298-1bd3-4293-8bae-9b402503f0bf | ITER: 8 START
2019-12-07 08:56:47.624 557 INFO rally.task.runner [-] Task ca2a9298-1bd3-4293-8bae-9b402503f0bf | ITER: 5 END: OK
2019-12-07 08:56:47.628 557 INFO rally.task.runner [-] Task ca2a9298-1bd3-4293-8bae-9b402503f0bf | ITER: 9 START
2019-12-07 08:56:47.632 560 INFO rally.task.runner [-] Task ca2a9298-1bd3-4293-8bae-9b402503f0bf | ITER: 6 END: OK
2019-12-07 08:56:47.636 560 INFO rally.task.runner [-] Task ca2a9298-1bd3-4293-8bae-9b402503f0bf | ITER: 10 START
2019-12-07 08:56:47.816 559 INFO rally.task.runner [-] Task ca2a9298-1bd3-4293-8bae-9b402503f0bf | ITER: 7 END: OK
2019-12-07 08:56:47.966 558 INFO rally.task.runner [-] Task ca2a9298-1bd3-4293-8bae-9b402503f0bf | ITER: 8 END: OK
2019-12-07 08:56:48.515 560 INFO rally.task.runner [-] Task ca2a9298-1bd3-4293-8bae-9b402503f0bf | ITER: 10 END: OK
2019-12-07 08:56:48.540 557 INFO rally.task.runner [-] Task ca2a9298-1bd3-4293-8bae-9b402503f0bf | ITER: 9 END: OK
2019-12-07 08:56:48.569 17 INFO rally.task.context [-] Task ca2a9298-1bd3-4293-8bae-9b402503f0bf | Context users@openstack cleanup() started
2019-12-07 08:56:53.120 17 INFO rally.task.context [-] Task ca2a9298-1bd3-4293-8bae-9b402503f0bf | Context users@openstack cleanup() finished in 4.55 sec
2019-12-07 08:56:53.625 17 INFO rally.task.engine [-] Load duration is: 2.337565
2019-12-07 08:56:53.625 17 INFO rally.task.engine [-] Full runner duration is: 2.38915
2019-12-07 08:56:53.625 17 INFO rally.task.engine [-] Full duration is: 9.602199
2019-12-07 08:56:54.206 17 INFO rally.task.engine [-] Running workload: position = 0 config = { "version": 2, "title": "A cropped version of a bigger task.", "description": "Auto-generated task from a single workload (uuid=9bc9351e-3815-488e-b159-5d86ac990690)", "subtasks": [ { "title": "Authenticate.validate_nova", "description": "Check Nova Client to ensure validation of token.", "scenario": { "Authenticate.validate_nova": { "repetitions": 2 } }, "contexts": { "users": { "tenants": 3, "users_per_tenant": 2 } }, "runner": { "constant": { "concurrency": 4, "times": 10 } }, "hooks": [], "sla": { "failure_rate": { "max": 0 } } } ] }
2019-12-07 08:56:54.240 17 RALLYDEBUG rally_openstack.contexts.keystone.users [-] Creating 3 tenants using 20 threads
2019-12-07 08:56:55.299 17 RALLYDEBUG rally_openstack.contexts.keystone.users [-] Creating 6 users using 20 threads
2019-12-07 08:56:56.981 17 INFO rally.task.context [-] Task ca2a9298-1bd3-4293-8bae-9b402503f0bf | Context users@openstack setup() finished in 2.74 sec
2019-12-07 08:56:56.990 17 RALLYDEBUG rally.task.runner [-] Starting the constant runner (task UUID: ca2a9298-1bd3-4293-8bae-9b402503f0bf). timeout: 0 concurrency: 4 concurrency_per_worker: 1 times: 10 concurrency_overhead: 0 processes_to_start: 4 max_cpu_used: 16
2019-12-07 08:56:57.005 661 RALLYDEBUG rally.task.runner [-] Starting a worker. concurrency: 1 args: {"repetitions": 2} times: 10 method_name: run timeout: 0 duration: None cls:
2019-12-07 08:56:57.007 662 RALLYDEBUG rally.task.runner [-] Starting a worker. concurrency: 1 args: {"repetitions": 2} times: 10 method_name: run timeout: 0 duration: None cls:
2019-12-07 08:56:57.011 663 RALLYDEBUG rally.task.runner [-] Starting a worker. concurrency: 1 args: {"repetitions": 2} times: 10 method_name: run timeout: 0 duration: None cls:
2019-12-07 08:56:57.014 662 INFO rally.task.runner [-] Task ca2a9298-1bd3-4293-8bae-9b402503f0bf | ITER: 2 START
2019-12-07 08:56:57.014 661 INFO rally.task.runner [-] Task ca2a9298-1bd3-4293-8bae-9b402503f0bf | ITER: 1 START
2019-12-07 08:56:57.014 664 RALLYDEBUG rally.task.runner [-] Starting a worker. concurrency: 1 args: {"repetitions": 2} times: 10 method_name: run timeout: 0 duration: None cls:
2019-12-07 08:56:57.018 663 INFO rally.task.runner [-] Task ca2a9298-1bd3-4293-8bae-9b402503f0bf | ITER: 3 START
2019-12-07 08:56:57.021 664 INFO rally.task.runner [-] Task ca2a9298-1bd3-4293-8bae-9b402503f0bf | ITER: 4 START
2019-12-07 08:56:57.522 662 DEBUG novaclient.v2.client [-] REQ: curl -g -i --cacert "/etc/ssl/certs/mcp_os_cacert" -X GET http://10.167.4.35:8774/v2.1/flavors/detail -H "Accept: application/json" -H "User-Agent: python-novaclient" -H "X-Auth-Token: {SHA1}822fd50916db95ce34298e5da048143b50a76afd" _http_log_request /usr/lib/python2.7/site-packages/keystoneauth1/session.py:448
2019-12-07 08:56:57.527 664 DEBUG novaclient.v2.client [-] REQ: curl -g -i --cacert "/etc/ssl/certs/mcp_os_cacert" -X GET http://10.167.4.35:8774/v2.1/flavors/detail -H "Accept: application/json" -H "User-Agent: python-novaclient" -H "X-Auth-Token: {SHA1}b4e33eb8c1db64b99193d07b85d10d9a09936f6a" _http_log_request /usr/lib/python2.7/site-packages/keystoneauth1/session.py:448
2019-12-07 08:56:57.527 663 DEBUG novaclient.v2.client [-] REQ: curl -g -i --cacert "/etc/ssl/certs/mcp_os_cacert" -X GET http://10.167.4.35:8774/v2.1/flavors/detail -H "Accept: application/json" -H "User-Agent: python-novaclient" -H "X-Auth-Token: {SHA1}69283f4ccd4114cbaf340f50416767e44849682b" _http_log_request /usr/lib/python2.7/site-packages/keystoneauth1/session.py:448
2019-12-07 08:56:57.527 661 DEBUG novaclient.v2.client [-] REQ: curl -g -i --cacert "/etc/ssl/certs/mcp_os_cacert" -X GET http://10.167.4.35:8774/v2.1/flavors/detail -H "Accept: application/json" -H "User-Agent: python-novaclient" -H "X-Auth-Token: {SHA1}5ad60e28a773273350b69fe243d84cb1505138ac" _http_log_request /usr/lib/python2.7/site-packages/keystoneauth1/session.py:448
2019-12-07 08:56:57.670 663 DEBUG novaclient.v2.client [-] RESP: [200] Connection: close Content-Length: 1014 Content-Type: application/json Date: Sat, 07 Dec 2019 08:56:57 GMT Openstack-Api-Version: compute 2.1 Vary: OpenStack-API-Version, X-OpenStack-Nova-API-Version X-Compute-Request-Id: req-219d8e40-1e4a-4f79-bf03-7ca6110c4553 X-Openstack-Nova-Api-Version: 2.1 X-Openstack-Request-Id: req-219d8e40-1e4a-4f79-bf03-7ca6110c4553 _http_log_response /usr/lib/python2.7/site-packages/keystoneauth1/session.py:479
2019-12-07 08:56:57.671 663 DEBUG novaclient.v2.client [-] RESP BODY: {"flavors": [{"name": "rally_full-flavor_a1c1facb-3472-4ab2-919c-23614e353486", "links": [{"href": "http://10.167.4.35:8774/v2.1/flavors/d0521cfc-9460-4735-8a39-f7ffa08089d6", "rel": "self"}, {"href": "http://10.167.4.35:8774/flavors/d0521cfc-9460-4735-8a39-f7ffa08089d6", "rel": "bookmark"}], "ram": 512, "OS-FLV-DISABLED:disabled": false, "vcpus": 1, "swap": "", "os-flavor-access:is_public": true, "rxtx_factor": 1.0, "OS-FLV-EXT-DATA:ephemeral": 0, "disk": 1, "id": "d0521cfc-9460-4735-8a39-f7ffa08089d6"}, {"name": "rally_full-flavor_alt_a1c1facb-3472-4ab2-919c-23614e353486", "links": [{"href": "http://10.167.4.35:8774/v2.1/flavors/d68cc5f4-de89-4396-9ca3-001012dbc19a", "rel": "self"}, {"href": "http://10.167.4.35:8774/flavors/d68cc5f4-de89-4396-9ca3-001012dbc19a", "rel": "bookmark"}], "ram": 1024, "OS-FLV-DISABLED:disabled": false, "vcpus": 1, "swap": "", "os-flavor-access:is_public": true, "rxtx_factor": 1.0, "OS-FLV-EXT-DATA:ephemeral": 0, "disk": 1, "id": "d68cc5f4-de89-4396-9ca3-001012dbc19a"}]} _http_log_response /usr/lib/python2.7/site-packages/keystoneauth1/session.py:511
2019-12-07 08:56:57.671 663 DEBUG novaclient.v2.client [-] GET call to compute for http://10.167.4.35:8774/v2.1/flavors/detail used request id req-219d8e40-1e4a-4f79-bf03-7ca6110c4553 request /usr/lib/python2.7/site-packages/keystoneauth1/session.py:844
2019-12-07 08:56:57.674 663 DEBUG novaclient.v2.client [-] REQ: curl -g -i --cacert "/etc/ssl/certs/mcp_os_cacert" -X GET http://10.167.4.35:8774/v2.1/flavors/detail -H "Accept: application/json" -H "User-Agent: python-novaclient" -H "X-Auth-Token: {SHA1}69283f4ccd4114cbaf340f50416767e44849682b" _http_log_request /usr/lib/python2.7/site-packages/keystoneauth1/session.py:448
2019-12-07 08:56:57.694 662 DEBUG novaclient.v2.client [-] RESP: [200] Connection: close Content-Length: 1014 Content-Type: application/json Date: Sat, 07 Dec 2019 08:56:57 GMT Openstack-Api-Version: compute 2.1 Vary: OpenStack-API-Version, X-OpenStack-Nova-API-Version X-Compute-Request-Id: req-5a7eef53-dd24-491e-adb1-e66cab1065f6 X-Openstack-Nova-Api-Version: 2.1 X-Openstack-Request-Id: req-5a7eef53-dd24-491e-adb1-e66cab1065f6 _http_log_response /usr/lib/python2.7/site-packages/keystoneauth1/session.py:479
2019-12-07 08:56:57.695 662 DEBUG novaclient.v2.client [-] RESP BODY: {"flavors": [{"name": "rally_full-flavor_a1c1facb-3472-4ab2-919c-23614e353486", "links": [{"href": "http://10.167.4.35:8774/v2.1/flavors/d0521cfc-9460-4735-8a39-f7ffa08089d6", "rel": "self"}, {"href": "http://10.167.4.35:8774/flavors/d0521cfc-9460-4735-8a39-f7ffa08089d6", "rel": "bookmark"}], "ram": 512, "OS-FLV-DISABLED:disabled": false, "vcpus": 1, "swap": "", "os-flavor-access:is_public": true, "rxtx_factor": 1.0, "OS-FLV-EXT-DATA:ephemeral": 0, "disk": 1, "id": "d0521cfc-9460-4735-8a39-f7ffa08089d6"}, {"name": "rally_full-flavor_alt_a1c1facb-3472-4ab2-919c-23614e353486", "links": [{"href": "http://10.167.4.35:8774/v2.1/flavors/d68cc5f4-de89-4396-9ca3-001012dbc19a", "rel": "self"}, {"href": "http://10.167.4.35:8774/flavors/d68cc5f4-de89-4396-9ca3-001012dbc19a", "rel": "bookmark"}], "ram": 1024, "OS-FLV-DISABLED:disabled": false, "vcpus": 1, "swap": "", "os-flavor-access:is_public": true, "rxtx_factor": 1.0, "OS-FLV-EXT-DATA:ephemeral": 0, "disk": 1, "id": "d68cc5f4-de89-4396-9ca3-001012dbc19a"}]} _http_log_response /usr/lib/python2.7/site-packages/keystoneauth1/session.py:511
2019-12-07 08:56:57.696 662 DEBUG novaclient.v2.client [-] GET call to compute for http://10.167.4.35:8774/v2.1/flavors/detail used request id req-5a7eef53-dd24-491e-adb1-e66cab1065f6 request /usr/lib/python2.7/site-packages/keystoneauth1/session.py:844
2019-12-07 08:56:57.697 662 DEBUG novaclient.v2.client [-] REQ: curl -g -i --cacert "/etc/ssl/certs/mcp_os_cacert" -X GET http://10.167.4.35:8774/v2.1/flavors/detail -H "Accept: application/json" -H "User-Agent: python-novaclient" -H "X-Auth-Token: {SHA1}822fd50916db95ce34298e5da048143b50a76afd" _http_log_request /usr/lib/python2.7/site-packages/keystoneauth1/session.py:448
2019-12-07 08:56:57.698 663 DEBUG novaclient.v2.client [-] RESP: [200] Connection: close Content-Length: 1014 Content-Type: application/json Date: Sat, 07 Dec 2019 08:56:57 GMT Openstack-Api-Version: compute 2.1 Vary: OpenStack-API-Version, X-OpenStack-Nova-API-Version X-Compute-Request-Id: req-efb393a2-e74a-4c33-8f67-f32af09a7bd3 X-Openstack-Nova-Api-Version: 2.1 X-Openstack-Request-Id: req-efb393a2-e74a-4c33-8f67-f32af09a7bd3 _http_log_response /usr/lib/python2.7/site-packages/keystoneauth1/session.py:479
2019-12-07 08:56:57.699 663 DEBUG novaclient.v2.client [-] RESP BODY: {"flavors": [{"name": "rally_full-flavor_a1c1facb-3472-4ab2-919c-23614e353486", "links": [{"href": "http://10.167.4.35:8774/v2.1/flavors/d0521cfc-9460-4735-8a39-f7ffa08089d6", "rel": "self"}, {"href": "http://10.167.4.35:8774/flavors/d0521cfc-9460-4735-8a39-f7ffa08089d6", "rel": "bookmark"}], "ram": 512, "OS-FLV-DISABLED:disabled": false, "vcpus": 1, "swap": "", "os-flavor-access:is_public": true, "rxtx_factor": 1.0, "OS-FLV-EXT-DATA:ephemeral": 0, "disk": 1, "id": "d0521cfc-9460-4735-8a39-f7ffa08089d6"}, {"name": "rally_full-flavor_alt_a1c1facb-3472-4ab2-919c-23614e353486", "links": [{"href": "http://10.167.4.35:8774/v2.1/flavors/d68cc5f4-de89-4396-9ca3-001012dbc19a", "rel": "self"}, {"href": "http://10.167.4.35:8774/flavors/d68cc5f4-de89-4396-9ca3-001012dbc19a", "rel": "bookmark"}], "ram": 1024, "OS-FLV-DISABLED:disabled": false, "vcpus": 1, "swap": "", "os-flavor-access:is_public": true, "rxtx_factor": 1.0, "OS-FLV-EXT-DATA:ephemeral": 0, "disk": 1, "id": "d68cc5f4-de89-4396-9ca3-001012dbc19a"}]} _http_log_response /usr/lib/python2.7/site-packages/keystoneauth1/session.py:511
2019-12-07 08:56:57.700 663 DEBUG novaclient.v2.client [-] GET call to compute for http://10.167.4.35:8774/v2.1/flavors/detail used request id req-efb393a2-e74a-4c33-8f67-f32af09a7bd3 request /usr/lib/python2.7/site-packages/keystoneauth1/session.py:844
2019-12-07 08:56:57.701 663 INFO rally.task.runner [-] Task ca2a9298-1bd3-4293-8bae-9b402503f0bf | ITER: 3 END: OK
2019-12-07 08:56:57.706 663 INFO rally.task.runner [-] Task ca2a9298-1bd3-4293-8bae-9b402503f0bf | ITER: 5 START
2019-12-07 08:56:57.709 661 DEBUG novaclient.v2.client [-] RESP: [200] Connection: close Content-Length: 1014 Content-Type: application/json Date: Sat, 07 Dec 2019 08:56:57 GMT Openstack-Api-Version: compute 2.1 Vary: OpenStack-API-Version, X-OpenStack-Nova-API-Version X-Compute-Request-Id: req-b775dbb4-3128-421a-bfac-78d0bef97a30 X-Openstack-Nova-Api-Version: 2.1 X-Openstack-Request-Id: req-b775dbb4-3128-421a-bfac-78d0bef97a30 _http_log_response /usr/lib/python2.7/site-packages/keystoneauth1/session.py:479
2019-12-07 08:56:57.710 661 DEBUG novaclient.v2.client [-] RESP BODY: {"flavors": [{"name": "rally_full-flavor_a1c1facb-3472-4ab2-919c-23614e353486", "links": [{"href": "http://10.167.4.35:8774/v2.1/flavors/d0521cfc-9460-4735-8a39-f7ffa08089d6", "rel": "self"}, {"href": "http://10.167.4.35:8774/flavors/d0521cfc-9460-4735-8a39-f7ffa08089d6", "rel": "bookmark"}], "ram": 512, "OS-FLV-DISABLED:disabled": false, "vcpus": 1, "swap": "", "os-flavor-access:is_public": true, "rxtx_factor": 1.0, "OS-FLV-EXT-DATA:ephemeral": 0, "disk": 1, "id": "d0521cfc-9460-4735-8a39-f7ffa08089d6"}, {"name": "rally_full-flavor_alt_a1c1facb-3472-4ab2-919c-23614e353486", "links": [{"href": "http://10.167.4.35:8774/v2.1/flavors/d68cc5f4-de89-4396-9ca3-001012dbc19a", "rel": "self"}, {"href": "http://10.167.4.35:8774/flavors/d68cc5f4-de89-4396-9ca3-001012dbc19a", "rel": "bookmark"}], "ram": 1024, "OS-FLV-DISABLED:disabled": false, "vcpus": 1, "swap": "", "os-flavor-access:is_public": true, "rxtx_factor": 1.0, "OS-FLV-EXT-DATA:ephemeral": 0, "disk": 1, "id": "d68cc5f4-de89-4396-9ca3-001012dbc19a"}]} _http_log_response /usr/lib/python2.7/site-packages/keystoneauth1/session.py:511
2019-12-07 08:56:57.710 661 DEBUG novaclient.v2.client [-] GET call to compute for http://10.167.4.35:8774/v2.1/flavors/detail used request id req-b775dbb4-3128-421a-bfac-78d0bef97a30 request /usr/lib/python2.7/site-packages/keystoneauth1/session.py:844
2019-12-07 08:56:57.712 661 DEBUG novaclient.v2.client [-] REQ: curl -g -i --cacert "/etc/ssl/certs/mcp_os_cacert" -X GET http://10.167.4.35:8774/v2.1/flavors/detail -H "Accept: application/json" -H "User-Agent: python-novaclient" -H "X-Auth-Token: {SHA1}5ad60e28a773273350b69fe243d84cb1505138ac" _http_log_request /usr/lib/python2.7/site-packages/keystoneauth1/session.py:448
2019-12-07 08:56:57.721 662 DEBUG novaclient.v2.client [-] RESP: [200] Connection: close Content-Length: 1014 Content-Type: application/json Date: Sat, 07 Dec 2019 08:56:57 GMT Openstack-Api-Version: compute 2.1 Vary: OpenStack-API-Version, X-OpenStack-Nova-API-Version X-Compute-Request-Id: req-c5005204-569b-4a66-ae36-033a687e2321 X-Openstack-Nova-Api-Version: 2.1 X-Openstack-Request-Id: req-c5005204-569b-4a66-ae36-033a687e2321 _http_log_response /usr/lib/python2.7/site-packages/keystoneauth1/session.py:479
2019-12-07 08:56:57.721 662 DEBUG novaclient.v2.client [-] RESP BODY: {"flavors": [{"name": "rally_full-flavor_a1c1facb-3472-4ab2-919c-23614e353486", "links": [{"href": "http://10.167.4.35:8774/v2.1/flavors/d0521cfc-9460-4735-8a39-f7ffa08089d6", "rel": "self"}, {"href": "http://10.167.4.35:8774/flavors/d0521cfc-9460-4735-8a39-f7ffa08089d6", "rel": "bookmark"}], "ram": 512, "OS-FLV-DISABLED:disabled": false, "vcpus": 1, "swap": "", "os-flavor-access:is_public": true, "rxtx_factor": 1.0, "OS-FLV-EXT-DATA:ephemeral": 0, "disk": 1, "id": "d0521cfc-9460-4735-8a39-f7ffa08089d6"}, {"name": "rally_full-flavor_alt_a1c1facb-3472-4ab2-919c-23614e353486", "links": [{"href": "http://10.167.4.35:8774/v2.1/flavors/d68cc5f4-de89-4396-9ca3-001012dbc19a", "rel": "self"}, {"href": "http://10.167.4.35:8774/flavors/d68cc5f4-de89-4396-9ca3-001012dbc19a", "rel": "bookmark"}], "ram": 1024, "OS-FLV-DISABLED:disabled": false, "vcpus": 1, "swap": "", "os-flavor-access:is_public": true, "rxtx_factor": 1.0, "OS-FLV-EXT-DATA:ephemeral": 0, "disk": 1, "id": "d68cc5f4-de89-4396-9ca3-001012dbc19a"}]} _http_log_response /usr/lib/python2.7/site-packages/keystoneauth1/session.py:511
2019-12-07 08:56:57.722 662 DEBUG novaclient.v2.client [-] GET call to compute for http://10.167.4.35:8774/v2.1/flavors/detail used request id req-c5005204-569b-4a66-ae36-033a687e2321 request /usr/lib/python2.7/site-packages/keystoneauth1/session.py:844
2019-12-07 08:56:57.723 662 INFO rally.task.runner [-] Task ca2a9298-1bd3-4293-8bae-9b402503f0bf | ITER: 2 END: OK
2019-12-07 08:56:57.727 662 INFO rally.task.runner [-] Task ca2a9298-1bd3-4293-8bae-9b402503f0bf | ITER: 6 START
2019-12-07 08:56:57.734 661 DEBUG novaclient.v2.client [-] RESP: [200] Connection: close Content-Length: 1014 Content-Type: application/json Date: Sat, 07 Dec 2019 08:56:57 GMT Openstack-Api-Version: compute 2.1 Vary: OpenStack-API-Version, X-OpenStack-Nova-API-Version X-Compute-Request-Id: req-26d2e677-369a-4f3c-a403-ae604c848b4e X-Openstack-Nova-Api-Version: 2.1 X-Openstack-Request-Id: req-26d2e677-369a-4f3c-a403-ae604c848b4e _http_log_response /usr/lib/python2.7/site-packages/keystoneauth1/session.py:479
2019-12-07 08:56:57.735 661 DEBUG novaclient.v2.client [-] RESP BODY: {"flavors": [{"name": "rally_full-flavor_a1c1facb-3472-4ab2-919c-23614e353486", "links": [{"href": "http://10.167.4.35:8774/v2.1/flavors/d0521cfc-9460-4735-8a39-f7ffa08089d6", "rel": "self"}, {"href": "http://10.167.4.35:8774/flavors/d0521cfc-9460-4735-8a39-f7ffa08089d6", "rel": "bookmark"}], "ram": 512, "OS-FLV-DISABLED:disabled": false, "vcpus": 1, "swap": "", "os-flavor-access:is_public": true, "rxtx_factor": 1.0, "OS-FLV-EXT-DATA:ephemeral": 0, "disk": 1, "id": "d0521cfc-9460-4735-8a39-f7ffa08089d6"}, {"name": "rally_full-flavor_alt_a1c1facb-3472-4ab2-919c-23614e353486", "links": [{"href": "http://10.167.4.35:8774/v2.1/flavors/d68cc5f4-de89-4396-9ca3-001012dbc19a", "rel": "self"}, {"href": "http://10.167.4.35:8774/flavors/d68cc5f4-de89-4396-9ca3-001012dbc19a", "rel": "bookmark"}], "ram": 1024, "OS-FLV-DISABLED:disabled": false, "vcpus": 1, "swap": "", "os-flavor-access:is_public": true, "rxtx_factor": 1.0, "OS-FLV-EXT-DATA:ephemeral": 0, "disk": 1, "id": "d68cc5f4-de89-4396-9ca3-001012dbc19a"}]} _http_log_response /usr/lib/python2.7/site-packages/keystoneauth1/session.py:511
2019-12-07 08:56:57.735 661 DEBUG novaclient.v2.client [-] GET call to compute for http://10.167.4.35:8774/v2.1/flavors/detail used request id req-26d2e677-369a-4f3c-a403-ae604c848b4e request /usr/lib/python2.7/site-packages/keystoneauth1/session.py:844
2019-12-07 08:56:57.736 661 INFO rally.task.runner [-] Task ca2a9298-1bd3-4293-8bae-9b402503f0bf | ITER: 1 END: OK
2019-12-07 08:56:57.742 661 INFO rally.task.runner [-] Task ca2a9298-1bd3-4293-8bae-9b402503f0bf | ITER: 7 START
2019-12-07 08:56:57.744 664 DEBUG novaclient.v2.client [-] RESP: [200] Connection: close Content-Length: 1014 Content-Type: application/json Date: Sat, 07 Dec 2019 08:56:57 GMT Openstack-Api-Version: compute 2.1 Vary: OpenStack-API-Version, X-OpenStack-Nova-API-Version X-Compute-Request-Id: req-9384f66a-76cf-417c-9afb-74aa17d726d5 X-Openstack-Nova-Api-Version: 2.1 X-Openstack-Request-Id: req-9384f66a-76cf-417c-9afb-74aa17d726d5 _http_log_response /usr/lib/python2.7/site-packages/keystoneauth1/session.py:479
2019-12-07 08:56:57.744 664 DEBUG novaclient.v2.client [-] RESP BODY: {"flavors": [{"name": "rally_full-flavor_a1c1facb-3472-4ab2-919c-23614e353486", "links": [{"href": "http://10.167.4.35:8774/v2.1/flavors/d0521cfc-9460-4735-8a39-f7ffa08089d6", "rel": "self"}, {"href": "http://10.167.4.35:8774/flavors/d0521cfc-9460-4735-8a39-f7ffa08089d6", "rel": "bookmark"}], "ram": 512, "OS-FLV-DISABLED:disabled": false, "vcpus": 1, "swap": "", "os-flavor-access:is_public": true, "rxtx_factor": 1.0, "OS-FLV-EXT-DATA:ephemeral": 0, "disk": 1, "id": "d0521cfc-9460-4735-8a39-f7ffa08089d6"}, {"name": "rally_full-flavor_alt_a1c1facb-3472-4ab2-919c-23614e353486", "links": [{"href": "http://10.167.4.35:8774/v2.1/flavors/d68cc5f4-de89-4396-9ca3-001012dbc19a", "rel": "self"}, {"href": "http://10.167.4.35:8774/flavors/d68cc5f4-de89-4396-9ca3-001012dbc19a", "rel": "bookmark"}], "ram": 1024, "OS-FLV-DISABLED:disabled": false, "vcpus": 1, "swap": "", "os-flavor-access:is_public": true, "rxtx_factor": 1.0, "OS-FLV-EXT-DATA:ephemeral": 0, "disk": 1, "id": "d68cc5f4-de89-4396-9ca3-001012dbc19a"}]} _http_log_response /usr/lib/python2.7/site-packages/keystoneauth1/session.py:511
2019-12-07 08:56:57.745 664 DEBUG novaclient.v2.client [-] GET call to compute for http://10.167.4.35:8774/v2.1/flavors/detail used request id req-9384f66a-76cf-417c-9afb-74aa17d726d5 request /usr/lib/python2.7/site-packages/keystoneauth1/session.py:844
