2019-12-05 09:22:07.636 22156 RALLYDEBUG rally_openstack.cleanup.manager [-] Deleting neutron.port object s_rally_1223c120_DvZ0nDAN (d65e09f0-6027-4e36-8818-b749ee80faaf)
2019-12-05 09:22:07.647 22156 RALLYDEBUG rally_openstack.cleanup.manager [-] Deleting neutron.port object s_rally_1223c120_0AmSF3cn (d69c94bd-98ec-4f6c-b936-bc04a2737f8b)
2019-12-05 09:22:07.721 22156 RALLYDEBUG rally_openstack.cleanup.manager [-] Deleting neutron.port object s_rally_1223c120_vWXhknKw (d747a372-cf07-4bb2-ab3f-65f39cac82ff)
2019-12-05 09:22:07.923 22156 RALLYDEBUG rally_openstack.cleanup.manager [-] Deleting neutron.port object s_rally_1223c120_iNtjfxXY (d82bc725-2c63-4e01-b698-3ddfde78f175)
2019-12-05 09:22:07.940 22156 RALLYDEBUG rally_openstack.cleanup.manager [-] Deleting neutron.port object s_rally_1223c120_xjkXNEQ6 (d872fa37-ad10-472d-8b4c-a658ac878eed)
2019-12-05 09:22:08.202 22156 RALLYDEBUG rally_openstack.cleanup.manager [-] Deleting neutron.port object s_rally_1223c120_tKmI3NWh (d880557e-4258-4aa0-8b1d-eb79096ae187)
2019-12-05 09:22:08.297 22156 RALLYDEBUG rally_openstack.cleanup.manager [-] Deleting neutron.port object s_rally_1223c120_RH3p39aN (d940f1ca-9266-40c9-9a4f-5c6e82b9dc67)
2019-12-05 09:22:08.566 22156 RALLYDEBUG rally_openstack.cleanup.manager [-] Deleting neutron.port object s_rally_1223c120_0abrShSv (d95398b7-a459-4320-8317-5ab72516ed77)
2019-12-05 09:22:08.585 22156 RALLYDEBUG rally_openstack.cleanup.manager [-] Deleting neutron.port object s_rally_1223c120_edrrwvQe (da52e7ef-f748-41e3-8cb2-ac982ac11b45)
2019-12-05 09:22:08.653 22156 RALLYDEBUG rally_openstack.cleanup.manager [-] Deleting neutron.port object s_rally_1223c120_GB4zeD8N (da548548-1916-475e-a1b6-f8c3383cbc68)
2019-12-05 09:22:08.691 22156 RALLYDEBUG rally_openstack.cleanup.manager [-] Deleting neutron.port object s_rally_1223c120_OGbxT354 (dbaeaab0-de6f-4f27-8117-f6ab029ce106)
2019-12-05 09:22:08.947 22156 RALLYDEBUG rally_openstack.cleanup.manager [-] Deleting neutron.port object s_rally_1223c120_EmV42RjH (dc45d981-7535-4cbb-9cd7-57d8fff6f264)
2019-12-05 09:22:08.961 22156 RALLYDEBUG rally_openstack.cleanup.manager [-] Deleting neutron.port object s_rally_1223c120_WhZbXhqA (dd210259-f52e-49c1-a116-53eeaa4b904f)
2019-12-05 09:22:08.962 22156 RALLYDEBUG rally_openstack.cleanup.manager [-] Deleting neutron.port object s_rally_1223c120_dS0huFOb (df13d057-3952-4797-a5fe-7cb88ca15ec7)
2019-12-05 09:22:09.031 22156 RALLYDEBUG rally_openstack.cleanup.manager [-] Deleting neutron.port object s_rally_1223c120_heV2ulx1 (e03e37f4-3576-4346-afca-1c941979bec9)
2019-12-05 09:22:09.103 22156 RALLYDEBUG rally_openstack.cleanup.manager [-] Deleting neutron.port object s_rally_1223c120_m0C12g4C (e041bac5-2a66-44ae-9f75-704df9884ca4)
2019-12-05 09:22:09.285 22156 RALLYDEBUG rally_openstack.cleanup.manager [-] Deleting neutron.port object s_rally_1223c120_NAJSpBSo (e083fce3-7bd1-4480-8768-c2e688d160af)
2019-12-05 09:22:09.313 22156 RALLYDEBUG rally_openstack.cleanup.manager [-] Deleting neutron.port object s_rally_1223c120_1twu1wQz (e0c310ab-66b6-4df5-acfb-3e4be946f945)
2019-12-05 09:22:09.398 22156 RALLYDEBUG rally_openstack.cleanup.manager [-] Deleting neutron.port object s_rally_1223c120_cw3WbvPs (e103e5d2-cc60-4af6-afe9-4f8c63a6f06b)
2019-12-05 09:22:09.445 22156 RALLYDEBUG rally_openstack.cleanup.manager [-] Deleting neutron.port object s_rally_1223c120_gjDgQlXD (e1899492-eb28-4664-8bd3-6bc92f775d9e)
2019-12-05 09:22:09.528 22156 RALLYDEBUG rally_openstack.cleanup.manager [-] Deleting neutron.port object s_rally_1223c120_J10tekx4 (e1ae0b91-f6ef-40d6-8a1b-6222414e25fc)
2019-12-05 09:22:09.647 22156 RALLYDEBUG rally_openstack.cleanup.manager [-] Deleting neutron.port object s_rally_1223c120_qkkRmMq5 (e1bc6eb8-446a-4dc5-8d72-2de9dd91c217)
2019-12-05 09:22:09.777 22156 RALLYDEBUG rally_openstack.cleanup.manager [-] Deleting neutron.port object s_rally_1223c120_4cTMVg45 (e251b1b1-ed2a-479c-8a30-d2b0c3be7cde)
2019-12-05 09:22:09.922 22156 RALLYDEBUG rally_openstack.cleanup.manager [-] Deleting neutron.port object s_rally_1223c120_zLkZ6gto (e2892550-3468-490a-b477-63cba70bef8b)
2019-12-05 09:22:10.037 22156 RALLYDEBUG rally_openstack.cleanup.manager [-] Deleting neutron.port object s_rally_1223c120_nJ8OHXR3 (e3209168-02e7-4e60-8d2c-ea76a61e8218)
2019-12-05 09:22:10.082 22156 RALLYDEBUG rally_openstack.cleanup.manager [-] Deleting neutron.port object s_rally_1223c120_kjQWwboS (e34f7c4d-a1c0-41b3-9c1f-f366aa5ef65d)
2019-12-05 09:22:10.136 22156 RALLYDEBUG rally_openstack.cleanup.manager [-] Deleting neutron.port object s_rally_1223c120_dB0aGTX1 (e3e72761-348c-4a59-9fe7-a830aa75330b)
2019-12-05 09:22:10.443 22156 RALLYDEBUG rally_openstack.cleanup.manager [-] Deleting neutron.port object s_rally_1223c120_YYJxTC6R (e4afe73d-833c-48c2-943c-076b9a1d7da3)
2019-12-05 09:22:10.455 22156 RALLYDEBUG rally_openstack.cleanup.manager [-] Deleting neutron.port object s_rally_1223c120_krbmEAA1 (e62b5e84-48e9-4866-b043-188603c5ee0e)
2019-12-05 09:22:10.514 22156 RALLYDEBUG rally_openstack.cleanup.manager [-] Deleting neutron.port object s_rally_1223c120_fDXBFdHe (e63feec2-2815-4deb-b585-6b65bf1bf968)
2019-12-05 09:22:10.864 22156 RALLYDEBUG rally_openstack.cleanup.manager [-] Deleting neutron.port object s_rally_1223c120_CeGglW0l (e67c6496-b517-42b7-b8d2-7d0141f1161b)
2019-12-05 09:22:10.888 22156 RALLYDEBUG rally_openstack.cleanup.manager [-] Deleting neutron.port object s_rally_1223c120_jIplHhjM (e6b4f895-fedf-4dac-9d36-54b88ed9fddc)
2019-12-05 09:22:10.921 22156 RALLYDEBUG rally_openstack.cleanup.manager [-] Deleting neutron.port object s_rally_1223c120_kAfGqqOl (e81a526a-969f-47fc-9421-53470b782fd3)
2019-12-05 09:22:10.980 22156 RALLYDEBUG rally_openstack.cleanup.manager [-] Deleting neutron.port object s_rally_1223c120_4c9UNACo (e86f75fe-1d8e-4042-a1a9-bf5d4374ac75)
2019-12-05 09:22:11.156 22156 RALLYDEBUG rally_openstack.cleanup.manager [-] Deleting neutron.port object s_rally_1223c120_LABQxOQK (e904a842-e903-43c7-ab5e-557fb8577318)
2019-12-05 09:22:11.228 22156 RALLYDEBUG rally_openstack.cleanup.manager [-] Deleting neutron.port object s_rally_1223c120_0aoMIwBY (e952bd8e-b35f-4d40-ac43-3c7f724927da)
2019-12-05 09:22:11.335 22156 RALLYDEBUG rally_openstack.cleanup.manager [-] Deleting neutron.port object s_rally_1223c120_P2mpLHOP (e99b4cfa-ffb6-48aa-92ac-fcd59d9e1ff2)
2019-12-05 09:22:11.349 22156 RALLYDEBUG rally_openstack.cleanup.manager [-] Deleting neutron.port object s_rally_1223c120_TBqGWXQ5 (ea0fb816-d7f3-4349-a4c6-b9dfc8b97fe0)
2019-12-05 09:22:11.478 22156 RALLYDEBUG rally_openstack.cleanup.manager [-] Deleting neutron.port object s_rally_1223c120_3VM0Kf6C (eaf88501-bab2-4ad5-ad38-f7eca9d445b1)
2019-12-05 09:22:11.491 22156 RALLYDEBUG rally_openstack.cleanup.manager [-] Deleting neutron.port object s_rally_1223c120_IbDLOOA2 (ebbe352b-1d45-48e6-b6a7-62747d3cb670)
2019-12-05 09:22:11.505 22156 RALLYDEBUG rally_openstack.cleanup.manager [-] Deleting neutron.port object s_rally_1223c120_Ca1G7fUe (ebea3653-d66c-4d31-acf7-77ffa9af9e39)
2019-12-05 09:22:11.564 22156 RALLYDEBUG rally_openstack.cleanup.manager [-] Deleting neutron.port object s_rally_1223c120_0sw6WkkR (ecd62ae2-a47b-4b81-83b8-004930fb04d5)
2019-12-05 09:22:11.661 22156 RALLYDEBUG rally_openstack.cleanup.manager [-] Deleting neutron.port object s_rally_1223c120_LPhcIk5L (ee256a56-3b0d-4a5a-81dc-28ea83969681)
2019-12-05 09:22:11.853 22156 RALLYDEBUG rally_openstack.cleanup.manager [-] Deleting neutron.port object s_rally_1223c120_cHNIIibP (eec66e38-cf35-4897-a89e-791ef99499fd)
2019-12-05 09:22:11.990 22156 RALLYDEBUG rally_openstack.cleanup.manager [-] Deleting neutron.port object s_rally_1223c120_7UIOEMLX (ef41f67d-4b23-4e53-b0ed-bf4c6d333310)
2019-12-05 09:22:12.091 22156 RALLYDEBUG rally_openstack.cleanup.manager [-] Deleting neutron.port object s_rally_1223c120_iNXdX2yS (ef914414-4a5c-458e-bf34-ab7efa974720)
2019-12-05 09:22:12.260 22156 RALLYDEBUG rally_openstack.cleanup.manager [-] Deleting neutron.port object s_rally_1223c120_wUdWMjYF (efb6f87e-51ad-4fda-91cb-ba1eb360415e)
2019-12-05 09:22:12.277 22156 RALLYDEBUG rally_openstack.cleanup.manager [-] Deleting neutron.port object s_rally_1223c120_iro4L2rh (f002fb3f-6532-4d75-a1eb-ea8634efba9f)
2019-12-05 09:22:12.319 22156 RALLYDEBUG rally_openstack.cleanup.manager [-] Deleting neutron.port object s_rally_1223c120_M8LdIByR (f09dcd07-732a-467c-a181-686afe8fd965)
2019-12-05 09:22:12.398 22156 RALLYDEBUG rally_openstack.cleanup.manager [-] Deleting neutron.port object s_rally_1223c120_YBt2cdCP (f3d1a8da-a362-41e5-908f-66f1984e7d7f)
2019-12-05 09:22:12.680 22156 RALLYDEBUG rally_openstack.cleanup.manager [-] Deleting neutron.port object s_rally_1223c120_Tr4qpxJN (f51454a8-68e2-4e83-baf8-3ed2d825b676)
2019-12-05 09:22:12.773 22156 RALLYDEBUG rally_openstack.cleanup.manager [-] Deleting neutron.port object s_rally_1223c120_NdCXsLro (f5b718c0-7823-42f9-9e6f-24a6961551c8)
2019-12-05 09:22:12.813 22156 RALLYDEBUG rally_openstack.cleanup.manager [-] Deleting neutron.port object s_rally_1223c120_c5rQcWko (f7423b0f-8040-46c5-a5fa-b887e63f30cf)
2019-12-05 09:22:13.072 22156 RALLYDEBUG rally_openstack.cleanup.manager [-] Deleting neutron.port object s_rally_1223c120_w6gxADMn (f85a2e83-66b7-47e1-918c-99b26be58de1)
2019-12-05 09:22:13.176 22156 RALLYDEBUG rally_openstack.cleanup.manager [-] Deleting neutron.port object s_rally_1223c120_MiTgXdce (f8eed3ea-1357-4a37-b466-3489daafd80e)
2019-12-05 09:22:13.195 22156 RALLYDEBUG rally_openstack.cleanup.manager [-] Deleting neutron.port object s_rally_1223c120_9CKDnM8w (f8eed6b8-b591-4b66-996e-9cb485990827)
2019-12-05 09:22:13.349 22156 RALLYDEBUG rally_openstack.cleanup.manager [-] Deleting neutron.port object s_rally_1223c120_c48OJjDF (fb3e94c4-8b95-4fdb-bf04-63ca16fd4912)
2019-12-05 09:22:13.373 22156 RALLYDEBUG rally_openstack.cleanup.manager [-] Deleting neutron.port object s_rally_1223c120_Oa78uNsE (fb7e4113-8db5-4347-90a8-08977961caa4)
2019-12-05 09:22:13.419 22156 RALLYDEBUG rally_openstack.cleanup.manager [-] Deleting neutron.port object s_rally_1223c120_xIPQ9QBT (fbf538a5-81c2-41e5-af0c-a5087e12ab73)
2019-12-05 09:22:13.487 22156 RALLYDEBUG rally_openstack.cleanup.manager [-] Deleting neutron.port object s_rally_1223c120_4Z8HFvlp (fbf620aa-3a4c-46d5-a910-9751197eed64)
2019-12-05 09:22:13.560 22156 RALLYDEBUG rally_openstack.cleanup.manager [-] Deleting neutron.port object s_rally_1223c120_HZRWgiOO (fcae6591-2b77-4122-ab8d-0ba0598f2865)
2019-12-05 09:22:13.563 22156 RALLYDEBUG rally_openstack.cleanup.manager [-] Deleting neutron.port object s_rally_1223c120_BrPhh9Bo (fc41e113-ffd6-4d29-8adf-1dad1680b5e2)
2019-12-05 09:22:13.803 22156 RALLYDEBUG rally_openstack.cleanup.manager [-] Deleting neutron.port object s_rally_1223c120_XwmrnZY2 (fcb7a87b-1189-4cbc-bab9-1564b8fa1aa8)
2019-12-05 09:22:13.876 22156 RALLYDEBUG rally_openstack.cleanup.manager [-] Deleting neutron.port object s_rally_1223c120_wK0363qj (fd099a2b-8a5c-432c-85ae-3b8f3c740902)
2019-12-05 09:22:14.032 22156 RALLYDEBUG rally_openstack.cleanup.manager [-] Deleting neutron.port object s_rally_1223c120_2rOwj1Oq (fdc8b0e2-6d4b-4195-bd8a-74168a9e5a44)
2019-12-05 09:22:14.094 22156 RALLYDEBUG rally_openstack.cleanup.manager [-] Deleting neutron.port object s_rally_1223c120_unAf4HSC (fe190f58-1725-48cc-ad5e-d573933357eb)
2019-12-05 09:22:14.258 22156 RALLYDEBUG rally_openstack.cleanup.manager [-] Deleting neutron.port object s_rally_1223c120_w5vO6T8l (ff4a87a3-bdc0-43e4-83f0-daf70f076b45)
2019-12-05 09:22:14.418 22156 RALLYDEBUG rally_openstack.cleanup.manager [-] Deleting neutron.port object s_rally_1223c120_UcfQE1yT (ffc8dc14-28b6-46f4-adcd-3b41bffc4e4c)
2019-12-05 09:22:16.361 22156 RALLYDEBUG rally_openstack.cleanup.manager [-] Cleaning up neutron subnet objects
2019-12-05 09:22:16.808 22156 RALLYDEBUG rally_openstack.cleanup.manager [-] Cleaning up neutron network objects
2019-12-05 09:22:17.317 22156 RALLYDEBUG rally_openstack.cleanup.manager [-] Deleting neutron.network object s_rally_1223c120_M0KDOPxc (0e7df326-03be-4672-8914-8a1a73da27a3)
2019-12-05 09:22:17.324 22156 RALLYDEBUG rally_openstack.cleanup.manager [-] Deleting neutron.network object s_rally_1223c120_cagXC1f4 (1292fba7-c013-4641-85da-ddb9ee766f10)
2019-12-05 09:22:17.339 22156 RALLYDEBUG rally_openstack.cleanup.manager [-] Deleting neutron.network object s_rally_1223c120_4JuFfR3G (15c8b6f4-cd7a-4695-82d6-6a1432dfdd64)
2019-12-05 09:22:17.340 22156 RALLYDEBUG rally_openstack.cleanup.manager [-] Deleting neutron.network object s_rally_1223c120_mAy5L5t4 (544eba29-1681-49a6-a500-2fdf06136250)
2019-12-05 09:22:17.354 22156 RALLYDEBUG rally_openstack.cleanup.manager [-] Deleting neutron.network object s_rally_1223c120_p272okRl (834896b7-5751-43a7-859d-d52f8dbeb1b5)
2019-12-05 09:22:17.356 22156 RALLYDEBUG rally_openstack.cleanup.manager [-] Deleting neutron.network object s_rally_1223c120_RSHLRQ9X (571c9cfa-d80b-4a1b-b2b2-ced65c0f87df)
2019-12-05 09:22:17.372 22156 RALLYDEBUG rally_openstack.cleanup.manager [-] Deleting neutron.network object s_rally_1223c120_o6GoC7ue (b033e66e-8f01-4601-833f-f0e199016614)
2019-12-05 09:22:17.437 22156 RALLYDEBUG rally_openstack.cleanup.manager [-] Deleting neutron.network object s_rally_1223c120_d62C4LXI (e0f94f80-13eb-4947-9dc7-46116132ba19)
2019-12-05 09:22:20.601 22156 RALLYDEBUG rally_openstack.cleanup.manager [-] Cleaning up neutron router objects
2019-12-05 09:22:21.042 22156 RALLYDEBUG rally_openstack.cleanup.manager [-] Cleaning up neutron security_group objects
2019-12-05 09:22:21.474 22156 INFO rally.task.context [-] Task 27c53ca9-67db-450c-a548-63f6a78734ed | Context cleanup@openstack cleanup() finished in 51.57 sec
2019-12-05 09:22:21.474 22156 INFO rally.task.context [-] Task 27c53ca9-67db-450c-a548-63f6a78734ed | Context quotas@openstack cleanup() started
2019-12-05 09:22:21.566 22156 INFO rally.task.context [-] Task 27c53ca9-67db-450c-a548-63f6a78734ed | Context quotas@openstack cleanup() finished in 91.65 msec
2019-12-05 09:22:21.566 22156 INFO rally.task.context [-] Task 27c53ca9-67db-450c-a548-63f6a78734ed | Context users@openstack cleanup() started
2019-12-05 09:22:24.378 22156 INFO rally.task.context [-] Task 27c53ca9-67db-450c-a548-63f6a78734ed | Context users@openstack cleanup() finished in 2.81 sec
2019-12-05 09:22:25.478 22156 INFO rally.task.engine [-] Load duration is: 58.11368
2019-12-05 09:22:25.478 22156 INFO rally.task.engine [-] Full runner duration is: 58.165809
2019-12-05 09:22:25.479 22156 INFO rally.task.engine [-] Full duration is: 115.49851
2019-12-05 09:22:25.753 22156 INFO rally.task.engine [-] Running workload: position = 1 config = { "version": 2, "title": "A cropped version of a bigger task.", "description": "Auto-generated task from a single workload (uuid=251b1213-5edd-4288-815b-35c9fd56a887)", "subtasks": [ { "title": "NeutronNetworks.create_and_update_ports", "description": "Create and update a given number of ports.", "scenario": { "NeutronNetworks.create_and_update_ports": { "network_create_args": {}, "port_create_args": {}, "ports_per_network": 5, "port_update_args": { "admin_state_up": false, "device_id": "dummy_id", "device_owner": "dummy_owner", "name": "_port_updated" } } }, "contexts": { "users": { "tenants": 1, "users_per_tenant": 1 }, "quotas": { "neutron": { "network": -1, "port": -1 } } }, "runner": { "constant": { "times": 40, "concurrency": 20 } }, "hooks": [], "sla": { "failure_rate": { "max": 0 } } } ] }
2019-12-05 09:22:25.781 22156 RALLYDEBUG rally_openstack.contexts.keystone.users [-] Creating 1 tenants using 20 threads
2019-12-05 09:22:26.731 22156 RALLYDEBUG rally_openstack.contexts.keystone.users [-] Creating 1 users using 20 threads
2019-12-05 09:22:28.181 22156 INFO rally.task.context [-] Task 27c53ca9-67db-450c-a548-63f6a78734ed | Context users@openstack setup() finished in 2.40 sec
2019-12-05 09:22:28.856 22156 INFO rally.task.context [-] Task 27c53ca9-67db-450c-a548-63f6a78734ed | Context quotas@openstack setup() finished in 0.67 sec
2019-12-05 09:22:28.857 22156 INFO rally.task.context [-] Task 27c53ca9-67db-450c-a548-63f6a78734ed | Context cleanup@openstack setup() finished in 0.00 msec
2019-12-05 09:22:28.867 22156 RALLYDEBUG rally.task.runner [-] Starting the constant runner (task UUID: 27c53ca9-67db-450c-a548-63f6a78734ed). timeout: 0 concurrency: 20 concurrency_per_worker: 1 times: 40 concurrency_overhead: 4 processes_to_start: 16 max_cpu_used: 16
2019-12-05 09:22:28.882 26232 RALLYDEBUG rally.task.runner [-] Starting a worker. concurrency: 2 args: {"network_create_args": {}, "port_create_args": {}, "ports_per_network": 5, "port_update_args": {"admin_state_up": false, "device_id": "dummy_id", "device_owner": "dummy_owner", "name": "_port_updated"}} times: 40 method_name: run timeout: 0 duration: None cls:
2019-12-05 09:22:28.885 26233 RALLYDEBUG rally.task.runner [-] Starting a worker. concurrency: 2 args: {"network_create_args": {}, "port_create_args": {}, "ports_per_network": 5, "port_update_args": {"admin_state_up": false, "device_id": "dummy_id", "device_owner": "dummy_owner", "name": "_port_updated"}} times: 40 method_name: run timeout: 0 duration: None cls:
2019-12-05 09:22:28.888 26234 RALLYDEBUG rally.task.runner [-] Starting a worker. concurrency: 2 args: {"network_create_args": {}, "port_create_args": {}, "ports_per_network": 5, "port_update_args": {"admin_state_up": false, "device_id": "dummy_id", "device_owner": "dummy_owner", "name": "_port_updated"}} times: 40 method_name: run timeout: 0 duration: None cls:
2019-12-05 09:22:28.891 26235 RALLYDEBUG rally.task.runner [-] Starting a worker. concurrency: 2 args: {"network_create_args": {}, "port_create_args": {}, "ports_per_network": 5, "port_update_args": {"admin_state_up": false, "device_id": "dummy_id", "device_owner": "dummy_owner", "name": "_port_updated"}} times: 40 method_name: run timeout: 0 duration: None cls:
2019-12-05 09:22:28.893 26232 INFO rally.task.runner [-] Task 27c53ca9-67db-450c-a548-63f6a78734ed | ITER: 1 START
2019-12-05 09:22:28.895 26232 WARNING rally_openstack.scenarios.neutron.utils [-] Running this scenario without either the 'network' or 'existing_network' context is deprecated
2019-12-05 09:22:28.895 26236 RALLYDEBUG rally.task.runner [-] Starting a worker. concurrency: 1 args: {"network_create_args": {}, "port_create_args": {}, "ports_per_network": 5, "port_update_args": {"admin_state_up": false, "device_id": "dummy_id", "device_owner": "dummy_owner", "name": "_port_updated"}} times: 40 method_name: run timeout: 0 duration: None cls:
2019-12-05 09:22:28.897 26233 INFO rally.task.runner [-] Task 27c53ca9-67db-450c-a548-63f6a78734ed | ITER: 2 START
2019-12-05 09:22:28.898 26233 WARNING rally_openstack.scenarios.neutron.utils [-] Running this scenario without either the 'network' or 'existing_network' context is deprecated
2019-12-05 09:22:28.899 26239 RALLYDEBUG rally.task.runner [-] Starting a worker. concurrency: 1 args: {"network_create_args": {}, "port_create_args": {}, "ports_per_network": 5, "port_update_args": {"admin_state_up": false, "device_id": "dummy_id", "device_owner": "dummy_owner", "name": "_port_updated"}} times: 40 method_name: run timeout: 0 duration: None cls:
2019-12-05 09:22:28.899 26234 INFO rally.task.runner [-] Task 27c53ca9-67db-450c-a548-63f6a78734ed | ITER: 4 START
2019-12-05 09:22:28.901 26235 INFO rally.task.runner [-] Task 27c53ca9-67db-450c-a548-63f6a78734ed | ITER: 6 START
2019-12-05 09:22:28.901 26234 INFO rally.task.runner [-] Task 27c53ca9-67db-450c-a548-63f6a78734ed | ITER: 7 START
2019-12-05 09:22:28.902 26236 INFO rally.task.runner [-] Task 27c53ca9-67db-450c-a548-63f6a78734ed | ITER: 8 START
2019-12-05 09:22:28.902 26235 WARNING rally_openstack.scenarios.neutron.utils [-] Running this scenario without either the 'network' or 'existing_network' context is deprecated
2019-12-05 09:22:28.902 26234 WARNING rally_openstack.scenarios.neutron.utils [-] Running this scenario without either the 'network' or 'existing_network' context is deprecated
2019-12-05 09:22:28.904 26236 WARNING rally_openstack.scenarios.neutron.utils [-] Running this scenario without either the 'network' or 'existing_network' context is deprecated
2019-12-05 09:22:28.903 26234 WARNING rally_openstack.scenarios.neutron.utils [-] Running this scenario without either the 'network' or 'existing_network' context is deprecated
2019-12-05 09:22:28.906 26239 INFO rally.task.runner [-] Task 27c53ca9-67db-450c-a548-63f6a78734ed | ITER: 10 START
2019-12-05 09:22:28.906 26245 RALLYDEBUG rally.task.runner [-] Starting a worker. concurrency: 1 args: {"network_create_args": {}, "port_create_args": {}, "ports_per_network": 5, "port_update_args": {"admin_state_up": false, "device_id": "dummy_id", "device_owner": "dummy_owner", "name": "_port_updated"}} times: 40 method_name: run timeout: 0 duration: None cls:
2019-12-05 09:22:28.907 26239 WARNING rally_openstack.scenarios.neutron.utils [-] Running this scenario without either the 'network' or 'existing_network' context is deprecated
2019-12-05 09:22:28.908 26251 RALLYDEBUG rally.task.runner [-] Starting a worker. concurrency: 1 args: {"network_create_args": {}, "port_create_args": {}, "ports_per_network": 5, "port_update_args": {"admin_state_up": false, "device_id": "dummy_id", "device_owner": "dummy_owner", "name": "_port_updated"}} times: 40 method_name: run timeout: 0 duration: None cls:
2019-12-05 09:22:28.915 26245 INFO rally.task.runner [-] Task 27c53ca9-67db-450c-a548-63f6a78734ed | ITER: 11 START
2019-12-05 09:22:28.915 26251 INFO rally.task.runner [-] Task 27c53ca9-67db-450c-a548-63f6a78734ed | ITER: 12 START
2019-12-05 09:22:28.916 26245 WARNING rally_openstack.scenarios.neutron.utils [-] Running this scenario without either the 'network' or 'existing_network' context is deprecated
2019-12-05 09:22:28.916 26256 RALLYDEBUG rally.task.runner [-] Starting a worker. concurrency: 1 args: {"network_create_args": {}, "port_create_args": {}, "ports_per_network": 5, "port_update_args": {"admin_state_up": false, "device_id": "dummy_id", "device_owner": "dummy_owner", "name": "_port_updated"}} times: 40 method_name: run timeout: 0 duration: None cls:
2019-12-05 09:22:28.917 26251 WARNING rally_openstack.scenarios.neutron.utils [-] Running this scenario without either the 'network' or 'existing_network' context is deprecated
2019-12-05 09:22:28.917 26233 INFO rally.task.runner [-] Task 27c53ca9-67db-450c-a548-63f6a78734ed | ITER: 5 START
2019-12-05 09:22:28.918 26233 WARNING rally_openstack.scenarios.neutron.utils [-] Running this scenario without either the 'network' or 'existing_network' context is deprecated
2019-12-05 09:22:28.919 26232 INFO rally.task.runner [-] Task 27c53ca9-67db-450c-a548-63f6a78734ed | ITER: 3 START
2019-12-05 09:22:28.920 26232 WARNING rally_openstack.scenarios.neutron.utils [-] Running this scenario without either the 'network' or 'existing_network' context is deprecated
2019-12-05 09:22:28.922 26235 INFO rally.task.runner [-] Task 27c53ca9-67db-450c-a548-63f6a78734ed | ITER: 9 START
2019-12-05 09:22:28.923 26256 INFO rally.task.runner [-] Task 27c53ca9-67db-450c-a548-63f6a78734ed | ITER: 13 START
2019-12-05 09:22:28.924 26256 WARNING rally_openstack.scenarios.neutron.utils [-] Running this scenario without either the 'network' or 'existing_network' context is deprecated
2019-12-05 09:22:28.923 26235 WARNING rally_openstack.scenarios.neutron.utils [-] Running this scenario without either the 'network' or 'existing_network' context is deprecated
2019-12-05 09:22:28.927 26261 RALLYDEBUG rally.task.runner [-] Starting a worker. concurrency: 1 args: {"network_create_args": {}, "port_create_args": {}, "ports_per_network": 5, "port_update_args": {"admin_state_up": false, "device_id": "dummy_id", "device_owner": "dummy_owner", "name": "_port_updated"}} times: 40 method_name: run timeout: 0 duration: None cls:
2019-12-05 09:22:28.933 26264 RALLYDEBUG rally.task.runner [-] Starting a worker. concurrency: 1 args: {"network_create_args": {}, "port_create_args": {}, "ports_per_network": 5, "port_update_args": {"admin_state_up": false, "device_id": "dummy_id", "device_owner": "dummy_owner", "name": "_port_updated"}} times: 40 method_name: run timeout: 0 duration: None cls:
2019-12-05 09:22:28.936 26261 INFO rally.task.runner [-] Task 27c53ca9-67db-450c-a548-63f6a78734ed | ITER: 14 START
2019-12-05 09:22:28.938 26261 WARNING rally_openstack.scenarios.neutron.utils [-] Running this scenario without either the 'network' or 'existing_network' context is deprecated
2019-12-05 09:22:28.938 26265 RALLYDEBUG rally.task.runner [-] Starting a worker. concurrency: 1 args: {"network_create_args": {}, "port_create_args": {}, "ports_per_network": 5, "port_update_args": {"admin_state_up": false, "device_id": "dummy_id", "device_owner": "dummy_owner", "name": "_port_updated"}} times: 40 method_name: run timeout: 0 duration: None cls:
2019-12-05 09:22:28.943 26264 INFO rally.task.runner [-] Task 27c53ca9-67db-450c-a548-63f6a78734ed | ITER: 15 START
2019-12-05 09:22:28.944 26264 WARNING rally_openstack.scenarios.neutron.utils [-] Running this scenario without either the 'network' or 'existing_network' context is deprecated
2019-12-05 09:22:28.947 26265 INFO rally.task.runner [-] Task 27c53ca9-67db-450c-a548-63f6a78734ed | ITER: 16 START
2019-12-05 09:22:28.948 26265 WARNING rally_openstack.scenarios.neutron.utils [-] Running this scenario without either the 'network' or 'existing_network' context is deprecated
2019-12-05 09:22:28.950 26270 RALLYDEBUG rally.task.runner [-] Starting a worker. concurrency: 1 args: {"network_create_args": {}, "port_create_args": {}, "ports_per_network": 5, "port_update_args": {"admin_state_up": false, "device_id": "dummy_id", "device_owner": "dummy_owner", "name": "_port_updated"}} times: 40 method_name: run timeout: 0 duration: None cls:
2019-12-05 09:22:28.956 26270 INFO rally.task.runner [-] Task 27c53ca9-67db-450c-a548-63f6a78734ed | ITER: 17 START
2019-12-05 09:22:28.956 26273 RALLYDEBUG rally.task.runner [-] Starting a worker. concurrency: 1 args: {"network_create_args": {}, "port_create_args": {}, "ports_per_network": 5, "port_update_args": {"admin_state_up": false, "device_id": "dummy_id", "device_owner": "dummy_owner", "name": "_port_updated"}} times: 40 method_name: run timeout: 0 duration: None cls:
2019-12-05 09:22:28.957 26270 WARNING rally_openstack.scenarios.neutron.utils [-] Running this scenario without either the 'network' or 'existing_network' context is deprecated
2019-12-05 09:22:28.960 26274 RALLYDEBUG rally.task.runner [-] Starting a worker. concurrency: 1 args: {"network_create_args": {}, "port_create_args": {}, "ports_per_network": 5, "port_update_args": {"admin_state_up": false, "device_id": "dummy_id", "device_owner": "dummy_owner", "name": "_port_updated"}} times: 40 method_name: run timeout: 0 duration: None cls:
2019-12-05 09:22:28.962 26273 INFO rally.task.runner [-] Task 27c53ca9-67db-450c-a548-63f6a78734ed | ITER: 18 START
2019-12-05 09:22:28.963 26273 WARNING rally_openstack.scenarios.neutron.utils [-] Running this scenario without either the 'network' or 'existing_network' context is deprecated
2019-12-05 09:22:28.964 26277 RALLYDEBUG rally.task.runner [-] Starting a worker. concurrency: 1 args: {"network_create_args": {}, "port_create_args": {}, "ports_per_network": 5, "port_update_args": {"admin_state_up": false, "device_id": "dummy_id", "device_owner": "dummy_owner", "name": "_port_updated"}} times: 40 method_name: run timeout: 0 duration: None cls:
2019-12-05 09:22:28.965 26274 INFO rally.task.runner [-] Task 27c53ca9-67db-450c-a548-63f6a78734ed | ITER: 19 START
2019-12-05 09:22:28.966 26274 WARNING rally_openstack.scenarios.neutron.utils [-] Running this scenario without either the 'network' or 'existing_network' context is deprecated
2019-12-05 09:22:28.969 26277 INFO rally.task.runner [-] Task 27c53ca9-67db-450c-a548-63f6a78734ed | ITER: 20 START
2019-12-05 09:22:28.970 26277 WARNING rally_openstack.scenarios.neutron.utils [-] Running this scenario without either the 'network' or 'existing_network' context is deprecated
2019-12-05 09:22:38.710 26261 INFO rally.task.runner [-] Task 27c53ca9-67db-450c-a548-63f6a78734ed | ITER: 14 END: OK
2019-12-05 09:22:38.716 26261 INFO rally.task.runner [-] Task 27c53ca9-67db-450c-a548-63f6a78734ed | ITER: 21 START
2019-12-05 09:22:38.717 26261 WARNING rally_openstack.scenarios.neutron.utils [-] Running this scenario without either the 'network' or 'existing_network' context is deprecated
2019-12-05 09:22:39.071 26235 INFO rally.task.runner [-] Task 27c53ca9-67db-450c-a548-63f6a78734ed | ITER: 9 END: OK
2019-12-05 09:22:39.076 26235 INFO rally.task.runner [-] Task 27c53ca9-67db-450c-a548-63f6a78734ed | ITER: 22 START
2019-12-05 09:22:39.077 26235 WARNING rally_openstack.scenarios.neutron.utils [-] Running this scenario without either the 'network' or 'existing_network' context is deprecated
2019-12-05 09:22:39.294 26264 INFO rally.task.runner [-] Task 27c53ca9-67db-450c-a548-63f6a78734ed | ITER: 15 END: OK
2019-12-05 09:22:39.299 26264 INFO rally.task.runner [-] Task 27c53ca9-67db-450c-a548-63f6a78734ed | ITER: 23 START
2019-12-05 09:22:39.300 26264 WARNING rally_openstack.scenarios.neutron.utils [-] Running this scenario without either the 'network' or 'existing_network' context is deprecated
2019-12-05 09:22:39.319 26273 INFO rally.task.runner [-] Task 27c53ca9-67db-450c-a548-63f6a78734ed | ITER: 18 END: OK
2019-12-05 09:22:39.324 26273 INFO rally.task.runner [-] Task 27c53ca9-67db-450c-a548-63f6a78734ed | ITER: 24 START
2019-12-05 09:22:39.324 26273 WARNING rally_openstack.scenarios.neutron.utils [-] Running this scenario without either the 'network' or 'existing_network' context is deprecated
2019-12-05 09:22:39.483 26232 INFO rally.task.runner [-] Task 27c53ca9-67db-450c-a548-63f6a78734ed | ITER: 3 END: OK
2019-12-05 09:22:39.488 26232 INFO rally.task.runner [-] Task 27c53ca9-67db-450c-a548-63f6a78734ed | ITER: 25 START
2019-12-05 09:22:39.488 26232 WARNING rally_openstack.scenarios.neutron.utils [-] Running this scenario without either the 'network' or 'existing_network' context is deprecated
2019-12-05 09:22:39.578 26277 INFO rally.task.runner [-] Task 27c53ca9-67db-450c-a548-63f6a78734ed | ITER: 20 END: OK
2019-12-05 09:22:39.584 26277 INFO rally.task.runner [-] Task 27c53ca9-67db-450c-a548-63f6a78734ed | ITER: 26 START
2019-12-05 09:22:39.585 26277 WARNING rally_openstack.scenarios.neutron.utils [-] Running this scenario without either the 'network' or 'existing_network' context is deprecated
2019-12-05 09:22:40.224 26236 INFO rally.task.runner [-] Task 27c53ca9-67db-450c-a548-63f6a78734ed | ITER: 8 END: OK
2019-12-05 09:22:40.230 26236 INFO rally.task.runner [-] Task 27c53ca9-67db-450c-a548-63f6a78734ed | ITER: 27 START
2019-12-05 09:22:40.230 26236 WARNING rally_openstack.scenarios.neutron.utils [-] Running this scenario without either the 'network' or 'existing_network' context is deprecated
2019-12-05 09:22:40.303 26234 INFO rally.task.runner [-] Task 27c53ca9-67db-450c-a548-63f6a78734ed | ITER: 4 END: OK
2019-12-05 09:22:40.308 26234 INFO rally.task.runner [-] Task 27c53ca9-67db-450c-a548-63f6a78734ed | ITER: 28 START
2019-12-05 09:22:40.309 26232 INFO rally.task.runner [-] Task 27c53ca9-67db-450c-a548-63f6a78734ed | ITER: 1 END: OK
2019-12-05 09:22:40.309 26234 WARNING rally_openstack.scenarios.neutron.utils [-] Running this scenario without either the 'network' or 'existing_network' context is deprecated
2019-12-05 09:22:40.313 26232 INFO rally.task.runner [-] Task 27c53ca9-67db-450c-a548-63f6a78734ed | ITER: 29 START
2019-12-05 09:22:40.314 26232 WARNING rally_openstack.scenarios.neutron.utils [-] Running this scenario without either the 'network' or 'existing_network' context is deprecated
2019-12-05 09:22:40.631 26235 INFO rally.task.runner [-] Task 27c53ca9-67db-450c-a548-63f6a78734ed | ITER: 6 END: OK
2019-12-05 09:22:40.635 26235 INFO rally.task.runner [-] Task 27c53ca9-67db-450c-a548-63f6a78734ed | ITER: 30 START
2019-12-05 09:22:40.636 26235 WARNING rally_openstack.scenarios.neutron.utils [-] Running this scenario without either the 'network' or 'existing_network' context is deprecated
2019-12-05 09:22:40.744 26239 INFO rally.task.runner [-] Task 27c53ca9-67db-450c-a548-63f6a78734ed | ITER: 10 END: OK
2019-12-05 09:22:40.748 26239 INFO rally.task.runner [-] Task 27c53ca9-67db-450c-a548-63f6a78734ed | ITER: 31 START
2019-12-05 09:22:40.749 26239 WARNING rally_openstack.scenarios.neutron.utils [-] Running this scenario without either the 'network' or 'existing_network' context is deprecated
2019-12-05 09:22:40.749 26245 INFO rally.task.runner [-] Task 27c53ca9-67db-450c-a548-63f6a78734ed | ITER: 11 END: OK
2019-12-05 09:22:40.753 26245 INFO rally.task.runner [-] Task 27c53ca9-67db-450c-a548-63f6a78734ed | ITER: 32 START
2019-12-05 09:22:40.754 26245 WARNING rally_openstack.scenarios.neutron.utils [-] Running this scenario without either the 'network' or 'existing_network' context is deprecated
2019-12-05 09:22:40.800 26251 INFO rally.task.runner [-] Task 27c53ca9-67db-450c-a548-63f6a78734ed | ITER: 12 END: OK
2019-12-05 09:22:40.804 26251 INFO rally.task.runner [-] Task 27c53ca9-67db-450c-a548-63f6a78734ed | ITER: 33 START
2019-12-05 09:22:40.805 26251 WARNING rally_openstack.scenarios.neutron.utils [-] Running this scenario without either the 'network' or 'existing_network' context is deprecated
2019-12-05 09:22:40.806 26270 INFO rally.task.runner [-] Task 27c53ca9-67db-450c-a548-63f6a78734ed | ITER: 17 END: OK
2019-12-05 09:22:40.810 26270 INFO rally.task.runner [-] Task 27c53ca9-67db-450c-a548-63f6a78734ed | ITER: 34 START
2019-12-05 09:22:40.811 26270 WARNING rally_openstack.scenarios.neutron.utils [-] Running this scenario without either the 'network' or 'existing_network' context is deprecated
2019-12-05 09:22:41.080 26233 INFO rally.task.runner [-] Task 27c53ca9-67db-450c-a548-63f6a78734ed | ITER: 5 END: OK
2019-12-05 09:22:41.083 26233 INFO rally.task.runner [-] Task 27c53ca9-67db-450c-a548-63f6a78734ed | ITER: 35 START
2019-12-05 09:22:41.084 26233 WARNING rally_openstack.scenarios.neutron.utils [-] Running this scenario without either the 'network' or 'existing_network' context is deprecated
2019-12-05 09:22:41.300 26233 INFO rally.task.runner [-] Task 27c53ca9-67db-450c-a548-63f6a78734ed | ITER: 2 END: OK
2019-12-05 09:22:41.304 26233 INFO rally.task.runner [-] Task 27c53ca9-67db-450c-a548-63f6a78734ed | ITER: 36 START
2019-12-05 09:22:41.305 26233 WARNING rally_openstack.scenarios.neutron.utils [-] Running this scenario without either the 'network' or 'existing_network' context is deprecated
2019-12-05 09:22:41.420 26265 INFO rally.task.runner [-] Task 27c53ca9-67db-450c-a548-63f6a78734ed | ITER: 16 END: OK
2019-12-05 09:22:41.423 26265 INFO rally.task.runner [-] Task 27c53ca9-67db-450c-a548-63f6a78734ed | ITER: 37 START
2019-12-05 09:22:41.423 26265 WARNING rally_openstack.scenarios.neutron.utils [-] Running this scenario without either the 'network' or 'existing_network' context is deprecated
2019-12-05 09:22:41.434 26274 INFO rally.task.runner [-] Task 27c53ca9-67db-450c-a548-63f6a78734ed | ITER: 19 END: OK
2019-12-05 09:22:41.438 26274 INFO rally.task.runner [-] Task 27c53ca9-67db-450c-a548-63f6a78734ed | ITER: 38 START
2019-12-05 09:22:41.439 26274 WARNING rally_openstack.scenarios.neutron.utils [-] Running this scenario without either the 'network' or 'existing_network' context is deprecated
2019-12-05 09:22:42.547 26256 INFO rally.task.runner [-] Task 27c53ca9-67db-450c-a548-63f6a78734ed | ITER: 13 END: OK
2019-12-05 09:22:42.552 26256 INFO rally.task.runner [-] Task 27c53ca9-67db-450c-a548-63f6a78734ed | ITER: 39 START
2019-12-05 09:22:42.553 26256 WARNING rally_openstack.scenarios.neutron.utils [-] Running this scenario without either the 'network' or 'existing_network' context is deprecated
2019-12-05 09:22:43.636 26234 INFO rally.task.runner [-] Task 27c53ca9-67db-450c-a548-63f6a78734ed | ITER: 7 END: OK
2019-12-05 09:22:43.639 26234 INFO rally.task.runner [-] Task 27c53ca9-67db-450c-a548-63f6a78734ed | ITER: 40 START
2019-12-05 09:22:43.640 26234 WARNING rally_openstack.scenarios.neutron.utils [-] Running this scenario without either the 'network' or 'existing_network' context is deprecated
2019-12-05 09:22:49.357 26233 INFO rally.task.runner [-] Task 27c53ca9-67db-450c-a548-63f6a78734ed | ITER: 36 END: OK
2019-12-05 09:22:49.408 26261 INFO rally.task.runner [-] Task 27c53ca9-67db-450c-a548-63f6a78734ed | ITER: 21 END: OK
2019-12-05 09:22:49.468 26273 INFO rally.task.runner [-] Task 27c53ca9-67db-450c-a548-63f6a78734ed | ITER: 24 END: OK
2019-12-05 09:22:49.826 26251 INFO rally.task.runner [-] Task 27c53ca9-67db-450c-a548-63f6a78734ed | ITER: 33 END: OK
2019-12-05 09:22:50.278 26234 INFO rally.task.runner [-] Task 27c53ca9-67db-450c-a548-63f6a78734ed | ITER: 28 END: OK
2019-12-05 09:22:50.319 26235 INFO rally.task.runner [-] Task 27c53ca9-67db-450c-a548-63f6a78734ed | ITER: 22 END: OK
2019-12-05 09:22:50.585 26232 INFO rally.task.runner [-] Task 27c53ca9-67db-450c-a548-63f6a78734ed | ITER: 29 END: OK
2019-12-05 09:22:50.686 26264 INFO rally.task.runner [-] Task 27c53ca9-67db-450c-a548-63f6a78734ed | ITER: 23 END: OK
2019-12-05 09:22:50.818 26235 INFO rally.task.runner [-] Task 27c53ca9-67db-450c-a548-63f6a78734ed | ITER: 30 END: OK
2019-12-05 09:22:50.841 26277 INFO rally.task.runner [-] Task 27c53ca9-67db-450c-a548-63f6a78734ed | ITER: 26 END: OK
2019-12-05 09:22:50.947 26236 INFO rally.task.runner [-] Task 27c53ca9-67db-450c-a548-63f6a78734ed | ITER: 27 END: OK
2019-12-05 09:22:50.951 26233 INFO rally.task.runner [-] Task 27c53ca9-67db-450c-a548-63f6a78734ed | ITER: 35 END: OK
2019-12-05 09:22:50.967 26265 INFO rally.task.runner [-] Task 27c53ca9-67db-450c-a548-63f6a78734ed | ITER: 37 END: OK
2019-12-05 09:22:50.977 26239 INFO rally.task.runner [-] Task 27c53ca9-67db-450c-a548-63f6a78734ed | ITER: 31 END: OK
2019-12-05 09:22:50.985 26245 INFO rally.task.runner [-] Task 27c53ca9-67db-450c-a548-63f6a78734ed | ITER: 32 END: OK
2019-12-05 09:22:51.867 26274 INFO rally.task.runner [-] Task 27c53ca9-67db-450c-a548-63f6a78734ed | ITER: 38 END: OK
2019-12-05 09:22:51.902 26256 INFO rally.task.runner [-] Task 27c53ca9-67db-450c-a548-63f6a78734ed | ITER: 39 END: OK
2019-12-05 09:22:52.498 26270 INFO rally.task.runner [-] Task 27c53ca9-67db-450c-a548-63f6a78734ed | ITER: 34 END: OK
2019-12-05 09:22:52.621 26232 INFO rally.task.runner [-] Task 27c53ca9-67db-450c-a548-63f6a78734ed | ITER: 25 END: OK
2019-12-05 09:22:53.278 26234 INFO rally.task.runner [-] Task 27c53ca9-67db-450c-a548-63f6a78734ed | ITER: 40 END: OK
2019-12-05 09:22:53.301 22156 INFO rally.task.context [-] Task 27c53ca9-67db-450c-a548-63f6a78734ed | Context cleanup@openstack cleanup() started
2019-12-05 09:22:53.304 22156 RALLYDEBUG rally_openstack.cleanup.manager [-] Cleaning up neutron vip objects
2019-12-05 09:22:53.709 22156 RALLYDEBUG rally_openstack.cleanup.manager [-] Cleaning up neutron health_monitor objects
2019-12-05 09:22:54.098 22156 RALLYDEBUG rally_openstack.cleanup.manager [-] Cleaning up neutron pool objects
2019-12-05 09:22:54.492 22156 RALLYDEBUG rally_openstack.cleanup.manager [-] Cleaning up neutron loadbalancer objects
2019-12-05 09:22:54.882 22156 RALLYDEBUG rally_openstack.cleanup.manager [-] Cleaning up neutron floatingip objects
2019-12-05 09:22:55.317 22156 RALLYDEBUG rally_openstack.cleanup.manager [-] Cleaning up neutron trunk objects
2019-12-05 09:22:55.727 22156 RALLYDEBUG rally_openstack.cleanup.manager [-] Cleaning up neutron port objects
2019-12-05 09:22:56.561 22156 RALLYDEBUG rally_openstack.cleanup.manager [-] Deleting neutron.port object s_rally_251b1213_JVv78uIC (0146516b-c951-49da-88e8-63418e516575)
2019-12-05 09:22:56.563 22156 RALLYDEBUG rally_openstack.cleanup.manager [-] Deleting neutron.port object s_rally_251b1213_N0MaupFC (09f22a59-944c-44b4-a5eb-af597890b961)
2019-12-05 09:22:56.564 22156 RALLYDEBUG rally_openstack.cleanup.manager [-] Deleting neutron.port object s_rally_251b1213_yJTvurEg (057654d5-f946-4175-b5ee-eca40707afd3)
2019-12-05 09:22:56.564 22156 RALLYDEBUG rally_openstack.cleanup.manager [-] Deleting neutron.port object s_rally_251b1213_faaMZFOF (0a15ca18-e046-4bb5-a913-efe5b72b07a6)
2019-12-05 09:22:56.568 22156 RALLYDEBUG rally_openstack.cleanup.manager [-] Deleting neutron.port object s_rally_251b1213_weiD6xGN (00bc61ec-084d-4998-9924-fac86d727aa2)
2019-12-05 09:22:56.572 22156 RALLYDEBUG rally_openstack.cleanup.manager [-] Deleting neutron.port object s_rally_251b1213_20so8a5F (06d1e796-f0dd-49e5-a2af-940a9ea5ca3f)
2019-12-05 09:22:56.582 22156 RALLYDEBUG rally_openstack.cleanup.manager [-] Deleting neutron.port object s_rally_251b1213_br1Zgo9k (1e743a56-5764-4be0-b98b-8bae76f799bf)
2019-12-05 09:22:56.587 22156 RALLYDEBUG rally_openstack.cleanup.manager [-] Deleting neutron.port object s_rally_251b1213_1aMPstdj (1decf332-fb17-4910-af02-ba614bfc1cfb)
2019-12-05 09:22:56.595 22156 RALLYDEBUG rally_openstack.cleanup.manager [-] Deleting neutron.port object s_rally_251b1213_F6biDOv9 (0ad56aec-718f-44fb-9f63-85ca120bf0b0)
2019-12-05 09:22:56.604 22156 RALLYDEBUG rally_openstack.cleanup.manager [-] Deleting neutron.port object s_rally_251b1213_rWGwKySJ (142ec15a-7148-4ae8-a1fb-c285ea12c7a3)
2019-12-05 09:22:56.608 22156 RALLYDEBUG rally_openstack.cleanup.manager [-] Deleting neutron.port object s_rally_251b1213_XqbiLtvL (13f32950-bfbf-4017-9807-563cfffb70a2)
2019-12-05 09:22:56.609 22156 RALLYDEBUG rally_openstack.cleanup.manager [-] Deleting neutron.port object s_rally_251b1213_WP8RRmvj (0f5cf51a-3afd-4801-b909-6e9bf7622a17)
2019-12-05 09:22:56.610 22156 RALLYDEBUG rally_openstack.cleanup.manager [-] Deleting neutron.port object s_rally_251b1213_2bXByMeW (03ee20b6-6169-4e44-b16e-9ea85dcf7f05)
2019-12-05 09:22:56.632 22156 RALLYDEBUG rally_openstack.cleanup.manager [-] Deleting neutron.port object s_rally_251b1213_JOdOpy9Y (1065b6f6-2508-42d6-8e77-3fbf68628f52)
2019-12-05 09:22:56.637 22156 RALLYDEBUG rally_openstack.cleanup.manager [-] Deleting neutron.port object s_rally_251b1213_WYvhaf65 (16343575-8d26-4362-b436-9824421c7d06)
2019-12-05 09:22:56.641 22156 RALLYDEBUG rally_openstack.cleanup.manager [-] Deleting neutron.port object s_rally_251b1213_nCHpkbaC (194eea65-8074-4d1b-86dc-2078fbb2b6cd)
2019-12-05 09:22:56.643 22156 RALLYDEBUG rally_openstack.cleanup.manager [-] Deleting neutron.port object s_rally_251b1213_1BMee4hg (03d85057-8503-4b26-bf75-cf47fa53d432)
2019-12-05 09:22:56.645 22156 RALLYDEBUG rally_openstack.cleanup.manager [-] Deleting neutron.port object s_rally_251b1213_87acTYAZ (168a70d5-0278-4f96-8b15-3ac5d0fd250a)
2019-12-05 09:22:56.676 22156 RALLYDEBUG rally_openstack.cleanup.manager [-] Deleting neutron.port object s_rally_251b1213_OYBrKgkY (12d409b4-6571-43a1-bbbf-6e75c4bc2a52)
2019-12-05 09:22:56.684 22156 RALLYDEBUG rally_openstack.cleanup.manager [-] Deleting neutron.port object s_rally_251b1213_ggO3aF6H (1548ec02-f0e6-40c7-8105-b7162afad1f0)
2019-12-05 09:22:58.606 22156 RALLYDEBUG rally_openstack.cleanup.manager [-] Deleting neutron.port object s_rally_251b1213_jEUm7lUa (1f01f387-3556-4ef0-bdfd-4422559690c1)
2019-12-05 09:22:58.623 22156 RALLYDEBUG rally_openstack.cleanup.manager [-] Deleting neutron.port object s_rally_251b1213_EOYlVSkl (226e8c26-6236-4870-8c0d-f155923ddc4e)
2019-12-05 09:22:58.719 22156 RALLYDEBUG rally_openstack.cleanup.manager [-] Deleting neutron.port object s_rally_251b1213_0RZqcJPn (22f19806-a55d-4419-85db-b83db929d92c)
2019-12-05 09:22:58.782 22156 RALLYDEBUG rally_openstack.cleanup.manager [-] Deleting neutron.port object s_rally_251b1213_z4GCY8Bh (25fa1f5c-75f1-448e-818d-5546e340009d)
2019-12-05 09:22:58.968 22156 RALLYDEBUG rally_openstack.cleanup.manager [-] Deleting neutron.port object s_rally_251b1213_QLxfEuYm (26d376a7-b449-48b3-b9d1-138f88a433f2)
2019-12-05 09:22:58.984 22156 RALLYDEBUG rally_openstack.cleanup.manager [-] Deleting neutron.port object s_rally_251b1213_VCsSoMRu (2721a25e-715d-4b78-a5cd-e6c39d6bca2e)
2019-12-05 09:22:58.993 22156 RALLYDEBUG rally_openstack.cleanup.manager [-] Deleting neutron.port object s_rally_251b1213_NlTMYKgo (278d4cc6-68a9-4989-ae79-5b1f20604650)
2019-12-05 09:22:59.012 22156 RALLYDEBUG rally_openstack.cleanup.manager [-] Deleting neutron.port object s_rally_251b1213_NsgzXeDz (28f80f05-93a1-4e5c-a7a5-eb19dbc60939)
2019-12-05 09:22:59.047 22156 RALLYDEBUG rally_openstack.cleanup.manager [-] Deleting neutron.port object s_rally_251b1213_PSuIvSRB (2ca93ed9-7015-441d-b653-4fa3bcffdb2e)
2019-12-05 09:22:59.059 22156 RALLYDEBUG rally_openstack.cleanup.manager [-] Deleting neutron.port object s_rally_251b1213_m5bRT0xq (2f590093-9e21-4430-ad28-163ce1c7fc84)
2019-12-05 09:22:59.184 22156 RALLYDEBUG rally_openstack.cleanup.manager [-] Deleting neutron.port object s_rally_251b1213_0lOUCUOu (2fd28c47-dbf2-4165-b079-9be7796280fe)
2019-12-05 09:22:59.297 22156 RALLYDEBUG rally_openstack.cleanup.manager [-] Deleting neutron.port object s_rally_251b1213_XyVPqmHI (2fea7fb6-683f-4a7f-b3ab-e491a07f936c)
2019-12-05 09:22:59.427 22156 RALLYDEBUG rally_openstack.cleanup.manager [-] Deleting neutron.port object s_rally_251b1213_pYf7J2fi (331e558d-a105-45d5-b0e3-e28ddcd77822)
2019-12-05 09:22:59.438 22156 RALLYDEBUG rally_openstack.cleanup.manager [-] Deleting neutron.port object s_rally_251b1213_BHwKq3IT (35b103a7-62cb-4430-9b28-0e6ae3e7570a)
2019-12-05 09:22:59.540 22156 RALLYDEBUG rally_openstack.cleanup.manager [-] Deleting neutron.port object s_rally_251b1213_0CT0zSa3 (35e29130-5b27-4a67-b4ec-ae3d2d5a45d1)
2019-12-05 09:22:59.554 22156 RALLYDEBUG rally_openstack.cleanup.manager [-] Deleting neutron.port object s_rally_251b1213_8pRonEyY (389a78e3-3672-4ff3-9e4c-b646bf11ece0)
2019-12-05 09:22:59.574 22156 RALLYDEBUG rally_openstack.cleanup.manager [-] Deleting neutron.port object s_rally_251b1213_X56rvF8W (3984350b-6732-49a1-aa74-bc86b2d8ec47)
2019-12-05 09:22:59.618 22156 RALLYDEBUG rally_openstack.cleanup.manager [-] Deleting neutron.port object s_rally_251b1213_JvWviopB (3ac17ccd-50ec-4796-81cd-d51eda0faad7)
2019-12-05 09:22:59.741 22156 RALLYDEBUG rally_openstack.cleanup.manager [-] Deleting neutron.port object s_rally_251b1213_3zVDJjEU (3b27f6e9-8039-4efd-b295-7977f1233a03)
2019-12-05 09:22:59.749 22156 RALLYDEBUG rally_openstack.cleanup.manager [-] Deleting neutron.port object s_rally_251b1213_Fs2veeiO (3c2780e7-6a20-414e-93e3-b34f5f1c41eb)
2019-12-05 09:23:00.447 22156 RALLYDEBUG rally_openstack.cleanup.manager [-] Deleting neutron.port object s_rally_251b1213_WZCF61pS (3e0d0a1a-7fd0-42d6-8301-f7f024cd1443)
2019-12-05 09:23:00.488 22156 RALLYDEBUG rally_openstack.cleanup.manager [-] Deleting neutron.port object s_rally_251b1213_fASUhfod (3e31d539-266e-4ae1-87c8-a6000bfd6656)
2019-12-05 09:23:00.651 22156 RALLYDEBUG rally_openstack.cleanup.manager [-] Deleting neutron.port object s_rally_251b1213_91wXVyaW (3e59191e-7137-4532-b55f-7d3e59761655)
2019-12-05 09:23:00.671 22156 RALLYDEBUG rally_openstack.cleanup.manager [-] Deleting neutron.port object s_rally_251b1213_IXm19QFf (3ee07bfc-27a3-42b7-a319-d41fa911c077)
2019-12-05 09:23:00.859 22156 RALLYDEBUG rally_openstack.cleanup.manager [-] Deleting neutron.port object s_rally_251b1213_PNb15kuj (40335210-c103-45ce-b847-01c964c59f0c)
2019-12-05 09:23:00.942 22156 RALLYDEBUG rally_openstack.cleanup.manager [-] Deleting neutron.port object s_rally_251b1213_mag5V0AF (4191eae5-eb5b-42a6-9a23-e5be2bb9792f)
2019-12-05 09:23:01.068 22156 RALLYDEBUG rally_openstack.cleanup.manager [-] Deleting neutron.port object s_rally_251b1213_EhPYkbXx (41968010-aaa9-4a83-872e-146c58cfe75e)
2019-12-05 09:23:01.099 22156 RALLYDEBUG rally_openstack.cleanup.manager [-] Deleting neutron.port object s_rally_251b1213_fZtuB4bP (426c7631-54b6-4bfd-b60a-e8d3b22b2e17)
2019-12-05 09:23:01.168 22156 RALLYDEBUG rally_openstack.cleanup.manager [-] Deleting neutron.port object s_rally_251b1213_k2liXIt9 (4358a524-b879-433e-8ae3-e91a8c07043d)
2019-12-05 09:23:01.409 22156 RALLYDEBUG rally_openstack.cleanup.manager [-] Deleting neutron.port object s_rally_251b1213_pABLCFEQ (458a2a43-05bd-414a-ba0d-14c0c885a393)
2019-12-05 09:23:01.410 22156 RALLYDEBUG rally_openstack.cleanup.manager [-] Deleting neutron.port object s_rally_251b1213_LisG6C25 (44e1f405-e5fc-40f5-bf5d-70f21ea56606)
2019-12-05 09:23:01.607 22156 RALLYDEBUG rally_openstack.cleanup.manager [-] Deleting neutron.port object s_rally_251b1213_EBazbPyI (47789d4d-150e-48f7-913f-91583497f596)
2019-12-05 09:23:01.617 22156 RALLYDEBUG rally_openstack.cleanup.manager [-] Deleting neutron.port object s_rally_251b1213_0eDCXpJT (47855f11-810c-40f9-a984-a9bf05a36128)
2019-12-05 09:23:01.676 22156 RALLYDEBUG rally_openstack.cleanup.manager [-] Deleting neutron.port object s_rally_251b1213_AMJvd1Ao (4972c085-8970-4eb6-b965-61f752d8a5a6)
2019-12-05 09:23:01.769 22156 RALLYDEBUG rally_openstack.cleanup.manager [-] Deleting neutron.port object s_rally_251b1213_1YlD1YVa (4c95a999-8573-42fd-aa40-b7f614a20c0e)
2019-12-05 09:23:01.902 22156 RALLYDEBUG rally_openstack.cleanup.manager [-] Deleting neutron.port object s_rally_251b1213_QsrLTCby (4ccd22d9-9c66-4cd1-b62b-efe62869402b)
2019-12-05 09:23:01.903 22156 RALLYDEBUG rally_openstack.cleanup.manager [-] Deleting neutron.port object s_rally_251b1213_h1aYlbga (4cf50dd5-d7a6-409d-9236-2553c0d5a293)
2019-12-05 09:23:01.947 22156 RALLYDEBUG rally_openstack.cleanup.manager [-] Deleting neutron.port object s_rally_251b1213_MdvLlbTi (4d03bf4c-0ff9-4177-b522-7ce2fc05145c)
2019-12-05 09:23:02.020 22156 RALLYDEBUG rally_openstack.cleanup.manager [-] Deleting neutron.port object s_rally_251b1213_BHKLN0l8 (4d230218-7983-4093-8923-691fc7447e96)
2019-12-05 09:23:02.144 22156 RALLYDEBUG rally_openstack.cleanup.manager [-] Deleting neutron.port object s_rally_251b1213_O9Mvr7QB (4eef2f06-680b-47f6-94cc-f3bab18198c4)
