2019-12-05 09:09:52.694 22147 RALLYDEBUG rally.api [-] INFO logs from urllib3 and requests module are hide.
2019-12-05 09:09:52.694 22147 RALLYDEBUG rally.api [-] urllib3 insecure warnings are hidden.
2019-12-05 09:09:52.694 22147 RALLYDEBUG rally.api [-] ERROR log from boto module is hide.
2019-12-05 09:09:55.235 22149 RALLYDEBUG rally.api [-] INFO logs from urllib3 and requests module are hide.
2019-12-05 09:09:55.236 22149 RALLYDEBUG rally.api [-] urllib3 insecure warnings are hidden.
2019-12-05 09:09:55.236 22149 RALLYDEBUG rally.api [-] ERROR log from boto module is hide.
2019-12-05 09:09:57.987 22151 RALLYDEBUG rally.api [-] INFO logs from urllib3 and requests module are hide.
2019-12-05 09:09:57.988 22151 RALLYDEBUG rally.api [-] urllib3 insecure warnings are hidden.
2019-12-05 09:09:57.988 22151 RALLYDEBUG rally.api [-] ERROR log from boto module is hide.
2019-12-05 09:10:01.734 22154 RALLYDEBUG rally.api [-] INFO logs from urllib3 and requests module are hide.
2019-12-05 09:10:01.734 22154 RALLYDEBUG rally.api [-] urllib3 insecure warnings are hidden.
2019-12-05 09:10:01.734 22154 RALLYDEBUG rally.api [-] ERROR log from boto module is hide.
2019-12-05 09:10:03.282 22156 RALLYDEBUG rally.api [-] INFO logs from urllib3 and requests module are hide.
2019-12-05 09:10:03.282 22156 RALLYDEBUG rally.api [-] urllib3 insecure warnings are hidden.
2019-12-05 09:10:03.282 22156 RALLYDEBUG rally.api [-] ERROR log from boto module is hide.
2019-12-05 09:10:04.681 22156 INFO rally.common.plugin.discover [-] Loading plugins from directories /root/.rally/plugins/*
2019-12-05 09:10:04.682 22156 INFO rally.common.plugin.discover [-] Loaded module with plugins: /root/.rally/plugins/__init__.py
2019-12-05 09:10:04.714 22156 INFO rally.common.plugin.discover [-] Loaded module with plugins: /root/.rally/plugins/trunk_scenario.py
2019-12-05 09:10:05.062 22156 INFO rally.task.engine [-] Task 27c53ca9-67db-450c-a548-63f6a78734ed | Starting: Task validation.
2019-12-05 09:10:05.112 22156 INFO rally.task.engine [-] Task 27c53ca9-67db-450c-a548-63f6a78734ed | Starting: Task validation of syntax.
2019-12-05 09:10:05.356 22156 INFO rally.task.engine [-] Task 27c53ca9-67db-450c-a548-63f6a78734ed | Completed: Task validation of syntax.
2019-12-05 09:10:05.356 22156 INFO rally.task.engine [-] Task 27c53ca9-67db-450c-a548-63f6a78734ed | Starting: Task validation of required platforms.
2019-12-05 09:10:05.434 22156 INFO rally.task.engine [-] Task 27c53ca9-67db-450c-a548-63f6a78734ed | Completed: Task validation of required platforms.
2019-12-05 09:10:05.434 22156 INFO rally.task.engine [-] Task 27c53ca9-67db-450c-a548-63f6a78734ed | Starting: Task validation of semantic.
2019-12-05 09:10:05.435 22156 INFO rally.task.engine [-] Check health of the environment '253c21ca-f869-400d-872f-d25e3dbfd46e'.
2019-12-05 09:10:06.319 22156 INFO rally.task.engine [-] Platform existing@openstack (available: True): OK!
2019-12-05 09:10:06.341 22156 RALLYDEBUG rally_openstack.contexts.keystone.users [-] Creating 1 tenants using 20 threads
2019-12-05 09:10:07.244 22156 RALLYDEBUG rally_openstack.contexts.keystone.users [-] Creating 1 users using 20 threads
2019-12-05 09:10:08.673 22156 INFO rally.task.context [-] Task 27c53ca9-67db-450c-a548-63f6a78734ed | Context users@openstack setup() finished in 2.33 sec
2019-12-05 09:10:13.296 22156 INFO rally.task.context [-] Task 27c53ca9-67db-450c-a548-63f6a78734ed | Context users@openstack cleanup() started
2019-12-05 09:10:16.562 22156 INFO rally.task.context [-] Task 27c53ca9-67db-450c-a548-63f6a78734ed | Context users@openstack cleanup() finished in 3.27 sec
2019-12-05 09:10:16.563 22156 INFO rally.task.engine [-] Task 27c53ca9-67db-450c-a548-63f6a78734ed | Completed: Task validation of semantic.
2019-12-05 09:10:16.563 22156 INFO rally.task.engine [-] Task 27c53ca9-67db-450c-a548-63f6a78734ed | Completed: Task validation.
2019-12-05 09:10:16.563 22156 INFO rally.api [-] Task 27c53ca9-67db-450c-a548-63f6a78734ed input file is valid.
2019-12-05 09:10:16.564 22156 INFO rally.api [-] Run Task 27c53ca9-67db-450c-a548-63f6a78734ed against Deployment 253c21ca-f869-400d-872f-d25e3dbfd46e
2019-12-05 09:10:16.564 22156 INFO rally.task.engine [-] Task 27c53ca9-67db-450c-a548-63f6a78734ed | Starting: Running task.
2019-12-05 09:10:16.731 22156 INFO rally.task.engine [-] Running workload: position = 0 config = { "version": 2, "title": "A cropped version of a bigger task.", "description": "Auto-generated task from a single workload (uuid=292f9c8f-2f67-4bcf-88eb-c7c7310d5eaa)", "subtasks": [ { "title": "NeutronNetworks.create_and_list_networks", "description": "Check performance of list_networks action and ensure > network quotas are not exceeded", "scenario": { "NeutronNetworks.create_and_list_networks": {} }, "contexts": { "users": { "tenants": 1, "users_per_tenant": 1 }, "quotas": { "neutron": { "network": 119 } } }, "runner": { "constant": { "times": 100, "concurrency": 20 } }, "hooks": [], "sla": { "max_avg_duration_per_atomic": { "neutron.list_networks": 15 }, "failure_rate": { "max": 0 } } } ] }
2019-12-05 09:10:16.759 22156 RALLYDEBUG rally_openstack.contexts.keystone.users [-] Creating 1 tenants using 20 threads
2019-12-05 09:10:17.696 22156 RALLYDEBUG rally_openstack.contexts.keystone.users [-] Creating 1 users using 20 threads
2019-12-05 09:10:19.108 22156 INFO rally.task.context [-] Task 27c53ca9-67db-450c-a548-63f6a78734ed | Context users@openstack setup() finished in 2.35 sec
2019-12-05 09:10:19.604 22156 INFO rally.task.context [-] Task 27c53ca9-67db-450c-a548-63f6a78734ed | Context quotas@openstack setup() finished in 0.50 sec
2019-12-05 09:10:19.604 22156 INFO rally.task.context [-] Task 27c53ca9-67db-450c-a548-63f6a78734ed | Context cleanup@openstack setup() finished in 0.01 msec
2019-12-05 09:10:19.613 22156 RALLYDEBUG rally.task.runner [-] Starting the constant runner (task UUID: 27c53ca9-67db-450c-a548-63f6a78734ed). timeout: 0 concurrency: 20 concurrency_per_worker: 1 times: 100 concurrency_overhead: 4 processes_to_start: 16 max_cpu_used: 16
2019-12-05 09:10:19.626 22280 RALLYDEBUG rally.task.runner [-] Starting a worker. concurrency: 2 args: {} times: 100 method_name: run timeout: 0 duration: None cls:
2019-12-05 09:10:19.629 22281 RALLYDEBUG rally.task.runner [-] Starting a worker. concurrency: 2 args: {} times: 100 method_name: run timeout: 0 duration: None cls:
2019-12-05 09:10:19.632 22282 RALLYDEBUG rally.task.runner [-] Starting a worker. concurrency: 2 args: {} times: 100 method_name: run timeout: 0 duration: None cls:
2019-12-05 09:10:19.636 22281 INFO rally.task.runner [-] Task 27c53ca9-67db-450c-a548-63f6a78734ed | ITER: 2 START
2019-12-05 09:10:19.635 22283 RALLYDEBUG rally.task.runner [-] Starting a worker. concurrency: 2 args: {} times: 100 method_name: run timeout: 0 duration: None cls:
2019-12-05 09:10:19.638 22285 RALLYDEBUG rally.task.runner [-] Starting a worker. concurrency: 1 args: {} times: 100 method_name: run timeout: 0 duration: None cls:
2019-12-05 09:10:19.639 22280 INFO rally.task.runner [-] Task 27c53ca9-67db-450c-a548-63f6a78734ed | ITER: 1 START
2019-12-05 09:10:19.643 22289 RALLYDEBUG rally.task.runner [-] Starting a worker. concurrency: 1 args: {} times: 100 method_name: run timeout: 0 duration: None cls:
2019-12-05 09:10:19.645 22285 INFO rally.task.runner [-] Task 27c53ca9-67db-450c-a548-63f6a78734ed | ITER: 8 START
2019-12-05 09:10:19.645 22293 RALLYDEBUG rally.task.runner [-] Starting a worker. concurrency: 1 args: {} times: 100 method_name: run timeout: 0 duration: None cls:
2019-12-05 09:10:19.645 22282 INFO rally.task.runner [-] Task 27c53ca9-67db-450c-a548-63f6a78734ed | ITER: 4 START
2019-12-05 09:10:19.646 22283 INFO rally.task.runner [-] Task 27c53ca9-67db-450c-a548-63f6a78734ed | ITER: 6 START
2019-12-05 09:10:19.648 22296 RALLYDEBUG rally.task.runner [-] Starting a worker. concurrency: 1 args: {} times: 100 method_name: run timeout: 0 duration: None cls:
2019-12-05 09:10:19.650 22283 INFO rally.task.runner [-] Task 27c53ca9-67db-450c-a548-63f6a78734ed | ITER: 9 START
2019-12-05 09:10:19.651 22289 INFO rally.task.runner [-] Task 27c53ca9-67db-450c-a548-63f6a78734ed | ITER: 10 START
2019-12-05 09:10:19.641 22280 INFO rally.task.runner [-] Task 27c53ca9-67db-450c-a548-63f6a78734ed | ITER: 3 START
2019-12-05 09:10:19.653 22293 INFO rally.task.runner [-] Task 27c53ca9-67db-450c-a548-63f6a78734ed | ITER: 11 START
2019-12-05 09:10:19.654 22296 INFO rally.task.runner [-] Task 27c53ca9-67db-450c-a548-63f6a78734ed | ITER: 12 START
2019-12-05 09:10:19.652 22281 INFO rally.task.runner [-] Task 27c53ca9-67db-450c-a548-63f6a78734ed | ITER: 5 START
2019-12-05 09:10:19.654 22301 RALLYDEBUG rally.task.runner [-] Starting a worker. concurrency: 1 args: {} times: 100 method_name: run timeout: 0 duration: None cls:
2019-12-05 09:10:19.657 22282 INFO rally.task.runner [-] Task 27c53ca9-67db-450c-a548-63f6a78734ed | ITER: 7 START
2019-12-05 09:10:19.660 22301 INFO rally.task.runner [-] Task 27c53ca9-67db-450c-a548-63f6a78734ed | ITER: 13 START
2019-12-05 09:10:19.662 22309 RALLYDEBUG rally.task.runner [-] Starting a worker. concurrency: 1 args: {} times: 100 method_name: run timeout: 0 duration: None cls:
2019-12-05 09:10:19.669 22312 RALLYDEBUG rally.task.runner [-] Starting a worker. concurrency: 1 args: {} times: 100 method_name: run timeout: 0 duration: None cls:
2019-12-05 09:10:19.669 22309 INFO rally.task.runner [-] Task 27c53ca9-67db-450c-a548-63f6a78734ed | ITER: 14 START
2019-12-05 09:10:19.679 22312 INFO rally.task.runner [-] Task 27c53ca9-67db-450c-a548-63f6a78734ed | ITER: 15 START
2019-12-05 09:10:19.678 22315 RALLYDEBUG rally.task.runner [-] Starting a worker. concurrency: 1 args: {} times: 100 method_name: run timeout: 0 duration: None cls:
2019-12-05 09:10:19.682 22318 RALLYDEBUG rally.task.runner [-] Starting a worker. concurrency: 1 args: {} times: 100 method_name: run timeout: 0 duration: None cls:
2019-12-05 09:10:19.687 22315 INFO rally.task.runner [-] Task 27c53ca9-67db-450c-a548-63f6a78734ed | ITER: 16 START
2019-12-05 09:10:19.690 22318 INFO rally.task.runner [-] Task 27c53ca9-67db-450c-a548-63f6a78734ed | ITER: 17 START
2019-12-05 09:10:19.690 22321 RALLYDEBUG rally.task.runner [-] Starting a worker. concurrency: 1 args: {} times: 100 method_name: run timeout: 0 duration: None cls:
2019-12-05 09:10:19.693 22324 RALLYDEBUG rally.task.runner [-] Starting a worker. concurrency: 1 args: {} times: 100 method_name: run timeout: 0 duration: None cls:
2019-12-05 09:10:19.697 22321 INFO rally.task.runner [-] Task 27c53ca9-67db-450c-a548-63f6a78734ed | ITER: 18 START
2019-12-05 09:10:19.699 22326 RALLYDEBUG rally.task.runner [-] Starting a worker. concurrency: 1 args: {} times: 100 method_name: run timeout: 0 duration: None cls:
2019-12-05 09:10:19.701 22324 INFO rally.task.runner [-] Task 27c53ca9-67db-450c-a548-63f6a78734ed | ITER: 19 START
2019-12-05 09:10:19.705 22326 INFO rally.task.runner [-] Task 27c53ca9-67db-450c-a548-63f6a78734ed | ITER: 20 START
2019-12-05 09:10:20.741 22280 INFO rally.task.runner [-] Task 27c53ca9-67db-450c-a548-63f6a78734ed | ITER: 3 END: OK
2019-12-05 09:10:20.746 22280 INFO rally.task.runner [-] Task 27c53ca9-67db-450c-a548-63f6a78734ed | ITER: 21 START
2019-12-05 09:10:20.851 22282 INFO rally.task.runner [-] Task 27c53ca9-67db-450c-a548-63f6a78734ed | ITER: 7 END: OK
2019-12-05 09:10:20.855 22282 INFO rally.task.runner [-] Task 27c53ca9-67db-450c-a548-63f6a78734ed | ITER: 22 START
2019-12-05 09:10:20.874 22289 INFO rally.task.runner [-] Task 27c53ca9-67db-450c-a548-63f6a78734ed | ITER: 10 END: OK
2019-12-05 09:10:20.879 22289 INFO rally.task.runner [-] Task 27c53ca9-67db-450c-a548-63f6a78734ed | ITER: 23 START
2019-12-05 09:10:20.900 22285 INFO rally.task.runner [-] Task 27c53ca9-67db-450c-a548-63f6a78734ed | ITER: 8 END: OK
2019-12-05 09:10:20.903 22285 INFO rally.task.runner [-] Task 27c53ca9-67db-450c-a548-63f6a78734ed | ITER: 24 START
2019-12-05 09:10:20.938 22283 INFO rally.task.runner [-] Task 27c53ca9-67db-450c-a548-63f6a78734ed | ITER: 9 END: OK
2019-12-05 09:10:20.942 22283 INFO rally.task.runner [-] Task 27c53ca9-67db-450c-a548-63f6a78734ed | ITER: 25 START
2019-12-05 09:10:20.985 22309 INFO rally.task.runner [-] Task 27c53ca9-67db-450c-a548-63f6a78734ed | ITER: 14 END: OK
2019-12-05 09:10:20.989 22309 INFO rally.task.runner [-] Task 27c53ca9-67db-450c-a548-63f6a78734ed | ITER: 26 START
2019-12-05 09:10:21.057 22293 INFO rally.task.runner [-] Task 27c53ca9-67db-450c-a548-63f6a78734ed | ITER: 11 END: OK
2019-12-05 09:10:21.060 22293 INFO rally.task.runner [-] Task 27c53ca9-67db-450c-a548-63f6a78734ed | ITER: 27 START
2019-12-05 09:10:21.098 22301 INFO rally.task.runner [-] Task 27c53ca9-67db-450c-a548-63f6a78734ed | ITER: 13 END: OK
2019-12-05 09:10:21.103 22301 INFO rally.task.runner [-] Task 27c53ca9-67db-450c-a548-63f6a78734ed | ITER: 28 START
2019-12-05 09:10:21.157 22282 INFO rally.task.runner [-] Task 27c53ca9-67db-450c-a548-63f6a78734ed | ITER: 4 END: OK
2019-12-05 09:10:21.161 22282 INFO rally.task.runner [-] Task 27c53ca9-67db-450c-a548-63f6a78734ed | ITER: 29 START
2019-12-05 09:10:21.188 22315 INFO rally.task.runner [-] Task 27c53ca9-67db-450c-a548-63f6a78734ed | ITER: 16 END: OK
2019-12-05 09:10:21.191 22315 INFO rally.task.runner [-] Task 27c53ca9-67db-450c-a548-63f6a78734ed | ITER: 30 START
2019-12-05 09:10:21.261 22280 INFO rally.task.runner [-] Task 27c53ca9-67db-450c-a548-63f6a78734ed | ITER: 1 END: OK
2019-12-05 09:10:21.265 22280 INFO rally.task.runner [-] Task 27c53ca9-67db-450c-a548-63f6a78734ed | ITER: 31 START
2019-12-05 09:10:21.368 22296 INFO rally.task.runner [-] Task 27c53ca9-67db-450c-a548-63f6a78734ed | ITER: 12 END: OK
2019-12-05 09:10:21.372 22296 INFO rally.task.runner [-] Task 27c53ca9-67db-450c-a548-63f6a78734ed | ITER: 32 START
2019-12-05 09:10:21.508 22312 INFO rally.task.runner [-] Task 27c53ca9-67db-450c-a548-63f6a78734ed | ITER: 15 END: OK
2019-12-05 09:10:21.513 22312 INFO rally.task.runner [-] Task 27c53ca9-67db-450c-a548-63f6a78734ed | ITER: 33 START
2019-12-05 09:10:21.537 22281 INFO rally.task.runner [-] Task 27c53ca9-67db-450c-a548-63f6a78734ed | ITER: 5 END: OK
2019-12-05 09:10:21.542 22281 INFO rally.task.runner [-] Task 27c53ca9-67db-450c-a548-63f6a78734ed | ITER: 34 START
2019-12-05 09:10:21.628 22324 INFO rally.task.runner [-] Task 27c53ca9-67db-450c-a548-63f6a78734ed | ITER: 19 END: OK
2019-12-05 09:10:21.633 22324 INFO rally.task.runner [-] Task 27c53ca9-67db-450c-a548-63f6a78734ed | ITER: 35 START
2019-12-05 09:10:21.681 22326 INFO rally.task.runner [-] Task 27c53ca9-67db-450c-a548-63f6a78734ed | ITER: 20 END: OK
2019-12-05 09:10:21.685 22326 INFO rally.task.runner [-] Task 27c53ca9-67db-450c-a548-63f6a78734ed | ITER: 36 START
2019-12-05 09:10:21.765 22280 INFO rally.task.runner [-] Task 27c53ca9-67db-450c-a548-63f6a78734ed | ITER: 21 END: OK
2019-12-05 09:10:21.769 22280 INFO rally.task.runner [-] Task 27c53ca9-67db-450c-a548-63f6a78734ed | ITER: 37 START
2019-12-05 09:10:21.769 22281 INFO rally.task.runner [-] Task 27c53ca9-67db-450c-a548-63f6a78734ed | ITER: 2 END: OK
2019-12-05 09:10:21.774 22281 INFO rally.task.runner [-] Task 27c53ca9-67db-450c-a548-63f6a78734ed | ITER: 38 START
2019-12-05 09:10:21.958 22321 INFO rally.task.runner [-] Task 27c53ca9-67db-450c-a548-63f6a78734ed | ITER: 18 END: OK
2019-12-05 09:10:21.959 22289 INFO rally.task.runner [-] Task 27c53ca9-67db-450c-a548-63f6a78734ed | ITER: 23 END: OK
2019-12-05 09:10:21.962 22289 INFO rally.task.runner [-] Task 27c53ca9-67db-450c-a548-63f6a78734ed | ITER: 40 START
2019-12-05 09:10:21.962 22321 INFO rally.task.runner [-] Task 27c53ca9-67db-450c-a548-63f6a78734ed | ITER: 39 START
2019-12-05 09:10:22.000 22318 INFO rally.task.runner [-] Task 27c53ca9-67db-450c-a548-63f6a78734ed | ITER: 17 END: OK
2019-12-05 09:10:22.004 22318 INFO rally.task.runner [-] Task 27c53ca9-67db-450c-a548-63f6a78734ed | ITER: 41 START
2019-12-05 09:10:22.083 22283 INFO rally.task.runner [-] Task 27c53ca9-67db-450c-a548-63f6a78734ed | ITER: 6 END: OK
2019-12-05 09:10:22.087 22283 INFO rally.task.runner [-] Task 27c53ca9-67db-450c-a548-63f6a78734ed | ITER: 42 START
2019-12-05 09:10:22.177 22283 INFO rally.task.runner [-] Task 27c53ca9-67db-450c-a548-63f6a78734ed | ITER: 25 END: OK
2019-12-05 09:10:22.180 22283 INFO rally.task.runner [-] Task 27c53ca9-67db-450c-a548-63f6a78734ed | ITER: 43 START
2019-12-05 09:10:22.284 22282 INFO rally.task.runner [-] Task 27c53ca9-67db-450c-a548-63f6a78734ed | ITER: 22 END: OK
2019-12-05 09:10:22.288 22282 INFO rally.task.runner [-] Task 27c53ca9-67db-450c-a548-63f6a78734ed | ITER: 44 START
2019-12-05 09:10:22.304 22309 INFO rally.task.runner [-] Task 27c53ca9-67db-450c-a548-63f6a78734ed | ITER: 26 END: OK
2019-12-05 09:10:22.308 22309 INFO rally.task.runner [-] Task 27c53ca9-67db-450c-a548-63f6a78734ed | ITER: 45 START
2019-12-05 09:10:22.426 22282 INFO rally.task.runner [-] Task 27c53ca9-67db-450c-a548-63f6a78734ed | ITER: 29 END: OK
2019-12-05 09:10:22.428 22282 INFO rally.task.runner [-] Task 27c53ca9-67db-450c-a548-63f6a78734ed | ITER: 46 START
2019-12-05 09:10:22.553 22280 INFO rally.task.runner [-] Task 27c53ca9-67db-450c-a548-63f6a78734ed | ITER: 31 END: OK
2019-12-05 09:10:22.556 22280 INFO rally.task.runner [-] Task 27c53ca9-67db-450c-a548-63f6a78734ed | ITER: 47 START
2019-12-05 09:10:22.574 22285 INFO rally.task.runner [-] Task 27c53ca9-67db-450c-a548-63f6a78734ed | ITER: 24 END: OK
2019-12-05 09:10:22.577 22285 INFO rally.task.runner [-] Task 27c53ca9-67db-450c-a548-63f6a78734ed | ITER: 48 START
2019-12-05 09:10:22.649 22301 INFO rally.task.runner [-] Task 27c53ca9-67db-450c-a548-63f6a78734ed | ITER: 28 END: OK
2019-12-05 09:10:22.653 22301 INFO rally.task.runner [-] Task 27c53ca9-67db-450c-a548-63f6a78734ed | ITER: 49 START
2019-12-05 09:10:22.748 22293 INFO rally.task.runner [-] Task 27c53ca9-67db-450c-a548-63f6a78734ed | ITER: 27 END: OK
2019-12-05 09:10:22.752 22324 INFO rally.task.runner [-] Task 27c53ca9-67db-450c-a548-63f6a78734ed | ITER: 35 END: OK
2019-12-05 09:10:22.752 22293 INFO rally.task.runner [-] Task 27c53ca9-67db-450c-a548-63f6a78734ed | ITER: 50 START
2019-12-05 09:10:22.756 22324 INFO rally.task.runner [-] Task 27c53ca9-67db-450c-a548-63f6a78734ed | ITER: 51 START
2019-12-05 09:10:22.877 22296 INFO rally.task.runner [-] Task 27c53ca9-67db-450c-a548-63f6a78734ed | ITER: 32 END: OK
2019-12-05 09:10:22.877 22281 INFO rally.task.runner [-] Task 27c53ca9-67db-450c-a548-63f6a78734ed | ITER: 38 END: OK
2019-12-05 09:10:22.880 22296 INFO rally.task.runner [-] Task 27c53ca9-67db-450c-a548-63f6a78734ed | ITER: 52 START
2019-12-05 09:10:22.880 22281 INFO rally.task.runner [-] Task 27c53ca9-67db-450c-a548-63f6a78734ed | ITER: 53 START
2019-12-05 09:10:22.955 22281 INFO rally.task.runner [-] Task 27c53ca9-67db-450c-a548-63f6a78734ed | ITER: 34 END: OK
2019-12-05 09:10:22.959 22281 INFO rally.task.runner [-] Task 27c53ca9-67db-450c-a548-63f6a78734ed | ITER: 54 START
2019-12-05 09:10:22.960 22315 INFO rally.task.runner [-] Task 27c53ca9-67db-450c-a548-63f6a78734ed | ITER: 30 END: OK
2019-12-05 09:10:22.963 22315 INFO rally.task.runner [-] Task 27c53ca9-67db-450c-a548-63f6a78734ed | ITER: 55 START
2019-12-05 09:10:23.230 22280 INFO rally.task.runner [-] Task 27c53ca9-67db-450c-a548-63f6a78734ed | ITER: 37 END: OK
2019-12-05 09:10:23.234 22280 INFO rally.task.runner [-] Task 27c53ca9-67db-450c-a548-63f6a78734ed | ITER: 56 START
2019-12-05 09:10:23.245 22318 INFO rally.task.runner [-] Task 27c53ca9-67db-450c-a548-63f6a78734ed | ITER: 41 END: OK
2019-12-05 09:10:23.248 22318 INFO rally.task.runner [-] Task 27c53ca9-67db-450c-a548-63f6a78734ed | ITER: 57 START
2019-12-05 09:10:23.345 22321 INFO rally.task.runner [-] Task 27c53ca9-67db-450c-a548-63f6a78734ed | ITER: 39 END: OK
2019-12-05 09:10:23.349 22321 INFO rally.task.runner [-] Task 27c53ca9-67db-450c-a548-63f6a78734ed | ITER: 58 START
2019-12-05 09:10:23.362 22289 INFO rally.task.runner [-] Task 27c53ca9-67db-450c-a548-63f6a78734ed | ITER: 40 END: OK
2019-12-05 09:10:23.366 22289 INFO rally.task.runner [-] Task 27c53ca9-67db-450c-a548-63f6a78734ed | ITER: 59 START
2019-12-05 09:10:23.394 22282 INFO rally.task.runner [-] Task 27c53ca9-67db-450c-a548-63f6a78734ed | ITER: 44 END: OK
2019-12-05 09:10:23.396 22312 INFO rally.task.runner [-] Task 27c53ca9-67db-450c-a548-63f6a78734ed | ITER: 33 END: OK
2019-12-05 09:10:23.397 22282 INFO rally.task.runner [-] Task 27c53ca9-67db-450c-a548-63f6a78734ed | ITER: 60 START
2019-12-05 09:10:23.400 22312 INFO rally.task.runner [-] Task 27c53ca9-67db-450c-a548-63f6a78734ed | ITER: 61 START
2019-12-05 09:10:23.472 22283 INFO rally.task.runner [-] Task 27c53ca9-67db-450c-a548-63f6a78734ed | ITER: 43 END: OK
2019-12-05 09:10:23.476 22283 INFO rally.task.runner [-] Task 27c53ca9-67db-450c-a548-63f6a78734ed | ITER: 62 START
2019-12-05 09:10:23.608 22283 INFO rally.task.runner [-] Task 27c53ca9-67db-450c-a548-63f6a78734ed | ITER: 42 END: OK
2019-12-05 09:10:23.612 22283 INFO rally.task.runner [-] Task 27c53ca9-67db-450c-a548-63f6a78734ed | ITER: 63 START
2019-12-05 09:10:23.757 22280 INFO rally.task.runner [-] Task 27c53ca9-67db-450c-a548-63f6a78734ed | ITER: 47 END: OK
2019-12-05 09:10:23.761 22280 INFO rally.task.runner [-] Task 27c53ca9-67db-450c-a548-63f6a78734ed | ITER: 64 START
2019-12-05 09:10:23.906 22326 INFO rally.task.runner [-] Task 27c53ca9-67db-450c-a548-63f6a78734ed | ITER: 36 END: OK
2019-12-05 09:10:23.909 22326 INFO rally.task.runner [-] Task 27c53ca9-67db-450c-a548-63f6a78734ed | ITER: 65 START
2019-12-05 09:10:23.980 22309 INFO rally.task.runner [-] Task 27c53ca9-67db-450c-a548-63f6a78734ed | ITER: 45 END: OK
2019-12-05 09:10:23.981 22281 INFO rally.task.runner [-] Task 27c53ca9-67db-450c-a548-63f6a78734ed | ITER: 54 END: OK
2019-12-05 09:10:23.984 22309 INFO rally.task.runner [-] Task 27c53ca9-67db-450c-a548-63f6a78734ed | ITER: 66 START
2019-12-05 09:10:23.985 22281 INFO rally.task.runner [-] Task 27c53ca9-67db-450c-a548-63f6a78734ed | ITER: 67 START
2019-12-05 09:10:24.025 22282 INFO rally.task.runner [-] Task 27c53ca9-67db-450c-a548-63f6a78734ed | ITER: 46 END: OK
2019-12-05 09:10:24.029 22282 INFO rally.task.runner [-] Task 27c53ca9-67db-450c-a548-63f6a78734ed | ITER: 68 START
2019-12-05 09:10:24.182 22293 INFO rally.task.runner [-] Task 27c53ca9-67db-450c-a548-63f6a78734ed | ITER: 50 END: OK
2019-12-05 09:10:24.185 22293 INFO rally.task.runner [-] Task 27c53ca9-67db-450c-a548-63f6a78734ed | ITER: 69 START
2019-12-05 09:10:24.225 22285 INFO rally.task.runner [-] Task 27c53ca9-67db-450c-a548-63f6a78734ed | ITER: 48 END: OK
2019-12-05 09:10:24.228 22285 INFO rally.task.runner [-] Task 27c53ca9-67db-450c-a548-63f6a78734ed | ITER: 70 START
2019-12-05 09:10:24.288 22324 INFO rally.task.runner [-] Task 27c53ca9-67db-450c-a548-63f6a78734ed | ITER: 51 END: OK
2019-12-05 09:10:24.291 22324 INFO rally.task.runner [-] Task 27c53ca9-67db-450c-a548-63f6a78734ed | ITER: 71 START
2019-12-05 09:10:24.363 22315 INFO rally.task.runner [-] Task 27c53ca9-67db-450c-a548-63f6a78734ed | ITER: 55 END: OK
2019-12-05 09:10:24.366 22315 INFO rally.task.runner [-] Task 27c53ca9-67db-450c-a548-63f6a78734ed | ITER: 72 START
2019-12-05 09:10:24.656 22321 INFO rally.task.runner [-] Task 27c53ca9-67db-450c-a548-63f6a78734ed | ITER: 58 END: OK
2019-12-05 09:10:24.659 22321 INFO rally.task.runner [-] Task 27c53ca9-67db-450c-a548-63f6a78734ed | ITER: 73 START
2019-12-05 09:10:24.775 22283 INFO rally.task.runner [-] Task 27c53ca9-67db-450c-a548-63f6a78734ed | ITER: 63 END: OK
2019-12-05 09:10:24.778 22283 INFO rally.task.runner [-] Task 27c53ca9-67db-450c-a548-63f6a78734ed | ITER: 74 START
2019-12-05 09:10:24.784 22312 INFO rally.task.runner [-] Task 27c53ca9-67db-450c-a548-63f6a78734ed | ITER: 61 END: OK
2019-12-05 09:10:24.787 22312 INFO rally.task.runner [-] Task 27c53ca9-67db-450c-a548-63f6a78734ed | ITER: 75 START
2019-12-05 09:10:24.798 22281 INFO rally.task.runner [-] Task 27c53ca9-67db-450c-a548-63f6a78734ed | ITER: 53 END: OK
2019-12-05 09:10:24.801 22281 INFO rally.task.runner [-] Task 27c53ca9-67db-450c-a548-63f6a78734ed | ITER: 76 START
2019-12-05 09:10:24.865 22296 INFO rally.task.runner [-] Task 27c53ca9-67db-450c-a548-63f6a78734ed | ITER: 52 END: OK
2019-12-05 09:10:24.868 22296 INFO rally.task.runner [-] Task 27c53ca9-67db-450c-a548-63f6a78734ed | ITER: 77 START
2019-12-05 09:10:24.884 22301 INFO rally.task.runner [-] Task 27c53ca9-67db-450c-a548-63f6a78734ed | ITER: 49 END: OK
2019-12-05 09:10:24.888 22301 INFO rally.task.runner [-] Task 27c53ca9-67db-450c-a548-63f6a78734ed | ITER: 78 START
2019-12-05 09:10:24.960 22280 INFO rally.task.runner [-] Task 27c53ca9-67db-450c-a548-63f6a78734ed | ITER: 56 END: OK
2019-12-05 09:10:24.964 22280 INFO rally.task.runner [-] Task 27c53ca9-67db-450c-a548-63f6a78734ed | ITER: 79 START
2019-12-05 09:10:25.089 22283 INFO rally.task.runner [-] Task 27c53ca9-67db-450c-a548-63f6a78734ed | ITER: 62 END: OK
2019-12-05 09:10:25.092 22283 INFO rally.task.runner [-] Task 27c53ca9-67db-450c-a548-63f6a78734ed | ITER: 80 START
2019-12-05 09:10:25.139 22293 INFO rally.task.runner [-] Task 27c53ca9-67db-450c-a548-63f6a78734ed | ITER: 69 END: OK
2019-12-05 09:10:25.143 22293 INFO rally.task.runner [-] Task 27c53ca9-67db-450c-a548-63f6a78734ed | ITER: 81 START
2019-12-05 09:10:25.198 22289 INFO rally.task.runner [-] Task 27c53ca9-67db-450c-a548-63f6a78734ed | ITER: 59 END: OK
2019-12-05 09:10:25.202 22289 INFO rally.task.runner [-] Task 27c53ca9-67db-450c-a548-63f6a78734ed | ITER: 82 START
2019-12-05 09:10:25.323 22326 INFO rally.task.runner [-] Task 27c53ca9-67db-450c-a548-63f6a78734ed | ITER: 65 END: OK
2019-12-05 09:10:25.327 22326 INFO rally.task.runner [-] Task 27c53ca9-67db-450c-a548-63f6a78734ed | ITER: 83 START
2019-12-05 09:10:25.455 22280 INFO rally.task.runner [-] Task 27c53ca9-67db-450c-a548-63f6a78734ed | ITER: 64 END: OK
2019-12-05 09:10:25.459 22280 INFO rally.task.runner [-] Task 27c53ca9-67db-450c-a548-63f6a78734ed | ITER: 84 START
2019-12-05 09:10:25.591 22318 INFO rally.task.runner [-] Task 27c53ca9-67db-450c-a548-63f6a78734ed | ITER: 57 END: OK
2019-12-05 09:10:25.595 22318 INFO rally.task.runner [-] Task 27c53ca9-67db-450c-a548-63f6a78734ed | ITER: 85 START
2019-12-05 09:10:25.679 22324 INFO rally.task.runner [-] Task 27c53ca9-67db-450c-a548-63f6a78734ed | ITER: 71 END: OK
2019-12-05 09:10:25.683 22324 INFO rally.task.runner [-] Task 27c53ca9-67db-450c-a548-63f6a78734ed | ITER: 86 START
2019-12-05 09:10:25.773 22315 INFO rally.task.runner [-] Task 27c53ca9-67db-450c-a548-63f6a78734ed | ITER: 72 END: OK
2019-12-05 09:10:25.776 22315 INFO rally.task.runner [-] Task 27c53ca9-67db-450c-a548-63f6a78734ed | ITER: 87 START
2019-12-05 09:10:25.792 22281 INFO rally.task.runner [-] Task 27c53ca9-67db-450c-a548-63f6a78734ed | ITER: 67 END: OK
2019-12-05 09:10:25.795 22281 INFO rally.task.runner [-] Task 27c53ca9-67db-450c-a548-63f6a78734ed | ITER: 88 START
2019-12-05 09:10:25.804 22285 INFO rally.task.runner [-] Task 27c53ca9-67db-450c-a548-63f6a78734ed | ITER: 70 END: OK
2019-12-05 09:10:25.808 22285 INFO rally.task.runner [-] Task 27c53ca9-67db-450c-a548-63f6a78734ed | ITER: 89 START
2019-12-05 09:10:25.819 22282 INFO rally.task.runner [-] Task 27c53ca9-67db-450c-a548-63f6a78734ed | ITER: 68 END: OK
2019-12-05 09:10:25.822 22282 INFO rally.task.runner [-] Task 27c53ca9-67db-450c-a548-63f6a78734ed | ITER: 90 START
2019-12-05 09:10:26.043 22282 INFO rally.task.runner [-] Task 27c53ca9-67db-450c-a548-63f6a78734ed | ITER: 60 END: OK
2019-12-05 09:10:26.046 22283 INFO rally.task.runner [-] Task 27c53ca9-67db-450c-a548-63f6a78734ed | ITER: 74 END: OK
2019-12-05 09:10:26.047 22282 INFO rally.task.runner [-] Task 27c53ca9-67db-450c-a548-63f6a78734ed | ITER: 91 START
2019-12-05 09:10:26.049 22283 INFO rally.task.runner [-] Task 27c53ca9-67db-450c-a548-63f6a78734ed | ITER: 92 START
2019-12-05 09:10:26.185 22321 INFO rally.task.runner [-] Task 27c53ca9-67db-450c-a548-63f6a78734ed | ITER: 73 END: OK
2019-12-05 09:10:26.190 22321 INFO rally.task.runner [-] Task 27c53ca9-67db-450c-a548-63f6a78734ed | ITER: 93 START
2019-12-05 09:10:26.328 22293 INFO rally.task.runner [-] Task 27c53ca9-67db-450c-a548-63f6a78734ed | ITER: 81 END: OK
2019-12-05 09:10:26.331 22293 INFO rally.task.runner [-] Task 27c53ca9-67db-450c-a548-63f6a78734ed | ITER: 94 START
2019-12-05 09:10:26.367 22281 INFO rally.task.runner [-] Task 27c53ca9-67db-450c-a548-63f6a78734ed | ITER: 76 END: OK
2019-12-05 09:10:26.368 22283 INFO rally.task.runner [-] Task 27c53ca9-67db-450c-a548-63f6a78734ed | ITER: 80 END: OK
2019-12-05 09:10:26.371 22281 INFO rally.task.runner [-] Task 27c53ca9-67db-450c-a548-63f6a78734ed | ITER: 95 START
2019-12-05 09:10:26.376 22283 INFO rally.task.runner [-] Task 27c53ca9-67db-450c-a548-63f6a78734ed | ITER: 96 START
2019-12-05 09:10:26.542 22280 INFO rally.task.runner [-] Task 27c53ca9-67db-450c-a548-63f6a78734ed | ITER: 84 END: OK
2019-12-05 09:10:26.545 22280 INFO rally.task.runner [-] Task 27c53ca9-67db-450c-a548-63f6a78734ed | ITER: 97 START
2019-12-05 09:10:26.605 22280 INFO rally.task.runner [-] Task 27c53ca9-67db-450c-a548-63f6a78734ed | ITER: 79 END: OK
2019-12-05 09:10:26.608 22280 INFO rally.task.runner [-] Task 27c53ca9-67db-450c-a548-63f6a78734ed | ITER: 98 START
2019-12-05 09:10:26.699 22326 INFO rally.task.runner [-] Task 27c53ca9-67db-450c-a548-63f6a78734ed | ITER: 83 END: OK
2019-12-05 09:10:26.701 22309 INFO rally.task.runner [-] Task 27c53ca9-67db-450c-a548-63f6a78734ed | ITER: 66 END: OK
2019-12-05 09:10:26.703 22326 INFO rally.task.runner [-] Task 27c53ca9-67db-450c-a548-63f6a78734ed | ITER: 99 START
2019-12-05 09:10:26.704 22309 INFO rally.task.runner [-] Task 27c53ca9-67db-450c-a548-63f6a78734ed | ITER: 100 START
2019-12-05 09:10:26.798 22312 INFO rally.task.runner [-] Task 27c53ca9-67db-450c-a548-63f6a78734ed | ITER: 75 END: OK
2019-12-05 09:10:26.872 22318 INFO rally.task.runner [-] Task 27c53ca9-67db-450c-a548-63f6a78734ed | ITER: 85 END: OK
2019-12-05 09:10:26.914 22301 INFO rally.task.runner [-] Task 27c53ca9-67db-450c-a548-63f6a78734ed | ITER: 78 END: OK
2019-12-05 09:10:26.999 22289 INFO rally.task.runner [-] Task 27c53ca9-67db-450c-a548-63f6a78734ed | ITER: 82 END: OK
2019-12-05 09:10:27.030 22296 INFO rally.task.runner [-] Task 27c53ca9-67db-450c-a548-63f6a78734ed | ITER: 77 END: OK
2019-12-05 09:10:27.134 22281 INFO rally.task.runner [-] Task 27c53ca9-67db-450c-a548-63f6a78734ed | ITER: 88 END: OK
2019-12-05 09:10:27.185 22324 INFO rally.task.runner [-] Task 27c53ca9-67db-450c-a548-63f6a78734ed | ITER: 86 END: OK
2019-12-05 09:10:27.244 22285 INFO rally.task.runner [-] Task 27c53ca9-67db-450c-a548-63f6a78734ed | ITER: 89 END: OK
2019-12-05 09:10:27.249 22282 INFO rally.task.runner [-] Task 27c53ca9-67db-450c-a548-63f6a78734ed | ITER: 90 END: OK
2019-12-05 09:10:27.356 22293 INFO rally.task.runner [-] Task 27c53ca9-67db-450c-a548-63f6a78734ed | ITER: 94 END: OK
2019-12-05 09:10:27.419 22283 INFO rally.task.runner [-] Task 27c53ca9-67db-450c-a548-63f6a78734ed | ITER: 96 END: OK
2019-12-05 09:10:27.467 22315 INFO rally.task.runner [-] Task 27c53ca9-67db-450c-a548-63f6a78734ed | ITER: 87 END: OK
2019-12-05 09:10:27.500 22281 INFO rally.task.runner [-] Task 27c53ca9-67db-450c-a548-63f6a78734ed | ITER: 95 END: OK
2019-12-05 09:10:27.582 22283 INFO rally.task.runner [-] Task 27c53ca9-67db-450c-a548-63f6a78734ed | ITER: 92 END: OK
2019-12-05 09:10:27.609 22280 INFO rally.task.runner [-] Task 27c53ca9-67db-450c-a548-63f6a78734ed | ITER: 97 END: OK
2019-12-05 09:10:27.616 22282 INFO rally.task.runner [-] Task 27c53ca9-67db-450c-a548-63f6a78734ed | ITER: 91 END: OK
2019-12-05 09:10:27.657 22280 INFO rally.task.runner [-] Task 27c53ca9-67db-450c-a548-63f6a78734ed | ITER: 98 END: OK
2019-12-05 09:10:27.677 22326 INFO rally.task.runner [-] Task 27c53ca9-67db-450c-a548-63f6a78734ed | ITER: 99 END: OK
2019-12-05 09:10:27.678 22321 INFO rally.task.runner [-] Task 27c53ca9-67db-450c-a548-63f6a78734ed | ITER: 93 END: OK
2019-12-05 09:10:27.763 22309 INFO rally.task.runner [-] Task 27c53ca9-67db-450c-a548-63f6a78734ed | ITER: 100 END: OK
2019-12-05 09:10:27.787 22156 INFO rally.task.context [-] Task 27c53ca9-67db-450c-a548-63f6a78734ed | Context cleanup@openstack cleanup() started
2019-12-05 09:10:27.790 22156 RALLYDEBUG rally_openstack.cleanup.manager [-] Cleaning up neutron vip objects
2019-12-05 09:10:28.187 22156 RALLYDEBUG rally_openstack.cleanup.manager [-] Cleaning up neutron health_monitor objects
2019-12-05 09:10:28.592 22156 RALLYDEBUG rally_openstack.cleanup.manager [-] Cleaning up neutron pool objects
2019-12-05 09:10:28.993 22156 RALLYDEBUG rally_openstack.cleanup.manager [-] Cleaning up neutron loadbalancer objects
2019-12-05 09:10:29.379 22156 RALLYDEBUG rally_openstack.cleanup.manager [-] Cleaning up neutron floatingip objects
2019-12-05 09:10:30.124 22156 RALLYDEBUG rally_openstack.cleanup.manager [-] Cleaning up neutron trunk objects
2019-12-05 09:10:30.549 22156 RALLYDEBUG rally_openstack.cleanup.manager [-] Cleaning up neutron port objects
2019-12-05 09:10:30.994 22156 RALLYDEBUG rally_openstack.cleanup.manager [-] Cleaning up neutron subnet objects
2019-12-05 09:10:31.404 22156 RALLYDEBUG rally_openstack.cleanup.manager [-] Cleaning up neutron network objects
2019-12-05 09:10:32.130 22156 RALLYDEBUG rally_openstack.cleanup.manager [-] Deleting neutron.network object s_rally_292f9c8f_asujlNXz (0bdc5727-6944-46f3-8f39-cd940d84a46c)
2019-12-05 09:10:32.133 22156 RALLYDEBUG rally_openstack.cleanup.manager [-] Deleting neutron.network object s_rally_292f9c8f_6PKimdTp (13913106-5a1b-4bf9-91a0-1eb6f48a299a)
2019-12-05 09:10:32.140 22156 RALLYDEBUG rally_openstack.cleanup.manager [-] Deleting neutron.network object s_rally_292f9c8f_PbceE1TY (20ba1f2b-c370-4694-8c0b-6b168843045b)
2019-12-05 09:10:32.146 22156 RALLYDEBUG rally_openstack.cleanup.manager [-] Deleting neutron.network object s_rally_292f9c8f_bGLFuVaW (086d0784-d3bf-4396-b9b5-68c71bea79d1)
2019-12-05 09:10:32.146 22156 RALLYDEBUG rally_openstack.cleanup.manager [-] Deleting neutron.network object s_rally_292f9c8f_QMNscizS (1bf3becc-0e96-49d4-8d2d-c7c184a16a2a)
2019-12-05 09:10:32.146 22156 RALLYDEBUG rally_openstack.cleanup.manager [-] Deleting neutron.network object s_rally_292f9c8f_D0WiS20c (42b6d276-329b-4b90-8580-e0a3bfb3737e)
2019-12-05 09:10:32.149 22156 RALLYDEBUG rally_openstack.cleanup.manager [-] Deleting neutron.network object s_rally_292f9c8f_1Zym1a52 (48eba035-4aaa-49df-bc24-daa4d703a6b8)
2019-12-05 09:10:32.149 22156 RALLYDEBUG rally_openstack.cleanup.manager [-] Deleting neutron.network object s_rally_292f9c8f_YZC5GYpa (2afbdfbd-6053-49a4-91a7-f46f7eb8b75b)
2019-12-05 09:10:32.149 22156 RALLYDEBUG rally_openstack.cleanup.manager [-] Deleting neutron.network object s_rally_292f9c8f_onl24rnf (3f90c980-0d91-4417-a4d6-b127de0a3897)
2019-12-05 09:10:32.152 22156 RALLYDEBUG rally_openstack.cleanup.manager [-] Deleting neutron.network object s_rally_292f9c8f_iiUrOdCy (25985e87-6ca3-4570-90ef-c62bf30e8c76)
2019-12-05 09:10:32.162 22156 RALLYDEBUG rally_openstack.cleanup.manager [-] Deleting neutron.network object s_rally_292f9c8f_vlRVeEx4 (0fefd071-e111-4422-b0cd-2ff634f47d8b)
2019-12-05 09:10:32.171 22156 RALLYDEBUG rally_openstack.cleanup.manager [-] Deleting neutron.network object s_rally_292f9c8f_WG2H1s2y (34de32dd-9989-4ce4-ac9f-351dae05f3b8)
2019-12-05 09:10:32.173 22156 RALLYDEBUG rally_openstack.cleanup.manager [-] Deleting neutron.network object s_rally_292f9c8f_Jh1hWHKc (2550d555-0bb0-4e14-b09f-eb4e4795650f)
2019-12-05 09:10:32.181 22156 RALLYDEBUG rally_openstack.cleanup.manager [-] Deleting neutron.network object s_rally_292f9c8f_aHAvDZUu (119cb76c-58c8-4efb-98ba-ecad6cea7b9f)
2019-12-05 09:10:32.178 22156 RALLYDEBUG rally_openstack.cleanup.manager [-] Deleting neutron.network object s_rally_292f9c8f_6WWU1CyK (0e88f283-8555-451c-bc3a-c32596ea3c68)
2019-12-05 09:10:32.187 22156 RALLYDEBUG rally_openstack.cleanup.manager [-] Deleting neutron.network object s_rally_292f9c8f_ZzB38vAQ (2e5f460f-02d7-48c8-bb98-eb5abb4f4aee)
2019-12-05 09:10:32.189 22156 RALLYDEBUG rally_openstack.cleanup.manager [-] Deleting neutron.network object s_rally_292f9c8f_yHhmCZwj (1fd13151-f238-45c3-ac87-5a811071061a)
2019-12-05 09:10:32.189 22156 RALLYDEBUG rally_openstack.cleanup.manager [-] Deleting neutron.network object s_rally_292f9c8f_AipTTKWw (3d86da1b-83e3-4906-9867-c2f689445ec9)
2019-12-05 09:10:32.195 22156 RALLYDEBUG rally_openstack.cleanup.manager [-] Deleting neutron.network object s_rally_292f9c8f_r0gre0kB (1915c3ed-79f9-4daa-93e3-20a6a8a109bb)
2019-12-05 09:10:32.209 22156 RALLYDEBUG rally_openstack.cleanup.manager [-] Deleting neutron.network object s_rally_292f9c8f_LWOPLiMi (46f68a36-7434-41d1-a2ca-950f53b923d8)
2019-12-05 09:10:34.548 22156 RALLYDEBUG rally_openstack.cleanup.manager [-] Deleting neutron.network object s_rally_292f9c8f_MPvkOjZs (4e2bdcde-1d75-4ca8-bb5c-573c42a6d09c)
2019-12-05 09:10:34.587 22156 RALLYDEBUG rally_openstack.cleanup.manager [-] Deleting neutron.network object s_rally_292f9c8f_ICGhPbwF (4ef70129-2688-4bb4-96bc-06a2a171bcad)
2019-12-05 09:10:34.693 22156 RALLYDEBUG rally_openstack.cleanup.manager [-] Deleting neutron.network object s_rally_292f9c8f_QQpYXRSt (50e00797-f6e3-4499-ad17-f99652aaba6e)
2019-12-05 09:10:34.963 22156 RALLYDEBUG rally_openstack.cleanup.manager [-] Deleting neutron.network object s_rally_292f9c8f_inoul4T4 (5192d77b-32f5-4552-9497-2ecdc1377807)
2019-12-05 09:10:35.005 22156 RALLYDEBUG rally_openstack.cleanup.manager [-] Deleting neutron.network object s_rally_292f9c8f_weXQY3fU (519fc784-fd4b-4f3d-a0a6-a209e10a7fc0)
2019-12-05 09:10:35.209 22156 RALLYDEBUG rally_openstack.cleanup.manager [-] Deleting neutron.network object s_rally_292f9c8f_gj18ENNO (51d55205-88e9-47ca-babc-a7d48c7e6b3b)
2019-12-05 09:10:35.239 22156 RALLYDEBUG rally_openstack.cleanup.manager [-] Deleting neutron.network object s_rally_292f9c8f_Imzy4UaI (52718010-3451-44ab-845a-68759cedc7c2)
2019-12-05 09:10:35.457 22156 RALLYDEBUG rally_openstack.cleanup.manager [-] Deleting neutron.network object s_rally_292f9c8f_cOPLpixZ (56483a9e-2b97-4e21-999d-6d49a5085660)
2019-12-05 09:10:35.492 22156 RALLYDEBUG rally_openstack.cleanup.manager [-] Deleting neutron.network object s_rally_292f9c8f_ycy3cEqA (56c5a633-e747-40ba-b8b0-86eb700dce37)
2019-12-05 09:10:35.501 22156 RALLYDEBUG rally_openstack.cleanup.manager [-] Deleting neutron.network object s_rally_292f9c8f_dDeBhcu6 (58f21a2d-b924-45aa-b9de-f89e09d4c531)
2019-12-05 09:10:35.515 22156 RALLYDEBUG rally_openstack.cleanup.manager [-] Deleting neutron.network object s_rally_292f9c8f_W2KFXBu4 (59e3675c-2bdd-414e-b3fd-e165ccdecd6c)
2019-12-05 09:10:35.541 22156 RALLYDEBUG rally_openstack.cleanup.manager [-] Deleting neutron.network object s_rally_292f9c8f_FE828zzB (5aeb3541-7b5a-4fd0-bee1-63caeb16cf38)
2019-12-05 09:10:35.550 22156 RALLYDEBUG rally_openstack.cleanup.manager [-] Deleting neutron.network object s_rally_292f9c8f_QZDEZS1c (5f008e47-2603-4af2-a6a9-68fcf59427be)
2019-12-05 09:10:35.550 22156 RALLYDEBUG rally_openstack.cleanup.manager [-] Deleting neutron.network object s_rally_292f9c8f_uQbVPe5E (61790d58-9413-4db2-a8c9-5f954b64d1c6)
2019-12-05 09:10:35.720 22156 RALLYDEBUG rally_openstack.cleanup.manager [-] Deleting neutron.network object s_rally_292f9c8f_9QZ9kadQ (619013bc-9202-4a11-a7db-633a896be9d9)
2019-12-05 09:10:35.739 22156 RALLYDEBUG rally_openstack.cleanup.manager [-] Deleting neutron.network object s_rally_292f9c8f_Jg2R4JLb (67caffdc-f222-4f91-a1f8-dd2d571cbaca)
2019-12-05 09:10:35.742 22156 RALLYDEBUG rally_openstack.cleanup.manager [-] Deleting neutron.network object s_rally_292f9c8f_fudQ4L5Y (69fbd737-11f8-4a8d-9d26-d2947b9a8d93)
2019-12-05 09:10:36.093 22156 RALLYDEBUG rally_openstack.cleanup.manager [-] Deleting neutron.network object s_rally_292f9c8f_zTylNon0 (6b4cf298-3d56-44b3-9284-f9865b01efb2)
2019-12-05 09:10:36.106 22156 RALLYDEBUG rally_openstack.cleanup.manager [-] Deleting neutron.network object s_rally_292f9c8f_3cO9vElw (6e146217-14b5-4d1d-8110-48fd4b66a9d6)
2019-12-05 09:10:36.126 22156 RALLYDEBUG rally_openstack.cleanup.manager [-] Deleting neutron.network object s_rally_292f9c8f_G1YN1xxl (735d1588-9b00-4be9-9f10-3e3412d62548)
2019-12-05 09:10:36.609 22156 RALLYDEBUG rally_openstack.cleanup.manager [-] Deleting neutron.network object s_rally_292f9c8f_NT8jMOoh (776608fe-a571-423c-9fa9-10d73c6fa340)
2019-12-05 09:10:36.747 22156 RALLYDEBUG rally_openstack.cleanup.manager [-] Deleting neutron.network object s_rally_292f9c8f_eYccjjuq (786e8308-9ef6-4bfe-bc7c-f8ea02e9f1da)
2019-12-05 09:10:37.072 22156 RALLYDEBUG rally_openstack.cleanup.manager [-] Deleting neutron.network object s_rally_292f9c8f_qU1oaLM9 (7b6eff41-1965-4368-a490-3f15de45bcc3)
2019-12-05 09:10:37.387 22156 RALLYDEBUG rally_openstack.cleanup.manager [-] Deleting neutron.network object s_rally_292f9c8f_AWfsbwWD (7f171dcf-2458-420e-910d-2a9a8323b975)
2019-12-05 09:10:37.494 22156 RALLYDEBUG rally_openstack.cleanup.manager [-] Deleting neutron.network object s_rally_292f9c8f_32g4gaEn (801d46e9-6830-4443-b49f-b8b35d08ed5f)
2019-12-05 09:10:37.597 22156 RALLYDEBUG rally_openstack.cleanup.manager [-] Deleting neutron.network object s_rally_292f9c8f_ThgYmoB8 (80254f7c-41e7-440e-9e0c-6bef0197eb59)
2019-12-05 09:10:38.054 22156 RALLYDEBUG rally_openstack.cleanup.manager [-] Deleting neutron.network object s_rally_292f9c8f_dnVtF3fL (804f12f1-96e9-423f-b549-3ca0d22e47b7)
2019-12-05 09:10:38.157 22156 RALLYDEBUG rally_openstack.cleanup.manager [-] Deleting neutron.network object s_rally_292f9c8f_sDetQkVO (815e21fd-caea-4e3f-9d27-d7e264f4aaca)
2019-12-05 09:10:38.262 22156 RALLYDEBUG rally_openstack.cleanup.manager [-] Deleting neutron.network object s_rally_292f9c8f_TufC9kEW (8313ce18-323e-4a9f-a213-44cf1268fd32)
2019-12-05 09:10:38.284 22156 RALLYDEBUG rally_openstack.cleanup.manager [-] Deleting neutron.network object s_rally_292f9c8f_D2lpD1CT (845f1811-c3c9-4f66-b11f-17bad1d04c01)
2019-12-05 09:10:38.412 22156 RALLYDEBUG rally_openstack.cleanup.manager [-] Deleting neutron.network object s_rally_292f9c8f_6tBONsF8 (86f77086-23c5-4473-bf92-cb2f0d2d69b6)
2019-12-05 09:10:38.413 22156 RALLYDEBUG rally_openstack.cleanup.manager [-] Deleting neutron.network object s_rally_292f9c8f_IQUGqoUE (889afd6b-0456-4110-982f-e3dc340fa190)
2019-12-05 09:10:38.455 22156 RALLYDEBUG rally_openstack.cleanup.manager [-] Deleting neutron.network object s_rally_292f9c8f_3LTSuo6H (8991a96c-132b-44a9-a0e4-597cd1ee7d9b)
2019-12-05 09:10:38.483 22156 RALLYDEBUG rally_openstack.cleanup.manager [-] Deleting neutron.network object s_rally_292f9c8f_JpKoJ0Ht (8af40302-4a09-45f8-a7fd-40d76f949a34)
2019-12-05 09:10:38.524 22156 RALLYDEBUG rally_openstack.cleanup.manager [-] Deleting neutron.network object s_rally_292f9c8f_y6iQ6mNx (93da05c2-2216-4df9-b47f-e53a441fe4a6)
2019-12-05 09:10:38.546 22156 RALLYDEBUG rally_openstack.cleanup.manager [-] Deleting neutron.network object s_rally_292f9c8f_qK4TkCgC (96395b7c-adb5-44b7-b4a2-b5867c7ac64e)
2019-12-05 09:10:38.573 22156 RALLYDEBUG rally_openstack.cleanup.manager [-] Deleting neutron.network object s_rally_292f9c8f_qyTr6G9Y (973c2141-71ac-470c-ad24-f66bae5eeecd)
2019-12-05 09:10:38.596 22156 RALLYDEBUG rally_openstack.cleanup.manager [-] Deleting neutron.network object s_rally_292f9c8f_BTANUmAc (9ecd591c-45c6-46aa-90e2-6684726bf513)
2019-12-05 09:10:38.654 22156 RALLYDEBUG rally_openstack.cleanup.manager [-] Deleting neutron.network object s_rally_292f9c8f_556KLq0I (a091c6fd-3127-433e-803c-2034c48ced44)
2019-12-05 09:10:38.691 22156 RALLYDEBUG rally_openstack.cleanup.manager [-] Deleting neutron.network object s_rally_292f9c8f_HuKWcdyT (a5836983-946f-44a5-b064-5f123a4f7c4e)
2019-12-05 09:10:38.711 22156 RALLYDEBUG rally_openstack.cleanup.manager [-] Deleting neutron.network object s_rally_292f9c8f_PSNEZlE8 (a82e0262-50f4-4e3e-b74d-32a11f6aac2f)
2019-12-05 09:10:38.875 22156 RALLYDEBUG rally_openstack.cleanup.manager [-] Deleting neutron.network object s_rally_292f9c8f_nG4KTXg6 (a8aebbc8-2f45-41a4-84b6-a0967ef5d53a)
2019-12-05 09:10:39.101 22156 RALLYDEBUG rally_openstack.cleanup.manager [-] Deleting neutron.network object s_rally_292f9c8f_7i5AAQQA (aab71428-f68b-4e09-90a7-5352760a5bda)
2019-12-05 09:10:39.534 22156 RALLYDEBUG rally_openstack.cleanup.manager [-] Deleting neutron.network object s_rally_292f9c8f_OBYzJmsf (adb96acd-0aec-4cef-b340-09a4e666f029)
2019-12-05 09:10:39.672 22156 RALLYDEBUG rally_openstack.cleanup.manager [-] Deleting neutron.network object s_rally_292f9c8f_CmZzxmp0 (b1843690-6795-4fd3-aeb6-f400de7cf5db)
2019-12-05 09:10:39.965 22156 RALLYDEBUG rally_openstack.cleanup.manager [-] Deleting neutron.network object s_rally_292f9c8f_BwaicZEV (b2c22a4b-030b-4c17-b9ef-4acf8e76ad8a)
2019-12-05 09:10:40.532 22156 RALLYDEBUG rally_openstack.cleanup.manager [-] Deleting neutron.network object s_rally_292f9c8f_oUas9o58 (b72f6f45-d1d0-49b2-87ea-46f9a3510675)
2019-12-05 09:10:40.678 22156 RALLYDEBUG rally_openstack.cleanup.manager [-] Deleting neutron.network object s_rally_292f9c8f_LrP9cIYo (b8a60af3-0dfc-401d-9fda-dc91f5f9cb38)
2019-12-05 09:10:40.689 22156 RALLYDEBUG rally_openstack.cleanup.manager [-] Deleting neutron.network object s_rally_292f9c8f_qnVdk8On (bbc7fb1d-a917-4f14-8987-7828aa3d8f1b)
2019-12-05 09:10:40.754 22156 RALLYDEBUG rally_openstack.cleanup.manager [-] Deleting neutron.network object s_rally_292f9c8f_JT1yS7pv (c197c49c-b3c4-45c3-864b-ab8d7efc1a4d)
2019-12-05 09:10:40.862 22156 RALLYDEBUG rally_openstack.cleanup.manager [-] Deleting neutron.network object s_rally_292f9c8f_WaogorLt (c34ffef9-7118-4227-a272-25377b1eac6f)
2019-12-05 09:10:40.882 22156 RALLYDEBUG rally_openstack.cleanup.manager [-] Deleting neutron.network object s_rally_292f9c8f_9HXYC5y8 (c46ae746-1e7f-42e4-8e3f-813336940b5e)
2019-12-05 09:10:40.974 22156 RALLYDEBUG rally_openstack.cleanup.manager [-] Deleting neutron.network object s_rally_292f9c8f_IMW010gi (c509baab-2c12-47ff-8c2d-0fc7448628d2)
2019-12-05 09:10:40.991 22156 RALLYDEBUG rally_openstack.cleanup.manager [-] Deleting neutron.network object s_rally_292f9c8f_ERWQoWGl (c8f71ba3-d90f-4f6f-ab5b-990fdb930469)
2019-12-05 09:10:41.028 22156 RALLYDEBUG rally_openstack.cleanup.manager [-] Deleting neutron.network object s_rally_292f9c8f_glAHTzli (d0a872f5-a9b9-4cfb-ac98-be8e78a54cea)
2019-12-05 09:10:41.190 22156 RALLYDEBUG rally_openstack.cleanup.manager [-] Deleting neutron.network object s_rally_292f9c8f_INoV7FfJ (d37291db-86ca-40f5-8c4b-835d93148d20)
2019-12-05 09:10:41.233 22156 RALLYDEBUG rally_openstack.cleanup.manager [-] Deleting neutron.network object s_rally_292f9c8f_tZrUrCHY (d3bf48a9-1055-4438-810a-00cecc6b4ac8)
2019-12-05 09:10:41.236 22156 RALLYDEBUG rally_openstack.cleanup.manager [-] Deleting neutron.network object s_rally_292f9c8f_dhrT2frb (d67c7df5-c17a-4632-8494-0be539abd781)
2019-12-05 09:10:41.448 22156 RALLYDEBUG rally_openstack.cleanup.manager [-] Deleting neutron.network object s_rally_292f9c8f_kHgV9yNp (d76fb527-f25b-4884-9fc1-93bf14e68418)
2019-12-05 09:10:41.576 22156 RALLYDEBUG rally_openstack.cleanup.manager [-] Deleting neutron.network object s_rally_292f9c8f_TVVRWQSE (da4b2f0b-c184-4559-a1f0-9c805ab01bc8)
2019-12-05 09:10:41.580 22156 RALLYDEBUG rally_openstack.cleanup.manager [-] Deleting neutron.network object s_rally_292f9c8f_T0lKnMyb (da516c5c-abb6-43c5-94fe-b62f3999e0e7)
2019-12-05 09:10:41.612 22156 RALLYDEBUG rally_openstack.cleanup.manager [-] Deleting neutron.network object s_rally_292f9c8f_SwUqPKmc (dabad0d8-9763-41a1-b1b1-8a89e3ddfbea)
2019-12-05 09:10:41.675 22156 RALLYDEBUG rally_openstack.cleanup.manager [-] Deleting neutron.network object s_rally_292f9c8f_OJptmMhy (daf92d52-cde4-4cc9-803c-d36eab3ad940)
2019-12-05 09:10:41.764 22156 RALLYDEBUG rally_openstack.cleanup.manager [-] Deleting neutron.network object s_rally_292f9c8f_DMvKO6ub (e0ef7e00-2523-4d97-ac49-c95ec09c9c17)
2019-12-05 09:10:41.793 22156 RALLYDEBUG rally_openstack.cleanup.manager [-] Deleting neutron.network object s_rally_292f9c8f_QVdiZRUz (e3ccc2c1-0c61-4260-8b97-ae4eb42600dd)
2019-12-05 09:10:42.314 22156 RALLYDEBUG rally_openstack.cleanup.manager [-] Deleting neutron.network object s_rally_292f9c8f_OczdZ55c (e5edfe93-4ae7-4e58-8f89-cc5a87fbd56f)
2019-12-05 09:10:42.873 22156 RALLYDEBUG rally_openstack.cleanup.manager [-] Deleting neutron.network object s_rally_292f9c8f_CqtAwN1M (ecc4d5dd-1b46-4deb-a755-357ec4948bb9)
2019-12-05 09:10:43.175 22156 RALLYDEBUG rally_openstack.cleanup.manager [-] Deleting neutron.network object s_rally_292f9c8f_S85yXqWn (eda6557e-689b-4fa0-b643-05505791bb67)
2019-12-05 09:10:43.229 22156 RALLYDEBUG rally_openstack.cleanup.manager [-] Deleting neutron.network object s_rally_292f9c8f_9AHrukUg (ee005f19-c943-489e-8657-87ede48e0b16)
2019-12-05 09:10:43.337 22156 RALLYDEBUG rally_openstack.cleanup.manager [-] Deleting neutron.network object s_rally_292f9c8f_fflM87Md (ee1851e0-2abe-4c38-99fc-81dbc3d6737f)
2019-12-05 09:10:43.507 22156 RALLYDEBUG rally_openstack.cleanup.manager [-] Deleting neutron.network object s_rally_292f9c8f_mWVVDyoL (ee679820-74da-49bc-b8dd-7a21426a34de)
2019-12-05 09:10:43.576 22156 RALLYDEBUG rally_openstack.cleanup.manager [-] Deleting neutron.network object s_rally_292f9c8f_wIZP1egv (f3576282-ede1-4dfe-8b67-19db37ffe348)
2019-12-05 09:10:43.619 22156 RALLYDEBUG rally_openstack.cleanup.manager [-] Deleting neutron.network object s_rally_292f9c8f_utspR4YN (f506bec1-4693-46d9-93a0-f49844dccc0b)
2019-12-05 09:10:43.670 22156 RALLYDEBUG rally_openstack.cleanup.manager [-] Deleting neutron.network object s_rally_292f9c8f_04lF2DiQ (f60dbffd-0dac-466a-aabb-762338094708)
2019-12-05 09:10:43.822 22156 RALLYDEBUG rally_openstack.cleanup.manager [-] Deleting neutron.network object s_rally_292f9c8f_mfAL5uTz (f659e095-4730-4821-915f-f0ea2b0cd133)
2019-12-05 09:10:43.891 22156 RALLYDEBUG rally_openstack.cleanup.manager [-] Deleting neutron.network object s_rally_292f9c8f_z72MaUhL (f8223bb6-06f6-49a4-801b-3e45b7d712a5)
