2019-12-05 09:14:45.097 24350 WARNING rally_openstack.scenarios.neutron.utils [-] Running this scenario without either the 'network' or 'existing_network' context is deprecated
2019-12-05 09:14:45.098 24355 WARNING rally_openstack.scenarios.neutron.utils [-] Running this scenario without either the 'network' or 'existing_network' context is deprecated
2019-12-05 09:14:45.098 24353 INFO rally.task.runner [-] Task 27c53ca9-67db-450c-a548-63f6a78734ed | ITER: 6 START
2019-12-05 09:14:45.098 24362 RALLYDEBUG rally.task.runner [-] Starting a worker. concurrency: 1 args: {"network_create_args": {}, "subnet_create_args": {}, "subnet_cidr_start": "1.1.0.0/30", "subnets_per_network": 2} times: 40 method_name: run timeout: 0 duration: None cls:
2019-12-05 09:14:45.102 24352 INFO rally.task.runner [-] Task 27c53ca9-67db-450c-a548-63f6a78734ed | ITER: 7 START
2019-12-05 09:14:45.099 24353 WARNING rally_openstack.scenarios.neutron.utils [-] Running this scenario without either the 'network' or 'existing_network' context is deprecated
2019-12-05 09:14:45.101 24365 RALLYDEBUG rally.task.runner [-] Starting a worker. concurrency: 1 args: {"network_create_args": {}, "subnet_create_args": {}, "subnet_cidr_start": "1.1.0.0/30", "subnets_per_network": 2} times: 40 method_name: run timeout: 0 duration: None cls:
2019-12-05 09:14:45.102 24352 WARNING rally_openstack.scenarios.neutron.utils [-] Running this scenario without either the 'network' or 'existing_network' context is deprecated
2019-12-05 09:14:45.105 24362 INFO rally.task.runner [-] Task 27c53ca9-67db-450c-a548-63f6a78734ed | ITER: 11 START
2019-12-05 09:14:45.104 24370 RALLYDEBUG rally.task.runner [-] Starting a worker. concurrency: 1 args: {"network_create_args": {}, "subnet_create_args": {}, "subnet_cidr_start": "1.1.0.0/30", "subnets_per_network": 2} times: 40 method_name: run timeout: 0 duration: None cls:
2019-12-05 09:14:45.105 24358 INFO rally.task.runner [-] Task 27c53ca9-67db-450c-a548-63f6a78734ed | ITER: 10 START
2019-12-05 09:14:45.106 24362 WARNING rally_openstack.scenarios.neutron.utils [-] Running this scenario without either the 'network' or 'existing_network' context is deprecated
2019-12-05 09:14:45.107 24358 WARNING rally_openstack.scenarios.neutron.utils [-] Running this scenario without either the 'network' or 'existing_network' context is deprecated
2019-12-05 09:14:45.108 24365 INFO rally.task.runner [-] Task 27c53ca9-67db-450c-a548-63f6a78734ed | ITER: 12 START
2019-12-05 09:14:45.109 24365 WARNING rally_openstack.scenarios.neutron.utils [-] Running this scenario without either the 'network' or 'existing_network' context is deprecated
2019-12-05 09:14:45.111 24370 INFO rally.task.runner [-] Task 27c53ca9-67db-450c-a548-63f6a78734ed | ITER: 13 START
2019-12-05 09:14:45.113 24370 WARNING rally_openstack.scenarios.neutron.utils [-] Running this scenario without either the 'network' or 'existing_network' context is deprecated
2019-12-05 09:14:45.113 24351 INFO rally.task.runner [-] Task 27c53ca9-67db-450c-a548-63f6a78734ed | ITER: 5 START
2019-12-05 09:14:45.113 24377 RALLYDEBUG rally.task.runner [-] Starting a worker. concurrency: 1 args: {"network_create_args": {}, "subnet_create_args": {}, "subnet_cidr_start": "1.1.0.0/30", "subnets_per_network": 2} times: 40 method_name: run timeout: 0 duration: None cls:
2019-12-05 09:14:45.116 24351 WARNING rally_openstack.scenarios.neutron.utils [-] Running this scenario without either the 'network' or 'existing_network' context is deprecated
2019-12-05 09:14:45.117 24353 INFO rally.task.runner [-] Task 27c53ca9-67db-450c-a548-63f6a78734ed | ITER: 9 START
2019-12-05 09:14:45.120 24353 WARNING rally_openstack.scenarios.neutron.utils [-] Running this scenario without either the 'network' or 'existing_network' context is deprecated
2019-12-05 09:14:45.120 24377 INFO rally.task.runner [-] Task 27c53ca9-67db-450c-a548-63f6a78734ed | ITER: 14 START
2019-12-05 09:14:45.122 24377 WARNING rally_openstack.scenarios.neutron.utils [-] Running this scenario without either the 'network' or 'existing_network' context is deprecated
2019-12-05 09:14:45.124 24382 RALLYDEBUG rally.task.runner [-] Starting a worker. concurrency: 1 args: {"network_create_args": {}, "subnet_create_args": {}, "subnet_cidr_start": "1.1.0.0/30", "subnets_per_network": 2} times: 40 method_name: run timeout: 0 duration: None cls:
2019-12-05 09:14:45.127 24384 RALLYDEBUG rally.task.runner [-] Starting a worker. concurrency: 1 args: {"network_create_args": {}, "subnet_create_args": {}, "subnet_cidr_start": "1.1.0.0/30", "subnets_per_network": 2} times: 40 method_name: run timeout: 0 duration: None cls:
2019-12-05 09:14:45.132 24382 INFO rally.task.runner [-] Task 27c53ca9-67db-450c-a548-63f6a78734ed | ITER: 15 START
2019-12-05 09:14:45.133 24382 WARNING rally_openstack.scenarios.neutron.utils [-] Running this scenario without either the 'network' or 'existing_network' context is deprecated
2019-12-05 09:14:45.136 24386 RALLYDEBUG rally.task.runner [-] Starting a worker. concurrency: 1 args: {"network_create_args": {}, "subnet_create_args": {}, "subnet_cidr_start": "1.1.0.0/30", "subnets_per_network": 2} times: 40 method_name: run timeout: 0 duration: None cls:
2019-12-05 09:14:45.135 24384 INFO rally.task.runner [-] Task 27c53ca9-67db-450c-a548-63f6a78734ed | ITER: 16 START
2019-12-05 09:14:45.139 24384 WARNING rally_openstack.scenarios.neutron.utils [-] Running this scenario without either the 'network' or 'existing_network' context is deprecated
2019-12-05 09:14:45.142 24386 INFO rally.task.runner [-] Task 27c53ca9-67db-450c-a548-63f6a78734ed | ITER: 17 START
2019-12-05 09:14:45.144 24386 WARNING rally_openstack.scenarios.neutron.utils [-] Running this scenario without either the 'network' or 'existing_network' context is deprecated
2019-12-05 09:14:45.144 24391 RALLYDEBUG rally.task.runner [-] Starting a worker. concurrency: 1 args: {"network_create_args": {}, "subnet_create_args": {}, "subnet_cidr_start": "1.1.0.0/30", "subnets_per_network": 2} times: 40 method_name: run timeout: 0 duration: None cls:
2019-12-05 09:14:45.150 24391 INFO rally.task.runner [-] Task 27c53ca9-67db-450c-a548-63f6a78734ed | ITER: 18 START
2019-12-05 09:14:45.150 24394 RALLYDEBUG rally.task.runner [-] Starting a worker. concurrency: 1 args: {"network_create_args": {}, "subnet_create_args": {}, "subnet_cidr_start": "1.1.0.0/30", "subnets_per_network": 2} times: 40 method_name: run timeout: 0 duration: None cls:
2019-12-05 09:14:45.151 24391 WARNING rally_openstack.scenarios.neutron.utils [-] Running this scenario without either the 'network' or 'existing_network' context is deprecated
2019-12-05 09:14:45.154 24395 RALLYDEBUG rally.task.runner [-] Starting a worker. concurrency: 1 args: {"network_create_args": {}, "subnet_create_args": {}, "subnet_cidr_start": "1.1.0.0/30", "subnets_per_network": 2} times: 40 method_name: run timeout: 0 duration: None cls:
2019-12-05 09:14:45.156 24394 INFO rally.task.runner [-] Task 27c53ca9-67db-450c-a548-63f6a78734ed | ITER: 19 START
2019-12-05 09:14:45.157 24394 WARNING rally_openstack.scenarios.neutron.utils [-] Running this scenario without either the 'network' or 'existing_network' context is deprecated
2019-12-05 09:14:45.160 24395 INFO rally.task.runner [-] Task 27c53ca9-67db-450c-a548-63f6a78734ed | ITER: 20 START
2019-12-05 09:14:45.161 24395 WARNING rally_openstack.scenarios.neutron.utils [-] Running this scenario without either the 'network' or 'existing_network' context is deprecated
2019-12-05 09:14:45.874 24365 RALLYDEBUG rally_openstack.wrappers.network [-] CIDR generated: 1.1.4.96/30
2019-12-05 09:14:45.892 24358 RALLYDEBUG rally_openstack.wrappers.network [-] CIDR generated: 1.1.4.100/30
2019-12-05 09:14:45.976 24362 RALLYDEBUG rally_openstack.wrappers.network [-] CIDR generated: 1.1.4.104/30
2019-12-05 09:14:45.983 24351 RALLYDEBUG rally_openstack.wrappers.network [-] CIDR generated: 1.1.4.108/30
2019-12-05 09:14:45.986 24352 RALLYDEBUG rally_openstack.wrappers.network [-] CIDR generated: 1.1.4.112/30
2019-12-05 09:14:45.991 24351 RALLYDEBUG rally_openstack.wrappers.network [-] CIDR generated: 1.1.4.116/30
2019-12-05 09:14:46.003 24355 RALLYDEBUG rally_openstack.wrappers.network [-] CIDR generated: 1.1.4.120/30
2019-12-05 09:14:46.131 24350 RALLYDEBUG rally_openstack.wrappers.network [-] CIDR generated: 1.1.4.124/30
2019-12-05 09:14:46.168 24384 RALLYDEBUG rally_openstack.wrappers.network [-] CIDR generated: 1.1.4.128/30
2019-12-05 09:14:46.177 24353 RALLYDEBUG rally_openstack.wrappers.network [-] CIDR generated: 1.1.4.132/30
2019-12-05 09:14:46.197 24377 RALLYDEBUG rally_openstack.wrappers.network [-] CIDR generated: 1.1.4.136/30
2019-12-05 09:14:46.204 24350 RALLYDEBUG rally_openstack.wrappers.network [-] CIDR generated: 1.1.4.140/30
2019-12-05 09:14:46.217 24370 RALLYDEBUG rally_openstack.wrappers.network [-] CIDR generated: 1.1.4.144/30
2019-12-05 09:14:46.252 24395 RALLYDEBUG rally_openstack.wrappers.network [-] CIDR generated: 1.1.4.148/30
2019-12-05 09:14:46.411 24352 RALLYDEBUG rally_openstack.wrappers.network [-] CIDR generated: 1.1.4.152/30
2019-12-05 09:14:46.492 24353 RALLYDEBUG rally_openstack.wrappers.network [-] CIDR generated: 1.1.4.156/30
2019-12-05 09:14:46.765 24394 RALLYDEBUG rally_openstack.wrappers.network [-] CIDR generated: 1.1.4.160/30
2019-12-05 09:14:46.767 24382 RALLYDEBUG rally_openstack.wrappers.network [-] CIDR generated: 1.1.4.164/30
2019-12-05 09:14:46.771 24391 RALLYDEBUG rally_openstack.wrappers.network [-] CIDR generated: 1.1.4.168/30
2019-12-05 09:14:46.868 24351 RALLYDEBUG rally_openstack.wrappers.network [-] CIDR generated: 1.1.4.172/30
2019-12-05 09:14:47.034 24353 RALLYDEBUG rally_openstack.wrappers.network [-] CIDR generated: 1.1.4.176/30
2019-12-05 09:14:47.091 24386 RALLYDEBUG rally_openstack.wrappers.network [-] CIDR generated: 1.1.4.180/30
2019-12-05 09:14:47.391 24352 RALLYDEBUG rally_openstack.wrappers.network [-] CIDR generated: 1.1.4.184/30
2019-12-05 09:14:47.445 24351 RALLYDEBUG rally_openstack.wrappers.network [-] CIDR generated: 1.1.4.188/30
2019-12-05 09:14:47.802 24355 RALLYDEBUG rally_openstack.wrappers.network [-] CIDR generated: 1.1.4.192/30
2019-12-05 09:14:47.839 24395 RALLYDEBUG rally_openstack.wrappers.network [-] CIDR generated: 1.1.4.196/30
2019-12-05 09:14:48.015 24358 RALLYDEBUG rally_openstack.wrappers.network [-] CIDR generated: 1.1.4.200/30
2019-12-05 09:14:48.036 24365 RALLYDEBUG rally_openstack.wrappers.network [-] CIDR generated: 1.1.4.204/30
2019-12-05 09:14:48.361 24382 RALLYDEBUG rally_openstack.wrappers.network [-] CIDR generated: 1.1.4.208/30
2019-12-05 09:14:48.518 24350 RALLYDEBUG rally_openstack.wrappers.network [-] CIDR generated: 1.1.4.212/30
2019-12-05 09:14:48.699 24370 RALLYDEBUG rally_openstack.wrappers.network [-] CIDR generated: 1.1.4.216/30
2019-12-05 09:14:48.722 24384 RALLYDEBUG rally_openstack.wrappers.network [-] CIDR generated: 1.1.4.220/30
2019-12-05 09:14:48.799 24391 RALLYDEBUG rally_openstack.wrappers.network [-] CIDR generated: 1.1.4.224/30
2019-12-05 09:14:48.812 24377 RALLYDEBUG rally_openstack.wrappers.network [-] CIDR generated: 1.1.4.228/30
2019-12-05 09:14:49.018 24350 RALLYDEBUG rally_openstack.wrappers.network [-] CIDR generated: 1.1.4.232/30
2019-12-05 09:14:49.201 24362 RALLYDEBUG rally_openstack.wrappers.network [-] CIDR generated: 1.1.4.236/30
2019-12-05 09:14:49.253 24394 RALLYDEBUG rally_openstack.wrappers.network [-] CIDR generated: 1.1.4.240/30
2019-12-05 09:14:49.412 24352 RALLYDEBUG rally_openstack.wrappers.network [-] CIDR generated: 1.1.4.244/30
2019-12-05 09:14:49.854 24353 RALLYDEBUG rally_openstack.wrappers.network [-] CIDR generated: 1.1.4.248/30
2019-12-05 09:14:50.191 24386 RALLYDEBUG rally_openstack.wrappers.network [-] CIDR generated: 1.1.4.252/30
2019-12-05 09:14:52.257 24377 INFO rally.task.runner [-] Task 27c53ca9-67db-450c-a548-63f6a78734ed | ITER: 14 END: OK
2019-12-05 09:14:52.263 24377 INFO rally.task.runner [-] Task 27c53ca9-67db-450c-a548-63f6a78734ed | ITER: 21 START
2019-12-05 09:14:52.264 24377 WARNING rally_openstack.scenarios.neutron.utils [-] Running this scenario without either the 'network' or 'existing_network' context is deprecated
2019-12-05 09:14:53.009 24362 INFO rally.task.runner [-] Task 27c53ca9-67db-450c-a548-63f6a78734ed | ITER: 11 END: OK
2019-12-05 09:14:53.014 24362 INFO rally.task.runner [-] Task 27c53ca9-67db-450c-a548-63f6a78734ed | ITER: 22 START
2019-12-05 09:14:53.015 24362 WARNING rally_openstack.scenarios.neutron.utils [-] Running this scenario without either the 'network' or 'existing_network' context is deprecated
2019-12-05 09:14:53.280 24370 INFO rally.task.runner [-] Task 27c53ca9-67db-450c-a548-63f6a78734ed | ITER: 13 END: OK
2019-12-05 09:14:53.284 24370 INFO rally.task.runner [-] Task 27c53ca9-67db-450c-a548-63f6a78734ed | ITER: 23 START
2019-12-05 09:14:53.285 24370 WARNING rally_openstack.scenarios.neutron.utils [-] Running this scenario without either the 'network' or 'existing_network' context is deprecated
2019-12-05 09:14:53.387 24377 RALLYDEBUG rally_openstack.wrappers.network [-] CIDR generated: 1.1.5.0/30
2019-12-05 09:14:53.536 24351 INFO rally.task.runner [-] Task 27c53ca9-67db-450c-a548-63f6a78734ed | ITER: 5 END: OK
2019-12-05 09:14:53.541 24351 INFO rally.task.runner [-] Task 27c53ca9-67db-450c-a548-63f6a78734ed | ITER: 24 START
2019-12-05 09:14:53.542 24351 WARNING rally_openstack.scenarios.neutron.utils [-] Running this scenario without either the 'network' or 'existing_network' context is deprecated
2019-12-05 09:14:53.889 24362 RALLYDEBUG rally_openstack.wrappers.network [-] CIDR generated: 1.1.5.4/30
2019-12-05 09:14:54.037 24352 INFO rally.task.runner [-] Task 27c53ca9-67db-450c-a548-63f6a78734ed | ITER: 4 END: OK
2019-12-05 09:14:54.041 24352 INFO rally.task.runner [-] Task 27c53ca9-67db-450c-a548-63f6a78734ed | ITER: 25 START
2019-12-05 09:14:54.042 24352 WARNING rally_openstack.scenarios.neutron.utils [-] Running this scenario without either the 'network' or 'existing_network' context is deprecated
2019-12-05 09:14:54.049 24370 RALLYDEBUG rally_openstack.wrappers.network [-] CIDR generated: 1.1.5.8/30
2019-12-05 09:14:54.132 24394 INFO rally.task.runner [-] Task 27c53ca9-67db-450c-a548-63f6a78734ed | ITER: 19 END: OK
2019-12-05 09:14:54.137 24394 INFO rally.task.runner [-] Task 27c53ca9-67db-450c-a548-63f6a78734ed | ITER: 26 START
2019-12-05 09:14:54.138 24394 WARNING rally_openstack.scenarios.neutron.utils [-] Running this scenario without either the 'network' or 'existing_network' context is deprecated
2019-12-05 09:14:54.241 24391 INFO rally.task.runner [-] Task 27c53ca9-67db-450c-a548-63f6a78734ed | ITER: 18 END: OK
2019-12-05 09:14:54.245 24391 INFO rally.task.runner [-] Task 27c53ca9-67db-450c-a548-63f6a78734ed | ITER: 27 START
2019-12-05 09:14:54.246 24391 WARNING rally_openstack.scenarios.neutron.utils [-] Running this scenario without either the 'network' or 'existing_network' context is deprecated
2019-12-05 09:14:54.247 24355 INFO rally.task.runner [-] Task 27c53ca9-67db-450c-a548-63f6a78734ed | ITER: 8 END: OK
2019-12-05 09:14:54.252 24355 INFO rally.task.runner [-] Task 27c53ca9-67db-450c-a548-63f6a78734ed | ITER: 28 START
2019-12-05 09:14:54.252 24355 WARNING rally_openstack.scenarios.neutron.utils [-] Running this scenario without either the 'network' or 'existing_network' context is deprecated
2019-12-05 09:14:54.393 24351 RALLYDEBUG rally_openstack.wrappers.network [-] CIDR generated: 1.1.5.12/30
2019-12-05 09:14:54.542 24352 INFO rally.task.runner [-] Task 27c53ca9-67db-450c-a548-63f6a78734ed | ITER: 7 END: OK
2019-12-05 09:14:54.547 24352 INFO rally.task.runner [-] Task 27c53ca9-67db-450c-a548-63f6a78734ed | ITER: 29 START
2019-12-05 09:14:54.547 24352 WARNING rally_openstack.scenarios.neutron.utils [-] Running this scenario without either the 'network' or 'existing_network' context is deprecated
2019-12-05 09:14:55.126 24355 RALLYDEBUG rally_openstack.wrappers.network [-] CIDR generated: 1.1.5.16/30
2019-12-05 09:14:55.337 24352 RALLYDEBUG rally_openstack.wrappers.network [-] CIDR generated: 1.1.5.20/30
2019-12-05 09:14:55.401 24352 RALLYDEBUG rally_openstack.wrappers.network [-] CIDR generated: 1.1.5.24/30
2019-12-05 09:14:55.459 24391 RALLYDEBUG rally_openstack.wrappers.network [-] CIDR generated: 1.1.5.28/30
2019-12-05 09:14:55.793 24394 RALLYDEBUG rally_openstack.wrappers.network [-] CIDR generated: 1.1.5.32/30
2019-12-05 09:14:55.802 24382 INFO rally.task.runner [-] Task 27c53ca9-67db-450c-a548-63f6a78734ed | ITER: 15 END: OK
2019-12-05 09:14:55.807 24382 INFO rally.task.runner [-] Task 27c53ca9-67db-450c-a548-63f6a78734ed | ITER: 30 START
2019-12-05 09:14:55.807 24382 WARNING rally_openstack.scenarios.neutron.utils [-] Running this scenario without either the 'network' or 'existing_network' context is deprecated
2019-12-05 09:14:55.812 24353 INFO rally.task.runner [-] Task 27c53ca9-67db-450c-a548-63f6a78734ed | ITER: 9 END: OK
2019-12-05 09:14:55.818 24353 INFO rally.task.runner [-] Task 27c53ca9-67db-450c-a548-63f6a78734ed | ITER: 31 START
2019-12-05 09:14:55.818 24353 WARNING rally_openstack.scenarios.neutron.utils [-] Running this scenario without either the 'network' or 'existing_network' context is deprecated
2019-12-05 09:14:56.012 24377 RALLYDEBUG rally_openstack.wrappers.network [-] CIDR generated: 1.1.5.36/30
2019-12-05 09:14:56.164 24370 RALLYDEBUG rally_openstack.wrappers.network [-] CIDR generated: 1.1.5.40/30
2019-12-05 09:14:56.180 24353 INFO rally.task.runner [-] Task 27c53ca9-67db-450c-a548-63f6a78734ed | ITER: 6 END: OK
2019-12-05 09:14:56.184 24353 INFO rally.task.runner [-] Task 27c53ca9-67db-450c-a548-63f6a78734ed | ITER: 32 START
2019-12-05 09:14:56.184 24353 WARNING rally_openstack.scenarios.neutron.utils [-] Running this scenario without either the 'network' or 'existing_network' context is deprecated
2019-12-05 09:14:56.189 24395 INFO rally.task.runner [-] Task 27c53ca9-67db-450c-a548-63f6a78734ed | ITER: 20 END: OK
2019-12-05 09:14:56.193 24395 INFO rally.task.runner [-] Task 27c53ca9-67db-450c-a548-63f6a78734ed | ITER: 33 START
2019-12-05 09:14:56.194 24395 WARNING rally_openstack.scenarios.neutron.utils [-] Running this scenario without either the 'network' or 'existing_network' context is deprecated
2019-12-05 09:14:56.398 24351 RALLYDEBUG rally_openstack.wrappers.network [-] CIDR generated: 1.1.5.44/30
2019-12-05 09:14:56.696 24382 RALLYDEBUG rally_openstack.wrappers.network [-] CIDR generated: 1.1.5.48/30
2019-12-05 09:14:56.756 24365 INFO rally.task.runner [-] Task 27c53ca9-67db-450c-a548-63f6a78734ed | ITER: 12 END: OK
2019-12-05 09:14:56.760 24365 INFO rally.task.runner [-] Task 27c53ca9-67db-450c-a548-63f6a78734ed | ITER: 34 START
2019-12-05 09:14:56.761 24365 WARNING rally_openstack.scenarios.neutron.utils [-] Running this scenario without either the 'network' or 'existing_network' context is deprecated
2019-12-05 09:14:56.795 24384 INFO rally.task.runner [-] Task 27c53ca9-67db-450c-a548-63f6a78734ed | ITER: 16 END: OK
2019-12-05 09:14:56.800 24384 INFO rally.task.runner [-] Task 27c53ca9-67db-450c-a548-63f6a78734ed | ITER: 35 START
2019-12-05 09:14:56.800 24384 WARNING rally_openstack.scenarios.neutron.utils [-] Running this scenario without either the 'network' or 'existing_network' context is deprecated
2019-12-05 09:14:56.817 24352 RALLYDEBUG rally_openstack.wrappers.network [-] CIDR generated: 1.1.5.52/30
2019-12-05 09:14:56.962 24395 RALLYDEBUG rally_openstack.wrappers.network [-] CIDR generated: 1.1.5.56/30
2019-12-05 09:14:57.070 24358 INFO rally.task.runner [-] Task 27c53ca9-67db-450c-a548-63f6a78734ed | ITER: 10 END: OK
2019-12-05 09:14:57.075 24358 INFO rally.task.runner [-] Task 27c53ca9-67db-450c-a548-63f6a78734ed | ITER: 36 START
2019-12-05 09:14:57.075 24358 WARNING rally_openstack.scenarios.neutron.utils [-] Running this scenario without either the 'network' or 'existing_network' context is deprecated
2019-12-05 09:14:57.085 24350 INFO rally.task.runner [-] Task 27c53ca9-67db-450c-a548-63f6a78734ed | ITER: 1 END: OK
2019-12-05 09:14:57.090 24350 INFO rally.task.runner [-] Task 27c53ca9-67db-450c-a548-63f6a78734ed | ITER: 37 START
2019-12-05 09:14:57.090 24350 WARNING rally_openstack.scenarios.neutron.utils [-] Running this scenario without either the 'network' or 'existing_network' context is deprecated
2019-12-05 09:14:57.090 24353 RALLYDEBUG rally_openstack.wrappers.network [-] CIDR generated: 1.1.5.60/30
2019-12-05 09:14:57.154 24362 RALLYDEBUG rally_openstack.wrappers.network [-] CIDR generated: 1.1.5.64/30
2019-12-05 09:14:57.199 24391 RALLYDEBUG rally_openstack.wrappers.network [-] CIDR generated: 1.1.5.68/30
2019-12-05 09:14:57.339 24394 RALLYDEBUG rally_openstack.wrappers.network [-] CIDR generated: 1.1.5.72/30
2019-12-05 09:14:57.525 24351 INFO rally.task.runner [-] Task 27c53ca9-67db-450c-a548-63f6a78734ed | ITER: 2 END: OK
2019-12-05 09:14:57.530 24351 INFO rally.task.runner [-] Task 27c53ca9-67db-450c-a548-63f6a78734ed | ITER: 38 START
2019-12-05 09:14:57.530 24351 WARNING rally_openstack.scenarios.neutron.utils [-] Running this scenario without either the 'network' or 'existing_network' context is deprecated
2019-12-05 09:14:57.531 24353 RALLYDEBUG rally_openstack.wrappers.network [-] CIDR generated: 1.1.5.76/30
2019-12-05 09:14:57.702 24384 RALLYDEBUG rally_openstack.wrappers.network [-] CIDR generated: 1.1.5.80/30
2019-12-05 09:14:57.840 24358 RALLYDEBUG rally_openstack.wrappers.network [-] CIDR generated: 1.1.5.84/30
2019-12-05 09:14:58.032 24350 RALLYDEBUG rally_openstack.wrappers.network [-] CIDR generated: 1.1.5.88/30
2019-12-05 09:14:58.127 24365 RALLYDEBUG rally_openstack.wrappers.network [-] CIDR generated: 1.1.5.92/30
2019-12-05 09:14:58.212 24382 RALLYDEBUG rally_openstack.wrappers.network [-] CIDR generated: 1.1.5.96/30
2019-12-05 09:14:58.716 24355 RALLYDEBUG rally_openstack.wrappers.network [-] CIDR generated: 1.1.5.100/30
2019-12-05 09:14:58.763 24352 RALLYDEBUG rally_openstack.wrappers.network [-] CIDR generated: 1.1.5.104/30
2019-12-05 09:14:58.935 24353 RALLYDEBUG rally_openstack.wrappers.network [-] CIDR generated: 1.1.5.108/30
2019-12-05 09:14:59.002 24350 INFO rally.task.runner [-] Task 27c53ca9-67db-450c-a548-63f6a78734ed | ITER: 3 END: OK
2019-12-05 09:14:59.007 24350 INFO rally.task.runner [-] Task 27c53ca9-67db-450c-a548-63f6a78734ed | ITER: 39 START
2019-12-05 09:14:59.008 24350 WARNING rally_openstack.scenarios.neutron.utils [-] Running this scenario without either the 'network' or 'existing_network' context is deprecated
2019-12-05 09:14:59.391 24350 RALLYDEBUG rally_openstack.wrappers.network [-] CIDR generated: 1.1.5.112/30
2019-12-05 09:14:59.484 24351 RALLYDEBUG rally_openstack.wrappers.network [-] CIDR generated: 1.1.5.116/30
2019-12-05 09:14:59.629 24350 RALLYDEBUG rally_openstack.wrappers.network [-] CIDR generated: 1.1.5.120/30
2019-12-05 09:14:59.685 24353 RALLYDEBUG rally_openstack.wrappers.network [-] CIDR generated: 1.1.5.124/30
2019-12-05 09:15:00.230 24386 INFO rally.task.runner [-] Task 27c53ca9-67db-450c-a548-63f6a78734ed | ITER: 17 END: OK
2019-12-05 09:15:00.234 24386 INFO rally.task.runner [-] Task 27c53ca9-67db-450c-a548-63f6a78734ed | ITER: 40 START
2019-12-05 09:15:00.235 24386 WARNING rally_openstack.scenarios.neutron.utils [-] Running this scenario without either the 'network' or 'existing_network' context is deprecated
2019-12-05 09:15:00.238 24395 RALLYDEBUG rally_openstack.wrappers.network [-] CIDR generated: 1.1.5.128/30
2019-12-05 09:15:00.566 24365 RALLYDEBUG rally_openstack.wrappers.network [-] CIDR generated: 1.1.5.132/30
2019-12-05 09:15:00.602 24351 RALLYDEBUG rally_openstack.wrappers.network [-] CIDR generated: 1.1.5.136/30
2019-12-05 09:15:00.941 24386 RALLYDEBUG rally_openstack.wrappers.network [-] CIDR generated: 1.1.5.140/30
2019-12-05 09:15:01.472 24384 RALLYDEBUG rally_openstack.wrappers.network [-] CIDR generated: 1.1.5.144/30
2019-12-05 09:15:01.707 24350 RALLYDEBUG rally_openstack.wrappers.network [-] CIDR generated: 1.1.5.148/30
2019-12-05 09:15:01.805 24351 INFO rally.task.runner [-] Task 27c53ca9-67db-450c-a548-63f6a78734ed | ITER: 24 END: OK
2019-12-05 09:15:03.085 24394 INFO rally.task.runner [-] Task 27c53ca9-67db-450c-a548-63f6a78734ed | ITER: 26 END: OK
2019-12-05 09:15:03.279 24386 RALLYDEBUG rally_openstack.wrappers.network [-] CIDR generated: 1.1.5.152/30
2019-12-05 09:15:03.403 24384 INFO rally.task.runner [-] Task 27c53ca9-67db-450c-a548-63f6a78734ed | ITER: 35 END: OK
2019-12-05 09:15:03.840 24358 RALLYDEBUG rally_openstack.wrappers.network [-] CIDR generated: 1.1.5.156/30
2019-12-05 09:15:03.843 24391 INFO rally.task.runner [-] Task 27c53ca9-67db-450c-a548-63f6a78734ed | ITER: 27 END: OK
2019-12-05 09:15:04.877 24362 INFO rally.task.runner [-] Task 27c53ca9-67db-450c-a548-63f6a78734ed | ITER: 22 END: OK
2019-12-05 09:15:05.052 24353 INFO rally.task.runner [-] Task 27c53ca9-67db-450c-a548-63f6a78734ed | ITER: 31 END: OK
2019-12-05 09:15:05.074 24377 INFO rally.task.runner [-] Task 27c53ca9-67db-450c-a548-63f6a78734ed | ITER: 21 END: OK
2019-12-05 09:15:05.288 24382 INFO rally.task.runner [-] Task 27c53ca9-67db-450c-a548-63f6a78734ed | ITER: 30 END: OK
2019-12-05 09:15:05.491 24395 INFO rally.task.runner [-] Task 27c53ca9-67db-450c-a548-63f6a78734ed | ITER: 33 END: OK
2019-12-05 09:15:05.613 24355 INFO rally.task.runner [-] Task 27c53ca9-67db-450c-a548-63f6a78734ed | ITER: 28 END: OK
2019-12-05 09:15:05.670 24370 INFO rally.task.runner [-] Task 27c53ca9-67db-450c-a548-63f6a78734ed | ITER: 23 END: OK
2019-12-05 09:15:05.755 24352 INFO rally.task.runner [-] Task 27c53ca9-67db-450c-a548-63f6a78734ed | ITER: 25 END: OK
2019-12-05 09:15:05.827 24350 INFO rally.task.runner [-] Task 27c53ca9-67db-450c-a548-63f6a78734ed | ITER: 39 END: OK
2019-12-05 09:15:06.533 24350 INFO rally.task.runner [-] Task 27c53ca9-67db-450c-a548-63f6a78734ed | ITER: 37 END: OK
2019-12-05 09:15:06.733 24353 INFO rally.task.runner [-] Task 27c53ca9-67db-450c-a548-63f6a78734ed | ITER: 32 END: OK
2019-12-05 09:15:06.796 24365 INFO rally.task.runner [-] Task 27c53ca9-67db-450c-a548-63f6a78734ed | ITER: 34 END: OK
2019-12-05 09:15:07.706 24352 INFO rally.task.runner [-] Task 27c53ca9-67db-450c-a548-63f6a78734ed | ITER: 29 END: OK
2019-12-05 09:15:07.761 24351 INFO rally.task.runner [-] Task 27c53ca9-67db-450c-a548-63f6a78734ed | ITER: 38 END: OK
2019-12-05 09:15:08.109 24386 INFO rally.task.runner [-] Task 27c53ca9-67db-450c-a548-63f6a78734ed | ITER: 40 END: OK
2019-12-05 09:15:08.591 24358 INFO rally.task.runner [-] Task 27c53ca9-67db-450c-a548-63f6a78734ed | ITER: 36 END: OK
2019-12-05 09:15:08.614 22156 INFO rally.task.context [-] Task 27c53ca9-67db-450c-a548-63f6a78734ed | Context cleanup@openstack cleanup() started
2019-12-05 09:15:08.617 22156 RALLYDEBUG rally_openstack.cleanup.manager [-] Cleaning up neutron vip objects
2019-12-05 09:15:09.013 22156 RALLYDEBUG rally_openstack.cleanup.manager [-] Cleaning up neutron health_monitor objects
2019-12-05 09:15:09.424 22156 RALLYDEBUG rally_openstack.cleanup.manager [-] Cleaning up neutron pool objects
2019-12-05 09:15:09.837 22156 RALLYDEBUG rally_openstack.cleanup.manager [-] Cleaning up neutron loadbalancer objects
2019-12-05 09:15:10.229 22156 RALLYDEBUG rally_openstack.cleanup.manager [-] Cleaning up neutron floatingip objects
2019-12-05 09:15:10.652 22156 RALLYDEBUG rally_openstack.cleanup.manager [-] Cleaning up neutron trunk objects
2019-12-05 09:15:11.045 22156 RALLYDEBUG rally_openstack.cleanup.manager [-] Cleaning up neutron port objects
2019-12-05 09:15:11.544 22156 RALLYDEBUG rally_openstack.cleanup.manager [-] Cleaning up neutron subnet objects
2019-12-05 09:15:11.957 22156 RALLYDEBUG rally_openstack.cleanup.manager [-] Cleaning up neutron network objects
2019-12-05 09:15:12.512 22156 RALLYDEBUG rally_openstack.cleanup.manager [-] Deleting neutron.network object s_rally_ab478f7a_laCpfx0l (002db05b-7acf-4479-ae77-db86b43cf381)
2019-12-05 09:15:12.521 22156 RALLYDEBUG rally_openstack.cleanup.manager [-] Deleting neutron.network object s_rally_ab478f7a_Qzc5pa6n (006ed433-111d-4f6f-8ab2-1b2917126446)
2019-12-05 09:15:12.531 22156 RALLYDEBUG rally_openstack.cleanup.manager [-] Deleting neutron.network object s_rally_ab478f7a_NLwMGCqB (071bb684-797f-4eae-8c7c-7b10ff6eb0f4)
2019-12-05 09:15:12.540 22156 RALLYDEBUG rally_openstack.cleanup.manager [-] Deleting neutron.network object s_rally_ab478f7a_S1BKCUfc (0a316a04-c800-4104-af9a-8af161e2094d)
2019-12-05 09:15:12.544 22156 RALLYDEBUG rally_openstack.cleanup.manager [-] Deleting neutron.network object s_rally_ab478f7a_EILsuoCN (0ef8e9df-c18f-4380-a0cb-73187354a68b)
2019-12-05 09:15:12.553 22156 RALLYDEBUG rally_openstack.cleanup.manager [-] Deleting neutron.network object s_rally_ab478f7a_kcwD8Zlr (13a1229d-1f64-446a-936d-bb007ff4c582)
2019-12-05 09:15:12.571 22156 RALLYDEBUG rally_openstack.cleanup.manager [-] Deleting neutron.network object s_rally_ab478f7a_rPg2uAQe (1990eef8-c06a-4b11-81ff-2955305893fb)
2019-12-05 09:15:12.589 22156 RALLYDEBUG rally_openstack.cleanup.manager [-] Deleting neutron.network object s_rally_ab478f7a_yG3ZGfQ1 (1af585c9-c466-4028-b516-34d05ba82bb2)
2019-12-05 09:15:12.624 22156 RALLYDEBUG rally_openstack.cleanup.manager [-] Deleting neutron.network object s_rally_ab478f7a_9kYgXldk (1c1dd5ca-f220-44c4-8f1b-02afcbbde608)
2019-12-05 09:15:12.626 22156 RALLYDEBUG rally_openstack.cleanup.manager [-] Deleting neutron.network object s_rally_ab478f7a_vkc8VVrj (2448fdcf-e4cd-44ce-a9d4-076ba809890d)
2019-12-05 09:15:12.653 22156 RALLYDEBUG rally_openstack.cleanup.manager [-] Deleting neutron.network object s_rally_ab478f7a_0ZcQLT2J (245ac316-61d9-45ca-96c4-f4d7eb9e9554)
2019-12-05 09:15:12.654 22156 RALLYDEBUG rally_openstack.cleanup.manager [-] Deleting neutron.network object s_rally_ab478f7a_lw3RzXcW (3103a173-96cc-47d4-a8e8-f0090418add6)
2019-12-05 09:15:12.655 22156 RALLYDEBUG rally_openstack.cleanup.manager [-] Deleting neutron.network object s_rally_ab478f7a_mYQiC3w3 (3085e382-f3da-4646-9797-53aa6c5fb6f8)
2019-12-05 09:15:12.671 22156 RALLYDEBUG rally_openstack.cleanup.manager [-] Deleting neutron.network object s_rally_ab478f7a_slpsL61j (3ac132d1-d286-4a2b-87a7-509faf17a6fe)
2019-12-05 09:15:12.686 22156 RALLYDEBUG rally_openstack.cleanup.manager [-] Deleting neutron.network object s_rally_ab478f7a_XzYgFx9i (3b98093b-197f-4695-b9e9-5ab3019f995f)
2019-12-05 09:15:12.686 22156 RALLYDEBUG rally_openstack.cleanup.manager [-] Deleting neutron.network object s_rally_ab478f7a_VWNrEfDi (3d6fe31f-e95c-41fc-a69e-f8dacd4bfd80)
2019-12-05 09:15:12.742 22156 RALLYDEBUG rally_openstack.cleanup.manager [-] Deleting neutron.network object s_rally_ab478f7a_nxGUyj3W (40480b12-3dcb-4fdd-969f-331603316a27)
2019-12-05 09:15:12.744 22156 RALLYDEBUG rally_openstack.cleanup.manager [-] Deleting neutron.network object s_rally_ab478f7a_pVUhMf91 (41ee65d5-4f11-4a6c-9b50-9c9c6bba9b7a)
2019-12-05 09:15:12.748 22156 RALLYDEBUG rally_openstack.cleanup.manager [-] Deleting neutron.network object s_rally_ab478f7a_iftHdMxj (40b062a9-9350-4761-983b-3582ac28cfb0)
2019-12-05 09:15:12.766 22156 RALLYDEBUG rally_openstack.cleanup.manager [-] Deleting neutron.network object s_rally_ab478f7a_aRPECQNN (489e87fe-6733-4f85-9ebe-847a4f488b0f)
2019-12-05 09:15:14.912 22156 RALLYDEBUG rally_openstack.cleanup.manager [-] Deleting neutron.network object s_rally_ab478f7a_czObOl8l (4e72782c-0bd0-48aa-beb8-8c064f6cd2dd)
2019-12-05 09:15:14.951 22156 RALLYDEBUG rally_openstack.cleanup.manager [-] Deleting neutron.network object s_rally_ab478f7a_6NE8aJ4Y (5450e89f-81e1-4424-b3c7-c9f87303beae)
2019-12-05 09:15:15.109 22156 RALLYDEBUG rally_openstack.cleanup.manager [-] Deleting neutron.network object s_rally_ab478f7a_V73CItLw (5659c323-2afb-40ba-8233-243b8ff10c1e)
2019-12-05 09:15:15.121 22156 RALLYDEBUG rally_openstack.cleanup.manager [-] Deleting neutron.network object s_rally_ab478f7a_X0DA8i9T (5caa78b7-dfc1-4e5e-b3f8-442045c4cece)
2019-12-05 09:15:15.191 22156 RALLYDEBUG rally_openstack.cleanup.manager [-] Deleting neutron.network object s_rally_ab478f7a_R49nSIjj (6b794198-a5c8-452f-b280-ef5ff55afdb3)
2019-12-05 09:15:15.530 22156 RALLYDEBUG rally_openstack.cleanup.manager [-] Deleting neutron.network object s_rally_ab478f7a_Slzl1aza (6f1c1255-ad6a-48eb-a946-d15e5cb64440)
2019-12-05 09:15:15.542 22156 RALLYDEBUG rally_openstack.cleanup.manager [-] Deleting neutron.network object s_rally_ab478f7a_iK9wTkK6 (75b94818-c70c-49d6-abfa-d2edcc6a41fc)
2019-12-05 09:15:15.639 22156 RALLYDEBUG rally_openstack.cleanup.manager [-] Deleting neutron.network object s_rally_ab478f7a_4zbmS5W8 (7c9ccb0a-e624-4502-8c5a-4af53736a4fd)
2019-12-05 09:15:15.659 22156 RALLYDEBUG rally_openstack.cleanup.manager [-] Deleting neutron.network object s_rally_ab478f7a_xi1PpNFw (8022a85c-5ed7-42f0-b731-d950861ca874)
2019-12-05 09:15:15.742 22156 RALLYDEBUG rally_openstack.cleanup.manager [-] Deleting neutron.network object s_rally_ab478f7a_9j67xhFZ (9353d40e-a713-41e6-88b7-8813640695f3)
2019-12-05 09:15:15.821 22156 RALLYDEBUG rally_openstack.cleanup.manager [-] Deleting neutron.network object s_rally_ab478f7a_q0aisAmH (99f69daa-bd9a-4bb6-8318-f5dbfd3aebb6)
2019-12-05 09:15:15.895 22156 RALLYDEBUG rally_openstack.cleanup.manager [-] Deleting neutron.network object s_rally_ab478f7a_mbuIjHyi (9e2ea434-2b17-4f59-964a-86f5ca0ff1b6)
2019-12-05 09:15:15.958 22156 RALLYDEBUG rally_openstack.cleanup.manager [-] Deleting neutron.network object s_rally_ab478f7a_Y6VRvyCT (b823b4f3-ee04-4ceb-b016-7d776d4e3e63)
2019-12-05 09:15:16.054 22156 RALLYDEBUG rally_openstack.cleanup.manager [-] Deleting neutron.network object s_rally_ab478f7a_YiD0NQBP (bca82edb-1766-4dfe-8673-2f1e3191724c)
2019-12-05 09:15:16.176 22156 RALLYDEBUG rally_openstack.cleanup.manager [-] Deleting neutron.network object s_rally_ab478f7a_evQz9RUY (c6ba4c3a-4712-4ab8-ae02-dd33afc4b264)
2019-12-05 09:15:16.274 22156 RALLYDEBUG rally_openstack.cleanup.manager [-] Deleting neutron.network object s_rally_ab478f7a_bayUO21R (ddd3a4c2-e0f7-4f4e-96eb-f92a1e592f75)
2019-12-05 09:15:16.287 22156 RALLYDEBUG rally_openstack.cleanup.manager [-] Deleting neutron.network object s_rally_ab478f7a_dt0KRrbx (e12bcb3d-c67d-45c9-b24f-d303c38d8802)
2019-12-05 09:15:16.497 22156 RALLYDEBUG rally_openstack.cleanup.manager [-] Deleting neutron.network object s_rally_ab478f7a_PXYEsimm (e1bbd52a-1322-4194-ad14-c08f05b363ff)
2019-12-05 09:15:16.765 22156 RALLYDEBUG rally_openstack.cleanup.manager [-] Deleting neutron.network object s_rally_ab478f7a_bGdkqb1B (f4a73810-623c-4a72-8345-fb7adf0ef928)
2019-12-05 09:15:16.873 22156 RALLYDEBUG rally_openstack.cleanup.manager [-] Deleting neutron.network object s_rally_ab478f7a_cUJRul2t (f83e6da0-732b-460d-baa4-02cfbd14e4e1)
2019-12-05 09:15:19.051 22156 RALLYDEBUG rally_openstack.cleanup.manager [-] Cleaning up neutron router objects
2019-12-05 09:15:19.491 22156 RALLYDEBUG rally_openstack.cleanup.manager [-] Cleaning up neutron security_group objects
2019-12-05 09:15:19.924 22156 INFO rally.task.context [-] Task 27c53ca9-67db-450c-a548-63f6a78734ed | Context cleanup@openstack cleanup() finished in 11.31 sec
2019-12-05 09:15:19.924 22156 INFO rally.task.context [-] Task 27c53ca9-67db-450c-a548-63f6a78734ed | Context quotas@openstack cleanup() started
2019-12-05 09:15:19.942 22156 INFO rally.task.context [-] Task 27c53ca9-67db-450c-a548-63f6a78734ed | Context quotas@openstack cleanup() finished in 17.33 msec
2019-12-05 09:15:19.942 22156 INFO rally.task.context [-] Task 27c53ca9-67db-450c-a548-63f6a78734ed | Context users@openstack cleanup() started
2019-12-05 09:15:22.628 22156 INFO rally.task.context [-] Task 27c53ca9-67db-450c-a548-63f6a78734ed | Context users@openstack cleanup() finished in 2.69 sec
2019-12-05 09:15:24.145 22156 INFO rally.task.engine [-] Load duration is: 23.501278
2019-12-05 09:15:24.146 22156 INFO rally.task.engine [-] Full runner duration is: 23.551182
2019-12-05 09:15:24.146 22156 INFO rally.task.engine [-] Full duration is: 40.657809
2019-12-05 09:15:24.489 22156 INFO rally.task.engine [-] Running workload: position = 0 config = { "version": 2, "title": "A cropped version of a bigger task.", "description": "Auto-generated task from a single workload (uuid=ad757bb0-732e-4e62-ab49-9dbfaa7e3a3d)", "subtasks": [ { "title": "NeutronNetworks.create_and_list_routers", "description": "Create and a given number of routers and list all routers.", "scenario": { "NeutronNetworks.create_and_list_routers": { "network_create_args": null, "subnet_create_args": null, "subnet_cidr_start": "1.1.0.0/30", "subnets_per_network": 2, "router_create_args": null } }, "contexts": { "users": { "tenants": 1, "users_per_tenant": 1 }, "quotas": { "neutron": { "network": -1, "subnet": -1, "router": -1 } } }, "runner": { "constant": { "times": 40, "concurrency": 20 } }, "hooks": [], "sla": { "failure_rate": { "max": 0 } } } ] }
2019-12-05 09:15:24.518 22156 RALLYDEBUG rally_openstack.contexts.keystone.users [-] Creating 1 tenants using 20 threads
2019-12-05 09:15:25.587 22156 RALLYDEBUG rally_openstack.contexts.keystone.users [-] Creating 1 users using 20 threads
2019-12-05 09:15:26.979 22156 INFO rally.task.context [-] Task 27c53ca9-67db-450c-a548-63f6a78734ed | Context users@openstack setup() finished in 2.46 sec
2019-12-05 09:15:27.507 22156 INFO rally.task.context [-] Task 27c53ca9-67db-450c-a548-63f6a78734ed | Context quotas@openstack setup() finished in 0.53 sec
2019-12-05 09:15:27.507 22156 INFO rally.task.context [-] Task 27c53ca9-67db-450c-a548-63f6a78734ed | Context cleanup@openstack setup() finished in 0.01 msec
2019-12-05 09:15:27.517 22156 RALLYDEBUG rally.task.runner [-] Starting the constant runner (task UUID: 27c53ca9-67db-450c-a548-63f6a78734ed). timeout: 0 concurrency: 20 concurrency_per_worker: 1 times: 40 concurrency_overhead: 4 processes_to_start: 16 max_cpu_used: 16
2019-12-05 09:15:27.531 24740 RALLYDEBUG rally.task.runner [-] Starting a worker. concurrency: 2 args: {"network_create_args": null, "subnet_create_args": null, "subnet_cidr_start": "1.1.0.0/30", "subnets_per_network": 2, "router_create_args": null} times: 40 method_name: run timeout: 0 duration: None cls:
2019-12-05 09:15:27.534 24741 RALLYDEBUG rally.task.runner [-] Starting a worker. concurrency: 2 args: {"network_create_args": null, "subnet_create_args": null, "subnet_cidr_start": "1.1.0.0/30", "subnets_per_network": 2, "router_create_args": null} times: 40 method_name: run timeout: 0 duration: None cls:
2019-12-05 09:15:27.537 24742 RALLYDEBUG rally.task.runner [-] Starting a worker. concurrency: 2 args: {"network_create_args": null, "subnet_create_args": null, "subnet_cidr_start": "1.1.0.0/30", "subnets_per_network": 2, "router_create_args": null} times: 40 method_name: run timeout: 0 duration: None cls:
2019-12-05 09:15:27.538 24740 INFO rally.task.runner [-] Task 27c53ca9-67db-450c-a548-63f6a78734ed | ITER: 1 START
2019-12-05 09:15:27.541 24743 RALLYDEBUG rally.task.runner [-] Starting a worker. concurrency: 2 args: {"network_create_args": null, "subnet_create_args": null, "subnet_cidr_start": "1.1.0.0/30", "subnets_per_network": 2, "router_create_args": null} times: 40 method_name: run timeout: 0 duration: None cls:
2019-12-05 09:15:27.544 24742 INFO rally.task.runner [-] Task 27c53ca9-67db-450c-a548-63f6a78734ed | ITER: 4 START
2019-12-05 09:15:27.542 24741 INFO rally.task.runner [-] Task 27c53ca9-67db-450c-a548-63f6a78734ed | ITER: 2 START
2019-12-05 09:15:27.545 24745 RALLYDEBUG rally.task.runner [-] Starting a worker. concurrency: 1 args: {"network_create_args": null, "subnet_create_args": null, "subnet_cidr_start": "1.1.0.0/30", "subnets_per_network": 2, "router_create_args": null} times: 40 method_name: run timeout: 0 duration: None cls:
2019-12-05 09:15:27.549 24748 RALLYDEBUG rally.task.runner [-] Starting a worker. concurrency: 1 args: {"network_create_args": null, "subnet_create_args": null, "subnet_cidr_start": "1.1.0.0/30", "subnets_per_network": 2, "router_create_args": null} times: 40 method_name: run timeout: 0 duration: None cls:
2019-12-05 09:15:27.553 24745 INFO rally.task.runner [-] Task 27c53ca9-67db-450c-a548-63f6a78734ed | ITER: 8 START
2019-12-05 09:15:27.553 24743 INFO rally.task.runner [-] Task 27c53ca9-67db-450c-a548-63f6a78734ed | ITER: 7 START
2019-12-05 09:15:27.552 24752 RALLYDEBUG rally.task.runner [-] Starting a worker. concurrency: 1 args: {"network_create_args": null, "subnet_create_args": null, "subnet_cidr_start": "1.1.0.0/30", "subnets_per_network": 2, "router_create_args": null} times: 40 method_name: run timeout: 0 duration: None cls:
2019-12-05 09:15:27.555 24748 INFO rally.task.runner [-] Task 27c53ca9-67db-450c-a548-63f6a78734ed | ITER: 10 START
2019-12-05 09:15:27.550 24741 INFO rally.task.runner [-] Task 27c53ca9-67db-450c-a548-63f6a78734ed | ITER: 5 START
2019-12-05 09:15:27.557 24740 INFO rally.task.runner [-] Task 27c53ca9-67db-450c-a548-63f6a78734ed | ITER: 3 START
2019-12-05 09:15:27.558 24754 RALLYDEBUG rally.task.runner [-] Starting a worker. concurrency: 1 args: {"network_create_args": null, "subnet_create_args": null, "subnet_cidr_start": "1.1.0.0/30", "subnets_per_network": 2, "router_create_args": null} times: 40 method_name: run timeout: 0 duration: None cls:
2019-12-05 09:15:27.560 24752 INFO rally.task.runner [-] Task 27c53ca9-67db-450c-a548-63f6a78734ed | ITER: 11 START
2019-12-05 09:15:27.559 24760 RALLYDEBUG rally.task.runner [-] Starting a worker. concurrency: 1 args: {"network_create_args": null, "subnet_create_args": null, "subnet_cidr_start": "1.1.0.0/30", "subnets_per_network": 2, "router_create_args": null} times: 40 method_name: run timeout: 0 duration: None cls:
2019-12-05 09:15:27.566 24760 INFO rally.task.runner [-] Task 27c53ca9-67db-450c-a548-63f6a78734ed | ITER: 13 START
2019-12-05 09:15:27.566 24754 INFO rally.task.runner [-] Task 27c53ca9-67db-450c-a548-63f6a78734ed | ITER: 12 START
2019-12-05 09:15:27.565 24742 INFO rally.task.runner [-] Task 27c53ca9-67db-450c-a548-63f6a78734ed | ITER: 6 START
2019-12-05 09:15:27.569 24765 RALLYDEBUG rally.task.runner [-] Starting a worker. concurrency: 1 args: {"network_create_args": null, "subnet_create_args": null, "subnet_cidr_start": "1.1.0.0/30", "subnets_per_network": 2, "router_create_args": null} times: 40 method_name: run timeout: 0 duration: None cls:
2019-12-05 09:15:27.575 24743 INFO rally.task.runner [-] Task 27c53ca9-67db-450c-a548-63f6a78734ed | ITER: 9 START
2019-12-05 09:15:27.575 24771 RALLYDEBUG rally.task.runner [-] Starting a worker. concurrency: 1 args: {"network_create_args": null, "subnet_create_args": null, "subnet_cidr_start": "1.1.0.0/30", "subnets_per_network": 2, "router_create_args": null} times: 40 method_name: run timeout: 0 duration: None cls:
2019-12-05 09:15:27.576 24765 INFO rally.task.runner [-] Task 27c53ca9-67db-450c-a548-63f6a78734ed | ITER: 14 START
2019-12-05 09:15:27.584 24771 INFO rally.task.runner [-] Task 27c53ca9-67db-450c-a548-63f6a78734ed | ITER: 15 START
2019-12-05 09:15:27.585 24775 RALLYDEBUG rally.task.runner [-] Starting a worker. concurrency: 1 args: {"network_create_args": null, "subnet_create_args": null, "subnet_cidr_start": "1.1.0.0/30", "subnets_per_network": 2, "router_create_args": null} times: 40 method_name: run timeout: 0 duration: None cls:
2019-12-05 09:15:27.592 24775 INFO rally.task.runner [-] Task 27c53ca9-67db-450c-a548-63f6a78734ed | ITER: 16 START
2019-12-05 09:15:27.593 24778 RALLYDEBUG rally.task.runner [-] Starting a worker. concurrency: 1 args: {"network_create_args": null, "subnet_create_args": null, "subnet_cidr_start": "1.1.0.0/30", "subnets_per_network": 2, "router_create_args": null} times: 40 method_name: run timeout: 0 duration: None cls:
2019-12-05 09:15:27.597 24780 RALLYDEBUG rally.task.runner [-] Starting a worker. concurrency: 1 args: {"network_create_args": null, "subnet_create_args": null, "subnet_cidr_start": "1.1.0.0/30", "subnets_per_network": 2, "router_create_args": null} times: 40 method_name: run timeout: 0 duration: None cls:
2019-12-05 09:15:27.598 24778 INFO rally.task.runner [-] Task 27c53ca9-67db-450c-a548-63f6a78734ed | ITER: 17 START
2019-12-05 09:15:27.601 24782 RALLYDEBUG rally.task.runner [-] Starting a worker. concurrency: 1 args: {"network_create_args": null, "subnet_create_args": null, "subnet_cidr_start": "1.1.0.0/30", "subnets_per_network": 2, "router_create_args": null} times: 40 method_name: run timeout: 0 duration: None cls:
2019-12-05 09:15:27.603 24780 INFO rally.task.runner [-] Task 27c53ca9-67db-450c-a548-63f6a78734ed | ITER: 18 START
2019-12-05 09:15:27.606 24782 INFO rally.task.runner [-] Task 27c53ca9-67db-450c-a548-63f6a78734ed | ITER: 19 START
2019-12-05 09:15:27.607 24785 RALLYDEBUG rally.task.runner [-] Starting a worker. concurrency: 1 args: {"network_create_args": null, "subnet_create_args": null, "subnet_cidr_start": "1.1.0.0/30", "subnets_per_network": 2, "router_create_args": null} times: 40 method_name: run timeout: 0 duration: None cls:
2019-12-05 09:15:27.612 24785 INFO rally.task.runner [-] Task 27c53ca9-67db-450c-a548-63f6a78734ed | ITER: 20 START
2019-12-05 09:15:28.437 24775 RALLYDEBUG rally_openstack.wrappers.network [-] CIDR generated: 1.1.5.160/30
2019-12-05 09:15:28.556 24741 RALLYDEBUG rally_openstack.wrappers.network [-] CIDR generated: 1.1.5.164/30
2019-12-05 09:15:28.584 24745 RALLYDEBUG rally_openstack.wrappers.network [-] CIDR generated: 1.1.5.168/30
2019-12-05 09:15:28.600 24752 RALLYDEBUG rally_openstack.wrappers.network [-] CIDR generated: 1.1.5.172/30
2019-12-05 09:15:28.655 24765 RALLYDEBUG rally_openstack.wrappers.network [-] CIDR generated: 1.1.5.176/30
2019-12-05 09:15:28.661 24754 RALLYDEBUG rally_openstack.wrappers.network [-] CIDR generated: 1.1.5.180/30
2019-12-05 09:15:28.673 24740 RALLYDEBUG rally_openstack.wrappers.network [-] CIDR generated: 1.1.5.184/30
2019-12-05 09:15:28.724 24740 RALLYDEBUG rally_openstack.wrappers.network [-] CIDR generated: 1.1.5.188/30
2019-12-05 09:15:28.777 24748 RALLYDEBUG rally_openstack.wrappers.network [-] CIDR generated: 1.1.5.192/30
2019-12-05 09:15:28.823 24743 RALLYDEBUG rally_openstack.wrappers.network [-] CIDR generated: 1.1.5.196/30
2019-12-05 09:15:28.848 24742 RALLYDEBUG rally_openstack.wrappers.network [-] CIDR generated: 1.1.5.200/30
2019-12-05 09:15:28.865 24771 RALLYDEBUG rally_openstack.wrappers.network [-] CIDR generated: 1.1.5.204/30
2019-12-05 09:15:28.867 24785 RALLYDEBUG rally_openstack.wrappers.network [-] CIDR generated: 1.1.5.208/30
2019-12-05 09:15:28.899 24742 RALLYDEBUG rally_openstack.wrappers.network [-] CIDR generated: 1.1.5.212/30
2019-12-05 09:15:28.934 24743 RALLYDEBUG rally_openstack.wrappers.network [-] CIDR generated: 1.1.5.216/30
2019-12-05 09:15:28.977 24780 RALLYDEBUG rally_openstack.wrappers.network [-] CIDR generated: 1.1.5.220/30
2019-12-05 09:15:29.126 24778 RALLYDEBUG rally_openstack.wrappers.network [-] CIDR generated: 1.1.5.224/30
2019-12-05 09:15:29.321 24741 RALLYDEBUG rally_openstack.wrappers.network [-] CIDR generated: 1.1.5.228/30
2019-12-05 09:15:29.437 24782 RALLYDEBUG rally_openstack.wrappers.network [-] CIDR generated: 1.1.5.232/30
2019-12-05 09:15:29.588 24775 RALLYDEBUG rally_openstack.wrappers.network [-] CIDR generated: 1.1.5.236/30
2019-12-05 09:15:29.731 24760 RALLYDEBUG rally_openstack.wrappers.network [-] CIDR generated: 1.1.5.240/30
2019-12-05 09:15:30.183 24771 RALLYDEBUG rally_openstack.wrappers.network [-] CIDR generated: 1.1.5.244/30
2019-12-05 09:15:30.185 24780 RALLYDEBUG rally_openstack.wrappers.network [-] CIDR generated: 1.1.5.248/30
2019-12-05 09:15:30.280 24741 RALLYDEBUG rally_openstack.wrappers.network [-] CIDR generated: 1.1.5.252/30
2019-12-05 09:15:30.628 24782 RALLYDEBUG rally_openstack.wrappers.network [-] CIDR generated: 1.1.6.0/30
2019-12-05 09:15:30.676 24752 RALLYDEBUG rally_openstack.wrappers.network [-] CIDR generated: 1.1.6.4/30
2019-12-05 09:15:30.733 24741 RALLYDEBUG rally_openstack.wrappers.network [-] CIDR generated: 1.1.6.8/30
2019-12-05 09:15:30.904 24785 RALLYDEBUG rally_openstack.wrappers.network [-] CIDR generated: 1.1.6.12/30
2019-12-05 09:15:30.961 24743 RALLYDEBUG rally_openstack.wrappers.network [-] CIDR generated: 1.1.6.16/30
2019-12-05 09:15:30.995 24765 RALLYDEBUG rally_openstack.wrappers.network [-] CIDR generated: 1.1.6.20/30
2019-12-05 09:15:31.059 24742 RALLYDEBUG rally_openstack.wrappers.network [-] CIDR generated: 1.1.6.24/30
2019-12-05 09:15:31.110 24742 RALLYDEBUG rally_openstack.wrappers.network [-] CIDR generated: 1.1.6.28/30
2019-12-05 09:15:31.174 24740 RALLYDEBUG rally_openstack.wrappers.network [-] CIDR generated: 1.1.6.32/30
2019-12-05 09:15:31.210 24740 RALLYDEBUG rally_openstack.wrappers.network [-] CIDR generated: 1.1.6.36/30
2019-12-05 09:15:31.281 24778 RALLYDEBUG rally_openstack.wrappers.network [-] CIDR generated: 1.1.6.40/30
2019-12-05 09:15:31.375 24760 RALLYDEBUG rally_openstack.wrappers.network [-] CIDR generated: 1.1.6.44/30
2019-12-05 09:15:31.508 24745 RALLYDEBUG rally_openstack.wrappers.network [-] CIDR generated: 1.1.6.48/30
2019-12-05 09:15:31.592 24754 RALLYDEBUG rally_openstack.wrappers.network [-] CIDR generated: 1.1.6.52/30
2019-12-05 09:15:31.733 24748 RALLYDEBUG rally_openstack.wrappers.network [-] CIDR generated: 1.1.6.56/30
2019-12-05 09:15:31.788 24743 RALLYDEBUG rally_openstack.wrappers.network [-] CIDR generated: 1.1.6.60/30
2019-12-05 09:15:39.338 24741 INFO rally.task.runner [-] Task 27c53ca9-67db-450c-a548-63f6a78734ed | ITER: 2 END: OK
2019-12-05 09:15:39.343 24741 INFO rally.task.runner [-] Task 27c53ca9-67db-450c-a548-63f6a78734ed | ITER: 21 START
2019-12-05 09:15:40.026 24743 INFO rally.task.runner [-] Task 27c53ca9-67db-450c-a548-63f6a78734ed | ITER: 9 END: OK
2019-12-05 09:15:40.030 24743 INFO rally.task.runner [-] Task 27c53ca9-67db-450c-a548-63f6a78734ed | ITER: 22 START
2019-12-05 09:15:40.094 24741 RALLYDEBUG rally_openstack.wrappers.network [-] CIDR generated: 1.1.6.64/30
