2019-12-05 09:23:02.275 22156 RALLYDEBUG rally_openstack.cleanup.manager [-] Deleting neutron.port object s_rally_251b1213_ld38Kvz8 (5001945e-2c09-4cd3-aa00-0bbd0ef786df)
2019-12-05 09:23:02.561 22156 RALLYDEBUG rally_openstack.cleanup.manager [-] Deleting neutron.port object s_rally_251b1213_2ZjrHvNT (50186422-d5fb-4109-964f-a96e023bb7df)
2019-12-05 09:23:02.708 22156 RALLYDEBUG rally_openstack.cleanup.manager [-] Deleting neutron.port object s_rally_251b1213_5w3OxfLw (530fd6be-7a22-42e7-b1cf-11feabfcc7e0)
2019-12-05 09:23:02.815 22156 RALLYDEBUG rally_openstack.cleanup.manager [-] Deleting neutron.port object s_rally_251b1213_Dkxv6855 (54a23541-1fbe-4854-8aed-ca8358a0459f)
2019-12-05 09:23:02.837 22156 RALLYDEBUG rally_openstack.cleanup.manager [-] Deleting neutron.port object s_rally_251b1213_dhej49cF (55512ea2-fbb1-4c98-ab38-ac892433a13f)
2019-12-05 09:23:02.853 22156 RALLYDEBUG rally_openstack.cleanup.manager [-] Deleting neutron.port object s_rally_251b1213_S1m1AhRf (55a1c128-5502-450d-b493-2673e3f3a620)
2019-12-05 09:23:02.928 22156 RALLYDEBUG rally_openstack.cleanup.manager [-] Deleting neutron.port object s_rally_251b1213_nj2XLuS7 (5844475c-6bba-41db-8e63-ce2b9e50738f)
2019-12-05 09:23:02.959 22156 RALLYDEBUG rally_openstack.cleanup.manager [-] Deleting neutron.port object s_rally_251b1213_s96miot9 (58628d66-d294-42bd-830f-1e0b5ffa5cc3)
2019-12-05 09:23:03.306 22156 RALLYDEBUG rally_openstack.cleanup.manager [-] Deleting neutron.port object s_rally_251b1213_ikDHlZXg (591b566f-3410-42c1-8ab0-1a3d9d02e8bc)
2019-12-05 09:23:03.315 22156 RALLYDEBUG rally_openstack.cleanup.manager [-] Deleting neutron.port object s_rally_251b1213_XovSYfZG (5be3e4c8-1e4f-4ad9-8339-281c650f0fec)
2019-12-05 09:23:03.490 22156 RALLYDEBUG rally_openstack.cleanup.manager [-] Deleting neutron.port object s_rally_251b1213_wb0aq6bj (5bfbe833-4d7d-4974-b1b6-124e3d59de2c)
2019-12-05 09:23:03.564 22156 RALLYDEBUG rally_openstack.cleanup.manager [-] Deleting neutron.port object s_rally_251b1213_XsZP486d (5c5fdb87-07cc-477f-bd01-4f9f5694c61c)
2019-12-05 09:23:03.573 22156 RALLYDEBUG rally_openstack.cleanup.manager [-] Deleting neutron.port object s_rally_251b1213_4y08ATk2 (5fdca0c0-1790-48dd-a0d6-6d2c5ef0edcd)
2019-12-05 09:23:03.604 22156 RALLYDEBUG rally_openstack.cleanup.manager [-] Deleting neutron.port object s_rally_251b1213_FZAkzWoT (604b9598-53cb-4eb8-b38d-2eb096d1283a)
2019-12-05 09:23:03.788 22156 RALLYDEBUG rally_openstack.cleanup.manager [-] Deleting neutron.port object s_rally_251b1213_i86EkIs4 (615dd398-b28d-42d7-bc9a-2b506ca34374)
2019-12-05 09:23:03.804 22156 RALLYDEBUG rally_openstack.cleanup.manager [-] Deleting neutron.port object s_rally_251b1213_VfDqmqwz (61f19894-12c0-4de3-9fe3-a2646ec1056b)
2019-12-05 09:23:03.839 22156 RALLYDEBUG rally_openstack.cleanup.manager [-] Deleting neutron.port object s_rally_251b1213_anGvJQ7L (62894424-c68e-4b59-9fb4-550575d1e491)
2019-12-05 09:23:03.850 22156 RALLYDEBUG rally_openstack.cleanup.manager [-] Deleting neutron.port object s_rally_251b1213_LcXdAFIY (643315c0-e9e4-4da1-8c53-94fdfcb129b5)
2019-12-05 09:23:03.953 22156 RALLYDEBUG rally_openstack.cleanup.manager [-] Deleting neutron.port object s_rally_251b1213_AkWcrVVs (651bb4d2-270b-4e95-92b8-0f866acdcbef)
2019-12-05 09:23:04.116 22156 RALLYDEBUG rally_openstack.cleanup.manager [-] Deleting neutron.port object s_rally_251b1213_RqdA3jXp (6af952be-2f09-460b-a7d3-1a9d26c922b4)
2019-12-05 09:23:04.295 22156 RALLYDEBUG rally_openstack.cleanup.manager [-] Deleting neutron.port object s_rally_251b1213_0ODv3ySX (6c714c1e-3a5e-4f69-b3f9-1dcd4dc30d48)
2019-12-05 09:23:04.517 22156 RALLYDEBUG rally_openstack.cleanup.manager [-] Deleting neutron.port object s_rally_251b1213_RXOrEfdO (6de803c9-cf34-4319-bacc-01200e61456d)
2019-12-05 09:23:04.543 22156 RALLYDEBUG rally_openstack.cleanup.manager [-] Deleting neutron.port object s_rally_251b1213_t5RquLrV (6dfbc1fe-4072-4bfa-8ab8-c588eabec706)
2019-12-05 09:23:04.667 22156 RALLYDEBUG rally_openstack.cleanup.manager [-] Deleting neutron.port object s_rally_251b1213_KWiWTbcg (6e39facc-a4e2-4798-916d-c9f207f09420)
2019-12-05 09:23:04.686 22156 RALLYDEBUG rally_openstack.cleanup.manager [-] Deleting neutron.port object s_rally_251b1213_jZZZzQ1h (707e6676-35df-45b3-9d44-4d286ad90e7b)
2019-12-05 09:23:04.720 22156 RALLYDEBUG rally_openstack.cleanup.manager [-] Deleting neutron.port object s_rally_251b1213_KFh1NQ9l (7198ba22-6e40-466b-8bf9-973a90dd8f81)
2019-12-05 09:23:04.869 22156 RALLYDEBUG rally_openstack.cleanup.manager [-] Deleting neutron.port object s_rally_251b1213_maAcn58R (728fddea-44bd-4532-bbad-2be8b475f958)
2019-12-05 09:23:05.141 22156 RALLYDEBUG rally_openstack.cleanup.manager [-] Deleting neutron.port object s_rally_251b1213_UxEf1iMC (74da37e1-ff95-44c3-8712-fb3b5768ad69)
2019-12-05 09:23:05.213 22156 RALLYDEBUG rally_openstack.cleanup.manager [-] Deleting neutron.port object s_rally_251b1213_OwYSnCP9 (77332d85-adf1-4bef-8679-b186e53fdbd2)
2019-12-05 09:23:05.262 22156 RALLYDEBUG rally_openstack.cleanup.manager [-] Deleting neutron.port object s_rally_251b1213_EVMrLwr1 (776c7945-2d9b-4124-8304-1687139248ca)
2019-12-05 09:23:05.434 22156 RALLYDEBUG rally_openstack.cleanup.manager [-] Deleting neutron.port object s_rally_251b1213_TQ36qQh2 (7a17a097-b593-4411-9cfb-13df6816a5de)
2019-12-05 09:23:05.535 22156 RALLYDEBUG rally_openstack.cleanup.manager [-] Deleting neutron.port object s_rally_251b1213_ILaXuiVX (7c20f360-4331-4317-8f05-ec0a1db22453)
2019-12-05 09:23:05.660 22156 RALLYDEBUG rally_openstack.cleanup.manager [-] Deleting neutron.port object s_rally_251b1213_9f4BzGdG (7c94a060-6e01-4b0a-8f48-77ab84908747)
2019-12-05 09:23:05.817 22156 RALLYDEBUG rally_openstack.cleanup.manager [-] Deleting neutron.port object s_rally_251b1213_afoC74LY (7d65ff7a-84ed-4f49-9868-61dd51a8a612)
2019-12-05 09:23:05.921 22156 RALLYDEBUG rally_openstack.cleanup.manager [-] Deleting neutron.port object s_rally_251b1213_pA2duGdd (7d9ebca2-e716-4d99-b0eb-17270014a453)
2019-12-05 09:23:05.930 22156 RALLYDEBUG rally_openstack.cleanup.manager [-] Deleting neutron.port object s_rally_251b1213_893TKXoj (7db60e39-cd8d-4353-8fe5-57b20dd506be)
2019-12-05 09:23:05.941 22156 RALLYDEBUG rally_openstack.cleanup.manager [-] Deleting neutron.port object s_rally_251b1213_DSFsxKgP (831b0d4a-dc62-4f8e-b1ba-f1822e478f61)
2019-12-05 09:23:06.067 22156 RALLYDEBUG rally_openstack.cleanup.manager [-] Deleting neutron.port object s_rally_251b1213_t3egdufJ (83b1dd6c-643a-49d5-a011-89ea3ec9d02a)
2019-12-05 09:23:06.113 22156 RALLYDEBUG rally_openstack.cleanup.manager [-] Deleting neutron.port object s_rally_251b1213_uCA403hH (86f5ab84-4e02-4fcd-8e0b-544d63969b3f)
2019-12-05 09:23:06.152 22156 RALLYDEBUG rally_openstack.cleanup.manager [-] Deleting neutron.port object s_rally_251b1213_xulQZUxK (8884d267-1281-48a9-bcba-d8eab7983769)
2019-12-05 09:23:06.201 22156 RALLYDEBUG rally_openstack.cleanup.manager [-] Deleting neutron.port object s_rally_251b1213_TN1hZjcJ (896e8b07-ba1c-440c-8054-bf5d304db576)
2019-12-05 09:23:06.426 22156 RALLYDEBUG rally_openstack.cleanup.manager [-] Deleting neutron.port object s_rally_251b1213_Hx3c2WtA (8aeba501-6966-496b-ad00-89f50645ca57)
2019-12-05 09:23:06.560 22156 RALLYDEBUG rally_openstack.cleanup.manager [-] Deleting neutron.port object s_rally_251b1213_mP2G2U5B (8d386802-21be-408b-a720-61b6038182d5)
2019-12-05 09:23:06.695 22156 RALLYDEBUG rally_openstack.cleanup.manager [-] Deleting neutron.port object s_rally_251b1213_dNmI9AWg (8d7a3d0e-88c4-47cc-a545-9440fa9d5a56)
2019-12-05 09:23:06.846 22156 RALLYDEBUG rally_openstack.cleanup.manager [-] Deleting neutron.port object s_rally_251b1213_MSz96c5Y (8e25d51c-4260-48f1-923d-4740c6d8c430)
2019-12-05 09:23:06.874 22156 RALLYDEBUG rally_openstack.cleanup.manager [-] Deleting neutron.port object s_rally_251b1213_svsM4IPt (8ea93b19-91ca-42df-80c2-30eee22cbc71)
2019-12-05 09:23:07.030 22156 RALLYDEBUG rally_openstack.cleanup.manager [-] Deleting neutron.port object s_rally_251b1213_3Gt4OzoM (91822789-781d-41fb-9070-290026a49250)
2019-12-05 09:23:07.104 22156 RALLYDEBUG rally_openstack.cleanup.manager [-] Deleting neutron.port object s_rally_251b1213_KhU6oFLl (9314ab58-3582-42c3-a06b-5eb039f95681)
2019-12-05 09:23:07.254 22156 RALLYDEBUG rally_openstack.cleanup.manager [-] Deleting neutron.port object s_rally_251b1213_pWQ0wCWs (9344505d-0b3a-4aa8-a492-86d7428f7705)
2019-12-05 09:23:07.333 22156 RALLYDEBUG rally_openstack.cleanup.manager [-] Deleting neutron.port object s_rally_251b1213_FtjzTqTA (941653bf-e087-4ee6-862d-196a25e4bd0c)
2019-12-05 09:23:07.377 22156 RALLYDEBUG rally_openstack.cleanup.manager [-] Deleting neutron.port object s_rally_251b1213_jdwvkNc6 (943db046-0b7c-458b-a193-8cbcd0a9b960)
2019-12-05 09:23:07.523 22156 RALLYDEBUG rally_openstack.cleanup.manager [-] Deleting neutron.port object s_rally_251b1213_MhkGNVaK (952d0b39-807c-4e5e-a1d4-a3ce1c7d06d9)
2019-12-05 09:23:07.532 22156 RALLYDEBUG rally_openstack.cleanup.manager [-] Deleting neutron.port object s_rally_251b1213_v7zVyyys (95a2fc37-32fb-4c40-b148-8e5614b82527)
2019-12-05 09:23:07.759 22156 RALLYDEBUG rally_openstack.cleanup.manager [-] Deleting neutron.port object s_rally_251b1213_BbWec2Ol (95a52d22-26e2-4d75-b0f9-661374732280)
2019-12-05 09:23:07.845 22156 RALLYDEBUG rally_openstack.cleanup.manager [-] Deleting neutron.port object s_rally_251b1213_WVUabUsG (99132167-1172-4b77-ba0f-1ff6a6bb6141)
2019-12-05 09:23:07.905 22156 RALLYDEBUG rally_openstack.cleanup.manager [-] Deleting neutron.port object s_rally_251b1213_z7HOwFkb (9942a986-67bb-4366-a1f4-12dd5d701cf9)
2019-12-05 09:23:07.952 22156 RALLYDEBUG rally_openstack.cleanup.manager [-] Deleting neutron.port object s_rally_251b1213_IfhUMIgJ (999512a8-8d9e-4964-9641-781302c2c766)
2019-12-05 09:23:07.965 22156 RALLYDEBUG rally_openstack.cleanup.manager [-] Deleting neutron.port object s_rally_251b1213_OI6DlgAR (9ab25885-b19c-4ca8-9ad3-6d82d4260c27)
2019-12-05 09:23:08.073 22156 RALLYDEBUG rally_openstack.cleanup.manager [-] Deleting neutron.port object s_rally_251b1213_vFNswdU9 (9b1f5bdb-48e5-4526-a463-0f4313f10336)
2019-12-05 09:23:08.092 22156 RALLYDEBUG rally_openstack.cleanup.manager [-] Deleting neutron.port object s_rally_251b1213_btLJ0VBh (9b3f89e0-61de-4232-809a-49b12f19e0e2)
2019-12-05 09:23:08.190 22156 RALLYDEBUG rally_openstack.cleanup.manager [-] Deleting neutron.port object s_rally_251b1213_s0OAauVr (9c790581-c02e-49eb-b7e6-c6c1c8a6b987)
2019-12-05 09:23:08.418 22156 RALLYDEBUG rally_openstack.cleanup.manager [-] Deleting neutron.port object s_rally_251b1213_P4RWFgVe (9cb209c3-1492-4c90-91bc-334e4614cb3b)
2019-12-05 09:23:08.563 22156 RALLYDEBUG rally_openstack.cleanup.manager [-] Deleting neutron.port object s_rally_251b1213_ZZBvmDji (9ffbb2b0-4c67-4d12-b976-700e9eb4ba7a)
2019-12-05 09:23:08.587 22156 RALLYDEBUG rally_openstack.cleanup.manager [-] Deleting neutron.port object s_rally_251b1213_ZqzVwhfp (a055c9fe-4202-4e72-8c0d-65271238c949)
2019-12-05 09:23:08.680 22156 RALLYDEBUG rally_openstack.cleanup.manager [-] Deleting neutron.port object s_rally_251b1213_3nzMS9Kz (a2904e28-431b-4eb1-b2dc-38cfada630e3)
2019-12-05 09:23:08.708 22156 RALLYDEBUG rally_openstack.cleanup.manager [-] Deleting neutron.port object s_rally_251b1213_7sdqxJ6V (a2c331e0-572e-489d-80ed-0516bc39ed8a)
2019-12-05 09:23:08.942 22156 RALLYDEBUG rally_openstack.cleanup.manager [-] Deleting neutron.port object s_rally_251b1213_2jjJLKHQ (a3c2ef76-3053-47f0-ae67-f22fe9466cb1)
2019-12-05 09:23:09.115 22156 RALLYDEBUG rally_openstack.cleanup.manager [-] Deleting neutron.port object s_rally_251b1213_Az2XacGv (a41c8035-b6aa-4058-af14-fc1653fac55a)
2019-12-05 09:23:09.190 22156 RALLYDEBUG rally_openstack.cleanup.manager [-] Deleting neutron.port object s_rally_251b1213_jg7tBm6e (ab27ada7-de56-4ce6-b99b-e023e5c1d914)
2019-12-05 09:23:09.257 22156 RALLYDEBUG rally_openstack.cleanup.manager [-] Deleting neutron.port object s_rally_251b1213_aojplqwd (abbc5941-7830-493d-81c0-f87528b92b67)
2019-12-05 09:23:09.322 22156 RALLYDEBUG rally_openstack.cleanup.manager [-] Deleting neutron.port object s_rally_251b1213_NAex1OVY (ac2a266b-c5cd-40ec-a99b-ea0c7e18e920)
2019-12-05 09:23:09.433 22156 RALLYDEBUG rally_openstack.cleanup.manager [-] Deleting neutron.port object s_rally_251b1213_ABxodOHX (aec2128a-f1b1-4a50-93d5-a64a04eacf31)
2019-12-05 09:23:09.435 22156 RALLYDEBUG rally_openstack.cleanup.manager [-] Deleting neutron.port object s_rally_251b1213_nW6o2CHk (ae417b34-bb73-4e14-a995-aef1f56fc226)
2019-12-05 09:23:09.657 22156 RALLYDEBUG rally_openstack.cleanup.manager [-] Deleting neutron.port object s_rally_251b1213_H3t5JO5K (aed699e9-e1f5-4f1a-a713-90bcc7cabc77)
2019-12-05 09:23:09.761 22156 RALLYDEBUG rally_openstack.cleanup.manager [-] Deleting neutron.port object s_rally_251b1213_gGwgeV5i (af585b7e-b2b9-45cf-86dd-65121e7f4a9d)
2019-12-05 09:23:09.809 22156 RALLYDEBUG rally_openstack.cleanup.manager [-] Deleting neutron.port object s_rally_251b1213_VSZsrp1l (af6650ec-be7c-4e97-9453-6f13639fa2b4)
2019-12-05 09:23:09.809 22156 RALLYDEBUG rally_openstack.cleanup.manager [-] Deleting neutron.port object s_rally_251b1213_k0tlAKs7 (b06b5453-a39a-4663-be13-570f4bd1f93f)
2019-12-05 09:23:09.973 22156 RALLYDEBUG rally_openstack.cleanup.manager [-] Deleting neutron.port object s_rally_251b1213_GjsNvsyc (b29db746-1060-45d8-9ae0-d902d3326f39)
2019-12-05 09:23:10.033 22156 RALLYDEBUG rally_openstack.cleanup.manager [-] Deleting neutron.port object s_rally_251b1213_ZeHnF9oY (b51c4607-46a9-44ed-835e-5a6d6406984e)
2019-12-05 09:23:10.171 22156 RALLYDEBUG rally_openstack.cleanup.manager [-] Deleting neutron.port object s_rally_251b1213_xqJz3juF (b5513164-df06-408c-b1d0-4c0703b8c0e8)
2019-12-05 09:23:10.197 22156 RALLYDEBUG rally_openstack.cleanup.manager [-] Deleting neutron.port object s_rally_251b1213_om9NTIk9 (b62bac54-7b30-4458-a7f6-08238a95c743)
2019-12-05 09:23:10.368 22156 RALLYDEBUG rally_openstack.cleanup.manager [-] Deleting neutron.port object s_rally_251b1213_yh9C85tD (b645e479-9eed-493d-92a2-1ce113bee30e)
2019-12-05 09:23:10.563 22156 RALLYDEBUG rally_openstack.cleanup.manager [-] Deleting neutron.port object s_rally_251b1213_TlPXpBja (b6560b65-5b29-4d2f-a355-5748051e5ed7)
2019-12-05 09:23:10.679 22156 RALLYDEBUG rally_openstack.cleanup.manager [-] Deleting neutron.port object s_rally_251b1213_PKvUPsMQ (b682f159-3691-4381-a09a-035177e23d32)
2019-12-05 09:23:10.726 22156 RALLYDEBUG rally_openstack.cleanup.manager [-] Deleting neutron.port object s_rally_251b1213_8ZO4AifK (b7d88bb0-d1d4-450b-b3ea-8bd7c71025c1)
2019-12-05 09:23:10.808 22156 RALLYDEBUG rally_openstack.cleanup.manager [-] Deleting neutron.port object s_rally_251b1213_Vji1EwTR (b82fcf15-e1c6-4cba-85d3-b7ba79797c13)
2019-12-05 09:23:11.032 22156 RALLYDEBUG rally_openstack.cleanup.manager [-] Deleting neutron.port object s_rally_251b1213_6ECcrXQr (b9667061-b356-4a95-b204-6c648faeabc3)
2019-12-05 09:23:11.118 22156 RALLYDEBUG rally_openstack.cleanup.manager [-] Deleting neutron.port object s_rally_251b1213_ErDVLNRY (ba260355-45f3-4190-a789-ea44ad670e36)
2019-12-05 09:23:11.183 22156 RALLYDEBUG rally_openstack.cleanup.manager [-] Deleting neutron.port object s_rally_251b1213_lcdh9nsB (bd9959fa-8baf-4732-b577-1f96a802a8de)
2019-12-05 09:23:11.212 22156 RALLYDEBUG rally_openstack.cleanup.manager [-] Deleting neutron.port object s_rally_251b1213_QhSboCiM (bef44fd3-ccf4-4da5-a08b-46cd78405a51)
2019-12-05 09:23:11.415 22156 RALLYDEBUG rally_openstack.cleanup.manager [-] Deleting neutron.port object s_rally_251b1213_Mx6XlENV (bf0052d4-cd5b-41ed-853c-e641d0ac496e)
2019-12-05 09:23:11.468 22156 RALLYDEBUG rally_openstack.cleanup.manager [-] Deleting neutron.port object s_rally_251b1213_Cy0K74Vq (c1419a7a-6e2d-47a5-80f5-6d3befe5e18f)
2019-12-05 09:23:11.551 22156 RALLYDEBUG rally_openstack.cleanup.manager [-] Deleting neutron.port object s_rally_251b1213_55bSAsfY (c23282d2-745d-4fe1-980d-411ab9ee733e)
2019-12-05 09:23:11.619 22156 RALLYDEBUG rally_openstack.cleanup.manager [-] Deleting neutron.port object s_rally_251b1213_V9kzEHxJ (c35b875f-068c-4dc0-8894-dad615f0a773)
2019-12-05 09:23:11.744 22156 RALLYDEBUG rally_openstack.cleanup.manager [-] Deleting neutron.port object s_rally_251b1213_9MNTOCX3 (c3a36fcb-c629-4247-84e4-ea5d3b27d465)
2019-12-05 09:23:11.788 22156 RALLYDEBUG rally_openstack.cleanup.manager [-] Deleting neutron.port object s_rally_251b1213_ih6ayMrd (c424857c-86c8-4468-99c1-850d0e91abe9)
2019-12-05 09:23:11.896 22156 RALLYDEBUG rally_openstack.cleanup.manager [-] Deleting neutron.port object s_rally_251b1213_8guJqRFY (c4e1f9b7-4f13-4d00-965c-f0c392f00f41)
2019-12-05 09:23:11.962 22156 RALLYDEBUG rally_openstack.cleanup.manager [-] Deleting neutron.port object s_rally_251b1213_83JGUusr (c50834f9-01d0-425e-a167-5f1514813357)
2019-12-05 09:23:12.044 22156 RALLYDEBUG rally_openstack.cleanup.manager [-] Deleting neutron.port object s_rally_251b1213_9CNTFrWN (c662a55e-793c-4368-b3fb-db155bf8d1b5)
2019-12-05 09:23:12.153 22156 RALLYDEBUG rally_openstack.cleanup.manager [-] Deleting neutron.port object s_rally_251b1213_EjLw7tRc (c755ae30-c1b1-4cf3-abe4-cf25615bb208)
2019-12-05 09:23:12.251 22156 RALLYDEBUG rally_openstack.cleanup.manager [-] Deleting neutron.port object s_rally_251b1213_HTJCIRsc (c807ae21-6276-4597-8832-91684c647b56)
2019-12-05 09:23:12.373 22156 RALLYDEBUG rally_openstack.cleanup.manager [-] Deleting neutron.port object s_rally_251b1213_s8KEnp3Z (ca323dde-e95b-4a68-b816-2b39f68710d1)
2019-12-05 09:23:12.445 22156 RALLYDEBUG rally_openstack.cleanup.manager [-] Deleting neutron.port object s_rally_251b1213_mM4ctWaG (ca5db3bb-3073-4b08-9b31-59d771214896)
2019-12-05 09:23:12.517 22156 RALLYDEBUG rally_openstack.cleanup.manager [-] Deleting neutron.port object s_rally_251b1213_rg9IiMnZ (caa69e87-a239-41be-89b1-365db01cf0d2)
2019-12-05 09:23:12.708 22156 RALLYDEBUG rally_openstack.cleanup.manager [-] Deleting neutron.port object s_rally_251b1213_UjDWcLsC (ce485c01-eb4a-4080-aa62-0be53295618b)
2019-12-05 09:23:12.844 22156 RALLYDEBUG rally_openstack.cleanup.manager [-] Deleting neutron.port object s_rally_251b1213_ah5dErOJ (cef40a78-6f9f-49f5-94b0-8b310a5c92fc)
2019-12-05 09:23:12.903 22156 RALLYDEBUG rally_openstack.cleanup.manager [-] Deleting neutron.port object s_rally_251b1213_puFLy8if (cf175611-7cc7-4a0b-ad20-dfe259424939)
2019-12-05 09:23:12.984 22156 RALLYDEBUG rally_openstack.cleanup.manager [-] Deleting neutron.port object s_rally_251b1213_gMF5Mo0J (cff00684-800f-4745-ade4-20134e70c341)
2019-12-05 09:23:13.059 22156 RALLYDEBUG rally_openstack.cleanup.manager [-] Deleting neutron.port object s_rally_251b1213_5zUhw9lr (d028fde7-bfc7-49c7-aa50-145317a25824)
2019-12-05 09:23:13.381 22156 RALLYDEBUG rally_openstack.cleanup.manager [-] Deleting neutron.port object s_rally_251b1213_Pc0qG1wg (d1a3d51a-8d7a-4c98-ae0d-b0ad32a20726)
2019-12-05 09:23:13.493 22156 RALLYDEBUG rally_openstack.cleanup.manager [-] Deleting neutron.port object s_rally_251b1213_4LBseiy0 (d838a451-623e-4a90-92b8-6c63d7ea30af)
2019-12-05 09:23:13.502 22156 RALLYDEBUG rally_openstack.cleanup.manager [-] Deleting neutron.port object s_rally_251b1213_M0EXqCAQ (d8d553ba-d843-46bf-be98-ddd3c50484c6)
2019-12-05 09:23:13.584 22156 RALLYDEBUG rally_openstack.cleanup.manager [-] Deleting neutron.port object s_rally_251b1213_rwvwLN41 (da04583a-9d31-4ce3-a28d-d3c2af92b582)
2019-12-05 09:23:13.613 22156 RALLYDEBUG rally_openstack.cleanup.manager [-] Deleting neutron.port object s_rally_251b1213_v4ghLqSj (db82c3e6-8333-4b4c-9b98-a6b029d6175a)
2019-12-05 09:23:13.627 22156 RALLYDEBUG rally_openstack.cleanup.manager [-] Deleting neutron.port object s_rally_251b1213_ZTrQd7Mj (db949b08-54cc-46cf-b55e-948b47dd82e0)
2019-12-05 09:23:13.754 22156 RALLYDEBUG rally_openstack.cleanup.manager [-] Deleting neutron.port object s_rally_251b1213_ww4UWqR3 (dc4945f6-7109-4485-85e6-b2d2f5329904)
2019-12-05 09:23:13.876 22156 RALLYDEBUG rally_openstack.cleanup.manager [-] Deleting neutron.port object s_rally_251b1213_ziRPbQ5B (df45739a-ff17-4b9e-9ab7-724104e8bb8c)
2019-12-05 09:23:13.934 22156 RALLYDEBUG rally_openstack.cleanup.manager [-] Deleting neutron.port object s_rally_251b1213_ZI6TgsLH (e0a04d7d-7408-41a5-8de4-1490659937b8)
2019-12-05 09:23:14.098 22156 RALLYDEBUG rally_openstack.cleanup.manager [-] Deleting neutron.port object s_rally_251b1213_BVxXdYzv (e1153fa5-0edc-4ac6-9bdd-802def8f1bb3)
2019-12-05 09:23:14.195 22156 RALLYDEBUG rally_openstack.cleanup.manager [-] Deleting neutron.port object s_rally_251b1213_olAbjNpf (e2e992b7-ff0c-4883-ad9e-2e1c89f62dc3)
2019-12-05 09:23:14.221 22156 RALLYDEBUG rally_openstack.cleanup.manager [-] Deleting neutron.port object s_rally_251b1213_4ehoD4mL (e30997f8-8339-48eb-9796-acc54401c675)
2019-12-05 09:23:14.251 22156 RALLYDEBUG rally_openstack.cleanup.manager [-] Deleting neutron.port object s_rally_251b1213_CEY4JmBu (e385a15a-010e-42e0-ba6d-f44ea042acb8)
2019-12-05 09:23:14.334 22156 RALLYDEBUG rally_openstack.cleanup.manager [-] Deleting neutron.port object s_rally_251b1213_TOf0Lmmm (e5025e52-9f4b-4daa-ae6e-157cbce7c6b8)
2019-12-05 09:23:14.365 22156 RALLYDEBUG rally_openstack.cleanup.manager [-] Deleting neutron.port object s_rally_251b1213_PIkx3NbD (e8432444-0799-4413-a477-72ec40ec0d71)
2019-12-05 09:23:14.523 22156 RALLYDEBUG rally_openstack.cleanup.manager [-] Deleting neutron.port object s_rally_251b1213_9iLiiynP (e86ce8d9-7b50-4d5d-b6a5-dabb3cc9c61d)
2019-12-05 09:23:14.711 22156 RALLYDEBUG rally_openstack.cleanup.manager [-] Deleting neutron.port object s_rally_251b1213_fbpulL4b (e9aa0e8c-ca75-49f8-aecb-7d96cc1abd9e)
2019-12-05 09:23:14.739 22156 RALLYDEBUG rally_openstack.cleanup.manager [-] Deleting neutron.port object s_rally_251b1213_t1gmt5Oq (ef79139b-a9d9-43c4-8caf-b2be3fc3fe2d)
2019-12-05 09:23:14.790 22156 RALLYDEBUG rally_openstack.cleanup.manager [-] Deleting neutron.port object s_rally_251b1213_on9g7SJc (f3e70afd-706e-4b9e-9c60-8e69258242f2)
2019-12-05 09:23:15.209 22156 RALLYDEBUG rally_openstack.cleanup.manager [-] Deleting neutron.port object s_rally_251b1213_8MBKkUtb (f61c6248-d843-4aa9-b49a-970440853e08)
2019-12-05 09:23:15.336 22156 RALLYDEBUG rally_openstack.cleanup.manager [-] Deleting neutron.port object s_rally_251b1213_SSOJV954 (f76901c7-60bc-483c-865a-a91d9525b373)
2019-12-05 09:23:15.464 22156 RALLYDEBUG rally_openstack.cleanup.manager [-] Deleting neutron.port object s_rally_251b1213_0M94XECV (f7fd2f47-1202-412a-bba0-0893ce9ad495)
2019-12-05 09:23:15.498 22156 RALLYDEBUG rally_openstack.cleanup.manager [-] Deleting neutron.port object s_rally_251b1213_ZI17i8PQ (f894c29a-a120-449a-b677-af7ddbff2f85)
2019-12-05 09:23:15.540 22156 RALLYDEBUG rally_openstack.cleanup.manager [-] Deleting neutron.port object s_rally_251b1213_bnPioW4e (f928284b-9ad6-4b15-869b-b7940e2a3347)
2019-12-05 09:23:15.584 22156 RALLYDEBUG rally_openstack.cleanup.manager [-] Deleting neutron.port object s_rally_251b1213_QJL8QTPo (faa7a281-dc81-4f65-9aab-f6dcdf37c316)
2019-12-05 09:23:15.621 22156 RALLYDEBUG rally_openstack.cleanup.manager [-] Deleting neutron.port object s_rally_251b1213_6Aba9hk6 (fc2ff3f8-8651-43be-849a-0f999da65acf)
2019-12-05 09:23:15.951 22156 RALLYDEBUG rally_openstack.cleanup.manager [-] Deleting neutron.port object s_rally_251b1213_mHp12XTD (fe2299a3-70a0-4349-847c-bb750ad98582)
2019-12-05 09:23:16.028 22156 RALLYDEBUG rally_openstack.cleanup.manager [-] Deleting neutron.port object s_rally_251b1213_FUdRMme6 (fe694551-2ac2-4f88-a480-7d2c81565b77)
2019-12-05 09:23:16.088 22156 RALLYDEBUG rally_openstack.cleanup.manager [-] Deleting neutron.port object s_rally_251b1213_O8yPN2Pt (fe8c791d-d397-483b-8d0f-0cf64d56f594)
2019-12-05 09:23:16.155 22156 RALLYDEBUG rally_openstack.cleanup.manager [-] Deleting neutron.port object s_rally_251b1213_BIhrcECg (ffa827f9-cade-462e-a24d-e495f9471a4b)
2019-12-05 09:23:16.296 22156 RALLYDEBUG rally_openstack.cleanup.manager [-] Deleting neutron.port object s_rally_251b1213_TtQnERGr (ffdda23d-c753-4ebf-9beb-5257936eb6c7)
2019-12-05 09:23:18.287 22156 RALLYDEBUG rally_openstack.cleanup.manager [-] Cleaning up neutron subnet objects
2019-12-05 09:23:18.710 22156 RALLYDEBUG rally_openstack.cleanup.manager [-] Cleaning up neutron network objects
2019-12-05 09:23:19.271 22156 RALLYDEBUG rally_openstack.cleanup.manager [-] Deleting neutron.network object s_rally_251b1213_c1hA8OX9 (02b944b5-f90c-4a09-b660-a13f4f299b1e)
2019-12-05 09:23:19.281 22156 RALLYDEBUG rally_openstack.cleanup.manager [-] Deleting neutron.network object s_rally_251b1213_vXwu8GMc (09efcf18-f0ac-45a0-ad21-c7a42e558a13)
2019-12-05 09:23:19.294 22156 RALLYDEBUG rally_openstack.cleanup.manager [-] Deleting neutron.network object s_rally_251b1213_nhRIsySU (0b666bad-7e62-41e9-9263-d67dd9220e7b)
2019-12-05 09:23:19.302 22156 RALLYDEBUG rally_openstack.cleanup.manager [-] Deleting neutron.network object s_rally_251b1213_pR2HYSAI (13234f03-6745-40ab-8b0c-0ea9d3a845c5)
2019-12-05 09:23:19.317 22156 RALLYDEBUG rally_openstack.cleanup.manager [-] Deleting neutron.network object s_rally_251b1213_3axFyoGc (1f41a734-79cd-4362-a5d5-7ce696570705)
2019-12-05 09:23:19.320 22156 RALLYDEBUG rally_openstack.cleanup.manager [-] Deleting neutron.network object s_rally_251b1213_5a1vJq3O (18c9b330-5cd0-4b22-85fd-7142c8d0c5a4)
2019-12-05 09:23:19.329 22156 RALLYDEBUG rally_openstack.cleanup.manager [-] Deleting neutron.network object s_rally_251b1213_IrG3CvRE (243412c8-f4cb-4220-8c13-ae2938176cac)
2019-12-05 09:23:19.333 22156 RALLYDEBUG rally_openstack.cleanup.manager [-] Deleting neutron.network object s_rally_251b1213_fuVy9Muc (2cf9296e-11b3-437a-830a-cc4c73b8b7a9)
2019-12-05 09:23:19.358 22156 RALLYDEBUG rally_openstack.cleanup.manager [-] Deleting neutron.network object s_rally_251b1213_ST7WqGLZ (1f728785-739a-40c1-aa16-0522fb360c0c)
2019-12-05 09:23:19.359 22156 RALLYDEBUG rally_openstack.cleanup.manager [-] Deleting neutron.network object s_rally_251b1213_jLa58l1X (335139ed-09c5-45eb-b108-5a61038cef57)
2019-12-05 09:23:19.364 22156 RALLYDEBUG rally_openstack.cleanup.manager [-] Deleting neutron.network object s_rally_251b1213_38uL2Dq6 (35912d66-f78a-4cb0-b347-fa7a237c8183)
2019-12-05 09:23:19.381 22156 RALLYDEBUG rally_openstack.cleanup.manager [-] Deleting neutron.network object s_rally_251b1213_IMBtLEwf (337b85e0-84ee-401d-966b-c10082e60aed)
2019-12-05 09:23:19.405 22156 RALLYDEBUG rally_openstack.cleanup.manager [-] Deleting neutron.network object s_rally_251b1213_MSFt4oRb (37870b3d-eff5-4eca-86fc-68bb93a7a29a)
2019-12-05 09:23:19.423 22156 RALLYDEBUG rally_openstack.cleanup.manager [-] Deleting neutron.network object s_rally_251b1213_pYT7sumI (4a1c0953-467a-4d1b-a5a4-20ef985f7b63)
2019-12-05 09:23:19.503 22156 RALLYDEBUG rally_openstack.cleanup.manager [-] Deleting neutron.network object s_rally_251b1213_4FSt5vbF (4bfb4d66-8f5f-45ed-949f-14aeacafaebf)
2019-12-05 09:23:19.524 22156 RALLYDEBUG rally_openstack.cleanup.manager [-] Deleting neutron.network object s_rally_251b1213_RfgdOhN9 (4db9d58e-adf5-42b3-9ce5-7a2b7840acc9)
2019-12-05 09:23:19.524 22156 RALLYDEBUG rally_openstack.cleanup.manager [-] Deleting neutron.network object s_rally_251b1213_PxR9e1jr (5b913811-2690-45c6-8393-382e27cddb61)
2019-12-05 09:23:19.530 22156 RALLYDEBUG rally_openstack.cleanup.manager [-] Deleting neutron.network object s_rally_251b1213_8nBUN6va (54472679-b24f-4dab-b5ec-5cf82596d168)
2019-12-05 09:23:19.530 22156 RALLYDEBUG rally_openstack.cleanup.manager [-] Deleting neutron.network object s_rally_251b1213_lwGcjVfn (535c8751-7b7c-495a-9d26-5fc3afd4c76c)
2019-12-05 09:23:19.547 22156 RALLYDEBUG rally_openstack.cleanup.manager [-] Deleting neutron.network object s_rally_251b1213_1Hbdinm0 (6439bd5b-764f-4791-952d-aae763cc6751)
2019-12-05 09:23:21.427 22156 RALLYDEBUG rally_openstack.cleanup.manager [-] Deleting neutron.network object s_rally_251b1213_AVDpQbEt (67b22832-7ba0-4a9f-9244-d26651ef9b96)
2019-12-05 09:23:21.795 22156 RALLYDEBUG rally_openstack.cleanup.manager [-] Deleting neutron.network object s_rally_251b1213_UJiv1IY4 (74ea7376-44c7-4117-bfd0-04f09f2e2532)
2019-12-05 09:23:21.849 22156 RALLYDEBUG rally_openstack.cleanup.manager [-] Deleting neutron.network object s_rally_251b1213_khbWH8un (8075d021-0976-46b0-9968-e236d2a7cd42)
2019-12-05 09:23:21.934 22156 RALLYDEBUG rally_openstack.cleanup.manager [-] Deleting neutron.network object s_rally_251b1213_gJeJZfMd (83232f5a-d84a-4108-9a6f-55034df00859)
2019-12-05 09:23:22.163 22156 RALLYDEBUG rally_openstack.cleanup.manager [-] Deleting neutron.network object s_rally_251b1213_9h5bZu1V (8a235009-8bc9-4f6d-a553-fb51c276312f)
2019-12-05 09:23:22.193 22156 RALLYDEBUG rally_openstack.cleanup.manager [-] Deleting neutron.network object s_rally_251b1213_aNCnJPWD (8d4b2c6b-d7f3-4362-b2a1-040e307866e9)
2019-12-05 09:23:22.367 22156 RALLYDEBUG rally_openstack.cleanup.manager [-] Deleting neutron.network object s_rally_251b1213_OhJ6ViVl (8f4cb176-3fa0-44d2-b62d-cbc1ba9872d7)
2019-12-05 09:23:22.370 22156 RALLYDEBUG rally_openstack.cleanup.manager [-] Deleting neutron.network object s_rally_251b1213_UI7esTvi (9124ed4b-1fc3-4f34-a5e3-158b1258d4ea)
2019-12-05 09:23:22.403 22156 RALLYDEBUG rally_openstack.cleanup.manager [-] Deleting neutron.network object s_rally_251b1213_OqxG5Xnu (95442f49-860b-4f48-8d8f-d02490daab9a)
2019-12-05 09:23:22.495 22156 RALLYDEBUG rally_openstack.cleanup.manager [-] Deleting neutron.network object s_rally_251b1213_r54Ax1zo (9be006be-cc6d-4a63-a5b4-df682b495ef5)
2019-12-05 09:23:22.536 22156 RALLYDEBUG rally_openstack.cleanup.manager [-] Deleting neutron.network object s_rally_251b1213_sM6fkQTa (b3dc14ba-6a45-4a99-adad-33b7c9f45753)
2019-12-05 09:23:22.537 22156 RALLYDEBUG rally_openstack.cleanup.manager [-] Deleting neutron.network object s_rally_251b1213_uRT71YQg (a1af3d1d-91d6-41ff-822f-90671c161dfc)
2019-12-05 09:23:22.565 22156 RALLYDEBUG rally_openstack.cleanup.manager [-] Deleting neutron.network object s_rally_251b1213_WXxVPxDm (b5b3269c-f965-4158-9645-7790eea5b725)
2019-12-05 09:23:22.587 22156 RALLYDEBUG rally_openstack.cleanup.manager [-] Deleting neutron.network object s_rally_251b1213_oEpoW5Qm (d6753bdb-6697-4460-9e88-b18e8fdf62df)
2019-12-05 09:23:22.625 22156 RALLYDEBUG rally_openstack.cleanup.manager [-] Deleting neutron.network object s_rally_251b1213_NGJtzYIE (d68b72dd-6b36-4004-8f5e-3bf819ae81dd)
2019-12-05 09:23:22.670 22156 RALLYDEBUG rally_openstack.cleanup.manager [-] Deleting neutron.network object s_rally_251b1213_vYZQvoCf (db166788-50dc-4e65-8014-6fd2247bc65c)
2019-12-05 09:23:22.920 22156 RALLYDEBUG rally_openstack.cleanup.manager [-] Deleting neutron.network object s_rally_251b1213_bzmY2lOd (eb4c217b-bd74-4780-9801-ef319babe449)
2019-12-05 09:23:23.494 22156 RALLYDEBUG rally_openstack.cleanup.manager [-] Deleting neutron.network object s_rally_251b1213_9y5yBAaC (f1509e4a-21aa-49e3-ba05-07569258ffe3)
2019-12-05 09:23:23.532 22156 RALLYDEBUG rally_openstack.cleanup.manager [-] Deleting neutron.network object s_rally_251b1213_VMERVJHg (f6a103b3-bf85-47ee-b8f3-c7154ed02fa5)
2019-12-05 09:23:23.552 22156 RALLYDEBUG rally_openstack.cleanup.manager [-] Deleting neutron.network object s_rally_251b1213_EjCi0wRc (fffb1cf5-0aa1-4c8c-ab91-9d7eb16370c0)
2019-12-05 09:23:25.595 22156 RALLYDEBUG rally_openstack.cleanup.manager [-] Cleaning up neutron router objects
2019-12-05 09:23:26.020 22156 RALLYDEBUG rally_openstack.cleanup.manager [-] Cleaning up neutron security_group objects
2019-12-05 09:23:26.442 22156 INFO rally.task.context [-] Task 27c53ca9-67db-450c-a548-63f6a78734ed | Context cleanup@openstack cleanup() finished in 33.14 sec
2019-12-05 09:23:26.443 22156 INFO rally.task.context [-] Task 27c53ca9-67db-450c-a548-63f6a78734ed | Context quotas@openstack cleanup() started
2019-12-05 09:23:26.519 22156 INFO rally.task.context [-] Task 27c53ca9-67db-450c-a548-63f6a78734ed | Context quotas@openstack cleanup() finished in 75.61 msec
2019-12-05 09:23:26.519 22156 INFO rally.task.context [-] Task 27c53ca9-67db-450c-a548-63f6a78734ed | Context users@openstack cleanup() started
2019-12-05 09:23:29.283 22156 INFO rally.task.context [-] Task 27c53ca9-67db-450c-a548-63f6a78734ed | Context users@openstack cleanup() finished in 2.76 sec
2019-12-05 09:23:30.071 22156 INFO rally.task.engine [-] Load duration is: 24.383698
2019-12-05 09:23:30.072 22156 INFO rally.task.engine [-] Full runner duration is: 24.434861
2019-12-05 09:23:30.072 22156 INFO rally.task.engine [-] Full duration is: 63.508639
2019-12-05 09:23:30.334 22156 INFO rally.task.engine [-] Running workload: position = 2 config = { "version": 2, "title": "A cropped version of a bigger task.", "description": "Auto-generated task from a single workload (uuid=c1c9dd5e-0cfb-4e9e-903d-657ae94175e0)", "subtasks": [ { "title": "NeutronNetworks.create_and_delete_ports", "description": "Create and delete a port.", "scenario": { "NeutronNetworks.create_and_delete_ports": { "network_create_args": {}, "port_create_args": {}, "ports_per_network": 5 } }, "contexts": { "users": { "tenants": 1, "users_per_tenant": 1 }, "quotas": { "neutron": { "network": -1, "port": -1 } } }, "runner": { "constant": { "times": 40, "concurrency": 20 } }, "hooks": [], "sla": { "failure_rate": { "max": 0 } } } ] }
2019-12-05 09:23:30.363 22156 RALLYDEBUG rally_openstack.contexts.keystone.users [-] Creating 1 tenants using 20 threads
2019-12-05 09:23:31.311 22156 RALLYDEBUG rally_openstack.contexts.keystone.users [-] Creating 1 users using 20 threads
2019-12-05 09:23:32.698 22156 INFO rally.task.context [-] Task 27c53ca9-67db-450c-a548-63f6a78734ed | Context users@openstack setup() finished in 2.34 sec
2019-12-05 09:23:33.189 22156 INFO rally.task.context [-] Task 27c53ca9-67db-450c-a548-63f6a78734ed | Context quotas@openstack setup() finished in 0.49 sec
2019-12-05 09:23:33.190 22156 INFO rally.task.context [-] Task 27c53ca9-67db-450c-a548-63f6a78734ed | Context cleanup@openstack setup() finished in 0.01 msec
2019-12-05 09:23:33.200 22156 RALLYDEBUG rally.task.runner [-] Starting the constant runner (task UUID: 27c53ca9-67db-450c-a548-63f6a78734ed). timeout: 0 concurrency: 20 concurrency_per_worker: 1 times: 40 concurrency_overhead: 4 processes_to_start: 16 max_cpu_used: 16
2019-12-05 09:23:33.214 26622 RALLYDEBUG rally.task.runner [-] Starting a worker. concurrency: 2 args: {"network_create_args": {}, "port_create_args": {}, "ports_per_network": 5} times: 40 method_name: run timeout: 0 duration: None cls:
2019-12-05 09:23:33.217 26623 RALLYDEBUG rally.task.runner [-] Starting a worker. concurrency: 2 args: {"network_create_args": {}, "port_create_args": {}, "ports_per_network": 5} times: 40 method_name: run timeout: 0 duration: None cls:
2019-12-05 09:23:33.221 26624 RALLYDEBUG rally.task.runner [-] Starting a worker. concurrency: 2 args: {"network_create_args": {}, "port_create_args": {}, "ports_per_network": 5} times: 40 method_name: run timeout: 0 duration: None cls:
2019-12-05 09:23:33.222 26622 INFO rally.task.runner [-] Task 27c53ca9-67db-450c-a548-63f6a78734ed | ITER: 1 START
2019-12-05 09:23:33.223 26622 WARNING rally_openstack.scenarios.neutron.utils [-] Running this scenario without either the 'network' or 'existing_network' context is deprecated
2019-12-05 09:23:33.224 26625 RALLYDEBUG rally.task.runner [-] Starting a worker. concurrency: 2 args: {"network_create_args": {}, "port_create_args": {}, "ports_per_network": 5} times: 40 method_name: run timeout: 0 duration: None cls:
2019-12-05 09:23:33.227 26626 RALLYDEBUG rally.task.runner [-] Starting a worker. concurrency: 1 args: {"network_create_args": {}, "port_create_args": {}, "ports_per_network": 5} times: 40 method_name: run timeout: 0 duration: None cls:
2019-12-05 09:23:33.229 26623 INFO rally.task.runner [-] Task 27c53ca9-67db-450c-a548-63f6a78734ed | ITER: 2 START
2019-12-05 09:23:33.230 26623 INFO rally.task.runner [-] Task 27c53ca9-67db-450c-a548-63f6a78734ed | ITER: 5 START
2019-12-05 09:23:33.231 26629 RALLYDEBUG rally.task.runner [-] Starting a worker. concurrency: 1 args: {"network_create_args": {}, "port_create_args": {}, "ports_per_network": 5} times: 40 method_name: run timeout: 0 duration: None cls:
2019-12-05 09:23:33.232 26623 WARNING rally_openstack.scenarios.neutron.utils [-] Running this scenario without either the 'network' or 'existing_network' context is deprecated
2019-12-05 09:23:33.234 26626 INFO rally.task.runner [-] Task 27c53ca9-67db-450c-a548-63f6a78734ed | ITER: 8 START
2019-12-05 09:23:33.235 26625 INFO rally.task.runner [-] Task 27c53ca9-67db-450c-a548-63f6a78734ed | ITER: 6 START
2019-12-05 09:23:33.236 26626 WARNING rally_openstack.scenarios.neutron.utils [-] Running this scenario without either the 'network' or 'existing_network' context is deprecated
2019-12-05 09:23:33.235 26632 RALLYDEBUG rally.task.runner [-] Starting a worker. concurrency: 1 args: {"network_create_args": {}, "port_create_args": {}, "ports_per_network": 5} times: 40 method_name: run timeout: 0 duration: None cls:
2019-12-05 09:23:33.232 26623 WARNING rally_openstack.scenarios.neutron.utils [-] Running this scenario without either the 'network' or 'existing_network' context is deprecated
2019-12-05 09:23:33.237 26625 INFO rally.task.runner [-] Task 27c53ca9-67db-450c-a548-63f6a78734ed | ITER: 9 START
2019-12-05 09:23:33.238 26629 INFO rally.task.runner [-] Task 27c53ca9-67db-450c-a548-63f6a78734ed | ITER: 10 START
2019-12-05 09:23:33.238 26624 INFO rally.task.runner [-] Task 27c53ca9-67db-450c-a548-63f6a78734ed | ITER: 4 START
2019-12-05 09:23:33.238 26625 WARNING rally_openstack.scenarios.neutron.utils [-] Running this scenario without either the 'network' or 'existing_network' context is deprecated
2019-12-05 09:23:33.239 26629 WARNING rally_openstack.scenarios.neutron.utils [-] Running this scenario without either the 'network' or 'existing_network' context is deprecated
2019-12-05 09:23:33.239 26625 WARNING rally_openstack.scenarios.neutron.utils [-] Running this scenario without either the 'network' or 'existing_network' context is deprecated
2019-12-05 09:23:33.239 26624 INFO rally.task.runner [-] Task 27c53ca9-67db-450c-a548-63f6a78734ed | ITER: 7 START
2019-12-05 09:23:33.240 26638 RALLYDEBUG rally.task.runner [-] Starting a worker. concurrency: 1 args: {"network_create_args": {}, "port_create_args": {}, "ports_per_network": 5} times: 40 method_name: run timeout: 0 duration: None cls:
2019-12-05 09:23:33.241 26624 WARNING rally_openstack.scenarios.neutron.utils [-] Running this scenario without either the 'network' or 'existing_network' context is deprecated
2019-12-05 09:23:33.241 26641 RALLYDEBUG rally.task.runner [-] Starting a worker. concurrency: 1 args: {"network_create_args": {}, "port_create_args": {}, "ports_per_network": 5} times: 40 method_name: run timeout: 0 duration: None cls:
2019-12-05 09:23:33.243 26632 INFO rally.task.runner [-] Task 27c53ca9-67db-450c-a548-63f6a78734ed | ITER: 11 START
2019-12-05 09:23:33.243 26622 INFO rally.task.runner [-] Task 27c53ca9-67db-450c-a548-63f6a78734ed | ITER: 3 START
2019-12-05 09:23:33.241 26624 WARNING rally_openstack.scenarios.neutron.utils [-] Running this scenario without either the 'network' or 'existing_network' context is deprecated
2019-12-05 09:23:33.244 26622 WARNING rally_openstack.scenarios.neutron.utils [-] Running this scenario without either the 'network' or 'existing_network' context is deprecated
2019-12-05 09:23:33.245 26632 WARNING rally_openstack.scenarios.neutron.utils [-] Running this scenario without either the 'network' or 'existing_network' context is deprecated
2019-12-05 09:23:33.246 26647 RALLYDEBUG rally.task.runner [-] Starting a worker. concurrency: 1 args: {"network_create_args": {}, "port_create_args": {}, "ports_per_network": 5} times: 40 method_name: run timeout: 0 duration: None cls:
2019-12-05 09:23:33.249 26641 INFO rally.task.runner [-] Task 27c53ca9-67db-450c-a548-63f6a78734ed | ITER: 13 START
2019-12-05 09:23:33.249 26638 INFO rally.task.runner [-] Task 27c53ca9-67db-450c-a548-63f6a78734ed | ITER: 12 START
2019-12-05 09:23:33.250 26641 WARNING rally_openstack.scenarios.neutron.utils [-] Running this scenario without either the 'network' or 'existing_network' context is deprecated
2019-12-05 09:23:33.251 26638 WARNING rally_openstack.scenarios.neutron.utils [-] Running this scenario without either the 'network' or 'existing_network' context is deprecated
2019-12-05 09:23:33.253 26647 INFO rally.task.runner [-] Task 27c53ca9-67db-450c-a548-63f6a78734ed | ITER: 14 START
2019-12-05 09:23:33.254 26647 WARNING rally_openstack.scenarios.neutron.utils [-] Running this scenario without either the 'network' or 'existing_network' context is deprecated
2019-12-05 09:23:33.253 26650 RALLYDEBUG rally.task.runner [-] Starting a worker. concurrency: 1 args: {"network_create_args": {}, "port_create_args": {}, "ports_per_network": 5} times: 40 method_name: run timeout: 0 duration: None cls:
2019-12-05 09:23:33.262 26650 INFO rally.task.runner [-] Task 27c53ca9-67db-450c-a548-63f6a78734ed | ITER: 15 START
2019-12-05 09:23:33.262 26656 RALLYDEBUG rally.task.runner [-] Starting a worker. concurrency: 1 args: {"network_create_args": {}, "port_create_args": {}, "ports_per_network": 5} times: 40 method_name: run timeout: 0 duration: None cls:
2019-12-05 09:23:33.264 26650 WARNING rally_openstack.scenarios.neutron.utils [-] Running this scenario without either the 'network' or 'existing_network' context is deprecated
2019-12-05 09:23:33.269 26658 RALLYDEBUG rally.task.runner [-] Starting a worker. concurrency: 1 args: {"network_create_args": {}, "port_create_args": {}, "ports_per_network": 5} times: 40 method_name: run timeout: 0 duration: None cls:
2019-12-05 09:23:33.273 26656 INFO rally.task.runner [-] Task 27c53ca9-67db-450c-a548-63f6a78734ed | ITER: 16 START
2019-12-05 09:23:33.274 26656 WARNING rally_openstack.scenarios.neutron.utils [-] Running this scenario without either the 'network' or 'existing_network' context is deprecated
2019-12-05 09:23:33.275 26658 INFO rally.task.runner [-] Task 27c53ca9-67db-450c-a548-63f6a78734ed | ITER: 17 START
2019-12-05 09:23:33.276 26658 WARNING rally_openstack.scenarios.neutron.utils [-] Running this scenario without either the 'network' or 'existing_network' context is deprecated
2019-12-05 09:23:33.276 26661 RALLYDEBUG rally.task.runner [-] Starting a worker. concurrency: 1 args: {"network_create_args": {}, "port_create_args": {}, "ports_per_network": 5} times: 40 method_name: run timeout: 0 duration: None cls:
2019-12-05 09:23:33.283 26661 INFO rally.task.runner [-] Task 27c53ca9-67db-450c-a548-63f6a78734ed | ITER: 18 START
2019-12-05 09:23:33.283 26666 RALLYDEBUG rally.task.runner [-] Starting a worker. concurrency: 1 args: {"network_create_args": {}, "port_create_args": {}, "ports_per_network": 5} times: 40 method_name: run timeout: 0 duration: None cls:
2019-12-05 09:23:33.284 26661 WARNING rally_openstack.scenarios.neutron.utils [-] Running this scenario without either the 'network' or 'existing_network' context is deprecated
2019-12-05 09:23:33.288 26666 INFO rally.task.runner [-] Task 27c53ca9-67db-450c-a548-63f6a78734ed | ITER: 19 START
2019-12-05 09:23:33.289 26666 WARNING rally_openstack.scenarios.neutron.utils [-] Running this scenario without either the 'network' or 'existing_network' context is deprecated
2019-12-05 09:23:33.289 26669 RALLYDEBUG rally.task.runner [-] Starting a worker. concurrency: 1 args: {"network_create_args": {}, "port_create_args": {}, "ports_per_network": 5} times: 40 method_name: run timeout: 0 duration: None cls:
2019-12-05 09:23:33.294 26669 INFO rally.task.runner [-] Task 27c53ca9-67db-450c-a548-63f6a78734ed | ITER: 20 START
2019-12-05 09:23:33.295 26669 WARNING rally_openstack.scenarios.neutron.utils [-] Running this scenario without either the 'network' or 'existing_network' context is deprecated
2019-12-05 09:23:42.118 26641 INFO rally.task.runner [-] Task 27c53ca9-67db-450c-a548-63f6a78734ed | ITER: 13 END: OK
2019-12-05 09:23:42.123 26641 INFO rally.task.runner [-] Task 27c53ca9-67db-450c-a548-63f6a78734ed | ITER: 21 START
2019-12-05 09:23:42.124 26641 WARNING rally_openstack.scenarios.neutron.utils [-] Running this scenario without either the 'network' or 'existing_network' context is deprecated
2019-12-05 09:23:42.485 26647 INFO rally.task.runner [-] Task 27c53ca9-67db-450c-a548-63f6a78734ed | ITER: 14 END: OK
2019-12-05 09:23:42.490 26647 INFO rally.task.runner [-] Task 27c53ca9-67db-450c-a548-63f6a78734ed | ITER: 22 START
2019-12-05 09:23:42.490 26647 WARNING rally_openstack.scenarios.neutron.utils [-] Running this scenario without either the 'network' or 'existing_network' context is deprecated
2019-12-05 09:23:43.346 26669 INFO rally.task.runner [-] Task 27c53ca9-67db-450c-a548-63f6a78734ed | ITER: 20 END: OK
2019-12-05 09:23:43.351 26669 INFO rally.task.runner [-] Task 27c53ca9-67db-450c-a548-63f6a78734ed | ITER: 23 START
2019-12-05 09:23:43.352 26669 WARNING rally_openstack.scenarios.neutron.utils [-] Running this scenario without either the 'network' or 'existing_network' context is deprecated
2019-12-05 09:23:44.541 26656 INFO rally.task.runner [-] Task 27c53ca9-67db-450c-a548-63f6a78734ed | ITER: 16 END: OK
2019-12-05 09:23:44.545 26656 INFO rally.task.runner [-] Task 27c53ca9-67db-450c-a548-63f6a78734ed | ITER: 24 START
2019-12-05 09:23:44.546 26656 WARNING rally_openstack.scenarios.neutron.utils [-] Running this scenario without either the 'network' or 'existing_network' context is deprecated
2019-12-05 09:23:44.600 26650 INFO rally.task.runner [-] Task 27c53ca9-67db-450c-a548-63f6a78734ed | ITER: 15 END: OK
2019-12-05 09:23:44.604 26650 INFO rally.task.runner [-] Task 27c53ca9-67db-450c-a548-63f6a78734ed | ITER: 25 START
2019-12-05 09:23:44.604 26650 WARNING rally_openstack.scenarios.neutron.utils [-] Running this scenario without either the 'network' or 'existing_network' context is deprecated
2019-12-05 09:23:44.799 26624 INFO rally.task.runner [-] Task 27c53ca9-67db-450c-a548-63f6a78734ed | ITER: 7 END: OK
2019-12-05 09:23:44.803 26624 INFO rally.task.runner [-] Task 27c53ca9-67db-450c-a548-63f6a78734ed | ITER: 26 START
2019-12-05 09:23:44.804 26624 WARNING rally_openstack.scenarios.neutron.utils [-] Running this scenario without either the 'network' or 'existing_network' context is deprecated
2019-12-05 09:23:44.845 26632 INFO rally.task.runner [-] Task 27c53ca9-67db-450c-a548-63f6a78734ed | ITER: 11 END: OK
2019-12-05 09:23:44.851 26632 INFO rally.task.runner [-] Task 27c53ca9-67db-450c-a548-63f6a78734ed | ITER: 27 START
2019-12-05 09:23:44.851 26632 WARNING rally_openstack.scenarios.neutron.utils [-] Running this scenario without either the 'network' or 'existing_network' context is deprecated
2019-12-05 09:23:44.947 26626 INFO rally.task.runner [-] Task 27c53ca9-67db-450c-a548-63f6a78734ed | ITER: 8 END: OK
2019-12-05 09:23:44.951 26626 INFO rally.task.runner [-] Task 27c53ca9-67db-450c-a548-63f6a78734ed | ITER: 28 START
2019-12-05 09:23:44.951 26626 WARNING rally_openstack.scenarios.neutron.utils [-] Running this scenario without either the 'network' or 'existing_network' context is deprecated
2019-12-05 09:23:44.979 26666 INFO rally.task.runner [-] Task 27c53ca9-67db-450c-a548-63f6a78734ed | ITER: 19 END: OK
2019-12-05 09:23:44.983 26666 INFO rally.task.runner [-] Task 27c53ca9-67db-450c-a548-63f6a78734ed | ITER: 29 START
2019-12-05 09:23:44.984 26666 WARNING rally_openstack.scenarios.neutron.utils [-] Running this scenario without either the 'network' or 'existing_network' context is deprecated
2019-12-05 09:23:45.224 26661 INFO rally.task.runner [-] Task 27c53ca9-67db-450c-a548-63f6a78734ed | ITER: 18 END: OK
2019-12-05 09:23:45.229 26661 INFO rally.task.runner [-] Task 27c53ca9-67db-450c-a548-63f6a78734ed | ITER: 30 START
2019-12-05 09:23:45.230 26661 WARNING rally_openstack.scenarios.neutron.utils [-] Running this scenario without either the 'network' or 'existing_network' context is deprecated
2019-12-05 09:23:46.291 26622 INFO rally.task.runner [-] Task 27c53ca9-67db-450c-a548-63f6a78734ed | ITER: 3 END: OK
2019-12-05 09:23:46.295 26622 INFO rally.task.runner [-] Task 27c53ca9-67db-450c-a548-63f6a78734ed | ITER: 31 START
2019-12-05 09:23:46.296 26622 WARNING rally_openstack.scenarios.neutron.utils [-] Running this scenario without either the 'network' or 'existing_network' context is deprecated
2019-12-05 09:23:46.384 26638 INFO rally.task.runner [-] Task 27c53ca9-67db-450c-a548-63f6a78734ed | ITER: 12 END: OK
2019-12-05 09:23:46.386 26638 INFO rally.task.runner [-] Task 27c53ca9-67db-450c-a548-63f6a78734ed | ITER: 32 START
2019-12-05 09:23:46.387 26638 WARNING rally_openstack.scenarios.neutron.utils [-] Running this scenario without either the 'network' or 'existing_network' context is deprecated
2019-12-05 09:23:46.414 26624 INFO rally.task.runner [-] Task 27c53ca9-67db-450c-a548-63f6a78734ed | ITER: 4 END: OK
2019-12-05 09:23:46.418 26624 INFO rally.task.runner [-] Task 27c53ca9-67db-450c-a548-63f6a78734ed | ITER: 33 START
2019-12-05 09:23:46.418 26624 WARNING rally_openstack.scenarios.neutron.utils [-] Running this scenario without either the 'network' or 'existing_network' context is deprecated
2019-12-05 09:23:46.516 26629 INFO rally.task.runner [-] Task 27c53ca9-67db-450c-a548-63f6a78734ed | ITER: 10 END: OK
2019-12-05 09:23:46.522 26629 INFO rally.task.runner [-] Task 27c53ca9-67db-450c-a548-63f6a78734ed | ITER: 34 START
2019-12-05 09:23:46.522 26629 WARNING rally_openstack.scenarios.neutron.utils [-] Running this scenario without either the 'network' or 'existing_network' context is deprecated
2019-12-05 09:23:46.883 26658 INFO rally.task.runner [-] Task 27c53ca9-67db-450c-a548-63f6a78734ed | ITER: 17 END: OK
2019-12-05 09:23:46.885 26658 INFO rally.task.runner [-] Task 27c53ca9-67db-450c-a548-63f6a78734ed | ITER: 35 START
2019-12-05 09:23:46.886 26658 WARNING rally_openstack.scenarios.neutron.utils [-] Running this scenario without either the 'network' or 'existing_network' context is deprecated
