2019-12-05 09:23:47.287 26623 INFO rally.task.runner [-] Task 27c53ca9-67db-450c-a548-63f6a78734ed | ITER: 5 END: OK
2019-12-05 09:23:47.292 26623 INFO rally.task.runner [-] Task 27c53ca9-67db-450c-a548-63f6a78734ed | ITER: 36 START
2019-12-05 09:23:47.292 26623 WARNING rally_openstack.scenarios.neutron.utils [-] Running this scenario without either the 'network' or 'existing_network' context is deprecated
2019-12-05 09:23:47.571 26622 INFO rally.task.runner [-] Task 27c53ca9-67db-450c-a548-63f6a78734ed | ITER: 1 END: OK
2019-12-05 09:23:47.575 26622 INFO rally.task.runner [-] Task 27c53ca9-67db-450c-a548-63f6a78734ed | ITER: 37 START
2019-12-05 09:23:47.575 26622 WARNING rally_openstack.scenarios.neutron.utils [-] Running this scenario without either the 'network' or 'existing_network' context is deprecated
2019-12-05 09:23:47.679 26623 INFO rally.task.runner [-] Task 27c53ca9-67db-450c-a548-63f6a78734ed | ITER: 2 END: OK
2019-12-05 09:23:47.682 26623 INFO rally.task.runner [-] Task 27c53ca9-67db-450c-a548-63f6a78734ed | ITER: 38 START
2019-12-05 09:23:47.683 26623 WARNING rally_openstack.scenarios.neutron.utils [-] Running this scenario without either the 'network' or 'existing_network' context is deprecated
2019-12-05 09:23:49.214 26625 INFO rally.task.runner [-] Task 27c53ca9-67db-450c-a548-63f6a78734ed | ITER: 6 END: OK
2019-12-05 09:23:49.218 26625 INFO rally.task.runner [-] Task 27c53ca9-67db-450c-a548-63f6a78734ed | ITER: 39 START
2019-12-05 09:23:49.219 26625 WARNING rally_openstack.scenarios.neutron.utils [-] Running this scenario without either the 'network' or 'existing_network' context is deprecated
2019-12-05 09:23:52.845 26624 INFO rally.task.runner [-] Task 27c53ca9-67db-450c-a548-63f6a78734ed | ITER: 26 END: OK
2019-12-05 09:23:52.850 26624 INFO rally.task.runner [-] Task 27c53ca9-67db-450c-a548-63f6a78734ed | ITER: 40 START
2019-12-05 09:23:52.851 26624 WARNING rally_openstack.scenarios.neutron.utils [-] Running this scenario without either the 'network' or 'existing_network' context is deprecated
2019-12-05 09:23:53.263 26625 INFO rally.task.runner [-] Task 27c53ca9-67db-450c-a548-63f6a78734ed | ITER: 9 END: OK
2019-12-05 09:23:53.291 26641 INFO rally.task.runner [-] Task 27c53ca9-67db-450c-a548-63f6a78734ed | ITER: 21 END: OK
2019-12-05 09:23:55.129 26647 INFO rally.task.runner [-] Task 27c53ca9-67db-450c-a548-63f6a78734ed | ITER: 22 END: OK
2019-12-05 09:23:55.289 26658 INFO rally.task.runner [-] Task 27c53ca9-67db-450c-a548-63f6a78734ed | ITER: 35 END: OK
2019-12-05 09:23:55.851 26661 INFO rally.task.runner [-] Task 27c53ca9-67db-450c-a548-63f6a78734ed | ITER: 30 END: OK
2019-12-05 09:23:56.173 26669 INFO rally.task.runner [-] Task 27c53ca9-67db-450c-a548-63f6a78734ed | ITER: 23 END: OK
2019-12-05 09:23:56.252 26666 INFO rally.task.runner [-] Task 27c53ca9-67db-450c-a548-63f6a78734ed | ITER: 29 END: OK
2019-12-05 09:23:56.376 26632 INFO rally.task.runner [-] Task 27c53ca9-67db-450c-a548-63f6a78734ed | ITER: 27 END: OK
2019-12-05 09:23:56.587 26623 INFO rally.task.runner [-] Task 27c53ca9-67db-450c-a548-63f6a78734ed | ITER: 38 END: OK
2019-12-05 09:23:56.609 26650 INFO rally.task.runner [-] Task 27c53ca9-67db-450c-a548-63f6a78734ed | ITER: 25 END: OK
2019-12-05 09:23:56.919 26638 INFO rally.task.runner [-] Task 27c53ca9-67db-450c-a548-63f6a78734ed | ITER: 32 END: OK
2019-12-05 09:23:57.014 26629 INFO rally.task.runner [-] Task 27c53ca9-67db-450c-a548-63f6a78734ed | ITER: 34 END: OK
2019-12-05 09:23:57.718 26626 INFO rally.task.runner [-] Task 27c53ca9-67db-450c-a548-63f6a78734ed | ITER: 28 END: OK
2019-12-05 09:23:57.758 26623 INFO rally.task.runner [-] Task 27c53ca9-67db-450c-a548-63f6a78734ed | ITER: 36 END: OK
2019-12-05 09:23:57.933 26622 INFO rally.task.runner [-] Task 27c53ca9-67db-450c-a548-63f6a78734ed | ITER: 31 END: OK
2019-12-05 09:23:58.013 26622 INFO rally.task.runner [-] Task 27c53ca9-67db-450c-a548-63f6a78734ed | ITER: 37 END: OK
2019-12-05 09:23:58.026 26656 INFO rally.task.runner [-] Task 27c53ca9-67db-450c-a548-63f6a78734ed | ITER: 24 END: OK
2019-12-05 09:23:59.158 26625 INFO rally.task.runner [-] Task 27c53ca9-67db-450c-a548-63f6a78734ed | ITER: 39 END: OK
2019-12-05 09:23:59.274 26624 INFO rally.task.runner [-] Task 27c53ca9-67db-450c-a548-63f6a78734ed | ITER: 33 END: OK
2019-12-05 09:24:00.626 26624 INFO rally.task.runner [-] Task 27c53ca9-67db-450c-a548-63f6a78734ed | ITER: 40 END: OK
2019-12-05 09:24:00.655 22156 INFO rally.task.context [-] Task 27c53ca9-67db-450c-a548-63f6a78734ed | Context cleanup@openstack cleanup() started
2019-12-05 09:24:00.659 22156 RALLYDEBUG rally_openstack.cleanup.manager [-] Cleaning up neutron vip objects
2019-12-05 09:24:01.054 22156 RALLYDEBUG rally_openstack.cleanup.manager [-] Cleaning up neutron health_monitor objects
2019-12-05 09:24:01.448 22156 RALLYDEBUG rally_openstack.cleanup.manager [-] Cleaning up neutron pool objects
2019-12-05 09:24:01.830 22156 RALLYDEBUG rally_openstack.cleanup.manager [-] Cleaning up neutron loadbalancer objects
2019-12-05 09:24:02.221 22156 RALLYDEBUG rally_openstack.cleanup.manager [-] Cleaning up neutron floatingip objects
2019-12-05 09:24:02.651 22156 RALLYDEBUG rally_openstack.cleanup.manager [-] Cleaning up neutron trunk objects
2019-12-05 09:24:03.059 22156 RALLYDEBUG rally_openstack.cleanup.manager [-] Cleaning up neutron port objects
2019-12-05 09:24:03.495 22156 RALLYDEBUG rally_openstack.cleanup.manager [-] Cleaning up neutron subnet objects
2019-12-05 09:24:03.903 22156 RALLYDEBUG rally_openstack.cleanup.manager [-] Cleaning up neutron network objects
2019-12-05 09:24:04.543 22156 RALLYDEBUG rally_openstack.cleanup.manager [-] Deleting neutron.network object s_rally_c1c9dd5e_R8rj9lEc (47f7bf21-307b-4782-be69-87a6ba540918)
2019-12-05 09:24:04.545 22156 RALLYDEBUG rally_openstack.cleanup.manager [-] Deleting neutron.network object s_rally_c1c9dd5e_IoNi90Ev (34c0d1ad-0534-4b20-9c3a-81be39c9399e)
2019-12-05 09:24:04.546 22156 RALLYDEBUG rally_openstack.cleanup.manager [-] Deleting neutron.network object s_rally_c1c9dd5e_M20fPFlv (50a14cc0-d764-4892-afff-86c2078b5785)
2019-12-05 09:24:04.546 22156 RALLYDEBUG rally_openstack.cleanup.manager [-] Deleting neutron.network object s_rally_c1c9dd5e_UsqjNapL (22924bc9-3a63-4d54-a9c5-a1d9cee406e7)
2019-12-05 09:24:04.553 22156 RALLYDEBUG rally_openstack.cleanup.manager [-] Deleting neutron.network object s_rally_c1c9dd5e_ibYzD8XA (65664b84-d6fc-4cfa-92f8-37f0bb18a4d1)
2019-12-05 09:24:04.558 22156 RALLYDEBUG rally_openstack.cleanup.manager [-] Deleting neutron.network object s_rally_c1c9dd5e_rMCw1cr5 (2a97aa7c-3380-40a2-b4a4-2b66f7721a1d)
2019-12-05 09:24:04.559 22156 RALLYDEBUG rally_openstack.cleanup.manager [-] Deleting neutron.network object s_rally_c1c9dd5e_XjSSUgKR (69a9b131-8312-4532-b5e6-eb45bcf87d60)
2019-12-05 09:24:04.560 22156 RALLYDEBUG rally_openstack.cleanup.manager [-] Deleting neutron.network object s_rally_c1c9dd5e_UEnTgJTf (6b5ad6b9-7665-41a0-bc62-f71f8508e293)
2019-12-05 09:24:04.570 22156 RALLYDEBUG rally_openstack.cleanup.manager [-] Deleting neutron.network object s_rally_c1c9dd5e_vut6MpNI (702cb13a-d86e-4916-8725-37aa7e93a054)
2019-12-05 09:24:04.576 22156 RALLYDEBUG rally_openstack.cleanup.manager [-] Deleting neutron.network object s_rally_c1c9dd5e_VoZT8WZE (1e5b4a96-4768-4569-abd4-69efc386495f)
2019-12-05 09:24:04.586 22156 RALLYDEBUG rally_openstack.cleanup.manager [-] Deleting neutron.network object s_rally_c1c9dd5e_SgRqa1Wv (392f9d83-5bac-4c09-bf49-d6bcd6efe001)
2019-12-05 09:24:04.740 22156 RALLYDEBUG rally_openstack.cleanup.manager [-] Deleting neutron.network object s_rally_c1c9dd5e_nvpiTueg (30db6429-68a0-40de-89dd-2fc768a993f2)
2019-12-05 09:24:04.741 22156 RALLYDEBUG rally_openstack.cleanup.manager [-] Deleting neutron.network object s_rally_c1c9dd5e_FV74Jaei (11ec9c8c-1e18-497f-839f-38682d997cc4)
2019-12-05 09:24:04.755 22156 RALLYDEBUG rally_openstack.cleanup.manager [-] Deleting neutron.network object s_rally_c1c9dd5e_YgTSwxcC (5a9a74af-3731-45ae-be0c-62e8e05d25a1)
2019-12-05 09:24:04.763 22156 RALLYDEBUG rally_openstack.cleanup.manager [-] Deleting neutron.network object s_rally_c1c9dd5e_qPzVDq1Y (574cf590-de60-474d-aa45-10422900cb0b)
2019-12-05 09:24:04.777 22156 RALLYDEBUG rally_openstack.cleanup.manager [-] Deleting neutron.network object s_rally_c1c9dd5e_lGYNUrga (33d74bbf-bf99-4c65-84d3-57a9270bdb0b)
2019-12-05 09:24:04.783 22156 RALLYDEBUG rally_openstack.cleanup.manager [-] Deleting neutron.network object s_rally_c1c9dd5e_rkc2ycgt (06627f5b-c682-4409-a13e-27fa8c133353)
2019-12-05 09:24:04.786 22156 RALLYDEBUG rally_openstack.cleanup.manager [-] Deleting neutron.network object s_rally_c1c9dd5e_VpjhUEPH (37bbc10d-56b7-4067-96fb-609aa4ec9cbb)
2019-12-05 09:24:04.789 22156 RALLYDEBUG rally_openstack.cleanup.manager [-] Deleting neutron.network object s_rally_c1c9dd5e_ozZqZOM3 (46f46856-a425-4873-87e3-87e6749a766b)
2019-12-05 09:24:04.804 22156 RALLYDEBUG rally_openstack.cleanup.manager [-] Deleting neutron.network object s_rally_c1c9dd5e_nm1d7Tkp (5c065250-91b6-4849-a156-efbd10419657)
2019-12-05 09:24:06.667 22156 RALLYDEBUG rally_openstack.cleanup.manager [-] Deleting neutron.network object s_rally_c1c9dd5e_tOGLH0Um (729e42ae-e663-4fd6-92b6-a46c19649125)
2019-12-05 09:24:07.058 22156 RALLYDEBUG rally_openstack.cleanup.manager [-] Deleting neutron.network object s_rally_c1c9dd5e_fSRHyCww (79d5e6c8-b3f6-4d97-b854-f79c0d26adf9)
2019-12-05 09:24:07.194 22156 RALLYDEBUG rally_openstack.cleanup.manager [-] Deleting neutron.network object s_rally_c1c9dd5e_Q8HMt1Ax (7d482802-42c5-483c-a051-f999267b06db)
2019-12-05 09:24:07.214 22156 RALLYDEBUG rally_openstack.cleanup.manager [-] Deleting neutron.network object s_rally_c1c9dd5e_Tpt9R94N (84b343e2-ac05-4d11-acbd-d50647f8fe8d)
2019-12-05 09:24:07.527 22156 RALLYDEBUG rally_openstack.cleanup.manager [-] Deleting neutron.network object s_rally_c1c9dd5e_cwDUTvPO (88095eac-a9d2-46aa-b02d-6e9983b0e4ff)
2019-12-05 09:24:07.542 22156 RALLYDEBUG rally_openstack.cleanup.manager [-] Deleting neutron.network object s_rally_c1c9dd5e_V8m0ftSo (9f72f7e2-22b9-43e8-a4a5-c33deeaaa5f9)
2019-12-05 09:24:07.594 22156 RALLYDEBUG rally_openstack.cleanup.manager [-] Deleting neutron.network object s_rally_c1c9dd5e_VIMsFBYW (a35d3b26-8f22-4346-a273-29ad0688bcc5)
2019-12-05 09:24:07.603 22156 RALLYDEBUG rally_openstack.cleanup.manager [-] Deleting neutron.network object s_rally_c1c9dd5e_FNapiosA (b0e873b8-cd19-49d4-9d92-760337f7919d)
2019-12-05 09:24:07.643 22156 RALLYDEBUG rally_openstack.cleanup.manager [-] Deleting neutron.network object s_rally_c1c9dd5e_ywC9AOGe (be88a39e-9796-4fc2-a46f-9353a7326a8b)
2019-12-05 09:24:07.851 22156 RALLYDEBUG rally_openstack.cleanup.manager [-] Deleting neutron.network object s_rally_c1c9dd5e_GY5jLN1s (bfd64f15-c14e-477f-9608-cc694520eef6)
2019-12-05 09:24:07.974 22156 RALLYDEBUG rally_openstack.cleanup.manager [-] Deleting neutron.network object s_rally_c1c9dd5e_Ei8pnRT4 (ca929a9f-bf90-4e28-82ad-cd4f2a3a47f2)
2019-12-05 09:24:08.016 22156 RALLYDEBUG rally_openstack.cleanup.manager [-] Deleting neutron.network object s_rally_c1c9dd5e_xmw2JN9a (cf399a1f-38b5-45fc-80e6-cd1c4a153999)
2019-12-05 09:24:08.031 22156 RALLYDEBUG rally_openstack.cleanup.manager [-] Deleting neutron.network object s_rally_c1c9dd5e_ug8X5EW2 (cf6e5019-ae76-45ba-9b73-6f45065ec006)
2019-12-05 09:24:08.057 22156 RALLYDEBUG rally_openstack.cleanup.manager [-] Deleting neutron.network object s_rally_c1c9dd5e_LDJIH8db (e1429b4e-ea8c-41f4-841d-08458e2700a6)
2019-12-05 09:24:08.157 22156 RALLYDEBUG rally_openstack.cleanup.manager [-] Deleting neutron.network object s_rally_c1c9dd5e_7729zJVd (e57619f6-c426-45df-95db-555d4b7fbf9a)
2019-12-05 09:24:08.212 22156 RALLYDEBUG rally_openstack.cleanup.manager [-] Deleting neutron.network object s_rally_c1c9dd5e_sAxYXcac (e6aecdc8-be19-4091-b448-2225ce905ba3)
2019-12-05 09:24:08.262 22156 RALLYDEBUG rally_openstack.cleanup.manager [-] Deleting neutron.network object s_rally_c1c9dd5e_c5xMMIt6 (f1af7193-df26-4c2c-a456-d76fc59ff925)
2019-12-05 09:24:08.263 22156 RALLYDEBUG rally_openstack.cleanup.manager [-] Deleting neutron.network object s_rally_c1c9dd5e_D0o3ygvZ (f6a21076-4908-4c82-97ac-f6d0fb8d7a51)
2019-12-05 09:24:08.637 22156 RALLYDEBUG rally_openstack.cleanup.manager [-] Deleting neutron.network object s_rally_c1c9dd5e_TQZNCvg7 (f7cc686c-eeed-4c50-83e1-6db09a6024fc)
2019-12-05 09:24:08.671 22156 RALLYDEBUG rally_openstack.cleanup.manager [-] Deleting neutron.network object s_rally_c1c9dd5e_Nh5KgXfF (fb25351e-4f64-4333-8264-55e88727785f)
2019-12-05 09:24:10.990 22156 RALLYDEBUG rally_openstack.cleanup.manager [-] Cleaning up neutron router objects
2019-12-05 09:24:11.425 22156 RALLYDEBUG rally_openstack.cleanup.manager [-] Cleaning up neutron security_group objects
2019-12-05 09:24:11.844 22156 INFO rally.task.context [-] Task 27c53ca9-67db-450c-a548-63f6a78734ed | Context cleanup@openstack cleanup() finished in 11.19 sec
2019-12-05 09:24:11.845 22156 INFO rally.task.context [-] Task 27c53ca9-67db-450c-a548-63f6a78734ed | Context quotas@openstack cleanup() started
2019-12-05 09:24:11.925 22156 INFO rally.task.context [-] Task 27c53ca9-67db-450c-a548-63f6a78734ed | Context quotas@openstack cleanup() finished in 80.46 msec
2019-12-05 09:24:11.926 22156 INFO rally.task.context [-] Task 27c53ca9-67db-450c-a548-63f6a78734ed | Context users@openstack cleanup() started
2019-12-05 09:24:14.713 22156 INFO rally.task.context [-] Task 27c53ca9-67db-450c-a548-63f6a78734ed | Context users@openstack cleanup() finished in 2.79 sec
2019-12-05 09:24:16.566 22156 INFO rally.task.engine [-] Load duration is: 27.402396
2019-12-05 09:24:16.567 22156 INFO rally.task.engine [-] Full runner duration is: 27.45595
2019-12-05 09:24:16.567 22156 INFO rally.task.engine [-] Full duration is: 44.356045
2019-12-05 09:24:16.985 22156 INFO rally.task.engine [-] Running workload: position = 0 config = { "version": 2, "title": "A cropped version of a bigger task.", "description": "Auto-generated task from a single workload (uuid=402f9ad4-c83e-462e-a172-c353822c0ed2)", "subtasks": [ { "title": "Quotas.neutron_update", "description": "Update quotas for neutron.", "scenario": { "Quotas.neutron_update": { "max_quota": 1024 } }, "contexts": { "users": { "tenants": 20, "users_per_tenant": 1 } }, "runner": { "constant": { "times": 40, "concurrency": 20 } }, "hooks": [], "sla": { "failure_rate": { "max": 0 } } } ] }
2019-12-05 09:24:17.013 22156 RALLYDEBUG rally_openstack.contexts.keystone.users [-] Creating 20 tenants using 20 threads
2019-12-05 09:24:19.271 22156 RALLYDEBUG rally_openstack.contexts.keystone.users [-] Creating 20 users using 20 threads
2019-12-05 09:24:22.075 22156 INFO rally.task.context [-] Task 27c53ca9-67db-450c-a548-63f6a78734ed | Context users@openstack setup() finished in 5.06 sec
2019-12-05 09:24:22.076 22156 INFO rally.task.context [-] Task 27c53ca9-67db-450c-a548-63f6a78734ed | Context admin_cleanup@openstack setup() finished in 0.01 msec
2019-12-05 09:24:22.085 22156 RALLYDEBUG rally.task.runner [-] Starting the constant runner (task UUID: 27c53ca9-67db-450c-a548-63f6a78734ed). timeout: 0 concurrency: 20 concurrency_per_worker: 1 times: 40 concurrency_overhead: 4 processes_to_start: 16 max_cpu_used: 16
2019-12-05 09:24:22.101 27012 RALLYDEBUG rally.task.runner [-] Starting a worker. concurrency: 2 args: {"max_quota": 1024} times: 40 method_name: run timeout: 0 duration: None cls:
2019-12-05 09:24:22.103 27013 RALLYDEBUG rally.task.runner [-] Starting a worker. concurrency: 2 args: {"max_quota": 1024} times: 40 method_name: run timeout: 0 duration: None cls:
2019-12-05 09:24:22.107 27014 RALLYDEBUG rally.task.runner [-] Starting a worker. concurrency: 2 args: {"max_quota": 1024} times: 40 method_name: run timeout: 0 duration: None cls:
2019-12-05 09:24:22.110 27015 RALLYDEBUG rally.task.runner [-] Starting a worker. concurrency: 2 args: {"max_quota": 1024} times: 40 method_name: run timeout: 0 duration: None cls:
2019-12-05 09:24:22.113 27016 RALLYDEBUG rally.task.runner [-] Starting a worker. concurrency: 1 args: {"max_quota": 1024} times: 40 method_name: run timeout: 0 duration: None cls:
2019-12-05 09:24:22.116 27012 INFO rally.task.runner [-] Task 27c53ca9-67db-450c-a548-63f6a78734ed | ITER: 1 START
2019-12-05 09:24:22.117 27017 RALLYDEBUG rally.task.runner [-] Starting a worker. concurrency: 1 args: {"max_quota": 1024} times: 40 method_name: run timeout: 0 duration: None cls:
2019-12-05 09:24:22.121 27014 INFO rally.task.runner [-] Task 27c53ca9-67db-450c-a548-63f6a78734ed | ITER: 3 START
2019-12-05 09:24:22.121 27019 RALLYDEBUG rally.task.runner [-] Starting a worker. concurrency: 1 args: {"max_quota": 1024} times: 40 method_name: run timeout: 0 duration: None cls:
2019-12-05 09:24:22.122 27015 INFO rally.task.runner [-] Task 27c53ca9-67db-450c-a548-63f6a78734ed | ITER: 4 START
2019-12-05 09:24:22.125 27013 INFO rally.task.runner [-] Task 27c53ca9-67db-450c-a548-63f6a78734ed | ITER: 2 START
2019-12-05 09:24:22.128 27013 INFO rally.task.runner [-] Task 27c53ca9-67db-450c-a548-63f6a78734ed | ITER: 6 START
2019-12-05 09:24:22.128 27016 INFO rally.task.runner [-] Task 27c53ca9-67db-450c-a548-63f6a78734ed | ITER: 7 START
2019-12-05 09:24:22.127 27023 RALLYDEBUG rally.task.runner [-] Starting a worker. concurrency: 1 args: {"max_quota": 1024} times: 40 method_name: run timeout: 0 duration: None cls:
2019-12-05 09:24:22.128 27026 RALLYDEBUG rally.task.runner [-] Starting a worker. concurrency: 1 args: {"max_quota": 1024} times: 40 method_name: run timeout: 0 duration: None cls:
2019-12-05 09:24:22.129 27017 INFO rally.task.runner [-] Task 27c53ca9-67db-450c-a548-63f6a78734ed | ITER: 9 START
2019-12-05 09:24:22.133 27019 INFO rally.task.runner [-] Task 27c53ca9-67db-450c-a548-63f6a78734ed | ITER: 10 START
2019-12-05 09:24:22.133 27032 RALLYDEBUG rally.task.runner [-] Starting a worker. concurrency: 1 args: {"max_quota": 1024} times: 40 method_name: run timeout: 0 duration: None cls:
2019-12-05 09:24:22.141 27014 INFO rally.task.runner [-] Task 27c53ca9-67db-450c-a548-63f6a78734ed | ITER: 8 START
2019-12-05 09:24:22.141 27026 INFO rally.task.runner [-] Task 27c53ca9-67db-450c-a548-63f6a78734ed | ITER: 13 START
2019-12-05 09:24:22.142 27023 INFO rally.task.runner [-] Task 27c53ca9-67db-450c-a548-63f6a78734ed | ITER: 12 START
2019-12-05 09:24:22.144 27032 INFO rally.task.runner [-] Task 27c53ca9-67db-450c-a548-63f6a78734ed | ITER: 14 START
2019-12-05 09:24:22.144 27037 RALLYDEBUG rally.task.runner [-] Starting a worker. concurrency: 1 args: {"max_quota": 1024} times: 40 method_name: run timeout: 0 duration: None cls:
2019-12-05 09:24:22.146 27015 INFO rally.task.runner [-] Task 27c53ca9-67db-450c-a548-63f6a78734ed | ITER: 11 START
2019-12-05 09:24:22.147 27012 INFO rally.task.runner [-] Task 27c53ca9-67db-450c-a548-63f6a78734ed | ITER: 5 START
2019-12-05 09:24:22.149 27041 RALLYDEBUG rally.task.runner [-] Starting a worker. concurrency: 1 args: {"max_quota": 1024} times: 40 method_name: run timeout: 0 duration: None cls:
2019-12-05 09:24:22.158 27037 INFO rally.task.runner [-] Task 27c53ca9-67db-450c-a548-63f6a78734ed | ITER: 15 START
2019-12-05 09:24:22.162 27049 RALLYDEBUG rally.task.runner [-] Starting a worker. concurrency: 1 args: {"max_quota": 1024} times: 40 method_name: run timeout: 0 duration: None cls:
2019-12-05 09:24:22.162 27048 RALLYDEBUG rally.task.runner [-] Starting a worker. concurrency: 1 args: {"max_quota": 1024} times: 40 method_name: run timeout: 0 duration: None cls:
2019-12-05 09:24:22.164 27041 INFO rally.task.runner [-] Task 27c53ca9-67db-450c-a548-63f6a78734ed | ITER: 16 START
2019-12-05 09:24:22.169 27049 INFO rally.task.runner [-] Task 27c53ca9-67db-450c-a548-63f6a78734ed | ITER: 17 START
2019-12-05 09:24:22.169 27052 RALLYDEBUG rally.task.runner [-] Starting a worker. concurrency: 1 args: {"max_quota": 1024} times: 40 method_name: run timeout: 0 duration: None cls:
2019-12-05 09:24:22.172 27048 INFO rally.task.runner [-] Task 27c53ca9-67db-450c-a548-63f6a78734ed | ITER: 18 START
2019-12-05 09:24:22.174 27055 RALLYDEBUG rally.task.runner [-] Starting a worker. concurrency: 1 args: {"max_quota": 1024} times: 40 method_name: run timeout: 0 duration: None cls:
2019-12-05 09:24:22.178 27052 INFO rally.task.runner [-] Task 27c53ca9-67db-450c-a548-63f6a78734ed | ITER: 19 START
2019-12-05 09:24:22.183 27055 INFO rally.task.runner [-] Task 27c53ca9-67db-450c-a548-63f6a78734ed | ITER: 20 START
2019-12-05 09:24:22.688 27014 INFO rally.task.runner [-] Task 27c53ca9-67db-450c-a548-63f6a78734ed | ITER: 8 END: OK
2019-12-05 09:24:22.696 27014 INFO rally.task.runner [-] Task 27c53ca9-67db-450c-a548-63f6a78734ed | ITER: 21 START
2019-12-05 09:24:22.751 27013 INFO rally.task.runner [-] Task 27c53ca9-67db-450c-a548-63f6a78734ed | ITER: 2 END: OK
2019-12-05 09:24:22.760 27013 INFO rally.task.runner [-] Task 27c53ca9-67db-450c-a548-63f6a78734ed | ITER: 22 START
2019-12-05 09:24:22.773 27019 INFO rally.task.runner [-] Task 27c53ca9-67db-450c-a548-63f6a78734ed | ITER: 10 END: OK
2019-12-05 09:24:22.781 27019 INFO rally.task.runner [-] Task 27c53ca9-67db-450c-a548-63f6a78734ed | ITER: 23 START
2019-12-05 09:24:22.789 27026 INFO rally.task.runner [-] Task 27c53ca9-67db-450c-a548-63f6a78734ed | ITER: 13 END: OK
2019-12-05 09:24:22.796 27026 INFO rally.task.runner [-] Task 27c53ca9-67db-450c-a548-63f6a78734ed | ITER: 24 START
2019-12-05 09:24:22.802 27032 INFO rally.task.runner [-] Task 27c53ca9-67db-450c-a548-63f6a78734ed | ITER: 14 END: OK
2019-12-05 09:24:22.810 27032 INFO rally.task.runner [-] Task 27c53ca9-67db-450c-a548-63f6a78734ed | ITER: 25 START
2019-12-05 09:24:22.836 27012 INFO rally.task.runner [-] Task 27c53ca9-67db-450c-a548-63f6a78734ed | ITER: 1 END: OK
2019-12-05 09:24:22.843 27012 INFO rally.task.runner [-] Task 27c53ca9-67db-450c-a548-63f6a78734ed | ITER: 26 START
2019-12-05 09:24:22.864 27012 INFO rally.task.runner [-] Task 27c53ca9-67db-450c-a548-63f6a78734ed | ITER: 5 END: OK
2019-12-05 09:24:22.870 27016 INFO rally.task.runner [-] Task 27c53ca9-67db-450c-a548-63f6a78734ed | ITER: 7 END: OK
2019-12-05 09:24:22.872 27012 INFO rally.task.runner [-] Task 27c53ca9-67db-450c-a548-63f6a78734ed | ITER: 27 START
2019-12-05 09:24:22.879 27016 INFO rally.task.runner [-] Task 27c53ca9-67db-450c-a548-63f6a78734ed | ITER: 28 START
2019-12-05 09:24:22.900 27015 INFO rally.task.runner [-] Task 27c53ca9-67db-450c-a548-63f6a78734ed | ITER: 4 END: OK
2019-12-05 09:24:22.910 27015 INFO rally.task.runner [-] Task 27c53ca9-67db-450c-a548-63f6a78734ed | ITER: 29 START
2019-12-05 09:24:22.911 27023 INFO rally.task.runner [-] Task 27c53ca9-67db-450c-a548-63f6a78734ed | ITER: 12 END: OK
2019-12-05 09:24:22.916 27013 INFO rally.task.runner [-] Task 27c53ca9-67db-450c-a548-63f6a78734ed | ITER: 6 END: OK
2019-12-05 09:24:22.921 27023 INFO rally.task.runner [-] Task 27c53ca9-67db-450c-a548-63f6a78734ed | ITER: 30 START
2019-12-05 09:24:22.923 27013 INFO rally.task.runner [-] Task 27c53ca9-67db-450c-a548-63f6a78734ed | ITER: 31 START
2019-12-05 09:24:22.939 27017 INFO rally.task.runner [-] Task 27c53ca9-67db-450c-a548-63f6a78734ed | ITER: 9 END: OK
2019-12-05 09:24:22.947 27017 INFO rally.task.runner [-] Task 27c53ca9-67db-450c-a548-63f6a78734ed | ITER: 32 START
2019-12-05 09:24:22.950 27041 INFO rally.task.runner [-] Task 27c53ca9-67db-450c-a548-63f6a78734ed | ITER: 16 END: OK
2019-12-05 09:24:22.958 27041 INFO rally.task.runner [-] Task 27c53ca9-67db-450c-a548-63f6a78734ed | ITER: 33 START
2019-12-05 09:24:22.991 27014 INFO rally.task.runner [-] Task 27c53ca9-67db-450c-a548-63f6a78734ed | ITER: 3 END: OK
2019-12-05 09:24:23.011 27014 INFO rally.task.runner [-] Task 27c53ca9-67db-450c-a548-63f6a78734ed | ITER: 34 START
2019-12-05 09:24:23.042 27052 INFO rally.task.runner [-] Task 27c53ca9-67db-450c-a548-63f6a78734ed | ITER: 19 END: OK
2019-12-05 09:24:23.049 27052 INFO rally.task.runner [-] Task 27c53ca9-67db-450c-a548-63f6a78734ed | ITER: 35 START
2019-12-05 09:24:23.058 27015 INFO rally.task.runner [-] Task 27c53ca9-67db-450c-a548-63f6a78734ed | ITER: 11 END: OK
2019-12-05 09:24:23.064 27049 INFO rally.task.runner [-] Task 27c53ca9-67db-450c-a548-63f6a78734ed | ITER: 17 END: OK
2019-12-05 09:24:23.065 27015 INFO rally.task.runner [-] Task 27c53ca9-67db-450c-a548-63f6a78734ed | ITER: 36 START
2019-12-05 09:24:23.072 27049 INFO rally.task.runner [-] Task 27c53ca9-67db-450c-a548-63f6a78734ed | ITER: 37 START
2019-12-05 09:24:23.097 27048 INFO rally.task.runner [-] Task 27c53ca9-67db-450c-a548-63f6a78734ed | ITER: 18 END: OK
2019-12-05 09:24:23.105 27048 INFO rally.task.runner [-] Task 27c53ca9-67db-450c-a548-63f6a78734ed | ITER: 38 START
2019-12-05 09:24:23.128 27037 INFO rally.task.runner [-] Task 27c53ca9-67db-450c-a548-63f6a78734ed | ITER: 15 END: OK
2019-12-05 09:24:23.131 27055 INFO rally.task.runner [-] Task 27c53ca9-67db-450c-a548-63f6a78734ed | ITER: 20 END: OK
2019-12-05 09:24:23.136 27037 INFO rally.task.runner [-] Task 27c53ca9-67db-450c-a548-63f6a78734ed | ITER: 39 START
2019-12-05 09:24:23.137 27055 INFO rally.task.runner [-] Task 27c53ca9-67db-450c-a548-63f6a78734ed | ITER: 40 START
2019-12-05 09:24:23.209 27014 INFO rally.task.runner [-] Task 27c53ca9-67db-450c-a548-63f6a78734ed | ITER: 21 END: OK
2019-12-05 09:24:23.309 27019 INFO rally.task.runner [-] Task 27c53ca9-67db-450c-a548-63f6a78734ed | ITER: 23 END: OK
2019-12-05 09:24:23.319 27026 INFO rally.task.runner [-] Task 27c53ca9-67db-450c-a548-63f6a78734ed | ITER: 24 END: OK
2019-12-05 09:24:23.371 27012 INFO rally.task.runner [-] Task 27c53ca9-67db-450c-a548-63f6a78734ed | ITER: 27 END: OK
2019-12-05 09:24:23.373 27012 INFO rally.task.runner [-] Task 27c53ca9-67db-450c-a548-63f6a78734ed | ITER: 26 END: OK
2019-12-05 09:24:23.388 27013 INFO rally.task.runner [-] Task 27c53ca9-67db-450c-a548-63f6a78734ed | ITER: 22 END: OK
2019-12-05 09:24:23.417 27032 INFO rally.task.runner [-] Task 27c53ca9-67db-450c-a548-63f6a78734ed | ITER: 25 END: OK
2019-12-05 09:24:23.434 27013 INFO rally.task.runner [-] Task 27c53ca9-67db-450c-a548-63f6a78734ed | ITER: 31 END: OK
2019-12-05 09:24:23.496 27016 INFO rally.task.runner [-] Task 27c53ca9-67db-450c-a548-63f6a78734ed | ITER: 28 END: OK
2019-12-05 09:24:23.559 27023 INFO rally.task.runner [-] Task 27c53ca9-67db-450c-a548-63f6a78734ed | ITER: 30 END: OK
2019-12-05 09:24:23.591 27015 INFO rally.task.runner [-] Task 27c53ca9-67db-450c-a548-63f6a78734ed | ITER: 29 END: OK
2019-12-05 09:24:23.615 27041 INFO rally.task.runner [-] Task 27c53ca9-67db-450c-a548-63f6a78734ed | ITER: 33 END: OK
2019-12-05 09:24:23.646 27052 INFO rally.task.runner [-] Task 27c53ca9-67db-450c-a548-63f6a78734ed | ITER: 35 END: OK
2019-12-05 09:24:23.698 27014 INFO rally.task.runner [-] Task 27c53ca9-67db-450c-a548-63f6a78734ed | ITER: 34 END: OK
2019-12-05 09:24:23.727 27037 INFO rally.task.runner [-] Task 27c53ca9-67db-450c-a548-63f6a78734ed | ITER: 39 END: OK
2019-12-05 09:24:23.821 27017 INFO rally.task.runner [-] Task 27c53ca9-67db-450c-a548-63f6a78734ed | ITER: 32 END: OK
2019-12-05 09:24:23.846 27015 INFO rally.task.runner [-] Task 27c53ca9-67db-450c-a548-63f6a78734ed | ITER: 36 END: OK
2019-12-05 09:24:23.930 27048 INFO rally.task.runner [-] Task 27c53ca9-67db-450c-a548-63f6a78734ed | ITER: 38 END: OK
2019-12-05 09:24:24.027 27055 INFO rally.task.runner [-] Task 27c53ca9-67db-450c-a548-63f6a78734ed | ITER: 40 END: OK
2019-12-05 09:24:24.089 27049 INFO rally.task.runner [-] Task 27c53ca9-67db-450c-a548-63f6a78734ed | ITER: 37 END: OK
2019-12-05 09:24:24.110 22156 INFO rally.task.context [-] Task 27c53ca9-67db-450c-a548-63f6a78734ed | Context admin_cleanup@openstack cleanup() started
2019-12-05 09:24:24.113 22156 RALLYDEBUG rally_openstack.cleanup.manager [-] Cleaning up neutron quota objects
2019-12-05 09:24:25.795 22156 INFO rally.task.context [-] Task 27c53ca9-67db-450c-a548-63f6a78734ed | Context admin_cleanup@openstack cleanup() finished in 1.68 sec
2019-12-05 09:24:25.795 22156 INFO rally.task.context [-] Task 27c53ca9-67db-450c-a548-63f6a78734ed | Context users@openstack cleanup() started
2019-12-05 09:24:49.549 22156 INFO rally.task.context [-] Task 27c53ca9-67db-450c-a548-63f6a78734ed | Context users@openstack cleanup() finished in 23.75 sec
2019-12-05 09:24:51.198 22156 INFO rally.task.engine [-] Load duration is: 1.970348
2019-12-05 09:24:51.198 22156 INFO rally.task.engine [-] Full runner duration is: 2.02498
2019-12-05 09:24:51.199 22156 INFO rally.task.engine [-] Full duration is: 32.540567
2019-12-05 09:24:51.491 22156 INFO rally.task.engine [-] Running workload: position = 0 config = { "version": 2, "title": "A cropped version of a bigger task.", "description": "Auto-generated task from a single workload (uuid=74eab58d-9d69-4365-8620-bfb5ade18448)", "subtasks": [ { "title": "NeutronTrunks.create_and_list_trunk_subports", "description": "", "scenario": { "NeutronTrunks.create_and_list_trunk_subports": { "subport_count": 125 } }, "contexts": { "users": { "tenants": 1, "users_per_tenant": 1 }, "quotas": { "neutron": { "network": -1, "port": 1000 } } }, "runner": { "constant": { "times": 4, "concurrency": 4 } }, "hooks": [], "sla": { "failure_rate": { "max": 0 } } } ] }
2019-12-05 09:24:51.515 22156 RALLYDEBUG rally_openstack.contexts.keystone.users [-] Creating 1 tenants using 20 threads
2019-12-05 09:24:52.515 22156 RALLYDEBUG rally_openstack.contexts.keystone.users [-] Creating 1 users using 20 threads
2019-12-05 09:24:53.984 22156 INFO rally.task.context [-] Task 27c53ca9-67db-450c-a548-63f6a78734ed | Context users@openstack setup() finished in 2.47 sec
2019-12-05 09:24:54.499 22156 INFO rally.task.context [-] Task 27c53ca9-67db-450c-a548-63f6a78734ed | Context quotas@openstack setup() finished in 0.51 sec
2019-12-05 09:24:54.499 22156 INFO rally.task.context [-] Task 27c53ca9-67db-450c-a548-63f6a78734ed | Context cleanup@openstack setup() finished in 0.01 msec
2019-12-05 09:24:54.508 22156 RALLYDEBUG rally.task.runner [-] Starting the constant runner (task UUID: 27c53ca9-67db-450c-a548-63f6a78734ed). timeout: 0 concurrency: 4 concurrency_per_worker: 1 times: 4 concurrency_overhead: 0 processes_to_start: 4 max_cpu_used: 16
2019-12-05 09:24:54.523 27202 RALLYDEBUG rally.task.runner [-] Starting a worker. concurrency: 1 args: {"subport_count": 125} times: 4 method_name: run timeout: 0 duration: None cls:
2019-12-05 09:24:54.526 27203 RALLYDEBUG rally.task.runner [-] Starting a worker. concurrency: 1 args: {"subport_count": 125} times: 4 method_name: run timeout: 0 duration: None cls:
2019-12-05 09:24:54.530 27202 INFO rally.task.runner [-] Task 27c53ca9-67db-450c-a548-63f6a78734ed | ITER: 1 START
2019-12-05 09:24:54.529 27204 RALLYDEBUG rally.task.runner [-] Starting a worker. concurrency: 1 args: {"subport_count": 125} times: 4 method_name: run timeout: 0 duration: None cls:
2019-12-05 09:24:54.532 27203 INFO rally.task.runner [-] Task 27c53ca9-67db-450c-a548-63f6a78734ed | ITER: 2 START
2019-12-05 09:24:54.532 27205 RALLYDEBUG rally.task.runner [-] Starting a worker. concurrency: 1 args: {"subport_count": 125} times: 4 method_name: run timeout: 0 duration: None cls:
2019-12-05 09:24:54.536 27204 INFO rally.task.runner [-] Task 27c53ca9-67db-450c-a548-63f6a78734ed | ITER: 3 START
2019-12-05 09:24:54.539 27205 INFO rally.task.runner [-] Task 27c53ca9-67db-450c-a548-63f6a78734ed | ITER: 4 START
2019-12-05 09:26:41.187 27203 WARNING rally.task.atomic [-] 'optional_action_timer' is deprecated since rally v0.10.0.Please use action_timer instead, we have improved atomic actions, now do not need to explicitly close original action.
2019-12-05 09:26:41.228 27205 WARNING rally.task.atomic [-] 'optional_action_timer' is deprecated since rally v0.10.0.Please use action_timer instead, we have improved atomic actions, now do not need to explicitly close original action.
2019-12-05 09:26:41.229 27203 WARNING rally.task.atomic [-] 'optional_action_timer' is deprecated since rally v0.10.0.Please use action_timer instead, we have improved atomic actions, now do not need to explicitly close original action.
2019-12-05 09:26:41.264 27205 WARNING rally.task.atomic [-] 'optional_action_timer' is deprecated since rally v0.10.0.Please use action_timer instead, we have improved atomic actions, now do not need to explicitly close original action.
2019-12-05 09:26:41.835 27203 INFO rally.task.runner [-] Task 27c53ca9-67db-450c-a548-63f6a78734ed | ITER: 2 END: OK
2019-12-05 09:26:41.842 27205 INFO rally.task.runner [-] Task 27c53ca9-67db-450c-a548-63f6a78734ed | ITER: 4 END: OK
2019-12-05 09:26:42.248 27202 WARNING rally.task.atomic [-] 'optional_action_timer' is deprecated since rally v0.10.0.Please use action_timer instead, we have improved atomic actions, now do not need to explicitly close original action.
2019-12-05 09:26:42.316 27202 WARNING rally.task.atomic [-] 'optional_action_timer' is deprecated since rally v0.10.0.Please use action_timer instead, we have improved atomic actions, now do not need to explicitly close original action.
2019-12-05 09:26:42.379 27204 WARNING rally.task.atomic [-] 'optional_action_timer' is deprecated since rally v0.10.0.Please use action_timer instead, we have improved atomic actions, now do not need to explicitly close original action.
2019-12-05 09:26:42.416 27204 WARNING rally.task.atomic [-] 'optional_action_timer' is deprecated since rally v0.10.0.Please use action_timer instead, we have improved atomic actions, now do not need to explicitly close original action.
2019-12-05 09:26:43.065 27204 INFO rally.task.runner [-] Task 27c53ca9-67db-450c-a548-63f6a78734ed | ITER: 3 END: OK
2019-12-05 09:26:43.526 27202 INFO rally.task.runner [-] Task 27c53ca9-67db-450c-a548-63f6a78734ed | ITER: 1 END: OK
2019-12-05 09:26:43.553 22156 INFO rally.task.context [-] Task 27c53ca9-67db-450c-a548-63f6a78734ed | Context cleanup@openstack cleanup() started
2019-12-05 09:26:43.556 22156 RALLYDEBUG rally_openstack.cleanup.manager [-] Cleaning up neutron vip objects
2019-12-05 09:26:43.973 22156 RALLYDEBUG rally_openstack.cleanup.manager [-] Cleaning up neutron health_monitor objects
2019-12-05 09:26:44.377 22156 RALLYDEBUG rally_openstack.cleanup.manager [-] Cleaning up neutron pool objects
2019-12-05 09:26:44.782 22156 RALLYDEBUG rally_openstack.cleanup.manager [-] Cleaning up neutron loadbalancer objects
2019-12-05 09:26:45.177 22156 RALLYDEBUG rally_openstack.cleanup.manager [-] Cleaning up neutron floatingip objects
2019-12-05 09:26:45.611 22156 RALLYDEBUG rally_openstack.cleanup.manager [-] Cleaning up neutron trunk objects
2019-12-05 09:26:46.022 22156 RALLYDEBUG rally_openstack.cleanup.manager [-] Cleaning up neutron port objects
2019-12-05 09:26:47.685 22156 RALLYDEBUG rally_openstack.cleanup.manager [-] Deleting neutron.port object s_rally_74eab58d_U3TOxMtW (0007cf3f-42fe-45a9-8564-aaa8232a1edf)
2019-12-05 09:26:47.686 22156 RALLYDEBUG rally_openstack.cleanup.manager [-] Deleting neutron.port object s_rally_74eab58d_FQr6ySL3 (01fe10c8-65f8-4683-896e-54b0b79eabd4)
2019-12-05 09:26:47.686 22156 RALLYDEBUG rally_openstack.cleanup.manager [-] Deleting neutron.port object s_rally_74eab58d_rvIYMuVT (0100772e-b174-43bc-b5e0-d78756640b61)
2019-12-05 09:26:47.695 22156 RALLYDEBUG rally_openstack.cleanup.manager [-] Deleting neutron.port object s_rally_74eab58d_0d0DpCJ0 (054457e8-ac59-4925-b6e3-f30845e7eff1)
2019-12-05 09:26:47.695 22156 RALLYDEBUG rally_openstack.cleanup.manager [-] Deleting neutron.port object s_rally_74eab58d_WhTnSsEP (0396b2b5-abb4-4033-94d7-847218095e29)
2019-12-05 09:26:47.700 22156 RALLYDEBUG rally_openstack.cleanup.manager [-] Deleting neutron.port object s_rally_74eab58d_LMRkidIw (039eb5fa-3536-4d41-b67d-2ae79aa5c822)
2019-12-05 09:26:47.705 22156 RALLYDEBUG rally_openstack.cleanup.manager [-] Deleting neutron.port object s_rally_74eab58d_CuN3hOHd (061f9feb-54f6-4762-9a40-f190bd431279)
2019-12-05 09:26:47.720 22156 RALLYDEBUG rally_openstack.cleanup.manager [-] Deleting neutron.port object s_rally_74eab58d_v8Fb0H8l (096fdb84-60dc-476b-b9f3-6faf119257b7)
2019-12-05 09:26:47.720 22156 RALLYDEBUG rally_openstack.cleanup.manager [-] Deleting neutron.port object s_rally_74eab58d_3PD1u095 (0967b3c9-74d5-4154-9620-059c27b4f486)
2019-12-05 09:26:47.725 22156 RALLYDEBUG rally_openstack.cleanup.manager [-] Deleting neutron.port object s_rally_74eab58d_OSGm5sMa (023ab9ce-8e57-47f9-9192-81a78c53650e)
2019-12-05 09:26:47.726 22156 RALLYDEBUG rally_openstack.cleanup.manager [-] Deleting neutron.port object s_rally_74eab58d_VbOX8T3u (07902cb7-e0fe-4435-bfa9-48caa9a58d1c)
2019-12-05 09:26:47.729 22156 RALLYDEBUG rally_openstack.cleanup.manager [-] Deleting neutron.port object s_rally_74eab58d_RrBWHmhj (09923fa8-0eec-47ae-9074-00c6da38909e)
2019-12-05 09:26:47.735 22156 RALLYDEBUG rally_openstack.cleanup.manager [-] Deleting neutron.port object s_rally_74eab58d_m180mRFT (07a90026-1fad-4447-983b-c2ef53f9b6e3)
2019-12-05 09:26:47.736 22156 RALLYDEBUG rally_openstack.cleanup.manager [-] Deleting neutron.port object s_rally_74eab58d_nad2W1zi (0568bfac-0f15-420e-8a09-eb1ab5e63062)
2019-12-05 09:26:47.737 22156 RALLYDEBUG rally_openstack.cleanup.manager [-] Deleting neutron.port object s_rally_74eab58d_dd1zLM3H (08769900-5e6a-424e-8e62-12f408881a60)
2019-12-05 09:26:47.738 22156 RALLYDEBUG rally_openstack.cleanup.manager [-] Deleting neutron.port object s_rally_74eab58d_riyJO71w (08a84edf-f994-4344-8817-4146dc19c370)
2019-12-05 09:26:47.738 22156 RALLYDEBUG rally_openstack.cleanup.manager [-] Deleting neutron.port object s_rally_74eab58d_g1cw5em8 (05922d72-90d3-4735-b913-89ec3a15dc9c)
2019-12-05 09:26:47.747 22156 RALLYDEBUG rally_openstack.cleanup.manager [-] Deleting neutron.port object s_rally_74eab58d_EOrBjmt2 (00aa3848-5b08-4d53-bec3-fda71b7520fb)
2019-12-05 09:26:47.752 22156 RALLYDEBUG rally_openstack.cleanup.manager [-] Deleting neutron.port object s_rally_74eab58d_F6upUBIA (073b7e41-bd1b-44f1-993b-05283f0fddb8)
2019-12-05 09:26:47.788 22156 RALLYDEBUG rally_openstack.cleanup.manager [-] Deleting neutron.port object s_rally_74eab58d_YexHGnLr (06c76078-e78a-49bc-952c-9dca8818fbde)
2019-12-05 09:26:49.813 22156 RALLYDEBUG rally_openstack.cleanup.manager [-] Deleting neutron.port object s_rally_74eab58d_5IyM2FNV (09e26626-1b22-4d93-9fba-23b8ef7b4f0f)
2019-12-05 09:26:50.075 22156 RALLYDEBUG rally_openstack.cleanup.manager [-] Deleting neutron.port object s_rally_74eab58d_yeOyRisj (09ede428-4503-42f6-8202-b049e24d701b)
2019-12-05 09:26:50.479 22156 RALLYDEBUG rally_openstack.cleanup.manager [-] Deleting neutron.port object s_rally_74eab58d_O1p6csLf (0a1914ae-2b76-43e4-839f-cc3ba996d77b)
2019-12-05 09:26:50.501 22156 RALLYDEBUG rally_openstack.cleanup.manager [-] Deleting neutron.port object s_rally_74eab58d_DNTBTlqe (0a5a177c-7e51-4dd3-9297-143adc7e36b4)
2019-12-05 09:26:50.509 22156 RALLYDEBUG rally_openstack.cleanup.manager [-] Deleting neutron.port object s_rally_74eab58d_p12jm8HT (0a9958d8-8873-4ef8-9194-f1f4663914ea)
2019-12-05 09:26:50.511 22156 RALLYDEBUG rally_openstack.cleanup.manager [-] Deleting neutron.port object s_rally_74eab58d_iFdxXFXd (0ab7924d-9fc0-4815-9a96-63753218569b)
2019-12-05 09:26:50.557 22156 RALLYDEBUG rally_openstack.cleanup.manager [-] Deleting neutron.port object s_rally_74eab58d_8jLDbix0 (0ada265e-c00d-4526-b594-f4cc9d756df9)
2019-12-05 09:26:50.564 22156 RALLYDEBUG rally_openstack.cleanup.manager [-] Deleting neutron.port object s_rally_74eab58d_UBzTeYNd (0ae6930d-6bd2-4f65-a398-7e2d5936a3b8)
2019-12-05 09:26:50.569 22156 RALLYDEBUG rally_openstack.cleanup.manager [-] Deleting neutron.port object s_rally_74eab58d_zPQBXiu5 (0b657b14-0d0f-4dc9-8d11-1b147b1d1da2)
2019-12-05 09:26:50.584 22156 RALLYDEBUG rally_openstack.cleanup.manager [-] Deleting neutron.port object s_rally_74eab58d_IPavD9uE (0b6bebcb-7ee8-4e73-9e97-9d43c7815540)
2019-12-05 09:26:50.594 22156 RALLYDEBUG rally_openstack.cleanup.manager [-] Deleting neutron.port object s_rally_74eab58d_fO699Yw3 (0bbf0acb-5b36-4843-aece-babf1aa2ed74)
2019-12-05 09:26:50.619 22156 RALLYDEBUG rally_openstack.cleanup.manager [-] Deleting neutron.port object s_rally_74eab58d_Hgm7S3SB (0bc6b5d9-1d3e-4dee-9bea-f81648a07d40)
2019-12-05 09:26:50.634 22156 RALLYDEBUG rally_openstack.cleanup.manager [-] Deleting neutron.port object s_rally_74eab58d_ANqvmFzJ (0c5dd08b-a7b1-4773-aea7-ee4fa7fe24a0)
2019-12-05 09:26:50.640 22156 RALLYDEBUG rally_openstack.cleanup.manager [-] Deleting neutron.port object s_rally_74eab58d_sTDmFU7Q (0cad2421-bc34-41cb-b429-cac2a7642a3a)
2019-12-05 09:26:50.679 22156 RALLYDEBUG rally_openstack.cleanup.manager [-] Deleting neutron.port object s_rally_74eab58d_pkaIZIiX (0d2cfeb4-254e-4272-b539-ba0ef3ed51aa)
2019-12-05 09:26:50.773 22156 RALLYDEBUG rally_openstack.cleanup.manager [-] Deleting neutron.port object s_rally_74eab58d_mLvD5SQj (0d3ed2d7-8ac7-4e69-90ce-c99b13fd327d)
2019-12-05 09:26:50.860 22156 RALLYDEBUG rally_openstack.cleanup.manager [-] Deleting neutron.port object s_rally_74eab58d_3Nc0Z89J (0d752dbb-e8b6-4976-abcd-de07acfa588a)
2019-12-05 09:26:50.937 22156 RALLYDEBUG rally_openstack.cleanup.manager [-] Deleting neutron.port object s_rally_74eab58d_1S4PUfW2 (0d9219d4-13e6-412c-9ee6-bc67604bd779)
2019-12-05 09:26:50.946 22156 RALLYDEBUG rally_openstack.cleanup.manager [-] Deleting neutron.port object s_rally_74eab58d_7TPfioVa (0e0d9d85-3db5-4fcb-a694-ceb94c467502)
2019-12-05 09:26:51.062 22156 RALLYDEBUG rally_openstack.cleanup.manager [-] Deleting neutron.port object s_rally_74eab58d_9ncXyUHD (0e7a92c2-98ea-42ab-b3fa-5921379dbdd9)
2019-12-05 09:26:52.057 22156 RALLYDEBUG rally_openstack.cleanup.manager [-] Deleting neutron.port object s_rally_74eab58d_xHDCXdpV (10189dc1-fdf0-4e4c-96e1-ccc38f1b75c8)
2019-12-05 09:26:52.065 22156 RALLYDEBUG rally_openstack.cleanup.manager [-] Deleting neutron.port object s_rally_74eab58d_C3AzitqN (102f5c04-930e-486b-8191-2da55e270100)
2019-12-05 09:26:52.546 22156 RALLYDEBUG rally_openstack.cleanup.manager [-] Deleting neutron.port object s_rally_74eab58d_Um5wN2L3 (10a67a61-89cb-48a6-9b52-cbf97890af73)
2019-12-05 09:26:52.593 22156 RALLYDEBUG rally_openstack.cleanup.manager [-] Deleting neutron.port object s_rally_74eab58d_CdiFsHBL (1112d5c2-a7d0-466f-9964-38c60fdc41db)
2019-12-05 09:26:52.773 22156 RALLYDEBUG rally_openstack.cleanup.manager [-] Deleting neutron.port object s_rally_74eab58d_y4v9qGFF (114038ef-53ee-43d2-8c3a-9b934039bb9a)
2019-12-05 09:26:52.817 22156 RALLYDEBUG rally_openstack.cleanup.manager [-] Deleting neutron.port object s_rally_74eab58d_opXtEFMM (119ea955-6225-42f5-869d-361eeeac22b5)
2019-12-05 09:26:52.910 22156 RALLYDEBUG rally_openstack.cleanup.manager [-] Deleting neutron.port object s_rally_74eab58d_H5XIktef (12c3977e-ba9e-4b7c-87a2-07d82a7d6129)
2019-12-05 09:26:52.955 22156 RALLYDEBUG rally_openstack.cleanup.manager [-] Deleting neutron.port object s_rally_74eab58d_dAV1C9GT (12dab431-52ec-40c8-bc8c-aab4bf044bf3)
2019-12-05 09:26:53.020 22156 RALLYDEBUG rally_openstack.cleanup.manager [-] Deleting neutron.port object s_rally_74eab58d_Hro2XPqT (12f2b0e8-b691-4950-997d-cf4bdf08f66c)
2019-12-05 09:26:53.102 22156 RALLYDEBUG rally_openstack.cleanup.manager [-] Deleting neutron.port object s_rally_74eab58d_5L4WtD1k (12fe3fde-8178-425a-b443-a05495ed67fb)
2019-12-05 09:26:53.144 22156 RALLYDEBUG rally_openstack.cleanup.manager [-] Deleting neutron.port object s_rally_74eab58d_w9T1gKfa (13d5abbb-686c-425e-bdb2-2d2a43edd35b)
2019-12-05 09:26:53.145 22156 RALLYDEBUG rally_openstack.cleanup.manager [-] Deleting neutron.port object s_rally_74eab58d_7NZvAZby (15646dbe-c444-4a0d-85e1-8e2030a0ba63)
2019-12-05 09:26:53.160 22156 RALLYDEBUG rally_openstack.cleanup.manager [-] Deleting neutron.port object s_rally_74eab58d_cQ488JIe (15b680aa-3a2b-42fd-9af2-43e5196c0476)
2019-12-05 09:26:53.259 22156 RALLYDEBUG rally_openstack.cleanup.manager [-] Deleting neutron.port object s_rally_74eab58d_Qzy1IwwH (16181f76-af30-42ed-88aa-2444a2b7ddf1)
2019-12-05 09:26:53.280 22156 RALLYDEBUG rally_openstack.cleanup.manager [-] Deleting neutron.port object s_rally_74eab58d_3LVcLp2u (170f719d-6280-4af2-b36f-64501b733be3)
2019-12-05 09:26:53.390 22156 RALLYDEBUG rally_openstack.cleanup.manager [-] Deleting neutron.port object s_rally_74eab58d_ruaSGaGp (1766e4a7-bf11-4a74-9330-8d24e4bc9085)
2019-12-05 09:26:53.406 22156 RALLYDEBUG rally_openstack.cleanup.manager [-] Deleting neutron.port object s_rally_74eab58d_Bv5Km7Cn (176e7317-1b54-4042-9f57-9233a1254931)
2019-12-05 09:26:53.463 22156 RALLYDEBUG rally_openstack.cleanup.manager [-] Deleting neutron.port object s_rally_74eab58d_tEErchL0 (17e3496c-1441-4b7b-a941-acfc768c81e8)
2019-12-05 09:26:53.544 22156 RALLYDEBUG rally_openstack.cleanup.manager [-] Deleting neutron.port object s_rally_74eab58d_I6H10riP (1820d5b4-fb56-499a-8751-68239eeefb9d)
2019-12-05 09:26:53.688 22156 RALLYDEBUG rally_openstack.cleanup.manager [-] Deleting neutron.port object s_rally_74eab58d_W1N8hRcI (1ba3bfac-2937-465c-8ada-1ee92e274731)
2019-12-05 09:26:53.972 22156 RALLYDEBUG rally_openstack.cleanup.manager [-] Deleting neutron.port object s_rally_74eab58d_MDkjSBgf (1bc247b5-5927-487f-9a91-604a055003f0)
2019-12-05 09:26:54.261 22156 RALLYDEBUG rally_openstack.cleanup.manager [-] Deleting neutron.port object s_rally_74eab58d_Lno2rxki (1c285e9c-9f64-4923-b7b3-1bfba42788b9)
2019-12-05 09:26:54.551 22156 RALLYDEBUG rally_openstack.cleanup.manager [-] Deleting neutron.port object s_rally_74eab58d_BFhpc94B (1c77bb41-8544-40e3-a4e3-77111bb42fb0)
2019-12-05 09:26:54.573 22156 RALLYDEBUG rally_openstack.cleanup.manager [-] Deleting neutron.port object s_rally_74eab58d_zH5Vwx6S (1d11ccb3-0c63-433c-a196-d53f55c593e6)
2019-12-05 09:26:54.841 22156 RALLYDEBUG rally_openstack.cleanup.manager [-] Deleting neutron.port object s_rally_74eab58d_10PhNDaL (1e0f3584-c10d-41a5-831b-e30e60944f89)
2019-12-05 09:26:55.110 22156 RALLYDEBUG rally_openstack.cleanup.manager [-] Deleting neutron.port object s_rally_74eab58d_5xuueEwv (1eda8081-fb16-4f87-89f7-42c65b0e1fd0)
2019-12-05 09:26:55.272 22156 RALLYDEBUG rally_openstack.cleanup.manager [-] Deleting neutron.port object s_rally_74eab58d_8TW5tbPs (1f64278e-a567-4112-975e-30ed18fc69c3)
2019-12-05 09:26:55.309 22156 RALLYDEBUG rally_openstack.cleanup.manager [-] Deleting neutron.port object s_rally_74eab58d_0agiyjrf (1ffb9c58-05e7-40c4-b986-28f62580a350)
2019-12-05 09:26:55.379 22156 RALLYDEBUG rally_openstack.cleanup.manager [-] Deleting neutron.port object s_rally_74eab58d_p8C8QGAm (20744ed0-23bb-45d2-b20f-642aaae0a633)
2019-12-05 09:26:55.394 22156 RALLYDEBUG rally_openstack.cleanup.manager [-] Deleting neutron.port object s_rally_74eab58d_tPwvl8oo (207b4ff8-c3e6-48a9-8a6c-8f3ef93bc972)
2019-12-05 09:26:55.403 22156 RALLYDEBUG rally_openstack.cleanup.manager [-] Deleting neutron.port object s_rally_74eab58d_DpYk3eeT (20e84f95-2f52-4a23-b09e-a513385ea089)
2019-12-05 09:26:55.479 22156 RALLYDEBUG rally_openstack.cleanup.manager [-] Deleting neutron.port object s_rally_74eab58d_GvrBBXdU (20f8c1b5-8ee3-4ac4-9822-c6b4569090dd)
2019-12-05 09:26:55.494 22156 RALLYDEBUG rally_openstack.cleanup.manager [-] Deleting neutron.port object s_rally_74eab58d_CBaJ77WL (21008963-bf84-4100-a4b0-3c095d1657f8)
2019-12-05 09:26:55.500 22156 RALLYDEBUG rally_openstack.cleanup.manager [-] Deleting neutron.port object s_rally_74eab58d_7pnVWoin (21059a57-bce2-4c38-87fd-5bfb67752985)
2019-12-05 09:26:55.524 22156 RALLYDEBUG rally_openstack.cleanup.manager [-] Deleting neutron.port object s_rally_74eab58d_3VpeNFMN (2239fa87-a749-4ac7-ae25-aca5904b5ef2)
2019-12-05 09:26:55.548 22156 RALLYDEBUG rally_openstack.cleanup.manager [-] Deleting neutron.port object s_rally_74eab58d_ZHDFycTc (226f5e50-aaae-49f8-86c0-09c151a561f8)
2019-12-05 09:26:55.677 22156 RALLYDEBUG rally_openstack.cleanup.manager [-] Deleting neutron.port object s_rally_74eab58d_M5XcBpuQ (2333ff3e-30bd-4bab-8418-465a96d98bd6)
2019-12-05 09:26:55.864 22156 RALLYDEBUG rally_openstack.cleanup.manager [-] Deleting neutron.port object s_rally_74eab58d_FJpZYDBZ (2337b2aa-ea92-4154-87e5-fd1745115508)
2019-12-05 09:26:56.140 22156 RALLYDEBUG rally_openstack.cleanup.manager [-] Deleting neutron.port object s_rally_74eab58d_mYraDeF7 (248904fe-b057-48b6-b3f3-79ef828d9f38)
2019-12-05 09:26:56.216 22156 RALLYDEBUG rally_openstack.cleanup.manager [-] Deleting neutron.port object s_rally_74eab58d_71qcf6tv (24d02449-d8d5-4e23-a82a-b2934a3c36a6)
2019-12-05 09:26:56.244 22156 RALLYDEBUG rally_openstack.cleanup.manager [-] Deleting neutron.port object s_rally_74eab58d_Pjv0M7g7 (2661626d-740e-45f3-8bde-394c09e52ab9)
2019-12-05 09:26:56.474 22156 RALLYDEBUG rally_openstack.cleanup.manager [-] Deleting neutron.port object s_rally_74eab58d_kBKeHsI7 (2699a71e-6d57-46db-b578-3699dd2198c3)
2019-12-05 09:26:56.498 22156 RALLYDEBUG rally_openstack.cleanup.manager [-] Deleting neutron.port object s_rally_74eab58d_1GfvyPgV (271ff6b1-9b96-4a94-8bce-464b3a7b1be2)
2019-12-05 09:26:56.557 22156 RALLYDEBUG rally_openstack.cleanup.manager [-] Deleting neutron.port object s_rally_74eab58d_PN7ZlgY6 (276ec434-0215-4bd3-b6b2-fe78cd86bbb3)
2019-12-05 09:26:56.901 22156 RALLYDEBUG rally_openstack.cleanup.manager [-] Deleting neutron.port object s_rally_74eab58d_vCF7yNLG (28391a06-0ddd-4a30-b060-5bbe84ac7c77)
2019-12-05 09:26:57.212 22156 RALLYDEBUG rally_openstack.cleanup.manager [-] Deleting neutron.port object s_rally_74eab58d_ku5xpIp0 (287e026a-b2e4-460a-a99c-8cfa0e526386)
2019-12-05 09:26:57.623 22156 RALLYDEBUG rally_openstack.cleanup.manager [-] Deleting neutron.port object s_rally_74eab58d_A8qZ6toL (28980625-3e57-4e61-bfb3-4be8fb413221)
2019-12-05 09:26:57.629 22156 RALLYDEBUG rally_openstack.cleanup.manager [-] Deleting neutron.port object s_rally_74eab58d_jlYr7Wrs (28b374d4-3aec-4044-8fa9-3f832f23895a)
2019-12-05 09:26:57.707 22156 RALLYDEBUG rally_openstack.cleanup.manager [-] Deleting neutron.port object s_rally_74eab58d_zTPUej3b (28ccb9b6-eff4-4da9-8ffb-989314e57627)
