2019-12-05 07:34:26.210 9 RALLYDEBUG rally.api [-] INFO logs from urllib3 and requests module are hide.
2019-12-05 07:34:26.211 9 RALLYDEBUG rally.api [-] urllib3 insecure warnings are hidden.
2019-12-05 07:34:26.211 9 RALLYDEBUG rally.api [-] ERROR log from boto module is hide.
2019-12-05 07:34:28.018 9 ERROR rally.cli.cliutils [-] Unexpected exception in CLI: DBRecordNotFound: Record for uuid or name is opnfv-rally not found in table envs
2019-12-05 07:34:28.018 9 ERROR rally.cli.cliutils
Traceback (most recent call last):
2019-12-05 07:34:28.018 9 ERROR rally.cli.cliutils
File "/usr/lib/python2.7/site-packages/rally/cli/cliutils.py", line 674, in run
2019-12-05 07:34:28.018 9 ERROR rally.cli.cliutils ret = fn(*fn_args, **fn_kwargs)
2019-12-05 07:34:28.018 9 ERROR rally.cli.cliutils File "", line 2, in destroy
2019-12-05 07:34:28.018 9 ERROR rally.cli.cliutils
File "/usr/lib/python2.7/site-packages/rally/cli/envutils.py", line 68, in default_from_global
2019-12-05 07:34:28.018 9 ERROR rally.cli.cliutils return f(*args, **kwargs)
2019-12-05 07:34:28.018 9 ERROR rally.cli.cliutils File "", line 2, in destroy
2019-12-05 07:34:28.018 9 ERROR rally.cli.cliutils
File "/usr/lib/python2.7/site-packages/rally/plugins/__init__.py", line 51, in ensure_plugins_are_loaded
2019-12-05 07:34:28.018 9 ERROR rally.cli.cliutils return f(*args, **kwargs)
2019-12-05 07:34:28.018 9 ERROR rally.cli.cliutils
File "/usr/lib/python2.7/site-packages/rally/cli/commands/deployment.py", line 157, in destroy
2019-12-05 07:34:28.018 9 ERROR rally.cli.cliutils api.deployment.destroy(deployment=deployment)
2019-12-05 07:34:28.018 9 ERROR rally.cli.cliutils
File "/usr/lib/python2.7/site-packages/rally/api.py", line 115, in destroy
2019-12-05 07:34:28.018 9 ERROR rally.cli.cliutils deploy = objects.Deployment.get(deployment)
2019-12-05 07:34:28.018 9 ERROR rally.cli.cliutils
File "/usr/lib/python2.7/site-packages/rally/common/objects/deploy.py", line 124, in get
2019-12-05 07:34:28.018 9 ERROR rally.cli.cliutils return Deployment(env_mgr.EnvManager.get(deploy))
2019-12-05 07:34:28.018 9 ERROR rally.cli.cliutils
File "/usr/lib/python2.7/site-packages/rally/env/env_mgr.py", line 212, in get
2019-12-05 07:34:28.018 9 ERROR rally.cli.cliutils return cls(db.env_get(uuid_or_name))
2019-12-05 07:34:28.018 9 ERROR rally.cli.cliutils
File "/usr/lib/python2.7/site-packages/rally/common/db/api.py", line 135, in wrapper
2019-12-05 07:34:28.018 9 ERROR rally.cli.cliutils result = f(session, *args, **kwargs)
2019-12-05 07:34:28.018 9 ERROR rally.cli.cliutils
File "/usr/lib/python2.7/site-packages/rally/common/db/api.py", line 521, in env_get
2019-12-05 07:34:28.018 9 ERROR rally.cli.cliutils criteria="uuid or name is %s" % uuid_or_name, table="envs")
2019-12-05 07:34:28.018 9 ERROR rally.cli.cliutils DBRecordNotFound: Record for uuid or name is opnfv-rally not found in table envs
2019-12-05 07:34:28.018 9 ERROR rally.cli.cliutils
2019-12-05 07:34:28.768 11 RALLYDEBUG rally.api [-] INFO logs from urllib3 and requests module are hide.
2019-12-05 07:34:28.769 11 RALLYDEBUG rally.api [-] urllib3 insecure warnings are hidden.
2019-12-05 07:34:28.769 11 RALLYDEBUG rally.api [-] ERROR log from boto module is hide.
2019-12-05 07:34:31.737 13 RALLYDEBUG rally.api [-] INFO logs from urllib3 and requests module are hide.
2019-12-05 07:34:31.738 13 RALLYDEBUG rally.api [-] urllib3 insecure warnings are hidden.
2019-12-05 07:34:31.738 13 RALLYDEBUG rally.api [-] ERROR log from boto module is hide.
2019-12-05 07:34:35.394 16 RALLYDEBUG rally.api [-] INFO logs from urllib3 and requests module are hide.
2019-12-05 07:34:35.395 16 RALLYDEBUG rally.api [-] urllib3 insecure warnings are hidden.
2019-12-05 07:34:35.395 16 RALLYDEBUG rally.api [-] ERROR log from boto module is hide.
2019-12-05 07:34:36.496 18 RALLYDEBUG rally.api [-] INFO logs from urllib3 and requests module are hide.
2019-12-05 07:34:36.496 18 RALLYDEBUG rally.api [-] urllib3 insecure warnings are hidden.
2019-12-05 07:34:36.496 18 RALLYDEBUG rally.api [-] ERROR log from boto module is hide.
2019-12-05 07:34:38.177 18 INFO rally.task.engine [-] Task a061b4df-2fe3-45d4-965c-4e79f322149e | Starting: Task validation.
2019-12-05 07:34:38.215 18 INFO rally.task.engine [-] Task a061b4df-2fe3-45d4-965c-4e79f322149e | Starting: Task validation of syntax.
2019-12-05 07:34:38.312 18 INFO rally.task.engine [-] Task a061b4df-2fe3-45d4-965c-4e79f322149e | Completed: Task validation of syntax.
2019-12-05 07:34:38.312 18 INFO rally.task.engine [-] Task a061b4df-2fe3-45d4-965c-4e79f322149e | Starting: Task validation of required platforms.
2019-12-05 07:34:38.357 18 INFO rally.task.engine [-] Task a061b4df-2fe3-45d4-965c-4e79f322149e | Completed: Task validation of required platforms.
2019-12-05 07:34:38.357 18 INFO rally.task.engine [-] Task a061b4df-2fe3-45d4-965c-4e79f322149e | Starting: Task validation of semantic.
2019-12-05 07:34:38.357 18 INFO rally.task.engine [-] Check health of the environment '73ec50dd-2b79-4736-b667-4b2601faa701'.
2019-12-05 07:34:39.451 18 INFO rally.task.engine [-] Platform existing@openstack (available: True): OK!
2019-12-05 07:34:39.472 18 RALLYDEBUG rally_openstack.contexts.keystone.users [-] Creating 1 tenants using 20 threads
2019-12-05 07:34:40.338 18 RALLYDEBUG rally_openstack.contexts.keystone.users [-] Creating 1 users using 20 threads
2019-12-05 07:34:41.740 18 INFO rally.task.context [-] Task a061b4df-2fe3-45d4-965c-4e79f322149e | Context users@openstack setup() finished in 2.27 sec
2019-12-05 07:34:41.804 18 INFO rally.task.context [-] Task a061b4df-2fe3-45d4-965c-4e79f322149e | Context users@openstack cleanup() started
2019-12-05 07:34:44.962 18 INFO rally.task.context [-] Task a061b4df-2fe3-45d4-965c-4e79f322149e | Context users@openstack cleanup() finished in 3.16 sec
2019-12-05 07:34:44.963 18 INFO rally.task.engine [-] Task a061b4df-2fe3-45d4-965c-4e79f322149e | Completed: Task validation of semantic.
2019-12-05 07:34:44.963 18 INFO rally.task.engine [-] Task a061b4df-2fe3-45d4-965c-4e79f322149e | Completed: Task validation.
2019-12-05 07:34:44.963 18 INFO rally.api [-] Task a061b4df-2fe3-45d4-965c-4e79f322149e input file is valid.
2019-12-05 07:34:44.964 18 INFO rally.api [-] Run Task a061b4df-2fe3-45d4-965c-4e79f322149e against Deployment 73ec50dd-2b79-4736-b667-4b2601faa701
2019-12-05 07:34:44.964 18 INFO rally.task.engine [-] Task a061b4df-2fe3-45d4-965c-4e79f322149e | Starting: Running task.
2019-12-05 07:34:45.108 18 INFO rally.task.engine [-] Running workload: position = 0 config = { "version": 2, "title": "A cropped version of a bigger task.", "description": "Auto-generated task from a single workload (uuid=6207f450-206d-4a1e-9db7-6abd993d3f10)", "subtasks": [ { "title": "Authenticate.keystone", "description": "Check Keystone Client.", "scenario": { "Authenticate.keystone": {} }, "contexts": { "users": { "tenants": 3, "users_per_tenant": 2 } }, "runner": { "constant": { "concurrency": 4, "times": 10 } }, "hooks": [], "sla": { "failure_rate": { "max": 0 } } } ] }
2019-12-05 07:34:45.134 18 RALLYDEBUG rally_openstack.contexts.keystone.users [-] Creating 3 tenants using 20 threads
2019-12-05 07:34:46.164 18 RALLYDEBUG rally_openstack.contexts.keystone.users [-] Creating 6 users using 20 threads
2019-12-05 07:34:47.828 18 INFO rally.task.context [-] Task a061b4df-2fe3-45d4-965c-4e79f322149e | Context users@openstack setup() finished in 2.69 sec
2019-12-05 07:34:47.837 18 RALLYDEBUG rally.task.runner [-] Starting the constant runner (task UUID: a061b4df-2fe3-45d4-965c-4e79f322149e). timeout: 0 concurrency: 4 concurrency_per_worker: 1 times: 10 concurrency_overhead: 0 processes_to_start: 4 max_cpu_used: 16
2019-12-05 07:34:47.851 142 RALLYDEBUG rally.task.runner [-] Starting a worker. concurrency: 1 args: {} times: 10 method_name: run timeout: 0 duration: None cls:
2019-12-05 07:34:47.854 143 RALLYDEBUG rally.task.runner [-] Starting a worker. concurrency: 1 args: {} times: 10 method_name: run timeout: 0 duration: None cls:
2019-12-05 07:34:47.857 144 RALLYDEBUG rally.task.runner [-] Starting a worker. concurrency: 1 args: {} times: 10 method_name: run timeout: 0 duration: None cls:
2019-12-05 07:34:47.858 142 INFO rally.task.runner [-] Task a061b4df-2fe3-45d4-965c-4e79f322149e | ITER: 1 START
2019-12-05 07:34:47.860 145 RALLYDEBUG rally.task.runner [-] Starting a worker. concurrency: 1 args: {} times: 10 method_name: run timeout: 0 duration: None cls:
2019-12-05 07:34:47.861 143 INFO rally.task.runner [-] Task a061b4df-2fe3-45d4-965c-4e79f322149e | ITER: 2 START
2019-12-05 07:34:47.864 144 INFO rally.task.runner [-] Task a061b4df-2fe3-45d4-965c-4e79f322149e | ITER: 3 START
2019-12-05 07:34:47.867 145 INFO rally.task.runner [-] Task a061b4df-2fe3-45d4-965c-4e79f322149e | ITER: 4 START
2019-12-05 07:34:48.609 144 INFO rally.task.runner [-] Task a061b4df-2fe3-45d4-965c-4e79f322149e | ITER: 3 END: OK
2019-12-05 07:34:48.614 144 INFO rally.task.runner [-] Task a061b4df-2fe3-45d4-965c-4e79f322149e | ITER: 5 START
2019-12-05 07:34:48.626 145 INFO rally.task.runner [-] Task a061b4df-2fe3-45d4-965c-4e79f322149e | ITER: 4 END: OK
2019-12-05 07:34:48.632 145 INFO rally.task.runner [-] Task a061b4df-2fe3-45d4-965c-4e79f322149e | ITER: 6 START
2019-12-05 07:34:48.647 142 INFO rally.task.runner [-] Task a061b4df-2fe3-45d4-965c-4e79f322149e | ITER: 1 END: OK
2019-12-05 07:34:48.652 142 INFO rally.task.runner [-] Task a061b4df-2fe3-45d4-965c-4e79f322149e | ITER: 7 START
2019-12-05 07:34:48.655 143 INFO rally.task.runner [-] Task a061b4df-2fe3-45d4-965c-4e79f322149e | ITER: 2 END: OK
2019-12-05 07:34:48.659 143 INFO rally.task.runner [-] Task a061b4df-2fe3-45d4-965c-4e79f322149e | ITER: 8 START
2019-12-05 07:34:49.287 143 INFO rally.task.runner [-] Task a061b4df-2fe3-45d4-965c-4e79f322149e | ITER: 8 END: OK
2019-12-05 07:34:49.291 143 INFO rally.task.runner [-] Task a061b4df-2fe3-45d4-965c-4e79f322149e | ITER: 9 START
2019-12-05 07:34:49.343 144 INFO rally.task.runner [-] Task a061b4df-2fe3-45d4-965c-4e79f322149e | ITER: 5 END: OK
2019-12-05 07:34:49.345 142 INFO rally.task.runner [-] Task a061b4df-2fe3-45d4-965c-4e79f322149e | ITER: 7 END: OK
2019-12-05 07:34:49.346 145 INFO rally.task.runner [-] Task a061b4df-2fe3-45d4-965c-4e79f322149e | ITER: 6 END: OK
2019-12-05 07:34:49.347 144 INFO rally.task.runner [-] Task a061b4df-2fe3-45d4-965c-4e79f322149e | ITER: 10 START
2019-12-05 07:34:49.926 143 INFO rally.task.runner [-] Task a061b4df-2fe3-45d4-965c-4e79f322149e | ITER: 9 END: OK
2019-12-05 07:34:49.983 144 INFO rally.task.runner [-] Task a061b4df-2fe3-45d4-965c-4e79f322149e | ITER: 10 END: OK
2019-12-05 07:34:50.006 18 INFO rally.task.context [-] Task a061b4df-2fe3-45d4-965c-4e79f322149e | Context users@openstack cleanup() started
2019-12-05 07:34:55.178 18 INFO rally.task.context [-] Task a061b4df-2fe3-45d4-965c-4e79f322149e | Context users@openstack cleanup() finished in 5.17 sec
2019-12-05 07:34:55.255 18 INFO rally.task.engine [-] Load duration is: 2.124203
2019-12-05 07:34:55.255 18 INFO rally.task.engine [-] Full runner duration is: 2.169235
2019-12-05 07:34:55.255 18 INFO rally.task.engine [-] Full duration is: 10.048237
2019-12-05 07:34:55.578 18 INFO rally.task.engine [-] Running workload: position = 0 config = { "version": 2, "title": "A cropped version of a bigger task.", "description": "Auto-generated task from a single workload (uuid=485a3104-0952-42d5-80b2-fa66bf61d793)", "subtasks": [ { "title": "Authenticate.validate_cinder", "description": "Check Cinder Client to ensure validation of token.", "scenario": { "Authenticate.validate_cinder": { "repetitions": 2 } }, "contexts": { "users": { "tenants": 3, "users_per_tenant": 2 } }, "runner": { "constant": { "concurrency": 4, "times": 10 } }, "hooks": [], "sla": { "failure_rate": { "max": 0 } } } ] }
2019-12-05 07:34:55.605 18 RALLYDEBUG rally_openstack.contexts.keystone.users [-] Creating 3 tenants using 20 threads
2019-12-05 07:34:56.700 18 RALLYDEBUG rally_openstack.contexts.keystone.users [-] Creating 6 users using 20 threads
2019-12-05 07:34:58.376 18 INFO rally.task.context [-] Task a061b4df-2fe3-45d4-965c-4e79f322149e | Context users@openstack setup() finished in 2.77 sec
2019-12-05 07:34:58.386 18 RALLYDEBUG rally.task.runner [-] Starting the constant runner (task UUID: a061b4df-2fe3-45d4-965c-4e79f322149e). timeout: 0 concurrency: 4 concurrency_per_worker: 1 times: 10 concurrency_overhead: 0 processes_to_start: 4 max_cpu_used: 16
2019-12-05 07:34:58.400 246 RALLYDEBUG rally.task.runner [-] Starting a worker. concurrency: 1 args: {"repetitions": 2} times: 10 method_name: run timeout: 0 duration: None cls:
2019-12-05 07:34:58.403 247 RALLYDEBUG rally.task.runner [-] Starting a worker. concurrency: 1 args: {"repetitions": 2} times: 10 method_name: run timeout: 0 duration: None cls:
2019-12-05 07:34:58.406 248 RALLYDEBUG rally.task.runner [-] Starting a worker. concurrency: 1 args: {"repetitions": 2} times: 10 method_name: run timeout: 0 duration: None cls:
2019-12-05 07:34:58.407 246 INFO rally.task.runner [-] Task a061b4df-2fe3-45d4-965c-4e79f322149e | ITER: 1 START
2019-12-05 07:34:58.408 249 RALLYDEBUG rally.task.runner [-] Starting a worker. concurrency: 1 args: {"repetitions": 2} times: 10 method_name: run timeout: 0 duration: None cls:
2019-12-05 07:34:58.410 247 INFO rally.task.runner [-] Task a061b4df-2fe3-45d4-965c-4e79f322149e | ITER: 2 START
2019-12-05 07:34:58.413 248 INFO rally.task.runner [-] Task a061b4df-2fe3-45d4-965c-4e79f322149e | ITER: 3 START
2019-12-05 07:34:58.415 249 INFO rally.task.runner [-] Task a061b4df-2fe3-45d4-965c-4e79f322149e | ITER: 4 START
2019-12-05 07:34:59.124 249 INFO rally.task.runner [-] Task a061b4df-2fe3-45d4-965c-4e79f322149e | ITER: 4 END: OK
2019-12-05 07:34:59.128 249 INFO rally.task.runner [-] Task a061b4df-2fe3-45d4-965c-4e79f322149e | ITER: 5 START
2019-12-05 07:34:59.374 248 INFO rally.task.runner [-] Task a061b4df-2fe3-45d4-965c-4e79f322149e | ITER: 3 END: OK
2019-12-05 07:34:59.376 246 INFO rally.task.runner [-] Task a061b4df-2fe3-45d4-965c-4e79f322149e | ITER: 1 END: OK
2019-12-05 07:34:59.380 248 INFO rally.task.runner [-] Task a061b4df-2fe3-45d4-965c-4e79f322149e | ITER: 6 START
2019-12-05 07:34:59.380 247 INFO rally.task.runner [-] Task a061b4df-2fe3-45d4-965c-4e79f322149e | ITER: 2 END: OK
2019-12-05 07:34:59.381 246 INFO rally.task.runner [-] Task a061b4df-2fe3-45d4-965c-4e79f322149e | ITER: 7 START
2019-12-05 07:34:59.384 247 INFO rally.task.runner [-] Task a061b4df-2fe3-45d4-965c-4e79f322149e | ITER: 8 START
2019-12-05 07:34:59.861 248 INFO rally.task.runner [-] Task a061b4df-2fe3-45d4-965c-4e79f322149e | ITER: 6 END: OK
2019-12-05 07:34:59.866 248 INFO rally.task.runner [-] Task a061b4df-2fe3-45d4-965c-4e79f322149e | ITER: 9 START
2019-12-05 07:35:00.087 246 INFO rally.task.runner [-] Task a061b4df-2fe3-45d4-965c-4e79f322149e | ITER: 7 END: OK
2019-12-05 07:35:00.092 246 INFO rally.task.runner [-] Task a061b4df-2fe3-45d4-965c-4e79f322149e | ITER: 10 START
2019-12-05 07:35:00.099 249 INFO rally.task.runner [-] Task a061b4df-2fe3-45d4-965c-4e79f322149e | ITER: 5 END: OK
2019-12-05 07:35:00.250 247 INFO rally.task.runner [-] Task a061b4df-2fe3-45d4-965c-4e79f322149e | ITER: 8 END: OK
2019-12-05 07:35:00.572 248 INFO rally.task.runner [-] Task a061b4df-2fe3-45d4-965c-4e79f322149e | ITER: 9 END: OK
2019-12-05 07:35:00.884 246 INFO rally.task.runner [-] Task a061b4df-2fe3-45d4-965c-4e79f322149e | ITER: 10 END: OK
2019-12-05 07:35:00.912 18 INFO rally.task.context [-] Task a061b4df-2fe3-45d4-965c-4e79f322149e | Context users@openstack cleanup() started
2019-12-05 07:35:06.011 18 INFO rally.task.context [-] Task a061b4df-2fe3-45d4-965c-4e79f322149e | Context users@openstack cleanup() finished in 5.10 sec
2019-12-05 07:35:07.677 18 INFO rally.task.engine [-] Load duration is: 2.475577
2019-12-05 07:35:07.678 18 INFO rally.task.engine [-] Full runner duration is: 2.526264
2019-12-05 07:35:07.678 18 INFO rally.task.engine [-] Full duration is: 10.411674
2019-12-05 07:35:08.062 18 INFO rally.task.engine [-] Running workload: position = 0 config = { "version": 2, "title": "A cropped version of a bigger task.", "description": "Auto-generated task from a single workload (uuid=c2ad060d-de72-47e0-953a-cd0a75b39aa2)", "subtasks": [ { "title": "Authenticate.validate_glance", "description": "Check Glance Client to ensure validation of token.", "scenario": { "Authenticate.validate_glance": { "repetitions": 2 } }, "contexts": { "users": { "tenants": 3, "users_per_tenant": 2 } }, "runner": { "constant": { "concurrency": 4, "times": 10 } }, "hooks": [], "sla": { "failure_rate": { "max": 0 } } } ] }
2019-12-05 07:35:08.090 18 RALLYDEBUG rally_openstack.contexts.keystone.users [-] Creating 3 tenants using 20 threads
2019-12-05 07:35:09.354 18 RALLYDEBUG rally_openstack.contexts.keystone.users [-] Creating 6 users using 20 threads
2019-12-05 07:35:11.358 18 INFO rally.task.context [-] Task a061b4df-2fe3-45d4-965c-4e79f322149e | Context users@openstack setup() finished in 3.27 sec
2019-12-05 07:35:11.368 18 RALLYDEBUG rally.task.runner [-] Starting the constant runner (task UUID: a061b4df-2fe3-45d4-965c-4e79f322149e). timeout: 0 concurrency: 4 concurrency_per_worker: 1 times: 10 concurrency_overhead: 0 processes_to_start: 4 max_cpu_used: 16
2019-12-05 07:35:11.382 350 RALLYDEBUG rally.task.runner [-] Starting a worker. concurrency: 1 args: {"repetitions": 2} times: 10 method_name: run timeout: 0 duration: None cls:
2019-12-05 07:35:11.385 351 RALLYDEBUG rally.task.runner [-] Starting a worker. concurrency: 1 args: {"repetitions": 2} times: 10 method_name: run timeout: 0 duration: None cls:
2019-12-05 07:35:11.388 352 RALLYDEBUG rally.task.runner [-] Starting a worker. concurrency: 1 args: {"repetitions": 2} times: 10 method_name: run timeout: 0 duration: None cls:
2019-12-05 07:35:11.389 350 INFO rally.task.runner [-] Task a061b4df-2fe3-45d4-965c-4e79f322149e | ITER: 1 START
2019-12-05 07:35:11.392 351 INFO rally.task.runner [-] Task a061b4df-2fe3-45d4-965c-4e79f322149e | ITER: 2 START
2019-12-05 07:35:11.392 353 RALLYDEBUG rally.task.runner [-] Starting a worker. concurrency: 1 args: {"repetitions": 2} times: 10 method_name: run timeout: 0 duration: None cls:
2019-12-05 07:35:11.396 352 INFO rally.task.runner [-] Task a061b4df-2fe3-45d4-965c-4e79f322149e | ITER: 3 START
2019-12-05 07:35:11.399 353 INFO rally.task.runner [-] Task a061b4df-2fe3-45d4-965c-4e79f322149e | ITER: 4 START
2019-12-05 07:35:12.140 351 INFO rally.task.runner [-] Task a061b4df-2fe3-45d4-965c-4e79f322149e | ITER: 2 END: OK
2019-12-05 07:35:12.145 351 INFO rally.task.runner [-] Task a061b4df-2fe3-45d4-965c-4e79f322149e | ITER: 5 START
2019-12-05 07:35:12.346 352 INFO rally.task.runner [-] Task a061b4df-2fe3-45d4-965c-4e79f322149e | ITER: 3 END: OK
2019-12-05 07:35:12.352 352 INFO rally.task.runner [-] Task a061b4df-2fe3-45d4-965c-4e79f322149e | ITER: 6 START
2019-12-05 07:35:12.439 353 INFO rally.task.runner [-] Task a061b4df-2fe3-45d4-965c-4e79f322149e | ITER: 4 END: OK
2019-12-05 07:35:12.445 353 INFO rally.task.runner [-] Task a061b4df-2fe3-45d4-965c-4e79f322149e | ITER: 7 START
2019-12-05 07:35:12.764 350 INFO rally.task.runner [-] Task a061b4df-2fe3-45d4-965c-4e79f322149e | ITER: 1 END: OK
2019-12-05 07:35:12.770 350 INFO rally.task.runner [-] Task a061b4df-2fe3-45d4-965c-4e79f322149e | ITER: 8 START
2019-12-05 07:35:12.836 351 INFO rally.task.runner [-] Task a061b4df-2fe3-45d4-965c-4e79f322149e | ITER: 5 END: OK
2019-12-05 07:35:12.840 351 INFO rally.task.runner [-] Task a061b4df-2fe3-45d4-965c-4e79f322149e | ITER: 9 START
2019-12-05 07:35:13.026 353 INFO rally.task.runner [-] Task a061b4df-2fe3-45d4-965c-4e79f322149e | ITER: 7 END: OK
2019-12-05 07:35:13.031 353 INFO rally.task.runner [-] Task a061b4df-2fe3-45d4-965c-4e79f322149e | ITER: 10 START
2019-12-05 07:35:13.256 352 INFO rally.task.runner [-] Task a061b4df-2fe3-45d4-965c-4e79f322149e | ITER: 6 END: OK
2019-12-05 07:35:13.362 350 INFO rally.task.runner [-] Task a061b4df-2fe3-45d4-965c-4e79f322149e | ITER: 8 END: OK
2019-12-05 07:35:13.557 353 INFO rally.task.runner [-] Task a061b4df-2fe3-45d4-965c-4e79f322149e | ITER: 10 END: OK
2019-12-05 07:35:13.698 351 INFO rally.task.runner [-] Task a061b4df-2fe3-45d4-965c-4e79f322149e | ITER: 9 END: OK
2019-12-05 07:35:13.721 18 INFO rally.task.context [-] Task a061b4df-2fe3-45d4-965c-4e79f322149e | Context users@openstack cleanup() started
2019-12-05 07:35:18.838 18 INFO rally.task.context [-] Task a061b4df-2fe3-45d4-965c-4e79f322149e | Context users@openstack cleanup() finished in 5.12 sec
2019-12-05 07:35:20.186 18 INFO rally.task.engine [-] Load duration is: 2.307734
2019-12-05 07:35:20.187 18 INFO rally.task.engine [-] Full runner duration is: 2.352789
2019-12-05 07:35:20.187 18 INFO rally.task.engine [-] Full duration is: 10.753283
2019-12-05 07:35:20.738 18 INFO rally.task.engine [-] Running workload: position = 0 config = { "version": 2, "title": "A cropped version of a bigger task.", "description": "Auto-generated task from a single workload (uuid=a1e99dc6-34f3-4a55-9edf-57905a0a757c)", "subtasks": [ { "title": "Authenticate.validate_heat", "description": "Check Heat Client to ensure validation of token.", "scenario": { "Authenticate.validate_heat": { "repetitions": 2 } }, "contexts": { "users": { "tenants": 3, "users_per_tenant": 2 } }, "runner": { "constant": { "concurrency": 4, "times": 10 } }, "hooks": [], "sla": { "failure_rate": { "max": 0 } } } ] }
2019-12-05 07:35:20.763 18 RALLYDEBUG rally_openstack.contexts.keystone.users [-] Creating 3 tenants using 20 threads
2019-12-05 07:35:21.826 18 RALLYDEBUG rally_openstack.contexts.keystone.users [-] Creating 6 users using 20 threads
2019-12-05 07:35:23.492 18 INFO rally.task.context [-] Task a061b4df-2fe3-45d4-965c-4e79f322149e | Context users@openstack setup() finished in 2.73 sec
2019-12-05 07:35:23.501 18 RALLYDEBUG rally.task.runner [-] Starting the constant runner (task UUID: a061b4df-2fe3-45d4-965c-4e79f322149e). timeout: 0 concurrency: 4 concurrency_per_worker: 1 times: 10 concurrency_overhead: 0 processes_to_start: 4 max_cpu_used: 16
2019-12-05 07:35:23.515 454 RALLYDEBUG rally.task.runner [-] Starting a worker. concurrency: 1 args: {"repetitions": 2} times: 10 method_name: run timeout: 0 duration: None cls:
2019-12-05 07:35:23.518 455 RALLYDEBUG rally.task.runner [-] Starting a worker. concurrency: 1 args: {"repetitions": 2} times: 10 method_name: run timeout: 0 duration: None cls:
2019-12-05 07:35:23.521 456 RALLYDEBUG rally.task.runner [-] Starting a worker. concurrency: 1 args: {"repetitions": 2} times: 10 method_name: run timeout: 0 duration: None cls:
2019-12-05 07:35:23.523 454 INFO rally.task.runner [-] Task a061b4df-2fe3-45d4-965c-4e79f322149e | ITER: 1 START
2019-12-05 07:35:23.524 457 RALLYDEBUG rally.task.runner [-] Starting a worker. concurrency: 1 args: {"repetitions": 2} times: 10 method_name: run timeout: 0 duration: None cls:
2019-12-05 07:35:23.525 455 INFO rally.task.runner [-] Task a061b4df-2fe3-45d4-965c-4e79f322149e | ITER: 2 START
2019-12-05 07:35:23.528 456 INFO rally.task.runner [-] Task a061b4df-2fe3-45d4-965c-4e79f322149e | ITER: 3 START
2019-12-05 07:35:23.532 457 INFO rally.task.runner [-] Task a061b4df-2fe3-45d4-965c-4e79f322149e | ITER: 4 START
2019-12-05 07:35:24.788 457 INFO rally.task.runner [-] Task a061b4df-2fe3-45d4-965c-4e79f322149e | ITER: 4 END: OK
2019-12-05 07:35:24.793 457 INFO rally.task.runner [-] Task a061b4df-2fe3-45d4-965c-4e79f322149e | ITER: 5 START
2019-12-05 07:35:25.215 455 INFO rally.task.runner [-] Task a061b4df-2fe3-45d4-965c-4e79f322149e | ITER: 2 END: OK
2019-12-05 07:35:25.220 455 INFO rally.task.runner [-] Task a061b4df-2fe3-45d4-965c-4e79f322149e | ITER: 6 START
2019-12-05 07:35:25.543 454 INFO rally.task.runner [-] Task a061b4df-2fe3-45d4-965c-4e79f322149e | ITER: 1 END: OK
2019-12-05 07:35:25.548 454 INFO rally.task.runner [-] Task a061b4df-2fe3-45d4-965c-4e79f322149e | ITER: 7 START
2019-12-05 07:35:25.879 457 INFO rally.task.runner [-] Task a061b4df-2fe3-45d4-965c-4e79f322149e | ITER: 5 END: OK
2019-12-05 07:35:25.883 457 INFO rally.task.runner [-] Task a061b4df-2fe3-45d4-965c-4e79f322149e | ITER: 8 START
2019-12-05 07:35:26.167 456 INFO rally.task.runner [-] Task a061b4df-2fe3-45d4-965c-4e79f322149e | ITER: 3 END: OK
2019-12-05 07:35:26.172 456 INFO rally.task.runner [-] Task a061b4df-2fe3-45d4-965c-4e79f322149e | ITER: 9 START
2019-12-05 07:35:26.333 454 INFO rally.task.runner [-] Task a061b4df-2fe3-45d4-965c-4e79f322149e | ITER: 7 END: OK
2019-12-05 07:35:26.338 454 INFO rally.task.runner [-] Task a061b4df-2fe3-45d4-965c-4e79f322149e | ITER: 10 START
2019-12-05 07:35:26.474 457 INFO rally.task.runner [-] Task a061b4df-2fe3-45d4-965c-4e79f322149e | ITER: 8 END: OK
2019-12-05 07:35:26.572 455 INFO rally.task.runner [-] Task a061b4df-2fe3-45d4-965c-4e79f322149e | ITER: 6 END: OK
2019-12-05 07:35:26.831 454 INFO rally.task.runner [-] Task a061b4df-2fe3-45d4-965c-4e79f322149e | ITER: 10 END: OK
2019-12-05 07:35:26.965 456 INFO rally.task.runner [-] Task a061b4df-2fe3-45d4-965c-4e79f322149e | ITER: 9 END: OK
2019-12-05 07:35:26.989 18 INFO rally.task.context [-] Task a061b4df-2fe3-45d4-965c-4e79f322149e | Context users@openstack cleanup() started
2019-12-05 07:35:32.095 18 INFO rally.task.context [-] Task a061b4df-2fe3-45d4-965c-4e79f322149e | Context users@openstack cleanup() finished in 5.11 sec
2019-12-05 07:35:32.895 18 INFO rally.task.engine [-] Load duration is: 3.440791
2019-12-05 07:35:32.895 18 INFO rally.task.engine [-] Full runner duration is: 3.488004
2019-12-05 07:35:32.896 18 INFO rally.task.engine [-] Full duration is: 11.334286
2019-12-05 07:35:33.496 18 INFO rally.task.engine [-] Running workload: position = 0 config = { "version": 2, "title": "A cropped version of a bigger task.", "description": "Auto-generated task from a single workload (uuid=957e57e5-c8c2-4f04-9ec8-f1ac357eaac2)", "subtasks": [ { "title": "Authenticate.validate_neutron", "description": "Check Neutron Client to ensure validation of token.", "scenario": { "Authenticate.validate_neutron": { "repetitions": 2 } }, "contexts": { "users": { "tenants": 3, "users_per_tenant": 2 } }, "runner": { "constant": { "concurrency": 4, "times": 10 } }, "hooks": [], "sla": { "failure_rate": { "max": 0 } } } ] }
2019-12-05 07:35:33.522 18 RALLYDEBUG rally_openstack.contexts.keystone.users [-] Creating 3 tenants using 20 threads
2019-12-05 07:35:34.701 18 RALLYDEBUG rally_openstack.contexts.keystone.users [-] Creating 6 users using 20 threads
2019-12-05 07:35:36.363 18 INFO rally.task.context [-] Task a061b4df-2fe3-45d4-965c-4e79f322149e | Context users@openstack setup() finished in 2.84 sec
2019-12-05 07:35:36.372 18 RALLYDEBUG rally.task.runner [-] Starting the constant runner (task UUID: a061b4df-2fe3-45d4-965c-4e79f322149e). timeout: 0 concurrency: 4 concurrency_per_worker: 1 times: 10 concurrency_overhead: 0 processes_to_start: 4 max_cpu_used: 16
2019-12-05 07:35:36.386 558 RALLYDEBUG rally.task.runner [-] Starting a worker. concurrency: 1 args: {"repetitions": 2} times: 10 method_name: run timeout: 0 duration: None cls:
2019-12-05 07:35:36.389 559 RALLYDEBUG rally.task.runner [-] Starting a worker. concurrency: 1 args: {"repetitions": 2} times: 10 method_name: run timeout: 0 duration: None cls:
2019-12-05 07:35:36.392 560 RALLYDEBUG rally.task.runner [-] Starting a worker. concurrency: 1 args: {"repetitions": 2} times: 10 method_name: run timeout: 0 duration: None cls:
2019-12-05 07:35:36.394 558 INFO rally.task.runner [-] Task a061b4df-2fe3-45d4-965c-4e79f322149e | ITER: 1 START
2019-12-05 07:35:36.394 561 RALLYDEBUG rally.task.runner [-] Starting a worker. concurrency: 1 args: {"repetitions": 2} times: 10 method_name: run timeout: 0 duration: None cls:
2019-12-05 07:35:36.397 559 INFO rally.task.runner [-] Task a061b4df-2fe3-45d4-965c-4e79f322149e | ITER: 2 START
2019-12-05 07:35:36.399 560 INFO rally.task.runner [-] Task a061b4df-2fe3-45d4-965c-4e79f322149e | ITER: 3 START
2019-12-05 07:35:36.401 561 INFO rally.task.runner [-] Task a061b4df-2fe3-45d4-965c-4e79f322149e | ITER: 4 START
2019-12-05 07:35:37.164 561 INFO rally.task.runner [-] Task a061b4df-2fe3-45d4-965c-4e79f322149e | ITER: 4 END: OK
2019-12-05 07:35:37.164 559 INFO rally.task.runner [-] Task a061b4df-2fe3-45d4-965c-4e79f322149e | ITER: 2 END: OK
2019-12-05 07:35:37.169 559 INFO rally.task.runner [-] Task a061b4df-2fe3-45d4-965c-4e79f322149e | ITER: 6 START
2019-12-05 07:35:37.169 561 INFO rally.task.runner [-] Task a061b4df-2fe3-45d4-965c-4e79f322149e | ITER: 5 START
2019-12-05 07:35:37.192 560 INFO rally.task.runner [-] Task a061b4df-2fe3-45d4-965c-4e79f322149e | ITER: 3 END: OK
2019-12-05 07:35:37.196 560 INFO rally.task.runner [-] Task a061b4df-2fe3-45d4-965c-4e79f322149e | ITER: 7 START
2019-12-05 07:35:37.285 558 INFO rally.task.runner [-] Task a061b4df-2fe3-45d4-965c-4e79f322149e | ITER: 1 END: OK
2019-12-05 07:35:37.290 558 INFO rally.task.runner [-] Task a061b4df-2fe3-45d4-965c-4e79f322149e | ITER: 8 START
2019-12-05 07:35:37.852 558 INFO rally.task.runner [-] Task a061b4df-2fe3-45d4-965c-4e79f322149e | ITER: 8 END: OK
2019-12-05 07:35:37.857 558 INFO rally.task.runner [-] Task a061b4df-2fe3-45d4-965c-4e79f322149e | ITER: 9 START
2019-12-05 07:35:37.876 560 INFO rally.task.runner [-] Task a061b4df-2fe3-45d4-965c-4e79f322149e | ITER: 7 END: OK
2019-12-05 07:35:37.881 560 INFO rally.task.runner [-] Task a061b4df-2fe3-45d4-965c-4e79f322149e | ITER: 10 START
2019-12-05 07:35:37.891 559 INFO rally.task.runner [-] Task a061b4df-2fe3-45d4-965c-4e79f322149e | ITER: 6 END: OK
2019-12-05 07:35:38.050 561 INFO rally.task.runner [-] Task a061b4df-2fe3-45d4-965c-4e79f322149e | ITER: 5 END: OK
2019-12-05 07:35:38.592 560 INFO rally.task.runner [-] Task a061b4df-2fe3-45d4-965c-4e79f322149e | ITER: 10 END: OK
2019-12-05 07:35:38.603 558 INFO rally.task.runner [-] Task a061b4df-2fe3-45d4-965c-4e79f322149e | ITER: 9 END: OK
2019-12-05 07:35:38.629 18 INFO rally.task.context [-] Task a061b4df-2fe3-45d4-965c-4e79f322149e | Context users@openstack cleanup() started
2019-12-05 07:35:43.571 18 INFO rally.task.context [-] Task a061b4df-2fe3-45d4-965c-4e79f322149e | Context users@openstack cleanup() finished in 4.94 sec
2019-12-05 07:35:43.656 18 INFO rally.task.engine [-] Load duration is: 2.208572
2019-12-05 07:35:43.656 18 INFO rally.task.engine [-] Full runner duration is: 2.257401
2019-12-05 07:35:43.656 18 INFO rally.task.engine [-] Full duration is: 10.05275
2019-12-05 07:35:44.218 18 INFO rally.task.engine [-] Running workload: position = 0 config = { "version": 2, "title": "A cropped version of a bigger task.", "description": "Auto-generated task from a single workload (uuid=066b80fc-62e0-477c-b744-f1497af7b618)", "subtasks": [ { "title": "Authenticate.validate_nova", "description": "Check Nova Client to ensure validation of token.", "scenario": { "Authenticate.validate_nova": { "repetitions": 2 } }, "contexts": { "users": { "tenants": 3, "users_per_tenant": 2 } }, "runner": { "constant": { "concurrency": 4, "times": 10 } }, "hooks": [], "sla": { "failure_rate": { "max": 0 } } } ] }
2019-12-05 07:35:44.251 18 RALLYDEBUG rally_openstack.contexts.keystone.users [-] Creating 3 tenants using 20 threads
2019-12-05 07:35:45.350 18 RALLYDEBUG rally_openstack.contexts.keystone.users [-] Creating 6 users using 20 threads
2019-12-05 07:35:46.917 18 INFO rally.task.context [-] Task a061b4df-2fe3-45d4-965c-4e79f322149e | Context users@openstack setup() finished in 2.67 sec
2019-12-05 07:35:46.927 18 RALLYDEBUG rally.task.runner [-] Starting the constant runner (task UUID: a061b4df-2fe3-45d4-965c-4e79f322149e). timeout: 0 concurrency: 4 concurrency_per_worker: 1 times: 10 concurrency_overhead: 0 processes_to_start: 4 max_cpu_used: 16
2019-12-05 07:35:46.940 662 RALLYDEBUG rally.task.runner [-] Starting a worker. concurrency: 1 args: {"repetitions": 2} times: 10 method_name: run timeout: 0 duration: None cls:
2019-12-05 07:35:46.941 663 RALLYDEBUG rally.task.runner [-] Starting a worker. concurrency: 1 args: {"repetitions": 2} times: 10 method_name: run timeout: 0 duration: None cls:
2019-12-05 07:35:46.944 665 RALLYDEBUG rally.task.runner [-] Starting a worker. concurrency: 1 args: {"repetitions": 2} times: 10 method_name: run timeout: 0 duration: None cls:
2019-12-05 07:35:46.945 664 RALLYDEBUG rally.task.runner [-] Starting a worker. concurrency: 1 args: {"repetitions": 2} times: 10 method_name: run timeout: 0 duration: None cls:
2019-12-05 07:35:46.948 662 INFO rally.task.runner [-] Task a061b4df-2fe3-45d4-965c-4e79f322149e | ITER: 1 START
2019-12-05 07:35:46.948 665 INFO rally.task.runner [-] Task a061b4df-2fe3-45d4-965c-4e79f322149e | ITER: 3 START
2019-12-05 07:35:46.948 663 INFO rally.task.runner [-] Task a061b4df-2fe3-45d4-965c-4e79f322149e | ITER: 2 START
2019-12-05 07:35:46.952 664 INFO rally.task.runner [-] Task a061b4df-2fe3-45d4-965c-4e79f322149e | ITER: 4 START
2019-12-05 07:35:47.424 665 DEBUG novaclient.v2.client [-] REQ: curl -g -i --cacert "/etc/ssl/certs/mcp_os_cacert" -X GET http://10.167.4.35:8774/v2.1/flavors/detail -H "Accept: application/json" -H "User-Agent: python-novaclient" -H "X-Auth-Token: {SHA1}2510a0056d016ebab037d68e3c4a81e3650638f7" _http_log_request /usr/lib/python2.7/site-packages/keystoneauth1/session.py:448
2019-12-05 07:35:47.427 664 DEBUG novaclient.v2.client [-] REQ: curl -g -i --cacert "/etc/ssl/certs/mcp_os_cacert" -X GET http://10.167.4.35:8774/v2.1/flavors/detail -H "Accept: application/json" -H "User-Agent: python-novaclient" -H "X-Auth-Token: {SHA1}4ac22c89fe92adce5b9db345420f62228f70f399" _http_log_request /usr/lib/python2.7/site-packages/keystoneauth1/session.py:448
2019-12-05 07:35:47.437 662 DEBUG novaclient.v2.client [-] REQ: curl -g -i --cacert "/etc/ssl/certs/mcp_os_cacert" -X GET http://10.167.4.35:8774/v2.1/flavors/detail -H "Accept: application/json" -H "User-Agent: python-novaclient" -H "X-Auth-Token: {SHA1}9eed94a830eca73d82b9c6c76942b75a704e2363" _http_log_request /usr/lib/python2.7/site-packages/keystoneauth1/session.py:448
2019-12-05 07:35:47.441 663 DEBUG novaclient.v2.client [-] REQ: curl -g -i --cacert "/etc/ssl/certs/mcp_os_cacert" -X GET http://10.167.4.35:8774/v2.1/flavors/detail -H "Accept: application/json" -H "User-Agent: python-novaclient" -H "X-Auth-Token: {SHA1}1dec99936876a53b767e76f0489a6ee2ee057ef5" _http_log_request /usr/lib/python2.7/site-packages/keystoneauth1/session.py:448
2019-12-05 07:35:47.559 664 DEBUG novaclient.v2.client [-] RESP: [200] Connection: close Content-Length: 1014 Content-Type: application/json Date: Thu, 05 Dec 2019 07:35:47 GMT Openstack-Api-Version: compute 2.1 Vary: OpenStack-API-Version, X-OpenStack-Nova-API-Version X-Compute-Request-Id: req-f99870aa-2982-4ff2-86d7-b32dbd28c454 X-Openstack-Nova-Api-Version: 2.1 X-Openstack-Request-Id: req-f99870aa-2982-4ff2-86d7-b32dbd28c454 _http_log_response /usr/lib/python2.7/site-packages/keystoneauth1/session.py:479
2019-12-05 07:35:47.560 664 DEBUG novaclient.v2.client [-] RESP BODY: {"flavors": [{"name": "rally_full-flavor_cb4e9755-6d1c-41da-bf84-3f2f5eb75b40", "links": [{"href": "http://10.167.4.35:8774/v2.1/flavors/d0fd4438-d25d-4273-8b84-59184310591c", "rel": "self"}, {"href": "http://10.167.4.35:8774/flavors/d0fd4438-d25d-4273-8b84-59184310591c", "rel": "bookmark"}], "ram": 512, "OS-FLV-DISABLED:disabled": false, "vcpus": 1, "swap": "", "os-flavor-access:is_public": true, "rxtx_factor": 1.0, "OS-FLV-EXT-DATA:ephemeral": 0, "disk": 1, "id": "d0fd4438-d25d-4273-8b84-59184310591c"}, {"name": "rally_full-flavor_alt_cb4e9755-6d1c-41da-bf84-3f2f5eb75b40", "links": [{"href": "http://10.167.4.35:8774/v2.1/flavors/dc2da2b6-66de-45b3-ae66-448224c17e7b", "rel": "self"}, {"href": "http://10.167.4.35:8774/flavors/dc2da2b6-66de-45b3-ae66-448224c17e7b", "rel": "bookmark"}], "ram": 1024, "OS-FLV-DISABLED:disabled": false, "vcpus": 1, "swap": "", "os-flavor-access:is_public": true, "rxtx_factor": 1.0, "OS-FLV-EXT-DATA:ephemeral": 0, "disk": 1, "id": "dc2da2b6-66de-45b3-ae66-448224c17e7b"}]} _http_log_response /usr/lib/python2.7/site-packages/keystoneauth1/session.py:511
2019-12-05 07:35:47.560 664 DEBUG novaclient.v2.client [-] GET call to compute for http://10.167.4.35:8774/v2.1/flavors/detail used request id req-f99870aa-2982-4ff2-86d7-b32dbd28c454 request /usr/lib/python2.7/site-packages/keystoneauth1/session.py:844
2019-12-05 07:35:47.563 664 DEBUG novaclient.v2.client [-] REQ: curl -g -i --cacert "/etc/ssl/certs/mcp_os_cacert" -X GET http://10.167.4.35:8774/v2.1/flavors/detail -H "Accept: application/json" -H "User-Agent: python-novaclient" -H "X-Auth-Token: {SHA1}4ac22c89fe92adce5b9db345420f62228f70f399" _http_log_request /usr/lib/python2.7/site-packages/keystoneauth1/session.py:448
2019-12-05 07:35:47.563 662 DEBUG novaclient.v2.client [-] RESP: [200] Connection: close Content-Length: 1014 Content-Type: application/json Date: Thu, 05 Dec 2019 07:35:47 GMT Openstack-Api-Version: compute 2.1 Vary: OpenStack-API-Version, X-OpenStack-Nova-API-Version X-Compute-Request-Id: req-b3aa6802-1d02-45ff-a8d7-ccd326837069 X-Openstack-Nova-Api-Version: 2.1 X-Openstack-Request-Id: req-b3aa6802-1d02-45ff-a8d7-ccd326837069 _http_log_response /usr/lib/python2.7/site-packages/keystoneauth1/session.py:479
2019-12-05 07:35:47.565 662 DEBUG novaclient.v2.client [-] RESP BODY: {"flavors": [{"name": "rally_full-flavor_cb4e9755-6d1c-41da-bf84-3f2f5eb75b40", "links": [{"href": "http://10.167.4.35:8774/v2.1/flavors/d0fd4438-d25d-4273-8b84-59184310591c", "rel": "self"}, {"href": "http://10.167.4.35:8774/flavors/d0fd4438-d25d-4273-8b84-59184310591c", "rel": "bookmark"}], "ram": 512, "OS-FLV-DISABLED:disabled": false, "vcpus": 1, "swap": "", "os-flavor-access:is_public": true, "rxtx_factor": 1.0, "OS-FLV-EXT-DATA:ephemeral": 0, "disk": 1, "id": "d0fd4438-d25d-4273-8b84-59184310591c"}, {"name": "rally_full-flavor_alt_cb4e9755-6d1c-41da-bf84-3f2f5eb75b40", "links": [{"href": "http://10.167.4.35:8774/v2.1/flavors/dc2da2b6-66de-45b3-ae66-448224c17e7b", "rel": "self"}, {"href": "http://10.167.4.35:8774/flavors/dc2da2b6-66de-45b3-ae66-448224c17e7b", "rel": "bookmark"}], "ram": 1024, "OS-FLV-DISABLED:disabled": false, "vcpus": 1, "swap": "", "os-flavor-access:is_public": true, "rxtx_factor": 1.0, "OS-FLV-EXT-DATA:ephemeral": 0, "disk": 1, "id": "dc2da2b6-66de-45b3-ae66-448224c17e7b"}]} _http_log_response /usr/lib/python2.7/site-packages/keystoneauth1/session.py:511
2019-12-05 07:35:47.565 662 DEBUG novaclient.v2.client [-] GET call to compute for http://10.167.4.35:8774/v2.1/flavors/detail used request id req-b3aa6802-1d02-45ff-a8d7-ccd326837069 request /usr/lib/python2.7/site-packages/keystoneauth1/session.py:844
2019-12-05 07:35:47.566 662 DEBUG novaclient.v2.client [-] REQ: curl -g -i --cacert "/etc/ssl/certs/mcp_os_cacert" -X GET http://10.167.4.35:8774/v2.1/flavors/detail -H "Accept: application/json" -H "User-Agent: python-novaclient" -H "X-Auth-Token: {SHA1}9eed94a830eca73d82b9c6c76942b75a704e2363" _http_log_request /usr/lib/python2.7/site-packages/keystoneauth1/session.py:448
2019-12-05 07:35:47.584 664 DEBUG novaclient.v2.client [-] RESP: [200] Connection: close Content-Length: 1014 Content-Type: application/json Date: Thu, 05 Dec 2019 07:35:47 GMT Openstack-Api-Version: compute 2.1 Vary: OpenStack-API-Version, X-OpenStack-Nova-API-Version X-Compute-Request-Id: req-74bbe5a3-a481-4fb1-bc61-9e6f1c55b1f1 X-Openstack-Nova-Api-Version: 2.1 X-Openstack-Request-Id: req-74bbe5a3-a481-4fb1-bc61-9e6f1c55b1f1 _http_log_response /usr/lib/python2.7/site-packages/keystoneauth1/session.py:479
2019-12-05 07:35:47.584 664 DEBUG novaclient.v2.client [-] RESP BODY: {"flavors": [{"name": "rally_full-flavor_cb4e9755-6d1c-41da-bf84-3f2f5eb75b40", "links": [{"href": "http://10.167.4.35:8774/v2.1/flavors/d0fd4438-d25d-4273-8b84-59184310591c", "rel": "self"}, {"href": "http://10.167.4.35:8774/flavors/d0fd4438-d25d-4273-8b84-59184310591c", "rel": "bookmark"}], "ram": 512, "OS-FLV-DISABLED:disabled": false, "vcpus": 1, "swap": "", "os-flavor-access:is_public": true, "rxtx_factor": 1.0, "OS-FLV-EXT-DATA:ephemeral": 0, "disk": 1, "id": "d0fd4438-d25d-4273-8b84-59184310591c"}, {"name": "rally_full-flavor_alt_cb4e9755-6d1c-41da-bf84-3f2f5eb75b40", "links": [{"href": "http://10.167.4.35:8774/v2.1/flavors/dc2da2b6-66de-45b3-ae66-448224c17e7b", "rel": "self"}, {"href": "http://10.167.4.35:8774/flavors/dc2da2b6-66de-45b3-ae66-448224c17e7b", "rel": "bookmark"}], "ram": 1024, "OS-FLV-DISABLED:disabled": false, "vcpus": 1, "swap": "", "os-flavor-access:is_public": true, "rxtx_factor": 1.0, "OS-FLV-EXT-DATA:ephemeral": 0, "disk": 1, "id": "dc2da2b6-66de-45b3-ae66-448224c17e7b"}]} _http_log_response /usr/lib/python2.7/site-packages/keystoneauth1/session.py:511
2019-12-05 07:35:47.584 664 DEBUG novaclient.v2.client [-] GET call to compute for http://10.167.4.35:8774/v2.1/flavors/detail used request id req-74bbe5a3-a481-4fb1-bc61-9e6f1c55b1f1 request /usr/lib/python2.7/site-packages/keystoneauth1/session.py:844
2019-12-05 07:35:47.585 664 INFO rally.task.runner [-] Task a061b4df-2fe3-45d4-965c-4e79f322149e | ITER: 4 END: OK
2019-12-05 07:35:47.588 662 DEBUG novaclient.v2.client [-] RESP: [200] Connection: close Content-Length: 1014 Content-Type: application/json Date: Thu, 05 Dec 2019 07:35:47 GMT Openstack-Api-Version: compute 2.1 Vary: OpenStack-API-Version, X-OpenStack-Nova-API-Version X-Compute-Request-Id: req-8833bddb-b104-4dd5-959f-5bcfd0a562a4 X-Openstack-Nova-Api-Version: 2.1 X-Openstack-Request-Id: req-8833bddb-b104-4dd5-959f-5bcfd0a562a4 _http_log_response /usr/lib/python2.7/site-packages/keystoneauth1/session.py:479
2019-12-05 07:35:47.589 662 DEBUG novaclient.v2.client [-] RESP BODY: {"flavors": [{"name": "rally_full-flavor_cb4e9755-6d1c-41da-bf84-3f2f5eb75b40", "links": [{"href": "http://10.167.4.35:8774/v2.1/flavors/d0fd4438-d25d-4273-8b84-59184310591c", "rel": "self"}, {"href": "http://10.167.4.35:8774/flavors/d0fd4438-d25d-4273-8b84-59184310591c", "rel": "bookmark"}], "ram": 512, "OS-FLV-DISABLED:disabled": false, "vcpus": 1, "swap": "", "os-flavor-access:is_public": true, "rxtx_factor": 1.0, "OS-FLV-EXT-DATA:ephemeral": 0, "disk": 1, "id": "d0fd4438-d25d-4273-8b84-59184310591c"}, {"name": "rally_full-flavor_alt_cb4e9755-6d1c-41da-bf84-3f2f5eb75b40", "links": [{"href": "http://10.167.4.35:8774/v2.1/flavors/dc2da2b6-66de-45b3-ae66-448224c17e7b", "rel": "self"}, {"href": "http://10.167.4.35:8774/flavors/dc2da2b6-66de-45b3-ae66-448224c17e7b", "rel": "bookmark"}], "ram": 1024, "OS-FLV-DISABLED:disabled": false, "vcpus": 1, "swap": "", "os-flavor-access:is_public": true, "rxtx_factor": 1.0, "OS-FLV-EXT-DATA:ephemeral": 0, "disk": 1, "id": "dc2da2b6-66de-45b3-ae66-448224c17e7b"}]} _http_log_response /usr/lib/python2.7/site-packages/keystoneauth1/session.py:511
2019-12-05 07:35:47.589 662 DEBUG novaclient.v2.client [-] GET call to compute for http://10.167.4.35:8774/v2.1/flavors/detail used request id req-8833bddb-b104-4dd5-959f-5bcfd0a562a4 request /usr/lib/python2.7/site-packages/keystoneauth1/session.py:844
2019-12-05 07:35:47.590 662 INFO rally.task.runner [-] Task a061b4df-2fe3-45d4-965c-4e79f322149e | ITER: 1 END: OK
2019-12-05 07:35:47.590 664 INFO rally.task.runner [-] Task a061b4df-2fe3-45d4-965c-4e79f322149e | ITER: 5 START
2019-12-05 07:35:47.595 662 INFO rally.task.runner [-] Task a061b4df-2fe3-45d4-965c-4e79f322149e | ITER: 6 START
2019-12-05 07:35:47.599 665 DEBUG novaclient.v2.client [-] RESP: [200] Connection: close Content-Length: 1014 Content-Type: application/json Date: Thu, 05 Dec 2019 07:35:47 GMT Openstack-Api-Version: compute 2.1 Vary: OpenStack-API-Version, X-OpenStack-Nova-API-Version X-Compute-Request-Id: req-441a9397-dcaa-49b9-868e-d2612807fad9 X-Openstack-Nova-Api-Version: 2.1 X-Openstack-Request-Id: req-441a9397-dcaa-49b9-868e-d2612807fad9 _http_log_response /usr/lib/python2.7/site-packages/keystoneauth1/session.py:479
2019-12-05 07:35:47.600 665 DEBUG novaclient.v2.client [-] RESP BODY: {"flavors": [{"name": "rally_full-flavor_cb4e9755-6d1c-41da-bf84-3f2f5eb75b40", "links": [{"href": "http://10.167.4.35:8774/v2.1/flavors/d0fd4438-d25d-4273-8b84-59184310591c", "rel": "self"}, {"href": "http://10.167.4.35:8774/flavors/d0fd4438-d25d-4273-8b84-59184310591c", "rel": "bookmark"}], "ram": 512, "OS-FLV-DISABLED:disabled": false, "vcpus": 1, "swap": "", "os-flavor-access:is_public": true, "rxtx_factor": 1.0, "OS-FLV-EXT-DATA:ephemeral": 0, "disk": 1, "id": "d0fd4438-d25d-4273-8b84-59184310591c"}, {"name": "rally_full-flavor_alt_cb4e9755-6d1c-41da-bf84-3f2f5eb75b40", "links": [{"href": "http://10.167.4.35:8774/v2.1/flavors/dc2da2b6-66de-45b3-ae66-448224c17e7b", "rel": "self"}, {"href": "http://10.167.4.35:8774/flavors/dc2da2b6-66de-45b3-ae66-448224c17e7b", "rel": "bookmark"}], "ram": 1024, "OS-FLV-DISABLED:disabled": false, "vcpus": 1, "swap": "", "os-flavor-access:is_public": true, "rxtx_factor": 1.0, "OS-FLV-EXT-DATA:ephemeral": 0, "disk": 1, "id": "dc2da2b6-66de-45b3-ae66-448224c17e7b"}]} _http_log_response /usr/lib/python2.7/site-packages/keystoneauth1/session.py:511
2019-12-05 07:35:47.600 665 DEBUG novaclient.v2.client [-] GET call to compute for http://10.167.4.35:8774/v2.1/flavors/detail used request id req-441a9397-dcaa-49b9-868e-d2612807fad9 request /usr/lib/python2.7/site-packages/keystoneauth1/session.py:844
2019-12-05 07:35:47.601 665 DEBUG novaclient.v2.client [-] REQ: curl -g -i --cacert "/etc/ssl/certs/mcp_os_cacert" -X GET http://10.167.4.35:8774/v2.1/flavors/detail -H "Accept: application/json" -H "User-Agent: python-novaclient" -H "X-Auth-Token: {SHA1}2510a0056d016ebab037d68e3c4a81e3650638f7" _http_log_request /usr/lib/python2.7/site-packages/keystoneauth1/session.py:448
2019-12-05 07:35:47.605 663 DEBUG novaclient.v2.client [-] RESP: [200] Connection: close Content-Length: 1014 Content-Type: application/json Date: Thu, 05 Dec 2019 07:35:47 GMT Openstack-Api-Version: compute 2.1 Vary: OpenStack-API-Version, X-OpenStack-Nova-API-Version X-Compute-Request-Id: req-1d495f23-d6d4-40ba-a832-5d847fb993e5 X-Openstack-Nova-Api-Version: 2.1 X-Openstack-Request-Id: req-1d495f23-d6d4-40ba-a832-5d847fb993e5 _http_log_response /usr/lib/python2.7/site-packages/keystoneauth1/session.py:479
2019-12-05 07:35:47.606 663 DEBUG novaclient.v2.client [-] RESP BODY: {"flavors": [{"name": "rally_full-flavor_cb4e9755-6d1c-41da-bf84-3f2f5eb75b40", "links": [{"href": "http://10.167.4.35:8774/v2.1/flavors/d0fd4438-d25d-4273-8b84-59184310591c", "rel": "self"}, {"href": "http://10.167.4.35:8774/flavors/d0fd4438-d25d-4273-8b84-59184310591c", "rel": "bookmark"}], "ram": 512, "OS-FLV-DISABLED:disabled": false, "vcpus": 1, "swap": "", "os-flavor-access:is_public": true, "rxtx_factor": 1.0, "OS-FLV-EXT-DATA:ephemeral": 0, "disk": 1, "id": "d0fd4438-d25d-4273-8b84-59184310591c"}, {"name": "rally_full-flavor_alt_cb4e9755-6d1c-41da-bf84-3f2f5eb75b40", "links": [{"href": "http://10.167.4.35:8774/v2.1/flavors/dc2da2b6-66de-45b3-ae66-448224c17e7b", "rel": "self"}, {"href": "http://10.167.4.35:8774/flavors/dc2da2b6-66de-45b3-ae66-448224c17e7b", "rel": "bookmark"}], "ram": 1024, "OS-FLV-DISABLED:disabled": false, "vcpus": 1, "swap": "", "os-flavor-access:is_public": true, "rxtx_factor": 1.0, "OS-FLV-EXT-DATA:ephemeral": 0, "disk": 1, "id": "dc2da2b6-66de-45b3-ae66-448224c17e7b"}]} _http_log_response /usr/lib/python2.7/site-packages/keystoneauth1/session.py:511
2019-12-05 07:35:47.606 663 DEBUG novaclient.v2.client [-] GET call to compute for http://10.167.4.35:8774/v2.1/flavors/detail used request id req-1d495f23-d6d4-40ba-a832-5d847fb993e5 request /usr/lib/python2.7/site-packages/keystoneauth1/session.py:844
2019-12-05 07:35:47.607 663 DEBUG novaclient.v2.client [-] REQ: curl -g -i --cacert "/etc/ssl/certs/mcp_os_cacert" -X GET http://10.167.4.35:8774/v2.1/flavors/detail -H "Accept: application/json" -H "User-Agent: python-novaclient" -H "X-Auth-Token: {SHA1}1dec99936876a53b767e76f0489a6ee2ee057ef5" _http_log_request /usr/lib/python2.7/site-packages/keystoneauth1/session.py:448
2019-12-05 07:35:47.624 665 DEBUG novaclient.v2.client [-] RESP: [200] Connection: close Content-Length: 1014 Content-Type: application/json Date: Thu, 05 Dec 2019 07:35:47 GMT Openstack-Api-Version: compute 2.1 Vary: OpenStack-API-Version, X-OpenStack-Nova-API-Version X-Compute-Request-Id: req-d42009ee-c44e-4056-96f0-1c9a2859bb1a X-Openstack-Nova-Api-Version: 2.1 X-Openstack-Request-Id: req-d42009ee-c44e-4056-96f0-1c9a2859bb1a _http_log_response /usr/lib/python2.7/site-packages/keystoneauth1/session.py:479
2019-12-05 07:35:47.625 665 DEBUG novaclient.v2.client [-] RESP BODY: {"flavors": [{"name": "rally_full-flavor_cb4e9755-6d1c-41da-bf84-3f2f5eb75b40", "links": [{"href": "http://10.167.4.35:8774/v2.1/flavors/d0fd4438-d25d-4273-8b84-59184310591c", "rel": "self"}, {"href": "http://10.167.4.35:8774/flavors/d0fd4438-d25d-4273-8b84-59184310591c", "rel": "bookmark"}], "ram": 512, "OS-FLV-DISABLED:disabled": false, "vcpus": 1, "swap": "", "os-flavor-access:is_public": true, "rxtx_factor": 1.0, "OS-FLV-EXT-DATA:ephemeral": 0, "disk": 1, "id": "d0fd4438-d25d-4273-8b84-59184310591c"}, {"name": "rally_full-flavor_alt_cb4e9755-6d1c-41da-bf84-3f2f5eb75b40", "links": [{"href": "http://10.167.4.35:8774/v2.1/flavors/dc2da2b6-66de-45b3-ae66-448224c17e7b", "rel": "self"}, {"href": "http://10.167.4.35:8774/flavors/dc2da2b6-66de-45b3-ae66-448224c17e7b", "rel": "bookmark"}], "ram": 1024, "OS-FLV-DISABLED:disabled": false, "vcpus": 1, "swap": "", "os-flavor-access:is_public": true, "rxtx_factor": 1.0, "OS-FLV-EXT-DATA:ephemeral": 0, "disk": 1, "id": "dc2da2b6-66de-45b3-ae66-448224c17e7b"}]} _http_log_response /usr/lib/python2.7/site-packages/keystoneauth1/session.py:511
2019-12-05 07:35:47.625 665 DEBUG novaclient.v2.client [-] GET call to compute for http://10.167.4.35:8774/v2.1/flavors/detail used request id req-d42009ee-c44e-4056-96f0-1c9a2859bb1a request /usr/lib/python2.7/site-packages/keystoneauth1/session.py:844
