2019-12-03 03:18:06.351 28452 RALLYDEBUG rally.task.runner [-] Starting a worker. concurrency: 1 args: {"network_create_args": {}, "subnet_create_args": {}, "subnet_cidr_start": "1.1.0.0/30", "subnets_per_network": 2} times: 40 method_name: run timeout: 0 duration: None cls:
2019-12-03 03:18:06.352 28443 WARNING rally_openstack.scenarios.neutron.utils [-] Running this scenario without either the 'network' or 'existing_network' context is deprecated
2019-12-03 03:18:06.352 28444 WARNING rally_openstack.scenarios.neutron.utils [-] Running this scenario without either the 'network' or 'existing_network' context is deprecated
2019-12-03 03:18:06.351 28442 INFO rally.task.runner [-] Task b7b29cb3-79f0-4a87-913a-b553dd9983d5 | ITER: 7 START
2019-12-03 03:18:06.353 28442 WARNING rally_openstack.scenarios.neutron.utils [-] Running this scenario without either the 'network' or 'existing_network' context is deprecated
2019-12-03 03:18:06.355 28441 INFO rally.task.runner [-] Task b7b29cb3-79f0-4a87-913a-b553dd9983d5 | ITER: 5 START
2019-12-03 03:18:06.355 28448 INFO rally.task.runner [-] Task b7b29cb3-79f0-4a87-913a-b553dd9983d5 | ITER: 10 START
2019-12-03 03:18:06.356 28448 WARNING rally_openstack.scenarios.neutron.utils [-] Running this scenario without either the 'network' or 'existing_network' context is deprecated
2019-12-03 03:18:06.358 28452 INFO rally.task.runner [-] Task b7b29cb3-79f0-4a87-913a-b553dd9983d5 | ITER: 11 START
2019-12-03 03:18:06.359 28440 INFO rally.task.runner [-] Task b7b29cb3-79f0-4a87-913a-b553dd9983d5 | ITER: 3 START
2019-12-03 03:18:06.359 28440 WARNING rally_openstack.scenarios.neutron.utils [-] Running this scenario without either the 'network' or 'existing_network' context is deprecated
2019-12-03 03:18:06.360 28452 WARNING rally_openstack.scenarios.neutron.utils [-] Running this scenario without either the 'network' or 'existing_network' context is deprecated
2019-12-03 03:18:06.354 28443 INFO rally.task.runner [-] Task b7b29cb3-79f0-4a87-913a-b553dd9983d5 | ITER: 8 START
2019-12-03 03:18:06.360 28460 RALLYDEBUG rally.task.runner [-] Starting a worker. concurrency: 1 args: {"network_create_args": {}, "subnet_create_args": {}, "subnet_cidr_start": "1.1.0.0/30", "subnets_per_network": 2} times: 40 method_name: run timeout: 0 duration: None cls:
2019-12-03 03:18:06.355 28441 WARNING rally_openstack.scenarios.neutron.utils [-] Running this scenario without either the 'network' or 'existing_network' context is deprecated
2019-12-03 03:18:06.361 28443 WARNING rally_openstack.scenarios.neutron.utils [-] Running this scenario without either the 'network' or 'existing_network' context is deprecated
2019-12-03 03:18:06.365 28465 RALLYDEBUG rally.task.runner [-] Starting a worker. concurrency: 1 args: {"network_create_args": {}, "subnet_create_args": {}, "subnet_cidr_start": "1.1.0.0/30", "subnets_per_network": 2} times: 40 method_name: run timeout: 0 duration: None cls:
2019-12-03 03:18:06.369 28460 INFO rally.task.runner [-] Task b7b29cb3-79f0-4a87-913a-b553dd9983d5 | ITER: 12 START
2019-12-03 03:18:06.370 28467 RALLYDEBUG rally.task.runner [-] Starting a worker. concurrency: 1 args: {"network_create_args": {}, "subnet_create_args": {}, "subnet_cidr_start": "1.1.0.0/30", "subnets_per_network": 2} times: 40 method_name: run timeout: 0 duration: None cls:
2019-12-03 03:18:06.371 28460 WARNING rally_openstack.scenarios.neutron.utils [-] Running this scenario without either the 'network' or 'existing_network' context is deprecated
2019-12-03 03:18:06.371 28465 INFO rally.task.runner [-] Task b7b29cb3-79f0-4a87-913a-b553dd9983d5 | ITER: 13 START
2019-12-03 03:18:06.373 28465 WARNING rally_openstack.scenarios.neutron.utils [-] Running this scenario without either the 'network' or 'existing_network' context is deprecated
2019-12-03 03:18:06.380 28467 INFO rally.task.runner [-] Task b7b29cb3-79f0-4a87-913a-b553dd9983d5 | ITER: 14 START
2019-12-03 03:18:06.382 28467 WARNING rally_openstack.scenarios.neutron.utils [-] Running this scenario without either the 'network' or 'existing_network' context is deprecated
2019-12-03 03:18:06.384 28474 RALLYDEBUG rally.task.runner [-] Starting a worker. concurrency: 1 args: {"network_create_args": {}, "subnet_create_args": {}, "subnet_cidr_start": "1.1.0.0/30", "subnets_per_network": 2} times: 40 method_name: run timeout: 0 duration: None cls:
2019-12-03 03:18:06.390 28474 INFO rally.task.runner [-] Task b7b29cb3-79f0-4a87-913a-b553dd9983d5 | ITER: 15 START
2019-12-03 03:18:06.391 28474 WARNING rally_openstack.scenarios.neutron.utils [-] Running this scenario without either the 'network' or 'existing_network' context is deprecated
2019-12-03 03:18:06.390 28475 RALLYDEBUG rally.task.runner [-] Starting a worker. concurrency: 1 args: {"network_create_args": {}, "subnet_create_args": {}, "subnet_cidr_start": "1.1.0.0/30", "subnets_per_network": 2} times: 40 method_name: run timeout: 0 duration: None cls:
2019-12-03 03:18:06.396 28475 INFO rally.task.runner [-] Task b7b29cb3-79f0-4a87-913a-b553dd9983d5 | ITER: 16 START
2019-12-03 03:18:06.397 28475 WARNING rally_openstack.scenarios.neutron.utils [-] Running this scenario without either the 'network' or 'existing_network' context is deprecated
2019-12-03 03:18:06.399 28478 RALLYDEBUG rally.task.runner [-] Starting a worker. concurrency: 1 args: {"network_create_args": {}, "subnet_create_args": {}, "subnet_cidr_start": "1.1.0.0/30", "subnets_per_network": 2} times: 40 method_name: run timeout: 0 duration: None cls:
2019-12-03 03:18:06.401 28481 RALLYDEBUG rally.task.runner [-] Starting a worker. concurrency: 1 args: {"network_create_args": {}, "subnet_create_args": {}, "subnet_cidr_start": "1.1.0.0/30", "subnets_per_network": 2} times: 40 method_name: run timeout: 0 duration: None cls:
2019-12-03 03:18:06.405 28482 RALLYDEBUG rally.task.runner [-] Starting a worker. concurrency: 1 args: {"network_create_args": {}, "subnet_create_args": {}, "subnet_cidr_start": "1.1.0.0/30", "subnets_per_network": 2} times: 40 method_name: run timeout: 0 duration: None cls:
2019-12-03 03:18:06.406 28478 INFO rally.task.runner [-] Task b7b29cb3-79f0-4a87-913a-b553dd9983d5 | ITER: 17 START
2019-12-03 03:18:06.406 28481 INFO rally.task.runner [-] Task b7b29cb3-79f0-4a87-913a-b553dd9983d5 | ITER: 18 START
2019-12-03 03:18:06.407 28478 WARNING rally_openstack.scenarios.neutron.utils [-] Running this scenario without either the 'network' or 'existing_network' context is deprecated
2019-12-03 03:18:06.407 28481 WARNING rally_openstack.scenarios.neutron.utils [-] Running this scenario without either the 'network' or 'existing_network' context is deprecated
2019-12-03 03:18:06.409 28483 RALLYDEBUG rally.task.runner [-] Starting a worker. concurrency: 1 args: {"network_create_args": {}, "subnet_create_args": {}, "subnet_cidr_start": "1.1.0.0/30", "subnets_per_network": 2} times: 40 method_name: run timeout: 0 duration: None cls:
2019-12-03 03:18:06.410 28482 INFO rally.task.runner [-] Task b7b29cb3-79f0-4a87-913a-b553dd9983d5 | ITER: 19 START
2019-12-03 03:18:06.411 28482 WARNING rally_openstack.scenarios.neutron.utils [-] Running this scenario without either the 'network' or 'existing_network' context is deprecated
2019-12-03 03:18:06.415 28483 INFO rally.task.runner [-] Task b7b29cb3-79f0-4a87-913a-b553dd9983d5 | ITER: 20 START
2019-12-03 03:18:06.416 28483 WARNING rally_openstack.scenarios.neutron.utils [-] Running this scenario without either the 'network' or 'existing_network' context is deprecated
2019-12-03 03:18:07.168 28452 RALLYDEBUG rally_openstack.wrappers.network [-] CIDR generated: 1.1.4.96/30
2019-12-03 03:18:07.210 28442 RALLYDEBUG rally_openstack.wrappers.network [-] CIDR generated: 1.1.4.100/30
2019-12-03 03:18:07.224 28444 RALLYDEBUG rally_openstack.wrappers.network [-] CIDR generated: 1.1.4.104/30
2019-12-03 03:18:07.230 28440 RALLYDEBUG rally_openstack.wrappers.network [-] CIDR generated: 1.1.4.108/30
2019-12-03 03:18:07.259 28442 RALLYDEBUG rally_openstack.wrappers.network [-] CIDR generated: 1.1.4.112/30
2019-12-03 03:18:07.271 28443 RALLYDEBUG rally_openstack.wrappers.network [-] CIDR generated: 1.1.4.116/30
2019-12-03 03:18:07.338 28448 RALLYDEBUG rally_openstack.wrappers.network [-] CIDR generated: 1.1.4.120/30
2019-12-03 03:18:07.363 28441 RALLYDEBUG rally_openstack.wrappers.network [-] CIDR generated: 1.1.4.128/30
2019-12-03 03:18:07.360 28441 RALLYDEBUG rally_openstack.wrappers.network [-] CIDR generated: 1.1.4.124/30
2019-12-03 03:18:07.390 28440 RALLYDEBUG rally_openstack.wrappers.network [-] CIDR generated: 1.1.4.132/30
2019-12-03 03:18:07.395 28460 RALLYDEBUG rally_openstack.wrappers.network [-] CIDR generated: 1.1.4.136/30
2019-12-03 03:18:07.397 28443 RALLYDEBUG rally_openstack.wrappers.network [-] CIDR generated: 1.1.4.140/30
2019-12-03 03:18:07.436 28483 RALLYDEBUG rally_openstack.wrappers.network [-] CIDR generated: 1.1.4.144/30
2019-12-03 03:18:07.441 28465 RALLYDEBUG rally_openstack.wrappers.network [-] CIDR generated: 1.1.4.148/30
2019-12-03 03:18:07.444 28478 RALLYDEBUG rally_openstack.wrappers.network [-] CIDR generated: 1.1.4.152/30
2019-12-03 03:18:07.563 28475 RALLYDEBUG rally_openstack.wrappers.network [-] CIDR generated: 1.1.4.156/30
2019-12-03 03:18:07.563 28482 RALLYDEBUG rally_openstack.wrappers.network [-] CIDR generated: 1.1.4.160/30
2019-12-03 03:18:07.631 28467 RALLYDEBUG rally_openstack.wrappers.network [-] CIDR generated: 1.1.4.164/30
2019-12-03 03:18:07.954 28474 RALLYDEBUG rally_openstack.wrappers.network [-] CIDR generated: 1.1.4.168/30
2019-12-03 03:18:08.061 28481 RALLYDEBUG rally_openstack.wrappers.network [-] CIDR generated: 1.1.4.172/30
2019-12-03 03:18:08.184 28440 RALLYDEBUG rally_openstack.wrappers.network [-] CIDR generated: 1.1.4.176/30
2019-12-03 03:18:08.214 28440 RALLYDEBUG rally_openstack.wrappers.network [-] CIDR generated: 1.1.4.180/30
2019-12-03 03:18:08.568 28442 RALLYDEBUG rally_openstack.wrappers.network [-] CIDR generated: 1.1.4.184/30
2019-12-03 03:18:08.725 28483 RALLYDEBUG rally_openstack.wrappers.network [-] CIDR generated: 1.1.4.188/30
2019-12-03 03:18:08.841 28452 RALLYDEBUG rally_openstack.wrappers.network [-] CIDR generated: 1.1.4.192/30
2019-12-03 03:18:08.926 28444 RALLYDEBUG rally_openstack.wrappers.network [-] CIDR generated: 1.1.4.196/30
2019-12-03 03:18:09.072 28443 RALLYDEBUG rally_openstack.wrappers.network [-] CIDR generated: 1.1.4.200/30
2019-12-03 03:18:09.179 28443 RALLYDEBUG rally_openstack.wrappers.network [-] CIDR generated: 1.1.4.204/30
2019-12-03 03:18:09.214 28441 RALLYDEBUG rally_openstack.wrappers.network [-] CIDR generated: 1.1.4.208/30
2019-12-03 03:18:09.218 28474 RALLYDEBUG rally_openstack.wrappers.network [-] CIDR generated: 1.1.4.212/30
2019-12-03 03:18:09.385 28448 RALLYDEBUG rally_openstack.wrappers.network [-] CIDR generated: 1.1.4.216/30
2019-12-03 03:18:09.541 28441 RALLYDEBUG rally_openstack.wrappers.network [-] CIDR generated: 1.1.4.220/30
2019-12-03 03:18:09.582 28478 RALLYDEBUG rally_openstack.wrappers.network [-] CIDR generated: 1.1.4.224/30
2019-12-03 03:18:09.603 28465 RALLYDEBUG rally_openstack.wrappers.network [-] CIDR generated: 1.1.4.228/30
2019-12-03 03:18:09.718 28482 RALLYDEBUG rally_openstack.wrappers.network [-] CIDR generated: 1.1.4.232/30
2019-12-03 03:18:09.775 28442 RALLYDEBUG rally_openstack.wrappers.network [-] CIDR generated: 1.1.4.236/30
2019-12-03 03:18:10.035 28467 RALLYDEBUG rally_openstack.wrappers.network [-] CIDR generated: 1.1.4.240/30
2019-12-03 03:18:10.804 28481 RALLYDEBUG rally_openstack.wrappers.network [-] CIDR generated: 1.1.4.244/30
2019-12-03 03:18:11.403 28460 RALLYDEBUG rally_openstack.wrappers.network [-] CIDR generated: 1.1.4.248/30
2019-12-03 03:18:11.710 28475 RALLYDEBUG rally_openstack.wrappers.network [-] CIDR generated: 1.1.4.252/30
2019-12-03 03:18:12.953 28474 INFO rally.task.runner [-] Task b7b29cb3-79f0-4a87-913a-b553dd9983d5 | ITER: 15 END: OK
2019-12-03 03:18:12.959 28474 INFO rally.task.runner [-] Task b7b29cb3-79f0-4a87-913a-b553dd9983d5 | ITER: 21 START
2019-12-03 03:18:12.959 28474 WARNING rally_openstack.scenarios.neutron.utils [-] Running this scenario without either the 'network' or 'existing_network' context is deprecated
2019-12-03 03:18:13.013 28441 INFO rally.task.runner [-] Task b7b29cb3-79f0-4a87-913a-b553dd9983d5 | ITER: 5 END: OK
2019-12-03 03:18:13.019 28441 INFO rally.task.runner [-] Task b7b29cb3-79f0-4a87-913a-b553dd9983d5 | ITER: 22 START
2019-12-03 03:18:13.019 28441 WARNING rally_openstack.scenarios.neutron.utils [-] Running this scenario without either the 'network' or 'existing_network' context is deprecated
2019-12-03 03:18:13.135 28440 INFO rally.task.runner [-] Task b7b29cb3-79f0-4a87-913a-b553dd9983d5 | ITER: 1 END: OK
2019-12-03 03:18:13.139 28440 INFO rally.task.runner [-] Task b7b29cb3-79f0-4a87-913a-b553dd9983d5 | ITER: 23 START
2019-12-03 03:18:13.140 28440 WARNING rally_openstack.scenarios.neutron.utils [-] Running this scenario without either the 'network' or 'existing_network' context is deprecated
2019-12-03 03:18:13.576 28474 RALLYDEBUG rally_openstack.wrappers.network [-] CIDR generated: 1.1.5.0/30
2019-12-03 03:18:13.662 28441 RALLYDEBUG rally_openstack.wrappers.network [-] CIDR generated: 1.1.5.4/30
2019-12-03 03:18:13.803 28448 INFO rally.task.runner [-] Task b7b29cb3-79f0-4a87-913a-b553dd9983d5 | ITER: 10 END: OK
2019-12-03 03:18:13.808 28448 INFO rally.task.runner [-] Task b7b29cb3-79f0-4a87-913a-b553dd9983d5 | ITER: 24 START
2019-12-03 03:18:13.809 28448 WARNING rally_openstack.scenarios.neutron.utils [-] Running this scenario without either the 'network' or 'existing_network' context is deprecated
2019-12-03 03:18:13.830 28482 INFO rally.task.runner [-] Task b7b29cb3-79f0-4a87-913a-b553dd9983d5 | ITER: 19 END: OK
2019-12-03 03:18:13.834 28483 INFO rally.task.runner [-] Task b7b29cb3-79f0-4a87-913a-b553dd9983d5 | ITER: 20 END: OK
2019-12-03 03:18:13.834 28482 INFO rally.task.runner [-] Task b7b29cb3-79f0-4a87-913a-b553dd9983d5 | ITER: 25 START
2019-12-03 03:18:13.835 28482 WARNING rally_openstack.scenarios.neutron.utils [-] Running this scenario without either the 'network' or 'existing_network' context is deprecated
2019-12-03 03:18:13.839 28483 INFO rally.task.runner [-] Task b7b29cb3-79f0-4a87-913a-b553dd9983d5 | ITER: 26 START
2019-12-03 03:18:13.840 28483 WARNING rally_openstack.scenarios.neutron.utils [-] Running this scenario without either the 'network' or 'existing_network' context is deprecated
2019-12-03 03:18:13.851 28478 INFO rally.task.runner [-] Task b7b29cb3-79f0-4a87-913a-b553dd9983d5 | ITER: 17 END: OK
2019-12-03 03:18:13.855 28478 INFO rally.task.runner [-] Task b7b29cb3-79f0-4a87-913a-b553dd9983d5 | ITER: 27 START
2019-12-03 03:18:13.856 28478 WARNING rally_openstack.scenarios.neutron.utils [-] Running this scenario without either the 'network' or 'existing_network' context is deprecated
2019-12-03 03:18:14.303 28440 RALLYDEBUG rally_openstack.wrappers.network [-] CIDR generated: 1.1.5.8/30
2019-12-03 03:18:14.573 28482 RALLYDEBUG rally_openstack.wrappers.network [-] CIDR generated: 1.1.5.12/30
2019-12-03 03:18:14.693 28483 RALLYDEBUG rally_openstack.wrappers.network [-] CIDR generated: 1.1.5.16/30
2019-12-03 03:18:14.728 28448 RALLYDEBUG rally_openstack.wrappers.network [-] CIDR generated: 1.1.5.20/30
2019-12-03 03:18:14.848 28440 INFO rally.task.runner [-] Task b7b29cb3-79f0-4a87-913a-b553dd9983d5 | ITER: 3 END: OK
2019-12-03 03:18:14.853 28440 INFO rally.task.runner [-] Task b7b29cb3-79f0-4a87-913a-b553dd9983d5 | ITER: 28 START
2019-12-03 03:18:14.854 28440 WARNING rally_openstack.scenarios.neutron.utils [-] Running this scenario without either the 'network' or 'existing_network' context is deprecated
2019-12-03 03:18:14.941 28465 INFO rally.task.runner [-] Task b7b29cb3-79f0-4a87-913a-b553dd9983d5 | ITER: 13 END: OK
2019-12-03 03:18:14.945 28465 INFO rally.task.runner [-] Task b7b29cb3-79f0-4a87-913a-b553dd9983d5 | ITER: 29 START
2019-12-03 03:18:14.946 28465 WARNING rally_openstack.scenarios.neutron.utils [-] Running this scenario without either the 'network' or 'existing_network' context is deprecated
2019-12-03 03:18:14.954 28474 RALLYDEBUG rally_openstack.wrappers.network [-] CIDR generated: 1.1.5.24/30
2019-12-03 03:18:15.289 28443 INFO rally.task.runner [-] Task b7b29cb3-79f0-4a87-913a-b553dd9983d5 | ITER: 6 END: OK
2019-12-03 03:18:15.291 28441 RALLYDEBUG rally_openstack.wrappers.network [-] CIDR generated: 1.1.5.28/30
2019-12-03 03:18:15.295 28443 INFO rally.task.runner [-] Task b7b29cb3-79f0-4a87-913a-b553dd9983d5 | ITER: 30 START
2019-12-03 03:18:15.295 28443 WARNING rally_openstack.scenarios.neutron.utils [-] Running this scenario without either the 'network' or 'existing_network' context is deprecated
2019-12-03 03:18:15.304 28443 INFO rally.task.runner [-] Task b7b29cb3-79f0-4a87-913a-b553dd9983d5 | ITER: 8 END: OK
2019-12-03 03:18:15.314 28443 INFO rally.task.runner [-] Task b7b29cb3-79f0-4a87-913a-b553dd9983d5 | ITER: 31 START
2019-12-03 03:18:15.314 28443 WARNING rally_openstack.scenarios.neutron.utils [-] Running this scenario without either the 'network' or 'existing_network' context is deprecated
2019-12-03 03:18:15.480 28452 INFO rally.task.runner [-] Task b7b29cb3-79f0-4a87-913a-b553dd9983d5 | ITER: 11 END: OK
2019-12-03 03:18:15.485 28452 INFO rally.task.runner [-] Task b7b29cb3-79f0-4a87-913a-b553dd9983d5 | ITER: 32 START
2019-12-03 03:18:15.486 28452 WARNING rally_openstack.scenarios.neutron.utils [-] Running this scenario without either the 'network' or 'existing_network' context is deprecated
2019-12-03 03:18:15.526 28440 RALLYDEBUG rally_openstack.wrappers.network [-] CIDR generated: 1.1.5.32/30
2019-12-03 03:18:15.601 28465 RALLYDEBUG rally_openstack.wrappers.network [-] CIDR generated: 1.1.5.36/30
2019-12-03 03:18:15.740 28475 INFO rally.task.runner [-] Task b7b29cb3-79f0-4a87-913a-b553dd9983d5 | ITER: 16 END: OK
2019-12-03 03:18:15.745 28475 INFO rally.task.runner [-] Task b7b29cb3-79f0-4a87-913a-b553dd9983d5 | ITER: 33 START
2019-12-03 03:18:15.746 28475 WARNING rally_openstack.scenarios.neutron.utils [-] Running this scenario without either the 'network' or 'existing_network' context is deprecated
2019-12-03 03:18:15.776 28467 INFO rally.task.runner [-] Task b7b29cb3-79f0-4a87-913a-b553dd9983d5 | ITER: 14 END: OK
2019-12-03 03:18:15.781 28467 INFO rally.task.runner [-] Task b7b29cb3-79f0-4a87-913a-b553dd9983d5 | ITER: 34 START
2019-12-03 03:18:15.782 28467 WARNING rally_openstack.scenarios.neutron.utils [-] Running this scenario without either the 'network' or 'existing_network' context is deprecated
2019-12-03 03:18:15.847 28443 RALLYDEBUG rally_openstack.wrappers.network [-] CIDR generated: 1.1.5.40/30
2019-12-03 03:18:16.063 28452 RALLYDEBUG rally_openstack.wrappers.network [-] CIDR generated: 1.1.5.44/30
2019-12-03 03:18:16.107 28444 INFO rally.task.runner [-] Task b7b29cb3-79f0-4a87-913a-b553dd9983d5 | ITER: 9 END: OK
2019-12-03 03:18:16.111 28444 INFO rally.task.runner [-] Task b7b29cb3-79f0-4a87-913a-b553dd9983d5 | ITER: 35 START
2019-12-03 03:18:16.112 28444 WARNING rally_openstack.scenarios.neutron.utils [-] Running this scenario without either the 'network' or 'existing_network' context is deprecated
2019-12-03 03:18:16.179 28460 INFO rally.task.runner [-] Task b7b29cb3-79f0-4a87-913a-b553dd9983d5 | ITER: 12 END: OK
2019-12-03 03:18:16.184 28460 INFO rally.task.runner [-] Task b7b29cb3-79f0-4a87-913a-b553dd9983d5 | ITER: 36 START
2019-12-03 03:18:16.184 28460 WARNING rally_openstack.scenarios.neutron.utils [-] Running this scenario without either the 'network' or 'existing_network' context is deprecated
2019-12-03 03:18:16.273 28443 RALLYDEBUG rally_openstack.wrappers.network [-] CIDR generated: 1.1.5.48/30
2019-12-03 03:18:16.374 28467 RALLYDEBUG rally_openstack.wrappers.network [-] CIDR generated: 1.1.5.52/30
2019-12-03 03:18:16.426 28440 RALLYDEBUG rally_openstack.wrappers.network [-] CIDR generated: 1.1.5.56/30
2019-12-03 03:18:16.474 28475 RALLYDEBUG rally_openstack.wrappers.network [-] CIDR generated: 1.1.5.60/30
2019-12-03 03:18:16.726 28478 RALLYDEBUG rally_openstack.wrappers.network [-] CIDR generated: 1.1.5.64/30
2019-12-03 03:18:16.729 28482 RALLYDEBUG rally_openstack.wrappers.network [-] CIDR generated: 1.1.5.68/30
2019-12-03 03:18:16.786 28465 RALLYDEBUG rally_openstack.wrappers.network [-] CIDR generated: 1.1.5.72/30
2019-12-03 03:18:16.981 28448 RALLYDEBUG rally_openstack.wrappers.network [-] CIDR generated: 1.1.5.76/30
2019-12-03 03:18:17.026 28460 RALLYDEBUG rally_openstack.wrappers.network [-] CIDR generated: 1.1.5.80/30
2019-12-03 03:18:17.226 28444 RALLYDEBUG rally_openstack.wrappers.network [-] CIDR generated: 1.1.5.84/30
2019-12-03 03:18:17.345 28443 RALLYDEBUG rally_openstack.wrappers.network [-] CIDR generated: 1.1.5.88/30
2019-12-03 03:18:17.595 28467 RALLYDEBUG rally_openstack.wrappers.network [-] CIDR generated: 1.1.5.92/30
2019-12-03 03:18:18.390 28452 RALLYDEBUG rally_openstack.wrappers.network [-] CIDR generated: 1.1.5.96/30
2019-12-03 03:18:18.676 28444 RALLYDEBUG rally_openstack.wrappers.network [-] CIDR generated: 1.1.5.100/30
2019-12-03 03:18:18.784 28475 RALLYDEBUG rally_openstack.wrappers.network [-] CIDR generated: 1.1.5.104/30
2019-12-03 03:18:19.539 28481 INFO rally.task.runner [-] Task b7b29cb3-79f0-4a87-913a-b553dd9983d5 | ITER: 18 END: OK
2019-12-03 03:18:19.544 28481 INFO rally.task.runner [-] Task b7b29cb3-79f0-4a87-913a-b553dd9983d5 | ITER: 37 START
2019-12-03 03:18:19.545 28481 WARNING rally_openstack.scenarios.neutron.utils [-] Running this scenario without either the 'network' or 'existing_network' context is deprecated
2019-12-03 03:18:19.636 28474 INFO rally.task.runner [-] Task b7b29cb3-79f0-4a87-913a-b553dd9983d5 | ITER: 21 END: OK
2019-12-03 03:18:19.641 28474 INFO rally.task.runner [-] Task b7b29cb3-79f0-4a87-913a-b553dd9983d5 | ITER: 38 START
2019-12-03 03:18:19.642 28474 WARNING rally_openstack.scenarios.neutron.utils [-] Running this scenario without either the 'network' or 'existing_network' context is deprecated
2019-12-03 03:18:19.995 28483 RALLYDEBUG rally_openstack.wrappers.network [-] CIDR generated: 1.1.5.108/30
2019-12-03 03:18:20.120 28481 RALLYDEBUG rally_openstack.wrappers.network [-] CIDR generated: 1.1.5.112/30
2019-12-03 03:18:20.184 28442 INFO rally.task.runner [-] Task b7b29cb3-79f0-4a87-913a-b553dd9983d5 | ITER: 4 END: OK
2019-12-03 03:18:20.189 28442 INFO rally.task.runner [-] Task b7b29cb3-79f0-4a87-913a-b553dd9983d5 | ITER: 39 START
2019-12-03 03:18:20.190 28442 WARNING rally_openstack.scenarios.neutron.utils [-] Running this scenario without either the 'network' or 'existing_network' context is deprecated
2019-12-03 03:18:20.287 28440 INFO rally.task.runner [-] Task b7b29cb3-79f0-4a87-913a-b553dd9983d5 | ITER: 23 END: OK
2019-12-03 03:18:20.292 28440 INFO rally.task.runner [-] Task b7b29cb3-79f0-4a87-913a-b553dd9983d5 | ITER: 40 START
2019-12-03 03:18:20.293 28440 WARNING rally_openstack.scenarios.neutron.utils [-] Running this scenario without either the 'network' or 'existing_network' context is deprecated
2019-12-03 03:18:20.723 28442 RALLYDEBUG rally_openstack.wrappers.network [-] CIDR generated: 1.1.5.116/30
2019-12-03 03:18:20.817 28440 RALLYDEBUG rally_openstack.wrappers.network [-] CIDR generated: 1.1.5.120/30
2019-12-03 03:18:20.828 28481 RALLYDEBUG rally_openstack.wrappers.network [-] CIDR generated: 1.1.5.124/30
2019-12-03 03:18:20.970 28474 RALLYDEBUG rally_openstack.wrappers.network [-] CIDR generated: 1.1.5.128/30
2019-12-03 03:18:21.264 28443 RALLYDEBUG rally_openstack.wrappers.network [-] CIDR generated: 1.1.5.132/30
2019-12-03 03:18:21.588 28442 RALLYDEBUG rally_openstack.wrappers.network [-] CIDR generated: 1.1.5.136/30
2019-12-03 03:18:21.683 28442 INFO rally.task.runner [-] Task b7b29cb3-79f0-4a87-913a-b553dd9983d5 | ITER: 7 END: OK
2019-12-03 03:18:21.908 28474 RALLYDEBUG rally_openstack.wrappers.network [-] CIDR generated: 1.1.5.140/30
2019-12-03 03:18:22.058 28460 RALLYDEBUG rally_openstack.wrappers.network [-] CIDR generated: 1.1.5.144/30
2019-12-03 03:18:22.150 28483 INFO rally.task.runner [-] Task b7b29cb3-79f0-4a87-913a-b553dd9983d5 | ITER: 26 END: OK
2019-12-03 03:18:22.416 28441 INFO rally.task.runner [-] Task b7b29cb3-79f0-4a87-913a-b553dd9983d5 | ITER: 2 END: OK
2019-12-03 03:18:22.420 28440 RALLYDEBUG rally_openstack.wrappers.network [-] CIDR generated: 1.1.5.148/30
2019-12-03 03:18:22.597 28448 INFO rally.task.runner [-] Task b7b29cb3-79f0-4a87-913a-b553dd9983d5 | ITER: 24 END: OK
2019-12-03 03:18:22.809 28482 INFO rally.task.runner [-] Task b7b29cb3-79f0-4a87-913a-b553dd9983d5 | ITER: 25 END: OK
2019-12-03 03:18:22.900 28465 INFO rally.task.runner [-] Task b7b29cb3-79f0-4a87-913a-b553dd9983d5 | ITER: 29 END: OK
2019-12-03 03:18:23.348 28478 RALLYDEBUG rally_openstack.wrappers.network [-] CIDR generated: 1.1.5.152/30
2019-12-03 03:18:23.670 28444 INFO rally.task.runner [-] Task b7b29cb3-79f0-4a87-913a-b553dd9983d5 | ITER: 35 END: OK
2019-12-03 03:18:23.734 28481 INFO rally.task.runner [-] Task b7b29cb3-79f0-4a87-913a-b553dd9983d5 | ITER: 37 END: OK
2019-12-03 03:18:23.939 28443 INFO rally.task.runner [-] Task b7b29cb3-79f0-4a87-913a-b553dd9983d5 | ITER: 30 END: OK
2019-12-03 03:18:24.446 28475 INFO rally.task.runner [-] Task b7b29cb3-79f0-4a87-913a-b553dd9983d5 | ITER: 33 END: OK
2019-12-03 03:18:24.510 28440 RALLYDEBUG rally_openstack.wrappers.network [-] CIDR generated: 1.1.5.156/30
2019-12-03 03:18:24.810 28441 INFO rally.task.runner [-] Task b7b29cb3-79f0-4a87-913a-b553dd9983d5 | ITER: 22 END: OK
2019-12-03 03:18:25.268 28443 INFO rally.task.runner [-] Task b7b29cb3-79f0-4a87-913a-b553dd9983d5 | ITER: 31 END: OK
2019-12-03 03:18:25.319 28452 INFO rally.task.runner [-] Task b7b29cb3-79f0-4a87-913a-b553dd9983d5 | ITER: 32 END: OK
2019-12-03 03:18:26.436 28467 INFO rally.task.runner [-] Task b7b29cb3-79f0-4a87-913a-b553dd9983d5 | ITER: 34 END: OK
2019-12-03 03:18:26.985 28442 INFO rally.task.runner [-] Task b7b29cb3-79f0-4a87-913a-b553dd9983d5 | ITER: 39 END: OK
2019-12-03 03:18:27.005 28474 INFO rally.task.runner [-] Task b7b29cb3-79f0-4a87-913a-b553dd9983d5 | ITER: 38 END: OK
2019-12-03 03:18:27.350 28440 INFO rally.task.runner [-] Task b7b29cb3-79f0-4a87-913a-b553dd9983d5 | ITER: 28 END: OK
2019-12-03 03:18:27.457 28460 INFO rally.task.runner [-] Task b7b29cb3-79f0-4a87-913a-b553dd9983d5 | ITER: 36 END: OK
2019-12-03 03:18:27.658 28478 INFO rally.task.runner [-] Task b7b29cb3-79f0-4a87-913a-b553dd9983d5 | ITER: 27 END: OK
2019-12-03 03:18:28.808 28440 INFO rally.task.runner [-] Task b7b29cb3-79f0-4a87-913a-b553dd9983d5 | ITER: 40 END: OK
2019-12-03 03:18:28.838 26246 INFO rally.task.context [-] Task b7b29cb3-79f0-4a87-913a-b553dd9983d5 | Context cleanup@openstack cleanup() started
2019-12-03 03:18:28.842 26246 RALLYDEBUG rally_openstack.cleanup.manager [-] Cleaning up neutron vip objects
2019-12-03 03:18:29.261 26246 RALLYDEBUG rally_openstack.cleanup.manager [-] Cleaning up neutron health_monitor objects
2019-12-03 03:18:29.652 26246 RALLYDEBUG rally_openstack.cleanup.manager [-] Cleaning up neutron pool objects
2019-12-03 03:18:30.038 26246 RALLYDEBUG rally_openstack.cleanup.manager [-] Cleaning up neutron loadbalancer objects
2019-12-03 03:18:30.429 26246 RALLYDEBUG rally_openstack.cleanup.manager [-] Cleaning up neutron floatingip objects
2019-12-03 03:18:30.850 26246 RALLYDEBUG rally_openstack.cleanup.manager [-] Cleaning up neutron trunk objects
2019-12-03 03:18:31.252 26246 RALLYDEBUG rally_openstack.cleanup.manager [-] Cleaning up neutron port objects
2019-12-03 03:18:31.782 26246 RALLYDEBUG rally_openstack.cleanup.manager [-] Cleaning up neutron subnet objects
2019-12-03 03:18:32.235 26246 RALLYDEBUG rally_openstack.cleanup.manager [-] Cleaning up neutron network objects
2019-12-03 03:18:32.816 26246 RALLYDEBUG rally_openstack.cleanup.manager [-] Deleting neutron.network object s_rally_c4a30369_8UDLFjuN (0c87c2ba-f905-4b14-9ab8-33979107c0c9)
2019-12-03 03:18:32.825 26246 RALLYDEBUG rally_openstack.cleanup.manager [-] Deleting neutron.network object s_rally_c4a30369_1Oa5S8gZ (133b7053-bdf0-42b8-923c-91d0974eccac)
2019-12-03 03:18:32.838 26246 RALLYDEBUG rally_openstack.cleanup.manager [-] Deleting neutron.network object s_rally_c4a30369_8425f9Et (1582d68a-d3f7-4c37-bf79-a31799df43bb)
2019-12-03 03:18:32.849 26246 RALLYDEBUG rally_openstack.cleanup.manager [-] Deleting neutron.network object s_rally_c4a30369_TBsqiR6v (1f64d395-00af-4dac-9c9c-3fbeaf0b1989)
2019-12-03 03:18:32.855 26246 RALLYDEBUG rally_openstack.cleanup.manager [-] Deleting neutron.network object s_rally_c4a30369_zfYWh9nI (269d67ec-296c-4507-b33e-b45b5ad1d1f2)
2019-12-03 03:18:32.860 26246 RALLYDEBUG rally_openstack.cleanup.manager [-] Deleting neutron.network object s_rally_c4a30369_Sy7l8KfH (26a4779b-e2b4-4979-b82e-1c7a5e669796)
2019-12-03 03:18:32.885 26246 RALLYDEBUG rally_openstack.cleanup.manager [-] Deleting neutron.network object s_rally_c4a30369_n4OsJGeg (28bd4d57-9bd7-4f4e-92d9-e3fba645fa1e)
2019-12-03 03:18:32.905 26246 RALLYDEBUG rally_openstack.cleanup.manager [-] Deleting neutron.network object s_rally_c4a30369_Im7cx9hl (26a7fd7c-bfcb-43b8-b184-cd86d3de5c35)
2019-12-03 03:18:32.973 26246 RALLYDEBUG rally_openstack.cleanup.manager [-] Deleting neutron.network object s_rally_c4a30369_5sjn6uE3 (4be3eef2-f7ac-4843-915f-de44bf290eb4)
2019-12-03 03:18:32.991 26246 RALLYDEBUG rally_openstack.cleanup.manager [-] Deleting neutron.network object s_rally_c4a30369_KSWKDvAK (2d21ad58-20ad-42a0-b8ee-b7d7b8265aa1)
2019-12-03 03:18:32.992 26246 RALLYDEBUG rally_openstack.cleanup.manager [-] Deleting neutron.network object s_rally_c4a30369_M1hqBJQN (374fe38c-b27a-4ef4-843e-8ed1073253e7)
2019-12-03 03:18:32.995 26246 RALLYDEBUG rally_openstack.cleanup.manager [-] Deleting neutron.network object s_rally_c4a30369_8l8X2oAW (2ad577a1-432c-450e-90bd-8eab01733744)
2019-12-03 03:18:32.998 26246 RALLYDEBUG rally_openstack.cleanup.manager [-] Deleting neutron.network object s_rally_c4a30369_725e6daM (5fa656f9-2c7f-4736-b781-1120b371d663)
2019-12-03 03:18:33.003 26246 RALLYDEBUG rally_openstack.cleanup.manager [-] Deleting neutron.network object s_rally_c4a30369_ZgacA50D (47dc1912-ed18-4206-9b75-ae9074c7924e)
2019-12-03 03:18:33.013 26246 RALLYDEBUG rally_openstack.cleanup.manager [-] Deleting neutron.network object s_rally_c4a30369_KOnZQ00d (6a8e1457-f8bc-4521-abba-ae37ce6aa37e)
2019-12-03 03:18:33.022 26246 RALLYDEBUG rally_openstack.cleanup.manager [-] Deleting neutron.network object s_rally_c4a30369_m8sel5pW (740971d7-957e-4938-b2a0-530adf3b6352)
2019-12-03 03:18:33.025 26246 RALLYDEBUG rally_openstack.cleanup.manager [-] Deleting neutron.network object s_rally_c4a30369_wmhmcWyx (5f9b47de-9136-492b-a372-414cc2c461b0)
2019-12-03 03:18:33.026 26246 RALLYDEBUG rally_openstack.cleanup.manager [-] Deleting neutron.network object s_rally_c4a30369_WqUBGaXz (62c33699-b59d-4083-9150-7a733ad779c7)
2019-12-03 03:18:33.034 26246 RALLYDEBUG rally_openstack.cleanup.manager [-] Deleting neutron.network object s_rally_c4a30369_C5BmFPoK (52b8c79e-2f2a-4248-aad2-6927b596a8e0)
2019-12-03 03:18:33.034 26246 RALLYDEBUG rally_openstack.cleanup.manager [-] Deleting neutron.network object s_rally_c4a30369_RDPum8EJ (61366296-f64c-429b-8a30-6db959c9cf29)
2019-12-03 03:18:35.399 26246 RALLYDEBUG rally_openstack.cleanup.manager [-] Deleting neutron.network object s_rally_c4a30369_Ozo3jZpJ (7d08a79a-4814-419e-95da-f55da0be1599)
2019-12-03 03:18:35.446 26246 RALLYDEBUG rally_openstack.cleanup.manager [-] Deleting neutron.network object s_rally_c4a30369_2tFolANa (881f98c5-8d66-4ad9-bb64-2af04dd0f51a)
2019-12-03 03:18:35.527 26246 RALLYDEBUG rally_openstack.cleanup.manager [-] Deleting neutron.network object s_rally_c4a30369_GYeJJip5 (8c9387d5-b5b1-4bfb-8cdf-be407ff95b3f)
2019-12-03 03:18:35.560 26246 RALLYDEBUG rally_openstack.cleanup.manager [-] Deleting neutron.network object s_rally_c4a30369_Bh9EafLd (8e04db52-e5e7-4143-a1b3-7e65a6f12714)
2019-12-03 03:18:35.662 26246 RALLYDEBUG rally_openstack.cleanup.manager [-] Deleting neutron.network object s_rally_c4a30369_7Mu6CYu3 (8ea76eed-3756-4ed9-88cb-e592b9a17de5)
2019-12-03 03:18:35.715 26246 RALLYDEBUG rally_openstack.cleanup.manager [-] Deleting neutron.network object s_rally_c4a30369_xtpd8TE2 (9f7e42f1-4738-4d17-abbb-f688d7b52c31)
2019-12-03 03:18:35.739 26246 RALLYDEBUG rally_openstack.cleanup.manager [-] Deleting neutron.network object s_rally_c4a30369_hky7Olw3 (ae324f5f-2590-4884-90d3-01e420d3bcad)
2019-12-03 03:18:35.739 26246 RALLYDEBUG rally_openstack.cleanup.manager [-] Deleting neutron.network object s_rally_c4a30369_3lap3ycs (b5f1b56d-af18-461a-b504-68635fbf43f8)
2019-12-03 03:18:35.823 26246 RALLYDEBUG rally_openstack.cleanup.manager [-] Deleting neutron.network object s_rally_c4a30369_37x6gaqQ (b9f3d712-277c-455a-ac07-be8b433e4385)
2019-12-03 03:18:35.890 26246 RALLYDEBUG rally_openstack.cleanup.manager [-] Deleting neutron.network object s_rally_c4a30369_K8ivHQfP (be7ec94e-d563-445c-9b58-250cef96a67b)
2019-12-03 03:18:35.906 26246 RALLYDEBUG rally_openstack.cleanup.manager [-] Deleting neutron.network object s_rally_c4a30369_mIj1eZoT (bfcf6902-5074-4a50-8981-a0b039e47798)
2019-12-03 03:18:35.926 26246 RALLYDEBUG rally_openstack.cleanup.manager [-] Deleting neutron.network object s_rally_c4a30369_EcjWVBmZ (c0c5fade-9bd3-488d-930b-2a408186e7cf)
2019-12-03 03:18:35.943 26246 RALLYDEBUG rally_openstack.cleanup.manager [-] Deleting neutron.network object s_rally_c4a30369_BnehNkx0 (ce9e70de-8eb7-46b9-9ec6-cd52c56477fc)
2019-12-03 03:18:36.016 26246 RALLYDEBUG rally_openstack.cleanup.manager [-] Deleting neutron.network object s_rally_c4a30369_iioNDJUa (db2c19b6-d805-4a62-b390-eab34c4f2085)
2019-12-03 03:18:36.067 26246 RALLYDEBUG rally_openstack.cleanup.manager [-] Deleting neutron.network object s_rally_c4a30369_TH8EPJ6D (de2d2ac7-3125-48c8-b8d6-2d734fffb562)
2019-12-03 03:18:36.141 26246 RALLYDEBUG rally_openstack.cleanup.manager [-] Deleting neutron.network object s_rally_c4a30369_BqVRLz7l (e58cca5c-71c0-4024-8fed-877c2dcacd44)
2019-12-03 03:18:36.184 26246 RALLYDEBUG rally_openstack.cleanup.manager [-] Deleting neutron.network object s_rally_c4a30369_LeTVBNgf (eb886544-4e1a-401e-aa1b-ebc0fbee1518)
2019-12-03 03:18:36.356 26246 RALLYDEBUG rally_openstack.cleanup.manager [-] Deleting neutron.network object s_rally_c4a30369_AJjuIuGW (ef1dde92-736a-46c8-b683-c04f7a860b91)
2019-12-03 03:18:36.471 26246 RALLYDEBUG rally_openstack.cleanup.manager [-] Deleting neutron.network object s_rally_c4a30369_BX3Gkxsy (f3d4434c-a31b-4b2a-bb59-983808e4b050)
2019-12-03 03:18:36.597 26246 RALLYDEBUG rally_openstack.cleanup.manager [-] Deleting neutron.network object s_rally_c4a30369_SL5lDYrX (f80c72b9-1f0a-427c-9158-f02d13edf701)
2019-12-03 03:18:39.735 26246 RALLYDEBUG rally_openstack.cleanup.manager [-] Cleaning up neutron router objects
2019-12-03 03:18:40.192 26246 RALLYDEBUG rally_openstack.cleanup.manager [-] Cleaning up neutron security_group objects
2019-12-03 03:18:40.629 26246 INFO rally.task.context [-] Task b7b29cb3-79f0-4a87-913a-b553dd9983d5 | Context cleanup@openstack cleanup() finished in 11.79 sec
2019-12-03 03:18:40.629 26246 INFO rally.task.context [-] Task b7b29cb3-79f0-4a87-913a-b553dd9983d5 | Context quotas@openstack cleanup() started
2019-12-03 03:18:40.723 26246 INFO rally.task.context [-] Task b7b29cb3-79f0-4a87-913a-b553dd9983d5 | Context quotas@openstack cleanup() finished in 93.71 msec
2019-12-03 03:18:40.723 26246 INFO rally.task.context [-] Task b7b29cb3-79f0-4a87-913a-b553dd9983d5 | Context users@openstack cleanup() started
2019-12-03 03:18:43.560 26246 INFO rally.task.context [-] Task b7b29cb3-79f0-4a87-913a-b553dd9983d5 | Context users@openstack cleanup() finished in 2.84 sec
2019-12-03 03:18:45.455 26246 INFO rally.task.engine [-] Load duration is: 22.467921
2019-12-03 03:18:45.455 26246 INFO rally.task.engine [-] Full runner duration is: 22.522394
2019-12-03 03:18:45.456 26246 INFO rally.task.engine [-] Full duration is: 40.282366
2019-12-03 03:18:45.786 26246 INFO rally.task.engine [-] Running workload: position = 0 config = { "version": 2, "title": "A cropped version of a bigger task.", "description": "Auto-generated task from a single workload (uuid=d9a6cf22-9d01-4c03-86d3-9f05da6d0f57)", "subtasks": [ { "title": "NeutronNetworks.create_and_list_routers", "description": "Create and a given number of routers and list all routers.", "scenario": { "NeutronNetworks.create_and_list_routers": { "network_create_args": null, "subnet_create_args": null, "subnet_cidr_start": "1.1.0.0/30", "subnets_per_network": 2, "router_create_args": null } }, "contexts": { "users": { "tenants": 1, "users_per_tenant": 1 }, "quotas": { "neutron": { "network": -1, "subnet": -1, "router": -1 } } }, "runner": { "constant": { "times": 40, "concurrency": 20 } }, "hooks": [], "sla": { "failure_rate": { "max": 0 } } } ] }
2019-12-03 03:18:45.815 26246 RALLYDEBUG rally_openstack.contexts.keystone.users [-] Creating 1 tenants using 20 threads
2019-12-03 03:18:46.791 26246 RALLYDEBUG rally_openstack.contexts.keystone.users [-] Creating 1 users using 20 threads
2019-12-03 03:18:48.274 26246 INFO rally.task.context [-] Task b7b29cb3-79f0-4a87-913a-b553dd9983d5 | Context users@openstack setup() finished in 2.46 sec
2019-12-03 03:18:48.858 26246 INFO rally.task.context [-] Task b7b29cb3-79f0-4a87-913a-b553dd9983d5 | Context quotas@openstack setup() finished in 0.58 sec
2019-12-03 03:18:48.858 26246 INFO rally.task.context [-] Task b7b29cb3-79f0-4a87-913a-b553dd9983d5 | Context cleanup@openstack setup() finished in 0.01 msec
2019-12-03 03:18:48.868 26246 RALLYDEBUG rally.task.runner [-] Starting the constant runner (task UUID: b7b29cb3-79f0-4a87-913a-b553dd9983d5). timeout: 0 concurrency: 20 concurrency_per_worker: 1 times: 40 concurrency_overhead: 4 processes_to_start: 16 max_cpu_used: 16
2019-12-03 03:18:48.882 28830 RALLYDEBUG rally.task.runner [-] Starting a worker. concurrency: 2 args: {"network_create_args": null, "subnet_create_args": null, "subnet_cidr_start": "1.1.0.0/30", "subnets_per_network": 2, "router_create_args": null} times: 40 method_name: run timeout: 0 duration: None cls:
2019-12-03 03:18:48.885 28831 RALLYDEBUG rally.task.runner [-] Starting a worker. concurrency: 2 args: {"network_create_args": null, "subnet_create_args": null, "subnet_cidr_start": "1.1.0.0/30", "subnets_per_network": 2, "router_create_args": null} times: 40 method_name: run timeout: 0 duration: None cls:
2019-12-03 03:18:48.888 28832 RALLYDEBUG rally.task.runner [-] Starting a worker. concurrency: 2 args: {"network_create_args": null, "subnet_create_args": null, "subnet_cidr_start": "1.1.0.0/30", "subnets_per_network": 2, "router_create_args": null} times: 40 method_name: run timeout: 0 duration: None cls:
2019-12-03 03:18:48.889 28830 INFO rally.task.runner [-] Task b7b29cb3-79f0-4a87-913a-b553dd9983d5 | ITER: 1 START
2019-12-03 03:18:48.891 28833 RALLYDEBUG rally.task.runner [-] Starting a worker. concurrency: 2 args: {"network_create_args": null, "subnet_create_args": null, "subnet_cidr_start": "1.1.0.0/30", "subnets_per_network": 2, "router_create_args": null} times: 40 method_name: run timeout: 0 duration: None cls:
2019-12-03 03:18:48.895 28834 RALLYDEBUG rally.task.runner [-] Starting a worker. concurrency: 1 args: {"network_create_args": null, "subnet_create_args": null, "subnet_cidr_start": "1.1.0.0/30", "subnets_per_network": 2, "router_create_args": null} times: 40 method_name: run timeout: 0 duration: None cls:
2019-12-03 03:18:48.897 28831 INFO rally.task.runner [-] Task b7b29cb3-79f0-4a87-913a-b553dd9983d5 | ITER: 2 START
2019-12-03 03:18:48.899 28832 INFO rally.task.runner [-] Task b7b29cb3-79f0-4a87-913a-b553dd9983d5 | ITER: 4 START
2019-12-03 03:18:48.899 28838 RALLYDEBUG rally.task.runner [-] Starting a worker. concurrency: 1 args: {"network_create_args": null, "subnet_create_args": null, "subnet_cidr_start": "1.1.0.0/30", "subnets_per_network": 2, "router_create_args": null} times: 40 method_name: run timeout: 0 duration: None cls:
2019-12-03 03:18:48.901 28833 INFO rally.task.runner [-] Task b7b29cb3-79f0-4a87-913a-b553dd9983d5 | ITER: 6 START
2019-12-03 03:18:48.903 28842 RALLYDEBUG rally.task.runner [-] Starting a worker. concurrency: 1 args: {"network_create_args": null, "subnet_create_args": null, "subnet_cidr_start": "1.1.0.0/30", "subnets_per_network": 2, "router_create_args": null} times: 40 method_name: run timeout: 0 duration: None cls:
2019-12-03 03:18:48.905 28834 INFO rally.task.runner [-] Task b7b29cb3-79f0-4a87-913a-b553dd9983d5 | ITER: 9 START
2019-12-03 03:18:48.905 28831 INFO rally.task.runner [-] Task b7b29cb3-79f0-4a87-913a-b553dd9983d5 | ITER: 5 START
2019-12-03 03:18:48.907 28838 INFO rally.task.runner [-] Task b7b29cb3-79f0-4a87-913a-b553dd9983d5 | ITER: 10 START
2019-12-03 03:18:48.908 28833 INFO rally.task.runner [-] Task b7b29cb3-79f0-4a87-913a-b553dd9983d5 | ITER: 8 START
2019-12-03 03:18:48.908 28847 RALLYDEBUG rally.task.runner [-] Starting a worker. concurrency: 1 args: {"network_create_args": null, "subnet_create_args": null, "subnet_cidr_start": "1.1.0.0/30", "subnets_per_network": 2, "router_create_args": null} times: 40 method_name: run timeout: 0 duration: None cls:
2019-12-03 03:18:48.911 28842 INFO rally.task.runner [-] Task b7b29cb3-79f0-4a87-913a-b553dd9983d5 | ITER: 11 START
2019-12-03 03:18:48.911 28850 RALLYDEBUG rally.task.runner [-] Starting a worker. concurrency: 1 args: {"network_create_args": null, "subnet_create_args": null, "subnet_cidr_start": "1.1.0.0/30", "subnets_per_network": 2, "router_create_args": null} times: 40 method_name: run timeout: 0 duration: None cls:
2019-12-03 03:18:48.913 28830 INFO rally.task.runner [-] Task b7b29cb3-79f0-4a87-913a-b553dd9983d5 | ITER: 3 START
2019-12-03 03:18:48.914 28832 INFO rally.task.runner [-] Task b7b29cb3-79f0-4a87-913a-b553dd9983d5 | ITER: 7 START
2019-12-03 03:18:48.918 28847 INFO rally.task.runner [-] Task b7b29cb3-79f0-4a87-913a-b553dd9983d5 | ITER: 12 START
2019-12-03 03:18:48.918 28850 INFO rally.task.runner [-] Task b7b29cb3-79f0-4a87-913a-b553dd9983d5 | ITER: 13 START
2019-12-03 03:18:48.919 28856 RALLYDEBUG rally.task.runner [-] Starting a worker. concurrency: 1 args: {"network_create_args": null, "subnet_create_args": null, "subnet_cidr_start": "1.1.0.0/30", "subnets_per_network": 2, "router_create_args": null} times: 40 method_name: run timeout: 0 duration: None cls:
2019-12-03 03:18:48.926 28856 INFO rally.task.runner [-] Task b7b29cb3-79f0-4a87-913a-b553dd9983d5 | ITER: 14 START
2019-12-03 03:18:48.926 28862 RALLYDEBUG rally.task.runner [-] Starting a worker. concurrency: 1 args: {"network_create_args": null, "subnet_create_args": null, "subnet_cidr_start": "1.1.0.0/30", "subnets_per_network": 2, "router_create_args": null} times: 40 method_name: run timeout: 0 duration: None cls:
2019-12-03 03:18:48.932 28862 INFO rally.task.runner [-] Task b7b29cb3-79f0-4a87-913a-b553dd9983d5 | ITER: 15 START
2019-12-03 03:18:48.940 28866 RALLYDEBUG rally.task.runner [-] Starting a worker. concurrency: 1 args: {"network_create_args": null, "subnet_create_args": null, "subnet_cidr_start": "1.1.0.0/30", "subnets_per_network": 2, "router_create_args": null} times: 40 method_name: run timeout: 0 duration: None cls:
2019-12-03 03:18:48.945 28866 INFO rally.task.runner [-] Task b7b29cb3-79f0-4a87-913a-b553dd9983d5 | ITER: 16 START
2019-12-03 03:18:48.949 28868 RALLYDEBUG rally.task.runner [-] Starting a worker. concurrency: 1 args: {"network_create_args": null, "subnet_create_args": null, "subnet_cidr_start": "1.1.0.0/30", "subnets_per_network": 2, "router_create_args": null} times: 40 method_name: run timeout: 0 duration: None cls:
2019-12-03 03:18:48.954 28871 RALLYDEBUG rally.task.runner [-] Starting a worker. concurrency: 1 args: {"network_create_args": null, "subnet_create_args": null, "subnet_cidr_start": "1.1.0.0/30", "subnets_per_network": 2, "router_create_args": null} times: 40 method_name: run timeout: 0 duration: None cls:
2019-12-03 03:18:48.954 28868 INFO rally.task.runner [-] Task b7b29cb3-79f0-4a87-913a-b553dd9983d5 | ITER: 17 START
2019-12-03 03:18:48.958 28871 INFO rally.task.runner [-] Task b7b29cb3-79f0-4a87-913a-b553dd9983d5 | ITER: 18 START
2019-12-03 03:18:48.958 28872 RALLYDEBUG rally.task.runner [-] Starting a worker. concurrency: 1 args: {"network_create_args": null, "subnet_create_args": null, "subnet_cidr_start": "1.1.0.0/30", "subnets_per_network": 2, "router_create_args": null} times: 40 method_name: run timeout: 0 duration: None cls:
2019-12-03 03:18:48.961 28875 RALLYDEBUG rally.task.runner [-] Starting a worker. concurrency: 1 args: {"network_create_args": null, "subnet_create_args": null, "subnet_cidr_start": "1.1.0.0/30", "subnets_per_network": 2, "router_create_args": null} times: 40 method_name: run timeout: 0 duration: None cls:
2019-12-03 03:18:48.963 28872 INFO rally.task.runner [-] Task b7b29cb3-79f0-4a87-913a-b553dd9983d5 | ITER: 19 START
2019-12-03 03:18:48.966 28875 INFO rally.task.runner [-] Task b7b29cb3-79f0-4a87-913a-b553dd9983d5 | ITER: 20 START
2019-12-03 03:18:49.639 28842 RALLYDEBUG rally_openstack.wrappers.network [-] CIDR generated: 1.1.5.160/30
2019-12-03 03:18:49.667 28830 RALLYDEBUG rally_openstack.wrappers.network [-] CIDR generated: 1.1.5.164/30
2019-12-03 03:18:49.693 28834 RALLYDEBUG rally_openstack.wrappers.network [-] CIDR generated: 1.1.5.168/30
2019-12-03 03:18:49.696 28833 RALLYDEBUG rally_openstack.wrappers.network [-] CIDR generated: 1.1.5.172/30
2019-12-03 03:18:49.703 28831 RALLYDEBUG rally_openstack.wrappers.network [-] CIDR generated: 1.1.5.176/30
2019-12-03 03:18:49.719 28831 RALLYDEBUG rally_openstack.wrappers.network [-] CIDR generated: 1.1.5.180/30
2019-12-03 03:18:49.749 28833 RALLYDEBUG rally_openstack.wrappers.network [-] CIDR generated: 1.1.5.184/30
2019-12-03 03:18:49.770 28832 RALLYDEBUG rally_openstack.wrappers.network [-] CIDR generated: 1.1.5.188/30
2019-12-03 03:18:49.845 28862 RALLYDEBUG rally_openstack.wrappers.network [-] CIDR generated: 1.1.5.192/30
2019-12-03 03:18:49.906 28847 RALLYDEBUG rally_openstack.wrappers.network [-] CIDR generated: 1.1.5.196/30
2019-12-03 03:18:49.937 28838 RALLYDEBUG rally_openstack.wrappers.network [-] CIDR generated: 1.1.5.200/30
2019-12-03 03:18:49.982 28830 RALLYDEBUG rally_openstack.wrappers.network [-] CIDR generated: 1.1.5.204/30
2019-12-03 03:18:50.010 28832 RALLYDEBUG rally_openstack.wrappers.network [-] CIDR generated: 1.1.5.208/30
2019-12-03 03:18:50.172 28866 RALLYDEBUG rally_openstack.wrappers.network [-] CIDR generated: 1.1.5.212/30
2019-12-03 03:18:50.312 28850 RALLYDEBUG rally_openstack.wrappers.network [-] CIDR generated: 1.1.5.216/30
2019-12-03 03:18:50.315 28875 RALLYDEBUG rally_openstack.wrappers.network [-] CIDR generated: 1.1.5.220/30
2019-12-03 03:18:50.340 28872 RALLYDEBUG rally_openstack.wrappers.network [-] CIDR generated: 1.1.5.224/30
2019-12-03 03:18:50.353 28871 RALLYDEBUG rally_openstack.wrappers.network [-] CIDR generated: 1.1.5.228/30
2019-12-03 03:18:50.525 28856 RALLYDEBUG rally_openstack.wrappers.network [-] CIDR generated: 1.1.5.232/30
2019-12-03 03:18:50.529 28868 RALLYDEBUG rally_openstack.wrappers.network [-] CIDR generated: 1.1.5.236/30
2019-12-03 03:18:50.532 28831 RALLYDEBUG rally_openstack.wrappers.network [-] CIDR generated: 1.1.5.240/30
2019-12-03 03:18:50.588 28831 RALLYDEBUG rally_openstack.wrappers.network [-] CIDR generated: 1.1.5.244/30
2019-12-03 03:18:50.869 28862 RALLYDEBUG rally_openstack.wrappers.network [-] CIDR generated: 1.1.5.248/30
2019-12-03 03:18:50.878 28832 RALLYDEBUG rally_openstack.wrappers.network [-] CIDR generated: 1.1.5.252/30
2019-12-03 03:18:51.312 28872 RALLYDEBUG rally_openstack.wrappers.network [-] CIDR generated: 1.1.6.0/30
2019-12-03 03:18:51.422 28847 RALLYDEBUG rally_openstack.wrappers.network [-] CIDR generated: 1.1.6.4/30
2019-12-03 03:18:51.488 28842 RALLYDEBUG rally_openstack.wrappers.network [-] CIDR generated: 1.1.6.8/30
2019-12-03 03:18:51.520 28833 RALLYDEBUG rally_openstack.wrappers.network [-] CIDR generated: 1.1.6.12/30
2019-12-03 03:18:51.740 28868 RALLYDEBUG rally_openstack.wrappers.network [-] CIDR generated: 1.1.6.16/30
2019-12-03 03:18:52.061 28875 RALLYDEBUG rally_openstack.wrappers.network [-] CIDR generated: 1.1.6.20/30
2019-12-03 03:18:52.128 28833 RALLYDEBUG rally_openstack.wrappers.network [-] CIDR generated: 1.1.6.24/30
2019-12-03 03:18:52.142 28832 RALLYDEBUG rally_openstack.wrappers.network [-] CIDR generated: 1.1.6.28/30
2019-12-03 03:18:52.210 28856 RALLYDEBUG rally_openstack.wrappers.network [-] CIDR generated: 1.1.6.32/30
2019-12-03 03:18:52.440 28830 RALLYDEBUG rally_openstack.wrappers.network [-] CIDR generated: 1.1.6.36/30
2019-12-03 03:18:52.623 28830 RALLYDEBUG rally_openstack.wrappers.network [-] CIDR generated: 1.1.6.40/30
2019-12-03 03:18:52.989 28834 RALLYDEBUG rally_openstack.wrappers.network [-] CIDR generated: 1.1.6.44/30
2019-12-03 03:18:53.126 28838 RALLYDEBUG rally_openstack.wrappers.network [-] CIDR generated: 1.1.6.48/30
2019-12-03 03:18:53.577 28850 RALLYDEBUG rally_openstack.wrappers.network [-] CIDR generated: 1.1.6.52/30
2019-12-03 03:18:53.608 28871 RALLYDEBUG rally_openstack.wrappers.network [-] CIDR generated: 1.1.6.56/30
2019-12-03 03:18:53.683 28866 RALLYDEBUG rally_openstack.wrappers.network [-] CIDR generated: 1.1.6.60/30
2019-12-03 03:19:03.198 28838 INFO rally.task.runner [-] Task b7b29cb3-79f0-4a87-913a-b553dd9983d5 | ITER: 10 END: OK
2019-12-03 03:19:03.203 28838 INFO rally.task.runner [-] Task b7b29cb3-79f0-4a87-913a-b553dd9983d5 | ITER: 21 START
2019-12-03 03:19:03.816 28838 RALLYDEBUG rally_openstack.wrappers.network [-] CIDR generated: 1.1.6.64/30
2019-12-03 03:19:03.845 28842 INFO rally.task.runner [-] Task b7b29cb3-79f0-4a87-913a-b553dd9983d5 | ITER: 11 END: OK
2019-12-03 03:19:03.850 28842 INFO rally.task.runner [-] Task b7b29cb3-79f0-4a87-913a-b553dd9983d5 | ITER: 22 START
