2019-12-03 03:27:05.157 26246 RALLYDEBUG rally_openstack.cleanup.manager [-] Deleting neutron.port object s_rally_430650cf_D6HF5Rxj (5118df21-22f4-41be-b207-35fd4f9d065b)
2019-12-03 03:27:05.182 26246 RALLYDEBUG rally_openstack.cleanup.manager [-] Deleting neutron.port object s_rally_430650cf_5dcu0SZm (513d7122-ba91-4013-9e55-76dcd344e1c4)
2019-12-03 03:27:05.201 26246 RALLYDEBUG rally_openstack.cleanup.manager [-] Deleting neutron.port object s_rally_430650cf_wyaoKM13 (529a922d-bfb7-4b41-957a-d2c2613dce45)
2019-12-03 03:27:05.445 26246 RALLYDEBUG rally_openstack.cleanup.manager [-] Deleting neutron.port object s_rally_430650cf_in5VQHPy (529e853c-7942-4b9b-b615-a34db642a4b5)
2019-12-03 03:27:05.473 26246 RALLYDEBUG rally_openstack.cleanup.manager [-] Deleting neutron.port object s_rally_430650cf_507aUAqz (545aca4f-0736-49f8-8e19-906962527807)
2019-12-03 03:27:05.590 26246 RALLYDEBUG rally_openstack.cleanup.manager [-] Deleting neutron.port object s_rally_430650cf_0hYtxLTK (552acca3-1c45-4aa3-b19b-1d8eee0feb35)
2019-12-03 03:27:05.820 26246 RALLYDEBUG rally_openstack.cleanup.manager [-] Deleting neutron.port object s_rally_430650cf_Zc46SR7U (558faa27-35a3-4834-9bbb-f2e0559454b5)
2019-12-03 03:27:05.899 26246 RALLYDEBUG rally_openstack.cleanup.manager [-] Deleting neutron.port object s_rally_430650cf_eqZL9edL (55f09740-2f90-4740-91c3-b0f0766224e9)
2019-12-03 03:27:05.927 26246 RALLYDEBUG rally_openstack.cleanup.manager [-] Deleting neutron.port object s_rally_430650cf_cqbPugwD (5b436165-84f3-45bf-8644-dfb36403fae3)
2019-12-03 03:27:06.021 26246 RALLYDEBUG rally_openstack.cleanup.manager [-] Deleting neutron.port object s_rally_430650cf_otbESaqz (5c2dfaac-aa03-4674-8272-c1f686c76b48)
2019-12-03 03:27:06.036 26246 RALLYDEBUG rally_openstack.cleanup.manager [-] Deleting neutron.port object s_rally_430650cf_xpsjL1us (5cf27402-cfae-42b7-a0b9-92e89f3fec7f)
2019-12-03 03:27:06.064 26246 RALLYDEBUG rally_openstack.cleanup.manager [-] Deleting neutron.port object s_rally_430650cf_29kl2xb7 (5dcebc00-0f85-43a5-bfda-131868fc6136)
2019-12-03 03:27:06.201 26246 RALLYDEBUG rally_openstack.cleanup.manager [-] Deleting neutron.port object s_rally_430650cf_0ZEvCNo1 (5ddb1b09-dc8b-4fde-b352-fddf000fe455)
2019-12-03 03:27:06.401 26246 RALLYDEBUG rally_openstack.cleanup.manager [-] Deleting neutron.port object s_rally_430650cf_imNuBIuu (60ca003b-7cfe-4212-a282-8ac445f0b89a)
2019-12-03 03:27:06.402 26246 RALLYDEBUG rally_openstack.cleanup.manager [-] Deleting neutron.port object s_rally_430650cf_MMMqCNj3 (64a815ae-f53b-486e-8278-dcb4e5a7dc8f)
2019-12-03 03:27:06.416 26246 RALLYDEBUG rally_openstack.cleanup.manager [-] Deleting neutron.port object s_rally_430650cf_6DimoZA3 (64e56fca-564a-4e61-bf0b-a52126eed242)
2019-12-03 03:27:06.455 26246 RALLYDEBUG rally_openstack.cleanup.manager [-] Deleting neutron.port object s_rally_430650cf_udPVvRE0 (65849f83-8855-41c9-8798-9b341faec26e)
2019-12-03 03:27:06.477 26246 RALLYDEBUG rally_openstack.cleanup.manager [-] Deleting neutron.port object s_rally_430650cf_N2HEbhLC (667318e8-7af8-4236-ab10-4381cbca68b6)
2019-12-03 03:27:06.572 26246 RALLYDEBUG rally_openstack.cleanup.manager [-] Deleting neutron.port object s_rally_430650cf_fi5FL0E1 (67d8b8e5-5c83-4bb0-b4c2-64186f0c2c58)
2019-12-03 03:27:06.609 26246 RALLYDEBUG rally_openstack.cleanup.manager [-] Deleting neutron.port object s_rally_430650cf_BkFUeohD (67e7c2a2-cd02-43d6-bab1-ead79d8b4250)
2019-12-03 03:27:06.966 26246 RALLYDEBUG rally_openstack.cleanup.manager [-] Deleting neutron.port object s_rally_430650cf_8uEq7rgi (67f48b9b-d2d1-431f-b3b1-7d92a2ba6f85)
2019-12-03 03:27:06.979 26246 RALLYDEBUG rally_openstack.cleanup.manager [-] Deleting neutron.port object s_rally_430650cf_iZ5QtLhD (6840bd80-ab9c-43fe-b35d-273d1a753447)
2019-12-03 03:27:07.221 26246 RALLYDEBUG rally_openstack.cleanup.manager [-] Deleting neutron.port object s_rally_430650cf_wVjsTTu0 (6911cc2f-c75e-4392-ae50-cf1125b501dd)
2019-12-03 03:27:07.242 26246 RALLYDEBUG rally_openstack.cleanup.manager [-] Deleting neutron.port object s_rally_430650cf_Muv5ukqm (69cd2b82-ace0-4fdf-808b-88ac477b30bb)
2019-12-03 03:27:07.411 26246 RALLYDEBUG rally_openstack.cleanup.manager [-] Deleting neutron.port object s_rally_430650cf_1pkzjhe3 (6a52e7ef-67db-4d69-8f45-26fc6816746e)
2019-12-03 03:27:07.646 26246 RALLYDEBUG rally_openstack.cleanup.manager [-] Deleting neutron.port object s_rally_430650cf_vBRJj1lD (6b873a41-cab0-40a2-9692-e74078c57d8c)
2019-12-03 03:27:07.707 26246 RALLYDEBUG rally_openstack.cleanup.manager [-] Deleting neutron.port object s_rally_430650cf_TxRC38oI (6c0ce381-3abe-4093-b2af-db4c9dcfb833)
2019-12-03 03:27:07.802 26246 RALLYDEBUG rally_openstack.cleanup.manager [-] Deleting neutron.port object s_rally_430650cf_gAMKotY7 (6cc7413e-768b-407c-9880-101616ddf112)
2019-12-03 03:27:07.805 26246 RALLYDEBUG rally_openstack.cleanup.manager [-] Deleting neutron.port object s_rally_430650cf_K8e527bW (6dcd4823-3dfa-46a6-80ac-5dff0532edd7)
2019-12-03 03:27:07.830 26246 RALLYDEBUG rally_openstack.cleanup.manager [-] Deleting neutron.port object s_rally_430650cf_l6J7BeCM (6e8d2d59-21f1-4995-8029-0d06bc20b16a)
2019-12-03 03:27:07.885 26246 RALLYDEBUG rally_openstack.cleanup.manager [-] Deleting neutron.port object s_rally_430650cf_n226pkV6 (74ec7988-3f47-4b50-8b9c-5f1c4587b0f4)
2019-12-03 03:27:07.972 26246 RALLYDEBUG rally_openstack.cleanup.manager [-] Deleting neutron.port object s_rally_430650cf_3Sa4TFk9 (75c38b45-49b3-475a-bc97-01081564039c)
2019-12-03 03:27:08.136 26246 RALLYDEBUG rally_openstack.cleanup.manager [-] Deleting neutron.port object s_rally_430650cf_KKVcedNX (76546070-5ee9-4569-b71c-af6508dcf020)
2019-12-03 03:27:08.267 26246 RALLYDEBUG rally_openstack.cleanup.manager [-] Deleting neutron.port object s_rally_430650cf_pPpHBU98 (76d5c17a-aa0e-4d0c-9710-9cb40ee32c90)
2019-12-03 03:27:08.294 26246 RALLYDEBUG rally_openstack.cleanup.manager [-] Deleting neutron.port object s_rally_430650cf_vEtcqjPQ (771c978c-e3f2-4ca3-a827-f54326f39366)
2019-12-03 03:27:08.308 26246 RALLYDEBUG rally_openstack.cleanup.manager [-] Deleting neutron.port object s_rally_430650cf_t65t9Cl2 (78b02085-8f26-4b2d-83de-576b22e4599b)
2019-12-03 03:27:08.327 26246 RALLYDEBUG rally_openstack.cleanup.manager [-] Deleting neutron.port object s_rally_430650cf_OHmzRJht (7927bb45-cd5e-465f-ad98-aff173a8cea7)
2019-12-03 03:27:08.386 26246 RALLYDEBUG rally_openstack.cleanup.manager [-] Deleting neutron.port object s_rally_430650cf_8GCpyzVl (79f5d2d9-fbe9-4587-b777-f6dcf5f65d01)
2019-12-03 03:27:08.508 26246 RALLYDEBUG rally_openstack.cleanup.manager [-] Deleting neutron.port object s_rally_430650cf_lwBqgDZN (7a462fbe-8450-4695-9d8f-1b7a433e6b5e)
2019-12-03 03:27:08.728 26246 RALLYDEBUG rally_openstack.cleanup.manager [-] Deleting neutron.port object s_rally_430650cf_OYrql2Xg (7a925068-cc92-4fc1-97dd-4402d6fa549a)
2019-12-03 03:27:08.767 26246 RALLYDEBUG rally_openstack.cleanup.manager [-] Deleting neutron.port object s_rally_430650cf_rPUyRBWK (7d16370d-f6ef-4251-b943-b95a6a9f9be1)
2019-12-03 03:27:08.972 26246 RALLYDEBUG rally_openstack.cleanup.manager [-] Deleting neutron.port object s_rally_430650cf_tl0DdfIM (7eebebbe-c615-4bc5-9b57-36211e27c96d)
2019-12-03 03:27:09.070 26246 RALLYDEBUG rally_openstack.cleanup.manager [-] Deleting neutron.port object s_rally_430650cf_k6rq9WuN (7f1bf9b1-27de-4591-9753-8b0ba8e8d0eb)
2019-12-03 03:27:09.212 26246 RALLYDEBUG rally_openstack.cleanup.manager [-] Deleting neutron.port object s_rally_430650cf_ljkCJnlw (801b5def-2082-4f8a-b546-98ee620d6535)
2019-12-03 03:27:09.402 26246 RALLYDEBUG rally_openstack.cleanup.manager [-] Deleting neutron.port object s_rally_430650cf_55dq1Bdd (8470b0f1-d68e-492d-8473-5aaf69f08bb3)
2019-12-03 03:27:09.666 26246 RALLYDEBUG rally_openstack.cleanup.manager [-] Deleting neutron.port object s_rally_430650cf_AC1mOOtX (8531b792-ae1a-4a21-af4b-e6130e78e5c3)
2019-12-03 03:27:09.713 26246 RALLYDEBUG rally_openstack.cleanup.manager [-] Deleting neutron.port object s_rally_430650cf_JrpvRwJJ (871b0f46-6684-48d7-8513-570c96c9c4b3)
2019-12-03 03:27:09.746 26246 RALLYDEBUG rally_openstack.cleanup.manager [-] Deleting neutron.port object s_rally_430650cf_ReAeMExm (87cf794b-b9da-4143-8c66-5be01f00817b)
2019-12-03 03:27:09.762 26246 RALLYDEBUG rally_openstack.cleanup.manager [-] Deleting neutron.port object s_rally_430650cf_xIKVDoEc (8809c0ad-c200-4f07-b20c-33baaa932408)
2019-12-03 03:27:09.891 26246 RALLYDEBUG rally_openstack.cleanup.manager [-] Deleting neutron.port object s_rally_430650cf_2egAWGvB (89dccd01-c46b-4623-8723-5b384dba73ac)
2019-12-03 03:27:09.906 26246 RALLYDEBUG rally_openstack.cleanup.manager [-] Deleting neutron.port object s_rally_430650cf_m7heh1gv (8a582161-c2f5-4561-b104-6760833161d7)
2019-12-03 03:27:10.004 26246 RALLYDEBUG rally_openstack.cleanup.manager [-] Deleting neutron.port object s_rally_430650cf_l0Qb4t4d (8b0f0e1b-bed4-42da-b81e-2c8880fa1fc3)
2019-12-03 03:27:10.080 26246 RALLYDEBUG rally_openstack.cleanup.manager [-] Deleting neutron.port object s_rally_430650cf_8TpKXSsX (8ced69ce-8438-4e8a-b8b6-1ed9cc8b07e4)
2019-12-03 03:27:10.142 26246 RALLYDEBUG rally_openstack.cleanup.manager [-] Deleting neutron.port object s_rally_430650cf_dvEjw1Wd (8e473ae8-18b9-4b6b-a6cf-310753a8f076)
2019-12-03 03:27:10.251 26246 RALLYDEBUG rally_openstack.cleanup.manager [-] Deleting neutron.port object s_rally_430650cf_TnR0wKSH (8ec83ea6-5d78-41ce-8f21-dad9b1de3b37)
2019-12-03 03:27:10.330 26246 RALLYDEBUG rally_openstack.cleanup.manager [-] Deleting neutron.port object s_rally_430650cf_wZMcoJIV (8ee76e08-aaea-49fd-9a4f-659f4410319d)
2019-12-03 03:27:10.475 26246 RALLYDEBUG rally_openstack.cleanup.manager [-] Deleting neutron.port object s_rally_430650cf_QjdEYAYq (8f191924-9e1d-40a0-b868-4839a20a8141)
2019-12-03 03:27:10.495 26246 RALLYDEBUG rally_openstack.cleanup.manager [-] Deleting neutron.port object s_rally_430650cf_e8KXXqzU (8f5a488c-292a-4226-b492-64ac5b8931ba)
2019-12-03 03:27:10.556 26246 RALLYDEBUG rally_openstack.cleanup.manager [-] Deleting neutron.port object s_rally_430650cf_IxisWzFe (9159e619-262c-4d9e-8825-8c0e48c9b008)
2019-12-03 03:27:10.684 26246 RALLYDEBUG rally_openstack.cleanup.manager [-] Deleting neutron.port object s_rally_430650cf_tNI9GnOw (91f831bb-5c1c-4890-b1d1-942cc1637165)
2019-12-03 03:27:10.724 26246 RALLYDEBUG rally_openstack.cleanup.manager [-] Deleting neutron.port object s_rally_430650cf_ibfywVXb (94f1d35c-aee4-4f22-9965-075315248c63)
2019-12-03 03:27:10.834 26246 RALLYDEBUG rally_openstack.cleanup.manager [-] Deleting neutron.port object s_rally_430650cf_SXhr0Q7O (9515ac23-b525-48ae-bd54-861bbe828cd3)
2019-12-03 03:27:10.864 26246 RALLYDEBUG rally_openstack.cleanup.manager [-] Deleting neutron.port object s_rally_430650cf_fysFMG2T (95ab12e7-aa85-41fc-9e82-ed5f8d0fb6b3)
2019-12-03 03:27:11.215 26246 RALLYDEBUG rally_openstack.cleanup.manager [-] Deleting neutron.port object s_rally_430650cf_1aID3Gjp (97fa1929-c0e7-4569-9c8e-1ea29f1ada04)
2019-12-03 03:27:11.251 26246 RALLYDEBUG rally_openstack.cleanup.manager [-] Deleting neutron.port object s_rally_430650cf_J0GVccAP (99bb7e86-2cd5-4469-b701-027b2e6a3f27)
2019-12-03 03:27:11.466 26246 RALLYDEBUG rally_openstack.cleanup.manager [-] Deleting neutron.port object s_rally_430650cf_GU3Z1yEw (9a8bd45c-a577-4e3d-b1dc-267397c57ae0)
2019-12-03 03:27:11.511 26246 RALLYDEBUG rally_openstack.cleanup.manager [-] Deleting neutron.port object s_rally_430650cf_8dwc1dkX (9c823f83-f5ac-47ac-ad1a-9e1283b8246e)
2019-12-03 03:27:11.565 26246 RALLYDEBUG rally_openstack.cleanup.manager [-] Deleting neutron.port object s_rally_430650cf_NYxxzcGS (9ce1ee24-2c1d-4458-91e4-c579064868d5)
2019-12-03 03:27:11.667 26246 RALLYDEBUG rally_openstack.cleanup.manager [-] Deleting neutron.port object s_rally_430650cf_nu5q0Gnv (9f7a38ea-e12d-4a5e-a90a-a9b397919219)
2019-12-03 03:27:11.871 26246 RALLYDEBUG rally_openstack.cleanup.manager [-] Deleting neutron.port object s_rally_430650cf_egU7W8Ia (a1207d84-08fb-40dc-8ecd-367f40f1a588)
2019-12-03 03:27:11.955 26246 RALLYDEBUG rally_openstack.cleanup.manager [-] Deleting neutron.port object s_rally_430650cf_g77ENtzs (a2a71fa5-5432-4f9a-b7f4-3ce7e53dbfd4)
2019-12-03 03:27:11.999 26246 RALLYDEBUG rally_openstack.cleanup.manager [-] Deleting neutron.port object s_rally_430650cf_fuEpNBWm (a44ceae0-9ac2-4918-9107-fafd8a83ee76)
2019-12-03 03:27:12.000 26246 RALLYDEBUG rally_openstack.cleanup.manager [-] Deleting neutron.port object s_rally_430650cf_1n5VWzTu (a55f4fae-29a4-430c-9de0-a31f3ed1d489)
2019-12-03 03:27:12.049 26246 RALLYDEBUG rally_openstack.cleanup.manager [-] Deleting neutron.port object s_rally_430650cf_fwpyaBca (a631b67f-dd3f-440b-8457-88c9b2add48d)
2019-12-03 03:27:12.090 26246 RALLYDEBUG rally_openstack.cleanup.manager [-] Deleting neutron.port object s_rally_430650cf_5ag85Lun (a66d2e0b-88ef-45be-9091-11aeb14b49f9)
2019-12-03 03:27:12.247 26246 RALLYDEBUG rally_openstack.cleanup.manager [-] Deleting neutron.port object s_rally_430650cf_z4hCCAr8 (a7263769-e84f-4f03-9728-6c78a0cfb166)
2019-12-03 03:27:12.329 26246 RALLYDEBUG rally_openstack.cleanup.manager [-] Deleting neutron.port object s_rally_430650cf_xsdN8YO1 (a7400f8e-11db-4c61-8e7c-51e6794d1f10)
2019-12-03 03:27:12.349 26246 RALLYDEBUG rally_openstack.cleanup.manager [-] Deleting neutron.port object s_rally_430650cf_sy2g5bZj (a9137467-de75-47ec-b485-feed802bd444)
2019-12-03 03:27:12.541 26246 RALLYDEBUG rally_openstack.cleanup.manager [-] Deleting neutron.port object s_rally_430650cf_fgP441m3 (a9420979-b4cf-4ed1-a58e-cdb44177592b)
2019-12-03 03:27:12.701 26246 RALLYDEBUG rally_openstack.cleanup.manager [-] Deleting neutron.port object s_rally_430650cf_S5l6qfns (a977735b-5183-472b-a242-a30294df48fe)
2019-12-03 03:27:12.797 26246 RALLYDEBUG rally_openstack.cleanup.manager [-] Deleting neutron.port object s_rally_430650cf_nAi9a6OZ (a9fdefa8-571e-43c2-b451-37532e37b8c3)
2019-12-03 03:27:12.849 26246 RALLYDEBUG rally_openstack.cleanup.manager [-] Deleting neutron.port object s_rally_430650cf_tPj8ficR (ab278a25-b370-42d6-867a-d18806a86cde)
2019-12-03 03:27:13.011 26246 RALLYDEBUG rally_openstack.cleanup.manager [-] Deleting neutron.port object s_rally_430650cf_kubZXcEi (acfe9a03-4e43-4328-b032-af2ca38b40df)
2019-12-03 03:27:13.111 26246 RALLYDEBUG rally_openstack.cleanup.manager [-] Deleting neutron.port object s_rally_430650cf_8wyFOmWp (ada3041f-59e2-433c-bf5e-3254b7242c82)
2019-12-03 03:27:13.309 26246 RALLYDEBUG rally_openstack.cleanup.manager [-] Deleting neutron.port object s_rally_430650cf_vyVLegiy (ade648f9-6811-4d54-9a6c-648020840465)
2019-12-03 03:27:13.339 26246 RALLYDEBUG rally_openstack.cleanup.manager [-] Deleting neutron.port object s_rally_430650cf_fAhy9XKq (ae14d11c-204c-4e5c-8509-8b547d42c38c)
2019-12-03 03:27:13.355 26246 RALLYDEBUG rally_openstack.cleanup.manager [-] Deleting neutron.port object s_rally_430650cf_cQ8FtaU6 (ae379af2-8bb5-4116-863f-ab796fca0ca3)
2019-12-03 03:27:13.556 26246 RALLYDEBUG rally_openstack.cleanup.manager [-] Deleting neutron.port object s_rally_430650cf_6OvhAzEV (ae6ef3a2-691f-484d-855b-6a6cca74ef72)
2019-12-03 03:27:13.708 26246 RALLYDEBUG rally_openstack.cleanup.manager [-] Deleting neutron.port object s_rally_430650cf_7NIyy7tp (b10cdc13-6894-4bd0-a19a-c4d80961103e)
2019-12-03 03:27:13.708 26246 RALLYDEBUG rally_openstack.cleanup.manager [-] Deleting neutron.port object s_rally_430650cf_utT8mNlc (b0a10c46-98c3-489f-b994-f6e231ebf207)
2019-12-03 03:27:13.826 26246 RALLYDEBUG rally_openstack.cleanup.manager [-] Deleting neutron.port object s_rally_430650cf_ZiOvXu6B (b5cd87e4-0124-488b-9da7-8d5a80e2d1b5)
2019-12-03 03:27:13.843 26246 RALLYDEBUG rally_openstack.cleanup.manager [-] Deleting neutron.port object s_rally_430650cf_tWrhkM5H (b7b18bde-f4ee-4472-9e40-36377b4a8599)
2019-12-03 03:27:13.883 26246 RALLYDEBUG rally_openstack.cleanup.manager [-] Deleting neutron.port object s_rally_430650cf_9Jquw40J (b942a313-c8a5-4b99-beec-f23d9e6932c6)
2019-12-03 03:27:13.897 26246 RALLYDEBUG rally_openstack.cleanup.manager [-] Deleting neutron.port object s_rally_430650cf_D5FTa2vu (bb92c9e6-b285-47a4-9177-8ca671f4f508)
2019-12-03 03:27:14.022 26246 RALLYDEBUG rally_openstack.cleanup.manager [-] Deleting neutron.port object s_rally_430650cf_UQCni9Mf (bcb68ac2-bf57-402a-83a6-fce1e6190762)
2019-12-03 03:27:14.093 26246 RALLYDEBUG rally_openstack.cleanup.manager [-] Deleting neutron.port object s_rally_430650cf_0OVzueWy (bccdc0dc-f397-4de3-b030-477e8012e8f1)
2019-12-03 03:27:14.155 26246 RALLYDEBUG rally_openstack.cleanup.manager [-] Deleting neutron.port object s_rally_430650cf_0S99Z001 (bd6c0fc3-2aeb-403f-9f2b-9124caca3a57)
2019-12-03 03:27:14.210 26246 RALLYDEBUG rally_openstack.cleanup.manager [-] Deleting neutron.port object s_rally_430650cf_xhMImrTi (bd96721d-d9fa-4d70-81ff-4525b351a7c8)
2019-12-03 03:27:14.591 26246 RALLYDEBUG rally_openstack.cleanup.manager [-] Deleting neutron.port object s_rally_430650cf_Rl9Zpfpp (be83fbdd-573b-4e64-9a75-d83bf927332b)
2019-12-03 03:27:14.608 26246 RALLYDEBUG rally_openstack.cleanup.manager [-] Deleting neutron.port object s_rally_430650cf_x6EQabd0 (c0dc5429-9889-4529-8740-2d45264f4be0)
2019-12-03 03:27:14.664 26246 RALLYDEBUG rally_openstack.cleanup.manager [-] Deleting neutron.port object s_rally_430650cf_q7VF4I9e (c3d4d1cc-9874-4002-85a9-d5b2c328a194)
2019-12-03 03:27:14.784 26246 RALLYDEBUG rally_openstack.cleanup.manager [-] Deleting neutron.port object s_rally_430650cf_hqxo7zZO (c4337215-f93a-4e07-8b69-940dc47d8e07)
2019-12-03 03:27:14.837 26246 RALLYDEBUG rally_openstack.cleanup.manager [-] Deleting neutron.port object s_rally_430650cf_NYjOjRtn (c4cb0bcd-3596-4f3c-97f5-60ddb21d6f7d)
2019-12-03 03:27:15.162 26246 RALLYDEBUG rally_openstack.cleanup.manager [-] Deleting neutron.port object s_rally_430650cf_XwQN2R1H (c77ba218-1627-4a23-a300-4e6db3369e74)
2019-12-03 03:27:15.182 26246 RALLYDEBUG rally_openstack.cleanup.manager [-] Deleting neutron.port object s_rally_430650cf_mZZdigR4 (cb18ff19-f5d4-4382-868e-aebec6664ed9)
2019-12-03 03:27:15.266 26246 RALLYDEBUG rally_openstack.cleanup.manager [-] Deleting neutron.port object s_rally_430650cf_Wwdt7JKu (ce5a4ca5-8a72-46f3-95de-7e0c5b2ab233)
2019-12-03 03:27:15.522 26246 RALLYDEBUG rally_openstack.cleanup.manager [-] Deleting neutron.port object s_rally_430650cf_zCJ5oXTN (d101013a-5f66-409c-a5a9-76b7fb6e8d36)
2019-12-03 03:27:15.599 26246 RALLYDEBUG rally_openstack.cleanup.manager [-] Deleting neutron.port object s_rally_430650cf_iFAbOmor (d1e01e2e-985d-425b-b9f7-e97d41be6edb)
2019-12-03 03:27:15.623 26246 RALLYDEBUG rally_openstack.cleanup.manager [-] Deleting neutron.port object s_rally_430650cf_2vI2Glz0 (d33296cf-4e66-49e6-924d-2790d52ac69b)
2019-12-03 03:27:15.689 26246 RALLYDEBUG rally_openstack.cleanup.manager [-] Deleting neutron.port object s_rally_430650cf_SPfa5RpY (d58ea08d-a04f-451a-8418-c3c53bcb3518)
2019-12-03 03:27:15.742 26246 RALLYDEBUG rally_openstack.cleanup.manager [-] Deleting neutron.port object s_rally_430650cf_6DbT7j8G (d5b85835-329b-4358-bcc7-4cbc9a65d9be)
2019-12-03 03:27:15.756 26246 RALLYDEBUG rally_openstack.cleanup.manager [-] Deleting neutron.port object s_rally_430650cf_wmsXp73Q (d9cf88cb-f54e-4d38-938c-3960735d6a21)
2019-12-03 03:27:15.810 26246 RALLYDEBUG rally_openstack.cleanup.manager [-] Deleting neutron.port object s_rally_430650cf_QbjL7NeE (dcacf9b2-1f10-40e3-97f3-c8fa43049c9a)
2019-12-03 03:27:15.866 26246 RALLYDEBUG rally_openstack.cleanup.manager [-] Deleting neutron.port object s_rally_430650cf_yAHtfttB (de7e4be9-6255-4d4b-a029-66639fd46f65)
2019-12-03 03:27:15.892 26246 RALLYDEBUG rally_openstack.cleanup.manager [-] Deleting neutron.port object s_rally_430650cf_tCQwsHMF (dee7a636-e6b9-4723-a524-5c71e152e6d3)
2019-12-03 03:27:15.947 26246 RALLYDEBUG rally_openstack.cleanup.manager [-] Deleting neutron.port object s_rally_430650cf_dE4XWLFx (df9b3e09-0e8c-4754-81fa-83c2b2c325b8)
2019-12-03 03:27:16.138 26246 RALLYDEBUG rally_openstack.cleanup.manager [-] Deleting neutron.port object s_rally_430650cf_Rcl1cnmY (dfab2cd0-0d8d-49f8-a9df-b774241c096b)
2019-12-03 03:27:16.408 26246 RALLYDEBUG rally_openstack.cleanup.manager [-] Deleting neutron.port object s_rally_430650cf_a6wWIJfD (dfc3d415-e10c-46f9-ad65-b80f356876d7)
2019-12-03 03:27:16.423 26246 RALLYDEBUG rally_openstack.cleanup.manager [-] Deleting neutron.port object s_rally_430650cf_4pEztFWq (e0e392b4-953b-493f-a6dc-32fa4a3ac5c2)
2019-12-03 03:27:16.515 26246 RALLYDEBUG rally_openstack.cleanup.manager [-] Deleting neutron.port object s_rally_430650cf_2lCz9sOE (e0fe6722-b918-4912-a974-163d237798e2)
2019-12-03 03:27:16.586 26246 RALLYDEBUG rally_openstack.cleanup.manager [-] Deleting neutron.port object s_rally_430650cf_gnnvSopQ (e532c1a8-16e6-4124-a205-be4de6935e9b)
2019-12-03 03:27:16.666 26246 RALLYDEBUG rally_openstack.cleanup.manager [-] Deleting neutron.port object s_rally_430650cf_mzQBvvv4 (e61cbe81-5cd1-4558-b89f-cf32a96db9e7)
2019-12-03 03:27:16.722 26246 RALLYDEBUG rally_openstack.cleanup.manager [-] Deleting neutron.port object s_rally_430650cf_wOzh2jcm (e6956f95-c3d8-4aaa-beb1-97ef3953b44e)
2019-12-03 03:27:16.986 26246 RALLYDEBUG rally_openstack.cleanup.manager [-] Deleting neutron.port object s_rally_430650cf_nzvRTd1e (e837b4af-24c4-4721-8654-4726160c2a77)
2019-12-03 03:27:16.993 26246 RALLYDEBUG rally_openstack.cleanup.manager [-] Deleting neutron.port object s_rally_430650cf_KvyYuzNC (e951a0ea-8b55-48f7-82c8-d1c3b98fdaf8)
2019-12-03 03:27:17.054 26246 RALLYDEBUG rally_openstack.cleanup.manager [-] Deleting neutron.port object s_rally_430650cf_NBUQCOl6 (eb4d229a-69d9-4108-9f97-e0deffda4fbc)
2019-12-03 03:27:17.316 26246 RALLYDEBUG rally_openstack.cleanup.manager [-] Deleting neutron.port object s_rally_430650cf_Av6xDPCG (ec5556d9-e0c0-4cfb-9402-68398b677055)
2019-12-03 03:27:17.520 26246 RALLYDEBUG rally_openstack.cleanup.manager [-] Deleting neutron.port object s_rally_430650cf_4BdmHg2R (ef1d1df8-45dd-45a0-8f7f-9ec31ead4671)
2019-12-03 03:27:17.576 26246 RALLYDEBUG rally_openstack.cleanup.manager [-] Deleting neutron.port object s_rally_430650cf_rpRJCspa (ef1e97f0-e87c-4c3a-bc4c-5aaf591e4a41)
2019-12-03 03:27:17.591 26246 RALLYDEBUG rally_openstack.cleanup.manager [-] Deleting neutron.port object s_rally_430650cf_37827XU5 (f06cb7b9-b24f-426f-86ec-e5236e059d25)
2019-12-03 03:27:17.591 26246 RALLYDEBUG rally_openstack.cleanup.manager [-] Deleting neutron.port object s_rally_430650cf_aB9MN5Zu (f2611274-1ba7-4671-b0c8-07b1021a9648)
2019-12-03 03:27:17.657 26246 RALLYDEBUG rally_openstack.cleanup.manager [-] Deleting neutron.port object s_rally_430650cf_Zf3LszCd (f2d56a58-3327-438f-a35d-63c85c0f22af)
2019-12-03 03:27:17.738 26246 RALLYDEBUG rally_openstack.cleanup.manager [-] Deleting neutron.port object s_rally_430650cf_aneRTNRq (f816763e-ae17-42bc-a30a-b93ce730a9df)
2019-12-03 03:27:17.751 26246 RALLYDEBUG rally_openstack.cleanup.manager [-] Deleting neutron.port object s_rally_430650cf_GvFTysIw (f8d8e417-79fb-4ba3-ad57-d0767e2eede5)
2019-12-03 03:27:17.767 26246 RALLYDEBUG rally_openstack.cleanup.manager [-] Deleting neutron.port object s_rally_430650cf_84fCd3CW (ff1b880c-f8de-4c0c-a304-7b6fa86d2d94)
2019-12-03 03:27:17.768 26246 RALLYDEBUG rally_openstack.cleanup.manager [-] Deleting neutron.port object s_rally_430650cf_1UGVPQYM (fed765ab-b936-4eed-b254-4f3f556e6e66)
2019-12-03 03:27:17.935 26246 RALLYDEBUG rally_openstack.cleanup.manager [-] Deleting neutron.port object s_rally_430650cf_GocxqjUx (ff4b585a-1425-478f-bd36-f4d62a6d1838)
2019-12-03 03:27:18.194 26246 RALLYDEBUG rally_openstack.cleanup.manager [-] Deleting neutron.port object s_rally_430650cf_EDdJw2PY (ff58f201-9750-4ec0-b730-a72e110c6ed9)
2019-12-03 03:27:18.202 26246 RALLYDEBUG rally_openstack.cleanup.manager [-] Deleting neutron.port object s_rally_430650cf_IHt8MgDR (ffbabe56-e245-4b09-95fc-ddcdaa559616)
2019-12-03 03:27:18.358 26246 RALLYDEBUG rally_openstack.cleanup.manager [-] Deleting neutron.port object s_rally_430650cf_5HBpXxi9 (ffeb3113-9d8e-440e-b349-925a9f1ba04c)
2019-12-03 03:27:20.349 26246 RALLYDEBUG rally_openstack.cleanup.manager [-] Cleaning up neutron subnet objects
2019-12-03 03:27:20.785 26246 RALLYDEBUG rally_openstack.cleanup.manager [-] Cleaning up neutron network objects
2019-12-03 03:27:21.370 26246 RALLYDEBUG rally_openstack.cleanup.manager [-] Deleting neutron.network object s_rally_430650cf_QFUxBdr4 (03062bd0-5432-421d-a64f-db2dd9da9210)
2019-12-03 03:27:21.372 26246 RALLYDEBUG rally_openstack.cleanup.manager [-] Deleting neutron.network object s_rally_430650cf_EARln09f (03b4e4a9-50b2-4c62-b3d2-1187019e94e5)
2019-12-03 03:27:21.390 26246 RALLYDEBUG rally_openstack.cleanup.manager [-] Deleting neutron.network object s_rally_430650cf_iNKdWIk3 (0ec05d8f-d91a-4633-a7cf-07852bc26cd4)
2019-12-03 03:27:21.397 26246 RALLYDEBUG rally_openstack.cleanup.manager [-] Deleting neutron.network object s_rally_430650cf_ishNpk5r (182cf2a7-a9bf-491c-a55b-22998ba6125d)
2019-12-03 03:27:21.398 26246 RALLYDEBUG rally_openstack.cleanup.manager [-] Deleting neutron.network object s_rally_430650cf_2im6Hqzr (18cbb7f9-2a75-4f1d-aee6-04a7128bd497)
2019-12-03 03:27:21.408 26246 RALLYDEBUG rally_openstack.cleanup.manager [-] Deleting neutron.network object s_rally_430650cf_cQ54ifsa (198a912c-43d3-4358-bdeb-027e35864fd0)
2019-12-03 03:27:21.409 26246 RALLYDEBUG rally_openstack.cleanup.manager [-] Deleting neutron.network object s_rally_430650cf_NJEbGExk (1dc2f0a1-379e-458c-9430-b69a86f2e03e)
2019-12-03 03:27:21.422 26246 RALLYDEBUG rally_openstack.cleanup.manager [-] Deleting neutron.network object s_rally_430650cf_I2GZGyAq (2de95a93-8b10-4c1d-8dc7-b96c1eef53eb)
2019-12-03 03:27:21.429 26246 RALLYDEBUG rally_openstack.cleanup.manager [-] Deleting neutron.network object s_rally_430650cf_hi6lJEE0 (221549d1-b031-4521-8f4c-6d786c4c001a)
2019-12-03 03:27:21.442 26246 RALLYDEBUG rally_openstack.cleanup.manager [-] Deleting neutron.network object s_rally_430650cf_xrtl3prh (4b93931a-81b2-4c1a-a6eb-afa74a6a2902)
2019-12-03 03:27:21.450 26246 RALLYDEBUG rally_openstack.cleanup.manager [-] Deleting neutron.network object s_rally_430650cf_5ZCzrB1z (575becae-82a1-402b-b359-66f75e049a04)
2019-12-03 03:27:21.530 26246 RALLYDEBUG rally_openstack.cleanup.manager [-] Deleting neutron.network object s_rally_430650cf_VwIhVqge (62f926ec-e595-4d85-8730-1a08f3fe515e)
2019-12-03 03:27:21.536 26246 RALLYDEBUG rally_openstack.cleanup.manager [-] Deleting neutron.network object s_rally_430650cf_ljkWHQ6G (5853f09e-f5bb-4160-bb75-06c46b41d288)
2019-12-03 03:27:21.543 26246 RALLYDEBUG rally_openstack.cleanup.manager [-] Deleting neutron.network object s_rally_430650cf_AfszQrHb (66b3a166-817f-4a92-b215-95ea1cabf199)
2019-12-03 03:27:21.546 26246 RALLYDEBUG rally_openstack.cleanup.manager [-] Deleting neutron.network object s_rally_430650cf_cfEwuzEm (6d7c7c52-09b3-4d05-946a-e2cf732a49a5)
2019-12-03 03:27:21.591 26246 RALLYDEBUG rally_openstack.cleanup.manager [-] Deleting neutron.network object s_rally_430650cf_hyui4Kcx (6c2c2095-fb71-4fd7-8018-1d9ced8b92b4)
2019-12-03 03:27:21.595 26246 RALLYDEBUG rally_openstack.cleanup.manager [-] Deleting neutron.network object s_rally_430650cf_JBVk766I (7f027202-e738-421f-b0ab-aa39929abd30)
2019-12-03 03:27:21.605 26246 RALLYDEBUG rally_openstack.cleanup.manager [-] Deleting neutron.network object s_rally_430650cf_Ijt7Fk4L (6702867b-1961-4383-8ec2-0f6f67d6d515)
2019-12-03 03:27:21.638 26246 RALLYDEBUG rally_openstack.cleanup.manager [-] Deleting neutron.network object s_rally_430650cf_Z59uNagm (72449f9f-22cc-41d1-a1f2-05a5f6dfcda4)
2019-12-03 03:27:21.653 26246 RALLYDEBUG rally_openstack.cleanup.manager [-] Deleting neutron.network object s_rally_430650cf_H56Rhamm (79f1cee7-725c-43dc-a789-928bf405d443)
2019-12-03 03:27:23.665 26246 RALLYDEBUG rally_openstack.cleanup.manager [-] Deleting neutron.network object s_rally_430650cf_5aBNEosH (86778bef-2cbf-4c75-8a49-510b8a704080)
2019-12-03 03:27:23.743 26246 RALLYDEBUG rally_openstack.cleanup.manager [-] Deleting neutron.network object s_rally_430650cf_JMFvRA0O (8a0ecfc8-2a65-4897-ad5d-fdcc88be00ac)
2019-12-03 03:27:23.850 26246 RALLYDEBUG rally_openstack.cleanup.manager [-] Deleting neutron.network object s_rally_430650cf_GZVlmVKB (8b93295c-32b0-43ee-ac73-b569f3d17563)
2019-12-03 03:27:23.933 26246 RALLYDEBUG rally_openstack.cleanup.manager [-] Deleting neutron.network object s_rally_430650cf_6psYKvgP (8e9f7639-37c0-4af0-baa4-f75ad74a3003)
2019-12-03 03:27:23.947 26246 RALLYDEBUG rally_openstack.cleanup.manager [-] Deleting neutron.network object s_rally_430650cf_QRlQyvrI (97139390-93de-46fc-aade-ceb932c21a1f)
2019-12-03 03:27:24.309 26246 RALLYDEBUG rally_openstack.cleanup.manager [-] Deleting neutron.network object s_rally_430650cf_9nuPwL5w (9a7b77d0-7d99-433e-af02-71b514cbecbf)
2019-12-03 03:27:24.344 26246 RALLYDEBUG rally_openstack.cleanup.manager [-] Deleting neutron.network object s_rally_430650cf_nzRkl4JM (a4dd6cff-60e4-4c9f-866c-0c740433291e)
2019-12-03 03:27:24.364 26246 RALLYDEBUG rally_openstack.cleanup.manager [-] Deleting neutron.network object s_rally_430650cf_EYAdblMk (aa1c609c-a7d0-45df-b7d2-20d108962732)
2019-12-03 03:27:24.366 26246 RALLYDEBUG rally_openstack.cleanup.manager [-] Deleting neutron.network object s_rally_430650cf_hylOYjnS (b5785de2-8e0e-4df6-a98a-ad268774a184)
2019-12-03 03:27:24.380 26246 RALLYDEBUG rally_openstack.cleanup.manager [-] Deleting neutron.network object s_rally_430650cf_Lxe4qV8K (b93b9909-1667-43d5-84ae-fcf8017a5905)
2019-12-03 03:27:24.524 26246 RALLYDEBUG rally_openstack.cleanup.manager [-] Deleting neutron.network object s_rally_430650cf_xzjk1RsU (be8cf620-a151-4eb3-9b48-fb006ef917ab)
2019-12-03 03:27:24.525 26246 RALLYDEBUG rally_openstack.cleanup.manager [-] Deleting neutron.network object s_rally_430650cf_jvcu1Ktv (c0cb8d7e-1968-47e7-bccf-d66f50147ae0)
2019-12-03 03:27:24.552 26246 RALLYDEBUG rally_openstack.cleanup.manager [-] Deleting neutron.network object s_rally_430650cf_MdwLRouw (d20c7611-7833-4b65-8885-24504720f62a)
2019-12-03 03:27:24.672 26246 RALLYDEBUG rally_openstack.cleanup.manager [-] Deleting neutron.network object s_rally_430650cf_ISCEvbSI (d677230a-7d2c-4586-a959-237f2ff0f949)
2019-12-03 03:27:24.681 26246 RALLYDEBUG rally_openstack.cleanup.manager [-] Deleting neutron.network object s_rally_430650cf_KdiO5U5d (d6a0d121-4ce8-4fd6-a870-06b8b7e0efc8)
2019-12-03 03:27:24.691 26246 RALLYDEBUG rally_openstack.cleanup.manager [-] Deleting neutron.network object s_rally_430650cf_wSLz3RIS (d820ce2e-47bb-4042-a71e-8b73290a0b4f)
2019-12-03 03:27:24.756 26246 RALLYDEBUG rally_openstack.cleanup.manager [-] Deleting neutron.network object s_rally_430650cf_Ihe6Mqyf (da969ae0-8e16-4692-8f31-58ccac90d5b2)
2019-12-03 03:27:24.771 26246 RALLYDEBUG rally_openstack.cleanup.manager [-] Deleting neutron.network object s_rally_430650cf_4hXTWyfd (de353640-6f1d-4b25-bc9f-6879b8a0c649)
2019-12-03 03:27:25.062 26246 RALLYDEBUG rally_openstack.cleanup.manager [-] Deleting neutron.network object s_rally_430650cf_UAq3IhMK (fa332981-2dbb-4772-bb7f-9d49cbee7b1c)
2019-12-03 03:27:25.087 26246 RALLYDEBUG rally_openstack.cleanup.manager [-] Deleting neutron.network object s_rally_430650cf_MhBGyio4 (fe5f8dee-eb05-4c47-aeca-1c7396840074)
2019-12-03 03:27:27.580 26246 RALLYDEBUG rally_openstack.cleanup.manager [-] Cleaning up neutron router objects
2019-12-03 03:27:28.030 26246 RALLYDEBUG rally_openstack.cleanup.manager [-] Cleaning up neutron security_group objects
2019-12-03 03:27:28.462 26246 INFO rally.task.context [-] Task b7b29cb3-79f0-4a87-913a-b553dd9983d5 | Context cleanup@openstack cleanup() finished in 32.54 sec
2019-12-03 03:27:28.462 26246 INFO rally.task.context [-] Task b7b29cb3-79f0-4a87-913a-b553dd9983d5 | Context quotas@openstack cleanup() started
2019-12-03 03:27:28.556 26246 INFO rally.task.context [-] Task b7b29cb3-79f0-4a87-913a-b553dd9983d5 | Context quotas@openstack cleanup() finished in 93.43 msec
2019-12-03 03:27:28.556 26246 INFO rally.task.context [-] Task b7b29cb3-79f0-4a87-913a-b553dd9983d5 | Context users@openstack cleanup() started
2019-12-03 03:27:31.343 26246 INFO rally.task.context [-] Task b7b29cb3-79f0-4a87-913a-b553dd9983d5 | Context users@openstack cleanup() finished in 2.79 sec
2019-12-03 03:27:31.717 26246 INFO rally.task.engine [-] Load duration is: 21.440231
2019-12-03 03:27:31.717 26246 INFO rally.task.engine [-] Full runner duration is: 21.500794
2019-12-03 03:27:31.718 26246 INFO rally.task.engine [-] Full duration is: 59.98651
2019-12-03 03:27:32.043 26246 INFO rally.task.engine [-] Running workload: position = 2 config = { "version": 2, "title": "A cropped version of a bigger task.", "description": "Auto-generated task from a single workload (uuid=3bdcec9f-29f0-4b06-8ecf-fc7feff5413f)", "subtasks": [ { "title": "NeutronNetworks.create_and_delete_ports", "description": "Create and delete a port.", "scenario": { "NeutronNetworks.create_and_delete_ports": { "network_create_args": {}, "port_create_args": {}, "ports_per_network": 5 } }, "contexts": { "users": { "tenants": 1, "users_per_tenant": 1 }, "quotas": { "neutron": { "network": -1, "port": -1 } } }, "runner": { "constant": { "times": 40, "concurrency": 20 } }, "hooks": [], "sla": { "failure_rate": { "max": 0 } } } ] }
2019-12-03 03:27:32.071 26246 RALLYDEBUG rally_openstack.contexts.keystone.users [-] Creating 1 tenants using 20 threads
2019-12-03 03:27:33.046 26246 RALLYDEBUG rally_openstack.contexts.keystone.users [-] Creating 1 users using 20 threads
2019-12-03 03:27:34.495 26246 INFO rally.task.context [-] Task b7b29cb3-79f0-4a87-913a-b553dd9983d5 | Context users@openstack setup() finished in 2.42 sec
2019-12-03 03:27:35.072 26246 INFO rally.task.context [-] Task b7b29cb3-79f0-4a87-913a-b553dd9983d5 | Context quotas@openstack setup() finished in 0.58 sec
2019-12-03 03:27:35.072 26246 INFO rally.task.context [-] Task b7b29cb3-79f0-4a87-913a-b553dd9983d5 | Context cleanup@openstack setup() finished in 0.01 msec
2019-12-03 03:27:35.081 26246 RALLYDEBUG rally.task.runner [-] Starting the constant runner (task UUID: b7b29cb3-79f0-4a87-913a-b553dd9983d5). timeout: 0 concurrency: 20 concurrency_per_worker: 1 times: 40 concurrency_overhead: 4 processes_to_start: 16 max_cpu_used: 16
2019-12-03 03:27:35.096 30712 RALLYDEBUG rally.task.runner [-] Starting a worker. concurrency: 2 args: {"network_create_args": {}, "port_create_args": {}, "ports_per_network": 5} times: 40 method_name: run timeout: 0 duration: None cls:
2019-12-03 03:27:35.098 30713 RALLYDEBUG rally.task.runner [-] Starting a worker. concurrency: 2 args: {"network_create_args": {}, "port_create_args": {}, "ports_per_network": 5} times: 40 method_name: run timeout: 0 duration: None cls:
2019-12-03 03:27:35.102 30714 RALLYDEBUG rally.task.runner [-] Starting a worker. concurrency: 2 args: {"network_create_args": {}, "port_create_args": {}, "ports_per_network": 5} times: 40 method_name: run timeout: 0 duration: None cls:
2019-12-03 03:27:35.104 30712 INFO rally.task.runner [-] Task b7b29cb3-79f0-4a87-913a-b553dd9983d5 | ITER: 1 START
2019-12-03 03:27:35.105 30715 RALLYDEBUG rally.task.runner [-] Starting a worker. concurrency: 2 args: {"network_create_args": {}, "port_create_args": {}, "ports_per_network": 5} times: 40 method_name: run timeout: 0 duration: None cls:
2019-12-03 03:27:35.106 30712 WARNING rally_openstack.scenarios.neutron.utils [-] Running this scenario without either the 'network' or 'existing_network' context is deprecated
2019-12-03 03:27:35.109 30713 INFO rally.task.runner [-] Task b7b29cb3-79f0-4a87-913a-b553dd9983d5 | ITER: 2 START
2019-12-03 03:27:35.109 30716 RALLYDEBUG rally.task.runner [-] Starting a worker. concurrency: 1 args: {"network_create_args": {}, "port_create_args": {}, "ports_per_network": 5} times: 40 method_name: run timeout: 0 duration: None cls:
2019-12-03 03:27:35.110 30714 INFO rally.task.runner [-] Task b7b29cb3-79f0-4a87-913a-b553dd9983d5 | ITER: 4 START
2019-12-03 03:27:35.111 30713 WARNING rally_openstack.scenarios.neutron.utils [-] Running this scenario without either the 'network' or 'existing_network' context is deprecated
2019-12-03 03:27:35.111 30714 WARNING rally_openstack.scenarios.neutron.utils [-] Running this scenario without either the 'network' or 'existing_network' context is deprecated
2019-12-03 03:27:35.113 30715 INFO rally.task.runner [-] Task b7b29cb3-79f0-4a87-913a-b553dd9983d5 | ITER: 6 START
2019-12-03 03:27:35.114 30715 WARNING rally_openstack.scenarios.neutron.utils [-] Running this scenario without either the 'network' or 'existing_network' context is deprecated
2019-12-03 03:27:35.114 30721 RALLYDEBUG rally.task.runner [-] Starting a worker. concurrency: 1 args: {"network_create_args": {}, "port_create_args": {}, "ports_per_network": 5} times: 40 method_name: run timeout: 0 duration: None cls:
2019-12-03 03:27:35.116 30716 INFO rally.task.runner [-] Task b7b29cb3-79f0-4a87-913a-b553dd9983d5 | ITER: 8 START
2019-12-03 03:27:35.115 30725 RALLYDEBUG rally.task.runner [-] Starting a worker. concurrency: 1 args: {"network_create_args": {}, "port_create_args": {}, "ports_per_network": 5} times: 40 method_name: run timeout: 0 duration: None cls:
2019-12-03 03:27:35.117 30716 WARNING rally_openstack.scenarios.neutron.utils [-] Running this scenario without either the 'network' or 'existing_network' context is deprecated
2019-12-03 03:27:35.120 30728 RALLYDEBUG rally.task.runner [-] Starting a worker. concurrency: 1 args: {"network_create_args": {}, "port_create_args": {}, "ports_per_network": 5} times: 40 method_name: run timeout: 0 duration: None cls:
2019-12-03 03:27:35.122 30725 INFO rally.task.runner [-] Task b7b29cb3-79f0-4a87-913a-b553dd9983d5 | ITER: 11 START
2019-12-03 03:27:35.123 30725 WARNING rally_openstack.scenarios.neutron.utils [-] Running this scenario without either the 'network' or 'existing_network' context is deprecated
2019-12-03 03:27:35.123 30721 INFO rally.task.runner [-] Task b7b29cb3-79f0-4a87-913a-b553dd9983d5 | ITER: 10 START
2019-12-03 03:27:35.125 30721 WARNING rally_openstack.scenarios.neutron.utils [-] Running this scenario without either the 'network' or 'existing_network' context is deprecated
2019-12-03 03:27:35.126 30728 INFO rally.task.runner [-] Task b7b29cb3-79f0-4a87-913a-b553dd9983d5 | ITER: 12 START
2019-12-03 03:27:35.120 30713 INFO rally.task.runner [-] Task b7b29cb3-79f0-4a87-913a-b553dd9983d5 | ITER: 5 START
2019-12-03 03:27:35.127 30728 WARNING rally_openstack.scenarios.neutron.utils [-] Running this scenario without either the 'network' or 'existing_network' context is deprecated
2019-12-03 03:27:35.127 30712 INFO rally.task.runner [-] Task b7b29cb3-79f0-4a87-913a-b553dd9983d5 | ITER: 3 START
2019-12-03 03:27:35.128 30712 WARNING rally_openstack.scenarios.neutron.utils [-] Running this scenario without either the 'network' or 'existing_network' context is deprecated
2019-12-03 03:27:35.127 30713 WARNING rally_openstack.scenarios.neutron.utils [-] Running this scenario without either the 'network' or 'existing_network' context is deprecated
2019-12-03 03:27:35.128 30734 RALLYDEBUG rally.task.runner [-] Starting a worker. concurrency: 1 args: {"network_create_args": {}, "port_create_args": {}, "ports_per_network": 5} times: 40 method_name: run timeout: 0 duration: None cls:
2019-12-03 03:27:35.135 30715 INFO rally.task.runner [-] Task b7b29cb3-79f0-4a87-913a-b553dd9983d5 | ITER: 9 START
2019-12-03 03:27:35.135 30734 INFO rally.task.runner [-] Task b7b29cb3-79f0-4a87-913a-b553dd9983d5 | ITER: 13 START
2019-12-03 03:27:35.136 30715 WARNING rally_openstack.scenarios.neutron.utils [-] Running this scenario without either the 'network' or 'existing_network' context is deprecated
2019-12-03 03:27:35.136 30714 INFO rally.task.runner [-] Task b7b29cb3-79f0-4a87-913a-b553dd9983d5 | ITER: 7 START
2019-12-03 03:27:35.136 30734 WARNING rally_openstack.scenarios.neutron.utils [-] Running this scenario without either the 'network' or 'existing_network' context is deprecated
2019-12-03 03:27:35.137 30714 WARNING rally_openstack.scenarios.neutron.utils [-] Running this scenario without either the 'network' or 'existing_network' context is deprecated
2019-12-03 03:27:35.136 30739 RALLYDEBUG rally.task.runner [-] Starting a worker. concurrency: 1 args: {"network_create_args": {}, "port_create_args": {}, "ports_per_network": 5} times: 40 method_name: run timeout: 0 duration: None cls:
2019-12-03 03:27:35.144 30739 INFO rally.task.runner [-] Task b7b29cb3-79f0-4a87-913a-b553dd9983d5 | ITER: 14 START
2019-12-03 03:27:35.143 30744 RALLYDEBUG rally.task.runner [-] Starting a worker. concurrency: 1 args: {"network_create_args": {}, "port_create_args": {}, "ports_per_network": 5} times: 40 method_name: run timeout: 0 duration: None cls:
2019-12-03 03:27:35.146 30739 WARNING rally_openstack.scenarios.neutron.utils [-] Running this scenario without either the 'network' or 'existing_network' context is deprecated
2019-12-03 03:27:35.151 30747 RALLYDEBUG rally.task.runner [-] Starting a worker. concurrency: 1 args: {"network_create_args": {}, "port_create_args": {}, "ports_per_network": 5} times: 40 method_name: run timeout: 0 duration: None cls:
2019-12-03 03:27:35.152 30744 INFO rally.task.runner [-] Task b7b29cb3-79f0-4a87-913a-b553dd9983d5 | ITER: 15 START
2019-12-03 03:27:35.153 30744 WARNING rally_openstack.scenarios.neutron.utils [-] Running this scenario without either the 'network' or 'existing_network' context is deprecated
2019-12-03 03:27:35.158 30747 INFO rally.task.runner [-] Task b7b29cb3-79f0-4a87-913a-b553dd9983d5 | ITER: 16 START
2019-12-03 03:27:35.158 30749 RALLYDEBUG rally.task.runner [-] Starting a worker. concurrency: 1 args: {"network_create_args": {}, "port_create_args": {}, "ports_per_network": 5} times: 40 method_name: run timeout: 0 duration: None cls:
2019-12-03 03:27:35.159 30747 WARNING rally_openstack.scenarios.neutron.utils [-] Running this scenario without either the 'network' or 'existing_network' context is deprecated
2019-12-03 03:27:35.163 30753 RALLYDEBUG rally.task.runner [-] Starting a worker. concurrency: 1 args: {"network_create_args": {}, "port_create_args": {}, "ports_per_network": 5} times: 40 method_name: run timeout: 0 duration: None cls:
2019-12-03 03:27:35.165 30749 INFO rally.task.runner [-] Task b7b29cb3-79f0-4a87-913a-b553dd9983d5 | ITER: 17 START
2019-12-03 03:27:35.166 30749 WARNING rally_openstack.scenarios.neutron.utils [-] Running this scenario without either the 'network' or 'existing_network' context is deprecated
2019-12-03 03:27:35.168 30754 RALLYDEBUG rally.task.runner [-] Starting a worker. concurrency: 1 args: {"network_create_args": {}, "port_create_args": {}, "ports_per_network": 5} times: 40 method_name: run timeout: 0 duration: None cls:
2019-12-03 03:27:35.169 30753 INFO rally.task.runner [-] Task b7b29cb3-79f0-4a87-913a-b553dd9983d5 | ITER: 18 START
2019-12-03 03:27:35.170 30753 WARNING rally_openstack.scenarios.neutron.utils [-] Running this scenario without either the 'network' or 'existing_network' context is deprecated
2019-12-03 03:27:35.171 30757 RALLYDEBUG rally.task.runner [-] Starting a worker. concurrency: 1 args: {"network_create_args": {}, "port_create_args": {}, "ports_per_network": 5} times: 40 method_name: run timeout: 0 duration: None cls:
2019-12-03 03:27:35.173 30754 INFO rally.task.runner [-] Task b7b29cb3-79f0-4a87-913a-b553dd9983d5 | ITER: 19 START
2019-12-03 03:27:35.174 30754 WARNING rally_openstack.scenarios.neutron.utils [-] Running this scenario without either the 'network' or 'existing_network' context is deprecated
2019-12-03 03:27:35.176 30757 INFO rally.task.runner [-] Task b7b29cb3-79f0-4a87-913a-b553dd9983d5 | ITER: 20 START
2019-12-03 03:27:35.177 30757 WARNING rally_openstack.scenarios.neutron.utils [-] Running this scenario without either the 'network' or 'existing_network' context is deprecated
2019-12-03 03:27:44.182 30713 INFO rally.task.runner [-] Task b7b29cb3-79f0-4a87-913a-b553dd9983d5 | ITER: 5 END: OK
2019-12-03 03:27:44.187 30713 INFO rally.task.runner [-] Task b7b29cb3-79f0-4a87-913a-b553dd9983d5 | ITER: 21 START
2019-12-03 03:27:44.187 30713 WARNING rally_openstack.scenarios.neutron.utils [-] Running this scenario without either the 'network' or 'existing_network' context is deprecated
2019-12-03 03:27:44.634 30716 INFO rally.task.runner [-] Task b7b29cb3-79f0-4a87-913a-b553dd9983d5 | ITER: 8 END: OK
2019-12-03 03:27:44.638 30716 INFO rally.task.runner [-] Task b7b29cb3-79f0-4a87-913a-b553dd9983d5 | ITER: 22 START
2019-12-03 03:27:44.639 30716 WARNING rally_openstack.scenarios.neutron.utils [-] Running this scenario without either the 'network' or 'existing_network' context is deprecated
2019-12-03 03:27:44.755 30713 INFO rally.task.runner [-] Task b7b29cb3-79f0-4a87-913a-b553dd9983d5 | ITER: 2 END: OK
2019-12-03 03:27:44.759 30713 INFO rally.task.runner [-] Task b7b29cb3-79f0-4a87-913a-b553dd9983d5 | ITER: 23 START
2019-12-03 03:27:44.759 30713 WARNING rally_openstack.scenarios.neutron.utils [-] Running this scenario without either the 'network' or 'existing_network' context is deprecated
2019-12-03 03:27:45.407 30712 INFO rally.task.runner [-] Task b7b29cb3-79f0-4a87-913a-b553dd9983d5 | ITER: 1 END: OK
2019-12-03 03:27:45.412 30712 INFO rally.task.runner [-] Task b7b29cb3-79f0-4a87-913a-b553dd9983d5 | ITER: 24 START
2019-12-03 03:27:45.413 30712 WARNING rally_openstack.scenarios.neutron.utils [-] Running this scenario without either the 'network' or 'existing_network' context is deprecated
2019-12-03 03:27:45.434 30749 INFO rally.task.runner [-] Task b7b29cb3-79f0-4a87-913a-b553dd9983d5 | ITER: 17 END: OK
2019-12-03 03:27:45.439 30749 INFO rally.task.runner [-] Task b7b29cb3-79f0-4a87-913a-b553dd9983d5 | ITER: 25 START
2019-12-03 03:27:45.439 30749 WARNING rally_openstack.scenarios.neutron.utils [-] Running this scenario without either the 'network' or 'existing_network' context is deprecated
2019-12-03 03:27:45.557 30712 INFO rally.task.runner [-] Task b7b29cb3-79f0-4a87-913a-b553dd9983d5 | ITER: 3 END: OK
2019-12-03 03:27:45.561 30712 INFO rally.task.runner [-] Task b7b29cb3-79f0-4a87-913a-b553dd9983d5 | ITER: 26 START
2019-12-03 03:27:45.561 30712 WARNING rally_openstack.scenarios.neutron.utils [-] Running this scenario without either the 'network' or 'existing_network' context is deprecated
2019-12-03 03:27:45.632 30728 INFO rally.task.runner [-] Task b7b29cb3-79f0-4a87-913a-b553dd9983d5 | ITER: 12 END: OK
2019-12-03 03:27:45.636 30728 INFO rally.task.runner [-] Task b7b29cb3-79f0-4a87-913a-b553dd9983d5 | ITER: 27 START
2019-12-03 03:27:45.637 30728 WARNING rally_openstack.scenarios.neutron.utils [-] Running this scenario without either the 'network' or 'existing_network' context is deprecated
2019-12-03 03:27:45.642 30715 INFO rally.task.runner [-] Task b7b29cb3-79f0-4a87-913a-b553dd9983d5 | ITER: 9 END: OK
2019-12-03 03:27:45.647 30715 INFO rally.task.runner [-] Task b7b29cb3-79f0-4a87-913a-b553dd9983d5 | ITER: 28 START
2019-12-03 03:27:45.647 30715 WARNING rally_openstack.scenarios.neutron.utils [-] Running this scenario without either the 'network' or 'existing_network' context is deprecated
2019-12-03 03:27:45.791 30714 INFO rally.task.runner [-] Task b7b29cb3-79f0-4a87-913a-b553dd9983d5 | ITER: 7 END: OK
2019-12-03 03:27:45.797 30714 INFO rally.task.runner [-] Task b7b29cb3-79f0-4a87-913a-b553dd9983d5 | ITER: 29 START
2019-12-03 03:27:45.797 30714 WARNING rally_openstack.scenarios.neutron.utils [-] Running this scenario without either the 'network' or 'existing_network' context is deprecated
2019-12-03 03:27:46.107 30744 INFO rally.task.runner [-] Task b7b29cb3-79f0-4a87-913a-b553dd9983d5 | ITER: 15 END: OK
2019-12-03 03:27:46.111 30744 INFO rally.task.runner [-] Task b7b29cb3-79f0-4a87-913a-b553dd9983d5 | ITER: 30 START
2019-12-03 03:27:46.112 30744 WARNING rally_openstack.scenarios.neutron.utils [-] Running this scenario without either the 'network' or 'existing_network' context is deprecated
2019-12-03 03:27:46.361 30725 INFO rally.task.runner [-] Task b7b29cb3-79f0-4a87-913a-b553dd9983d5 | ITER: 11 END: OK
2019-12-03 03:27:46.366 30725 INFO rally.task.runner [-] Task b7b29cb3-79f0-4a87-913a-b553dd9983d5 | ITER: 31 START
2019-12-03 03:27:46.367 30725 WARNING rally_openstack.scenarios.neutron.utils [-] Running this scenario without either the 'network' or 'existing_network' context is deprecated
2019-12-03 03:27:46.768 30734 INFO rally.task.runner [-] Task b7b29cb3-79f0-4a87-913a-b553dd9983d5 | ITER: 13 END: OK
2019-12-03 03:27:46.773 30734 INFO rally.task.runner [-] Task b7b29cb3-79f0-4a87-913a-b553dd9983d5 | ITER: 32 START
2019-12-03 03:27:46.774 30734 WARNING rally_openstack.scenarios.neutron.utils [-] Running this scenario without either the 'network' or 'existing_network' context is deprecated
2019-12-03 03:27:46.777 30714 INFO rally.task.runner [-] Task b7b29cb3-79f0-4a87-913a-b553dd9983d5 | ITER: 4 END: OK
2019-12-03 03:27:46.781 30714 INFO rally.task.runner [-] Task b7b29cb3-79f0-4a87-913a-b553dd9983d5 | ITER: 33 START
2019-12-03 03:27:46.782 30714 WARNING rally_openstack.scenarios.neutron.utils [-] Running this scenario without either the 'network' or 'existing_network' context is deprecated
2019-12-03 03:27:46.786 30753 INFO rally.task.runner [-] Task b7b29cb3-79f0-4a87-913a-b553dd9983d5 | ITER: 18 END: OK
2019-12-03 03:27:46.791 30753 INFO rally.task.runner [-] Task b7b29cb3-79f0-4a87-913a-b553dd9983d5 | ITER: 34 START
2019-12-03 03:27:46.792 30753 WARNING rally_openstack.scenarios.neutron.utils [-] Running this scenario without either the 'network' or 'existing_network' context is deprecated
2019-12-03 03:27:46.921 30721 INFO rally.task.runner [-] Task b7b29cb3-79f0-4a87-913a-b553dd9983d5 | ITER: 10 END: OK
2019-12-03 03:27:46.926 30721 INFO rally.task.runner [-] Task b7b29cb3-79f0-4a87-913a-b553dd9983d5 | ITER: 35 START
2019-12-03 03:27:46.927 30721 WARNING rally_openstack.scenarios.neutron.utils [-] Running this scenario without either the 'network' or 'existing_network' context is deprecated
