2019-12-03 03:27:46.969 30747 INFO rally.task.runner [-] Task b7b29cb3-79f0-4a87-913a-b553dd9983d5 | ITER: 16 END: OK
2019-12-03 03:27:46.973 30747 INFO rally.task.runner [-] Task b7b29cb3-79f0-4a87-913a-b553dd9983d5 | ITER: 36 START
2019-12-03 03:27:46.974 30747 WARNING rally_openstack.scenarios.neutron.utils [-] Running this scenario without either the 'network' or 'existing_network' context is deprecated
2019-12-03 03:27:47.438 30757 INFO rally.task.runner [-] Task b7b29cb3-79f0-4a87-913a-b553dd9983d5 | ITER: 20 END: OK
2019-12-03 03:27:47.443 30757 INFO rally.task.runner [-] Task b7b29cb3-79f0-4a87-913a-b553dd9983d5 | ITER: 37 START
2019-12-03 03:27:47.444 30757 WARNING rally_openstack.scenarios.neutron.utils [-] Running this scenario without either the 'network' or 'existing_network' context is deprecated
2019-12-03 03:27:47.938 30754 INFO rally.task.runner [-] Task b7b29cb3-79f0-4a87-913a-b553dd9983d5 | ITER: 19 END: OK
2019-12-03 03:27:47.943 30754 INFO rally.task.runner [-] Task b7b29cb3-79f0-4a87-913a-b553dd9983d5 | ITER: 38 START
2019-12-03 03:27:47.944 30754 WARNING rally_openstack.scenarios.neutron.utils [-] Running this scenario without either the 'network' or 'existing_network' context is deprecated
2019-12-03 03:27:48.000 30715 INFO rally.task.runner [-] Task b7b29cb3-79f0-4a87-913a-b553dd9983d5 | ITER: 6 END: OK
2019-12-03 03:27:48.004 30715 INFO rally.task.runner [-] Task b7b29cb3-79f0-4a87-913a-b553dd9983d5 | ITER: 39 START
2019-12-03 03:27:48.005 30715 WARNING rally_openstack.scenarios.neutron.utils [-] Running this scenario without either the 'network' or 'existing_network' context is deprecated
2019-12-03 03:27:48.836 30739 INFO rally.task.runner [-] Task b7b29cb3-79f0-4a87-913a-b553dd9983d5 | ITER: 14 END: OK
2019-12-03 03:27:48.840 30739 INFO rally.task.runner [-] Task b7b29cb3-79f0-4a87-913a-b553dd9983d5 | ITER: 40 START
2019-12-03 03:27:48.841 30739 WARNING rally_openstack.scenarios.neutron.utils [-] Running this scenario without either the 'network' or 'existing_network' context is deprecated
2019-12-03 03:27:53.745 30714 INFO rally.task.runner [-] Task b7b29cb3-79f0-4a87-913a-b553dd9983d5 | ITER: 29 END: OK
2019-12-03 03:27:54.986 30716 INFO rally.task.runner [-] Task b7b29cb3-79f0-4a87-913a-b553dd9983d5 | ITER: 22 END: OK
2019-12-03 03:27:55.190 30728 INFO rally.task.runner [-] Task b7b29cb3-79f0-4a87-913a-b553dd9983d5 | ITER: 27 END: OK
2019-12-03 03:27:55.216 30712 INFO rally.task.runner [-] Task b7b29cb3-79f0-4a87-913a-b553dd9983d5 | ITER: 26 END: OK
2019-12-03 03:27:55.262 30734 INFO rally.task.runner [-] Task b7b29cb3-79f0-4a87-913a-b553dd9983d5 | ITER: 32 END: OK
2019-12-03 03:27:55.330 30725 INFO rally.task.runner [-] Task b7b29cb3-79f0-4a87-913a-b553dd9983d5 | ITER: 31 END: OK
2019-12-03 03:27:55.455 30713 INFO rally.task.runner [-] Task b7b29cb3-79f0-4a87-913a-b553dd9983d5 | ITER: 21 END: OK
2019-12-03 03:27:55.903 30713 INFO rally.task.runner [-] Task b7b29cb3-79f0-4a87-913a-b553dd9983d5 | ITER: 23 END: OK
2019-12-03 03:27:56.371 30714 INFO rally.task.runner [-] Task b7b29cb3-79f0-4a87-913a-b553dd9983d5 | ITER: 33 END: OK
2019-12-03 03:27:56.381 30747 INFO rally.task.runner [-] Task b7b29cb3-79f0-4a87-913a-b553dd9983d5 | ITER: 36 END: OK
2019-12-03 03:27:56.386 30744 INFO rally.task.runner [-] Task b7b29cb3-79f0-4a87-913a-b553dd9983d5 | ITER: 30 END: OK
2019-12-03 03:27:56.415 30712 INFO rally.task.runner [-] Task b7b29cb3-79f0-4a87-913a-b553dd9983d5 | ITER: 24 END: OK
2019-12-03 03:27:56.493 30721 INFO rally.task.runner [-] Task b7b29cb3-79f0-4a87-913a-b553dd9983d5 | ITER: 35 END: OK
2019-12-03 03:27:56.677 30757 INFO rally.task.runner [-] Task b7b29cb3-79f0-4a87-913a-b553dd9983d5 | ITER: 37 END: OK
2019-12-03 03:27:56.967 30715 INFO rally.task.runner [-] Task b7b29cb3-79f0-4a87-913a-b553dd9983d5 | ITER: 39 END: OK
2019-12-03 03:27:57.396 30753 INFO rally.task.runner [-] Task b7b29cb3-79f0-4a87-913a-b553dd9983d5 | ITER: 34 END: OK
2019-12-03 03:27:57.646 30754 INFO rally.task.runner [-] Task b7b29cb3-79f0-4a87-913a-b553dd9983d5 | ITER: 38 END: OK
2019-12-03 03:27:57.669 30715 INFO rally.task.runner [-] Task b7b29cb3-79f0-4a87-913a-b553dd9983d5 | ITER: 28 END: OK
2019-12-03 03:27:57.767 30749 INFO rally.task.runner [-] Task b7b29cb3-79f0-4a87-913a-b553dd9983d5 | ITER: 25 END: OK
2019-12-03 03:27:59.039 30739 INFO rally.task.runner [-] Task b7b29cb3-79f0-4a87-913a-b553dd9983d5 | ITER: 40 END: OK
2019-12-03 03:27:59.065 26246 INFO rally.task.context [-] Task b7b29cb3-79f0-4a87-913a-b553dd9983d5 | Context cleanup@openstack cleanup() started
2019-12-03 03:27:59.068 26246 RALLYDEBUG rally_openstack.cleanup.manager [-] Cleaning up neutron vip objects
2019-12-03 03:27:59.466 26246 RALLYDEBUG rally_openstack.cleanup.manager [-] Cleaning up neutron health_monitor objects
2019-12-03 03:27:59.876 26246 RALLYDEBUG rally_openstack.cleanup.manager [-] Cleaning up neutron pool objects
2019-12-03 03:28:00.267 26246 RALLYDEBUG rally_openstack.cleanup.manager [-] Cleaning up neutron loadbalancer objects
2019-12-03 03:28:00.664 26246 RALLYDEBUG rally_openstack.cleanup.manager [-] Cleaning up neutron floatingip objects
2019-12-03 03:28:01.104 26246 RALLYDEBUG rally_openstack.cleanup.manager [-] Cleaning up neutron trunk objects
2019-12-03 03:28:01.534 26246 RALLYDEBUG rally_openstack.cleanup.manager [-] Cleaning up neutron port objects
2019-12-03 03:28:01.977 26246 RALLYDEBUG rally_openstack.cleanup.manager [-] Cleaning up neutron subnet objects
2019-12-03 03:28:02.393 26246 RALLYDEBUG rally_openstack.cleanup.manager [-] Cleaning up neutron network objects
2019-12-03 03:28:03.045 26246 RALLYDEBUG rally_openstack.cleanup.manager [-] Deleting neutron.network object s_rally_3bdcec9f_JWd08G7O (0add4a4b-141d-4c02-8457-d88778444610)
2019-12-03 03:28:03.050 26246 RALLYDEBUG rally_openstack.cleanup.manager [-] Deleting neutron.network object s_rally_3bdcec9f_qhGj5XD5 (0a626d57-69ec-4871-a30e-978c1c67c155)
2019-12-03 03:28:03.065 26246 RALLYDEBUG rally_openstack.cleanup.manager [-] Deleting neutron.network object s_rally_3bdcec9f_chLEHTtR (33eca916-2562-4cbd-86c3-57b132ea23a9)
2019-12-03 03:28:03.073 26246 RALLYDEBUG rally_openstack.cleanup.manager [-] Deleting neutron.network object s_rally_3bdcec9f_IZNHPf5t (168d6e7e-01a9-4dbb-999c-20960a6c7013)
2019-12-03 03:28:03.087 26246 RALLYDEBUG rally_openstack.cleanup.manager [-] Deleting neutron.network object s_rally_3bdcec9f_BdA8qMzy (5c3dae3b-e1d6-4f79-b6a5-e0dda94a19a6)
2019-12-03 03:28:03.087 26246 RALLYDEBUG rally_openstack.cleanup.manager [-] Deleting neutron.network object s_rally_3bdcec9f_mObfuBeO (47f67bd3-ae03-4c9d-9a28-c27f30ef851f)
2019-12-03 03:28:03.107 26246 RALLYDEBUG rally_openstack.cleanup.manager [-] Deleting neutron.network object s_rally_3bdcec9f_udQXVfcZ (66c2e8ca-26e8-4faa-b15f-a98de0459612)
2019-12-03 03:28:03.110 26246 RALLYDEBUG rally_openstack.cleanup.manager [-] Deleting neutron.network object s_rally_3bdcec9f_TrBVwQ9a (5f545733-1c4f-465a-aa15-b685ea3e11e0)
2019-12-03 03:28:03.132 26246 RALLYDEBUG rally_openstack.cleanup.manager [-] Deleting neutron.network object s_rally_3bdcec9f_As54U8Et (5b174e93-3922-4b6a-a5c6-a0edac27d57f)
2019-12-03 03:28:03.137 26246 RALLYDEBUG rally_openstack.cleanup.manager [-] Deleting neutron.network object s_rally_3bdcec9f_hMmYvaQX (2d8910ec-50c2-4b6c-9a0b-ab1b7711f7c4)
2019-12-03 03:28:03.137 26246 RALLYDEBUG rally_openstack.cleanup.manager [-] Deleting neutron.network object s_rally_3bdcec9f_uT9Marsw (18e10184-c948-4f62-bfd3-3d65b22b2188)
2019-12-03 03:28:03.142 26246 RALLYDEBUG rally_openstack.cleanup.manager [-] Deleting neutron.network object s_rally_3bdcec9f_QTTigopU (34cd3f68-2d43-4db2-bbeb-31121057245e)
2019-12-03 03:28:03.142 26246 RALLYDEBUG rally_openstack.cleanup.manager [-] Deleting neutron.network object s_rally_3bdcec9f_M8V6w0lx (62b5dee8-ccb6-49a7-b2cf-13ccc6fd865f)
2019-12-03 03:28:03.144 26246 RALLYDEBUG rally_openstack.cleanup.manager [-] Deleting neutron.network object s_rally_3bdcec9f_ggilEbMB (2c4227c7-a9cd-4a90-93cb-38efd9593c94)
2019-12-03 03:28:03.138 26246 RALLYDEBUG rally_openstack.cleanup.manager [-] Deleting neutron.network object s_rally_3bdcec9f_yFRuv2br (4da90b93-64c0-4696-ab5f-0a9a824dfec9)
2019-12-03 03:28:03.152 26246 RALLYDEBUG rally_openstack.cleanup.manager [-] Deleting neutron.network object s_rally_3bdcec9f_di507SRp (2f48285b-8e8a-4812-bc41-229bea837e78)
2019-12-03 03:28:03.150 26246 RALLYDEBUG rally_openstack.cleanup.manager [-] Deleting neutron.network object s_rally_3bdcec9f_bqCDq2wn (285efa19-6a6b-4bea-a7ee-2ecd0dc0a67c)
2019-12-03 03:28:03.166 26246 RALLYDEBUG rally_openstack.cleanup.manager [-] Deleting neutron.network object s_rally_3bdcec9f_6XDObgRO (2936a308-60bd-4d81-a935-7c7c9e0fc950)
2019-12-03 03:28:03.179 26246 RALLYDEBUG rally_openstack.cleanup.manager [-] Deleting neutron.network object s_rally_3bdcec9f_xEJSDAA7 (72182dfd-9981-4a63-9556-b3e9960d706b)
2019-12-03 03:28:03.196 26246 RALLYDEBUG rally_openstack.cleanup.manager [-] Deleting neutron.network object s_rally_3bdcec9f_PBwQAlf8 (76d72e4d-c1b2-4736-85ca-bd66967ea549)
2019-12-03 03:28:05.303 26246 RALLYDEBUG rally_openstack.cleanup.manager [-] Deleting neutron.network object s_rally_3bdcec9f_bLBZ0iaX (78713dee-d417-4fcb-bd22-3af256f07e13)
2019-12-03 03:28:05.416 26246 RALLYDEBUG rally_openstack.cleanup.manager [-] Deleting neutron.network object s_rally_3bdcec9f_UObxkWOE (7acd8714-469b-4af1-8fa8-7cd7341ad0ab)
2019-12-03 03:28:05.575 26246 RALLYDEBUG rally_openstack.cleanup.manager [-] Deleting neutron.network object s_rally_3bdcec9f_x1764QYO (800b03a8-8e76-4eb7-b63f-02a8147d4d39)
2019-12-03 03:28:05.704 26246 RALLYDEBUG rally_openstack.cleanup.manager [-] Deleting neutron.network object s_rally_3bdcec9f_pFLBaZin (816d5249-9156-4876-83e4-c8956e2c9ae8)
2019-12-03 03:28:05.754 26246 RALLYDEBUG rally_openstack.cleanup.manager [-] Deleting neutron.network object s_rally_3bdcec9f_452KbeAD (833df72f-ccdc-4052-8854-11315486639f)
2019-12-03 03:28:05.833 26246 RALLYDEBUG rally_openstack.cleanup.manager [-] Deleting neutron.network object s_rally_3bdcec9f_HWBG6x2p (8b517c9d-b2c5-4d7f-8ebb-4c1c88584fcc)
2019-12-03 03:28:06.188 26246 RALLYDEBUG rally_openstack.cleanup.manager [-] Deleting neutron.network object s_rally_3bdcec9f_l4Xm4pUY (a73d47e6-14d0-4bc1-a14b-da8486d5ff32)
2019-12-03 03:28:06.191 26246 RALLYDEBUG rally_openstack.cleanup.manager [-] Deleting neutron.network object s_rally_3bdcec9f_r3VcE3y0 (a6f70a95-cebc-4595-96ea-cd9c70fb07f5)
2019-12-03 03:28:06.199 26246 RALLYDEBUG rally_openstack.cleanup.manager [-] Deleting neutron.network object s_rally_3bdcec9f_ZbJKUsF3 (aa018047-fb3f-4551-8e2d-255f25939e69)
2019-12-03 03:28:06.281 26246 RALLYDEBUG rally_openstack.cleanup.manager [-] Deleting neutron.network object s_rally_3bdcec9f_n6OL43Fp (afe6581b-a32d-4e5d-9b7d-f262295760c5)
2019-12-03 03:28:06.500 26246 RALLYDEBUG rally_openstack.cleanup.manager [-] Deleting neutron.network object s_rally_3bdcec9f_lhBFim35 (e4914c0a-db1f-4b0d-897e-91922c9688ea)
2019-12-03 03:28:06.501 26246 RALLYDEBUG rally_openstack.cleanup.manager [-] Deleting neutron.network object s_rally_3bdcec9f_kpxrVGDd (c88fd85c-6abf-49d1-8d52-e23d1160617f)
2019-12-03 03:28:06.501 26246 RALLYDEBUG rally_openstack.cleanup.manager [-] Deleting neutron.network object s_rally_3bdcec9f_5SjNyd1m (e5c0afb8-44fa-4078-9beb-18f637a125c6)
2019-12-03 03:28:06.506 26246 RALLYDEBUG rally_openstack.cleanup.manager [-] Deleting neutron.network object s_rally_3bdcec9f_hQekIYwk (ba03d1bd-bdec-4dd3-baf7-dd791821eb5f)
2019-12-03 03:28:06.508 26246 RALLYDEBUG rally_openstack.cleanup.manager [-] Deleting neutron.network object s_rally_3bdcec9f_F09cAKiX (d4837fcf-3412-425e-b58b-81e33763cf36)
2019-12-03 03:28:06.509 26246 RALLYDEBUG rally_openstack.cleanup.manager [-] Deleting neutron.network object s_rally_3bdcec9f_8hzlREyJ (e76b142d-2874-4733-97b1-673c586123d6)
2019-12-03 03:28:06.585 26246 RALLYDEBUG rally_openstack.cleanup.manager [-] Deleting neutron.network object s_rally_3bdcec9f_jWRNBIFk (e93fdc39-ffba-4a22-8363-099888f72c33)
2019-12-03 03:28:07.094 26246 RALLYDEBUG rally_openstack.cleanup.manager [-] Deleting neutron.network object s_rally_3bdcec9f_uzo7tWi0 (eb59226f-a586-4f68-bf19-bdbcc55def02)
2019-12-03 03:28:07.095 26246 RALLYDEBUG rally_openstack.cleanup.manager [-] Deleting neutron.network object s_rally_3bdcec9f_mjnfSLUn (f3b12ee9-868d-4d59-8dfe-18646eded67e)
2019-12-03 03:28:07.106 26246 RALLYDEBUG rally_openstack.cleanup.manager [-] Deleting neutron.network object s_rally_3bdcec9f_2ndk9wXe (f8b6f8d6-0da1-4c03-a864-7e1419e7d46b)
2019-12-03 03:28:09.474 26246 RALLYDEBUG rally_openstack.cleanup.manager [-] Cleaning up neutron router objects
2019-12-03 03:28:09.922 26246 RALLYDEBUG rally_openstack.cleanup.manager [-] Cleaning up neutron security_group objects
2019-12-03 03:28:10.363 26246 INFO rally.task.context [-] Task b7b29cb3-79f0-4a87-913a-b553dd9983d5 | Context cleanup@openstack cleanup() finished in 11.30 sec
2019-12-03 03:28:10.363 26246 INFO rally.task.context [-] Task b7b29cb3-79f0-4a87-913a-b553dd9983d5 | Context quotas@openstack cleanup() started
2019-12-03 03:28:10.455 26246 INFO rally.task.context [-] Task b7b29cb3-79f0-4a87-913a-b553dd9983d5 | Context quotas@openstack cleanup() finished in 92.18 msec
2019-12-03 03:28:10.456 26246 INFO rally.task.context [-] Task b7b29cb3-79f0-4a87-913a-b553dd9983d5 | Context users@openstack cleanup() started
2019-12-03 03:28:13.246 26246 INFO rally.task.context [-] Task b7b29cb3-79f0-4a87-913a-b553dd9983d5 | Context users@openstack cleanup() finished in 2.79 sec
2019-12-03 03:28:14.264 26246 INFO rally.task.engine [-] Load duration is: 23.932326
2019-12-03 03:28:14.264 26246 INFO rally.task.engine [-] Full runner duration is: 23.983833
2019-12-03 03:28:14.264 26246 INFO rally.task.engine [-] Full duration is: 41.181198
2019-12-03 03:28:14.648 26246 INFO rally.task.engine [-] Running workload: position = 0 config = { "version": 2, "title": "A cropped version of a bigger task.", "description": "Auto-generated task from a single workload (uuid=20d31c07-d198-4f9e-b18f-17745ee566bd)", "subtasks": [ { "title": "Quotas.neutron_update", "description": "Update quotas for neutron.", "scenario": { "Quotas.neutron_update": { "max_quota": 1024 } }, "contexts": { "users": { "tenants": 20, "users_per_tenant": 1 } }, "runner": { "constant": { "times": 40, "concurrency": 20 } }, "hooks": [], "sla": { "failure_rate": { "max": 0 } } } ] }
2019-12-03 03:28:14.675 26246 RALLYDEBUG rally_openstack.contexts.keystone.users [-] Creating 20 tenants using 20 threads
2019-12-03 03:28:16.971 26246 RALLYDEBUG rally_openstack.contexts.keystone.users [-] Creating 20 users using 20 threads
2019-12-03 03:28:19.692 26246 INFO rally.task.context [-] Task b7b29cb3-79f0-4a87-913a-b553dd9983d5 | Context users@openstack setup() finished in 5.02 sec
2019-12-03 03:28:19.693 26246 INFO rally.task.context [-] Task b7b29cb3-79f0-4a87-913a-b553dd9983d5 | Context admin_cleanup@openstack setup() finished in 0.01 msec
2019-12-03 03:28:19.703 26246 RALLYDEBUG rally.task.runner [-] Starting the constant runner (task UUID: b7b29cb3-79f0-4a87-913a-b553dd9983d5). timeout: 0 concurrency: 20 concurrency_per_worker: 1 times: 40 concurrency_overhead: 4 processes_to_start: 16 max_cpu_used: 16
2019-12-03 03:28:19.718 31102 RALLYDEBUG rally.task.runner [-] Starting a worker. concurrency: 2 args: {"max_quota": 1024} times: 40 method_name: run timeout: 0 duration: None cls:
2019-12-03 03:28:19.722 31103 RALLYDEBUG rally.task.runner [-] Starting a worker. concurrency: 2 args: {"max_quota": 1024} times: 40 method_name: run timeout: 0 duration: None cls:
2019-12-03 03:28:19.725 31104 RALLYDEBUG rally.task.runner [-] Starting a worker. concurrency: 2 args: {"max_quota": 1024} times: 40 method_name: run timeout: 0 duration: None cls:
2019-12-03 03:28:19.728 31105 RALLYDEBUG rally.task.runner [-] Starting a worker. concurrency: 2 args: {"max_quota": 1024} times: 40 method_name: run timeout: 0 duration: None cls:
2019-12-03 03:28:19.733 31102 INFO rally.task.runner [-] Task b7b29cb3-79f0-4a87-913a-b553dd9983d5 | ITER: 1 START
2019-12-03 03:28:19.732 31106 RALLYDEBUG rally.task.runner [-] Starting a worker. concurrency: 1 args: {"max_quota": 1024} times: 40 method_name: run timeout: 0 duration: None cls:
2019-12-03 03:28:19.736 31107 RALLYDEBUG rally.task.runner [-] Starting a worker. concurrency: 1 args: {"max_quota": 1024} times: 40 method_name: run timeout: 0 duration: None cls:
2019-12-03 03:28:19.738 31110 RALLYDEBUG rally.task.runner [-] Starting a worker. concurrency: 1 args: {"max_quota": 1024} times: 40 method_name: run timeout: 0 duration: None cls:
2019-12-03 03:28:19.743 31103 INFO rally.task.runner [-] Task b7b29cb3-79f0-4a87-913a-b553dd9983d5 | ITER: 2 START
2019-12-03 03:28:19.744 31113 RALLYDEBUG rally.task.runner [-] Starting a worker. concurrency: 1 args: {"max_quota": 1024} times: 40 method_name: run timeout: 0 duration: None cls:
2019-12-03 03:28:19.745 31106 INFO rally.task.runner [-] Task b7b29cb3-79f0-4a87-913a-b553dd9983d5 | ITER: 7 START
2019-12-03 03:28:19.748 31104 INFO rally.task.runner [-] Task b7b29cb3-79f0-4a87-913a-b553dd9983d5 | ITER: 3 START
2019-12-03 03:28:19.748 31105 INFO rally.task.runner [-] Task b7b29cb3-79f0-4a87-913a-b553dd9983d5 | ITER: 5 START
2019-12-03 03:28:19.748 31107 INFO rally.task.runner [-] Task b7b29cb3-79f0-4a87-913a-b553dd9983d5 | ITER: 9 START
2019-12-03 03:28:19.749 31117 RALLYDEBUG rally.task.runner [-] Starting a worker. concurrency: 1 args: {"max_quota": 1024} times: 40 method_name: run timeout: 0 duration: None cls:
2019-12-03 03:28:19.750 31110 INFO rally.task.runner [-] Task b7b29cb3-79f0-4a87-913a-b553dd9983d5 | ITER: 11 START
2019-12-03 03:28:19.753 31119 RALLYDEBUG rally.task.runner [-] Starting a worker. concurrency: 1 args: {"max_quota": 1024} times: 40 method_name: run timeout: 0 duration: None cls:
2019-12-03 03:28:19.755 31102 INFO rally.task.runner [-] Task b7b29cb3-79f0-4a87-913a-b553dd9983d5 | ITER: 4 START
2019-12-03 03:28:19.756 31103 INFO rally.task.runner [-] Task b7b29cb3-79f0-4a87-913a-b553dd9983d5 | ITER: 6 START
2019-12-03 03:28:19.756 31123 RALLYDEBUG rally.task.runner [-] Starting a worker. concurrency: 1 args: {"max_quota": 1024} times: 40 method_name: run timeout: 0 duration: None cls:
2019-12-03 03:28:19.759 31113 INFO rally.task.runner [-] Task b7b29cb3-79f0-4a87-913a-b553dd9983d5 | ITER: 12 START
2019-12-03 03:28:19.760 31104 INFO rally.task.runner [-] Task b7b29cb3-79f0-4a87-913a-b553dd9983d5 | ITER: 8 START
2019-12-03 03:28:19.763 31117 INFO rally.task.runner [-] Task b7b29cb3-79f0-4a87-913a-b553dd9983d5 | ITER: 13 START
2019-12-03 03:28:19.763 31130 RALLYDEBUG rally.task.runner [-] Starting a worker. concurrency: 1 args: {"max_quota": 1024} times: 40 method_name: run timeout: 0 duration: None cls:
2019-12-03 03:28:19.768 31119 INFO rally.task.runner [-] Task b7b29cb3-79f0-4a87-913a-b553dd9983d5 | ITER: 14 START
2019-12-03 03:28:19.768 31123 INFO rally.task.runner [-] Task b7b29cb3-79f0-4a87-913a-b553dd9983d5 | ITER: 15 START
2019-12-03 03:28:19.770 31105 INFO rally.task.runner [-] Task b7b29cb3-79f0-4a87-913a-b553dd9983d5 | ITER: 10 START
2019-12-03 03:28:19.772 31135 RALLYDEBUG rally.task.runner [-] Starting a worker. concurrency: 1 args: {"max_quota": 1024} times: 40 method_name: run timeout: 0 duration: None cls:
2019-12-03 03:28:19.774 31130 INFO rally.task.runner [-] Task b7b29cb3-79f0-4a87-913a-b553dd9983d5 | ITER: 16 START
2019-12-03 03:28:19.779 31141 RALLYDEBUG rally.task.runner [-] Starting a worker. concurrency: 1 args: {"max_quota": 1024} times: 40 method_name: run timeout: 0 duration: None cls:
2019-12-03 03:28:19.785 31135 INFO rally.task.runner [-] Task b7b29cb3-79f0-4a87-913a-b553dd9983d5 | ITER: 17 START
2019-12-03 03:28:19.786 31144 RALLYDEBUG rally.task.runner [-] Starting a worker. concurrency: 1 args: {"max_quota": 1024} times: 40 method_name: run timeout: 0 duration: None cls:
2019-12-03 03:28:19.790 31141 INFO rally.task.runner [-] Task b7b29cb3-79f0-4a87-913a-b553dd9983d5 | ITER: 18 START
2019-12-03 03:28:19.793 31147 RALLYDEBUG rally.task.runner [-] Starting a worker. concurrency: 1 args: {"max_quota": 1024} times: 40 method_name: run timeout: 0 duration: None cls:
2019-12-03 03:28:19.795 31144 INFO rally.task.runner [-] Task b7b29cb3-79f0-4a87-913a-b553dd9983d5 | ITER: 19 START
2019-12-03 03:28:19.802 31147 INFO rally.task.runner [-] Task b7b29cb3-79f0-4a87-913a-b553dd9983d5 | ITER: 20 START
2019-12-03 03:28:20.287 31113 INFO rally.task.runner [-] Task b7b29cb3-79f0-4a87-913a-b553dd9983d5 | ITER: 12 END: OK
2019-12-03 03:28:20.296 31113 INFO rally.task.runner [-] Task b7b29cb3-79f0-4a87-913a-b553dd9983d5 | ITER: 21 START
2019-12-03 03:28:20.316 31106 INFO rally.task.runner [-] Task b7b29cb3-79f0-4a87-913a-b553dd9983d5 | ITER: 7 END: OK
2019-12-03 03:28:20.324 31106 INFO rally.task.runner [-] Task b7b29cb3-79f0-4a87-913a-b553dd9983d5 | ITER: 22 START
2019-12-03 03:28:20.329 31103 INFO rally.task.runner [-] Task b7b29cb3-79f0-4a87-913a-b553dd9983d5 | ITER: 6 END: OK
2019-12-03 03:28:20.337 31103 INFO rally.task.runner [-] Task b7b29cb3-79f0-4a87-913a-b553dd9983d5 | ITER: 23 START
2019-12-03 03:28:20.351 31103 INFO rally.task.runner [-] Task b7b29cb3-79f0-4a87-913a-b553dd9983d5 | ITER: 2 END: OK
2019-12-03 03:28:20.353 31104 INFO rally.task.runner [-] Task b7b29cb3-79f0-4a87-913a-b553dd9983d5 | ITER: 3 END: OK
2019-12-03 03:28:20.357 31117 INFO rally.task.runner [-] Task b7b29cb3-79f0-4a87-913a-b553dd9983d5 | ITER: 13 END: OK
2019-12-03 03:28:20.360 31103 INFO rally.task.runner [-] Task b7b29cb3-79f0-4a87-913a-b553dd9983d5 | ITER: 24 START
2019-12-03 03:28:20.361 31104 INFO rally.task.runner [-] Task b7b29cb3-79f0-4a87-913a-b553dd9983d5 | ITER: 25 START
2019-12-03 03:28:20.364 31117 INFO rally.task.runner [-] Task b7b29cb3-79f0-4a87-913a-b553dd9983d5 | ITER: 26 START
2019-12-03 03:28:20.369 31102 INFO rally.task.runner [-] Task b7b29cb3-79f0-4a87-913a-b553dd9983d5 | ITER: 4 END: OK
2019-12-03 03:28:20.377 31102 INFO rally.task.runner [-] Task b7b29cb3-79f0-4a87-913a-b553dd9983d5 | ITER: 27 START
2019-12-03 03:28:20.416 31110 INFO rally.task.runner [-] Task b7b29cb3-79f0-4a87-913a-b553dd9983d5 | ITER: 11 END: OK
2019-12-03 03:28:20.425 31110 INFO rally.task.runner [-] Task b7b29cb3-79f0-4a87-913a-b553dd9983d5 | ITER: 28 START
2019-12-03 03:28:20.428 31123 INFO rally.task.runner [-] Task b7b29cb3-79f0-4a87-913a-b553dd9983d5 | ITER: 15 END: OK
2019-12-03 03:28:20.432 31102 INFO rally.task.runner [-] Task b7b29cb3-79f0-4a87-913a-b553dd9983d5 | ITER: 1 END: OK
2019-12-03 03:28:20.433 31119 INFO rally.task.runner [-] Task b7b29cb3-79f0-4a87-913a-b553dd9983d5 | ITER: 14 END: OK
2019-12-03 03:28:20.436 31123 INFO rally.task.runner [-] Task b7b29cb3-79f0-4a87-913a-b553dd9983d5 | ITER: 29 START
2019-12-03 03:28:20.440 31102 INFO rally.task.runner [-] Task b7b29cb3-79f0-4a87-913a-b553dd9983d5 | ITER: 30 START
2019-12-03 03:28:20.441 31119 INFO rally.task.runner [-] Task b7b29cb3-79f0-4a87-913a-b553dd9983d5 | ITER: 31 START
2019-12-03 03:28:20.445 31107 INFO rally.task.runner [-] Task b7b29cb3-79f0-4a87-913a-b553dd9983d5 | ITER: 9 END: OK
2019-12-03 03:28:20.453 31107 INFO rally.task.runner [-] Task b7b29cb3-79f0-4a87-913a-b553dd9983d5 | ITER: 32 START
2019-12-03 03:28:20.624 31147 INFO rally.task.runner [-] Task b7b29cb3-79f0-4a87-913a-b553dd9983d5 | ITER: 20 END: OK
2019-12-03 03:28:20.625 31141 INFO rally.task.runner [-] Task b7b29cb3-79f0-4a87-913a-b553dd9983d5 | ITER: 18 END: OK
2019-12-03 03:28:20.633 31147 INFO rally.task.runner [-] Task b7b29cb3-79f0-4a87-913a-b553dd9983d5 | ITER: 33 START
2019-12-03 03:28:20.633 31141 INFO rally.task.runner [-] Task b7b29cb3-79f0-4a87-913a-b553dd9983d5 | ITER: 34 START
2019-12-03 03:28:20.651 31130 INFO rally.task.runner [-] Task b7b29cb3-79f0-4a87-913a-b553dd9983d5 | ITER: 16 END: OK
2019-12-03 03:28:20.658 31130 INFO rally.task.runner [-] Task b7b29cb3-79f0-4a87-913a-b553dd9983d5 | ITER: 35 START
2019-12-03 03:28:20.688 31105 INFO rally.task.runner [-] Task b7b29cb3-79f0-4a87-913a-b553dd9983d5 | ITER: 5 END: OK
2019-12-03 03:28:20.696 31105 INFO rally.task.runner [-] Task b7b29cb3-79f0-4a87-913a-b553dd9983d5 | ITER: 36 START
2019-12-03 03:28:20.722 31104 INFO rally.task.runner [-] Task b7b29cb3-79f0-4a87-913a-b553dd9983d5 | ITER: 8 END: OK
2019-12-03 03:28:20.730 31104 INFO rally.task.runner [-] Task b7b29cb3-79f0-4a87-913a-b553dd9983d5 | ITER: 37 START
2019-12-03 03:28:20.730 31105 INFO rally.task.runner [-] Task b7b29cb3-79f0-4a87-913a-b553dd9983d5 | ITER: 10 END: OK
2019-12-03 03:28:20.739 31105 INFO rally.task.runner [-] Task b7b29cb3-79f0-4a87-913a-b553dd9983d5 | ITER: 38 START
2019-12-03 03:28:20.792 31144 INFO rally.task.runner [-] Task b7b29cb3-79f0-4a87-913a-b553dd9983d5 | ITER: 19 END: OK
2019-12-03 03:28:20.801 31135 INFO rally.task.runner [-] Task b7b29cb3-79f0-4a87-913a-b553dd9983d5 | ITER: 17 END: OK
2019-12-03 03:28:20.801 31144 INFO rally.task.runner [-] Task b7b29cb3-79f0-4a87-913a-b553dd9983d5 | ITER: 39 START
2019-12-03 03:28:20.811 31135 INFO rally.task.runner [-] Task b7b29cb3-79f0-4a87-913a-b553dd9983d5 | ITER: 40 START
2019-12-03 03:28:20.851 31113 INFO rally.task.runner [-] Task b7b29cb3-79f0-4a87-913a-b553dd9983d5 | ITER: 21 END: OK
2019-12-03 03:28:20.916 31123 INFO rally.task.runner [-] Task b7b29cb3-79f0-4a87-913a-b553dd9983d5 | ITER: 29 END: OK
2019-12-03 03:28:20.944 31103 INFO rally.task.runner [-] Task b7b29cb3-79f0-4a87-913a-b553dd9983d5 | ITER: 24 END: OK
2019-12-03 03:28:21.046 31102 INFO rally.task.runner [-] Task b7b29cb3-79f0-4a87-913a-b553dd9983d5 | ITER: 30 END: OK
2019-12-03 03:28:21.076 31102 INFO rally.task.runner [-] Task b7b29cb3-79f0-4a87-913a-b553dd9983d5 | ITER: 27 END: OK
2019-12-03 03:28:21.106 31104 INFO rally.task.runner [-] Task b7b29cb3-79f0-4a87-913a-b553dd9983d5 | ITER: 25 END: OK
2019-12-03 03:28:21.113 31117 INFO rally.task.runner [-] Task b7b29cb3-79f0-4a87-913a-b553dd9983d5 | ITER: 26 END: OK
2019-12-03 03:28:21.114 31106 INFO rally.task.runner [-] Task b7b29cb3-79f0-4a87-913a-b553dd9983d5 | ITER: 22 END: OK
2019-12-03 03:28:21.140 31103 INFO rally.task.runner [-] Task b7b29cb3-79f0-4a87-913a-b553dd9983d5 | ITER: 23 END: OK
2019-12-03 03:28:21.190 31119 INFO rally.task.runner [-] Task b7b29cb3-79f0-4a87-913a-b553dd9983d5 | ITER: 31 END: OK
2019-12-03 03:28:21.216 31110 INFO rally.task.runner [-] Task b7b29cb3-79f0-4a87-913a-b553dd9983d5 | ITER: 28 END: OK
2019-12-03 03:28:21.281 31107 INFO rally.task.runner [-] Task b7b29cb3-79f0-4a87-913a-b553dd9983d5 | ITER: 32 END: OK
2019-12-03 03:28:21.342 31141 INFO rally.task.runner [-] Task b7b29cb3-79f0-4a87-913a-b553dd9983d5 | ITER: 34 END: OK
2019-12-03 03:28:21.372 31130 INFO rally.task.runner [-] Task b7b29cb3-79f0-4a87-913a-b553dd9983d5 | ITER: 35 END: OK
2019-12-03 03:28:21.384 31104 INFO rally.task.runner [-] Task b7b29cb3-79f0-4a87-913a-b553dd9983d5 | ITER: 37 END: OK
2019-12-03 03:28:21.389 31105 INFO rally.task.runner [-] Task b7b29cb3-79f0-4a87-913a-b553dd9983d5 | ITER: 38 END: OK
2019-12-03 03:28:21.462 31147 INFO rally.task.runner [-] Task b7b29cb3-79f0-4a87-913a-b553dd9983d5 | ITER: 33 END: OK
2019-12-03 03:28:21.466 31144 INFO rally.task.runner [-] Task b7b29cb3-79f0-4a87-913a-b553dd9983d5 | ITER: 39 END: OK
2019-12-03 03:28:21.470 31105 INFO rally.task.runner [-] Task b7b29cb3-79f0-4a87-913a-b553dd9983d5 | ITER: 36 END: OK
2019-12-03 03:28:21.489 31135 INFO rally.task.runner [-] Task b7b29cb3-79f0-4a87-913a-b553dd9983d5 | ITER: 40 END: OK
2019-12-03 03:28:21.517 26246 INFO rally.task.context [-] Task b7b29cb3-79f0-4a87-913a-b553dd9983d5 | Context admin_cleanup@openstack cleanup() started
2019-12-03 03:28:21.521 26246 RALLYDEBUG rally_openstack.cleanup.manager [-] Cleaning up neutron quota objects
2019-12-03 03:28:23.195 26246 INFO rally.task.context [-] Task b7b29cb3-79f0-4a87-913a-b553dd9983d5 | Context admin_cleanup@openstack cleanup() finished in 1.68 sec
2019-12-03 03:28:23.195 26246 INFO rally.task.context [-] Task b7b29cb3-79f0-4a87-913a-b553dd9983d5 | Context users@openstack cleanup() started
2019-12-03 03:28:44.284 26246 INFO rally.task.context [-] Task b7b29cb3-79f0-4a87-913a-b553dd9983d5 | Context users@openstack cleanup() finished in 21.09 sec
2019-12-03 03:28:44.839 26246 INFO rally.task.engine [-] Load duration is: 1.754929
2019-12-03 03:28:44.839 26246 INFO rally.task.engine [-] Full runner duration is: 1.814927
2019-12-03 03:28:44.839 26246 INFO rally.task.engine [-] Full duration is: 29.614812
2019-12-03 03:28:45.195 26246 INFO rally.task.engine [-] Running workload: position = 0 config = { "version": 2, "title": "A cropped version of a bigger task.", "description": "Auto-generated task from a single workload (uuid=60f9972b-18d2-4e0d-892e-8d2d5d963f2f)", "subtasks": [ { "title": "NeutronTrunks.create_and_list_trunk_subports", "description": "", "scenario": { "NeutronTrunks.create_and_list_trunk_subports": { "subport_count": 125 } }, "contexts": { "users": { "tenants": 1, "users_per_tenant": 1 }, "quotas": { "neutron": { "network": -1, "port": 1000 } } }, "runner": { "constant": { "times": 4, "concurrency": 4 } }, "hooks": [], "sla": { "failure_rate": { "max": 0 } } } ] }
2019-12-03 03:28:45.223 26246 RALLYDEBUG rally_openstack.contexts.keystone.users [-] Creating 1 tenants using 20 threads
2019-12-03 03:28:46.171 26246 RALLYDEBUG rally_openstack.contexts.keystone.users [-] Creating 1 users using 20 threads
2019-12-03 03:28:47.623 26246 INFO rally.task.context [-] Task b7b29cb3-79f0-4a87-913a-b553dd9983d5 | Context users@openstack setup() finished in 2.40 sec
2019-12-03 03:28:48.224 26246 INFO rally.task.context [-] Task b7b29cb3-79f0-4a87-913a-b553dd9983d5 | Context quotas@openstack setup() finished in 0.60 sec
2019-12-03 03:28:48.224 26246 INFO rally.task.context [-] Task b7b29cb3-79f0-4a87-913a-b553dd9983d5 | Context cleanup@openstack setup() finished in 0.00 msec
2019-12-03 03:28:48.233 26246 RALLYDEBUG rally.task.runner [-] Starting the constant runner (task UUID: b7b29cb3-79f0-4a87-913a-b553dd9983d5). timeout: 0 concurrency: 4 concurrency_per_worker: 1 times: 4 concurrency_overhead: 0 processes_to_start: 4 max_cpu_used: 16
2019-12-03 03:28:48.247 31292 RALLYDEBUG rally.task.runner [-] Starting a worker. concurrency: 1 args: {"subport_count": 125} times: 4 method_name: run timeout: 0 duration: None cls:
2019-12-03 03:28:48.251 31293 RALLYDEBUG rally.task.runner [-] Starting a worker. concurrency: 1 args: {"subport_count": 125} times: 4 method_name: run timeout: 0 duration: None cls:
2019-12-03 03:28:48.254 31292 INFO rally.task.runner [-] Task b7b29cb3-79f0-4a87-913a-b553dd9983d5 | ITER: 1 START
2019-12-03 03:28:48.254 31294 RALLYDEBUG rally.task.runner [-] Starting a worker. concurrency: 1 args: {"subport_count": 125} times: 4 method_name: run timeout: 0 duration: None cls:
2019-12-03 03:28:48.258 31293 INFO rally.task.runner [-] Task b7b29cb3-79f0-4a87-913a-b553dd9983d5 | ITER: 2 START
2019-12-03 03:28:48.257 31295 RALLYDEBUG rally.task.runner [-] Starting a worker. concurrency: 1 args: {"subport_count": 125} times: 4 method_name: run timeout: 0 duration: None cls:
2019-12-03 03:28:48.261 31294 INFO rally.task.runner [-] Task b7b29cb3-79f0-4a87-913a-b553dd9983d5 | ITER: 3 START
2019-12-03 03:28:48.263 31295 INFO rally.task.runner [-] Task b7b29cb3-79f0-4a87-913a-b553dd9983d5 | ITER: 4 START
2019-12-03 03:30:35.092 31292 WARNING rally.task.atomic [-] 'optional_action_timer' is deprecated since rally v0.10.0.Please use action_timer instead, we have improved atomic actions, now do not need to explicitly close original action.
2019-12-03 03:30:35.133 31292 WARNING rally.task.atomic [-] 'optional_action_timer' is deprecated since rally v0.10.0.Please use action_timer instead, we have improved atomic actions, now do not need to explicitly close original action.
2019-12-03 03:30:35.675 31292 INFO rally.task.runner [-] Task b7b29cb3-79f0-4a87-913a-b553dd9983d5 | ITER: 1 END: OK
2019-12-03 03:30:37.146 31293 WARNING rally.task.atomic [-] 'optional_action_timer' is deprecated since rally v0.10.0.Please use action_timer instead, we have improved atomic actions, now do not need to explicitly close original action.
2019-12-03 03:30:37.187 31293 WARNING rally.task.atomic [-] 'optional_action_timer' is deprecated since rally v0.10.0.Please use action_timer instead, we have improved atomic actions, now do not need to explicitly close original action.
2019-12-03 03:30:37.934 31293 INFO rally.task.runner [-] Task b7b29cb3-79f0-4a87-913a-b553dd9983d5 | ITER: 2 END: OK
2019-12-03 03:30:38.038 31294 WARNING rally.task.atomic [-] 'optional_action_timer' is deprecated since rally v0.10.0.Please use action_timer instead, we have improved atomic actions, now do not need to explicitly close original action.
2019-12-03 03:30:38.097 31294 WARNING rally.task.atomic [-] 'optional_action_timer' is deprecated since rally v0.10.0.Please use action_timer instead, we have improved atomic actions, now do not need to explicitly close original action.
2019-12-03 03:30:38.122 31295 WARNING rally.task.atomic [-] 'optional_action_timer' is deprecated since rally v0.10.0.Please use action_timer instead, we have improved atomic actions, now do not need to explicitly close original action.
2019-12-03 03:30:38.156 31295 WARNING rally.task.atomic [-] 'optional_action_timer' is deprecated since rally v0.10.0.Please use action_timer instead, we have improved atomic actions, now do not need to explicitly close original action.
2019-12-03 03:30:38.790 31295 INFO rally.task.runner [-] Task b7b29cb3-79f0-4a87-913a-b553dd9983d5 | ITER: 4 END: OK
2019-12-03 03:30:39.004 31294 INFO rally.task.runner [-] Task b7b29cb3-79f0-4a87-913a-b553dd9983d5 | ITER: 3 END: OK
2019-12-03 03:30:39.022 26246 INFO rally.task.context [-] Task b7b29cb3-79f0-4a87-913a-b553dd9983d5 | Context cleanup@openstack cleanup() started
2019-12-03 03:30:39.025 26246 RALLYDEBUG rally_openstack.cleanup.manager [-] Cleaning up neutron vip objects
2019-12-03 03:30:39.458 26246 RALLYDEBUG rally_openstack.cleanup.manager [-] Cleaning up neutron health_monitor objects
2019-12-03 03:30:39.862 26246 RALLYDEBUG rally_openstack.cleanup.manager [-] Cleaning up neutron pool objects
2019-12-03 03:30:40.270 26246 RALLYDEBUG rally_openstack.cleanup.manager [-] Cleaning up neutron loadbalancer objects
2019-12-03 03:30:40.672 26246 RALLYDEBUG rally_openstack.cleanup.manager [-] Cleaning up neutron floatingip objects
2019-12-03 03:30:41.109 26246 RALLYDEBUG rally_openstack.cleanup.manager [-] Cleaning up neutron trunk objects
2019-12-03 03:30:41.522 26246 RALLYDEBUG rally_openstack.cleanup.manager [-] Cleaning up neutron port objects
2019-12-03 03:30:43.086 26246 RALLYDEBUG rally_openstack.cleanup.manager [-] Deleting neutron.port object s_rally_60f9972b_YEpiHH3Y (0089c346-e8dd-411f-9572-8afbe27f5a0a)
2019-12-03 03:30:43.095 26246 RALLYDEBUG rally_openstack.cleanup.manager [-] Deleting neutron.port object s_rally_60f9972b_iZPYqR74 (0324f134-4631-4794-be0f-0c480de0c9ae)
2019-12-03 03:30:43.095 26246 RALLYDEBUG rally_openstack.cleanup.manager [-] Deleting neutron.port object s_rally_60f9972b_mJ7oqPgv (06be4b00-3f4b-412c-a692-3d17ae34a363)
2019-12-03 03:30:43.110 26246 RALLYDEBUG rally_openstack.cleanup.manager [-] Deleting neutron.port object s_rally_60f9972b_vgegPSIh (01551a39-2b54-4115-8f16-fb5568eddd11)
2019-12-03 03:30:43.111 26246 RALLYDEBUG rally_openstack.cleanup.manager [-] Deleting neutron.port object s_rally_60f9972b_h6uQ696v (04e41cd5-6d55-43df-95e8-344c3afca566)
2019-12-03 03:30:43.113 26246 RALLYDEBUG rally_openstack.cleanup.manager [-] Deleting neutron.port object s_rally_60f9972b_RM7UHTvy (065cf1fa-ba95-4e11-9764-8a3b8a3a7e7a)
2019-12-03 03:30:43.116 26246 RALLYDEBUG rally_openstack.cleanup.manager [-] Deleting neutron.port object s_rally_60f9972b_zAR6AwdX (083dca8d-ad38-4804-a026-0d652834b6a7)
2019-12-03 03:30:43.125 26246 RALLYDEBUG rally_openstack.cleanup.manager [-] Deleting neutron.port object s_rally_60f9972b_D2WqWZ51 (0726bbca-563a-43f7-8d8b-941ef58afa2f)
2019-12-03 03:30:43.128 26246 RALLYDEBUG rally_openstack.cleanup.manager [-] Deleting neutron.port object s_rally_60f9972b_Q7SlZ5oV (05e6c0e6-0156-49ca-a39c-ffcf91965849)
2019-12-03 03:30:43.147 26246 RALLYDEBUG rally_openstack.cleanup.manager [-] Deleting neutron.port object s_rally_60f9972b_SPVY9SzL (047895b5-a533-4152-a264-b4f5aec2340c)
2019-12-03 03:30:43.156 26246 RALLYDEBUG rally_openstack.cleanup.manager [-] Deleting neutron.port object s_rally_60f9972b_eC4ZRRfc (010800c7-b041-49c0-9fe8-525c654717ef)
2019-12-03 03:30:43.181 26246 RALLYDEBUG rally_openstack.cleanup.manager [-] Deleting neutron.port object s_rally_60f9972b_57RvwyWa (00cd4748-b039-4320-91e0-7ef861d779de)
2019-12-03 03:30:43.160 26246 RALLYDEBUG rally_openstack.cleanup.manager [-] Deleting neutron.port object s_rally_60f9972b_qpZCfpAZ (09ed7d56-bf52-41b0-b135-c6dc49e3d3e0)
2019-12-03 03:30:43.160 26246 RALLYDEBUG rally_openstack.cleanup.manager [-] Deleting neutron.port object s_rally_60f9972b_sL5SKful (08c463d6-5bf1-45a4-8566-feaa46fdf7ca)
2019-12-03 03:30:43.163 26246 RALLYDEBUG rally_openstack.cleanup.manager [-] Deleting neutron.port object s_rally_60f9972b_RbxsxA4F (0abc6038-f13b-406b-b63e-29d1204baa1a)
2019-12-03 03:30:43.163 26246 RALLYDEBUG rally_openstack.cleanup.manager [-] Deleting neutron.port object s_rally_60f9972b_P6YZqQow (0addede0-dd89-4b87-8de1-5e9c3b49b6e9)
2019-12-03 03:30:43.164 26246 RALLYDEBUG rally_openstack.cleanup.manager [-] Deleting neutron.port object s_rally_60f9972b_5qXJoIvw (04738c38-ec2f-466a-907b-2eb7977d2761)
2019-12-03 03:30:43.169 26246 RALLYDEBUG rally_openstack.cleanup.manager [-] Deleting neutron.port object s_rally_60f9972b_R0fGUOp2 (037863df-4ea1-4219-b058-5cc8b95ac390)
2019-12-03 03:30:43.176 26246 RALLYDEBUG rally_openstack.cleanup.manager [-] Deleting neutron.port object s_rally_60f9972b_RSWIjGMW (05e052a4-e361-4865-a5ae-db0a456e949f)
2019-12-03 03:30:43.157 26246 RALLYDEBUG rally_openstack.cleanup.manager [-] Deleting neutron.port object s_rally_60f9972b_5TzhXKGB (0892926f-f608-475e-9258-7d111b3962c4)
2019-12-03 03:30:45.194 26246 RALLYDEBUG rally_openstack.cleanup.manager [-] Deleting neutron.port object s_rally_60f9972b_omZYseXC (0b226261-0778-4a26-843c-18fda8762f59)
2019-12-03 03:30:45.408 26246 RALLYDEBUG rally_openstack.cleanup.manager [-] Deleting neutron.port object s_rally_60f9972b_dHEGFO6W (0c5fc7b2-bcd6-4e65-b10c-2efb512a358c)
2019-12-03 03:30:45.465 26246 RALLYDEBUG rally_openstack.cleanup.manager [-] Deleting neutron.port object s_rally_60f9972b_BCB4pwvD (0c973e1d-131b-4584-baf9-a928d572e4cf)
2019-12-03 03:30:45.555 26246 RALLYDEBUG rally_openstack.cleanup.manager [-] Deleting neutron.port object s_rally_60f9972b_kdBLHGYP (0cee0793-d7c4-4bc1-97cc-5d8792810491)
2019-12-03 03:30:45.574 26246 RALLYDEBUG rally_openstack.cleanup.manager [-] Deleting neutron.port object s_rally_60f9972b_050ofk6t (0d95e82f-9cfa-41e9-a9e9-fa3e9c917156)
2019-12-03 03:30:45.650 26246 RALLYDEBUG rally_openstack.cleanup.manager [-] Deleting neutron.port object s_rally_60f9972b_ZBNPWWOJ (0de551b3-aa54-49f5-8cce-227e9272df1c)
2019-12-03 03:30:45.705 26246 RALLYDEBUG rally_openstack.cleanup.manager [-] Deleting neutron.port object s_rally_60f9972b_iGHXXtEN (1021aedd-0cdb-4ef2-8dc0-52e43e0a4e96)
2019-12-03 03:30:45.721 26246 RALLYDEBUG rally_openstack.cleanup.manager [-] Deleting neutron.port object s_rally_60f9972b_FFUw8FWA (115bd638-e3a8-4494-b4ad-a267a70ed037)
2019-12-03 03:30:45.732 26246 RALLYDEBUG rally_openstack.cleanup.manager [-] Deleting neutron.port object s_rally_60f9972b_nzOwvivV (134c5280-05bc-466a-ae43-23cafd3aae94)
2019-12-03 03:30:45.864 26246 RALLYDEBUG rally_openstack.cleanup.manager [-] Deleting neutron.port object s_rally_60f9972b_TVuk31pu (135b8ce2-dec3-48e1-a313-d446fe8efcb8)
2019-12-03 03:30:45.905 26246 RALLYDEBUG rally_openstack.cleanup.manager [-] Deleting neutron.port object s_rally_60f9972b_yms95SVb (13c174b7-3a4d-4d86-b244-445bba38cda8)
2019-12-03 03:30:45.933 26246 RALLYDEBUG rally_openstack.cleanup.manager [-] Deleting neutron.port object s_rally_60f9972b_51OaeYUd (1406c0ae-4242-4c6a-9a45-c303a39dfd04)
2019-12-03 03:30:46.019 26246 RALLYDEBUG rally_openstack.cleanup.manager [-] Deleting neutron.port object s_rally_60f9972b_HxEJI5XM (14290b62-6991-4ed6-bba5-1d861913b2c1)
2019-12-03 03:30:46.020 26246 RALLYDEBUG rally_openstack.cleanup.manager [-] Deleting neutron.port object s_rally_60f9972b_nQLZx0SU (14713231-e50a-4a72-b444-df913bfc6b0d)
2019-12-03 03:30:46.134 26246 RALLYDEBUG rally_openstack.cleanup.manager [-] Deleting neutron.port object s_rally_60f9972b_5Q7H3HnV (157ce27c-1635-41aa-aba1-a96e68fa2ac3)
2019-12-03 03:30:46.199 26246 RALLYDEBUG rally_openstack.cleanup.manager [-] Deleting neutron.port object s_rally_60f9972b_4UtJjXKL (16257257-1cb4-4904-96a3-40fa516d6a14)
2019-12-03 03:30:46.208 26246 RALLYDEBUG rally_openstack.cleanup.manager [-] Deleting neutron.port object s_rally_60f9972b_gUoseHJn (16683272-c056-429e-a520-03ca17059f42)
2019-12-03 03:30:46.278 26246 RALLYDEBUG rally_openstack.cleanup.manager [-] Deleting neutron.port object s_rally_60f9972b_Jt8bjOmW (169d4954-a764-4894-8b0a-ffbc365754dd)
2019-12-03 03:30:46.278 26246 RALLYDEBUG rally_openstack.cleanup.manager [-] Deleting neutron.port object s_rally_60f9972b_PIXUtvmB (170ce253-eb70-4a74-8973-fc24e3a3fe2e)
2019-12-03 03:30:46.286 26246 RALLYDEBUG rally_openstack.cleanup.manager [-] Deleting neutron.port object s_rally_60f9972b_L4eXOzwa (177f48c4-c19a-4476-857a-39f038ce7c7f)
2019-12-03 03:30:47.088 26246 RALLYDEBUG rally_openstack.cleanup.manager [-] Deleting neutron.port object s_rally_60f9972b_yDh2k7wI (17e74a0b-cfef-483d-87a3-c9d9d3534aec)
2019-12-03 03:30:47.507 26246 RALLYDEBUG rally_openstack.cleanup.manager [-] Deleting neutron.port object s_rally_60f9972b_uguGVes1 (187b44dc-5b8b-43da-b775-74f9bfd71f33)
2019-12-03 03:30:47.944 26246 RALLYDEBUG rally_openstack.cleanup.manager [-] Deleting neutron.port object s_rally_60f9972b_3KDoNblu (1896bc5d-8f13-4a12-9830-ba8162165c93)
2019-12-03 03:30:47.952 26246 RALLYDEBUG rally_openstack.cleanup.manager [-] Deleting neutron.port object s_rally_60f9972b_JS6xRLLa (1984e3b4-c1c9-4eac-ace1-f0ef41335383)
2019-12-03 03:30:48.031 26246 RALLYDEBUG rally_openstack.cleanup.manager [-] Deleting neutron.port object s_rally_60f9972b_5SNcySjh (1a1be35f-bc03-4602-98b8-e4aeb1100e0d)
2019-12-03 03:30:48.060 26246 RALLYDEBUG rally_openstack.cleanup.manager [-] Deleting neutron.port object s_rally_60f9972b_4zTGC0my (1a5758ed-f0ba-4288-ae52-9e7e499069c0)
2019-12-03 03:30:48.083 26246 RALLYDEBUG rally_openstack.cleanup.manager [-] Deleting neutron.port object s_rally_60f9972b_QfB9E2cI (1a8e0482-6489-4e0a-a50b-ef05196ab9ca)
2019-12-03 03:30:48.099 26246 RALLYDEBUG rally_openstack.cleanup.manager [-] Deleting neutron.port object s_rally_60f9972b_XIErgAx6 (1aa19c59-b407-48d0-b6ff-3d7cc777ac28)
2019-12-03 03:30:48.266 26246 RALLYDEBUG rally_openstack.cleanup.manager [-] Deleting neutron.port object s_rally_60f9972b_U7xMYGJo (1ac579ec-b36f-44c0-8069-69a3729b36b8)
2019-12-03 03:30:48.280 26246 RALLYDEBUG rally_openstack.cleanup.manager [-] Deleting neutron.port object s_rally_60f9972b_DehnCqRa (1c0b3c68-6062-4994-b11f-d8349d22e618)
2019-12-03 03:30:48.300 26246 RALLYDEBUG rally_openstack.cleanup.manager [-] Deleting neutron.port object s_rally_60f9972b_K7PVaOdS (1c4f34f8-c455-48fd-887e-11f6c6322247)
2019-12-03 03:30:48.357 26246 RALLYDEBUG rally_openstack.cleanup.manager [-] Deleting neutron.port object s_rally_60f9972b_M9abNxh7 (1cec2262-c945-4443-8c2b-8a87543cfbe1)
2019-12-03 03:30:48.478 26246 RALLYDEBUG rally_openstack.cleanup.manager [-] Deleting neutron.port object s_rally_60f9972b_sRQtBjJv (1cefea35-7e91-495a-8008-d09e7d9a868d)
2019-12-03 03:30:48.513 26246 RALLYDEBUG rally_openstack.cleanup.manager [-] Deleting neutron.port object s_rally_60f9972b_V7OKQVFG (1d15b6da-0f8c-447d-a54c-5e501bfe50a0)
2019-12-03 03:30:48.722 26246 RALLYDEBUG rally_openstack.cleanup.manager [-] Deleting neutron.port object s_rally_60f9972b_QNJTg98T (1db99675-a388-42c3-884c-5c8a51a41e6b)
2019-12-03 03:30:48.774 26246 RALLYDEBUG rally_openstack.cleanup.manager [-] Deleting neutron.port object s_rally_60f9972b_cbPCVkRr (1eec9a28-1fda-4093-8b2b-2369129932e7)
2019-12-03 03:30:48.798 26246 RALLYDEBUG rally_openstack.cleanup.manager [-] Deleting neutron.port object s_rally_60f9972b_BDleQuMw (1fc9a633-4078-4f26-ab7d-7f16db506981)
2019-12-03 03:30:48.870 26246 RALLYDEBUG rally_openstack.cleanup.manager [-] Deleting neutron.port object s_rally_60f9972b_c363CHzG (1fca0058-ede5-4344-8210-acd782cfa72f)
2019-12-03 03:30:48.911 26246 RALLYDEBUG rally_openstack.cleanup.manager [-] Deleting neutron.port object s_rally_60f9972b_cskI6CyK (20a33dd1-9ce0-472c-b0ec-9fbe05b1b248)
2019-12-03 03:30:48.928 26246 RALLYDEBUG rally_openstack.cleanup.manager [-] Deleting neutron.port object s_rally_60f9972b_Js45lb7d (20d79060-56bb-4301-ba6e-8646342dbd6c)
2019-12-03 03:30:49.048 26246 RALLYDEBUG rally_openstack.cleanup.manager [-] Deleting neutron.port object s_rally_60f9972b_TYKBF7P4 (214dd516-0e62-464d-a186-8cc48ae55601)
2019-12-03 03:30:49.401 26246 RALLYDEBUG rally_openstack.cleanup.manager [-] Deleting neutron.port object s_rally_60f9972b_FHm2ABqZ (2200f3d1-80e2-435c-b1aa-fa2fceea57c8)
2019-12-03 03:30:49.917 26246 RALLYDEBUG rally_openstack.cleanup.manager [-] Deleting neutron.port object s_rally_60f9972b_qjdraPJP (23154b2e-4852-4ff6-ba31-280cf17fd829)
2019-12-03 03:30:49.918 26246 RALLYDEBUG rally_openstack.cleanup.manager [-] Deleting neutron.port object s_rally_60f9972b_i5LVjKra (241877ec-e8bd-4d41-b1e3-55b8f1553cbb)
2019-12-03 03:30:49.970 26246 RALLYDEBUG rally_openstack.cleanup.manager [-] Deleting neutron.port object s_rally_60f9972b_D3bRYVIL (24eeac26-be1a-455c-906e-02114bb741cc)
2019-12-03 03:30:50.222 26246 RALLYDEBUG rally_openstack.cleanup.manager [-] Deleting neutron.port object s_rally_60f9972b_EmIHv1ol (25c11bbe-88bd-48a3-9e9b-b03d1a8a8286)
2019-12-03 03:30:50.258 26246 RALLYDEBUG rally_openstack.cleanup.manager [-] Deleting neutron.port object s_rally_60f9972b_Gf5tBcPU (267d3629-f608-4855-bc12-3b9cc383d4f3)
2019-12-03 03:30:50.351 26246 RALLYDEBUG rally_openstack.cleanup.manager [-] Deleting neutron.port object s_rally_60f9972b_DyJaEl3k (2721ac76-d9d1-4826-90de-473e5f24a994)
2019-12-03 03:30:50.357 26246 RALLYDEBUG rally_openstack.cleanup.manager [-] Deleting neutron.port object s_rally_60f9972b_XtXsqHIe (26c040fd-83dc-48ca-8287-9eadbda0cab5)
2019-12-03 03:30:50.467 26246 RALLYDEBUG rally_openstack.cleanup.manager [-] Deleting neutron.port object s_rally_60f9972b_fWXWAi05 (27f46e8a-1465-4cb1-9868-eef9c179d611)
2019-12-03 03:30:50.483 26246 RALLYDEBUG rally_openstack.cleanup.manager [-] Deleting neutron.port object s_rally_60f9972b_b31ltcCt (28abedd7-7448-4a88-95ac-6d8984605f33)
2019-12-03 03:30:50.678 26246 RALLYDEBUG rally_openstack.cleanup.manager [-] Deleting neutron.port object s_rally_60f9972b_JVfsaNbI (28dc3d96-0f04-406b-8730-74f869a60617)
2019-12-03 03:30:50.688 26246 RALLYDEBUG rally_openstack.cleanup.manager [-] Deleting neutron.port object s_rally_60f9972b_t0OAuCRe (292a0bd1-311f-461b-9057-2b33974cd5af)
2019-12-03 03:30:50.749 26246 RALLYDEBUG rally_openstack.cleanup.manager [-] Deleting neutron.port object s_rally_60f9972b_BhRKs1nr (2a4a4cf9-c72b-45ed-a33c-f5495903406c)
2019-12-03 03:30:50.756 26246 RALLYDEBUG rally_openstack.cleanup.manager [-] Deleting neutron.port object s_rally_60f9972b_NaIDzPJ5 (2a798108-410b-4b4f-ba99-b05b9586ff59)
2019-12-03 03:30:50.767 26246 RALLYDEBUG rally_openstack.cleanup.manager [-] Deleting neutron.port object s_rally_60f9972b_QBuWbxuc (2c1b3bc8-a871-4256-85c6-f8dce9865f17)
2019-12-03 03:30:50.791 26246 RALLYDEBUG rally_openstack.cleanup.manager [-] Deleting neutron.port object s_rally_60f9972b_79sqGX2B (2d236ace-df57-4b01-bcb1-2ade85e26d3b)
2019-12-03 03:30:50.836 26246 RALLYDEBUG rally_openstack.cleanup.manager [-] Deleting neutron.port object s_rally_60f9972b_5AHpriLd (2e69c4a6-82f6-4b61-a5df-c4c163b3b9d1)
2019-12-03 03:30:50.861 26246 RALLYDEBUG rally_openstack.cleanup.manager [-] Deleting neutron.port object s_rally_60f9972b_JdSTdmHQ (2f92e5b0-9965-4a6b-b049-1cd9e0792e66)
2019-12-03 03:30:50.900 26246 RALLYDEBUG rally_openstack.cleanup.manager [-] Deleting neutron.port object s_rally_60f9972b_5uMpsVGY (30609ae7-d796-42ec-b1a3-d21b9da3efc1)
2019-12-03 03:30:51.276 26246 RALLYDEBUG rally_openstack.cleanup.manager [-] Deleting neutron.port object s_rally_60f9972b_j2TjAaE5 (3163fad4-0924-4df2-b396-f9af59b0f15f)
2019-12-03 03:30:51.287 26246 RALLYDEBUG rally_openstack.cleanup.manager [-] Deleting neutron.port object s_rally_60f9972b_IELKQxp8 (341ffbc3-45e5-4b4e-930f-a7a55de5f23d)
2019-12-03 03:30:52.195 26246 RALLYDEBUG rally_openstack.cleanup.manager [-] Deleting neutron.port object s_rally_60f9972b_KtZH2VBL (353b9d5f-1448-4ff3-baf6-477b7288e695)
2019-12-03 03:30:52.208 26246 RALLYDEBUG rally_openstack.cleanup.manager [-] Deleting neutron.port object s_rally_60f9972b_cbmCTbGO (353bdaa5-b570-4e71-b602-68feb82ad9d7)
2019-12-03 03:30:52.218 26246 RALLYDEBUG rally_openstack.cleanup.manager [-] Deleting neutron.port object s_rally_60f9972b_kUSvlc3r (35bf8e07-5363-4683-ab03-aa2fe71dd1d4)
2019-12-03 03:30:52.240 26246 RALLYDEBUG rally_openstack.cleanup.manager [-] Deleting neutron.port object s_rally_60f9972b_UqwWANyR (3662afea-dbd9-4def-8940-7c2aa2c5efef)
2019-12-03 03:30:52.277 26246 RALLYDEBUG rally_openstack.cleanup.manager [-] Deleting neutron.port object s_rally_60f9972b_jNSxahss (36b2a8d6-35c1-46d6-8420-7672c55a464f)
2019-12-03 03:30:52.560 26246 RALLYDEBUG rally_openstack.cleanup.manager [-] Deleting neutron.port object s_rally_60f9972b_7BaVjb3q (36f2aeb3-56b6-476a-b0b5-cf2972e2aec7)
2019-12-03 03:30:52.682 26246 RALLYDEBUG rally_openstack.cleanup.manager [-] Deleting neutron.port object s_rally_60f9972b_n6lUZltG (36f40626-98c9-4e91-a220-814d182624e1)
