2019-12-03 03:13:36.694 26237 RALLYDEBUG rally.api [-] INFO logs from urllib3 and requests module are hide.
2019-12-03 03:13:36.694 26237 RALLYDEBUG rally.api [-] urllib3 insecure warnings are hidden.
2019-12-03 03:13:36.694 26237 RALLYDEBUG rally.api [-] ERROR log from boto module is hide.
2019-12-03 03:13:39.375 26239 RALLYDEBUG rally.api [-] INFO logs from urllib3 and requests module are hide.
2019-12-03 03:13:39.375 26239 RALLYDEBUG rally.api [-] urllib3 insecure warnings are hidden.
2019-12-03 03:13:39.375 26239 RALLYDEBUG rally.api [-] ERROR log from boto module is hide.
2019-12-03 03:13:42.200 26241 RALLYDEBUG rally.api [-] INFO logs from urllib3 and requests module are hide.
2019-12-03 03:13:42.201 26241 RALLYDEBUG rally.api [-] urllib3 insecure warnings are hidden.
2019-12-03 03:13:42.201 26241 RALLYDEBUG rally.api [-] ERROR log from boto module is hide.
2019-12-03 03:13:45.741 26244 RALLYDEBUG rally.api [-] INFO logs from urllib3 and requests module are hide.
2019-12-03 03:13:45.742 26244 RALLYDEBUG rally.api [-] urllib3 insecure warnings are hidden.
2019-12-03 03:13:45.742 26244 RALLYDEBUG rally.api [-] ERROR log from boto module is hide.
2019-12-03 03:13:46.883 26246 RALLYDEBUG rally.api [-] INFO logs from urllib3 and requests module are hide.
2019-12-03 03:13:46.883 26246 RALLYDEBUG rally.api [-] urllib3 insecure warnings are hidden.
2019-12-03 03:13:46.883 26246 RALLYDEBUG rally.api [-] ERROR log from boto module is hide.
2019-12-03 03:13:48.288 26246 INFO rally.common.plugin.discover [-] Loading plugins from directories /root/.rally/plugins/*
2019-12-03 03:13:48.289 26246 INFO rally.common.plugin.discover [-] Loaded module with plugins: /root/.rally/plugins/__init__.py
2019-12-03 03:13:48.292 26246 INFO rally.common.plugin.discover [-] Loaded module with plugins: /root/.rally/plugins/trunk_scenario.py
2019-12-03 03:13:48.540 26246 INFO rally.task.engine [-] Task b7b29cb3-79f0-4a87-913a-b553dd9983d5 | Starting: Task validation.
2019-12-03 03:13:48.595 26246 INFO rally.task.engine [-] Task b7b29cb3-79f0-4a87-913a-b553dd9983d5 | Starting: Task validation of syntax.
2019-12-03 03:13:48.848 26246 INFO rally.task.engine [-] Task b7b29cb3-79f0-4a87-913a-b553dd9983d5 | Completed: Task validation of syntax.
2019-12-03 03:13:48.848 26246 INFO rally.task.engine [-] Task b7b29cb3-79f0-4a87-913a-b553dd9983d5 | Starting: Task validation of required platforms.
2019-12-03 03:13:48.923 26246 INFO rally.task.engine [-] Task b7b29cb3-79f0-4a87-913a-b553dd9983d5 | Completed: Task validation of required platforms.
2019-12-03 03:13:48.924 26246 INFO rally.task.engine [-] Task b7b29cb3-79f0-4a87-913a-b553dd9983d5 | Starting: Task validation of semantic.
2019-12-03 03:13:48.924 26246 INFO rally.task.engine [-] Check health of the environment '7b6592b1-2906-4d8f-b7db-58147244fe7c'.
2019-12-03 03:13:49.833 26246 INFO rally.task.engine [-] Platform existing@openstack (available: True): OK!
2019-12-03 03:13:49.855 26246 RALLYDEBUG rally_openstack.contexts.keystone.users [-] Creating 1 tenants using 20 threads
2019-12-03 03:13:50.741 26246 RALLYDEBUG rally_openstack.contexts.keystone.users [-] Creating 1 users using 20 threads
2019-12-03 03:13:52.216 26246 INFO rally.task.context [-] Task b7b29cb3-79f0-4a87-913a-b553dd9983d5 | Context users@openstack setup() finished in 2.36 sec
2019-12-03 03:13:56.867 26246 INFO rally.task.context [-] Task b7b29cb3-79f0-4a87-913a-b553dd9983d5 | Context users@openstack cleanup() started
2019-12-03 03:14:00.068 26246 INFO rally.task.context [-] Task b7b29cb3-79f0-4a87-913a-b553dd9983d5 | Context users@openstack cleanup() finished in 3.20 sec
2019-12-03 03:14:00.069 26246 INFO rally.task.engine [-] Task b7b29cb3-79f0-4a87-913a-b553dd9983d5 | Completed: Task validation of semantic.
2019-12-03 03:14:00.069 26246 INFO rally.task.engine [-] Task b7b29cb3-79f0-4a87-913a-b553dd9983d5 | Completed: Task validation.
2019-12-03 03:14:00.070 26246 INFO rally.api [-] Task b7b29cb3-79f0-4a87-913a-b553dd9983d5 input file is valid.
2019-12-03 03:14:00.070 26246 INFO rally.api [-] Run Task b7b29cb3-79f0-4a87-913a-b553dd9983d5 against Deployment 7b6592b1-2906-4d8f-b7db-58147244fe7c
2019-12-03 03:14:00.070 26246 INFO rally.task.engine [-] Task b7b29cb3-79f0-4a87-913a-b553dd9983d5 | Starting: Running task.
2019-12-03 03:14:00.232 26246 INFO rally.task.engine [-] Running workload: position = 0 config = { "version": 2, "title": "A cropped version of a bigger task.", "description": "Auto-generated task from a single workload (uuid=0e82546b-1502-476e-a42d-e08ef3f3c5d5)", "subtasks": [ { "title": "NeutronNetworks.create_and_list_networks", "description": "Check performance of list_networks action and ensure > network quotas are not exceeded", "scenario": { "NeutronNetworks.create_and_list_networks": {} }, "contexts": { "users": { "tenants": 1, "users_per_tenant": 1 }, "quotas": { "neutron": { "network": 119 } } }, "runner": { "constant": { "times": 100, "concurrency": 20 } }, "hooks": [], "sla": { "max_avg_duration_per_atomic": { "neutron.list_networks": 15 }, "failure_rate": { "max": 0 } } } ] }
2019-12-03 03:14:00.259 26246 RALLYDEBUG rally_openstack.contexts.keystone.users [-] Creating 1 tenants using 20 threads
2019-12-03 03:14:01.228 26246 RALLYDEBUG rally_openstack.contexts.keystone.users [-] Creating 1 users using 20 threads
2019-12-03 03:14:02.697 26246 INFO rally.task.context [-] Task b7b29cb3-79f0-4a87-913a-b553dd9983d5 | Context users@openstack setup() finished in 2.44 sec
2019-12-03 03:14:03.223 26246 INFO rally.task.context [-] Task b7b29cb3-79f0-4a87-913a-b553dd9983d5 | Context quotas@openstack setup() finished in 0.53 sec
2019-12-03 03:14:03.223 26246 INFO rally.task.context [-] Task b7b29cb3-79f0-4a87-913a-b553dd9983d5 | Context cleanup@openstack setup() finished in 0.01 msec
2019-12-03 03:14:03.235 26246 RALLYDEBUG rally.task.runner [-] Starting the constant runner (task UUID: b7b29cb3-79f0-4a87-913a-b553dd9983d5). timeout: 0 concurrency: 20 concurrency_per_worker: 1 times: 100 concurrency_overhead: 4 processes_to_start: 16 max_cpu_used: 16
2019-12-03 03:14:03.248 26370 RALLYDEBUG rally.task.runner [-] Starting a worker. concurrency: 2 args: {} times: 100 method_name: run timeout: 0 duration: None cls:
2019-12-03 03:14:03.251 26371 RALLYDEBUG rally.task.runner [-] Starting a worker. concurrency: 2 args: {} times: 100 method_name: run timeout: 0 duration: None cls:
2019-12-03 03:14:03.254 26372 RALLYDEBUG rally.task.runner [-] Starting a worker. concurrency: 2 args: {} times: 100 method_name: run timeout: 0 duration: None cls:
2019-12-03 03:14:03.257 26373 RALLYDEBUG rally.task.runner [-] Starting a worker. concurrency: 2 args: {} times: 100 method_name: run timeout: 0 duration: None cls:
2019-12-03 03:14:03.259 26376 RALLYDEBUG rally.task.runner [-] Starting a worker. concurrency: 1 args: {} times: 100 method_name: run timeout: 0 duration: None cls:
2019-12-03 03:14:03.254 26370 INFO rally.task.runner [-] Task b7b29cb3-79f0-4a87-913a-b553dd9983d5 | ITER: 1 START
2019-12-03 03:14:03.265 26376 INFO rally.task.runner [-] Task b7b29cb3-79f0-4a87-913a-b553dd9983d5 | ITER: 8 START
2019-12-03 03:14:03.265 26373 INFO rally.task.runner [-] Task b7b29cb3-79f0-4a87-913a-b553dd9983d5 | ITER: 6 START
2019-12-03 03:14:03.265 26371 INFO rally.task.runner [-] Task b7b29cb3-79f0-4a87-913a-b553dd9983d5 | ITER: 2 START
2019-12-03 03:14:03.265 26379 RALLYDEBUG rally.task.runner [-] Starting a worker. concurrency: 1 args: {} times: 100 method_name: run timeout: 0 duration: None cls:
2019-12-03 03:14:03.267 26372 INFO rally.task.runner [-] Task b7b29cb3-79f0-4a87-913a-b553dd9983d5 | ITER: 4 START
2019-12-03 03:14:03.268 26383 RALLYDEBUG rally.task.runner [-] Starting a worker. concurrency: 1 args: {} times: 100 method_name: run timeout: 0 duration: None cls:
2019-12-03 03:14:03.266 26370 INFO rally.task.runner [-] Task b7b29cb3-79f0-4a87-913a-b553dd9983d5 | ITER: 3 START
2019-12-03 03:14:03.270 26390 RALLYDEBUG rally.task.runner [-] Starting a worker. concurrency: 1 args: {} times: 100 method_name: run timeout: 0 duration: None cls:
2019-12-03 03:14:03.272 26379 INFO rally.task.runner [-] Task b7b29cb3-79f0-4a87-913a-b553dd9983d5 | ITER: 10 START
2019-12-03 03:14:03.273 26391 RALLYDEBUG rally.task.runner [-] Starting a worker. concurrency: 1 args: {} times: 100 method_name: run timeout: 0 duration: None cls:
2019-12-03 03:14:03.274 26372 INFO rally.task.runner [-] Task b7b29cb3-79f0-4a87-913a-b553dd9983d5 | ITER: 7 START
2019-12-03 03:14:03.273 26371 INFO rally.task.runner [-] Task b7b29cb3-79f0-4a87-913a-b553dd9983d5 | ITER: 5 START
2019-12-03 03:14:03.276 26383 INFO rally.task.runner [-] Task b7b29cb3-79f0-4a87-913a-b553dd9983d5 | ITER: 11 START
2019-12-03 03:14:03.277 26390 INFO rally.task.runner [-] Task b7b29cb3-79f0-4a87-913a-b553dd9983d5 | ITER: 12 START
2019-12-03 03:14:03.278 26394 RALLYDEBUG rally.task.runner [-] Starting a worker. concurrency: 1 args: {} times: 100 method_name: run timeout: 0 duration: None cls:
2019-12-03 03:14:03.279 26391 INFO rally.task.runner [-] Task b7b29cb3-79f0-4a87-913a-b553dd9983d5 | ITER: 13 START
2019-12-03 03:14:03.282 26373 INFO rally.task.runner [-] Task b7b29cb3-79f0-4a87-913a-b553dd9983d5 | ITER: 9 START
2019-12-03 03:14:03.284 26394 INFO rally.task.runner [-] Task b7b29cb3-79f0-4a87-913a-b553dd9983d5 | ITER: 14 START
2019-12-03 03:14:03.288 26402 RALLYDEBUG rally.task.runner [-] Starting a worker. concurrency: 1 args: {} times: 100 method_name: run timeout: 0 duration: None cls:
2019-12-03 03:14:03.293 26405 RALLYDEBUG rally.task.runner [-] Starting a worker. concurrency: 1 args: {} times: 100 method_name: run timeout: 0 duration: None cls:
2019-12-03 03:14:03.294 26402 INFO rally.task.runner [-] Task b7b29cb3-79f0-4a87-913a-b553dd9983d5 | ITER: 15 START
2019-12-03 03:14:03.298 26405 INFO rally.task.runner [-] Task b7b29cb3-79f0-4a87-913a-b553dd9983d5 | ITER: 16 START
2019-12-03 03:14:03.304 26410 RALLYDEBUG rally.task.runner [-] Starting a worker. concurrency: 1 args: {} times: 100 method_name: run timeout: 0 duration: None cls:
2019-12-03 03:14:03.309 26410 INFO rally.task.runner [-] Task b7b29cb3-79f0-4a87-913a-b553dd9983d5 | ITER: 17 START
2019-12-03 03:14:03.309 26411 RALLYDEBUG rally.task.runner [-] Starting a worker. concurrency: 1 args: {} times: 100 method_name: run timeout: 0 duration: None cls:
2019-12-03 03:14:03.313 26411 INFO rally.task.runner [-] Task b7b29cb3-79f0-4a87-913a-b553dd9983d5 | ITER: 18 START
2019-12-03 03:14:03.313 26413 RALLYDEBUG rally.task.runner [-] Starting a worker. concurrency: 1 args: {} times: 100 method_name: run timeout: 0 duration: None cls:
2019-12-03 03:14:03.316 26415 RALLYDEBUG rally.task.runner [-] Starting a worker. concurrency: 1 args: {} times: 100 method_name: run timeout: 0 duration: None cls:
2019-12-03 03:14:03.318 26413 INFO rally.task.runner [-] Task b7b29cb3-79f0-4a87-913a-b553dd9983d5 | ITER: 19 START
2019-12-03 03:14:03.320 26415 INFO rally.task.runner [-] Task b7b29cb3-79f0-4a87-913a-b553dd9983d5 | ITER: 20 START
2019-12-03 03:14:04.357 26370 INFO rally.task.runner [-] Task b7b29cb3-79f0-4a87-913a-b553dd9983d5 | ITER: 1 END: OK
2019-12-03 03:14:04.362 26370 INFO rally.task.runner [-] Task b7b29cb3-79f0-4a87-913a-b553dd9983d5 | ITER: 21 START
2019-12-03 03:14:04.384 26373 INFO rally.task.runner [-] Task b7b29cb3-79f0-4a87-913a-b553dd9983d5 | ITER: 9 END: OK
2019-12-03 03:14:04.388 26373 INFO rally.task.runner [-] Task b7b29cb3-79f0-4a87-913a-b553dd9983d5 | ITER: 22 START
2019-12-03 03:14:04.389 26376 INFO rally.task.runner [-] Task b7b29cb3-79f0-4a87-913a-b553dd9983d5 | ITER: 8 END: OK
2019-12-03 03:14:04.393 26376 INFO rally.task.runner [-] Task b7b29cb3-79f0-4a87-913a-b553dd9983d5 | ITER: 23 START
2019-12-03 03:14:04.399 26372 INFO rally.task.runner [-] Task b7b29cb3-79f0-4a87-913a-b553dd9983d5 | ITER: 4 END: OK
2019-12-03 03:14:04.404 26371 INFO rally.task.runner [-] Task b7b29cb3-79f0-4a87-913a-b553dd9983d5 | ITER: 2 END: OK
2019-12-03 03:14:04.404 26372 INFO rally.task.runner [-] Task b7b29cb3-79f0-4a87-913a-b553dd9983d5 | ITER: 24 START
2019-12-03 03:14:04.408 26371 INFO rally.task.runner [-] Task b7b29cb3-79f0-4a87-913a-b553dd9983d5 | ITER: 25 START
2019-12-03 03:14:04.467 26379 INFO rally.task.runner [-] Task b7b29cb3-79f0-4a87-913a-b553dd9983d5 | ITER: 10 END: OK
2019-12-03 03:14:04.472 26379 INFO rally.task.runner [-] Task b7b29cb3-79f0-4a87-913a-b553dd9983d5 | ITER: 26 START
2019-12-03 03:14:04.482 26390 INFO rally.task.runner [-] Task b7b29cb3-79f0-4a87-913a-b553dd9983d5 | ITER: 12 END: OK
2019-12-03 03:14:04.487 26390 INFO rally.task.runner [-] Task b7b29cb3-79f0-4a87-913a-b553dd9983d5 | ITER: 27 START
2019-12-03 03:14:04.570 26383 INFO rally.task.runner [-] Task b7b29cb3-79f0-4a87-913a-b553dd9983d5 | ITER: 11 END: OK
2019-12-03 03:14:04.574 26383 INFO rally.task.runner [-] Task b7b29cb3-79f0-4a87-913a-b553dd9983d5 | ITER: 28 START
2019-12-03 03:14:04.589 26394 INFO rally.task.runner [-] Task b7b29cb3-79f0-4a87-913a-b553dd9983d5 | ITER: 14 END: OK
2019-12-03 03:14:04.593 26394 INFO rally.task.runner [-] Task b7b29cb3-79f0-4a87-913a-b553dd9983d5 | ITER: 29 START
2019-12-03 03:14:04.604 26391 INFO rally.task.runner [-] Task b7b29cb3-79f0-4a87-913a-b553dd9983d5 | ITER: 13 END: OK
2019-12-03 03:14:04.608 26391 INFO rally.task.runner [-] Task b7b29cb3-79f0-4a87-913a-b553dd9983d5 | ITER: 30 START
2019-12-03 03:14:04.758 26370 INFO rally.task.runner [-] Task b7b29cb3-79f0-4a87-913a-b553dd9983d5 | ITER: 3 END: OK
2019-12-03 03:14:04.761 26370 INFO rally.task.runner [-] Task b7b29cb3-79f0-4a87-913a-b553dd9983d5 | ITER: 31 START
2019-12-03 03:14:04.775 26371 INFO rally.task.runner [-] Task b7b29cb3-79f0-4a87-913a-b553dd9983d5 | ITER: 5 END: OK
2019-12-03 03:14:04.779 26371 INFO rally.task.runner [-] Task b7b29cb3-79f0-4a87-913a-b553dd9983d5 | ITER: 32 START
2019-12-03 03:14:04.827 26410 INFO rally.task.runner [-] Task b7b29cb3-79f0-4a87-913a-b553dd9983d5 | ITER: 17 END: OK
2019-12-03 03:14:04.831 26410 INFO rally.task.runner [-] Task b7b29cb3-79f0-4a87-913a-b553dd9983d5 | ITER: 33 START
2019-12-03 03:14:04.966 26372 INFO rally.task.runner [-] Task b7b29cb3-79f0-4a87-913a-b553dd9983d5 | ITER: 7 END: OK
2019-12-03 03:14:04.969 26372 INFO rally.task.runner [-] Task b7b29cb3-79f0-4a87-913a-b553dd9983d5 | ITER: 34 START
2019-12-03 03:14:04.982 26405 INFO rally.task.runner [-] Task b7b29cb3-79f0-4a87-913a-b553dd9983d5 | ITER: 16 END: OK
2019-12-03 03:14:04.987 26405 INFO rally.task.runner [-] Task b7b29cb3-79f0-4a87-913a-b553dd9983d5 | ITER: 35 START
2019-12-03 03:14:05.024 26373 INFO rally.task.runner [-] Task b7b29cb3-79f0-4a87-913a-b553dd9983d5 | ITER: 6 END: OK
2019-12-03 03:14:05.027 26373 INFO rally.task.runner [-] Task b7b29cb3-79f0-4a87-913a-b553dd9983d5 | ITER: 36 START
2019-12-03 03:14:05.055 26413 INFO rally.task.runner [-] Task b7b29cb3-79f0-4a87-913a-b553dd9983d5 | ITER: 19 END: OK
2019-12-03 03:14:05.060 26413 INFO rally.task.runner [-] Task b7b29cb3-79f0-4a87-913a-b553dd9983d5 | ITER: 37 START
2019-12-03 03:14:05.079 26415 INFO rally.task.runner [-] Task b7b29cb3-79f0-4a87-913a-b553dd9983d5 | ITER: 20 END: OK
2019-12-03 03:14:05.084 26415 INFO rally.task.runner [-] Task b7b29cb3-79f0-4a87-913a-b553dd9983d5 | ITER: 38 START
2019-12-03 03:14:05.155 26411 INFO rally.task.runner [-] Task b7b29cb3-79f0-4a87-913a-b553dd9983d5 | ITER: 18 END: OK
2019-12-03 03:14:05.159 26411 INFO rally.task.runner [-] Task b7b29cb3-79f0-4a87-913a-b553dd9983d5 | ITER: 39 START
2019-12-03 03:14:05.198 26402 INFO rally.task.runner [-] Task b7b29cb3-79f0-4a87-913a-b553dd9983d5 | ITER: 15 END: OK
2019-12-03 03:14:05.202 26402 INFO rally.task.runner [-] Task b7b29cb3-79f0-4a87-913a-b553dd9983d5 | ITER: 40 START
2019-12-03 03:14:05.471 26370 INFO rally.task.runner [-] Task b7b29cb3-79f0-4a87-913a-b553dd9983d5 | ITER: 21 END: OK
2019-12-03 03:14:05.475 26370 INFO rally.task.runner [-] Task b7b29cb3-79f0-4a87-913a-b553dd9983d5 | ITER: 41 START
2019-12-03 03:14:05.482 26371 INFO rally.task.runner [-] Task b7b29cb3-79f0-4a87-913a-b553dd9983d5 | ITER: 25 END: OK
2019-12-03 03:14:05.482 26372 INFO rally.task.runner [-] Task b7b29cb3-79f0-4a87-913a-b553dd9983d5 | ITER: 24 END: OK
2019-12-03 03:14:05.485 26371 INFO rally.task.runner [-] Task b7b29cb3-79f0-4a87-913a-b553dd9983d5 | ITER: 42 START
2019-12-03 03:14:05.486 26372 INFO rally.task.runner [-] Task b7b29cb3-79f0-4a87-913a-b553dd9983d5 | ITER: 43 START
2019-12-03 03:14:05.669 26383 INFO rally.task.runner [-] Task b7b29cb3-79f0-4a87-913a-b553dd9983d5 | ITER: 28 END: OK
2019-12-03 03:14:05.673 26383 INFO rally.task.runner [-] Task b7b29cb3-79f0-4a87-913a-b553dd9983d5 | ITER: 44 START
2019-12-03 03:14:05.728 26371 INFO rally.task.runner [-] Task b7b29cb3-79f0-4a87-913a-b553dd9983d5 | ITER: 32 END: OK
2019-12-03 03:14:05.732 26371 INFO rally.task.runner [-] Task b7b29cb3-79f0-4a87-913a-b553dd9983d5 | ITER: 45 START
2019-12-03 03:14:05.762 26379 INFO rally.task.runner [-] Task b7b29cb3-79f0-4a87-913a-b553dd9983d5 | ITER: 26 END: OK
2019-12-03 03:14:05.766 26379 INFO rally.task.runner [-] Task b7b29cb3-79f0-4a87-913a-b553dd9983d5 | ITER: 46 START
2019-12-03 03:14:05.781 26391 INFO rally.task.runner [-] Task b7b29cb3-79f0-4a87-913a-b553dd9983d5 | ITER: 30 END: OK
2019-12-03 03:14:05.785 26391 INFO rally.task.runner [-] Task b7b29cb3-79f0-4a87-913a-b553dd9983d5 | ITER: 47 START
2019-12-03 03:14:05.796 26390 INFO rally.task.runner [-] Task b7b29cb3-79f0-4a87-913a-b553dd9983d5 | ITER: 27 END: OK
2019-12-03 03:14:05.800 26390 INFO rally.task.runner [-] Task b7b29cb3-79f0-4a87-913a-b553dd9983d5 | ITER: 48 START
2019-12-03 03:14:05.896 26376 INFO rally.task.runner [-] Task b7b29cb3-79f0-4a87-913a-b553dd9983d5 | ITER: 23 END: OK
2019-12-03 03:14:05.900 26376 INFO rally.task.runner [-] Task b7b29cb3-79f0-4a87-913a-b553dd9983d5 | ITER: 49 START
2019-12-03 03:14:06.085 26370 INFO rally.task.runner [-] Task b7b29cb3-79f0-4a87-913a-b553dd9983d5 | ITER: 31 END: OK
2019-12-03 03:14:06.091 26394 INFO rally.task.runner [-] Task b7b29cb3-79f0-4a87-913a-b553dd9983d5 | ITER: 29 END: OK
2019-12-03 03:14:06.095 26394 INFO rally.task.runner [-] Task b7b29cb3-79f0-4a87-913a-b553dd9983d5 | ITER: 51 START
2019-12-03 03:14:06.096 26370 INFO rally.task.runner [-] Task b7b29cb3-79f0-4a87-913a-b553dd9983d5 | ITER: 50 START
2019-12-03 03:14:06.152 26410 INFO rally.task.runner [-] Task b7b29cb3-79f0-4a87-913a-b553dd9983d5 | ITER: 33 END: OK
2019-12-03 03:14:06.156 26410 INFO rally.task.runner [-] Task b7b29cb3-79f0-4a87-913a-b553dd9983d5 | ITER: 52 START
2019-12-03 03:14:06.294 26402 INFO rally.task.runner [-] Task b7b29cb3-79f0-4a87-913a-b553dd9983d5 | ITER: 40 END: OK
2019-12-03 03:14:06.297 26402 INFO rally.task.runner [-] Task b7b29cb3-79f0-4a87-913a-b553dd9983d5 | ITER: 53 START
2019-12-03 03:14:06.363 26415 INFO rally.task.runner [-] Task b7b29cb3-79f0-4a87-913a-b553dd9983d5 | ITER: 38 END: OK
2019-12-03 03:14:06.366 26415 INFO rally.task.runner [-] Task b7b29cb3-79f0-4a87-913a-b553dd9983d5 | ITER: 54 START
2019-12-03 03:14:06.393 26373 INFO rally.task.runner [-] Task b7b29cb3-79f0-4a87-913a-b553dd9983d5 | ITER: 36 END: OK
2019-12-03 03:14:06.396 26373 INFO rally.task.runner [-] Task b7b29cb3-79f0-4a87-913a-b553dd9983d5 | ITER: 55 START
2019-12-03 03:14:06.408 26413 INFO rally.task.runner [-] Task b7b29cb3-79f0-4a87-913a-b553dd9983d5 | ITER: 37 END: OK
2019-12-03 03:14:06.412 26413 INFO rally.task.runner [-] Task b7b29cb3-79f0-4a87-913a-b553dd9983d5 | ITER: 56 START
2019-12-03 03:14:06.568 26373 INFO rally.task.runner [-] Task b7b29cb3-79f0-4a87-913a-b553dd9983d5 | ITER: 22 END: OK
2019-12-03 03:14:06.572 26373 INFO rally.task.runner [-] Task b7b29cb3-79f0-4a87-913a-b553dd9983d5 | ITER: 57 START
2019-12-03 03:14:06.660 26371 INFO rally.task.runner [-] Task b7b29cb3-79f0-4a87-913a-b553dd9983d5 | ITER: 42 END: OK
2019-12-03 03:14:06.663 26371 INFO rally.task.runner [-] Task b7b29cb3-79f0-4a87-913a-b553dd9983d5 | ITER: 58 START
2019-12-03 03:14:06.673 26405 INFO rally.task.runner [-] Task b7b29cb3-79f0-4a87-913a-b553dd9983d5 | ITER: 35 END: OK
2019-12-03 03:14:06.676 26405 INFO rally.task.runner [-] Task b7b29cb3-79f0-4a87-913a-b553dd9983d5 | ITER: 59 START
2019-12-03 03:14:06.680 26371 INFO rally.task.runner [-] Task b7b29cb3-79f0-4a87-913a-b553dd9983d5 | ITER: 45 END: OK
2019-12-03 03:14:06.687 26371 INFO rally.task.runner [-] Task b7b29cb3-79f0-4a87-913a-b553dd9983d5 | ITER: 60 START
2019-12-03 03:14:06.769 26411 INFO rally.task.runner [-] Task b7b29cb3-79f0-4a87-913a-b553dd9983d5 | ITER: 39 END: OK
2019-12-03 03:14:06.772 26411 INFO rally.task.runner [-] Task b7b29cb3-79f0-4a87-913a-b553dd9983d5 | ITER: 61 START
2019-12-03 03:14:06.848 26370 INFO rally.task.runner [-] Task b7b29cb3-79f0-4a87-913a-b553dd9983d5 | ITER: 41 END: OK
2019-12-03 03:14:06.851 26370 INFO rally.task.runner [-] Task b7b29cb3-79f0-4a87-913a-b553dd9983d5 | ITER: 62 START
2019-12-03 03:14:06.951 26372 INFO rally.task.runner [-] Task b7b29cb3-79f0-4a87-913a-b553dd9983d5 | ITER: 34 END: OK
2019-12-03 03:14:06.955 26372 INFO rally.task.runner [-] Task b7b29cb3-79f0-4a87-913a-b553dd9983d5 | ITER: 63 START
2019-12-03 03:14:07.017 26372 INFO rally.task.runner [-] Task b7b29cb3-79f0-4a87-913a-b553dd9983d5 | ITER: 43 END: OK
2019-12-03 03:14:07.021 26372 INFO rally.task.runner [-] Task b7b29cb3-79f0-4a87-913a-b553dd9983d5 | ITER: 64 START
2019-12-03 03:14:07.114 26391 INFO rally.task.runner [-] Task b7b29cb3-79f0-4a87-913a-b553dd9983d5 | ITER: 47 END: OK
2019-12-03 03:14:07.117 26391 INFO rally.task.runner [-] Task b7b29cb3-79f0-4a87-913a-b553dd9983d5 | ITER: 65 START
2019-12-03 03:14:07.123 26390 INFO rally.task.runner [-] Task b7b29cb3-79f0-4a87-913a-b553dd9983d5 | ITER: 48 END: OK
2019-12-03 03:14:07.126 26390 INFO rally.task.runner [-] Task b7b29cb3-79f0-4a87-913a-b553dd9983d5 | ITER: 66 START
2019-12-03 03:14:07.221 26394 INFO rally.task.runner [-] Task b7b29cb3-79f0-4a87-913a-b553dd9983d5 | ITER: 51 END: OK
2019-12-03 03:14:07.225 26394 INFO rally.task.runner [-] Task b7b29cb3-79f0-4a87-913a-b553dd9983d5 | ITER: 67 START
2019-12-03 03:14:07.249 26376 INFO rally.task.runner [-] Task b7b29cb3-79f0-4a87-913a-b553dd9983d5 | ITER: 49 END: OK
2019-12-03 03:14:07.252 26376 INFO rally.task.runner [-] Task b7b29cb3-79f0-4a87-913a-b553dd9983d5 | ITER: 68 START
2019-12-03 03:14:07.286 26402 INFO rally.task.runner [-] Task b7b29cb3-79f0-4a87-913a-b553dd9983d5 | ITER: 53 END: OK
2019-12-03 03:14:07.290 26402 INFO rally.task.runner [-] Task b7b29cb3-79f0-4a87-913a-b553dd9983d5 | ITER: 69 START
2019-12-03 03:14:07.412 26415 INFO rally.task.runner [-] Task b7b29cb3-79f0-4a87-913a-b553dd9983d5 | ITER: 54 END: OK
2019-12-03 03:14:07.416 26415 INFO rally.task.runner [-] Task b7b29cb3-79f0-4a87-913a-b553dd9983d5 | ITER: 70 START
2019-12-03 03:14:07.504 26413 INFO rally.task.runner [-] Task b7b29cb3-79f0-4a87-913a-b553dd9983d5 | ITER: 56 END: OK
2019-12-03 03:14:07.507 26413 INFO rally.task.runner [-] Task b7b29cb3-79f0-4a87-913a-b553dd9983d5 | ITER: 71 START
2019-12-03 03:14:07.531 26370 INFO rally.task.runner [-] Task b7b29cb3-79f0-4a87-913a-b553dd9983d5 | ITER: 50 END: OK
2019-12-03 03:14:07.535 26370 INFO rally.task.runner [-] Task b7b29cb3-79f0-4a87-913a-b553dd9983d5 | ITER: 72 START
2019-12-03 03:14:07.643 26379 INFO rally.task.runner [-] Task b7b29cb3-79f0-4a87-913a-b553dd9983d5 | ITER: 46 END: OK
2019-12-03 03:14:07.644 26383 INFO rally.task.runner [-] Task b7b29cb3-79f0-4a87-913a-b553dd9983d5 | ITER: 44 END: OK
2019-12-03 03:14:07.646 26379 INFO rally.task.runner [-] Task b7b29cb3-79f0-4a87-913a-b553dd9983d5 | ITER: 73 START
2019-12-03 03:14:07.648 26383 INFO rally.task.runner [-] Task b7b29cb3-79f0-4a87-913a-b553dd9983d5 | ITER: 74 START
2019-12-03 03:14:07.743 26373 INFO rally.task.runner [-] Task b7b29cb3-79f0-4a87-913a-b553dd9983d5 | ITER: 55 END: OK
2019-12-03 03:14:07.747 26373 INFO rally.task.runner [-] Task b7b29cb3-79f0-4a87-913a-b553dd9983d5 | ITER: 75 START
2019-12-03 03:14:07.936 26410 INFO rally.task.runner [-] Task b7b29cb3-79f0-4a87-913a-b553dd9983d5 | ITER: 52 END: OK
2019-12-03 03:14:07.939 26410 INFO rally.task.runner [-] Task b7b29cb3-79f0-4a87-913a-b553dd9983d5 | ITER: 76 START
2019-12-03 03:14:08.331 26405 INFO rally.task.runner [-] Task b7b29cb3-79f0-4a87-913a-b553dd9983d5 | ITER: 59 END: OK
2019-12-03 03:14:08.334 26405 INFO rally.task.runner [-] Task b7b29cb3-79f0-4a87-913a-b553dd9983d5 | ITER: 77 START
2019-12-03 03:14:08.335 26390 INFO rally.task.runner [-] Task b7b29cb3-79f0-4a87-913a-b553dd9983d5 | ITER: 66 END: OK
2019-12-03 03:14:08.339 26390 INFO rally.task.runner [-] Task b7b29cb3-79f0-4a87-913a-b553dd9983d5 | ITER: 78 START
2019-12-03 03:14:08.408 26373 INFO rally.task.runner [-] Task b7b29cb3-79f0-4a87-913a-b553dd9983d5 | ITER: 57 END: OK
2019-12-03 03:14:08.417 26373 INFO rally.task.runner [-] Task b7b29cb3-79f0-4a87-913a-b553dd9983d5 | ITER: 79 START
2019-12-03 03:14:08.418 26371 INFO rally.task.runner [-] Task b7b29cb3-79f0-4a87-913a-b553dd9983d5 | ITER: 58 END: OK
2019-12-03 03:14:08.422 26371 INFO rally.task.runner [-] Task b7b29cb3-79f0-4a87-913a-b553dd9983d5 | ITER: 80 START
2019-12-03 03:14:08.440 26371 INFO rally.task.runner [-] Task b7b29cb3-79f0-4a87-913a-b553dd9983d5 | ITER: 60 END: OK
2019-12-03 03:14:08.443 26371 INFO rally.task.runner [-] Task b7b29cb3-79f0-4a87-913a-b553dd9983d5 | ITER: 81 START
2019-12-03 03:14:08.456 26372 INFO rally.task.runner [-] Task b7b29cb3-79f0-4a87-913a-b553dd9983d5 | ITER: 64 END: OK
2019-12-03 03:14:08.460 26372 INFO rally.task.runner [-] Task b7b29cb3-79f0-4a87-913a-b553dd9983d5 | ITER: 82 START
2019-12-03 03:14:08.467 26370 INFO rally.task.runner [-] Task b7b29cb3-79f0-4a87-913a-b553dd9983d5 | ITER: 62 END: OK
2019-12-03 03:14:08.471 26370 INFO rally.task.runner [-] Task b7b29cb3-79f0-4a87-913a-b553dd9983d5 | ITER: 83 START
2019-12-03 03:14:08.488 26415 INFO rally.task.runner [-] Task b7b29cb3-79f0-4a87-913a-b553dd9983d5 | ITER: 70 END: OK
2019-12-03 03:14:08.491 26415 INFO rally.task.runner [-] Task b7b29cb3-79f0-4a87-913a-b553dd9983d5 | ITER: 84 START
2019-12-03 03:14:08.506 26370 INFO rally.task.runner [-] Task b7b29cb3-79f0-4a87-913a-b553dd9983d5 | ITER: 72 END: OK
2019-12-03 03:14:08.508 26394 INFO rally.task.runner [-] Task b7b29cb3-79f0-4a87-913a-b553dd9983d5 | ITER: 67 END: OK
2019-12-03 03:14:08.509 26370 INFO rally.task.runner [-] Task b7b29cb3-79f0-4a87-913a-b553dd9983d5 | ITER: 85 START
2019-12-03 03:14:08.513 26394 INFO rally.task.runner [-] Task b7b29cb3-79f0-4a87-913a-b553dd9983d5 | ITER: 86 START
2019-12-03 03:14:08.835 26391 INFO rally.task.runner [-] Task b7b29cb3-79f0-4a87-913a-b553dd9983d5 | ITER: 65 END: OK
2019-12-03 03:14:08.839 26391 INFO rally.task.runner [-] Task b7b29cb3-79f0-4a87-913a-b553dd9983d5 | ITER: 87 START
2019-12-03 03:14:08.976 26402 INFO rally.task.runner [-] Task b7b29cb3-79f0-4a87-913a-b553dd9983d5 | ITER: 69 END: OK
2019-12-03 03:14:08.980 26402 INFO rally.task.runner [-] Task b7b29cb3-79f0-4a87-913a-b553dd9983d5 | ITER: 88 START
2019-12-03 03:14:09.009 26376 INFO rally.task.runner [-] Task b7b29cb3-79f0-4a87-913a-b553dd9983d5 | ITER: 68 END: OK
2019-12-03 03:14:09.013 26376 INFO rally.task.runner [-] Task b7b29cb3-79f0-4a87-913a-b553dd9983d5 | ITER: 89 START
2019-12-03 03:14:09.081 26383 INFO rally.task.runner [-] Task b7b29cb3-79f0-4a87-913a-b553dd9983d5 | ITER: 74 END: OK
2019-12-03 03:14:09.085 26383 INFO rally.task.runner [-] Task b7b29cb3-79f0-4a87-913a-b553dd9983d5 | ITER: 90 START
2019-12-03 03:14:09.091 26411 INFO rally.task.runner [-] Task b7b29cb3-79f0-4a87-913a-b553dd9983d5 | ITER: 61 END: OK
2019-12-03 03:14:09.095 26411 INFO rally.task.runner [-] Task b7b29cb3-79f0-4a87-913a-b553dd9983d5 | ITER: 91 START
2019-12-03 03:14:09.095 26413 INFO rally.task.runner [-] Task b7b29cb3-79f0-4a87-913a-b553dd9983d5 | ITER: 71 END: OK
2019-12-03 03:14:09.099 26413 INFO rally.task.runner [-] Task b7b29cb3-79f0-4a87-913a-b553dd9983d5 | ITER: 92 START
2019-12-03 03:14:09.152 26373 INFO rally.task.runner [-] Task b7b29cb3-79f0-4a87-913a-b553dd9983d5 | ITER: 75 END: OK
2019-12-03 03:14:09.156 26373 INFO rally.task.runner [-] Task b7b29cb3-79f0-4a87-913a-b553dd9983d5 | ITER: 93 START
2019-12-03 03:14:09.174 26372 INFO rally.task.runner [-] Task b7b29cb3-79f0-4a87-913a-b553dd9983d5 | ITER: 63 END: OK
2019-12-03 03:14:09.178 26372 INFO rally.task.runner [-] Task b7b29cb3-79f0-4a87-913a-b553dd9983d5 | ITER: 94 START
2019-12-03 03:14:09.241 26379 INFO rally.task.runner [-] Task b7b29cb3-79f0-4a87-913a-b553dd9983d5 | ITER: 73 END: OK
2019-12-03 03:14:09.245 26379 INFO rally.task.runner [-] Task b7b29cb3-79f0-4a87-913a-b553dd9983d5 | ITER: 95 START
2019-12-03 03:14:09.280 26410 INFO rally.task.runner [-] Task b7b29cb3-79f0-4a87-913a-b553dd9983d5 | ITER: 76 END: OK
2019-12-03 03:14:09.284 26410 INFO rally.task.runner [-] Task b7b29cb3-79f0-4a87-913a-b553dd9983d5 | ITER: 96 START
2019-12-03 03:14:09.480 26405 INFO rally.task.runner [-] Task b7b29cb3-79f0-4a87-913a-b553dd9983d5 | ITER: 77 END: OK
2019-12-03 03:14:09.484 26405 INFO rally.task.runner [-] Task b7b29cb3-79f0-4a87-913a-b553dd9983d5 | ITER: 97 START
2019-12-03 03:14:09.726 26370 INFO rally.task.runner [-] Task b7b29cb3-79f0-4a87-913a-b553dd9983d5 | ITER: 83 END: OK
2019-12-03 03:14:09.730 26370 INFO rally.task.runner [-] Task b7b29cb3-79f0-4a87-913a-b553dd9983d5 | ITER: 98 START
2019-12-03 03:14:09.762 26394 INFO rally.task.runner [-] Task b7b29cb3-79f0-4a87-913a-b553dd9983d5 | ITER: 86 END: OK
2019-12-03 03:14:09.766 26394 INFO rally.task.runner [-] Task b7b29cb3-79f0-4a87-913a-b553dd9983d5 | ITER: 99 START
2019-12-03 03:14:09.809 26371 INFO rally.task.runner [-] Task b7b29cb3-79f0-4a87-913a-b553dd9983d5 | ITER: 80 END: OK
2019-12-03 03:14:09.813 26371 INFO rally.task.runner [-] Task b7b29cb3-79f0-4a87-913a-b553dd9983d5 | ITER: 100 START
2019-12-03 03:14:09.832 26371 INFO rally.task.runner [-] Task b7b29cb3-79f0-4a87-913a-b553dd9983d5 | ITER: 81 END: OK
2019-12-03 03:14:09.992 26372 INFO rally.task.runner [-] Task b7b29cb3-79f0-4a87-913a-b553dd9983d5 | ITER: 82 END: OK
2019-12-03 03:14:10.029 26390 INFO rally.task.runner [-] Task b7b29cb3-79f0-4a87-913a-b553dd9983d5 | ITER: 78 END: OK
2019-12-03 03:14:10.078 26402 INFO rally.task.runner [-] Task b7b29cb3-79f0-4a87-913a-b553dd9983d5 | ITER: 88 END: OK
2019-12-03 03:14:10.130 26415 INFO rally.task.runner [-] Task b7b29cb3-79f0-4a87-913a-b553dd9983d5 | ITER: 84 END: OK
2019-12-03 03:14:10.146 26373 INFO rally.task.runner [-] Task b7b29cb3-79f0-4a87-913a-b553dd9983d5 | ITER: 79 END: OK
2019-12-03 03:14:10.156 26411 INFO rally.task.runner [-] Task b7b29cb3-79f0-4a87-913a-b553dd9983d5 | ITER: 91 END: OK
2019-12-03 03:14:10.485 26370 INFO rally.task.runner [-] Task b7b29cb3-79f0-4a87-913a-b553dd9983d5 | ITER: 85 END: OK
2019-12-03 03:14:10.514 26410 INFO rally.task.runner [-] Task b7b29cb3-79f0-4a87-913a-b553dd9983d5 | ITER: 96 END: OK
2019-12-03 03:14:10.566 26376 INFO rally.task.runner [-] Task b7b29cb3-79f0-4a87-913a-b553dd9983d5 | ITER: 89 END: OK
2019-12-03 03:14:10.572 26372 INFO rally.task.runner [-] Task b7b29cb3-79f0-4a87-913a-b553dd9983d5 | ITER: 94 END: OK
2019-12-03 03:14:10.584 26391 INFO rally.task.runner [-] Task b7b29cb3-79f0-4a87-913a-b553dd9983d5 | ITER: 87 END: OK
2019-12-03 03:14:10.706 26394 INFO rally.task.runner [-] Task b7b29cb3-79f0-4a87-913a-b553dd9983d5 | ITER: 99 END: OK
2019-12-03 03:14:10.716 26405 INFO rally.task.runner [-] Task b7b29cb3-79f0-4a87-913a-b553dd9983d5 | ITER: 97 END: OK
2019-12-03 03:14:10.756 26373 INFO rally.task.runner [-] Task b7b29cb3-79f0-4a87-913a-b553dd9983d5 | ITER: 93 END: OK
2019-12-03 03:14:10.782 26383 INFO rally.task.runner [-] Task b7b29cb3-79f0-4a87-913a-b553dd9983d5 | ITER: 90 END: OK
2019-12-03 03:14:10.901 26379 INFO rally.task.runner [-] Task b7b29cb3-79f0-4a87-913a-b553dd9983d5 | ITER: 95 END: OK
2019-12-03 03:14:11.008 26370 INFO rally.task.runner [-] Task b7b29cb3-79f0-4a87-913a-b553dd9983d5 | ITER: 98 END: OK
2019-12-03 03:14:11.039 26371 INFO rally.task.runner [-] Task b7b29cb3-79f0-4a87-913a-b553dd9983d5 | ITER: 100 END: OK
2019-12-03 03:14:11.220 26413 INFO rally.task.runner [-] Task b7b29cb3-79f0-4a87-913a-b553dd9983d5 | ITER: 92 END: OK
2019-12-03 03:14:11.248 26246 INFO rally.task.context [-] Task b7b29cb3-79f0-4a87-913a-b553dd9983d5 | Context cleanup@openstack cleanup() started
2019-12-03 03:14:11.251 26246 RALLYDEBUG rally_openstack.cleanup.manager [-] Cleaning up neutron vip objects
2019-12-03 03:14:11.648 26246 RALLYDEBUG rally_openstack.cleanup.manager [-] Cleaning up neutron health_monitor objects
2019-12-03 03:14:12.069 26246 RALLYDEBUG rally_openstack.cleanup.manager [-] Cleaning up neutron pool objects
2019-12-03 03:14:12.471 26246 RALLYDEBUG rally_openstack.cleanup.manager [-] Cleaning up neutron loadbalancer objects
2019-12-03 03:14:12.862 26246 RALLYDEBUG rally_openstack.cleanup.manager [-] Cleaning up neutron floatingip objects
2019-12-03 03:14:13.302 26246 RALLYDEBUG rally_openstack.cleanup.manager [-] Cleaning up neutron trunk objects
2019-12-03 03:14:13.713 26246 RALLYDEBUG rally_openstack.cleanup.manager [-] Cleaning up neutron port objects
2019-12-03 03:14:14.135 26246 RALLYDEBUG rally_openstack.cleanup.manager [-] Cleaning up neutron subnet objects
2019-12-03 03:14:14.554 26246 RALLYDEBUG rally_openstack.cleanup.manager [-] Cleaning up neutron network objects
2019-12-03 03:14:15.282 26246 RALLYDEBUG rally_openstack.cleanup.manager [-] Deleting neutron.network object s_rally_0e82546b_QcfSeYvf (02ae8da2-f25a-444c-8b45-b93352226696)
2019-12-03 03:14:15.296 26246 RALLYDEBUG rally_openstack.cleanup.manager [-] Deleting neutron.network object s_rally_0e82546b_gotDsE6M (02e8a781-94ca-4a77-947a-6f84a4b8b34c)
2019-12-03 03:14:15.299 26246 RALLYDEBUG rally_openstack.cleanup.manager [-] Deleting neutron.network object s_rally_0e82546b_rteeCgGw (19b70e1f-af3f-4c97-ad68-58f500e3c9de)
2019-12-03 03:14:15.312 26246 RALLYDEBUG rally_openstack.cleanup.manager [-] Deleting neutron.network object s_rally_0e82546b_JHUvdFcG (0421f59e-b652-46a9-8123-5fc38809642d)
2019-12-03 03:14:15.317 26246 RALLYDEBUG rally_openstack.cleanup.manager [-] Deleting neutron.network object s_rally_0e82546b_59QijKq2 (20fa0028-f4e8-4e9f-a136-65822a8b4eaa)
2019-12-03 03:14:15.319 26246 RALLYDEBUG rally_openstack.cleanup.manager [-] Deleting neutron.network object s_rally_0e82546b_0NV4Mj2d (1a4594a8-9f47-47dc-a3fb-0171306329fa)
2019-12-03 03:14:15.327 26246 RALLYDEBUG rally_openstack.cleanup.manager [-] Deleting neutron.network object s_rally_0e82546b_saSoMZUg (0df5908b-64ae-4983-9e71-d198655afa18)
2019-12-03 03:14:15.341 26246 RALLYDEBUG rally_openstack.cleanup.manager [-] Deleting neutron.network object s_rally_0e82546b_IzyxFBhe (24308b0a-7978-4f90-958f-089304fe8991)
2019-12-03 03:14:15.341 26246 RALLYDEBUG rally_openstack.cleanup.manager [-] Deleting neutron.network object s_rally_0e82546b_NQiV06No (23b9adb5-2012-4d0c-9c78-860d37f4c49a)
2019-12-03 03:14:15.344 26246 RALLYDEBUG rally_openstack.cleanup.manager [-] Deleting neutron.network object s_rally_0e82546b_okEOn7y3 (34066e2d-700c-4bf9-ab8f-a6547114227a)
2019-12-03 03:14:15.344 26246 RALLYDEBUG rally_openstack.cleanup.manager [-] Deleting neutron.network object s_rally_0e82546b_5jzOo6YX (28a60fda-2a99-430b-ba5f-513496c40d89)
2019-12-03 03:14:15.352 26246 RALLYDEBUG rally_openstack.cleanup.manager [-] Deleting neutron.network object s_rally_0e82546b_c8CGfsZE (12f71d32-7a32-49b5-922f-0d9b20c1f00a)
2019-12-03 03:14:15.353 26246 RALLYDEBUG rally_openstack.cleanup.manager [-] Deleting neutron.network object s_rally_0e82546b_GRctGNbL (0f90de62-4cd0-42e7-af7b-ad82e652221a)
2019-12-03 03:14:15.362 26246 RALLYDEBUG rally_openstack.cleanup.manager [-] Deleting neutron.network object s_rally_0e82546b_0scdtAL0 (398831f1-51a1-456c-8f23-ca0571da4ab4)
2019-12-03 03:14:15.357 26246 RALLYDEBUG rally_openstack.cleanup.manager [-] Deleting neutron.network object s_rally_0e82546b_CsHFuq51 (2d620b2e-7090-4577-8308-79ea64e025fd)
2019-12-03 03:14:15.386 26246 RALLYDEBUG rally_openstack.cleanup.manager [-] Deleting neutron.network object s_rally_0e82546b_J9so9Qyz (10fc3d9a-8355-455d-be20-42bbf8bb0010)
2019-12-03 03:14:15.407 26246 RALLYDEBUG rally_openstack.cleanup.manager [-] Deleting neutron.network object s_rally_0e82546b_Wd1jd5Ai (0cc360a6-d052-4a22-8289-87a6c384010a)
2019-12-03 03:14:15.412 26246 RALLYDEBUG rally_openstack.cleanup.manager [-] Deleting neutron.network object s_rally_0e82546b_9hGPnuYf (26ad8cc4-33e3-401a-824a-6cf8660f480b)
2019-12-03 03:14:15.415 26246 RALLYDEBUG rally_openstack.cleanup.manager [-] Deleting neutron.network object s_rally_0e82546b_m4ycINvw (3a8434fb-8bb9-4fe2-9861-29d70675e061)
2019-12-03 03:14:15.418 26246 RALLYDEBUG rally_openstack.cleanup.manager [-] Deleting neutron.network object s_rally_0e82546b_q4X5LWiw (0af54846-0a74-4774-9c41-67ff63376ac0)
2019-12-03 03:14:17.439 26246 RALLYDEBUG rally_openstack.cleanup.manager [-] Deleting neutron.network object s_rally_0e82546b_SWesgdBK (3d0382fd-0b2c-4c17-9d15-7b088e83a3d0)
2019-12-03 03:14:17.747 26246 RALLYDEBUG rally_openstack.cleanup.manager [-] Deleting neutron.network object s_rally_0e82546b_gd3I6xTl (3d61bdfc-b2ef-4cb2-942b-ff6fe7dd84fc)
2019-12-03 03:14:17.812 26246 RALLYDEBUG rally_openstack.cleanup.manager [-] Deleting neutron.network object s_rally_0e82546b_8F0Ini9W (40162516-7642-4e6e-a087-e93984afe46f)
2019-12-03 03:14:17.821 26246 RALLYDEBUG rally_openstack.cleanup.manager [-] Deleting neutron.network object s_rally_0e82546b_wpaqkCn1 (41fff975-4e4c-4946-bf51-6223a140bdd4)
2019-12-03 03:14:17.865 26246 RALLYDEBUG rally_openstack.cleanup.manager [-] Deleting neutron.network object s_rally_0e82546b_Pqxfd8Le (4585a99c-2295-4806-a865-2ef9a9049c01)
2019-12-03 03:14:18.016 26246 RALLYDEBUG rally_openstack.cleanup.manager [-] Deleting neutron.network object s_rally_0e82546b_catFFrlv (473071a9-122b-45b5-873e-50006f0a069a)
2019-12-03 03:14:18.218 26246 RALLYDEBUG rally_openstack.cleanup.manager [-] Deleting neutron.network object s_rally_0e82546b_KiIVjPtu (4802ee82-c70d-4b9a-a266-68b034efe39d)
2019-12-03 03:14:18.275 26246 RALLYDEBUG rally_openstack.cleanup.manager [-] Deleting neutron.network object s_rally_0e82546b_05YLN41P (4ae1f2b7-4d83-4d51-a591-b107fe3fa661)
2019-12-03 03:14:18.409 26246 RALLYDEBUG rally_openstack.cleanup.manager [-] Deleting neutron.network object s_rally_0e82546b_MKxj5ZQb (4cb3a58c-5ee5-475e-bf8f-e9987a0544cd)
2019-12-03 03:14:18.432 26246 RALLYDEBUG rally_openstack.cleanup.manager [-] Deleting neutron.network object s_rally_0e82546b_Ce2viMFL (4fa30166-4848-4873-84b0-7b76c97a991c)
2019-12-03 03:14:18.432 26246 RALLYDEBUG rally_openstack.cleanup.manager [-] Deleting neutron.network object s_rally_0e82546b_S6CK8IVR (50b7627b-3af6-4f81-9a7a-579b4db02048)
2019-12-03 03:14:18.466 26246 RALLYDEBUG rally_openstack.cleanup.manager [-] Deleting neutron.network object s_rally_0e82546b_lsv725JA (54ec66c9-1622-4727-ab1c-4101d28ff22a)
2019-12-03 03:14:18.469 26246 RALLYDEBUG rally_openstack.cleanup.manager [-] Deleting neutron.network object s_rally_0e82546b_ZQc2Mcv8 (56778109-e26f-46e4-b3d5-73f4ec8dabe5)
2019-12-03 03:14:18.673 26246 RALLYDEBUG rally_openstack.cleanup.manager [-] Deleting neutron.network object s_rally_0e82546b_Z2waZq0N (5abd7357-229f-48ef-9d64-7530385351d8)
2019-12-03 03:14:18.684 26246 RALLYDEBUG rally_openstack.cleanup.manager [-] Deleting neutron.network object s_rally_0e82546b_2pOzjQYD (5b7d24ca-35c2-4e06-9737-7a2668d5786e)
2019-12-03 03:14:18.805 26246 RALLYDEBUG rally_openstack.cleanup.manager [-] Deleting neutron.network object s_rally_0e82546b_hbaQwd3K (5f0543d3-a4d7-408f-b4b3-a135c1fab68a)
2019-12-03 03:14:18.837 26246 RALLYDEBUG rally_openstack.cleanup.manager [-] Deleting neutron.network object s_rally_0e82546b_X2d1G55m (6101e6b1-c436-4326-800e-bbbffbca731d)
2019-12-03 03:14:18.887 26246 RALLYDEBUG rally_openstack.cleanup.manager [-] Deleting neutron.network object s_rally_0e82546b_FPjJUJFa (659dc0d9-3f22-44f7-ac96-87630c3c20a0)
2019-12-03 03:14:18.906 26246 RALLYDEBUG rally_openstack.cleanup.manager [-] Deleting neutron.network object s_rally_0e82546b_eV9owovv (688b6ce8-ab2f-4dc6-b67b-46cd644399c1)
2019-12-03 03:14:18.916 26246 RALLYDEBUG rally_openstack.cleanup.manager [-] Deleting neutron.network object s_rally_0e82546b_hv3gSKIU (6a075524-d66a-45df-a256-85abe5180a84)
2019-12-03 03:14:19.693 26246 RALLYDEBUG rally_openstack.cleanup.manager [-] Deleting neutron.network object s_rally_0e82546b_78OolqNq (6a1b5f69-e2ac-490b-8cc5-b41fbc98801e)
2019-12-03 03:14:19.776 26246 RALLYDEBUG rally_openstack.cleanup.manager [-] Deleting neutron.network object s_rally_0e82546b_cVtoY7Gk (6c588d87-e922-4909-9f9d-cd6aef099c91)
2019-12-03 03:14:19.852 26246 RALLYDEBUG rally_openstack.cleanup.manager [-] Deleting neutron.network object s_rally_0e82546b_Zs05xvCq (6d9cda9e-b651-493f-909f-e2c075ac507f)
2019-12-03 03:14:20.244 26246 RALLYDEBUG rally_openstack.cleanup.manager [-] Deleting neutron.network object s_rally_0e82546b_bEx1ZR5R (6ed3ae77-801e-4539-b76b-4b6422942d5a)
2019-12-03 03:14:20.253 26246 RALLYDEBUG rally_openstack.cleanup.manager [-] Deleting neutron.network object s_rally_0e82546b_hRjvhYO8 (735918da-3925-416f-82e4-f26de3d4984b)
2019-12-03 03:14:20.369 26246 RALLYDEBUG rally_openstack.cleanup.manager [-] Deleting neutron.network object s_rally_0e82546b_1MP5NPeK (74b97502-5a1e-41b1-92ff-fc4b0b2e9de0)
2019-12-03 03:14:20.467 26246 RALLYDEBUG rally_openstack.cleanup.manager [-] Deleting neutron.network object s_rally_0e82546b_qcmQSCFS (74f4c539-059a-4f2b-8fbe-07a9bb1b12af)
2019-12-03 03:14:20.574 26246 RALLYDEBUG rally_openstack.cleanup.manager [-] Deleting neutron.network object s_rally_0e82546b_MsW0E1Uv (787f2a15-2771-4ff8-9a76-4cf4f0105afe)
2019-12-03 03:14:20.589 26246 RALLYDEBUG rally_openstack.cleanup.manager [-] Deleting neutron.network object s_rally_0e82546b_g6MQ6zGA (7c3d27c4-c162-4604-aa06-df4184c6fcf4)
2019-12-03 03:14:20.692 26246 RALLYDEBUG rally_openstack.cleanup.manager [-] Deleting neutron.network object s_rally_0e82546b_0LA68lKa (8a32d0de-6aa4-4fd6-a333-708db11a6e52)
2019-12-03 03:14:20.701 26246 RALLYDEBUG rally_openstack.cleanup.manager [-] Deleting neutron.network object s_rally_0e82546b_EV11UHlZ (8c005847-9a11-4f7c-bc45-d549f6ec998a)
2019-12-03 03:14:20.713 26246 RALLYDEBUG rally_openstack.cleanup.manager [-] Deleting neutron.network object s_rally_0e82546b_XVFDhW3x (8c59c93f-d095-434a-a7b4-d5bf96d5b288)
2019-12-03 03:14:20.762 26246 RALLYDEBUG rally_openstack.cleanup.manager [-] Deleting neutron.network object s_rally_0e82546b_UV8TywIG (8d849256-a436-4cce-8c71-2a9816df9dfb)
2019-12-03 03:14:20.858 26246 RALLYDEBUG rally_openstack.cleanup.manager [-] Deleting neutron.network object s_rally_0e82546b_G4ne1Cpo (8db4399b-9a5c-42de-a476-b881cf06752e)
2019-12-03 03:14:20.887 26246 RALLYDEBUG rally_openstack.cleanup.manager [-] Deleting neutron.network object s_rally_0e82546b_nxOnj8wr (8e6922c1-156e-411a-a863-40619130bcb0)
2019-12-03 03:14:21.372 26246 RALLYDEBUG rally_openstack.cleanup.manager [-] Deleting neutron.network object s_rally_0e82546b_iRDl7xW9 (92a8746a-d414-40b5-8eee-266de699a3d0)
2019-12-03 03:14:21.518 26246 RALLYDEBUG rally_openstack.cleanup.manager [-] Deleting neutron.network object s_rally_0e82546b_k6kD2n4o (9660cfc3-0a25-443a-aaa5-2b8b8dd023be)
2019-12-03 03:14:21.536 26246 RALLYDEBUG rally_openstack.cleanup.manager [-] Deleting neutron.network object s_rally_0e82546b_xF0YCKrf (9aa79c44-5cde-4edb-9f1c-3e76fe1de122)
2019-12-03 03:14:21.584 26246 RALLYDEBUG rally_openstack.cleanup.manager [-] Deleting neutron.network object s_rally_0e82546b_wBJJ3XrZ (9c8b5139-0bfe-4927-b6c8-9e018d680c29)
2019-12-03 03:14:21.602 26246 RALLYDEBUG rally_openstack.cleanup.manager [-] Deleting neutron.network object s_rally_0e82546b_xfiLILmv (9dfb45f4-34c0-4332-933a-92ad39956632)
2019-12-03 03:14:21.649 26246 RALLYDEBUG rally_openstack.cleanup.manager [-] Deleting neutron.network object s_rally_0e82546b_Yb3aValI (a2b3d2ed-eacd-46d3-b662-ffd7b8d79c3c)
2019-12-03 03:14:21.780 26246 RALLYDEBUG rally_openstack.cleanup.manager [-] Deleting neutron.network object s_rally_0e82546b_kltILLrQ (a7acad22-1ce9-480b-a2fd-62bd5bd19838)
2019-12-03 03:14:21.960 26246 RALLYDEBUG rally_openstack.cleanup.manager [-] Deleting neutron.network object s_rally_0e82546b_QsPKg8QJ (ab3736c4-badb-4f7c-89d0-3c23b47249e9)
2019-12-03 03:14:22.232 26246 RALLYDEBUG rally_openstack.cleanup.manager [-] Deleting neutron.network object s_rally_0e82546b_HpwfnaTo (abd727ca-2350-45fb-9adc-83efcdb0e453)
2019-12-03 03:14:22.248 26246 RALLYDEBUG rally_openstack.cleanup.manager [-] Deleting neutron.network object s_rally_0e82546b_dLA5Axyk (af878b16-6cf6-47eb-8927-02f61f34dace)
2019-12-03 03:14:22.319 26246 RALLYDEBUG rally_openstack.cleanup.manager [-] Deleting neutron.network object s_rally_0e82546b_y8ZnAQFf (b0220fc3-c8cb-442a-a696-7c1d02c91f14)
2019-12-03 03:14:22.710 26246 RALLYDEBUG rally_openstack.cleanup.manager [-] Deleting neutron.network object s_rally_0e82546b_G4DOG8Cc (b165186c-372b-4762-83fc-8f23ca225110)
2019-12-03 03:14:22.727 26246 RALLYDEBUG rally_openstack.cleanup.manager [-] Deleting neutron.network object s_rally_0e82546b_9XJqR2E3 (b1bedcc5-c97f-4e4f-967e-44992e09890f)
2019-12-03 03:14:22.745 26246 RALLYDEBUG rally_openstack.cleanup.manager [-] Deleting neutron.network object s_rally_0e82546b_9OdyyS41 (b524a8d0-ed6a-4010-97d8-c777fd3a7533)
2019-12-03 03:14:22.832 26246 RALLYDEBUG rally_openstack.cleanup.manager [-] Deleting neutron.network object s_rally_0e82546b_uJBQVaTL (b5c6fb4d-cc38-4264-8998-8c8ecc36f2a8)
2019-12-03 03:14:22.855 26246 RALLYDEBUG rally_openstack.cleanup.manager [-] Deleting neutron.network object s_rally_0e82546b_WTGJ7puW (bc21b00c-9bb6-4804-beb8-6d5af9186f94)
2019-12-03 03:14:22.936 26246 RALLYDEBUG rally_openstack.cleanup.manager [-] Deleting neutron.network object s_rally_0e82546b_olTZ4G8I (bccd7a3f-b1af-479d-b201-5c66b1fcb553)
2019-12-03 03:14:23.132 26246 RALLYDEBUG rally_openstack.cleanup.manager [-] Deleting neutron.network object s_rally_0e82546b_aPFADo5d (bf8a8f68-be72-4285-9228-7482da9f2899)
2019-12-03 03:14:23.344 26246 RALLYDEBUG rally_openstack.cleanup.manager [-] Deleting neutron.network object s_rally_0e82546b_usuREREZ (c07978ac-03cb-498a-ad24-6baad8c9e82b)
2019-12-03 03:14:23.407 26246 RALLYDEBUG rally_openstack.cleanup.manager [-] Deleting neutron.network object s_rally_0e82546b_ZzTEcVef (c10182db-4736-4d5d-b04c-dba73a411d1f)
2019-12-03 03:14:23.616 26246 RALLYDEBUG rally_openstack.cleanup.manager [-] Deleting neutron.network object s_rally_0e82546b_vaT4IKsX (c16a6722-0bef-4440-933e-81df4cc0d6d1)
2019-12-03 03:14:23.725 26246 RALLYDEBUG rally_openstack.cleanup.manager [-] Deleting neutron.network object s_rally_0e82546b_WyvU8Dk2 (c4cc027e-7b33-4230-a653-287428860096)
2019-12-03 03:14:23.759 26246 RALLYDEBUG rally_openstack.cleanup.manager [-] Deleting neutron.network object s_rally_0e82546b_hkTCIbIv (cb64108e-3b87-4dff-98f8-93a731f035c3)
2019-12-03 03:14:23.861 26246 RALLYDEBUG rally_openstack.cleanup.manager [-] Deleting neutron.network object s_rally_0e82546b_Xrc1UyjU (cd2412da-6c30-4fbd-b27f-4f73e6edb7d1)
2019-12-03 03:14:23.884 26246 RALLYDEBUG rally_openstack.cleanup.manager [-] Deleting neutron.network object s_rally_0e82546b_VNs0zeVR (d047e091-333c-4f95-a72d-fb3282ad57a0)
2019-12-03 03:14:23.962 26246 RALLYDEBUG rally_openstack.cleanup.manager [-] Deleting neutron.network object s_rally_0e82546b_HWHl5RPR (d16024de-d3a6-4f57-b6f4-b6bb09eddbb7)
2019-12-03 03:14:24.017 26246 RALLYDEBUG rally_openstack.cleanup.manager [-] Deleting neutron.network object s_rally_0e82546b_aiP7oCjf (d18f1f15-0f0e-4514-a733-d1902aef163c)
2019-12-03 03:14:24.061 26246 RALLYDEBUG rally_openstack.cleanup.manager [-] Deleting neutron.network object s_rally_0e82546b_eyXJmxhY (d2e2cbbb-f49b-405d-b094-21e44351cc69)
2019-12-03 03:14:24.185 26246 RALLYDEBUG rally_openstack.cleanup.manager [-] Deleting neutron.network object s_rally_0e82546b_7V8tm8XF (d6c24e83-5526-4fe4-baaf-f511fa8cc9be)
2019-12-03 03:14:24.291 26246 RALLYDEBUG rally_openstack.cleanup.manager [-] Deleting neutron.network object s_rally_0e82546b_Y4dvGl69 (d727bc16-f89e-45b2-bf6f-db2f3dc33765)
2019-12-03 03:14:24.425 26246 RALLYDEBUG rally_openstack.cleanup.manager [-] Deleting neutron.network object s_rally_0e82546b_RSY8WkGs (d9f73456-6658-4b9b-94a6-d9a9b76b5af8)
2019-12-03 03:14:24.678 26246 RALLYDEBUG rally_openstack.cleanup.manager [-] Deleting neutron.network object s_rally_0e82546b_fqgkrII9 (deb8011f-6dbe-4672-ae54-dd2626dd7d8e)
2019-12-03 03:14:24.742 26246 RALLYDEBUG rally_openstack.cleanup.manager [-] Deleting neutron.network object s_rally_0e82546b_LK9kPqif (decd9492-e987-4381-8ad5-9cc8822982c2)
2019-12-03 03:14:24.787 26246 RALLYDEBUG rally_openstack.cleanup.manager [-] Deleting neutron.network object s_rally_0e82546b_af6dE8YN (e06fbf6a-76ba-4fcd-a9fa-cf8d24e1fe2b)
2019-12-03 03:14:24.788 26246 RALLYDEBUG rally_openstack.cleanup.manager [-] Deleting neutron.network object s_rally_0e82546b_Fq9WoKd4 (e14f75f6-8a8a-4cb6-83c8-fadb82ce1069)
2019-12-03 03:14:24.906 26246 RALLYDEBUG rally_openstack.cleanup.manager [-] Deleting neutron.network object s_rally_0e82546b_qrGtNpKj (e430e7de-9ea9-423c-a97e-c2fa5fad477f)
2019-12-03 03:14:25.034 26246 RALLYDEBUG rally_openstack.cleanup.manager [-] Deleting neutron.network object s_rally_0e82546b_Xn0pvzLp (e4d2b6f9-5b8f-481d-bbb9-b054b1844d21)
2019-12-03 03:14:25.300 26246 RALLYDEBUG rally_openstack.cleanup.manager [-] Deleting neutron.network object s_rally_0e82546b_lKJ9uTzs (ea8c9108-36bf-4ca2-8e15-c184805ff189)
2019-12-03 03:14:25.612 26246 RALLYDEBUG rally_openstack.cleanup.manager [-] Deleting neutron.network object s_rally_0e82546b_ANXM7VwP (eecaecc1-8b2d-42ad-a795-3f3e1b197252)
2019-12-03 03:14:25.705 26246 RALLYDEBUG rally_openstack.cleanup.manager [-] Deleting neutron.network object s_rally_0e82546b_lWrOf0xz (ef5e2af8-3161-4154-a313-8689dd8a0f22)
2019-12-03 03:14:25.730 26246 RALLYDEBUG rally_openstack.cleanup.manager [-] Deleting neutron.network object s_rally_0e82546b_jhsiNyt0 (f459d08a-9cde-4583-a406-d9850831aff9)
