2019-12-03 03:26:12.943 26246 RALLYDEBUG rally_openstack.cleanup.manager [-] Deleting neutron.port object s_rally_d213a5ef_ZHecwgZ1 (db8658ee-e8f1-4987-b1b2-95fa2a38920f)
2019-12-03 03:26:12.943 26246 RALLYDEBUG rally_openstack.cleanup.manager [-] Deleting neutron.port object s_rally_d213a5ef_tlgUBuaI (db88ada5-c19b-4a0b-94d1-43e919e6ef0a)
2019-12-03 03:26:13.010 26246 RALLYDEBUG rally_openstack.cleanup.manager [-] Deleting neutron.port object s_rally_d213a5ef_CpzdAVct (dbbc4c13-7486-4998-b665-042db279aa3a)
2019-12-03 03:26:13.178 26246 RALLYDEBUG rally_openstack.cleanup.manager [-] Deleting neutron.port object s_rally_d213a5ef_i7BqQtAl (dc7c1f3a-3819-48fe-849d-ee46dad2c972)
2019-12-03 03:26:13.366 26246 RALLYDEBUG rally_openstack.cleanup.manager [-] Deleting neutron.port object s_rally_d213a5ef_jnfllqEQ (dcc5cf7c-c1d8-42bb-8db2-f750bfef5264)
2019-12-03 03:26:13.455 26246 RALLYDEBUG rally_openstack.cleanup.manager [-] Deleting neutron.port object s_rally_d213a5ef_62rquzTB (dd206f4a-7b68-4e81-90ce-adda3012c057)
2019-12-03 03:26:13.684 26246 RALLYDEBUG rally_openstack.cleanup.manager [-] Deleting neutron.port object s_rally_d213a5ef_cvzvbLYb (dd8a39db-857a-4a70-b5f5-b435ec6110a3)
2019-12-03 03:26:13.721 26246 RALLYDEBUG rally_openstack.cleanup.manager [-] Deleting neutron.port object s_rally_d213a5ef_G54BWjQy (de29b221-10be-4cd9-99cc-502cf633652e)
2019-12-03 03:26:13.778 26246 RALLYDEBUG rally_openstack.cleanup.manager [-] Deleting neutron.port object s_rally_d213a5ef_mnNkxSFt (def605e0-a954-45cd-882e-41d612b05ccf)
2019-12-03 03:26:13.793 26246 RALLYDEBUG rally_openstack.cleanup.manager [-] Deleting neutron.port object s_rally_d213a5ef_140kLWY8 (df36187f-f7a0-4630-bedf-cd9b37826f28)
2019-12-03 03:26:13.889 26246 RALLYDEBUG rally_openstack.cleanup.manager [-] Deleting neutron.port object s_rally_d213a5ef_ElwavJKn (e0a7ad7d-508d-451d-a474-fefb7f78b6cd)
2019-12-03 03:26:13.898 26246 RALLYDEBUG rally_openstack.cleanup.manager [-] Deleting neutron.port object s_rally_d213a5ef_j19mIkQk (e1f27950-1caa-400c-9489-f496f71c18ab)
2019-12-03 03:26:14.054 26246 RALLYDEBUG rally_openstack.cleanup.manager [-] Deleting neutron.port object s_rally_d213a5ef_APtjUrSk (e3ed21b0-f4df-4342-80a6-28a44d3fdd0e)
2019-12-03 03:26:14.193 26246 RALLYDEBUG rally_openstack.cleanup.manager [-] Deleting neutron.port object s_rally_d213a5ef_h5EBMKzk (e427fc38-e6e7-4b2e-b1b6-e28cc5758efe)
2019-12-03 03:26:14.230 26246 RALLYDEBUG rally_openstack.cleanup.manager [-] Deleting neutron.port object s_rally_d213a5ef_4BbzskNj (e43977f8-a4ed-4717-bed3-8a554d8c349d)
2019-12-03 03:26:14.250 26246 RALLYDEBUG rally_openstack.cleanup.manager [-] Deleting neutron.port object s_rally_d213a5ef_mwiWHma4 (e44171a1-6c7b-41b8-950d-ebf361bbb66d)
2019-12-03 03:26:14.264 26246 RALLYDEBUG rally_openstack.cleanup.manager [-] Deleting neutron.port object s_rally_d213a5ef_TwBBagSK (e5582979-a5b2-4154-b09a-f9640c0610ff)
2019-12-03 03:26:14.604 26246 RALLYDEBUG rally_openstack.cleanup.manager [-] Deleting neutron.port object s_rally_d213a5ef_hbeFioNW (e5943845-0299-4bc9-9625-806856c3cb65)
2019-12-03 03:26:14.665 26246 RALLYDEBUG rally_openstack.cleanup.manager [-] Deleting neutron.port object s_rally_d213a5ef_AV7Lxbfr (e5b08c7d-df3a-49fe-8b4e-585a98ed4567)
2019-12-03 03:26:14.744 26246 RALLYDEBUG rally_openstack.cleanup.manager [-] Deleting neutron.port object s_rally_d213a5ef_zNqFR0M3 (e6898851-5c34-4314-a55a-cf0033998684)
2019-12-03 03:26:14.746 26246 RALLYDEBUG rally_openstack.cleanup.manager [-] Deleting neutron.port object s_rally_d213a5ef_MG92j88N (e710c2b0-75e6-41d2-b9c9-4882a3887864)
2019-12-03 03:26:14.748 26246 RALLYDEBUG rally_openstack.cleanup.manager [-] Deleting neutron.port object s_rally_d213a5ef_kyIYRKvb (e6da9210-c67f-4c3e-bccc-ac6fc9a9591a)
2019-12-03 03:26:14.951 26246 RALLYDEBUG rally_openstack.cleanup.manager [-] Deleting neutron.port object s_rally_d213a5ef_2v4MhJvT (e763cc61-120b-483d-b866-0b7e411ab0a9)
2019-12-03 03:26:15.136 26246 RALLYDEBUG rally_openstack.cleanup.manager [-] Deleting neutron.port object s_rally_d213a5ef_SWHGSNR7 (e79b0bdf-7c5d-441e-b309-360c70813ef6)
2019-12-03 03:26:15.238 26246 RALLYDEBUG rally_openstack.cleanup.manager [-] Deleting neutron.port object s_rally_d213a5ef_mH3QwfGR (e8d71b60-8e85-479a-be7f-bb60ec6f2e40)
2019-12-03 03:26:15.530 26246 RALLYDEBUG rally_openstack.cleanup.manager [-] Deleting neutron.port object s_rally_d213a5ef_nyoqlwuO (e9398573-9c67-4544-8dbe-fb1a6d9b7deb)
2019-12-03 03:26:15.568 26246 RALLYDEBUG rally_openstack.cleanup.manager [-] Deleting neutron.port object s_rally_d213a5ef_h7WOXIka (e9b5b00a-a38e-4d42-aee4-6cdb7eaf74ff)
2019-12-03 03:26:15.569 26246 RALLYDEBUG rally_openstack.cleanup.manager [-] Deleting neutron.port object s_rally_d213a5ef_P3HvtIDY (ea5b56fd-0dae-4fdc-bdcb-53c21f2314a7)
2019-12-03 03:26:15.569 26246 RALLYDEBUG rally_openstack.cleanup.manager [-] Deleting neutron.port object s_rally_d213a5ef_7ojt4BMP (ea0664e9-da7d-49c5-8f46-b1e163a47a02)
2019-12-03 03:26:15.602 26246 RALLYDEBUG rally_openstack.cleanup.manager [-] Deleting neutron.port object s_rally_d213a5ef_jYzBbwJi (ea63d7e2-48d7-4fec-a854-9693f9631b7c)
2019-12-03 03:26:15.747 26246 RALLYDEBUG rally_openstack.cleanup.manager [-] Deleting neutron.port object s_rally_d213a5ef_88xeMZzy (ebc5b41f-9267-4b8e-a723-bf4f668ee825)
2019-12-03 03:26:15.763 26246 RALLYDEBUG rally_openstack.cleanup.manager [-] Deleting neutron.port object s_rally_d213a5ef_BCHnGTj9 (ec0ee65a-9b27-41e3-9a99-ec7db17de208)
2019-12-03 03:26:15.957 26246 RALLYDEBUG rally_openstack.cleanup.manager [-] Deleting neutron.port object s_rally_d213a5ef_SaVBo3nz (ec135e76-fc13-421f-b1d8-a9c8b7260560)
2019-12-03 03:26:16.064 26246 RALLYDEBUG rally_openstack.cleanup.manager [-] Deleting neutron.port object s_rally_d213a5ef_I6tG2jlT (ec4bf5bc-ee8c-481f-a18f-b6c21509ec10)
2019-12-03 03:26:16.090 26246 RALLYDEBUG rally_openstack.cleanup.manager [-] Deleting neutron.port object s_rally_d213a5ef_mFpNlu0E (ec78bef2-29fe-488b-b162-afb88d75b0a0)
2019-12-03 03:26:16.110 26246 RALLYDEBUG rally_openstack.cleanup.manager [-] Deleting neutron.port object s_rally_d213a5ef_RoIdS7jF (edf0f07e-4d46-4488-8fa5-db1b93218f42)
2019-12-03 03:26:16.400 26246 RALLYDEBUG rally_openstack.cleanup.manager [-] Deleting neutron.port object s_rally_d213a5ef_pTobMZ5G (ef86a947-6e70-4ce0-8aae-ecb8bfa092d3)
2019-12-03 03:26:16.478 26246 RALLYDEBUG rally_openstack.cleanup.manager [-] Deleting neutron.port object s_rally_d213a5ef_OB3Uwzuu (effa7db5-58d1-4ed3-8229-7096546619e7)
2019-12-03 03:26:16.542 26246 RALLYDEBUG rally_openstack.cleanup.manager [-] Deleting neutron.port object s_rally_d213a5ef_htzxwObF (f00c1db7-22fc-49a6-8b37-51e094e09e13)
2019-12-03 03:26:16.575 26246 RALLYDEBUG rally_openstack.cleanup.manager [-] Deleting neutron.port object s_rally_d213a5ef_dqhXcmru (f0627231-fa0f-4d56-83bc-8068eb3add16)
2019-12-03 03:26:16.651 26246 RALLYDEBUG rally_openstack.cleanup.manager [-] Deleting neutron.port object s_rally_d213a5ef_BNRCBCHt (f0749ca3-92a8-4429-8020-acac7262946f)
2019-12-03 03:26:16.740 26246 RALLYDEBUG rally_openstack.cleanup.manager [-] Deleting neutron.port object s_rally_d213a5ef_YBAaKbE0 (f080f8a8-3013-48e8-822b-cd680481b186)
2019-12-03 03:26:16.748 26246 RALLYDEBUG rally_openstack.cleanup.manager [-] Deleting neutron.port object s_rally_d213a5ef_fznXRaNt (f0f6ffff-cfb5-4653-a50e-55c1e8895591)
2019-12-03 03:26:16.909 26246 RALLYDEBUG rally_openstack.cleanup.manager [-] Deleting neutron.port object s_rally_d213a5ef_eO4ph9ZP (f3919a82-376b-49ea-9f5e-bb4b70dde028)
2019-12-03 03:26:17.040 26246 RALLYDEBUG rally_openstack.cleanup.manager [-] Deleting neutron.port object s_rally_d213a5ef_rLKomgeQ (f475e7bb-9123-4f2a-94a7-669f9f8afb40)
2019-12-03 03:26:17.365 26246 RALLYDEBUG rally_openstack.cleanup.manager [-] Deleting neutron.port object s_rally_d213a5ef_lHp8nu8t (f4a1d34c-9f7c-4b0f-ae6d-d9dd3fd05d1f)
2019-12-03 03:26:17.389 26246 RALLYDEBUG rally_openstack.cleanup.manager [-] Deleting neutron.port object s_rally_d213a5ef_TXJzzZcb (f5130115-839f-4ade-b0bf-d79830784ee0)
2019-12-03 03:26:17.637 26246 RALLYDEBUG rally_openstack.cleanup.manager [-] Deleting neutron.port object s_rally_d213a5ef_VQNezRSY (f55ab199-1b58-4567-b3ce-88b4a1e7a8be)
2019-12-03 03:26:17.775 26246 RALLYDEBUG rally_openstack.cleanup.manager [-] Deleting neutron.port object s_rally_d213a5ef_mgaqGSqi (f59732b5-1213-420d-afa3-9d350a669315)
2019-12-03 03:26:17.892 26246 RALLYDEBUG rally_openstack.cleanup.manager [-] Deleting neutron.port object s_rally_d213a5ef_FSWuZa9Z (f59b0304-aa4e-4768-8f95-370d4a4830da)
2019-12-03 03:26:17.910 26246 RALLYDEBUG rally_openstack.cleanup.manager [-] Deleting neutron.port object s_rally_d213a5ef_CDdydQqi (f5bdd3e2-b8e7-4e65-81a3-af7928d8d19d)
2019-12-03 03:26:17.918 26246 RALLYDEBUG rally_openstack.cleanup.manager [-] Deleting neutron.port object s_rally_d213a5ef_iJg6eVyH (f62cf586-ddfe-4f5f-aced-c1009a761a87)
2019-12-03 03:26:18.198 26246 RALLYDEBUG rally_openstack.cleanup.manager [-] Deleting neutron.port object s_rally_d213a5ef_KAxRDAHg (f6993bf4-3e1c-47a6-98dc-62aead4e5e2e)
2019-12-03 03:26:18.200 26246 RALLYDEBUG rally_openstack.cleanup.manager [-] Deleting neutron.port object s_rally_d213a5ef_ogjSPPFP (f71b5b3d-2b45-4d0a-9919-d119daca0e40)
2019-12-03 03:26:18.300 26246 RALLYDEBUG rally_openstack.cleanup.manager [-] Deleting neutron.port object s_rally_d213a5ef_toN4B9Qh (f75ffc8d-6275-4412-907b-ea421b6870aa)
2019-12-03 03:26:18.304 26246 RALLYDEBUG rally_openstack.cleanup.manager [-] Deleting neutron.port object s_rally_d213a5ef_n0C6jCpQ (f791ff05-42ad-434c-a9c2-bdf0498e2045)
2019-12-03 03:26:18.305 26246 RALLYDEBUG rally_openstack.cleanup.manager [-] Deleting neutron.port object s_rally_d213a5ef_Pmht8P2P (f7439195-3af2-4b1c-bf30-67035685a59a)
2019-12-03 03:26:18.393 26246 RALLYDEBUG rally_openstack.cleanup.manager [-] Deleting neutron.port object s_rally_d213a5ef_ebXhon1T (f8f8c19a-e206-40b0-bd3d-56c942760dbe)
2019-12-03 03:26:18.402 26246 RALLYDEBUG rally_openstack.cleanup.manager [-] Deleting neutron.port object s_rally_d213a5ef_fYNgq0si (f960df6d-7c84-41f5-a3c6-c18e0fc4e17b)
2019-12-03 03:26:18.490 26246 RALLYDEBUG rally_openstack.cleanup.manager [-] Deleting neutron.port object s_rally_d213a5ef_KUzSHnOd (fb33ed9f-05c5-4ceb-95e4-2e1739d39e4b)
2019-12-03 03:26:18.604 26246 RALLYDEBUG rally_openstack.cleanup.manager [-] Deleting neutron.port object s_rally_d213a5ef_Xr62KXXE (fb6430d4-44dd-44fd-b2d1-654238d5fa05)
2019-12-03 03:26:18.699 26246 RALLYDEBUG rally_openstack.cleanup.manager [-] Deleting neutron.port object s_rally_d213a5ef_3eE6oB1s (fb703657-9ced-4af5-8ab7-cc8bd58ec2ed)
2019-12-03 03:26:18.713 26246 RALLYDEBUG rally_openstack.cleanup.manager [-] Deleting neutron.port object s_rally_d213a5ef_NtBQcOkF (fba27d1e-7c2a-45e8-a095-e17db77ca202)
2019-12-03 03:26:18.908 26246 RALLYDEBUG rally_openstack.cleanup.manager [-] Deleting neutron.port object s_rally_d213a5ef_qlXrePce (fc0ed548-6e56-4eb2-88ff-3b7741a30aa1)
2019-12-03 03:26:19.194 26246 RALLYDEBUG rally_openstack.cleanup.manager [-] Deleting neutron.port object s_rally_d213a5ef_3C5nVYSC (fc549211-d393-4006-adc9-9e24fdac7cb1)
2019-12-03 03:26:19.216 26246 RALLYDEBUG rally_openstack.cleanup.manager [-] Deleting neutron.port object s_rally_d213a5ef_7tTRc27K (fc605467-e141-4546-9634-154315c79601)
2019-12-03 03:26:19.417 26246 RALLYDEBUG rally_openstack.cleanup.manager [-] Deleting neutron.port object s_rally_d213a5ef_Dkjnqyjg (fce00f6e-f6f3-448d-a91d-b8618e52a522)
2019-12-03 03:26:19.535 26246 RALLYDEBUG rally_openstack.cleanup.manager [-] Deleting neutron.port object s_rally_d213a5ef_xbLHVYth (fef47e2f-58d3-4c89-bfde-63c17506df88)
2019-12-03 03:26:21.307 26246 RALLYDEBUG rally_openstack.cleanup.manager [-] Cleaning up neutron subnet objects
2019-12-03 03:26:21.844 26246 RALLYDEBUG rally_openstack.cleanup.manager [-] Cleaning up neutron network objects
2019-12-03 03:26:22.340 26246 RALLYDEBUG rally_openstack.cleanup.manager [-] Deleting neutron.network object s_rally_d213a5ef_XeCB3ub0 (3b95c612-0232-4bc8-af8e-6a3f5dbe3b99)
2019-12-03 03:26:22.353 26246 RALLYDEBUG rally_openstack.cleanup.manager [-] Deleting neutron.network object s_rally_d213a5ef_VJuZd7cW (48e51aa2-a8ef-480b-be90-b8bfc058b427)
2019-12-03 03:26:22.356 26246 RALLYDEBUG rally_openstack.cleanup.manager [-] Deleting neutron.network object s_rally_d213a5ef_4pik6ahw (78a9c521-30d8-419c-962f-9405018eced4)
2019-12-03 03:26:22.369 26246 RALLYDEBUG rally_openstack.cleanup.manager [-] Deleting neutron.network object s_rally_d213a5ef_GexELFbR (917437fb-6ab3-4239-bde9-7cc1dbd9f7d6)
2019-12-03 03:26:22.379 26246 RALLYDEBUG rally_openstack.cleanup.manager [-] Deleting neutron.network object s_rally_d213a5ef_5so0m36i (97e61748-ae27-4cb9-b038-0265540a447e)
2019-12-03 03:26:22.386 26246 RALLYDEBUG rally_openstack.cleanup.manager [-] Deleting neutron.network object s_rally_d213a5ef_HV5Tw2DQ (c1971da8-02d5-420e-a477-8235717ed51b)
2019-12-03 03:26:22.400 26246 RALLYDEBUG rally_openstack.cleanup.manager [-] Deleting neutron.network object s_rally_d213a5ef_I59dH1ET (cd644e8f-81f4-468a-9280-750552784ed0)
2019-12-03 03:26:22.403 26246 RALLYDEBUG rally_openstack.cleanup.manager [-] Deleting neutron.network object s_rally_d213a5ef_QXaOYJ3P (e98b13b2-0254-4167-8529-59ec8053a520)
2019-12-03 03:26:25.403 26246 RALLYDEBUG rally_openstack.cleanup.manager [-] Cleaning up neutron router objects
2019-12-03 03:26:25.849 26246 RALLYDEBUG rally_openstack.cleanup.manager [-] Cleaning up neutron security_group objects
2019-12-03 03:26:26.304 26246 INFO rally.task.context [-] Task b7b29cb3-79f0-4a87-913a-b553dd9983d5 | Context cleanup@openstack cleanup() finished in 49.06 sec
2019-12-03 03:26:26.305 26246 INFO rally.task.context [-] Task b7b29cb3-79f0-4a87-913a-b553dd9983d5 | Context quotas@openstack cleanup() started
2019-12-03 03:26:26.395 26246 INFO rally.task.context [-] Task b7b29cb3-79f0-4a87-913a-b553dd9983d5 | Context quotas@openstack cleanup() finished in 90.56 msec
2019-12-03 03:26:26.396 26246 INFO rally.task.context [-] Task b7b29cb3-79f0-4a87-913a-b553dd9983d5 | Context users@openstack cleanup() started
2019-12-03 03:26:29.265 26246 INFO rally.task.context [-] Task b7b29cb3-79f0-4a87-913a-b553dd9983d5 | Context users@openstack cleanup() finished in 2.87 sec
2019-12-03 03:26:30.989 26246 INFO rally.task.engine [-] Load duration is: 59.708415
2019-12-03 03:26:30.990 26246 INFO rally.task.engine [-] Full runner duration is: 59.76196
2019-12-03 03:26:30.990 26246 INFO rally.task.engine [-] Full duration is: 114.791415
2019-12-03 03:26:31.332 26246 INFO rally.task.engine [-] Running workload: position = 1 config = { "version": 2, "title": "A cropped version of a bigger task.", "description": "Auto-generated task from a single workload (uuid=430650cf-6859-479a-a0b9-65ae1969aa13)", "subtasks": [ { "title": "NeutronNetworks.create_and_update_ports", "description": "Create and update a given number of ports.", "scenario": { "NeutronNetworks.create_and_update_ports": { "network_create_args": {}, "port_create_args": {}, "ports_per_network": 5, "port_update_args": { "admin_state_up": false, "device_id": "dummy_id", "device_owner": "dummy_owner", "name": "_port_updated" } } }, "contexts": { "users": { "tenants": 1, "users_per_tenant": 1 }, "quotas": { "neutron": { "network": -1, "port": -1 } } }, "runner": { "constant": { "times": 40, "concurrency": 20 } }, "hooks": [], "sla": { "failure_rate": { "max": 0 } } } ] }
2019-12-03 03:26:31.365 26246 RALLYDEBUG rally_openstack.contexts.keystone.users [-] Creating 1 tenants using 20 threads
2019-12-03 03:26:32.359 26246 RALLYDEBUG rally_openstack.contexts.keystone.users [-] Creating 1 users using 20 threads
2019-12-03 03:26:33.822 26246 INFO rally.task.context [-] Task b7b29cb3-79f0-4a87-913a-b553dd9983d5 | Context users@openstack setup() finished in 2.46 sec
2019-12-03 03:26:34.411 26246 INFO rally.task.context [-] Task b7b29cb3-79f0-4a87-913a-b553dd9983d5 | Context quotas@openstack setup() finished in 0.59 sec
2019-12-03 03:26:34.411 26246 INFO rally.task.context [-] Task b7b29cb3-79f0-4a87-913a-b553dd9983d5 | Context cleanup@openstack setup() finished in 0.03 msec
2019-12-03 03:26:34.422 26246 RALLYDEBUG rally.task.runner [-] Starting the constant runner (task UUID: b7b29cb3-79f0-4a87-913a-b553dd9983d5). timeout: 0 concurrency: 20 concurrency_per_worker: 1 times: 40 concurrency_overhead: 4 processes_to_start: 16 max_cpu_used: 16
2019-12-03 03:26:34.437 30322 RALLYDEBUG rally.task.runner [-] Starting a worker. concurrency: 2 args: {"network_create_args": {}, "port_create_args": {}, "ports_per_network": 5, "port_update_args": {"admin_state_up": false, "device_id": "dummy_id", "device_owner": "dummy_owner", "name": "_port_updated"}} times: 40 method_name: run timeout: 0 duration: None cls:
2019-12-03 03:26:34.440 30323 RALLYDEBUG rally.task.runner [-] Starting a worker. concurrency: 2 args: {"network_create_args": {}, "port_create_args": {}, "ports_per_network": 5, "port_update_args": {"admin_state_up": false, "device_id": "dummy_id", "device_owner": "dummy_owner", "name": "_port_updated"}} times: 40 method_name: run timeout: 0 duration: None cls:
2019-12-03 03:26:34.443 30324 RALLYDEBUG rally.task.runner [-] Starting a worker. concurrency: 2 args: {"network_create_args": {}, "port_create_args": {}, "ports_per_network": 5, "port_update_args": {"admin_state_up": false, "device_id": "dummy_id", "device_owner": "dummy_owner", "name": "_port_updated"}} times: 40 method_name: run timeout: 0 duration: None cls:
2019-12-03 03:26:34.446 30325 RALLYDEBUG rally.task.runner [-] Starting a worker. concurrency: 2 args: {"network_create_args": {}, "port_create_args": {}, "ports_per_network": 5, "port_update_args": {"admin_state_up": false, "device_id": "dummy_id", "device_owner": "dummy_owner", "name": "_port_updated"}} times: 40 method_name: run timeout: 0 duration: None cls:
2019-12-03 03:26:34.448 30323 INFO rally.task.runner [-] Task b7b29cb3-79f0-4a87-913a-b553dd9983d5 | ITER: 2 START
2019-12-03 03:26:34.449 30322 INFO rally.task.runner [-] Task b7b29cb3-79f0-4a87-913a-b553dd9983d5 | ITER: 1 START
2019-12-03 03:26:34.450 30322 WARNING rally_openstack.scenarios.neutron.utils [-] Running this scenario without either the 'network' or 'existing_network' context is deprecated
2019-12-03 03:26:34.450 30326 RALLYDEBUG rally.task.runner [-] Starting a worker. concurrency: 1 args: {"network_create_args": {}, "port_create_args": {}, "ports_per_network": 5, "port_update_args": {"admin_state_up": false, "device_id": "dummy_id", "device_owner": "dummy_owner", "name": "_port_updated"}} times: 40 method_name: run timeout: 0 duration: None cls:
2019-12-03 03:26:34.452 30323 WARNING rally_openstack.scenarios.neutron.utils [-] Running this scenario without either the 'network' or 'existing_network' context is deprecated
2019-12-03 03:26:34.454 30324 INFO rally.task.runner [-] Task b7b29cb3-79f0-4a87-913a-b553dd9983d5 | ITER: 4 START
2019-12-03 03:26:34.454 30331 RALLYDEBUG rally.task.runner [-] Starting a worker. concurrency: 1 args: {"network_create_args": {}, "port_create_args": {}, "ports_per_network": 5, "port_update_args": {"admin_state_up": false, "device_id": "dummy_id", "device_owner": "dummy_owner", "name": "_port_updated"}} times: 40 method_name: run timeout: 0 duration: None cls:
2019-12-03 03:26:34.455 30324 WARNING rally_openstack.scenarios.neutron.utils [-] Running this scenario without either the 'network' or 'existing_network' context is deprecated
2019-12-03 03:26:34.457 30326 INFO rally.task.runner [-] Task b7b29cb3-79f0-4a87-913a-b553dd9983d5 | ITER: 8 START
2019-12-03 03:26:34.458 30325 INFO rally.task.runner [-] Task b7b29cb3-79f0-4a87-913a-b553dd9983d5 | ITER: 6 START
2019-12-03 03:26:34.458 30326 WARNING rally_openstack.scenarios.neutron.utils [-] Running this scenario without either the 'network' or 'existing_network' context is deprecated
2019-12-03 03:26:34.458 30324 INFO rally.task.runner [-] Task b7b29cb3-79f0-4a87-913a-b553dd9983d5 | ITER: 7 START
2019-12-03 03:26:34.460 30335 RALLYDEBUG rally.task.runner [-] Starting a worker. concurrency: 1 args: {"network_create_args": {}, "port_create_args": {}, "ports_per_network": 5, "port_update_args": {"admin_state_up": false, "device_id": "dummy_id", "device_owner": "dummy_owner", "name": "_port_updated"}} times: 40 method_name: run timeout: 0 duration: None cls:
2019-12-03 03:26:34.460 30325 INFO rally.task.runner [-] Task b7b29cb3-79f0-4a87-913a-b553dd9983d5 | ITER: 9 START
2019-12-03 03:26:34.461 30325 WARNING rally_openstack.scenarios.neutron.utils [-] Running this scenario without either the 'network' or 'existing_network' context is deprecated
2019-12-03 03:26:34.462 30331 INFO rally.task.runner [-] Task b7b29cb3-79f0-4a87-913a-b553dd9983d5 | ITER: 10 START
2019-12-03 03:26:34.463 30331 WARNING rally_openstack.scenarios.neutron.utils [-] Running this scenario without either the 'network' or 'existing_network' context is deprecated
2019-12-03 03:26:34.467 30335 INFO rally.task.runner [-] Task b7b29cb3-79f0-4a87-913a-b553dd9983d5 | ITER: 11 START
2019-12-03 03:26:34.466 30343 RALLYDEBUG rally.task.runner [-] Starting a worker. concurrency: 1 args: {"network_create_args": {}, "port_create_args": {}, "ports_per_network": 5, "port_update_args": {"admin_state_up": false, "device_id": "dummy_id", "device_owner": "dummy_owner", "name": "_port_updated"}} times: 40 method_name: run timeout: 0 duration: None cls:
2019-12-03 03:26:34.468 30335 WARNING rally_openstack.scenarios.neutron.utils [-] Running this scenario without either the 'network' or 'existing_network' context is deprecated
2019-12-03 03:26:34.467 30322 INFO rally.task.runner [-] Task b7b29cb3-79f0-4a87-913a-b553dd9983d5 | ITER: 3 START
2019-12-03 03:26:34.469 30322 WARNING rally_openstack.scenarios.neutron.utils [-] Running this scenario without either the 'network' or 'existing_network' context is deprecated
2019-12-03 03:26:34.471 30323 INFO rally.task.runner [-] Task b7b29cb3-79f0-4a87-913a-b553dd9983d5 | ITER: 5 START
2019-12-03 03:26:34.473 30343 INFO rally.task.runner [-] Task b7b29cb3-79f0-4a87-913a-b553dd9983d5 | ITER: 12 START
2019-12-03 03:26:34.472 30323 WARNING rally_openstack.scenarios.neutron.utils [-] Running this scenario without either the 'network' or 'existing_network' context is deprecated
2019-12-03 03:26:34.460 30324 WARNING rally_openstack.scenarios.neutron.utils [-] Running this scenario without either the 'network' or 'existing_network' context is deprecated
2019-12-03 03:26:34.475 30343 WARNING rally_openstack.scenarios.neutron.utils [-] Running this scenario without either the 'network' or 'existing_network' context is deprecated
2019-12-03 03:26:34.475 30348 RALLYDEBUG rally.task.runner [-] Starting a worker. concurrency: 1 args: {"network_create_args": {}, "port_create_args": {}, "ports_per_network": 5, "port_update_args": {"admin_state_up": false, "device_id": "dummy_id", "device_owner": "dummy_owner", "name": "_port_updated"}} times: 40 method_name: run timeout: 0 duration: None cls:
2019-12-03 03:26:34.462 30325 WARNING rally_openstack.scenarios.neutron.utils [-] Running this scenario without either the 'network' or 'existing_network' context is deprecated
2019-12-03 03:26:34.483 30348 INFO rally.task.runner [-] Task b7b29cb3-79f0-4a87-913a-b553dd9983d5 | ITER: 13 START
2019-12-03 03:26:34.483 30351 RALLYDEBUG rally.task.runner [-] Starting a worker. concurrency: 1 args: {"network_create_args": {}, "port_create_args": {}, "ports_per_network": 5, "port_update_args": {"admin_state_up": false, "device_id": "dummy_id", "device_owner": "dummy_owner", "name": "_port_updated"}} times: 40 method_name: run timeout: 0 duration: None cls:
2019-12-03 03:26:34.485 30348 WARNING rally_openstack.scenarios.neutron.utils [-] Running this scenario without either the 'network' or 'existing_network' context is deprecated
2019-12-03 03:26:34.492 30351 INFO rally.task.runner [-] Task b7b29cb3-79f0-4a87-913a-b553dd9983d5 | ITER: 14 START
2019-12-03 03:26:34.492 30354 RALLYDEBUG rally.task.runner [-] Starting a worker. concurrency: 1 args: {"network_create_args": {}, "port_create_args": {}, "ports_per_network": 5, "port_update_args": {"admin_state_up": false, "device_id": "dummy_id", "device_owner": "dummy_owner", "name": "_port_updated"}} times: 40 method_name: run timeout: 0 duration: None cls:
2019-12-03 03:26:34.493 30351 WARNING rally_openstack.scenarios.neutron.utils [-] Running this scenario without either the 'network' or 'existing_network' context is deprecated
2019-12-03 03:26:34.499 30354 INFO rally.task.runner [-] Task b7b29cb3-79f0-4a87-913a-b553dd9983d5 | ITER: 15 START
2019-12-03 03:26:34.500 30354 WARNING rally_openstack.scenarios.neutron.utils [-] Running this scenario without either the 'network' or 'existing_network' context is deprecated
2019-12-03 03:26:34.500 30357 RALLYDEBUG rally.task.runner [-] Starting a worker. concurrency: 1 args: {"network_create_args": {}, "port_create_args": {}, "ports_per_network": 5, "port_update_args": {"admin_state_up": false, "device_id": "dummy_id", "device_owner": "dummy_owner", "name": "_port_updated"}} times: 40 method_name: run timeout: 0 duration: None cls:
2019-12-03 03:26:34.506 30357 INFO rally.task.runner [-] Task b7b29cb3-79f0-4a87-913a-b553dd9983d5 | ITER: 16 START
2019-12-03 03:26:34.506 30360 RALLYDEBUG rally.task.runner [-] Starting a worker. concurrency: 1 args: {"network_create_args": {}, "port_create_args": {}, "ports_per_network": 5, "port_update_args": {"admin_state_up": false, "device_id": "dummy_id", "device_owner": "dummy_owner", "name": "_port_updated"}} times: 40 method_name: run timeout: 0 duration: None cls:
2019-12-03 03:26:34.507 30357 WARNING rally_openstack.scenarios.neutron.utils [-] Running this scenario without either the 'network' or 'existing_network' context is deprecated
2019-12-03 03:26:34.512 30360 INFO rally.task.runner [-] Task b7b29cb3-79f0-4a87-913a-b553dd9983d5 | ITER: 17 START
2019-12-03 03:26:34.513 30360 WARNING rally_openstack.scenarios.neutron.utils [-] Running this scenario without either the 'network' or 'existing_network' context is deprecated
2019-12-03 03:26:34.513 30363 RALLYDEBUG rally.task.runner [-] Starting a worker. concurrency: 1 args: {"network_create_args": {}, "port_create_args": {}, "ports_per_network": 5, "port_update_args": {"admin_state_up": false, "device_id": "dummy_id", "device_owner": "dummy_owner", "name": "_port_updated"}} times: 40 method_name: run timeout: 0 duration: None cls:
2019-12-03 03:26:34.519 30363 INFO rally.task.runner [-] Task b7b29cb3-79f0-4a87-913a-b553dd9983d5 | ITER: 18 START
2019-12-03 03:26:34.520 30363 WARNING rally_openstack.scenarios.neutron.utils [-] Running this scenario without either the 'network' or 'existing_network' context is deprecated
2019-12-03 03:26:34.522 30366 RALLYDEBUG rally.task.runner [-] Starting a worker. concurrency: 1 args: {"network_create_args": {}, "port_create_args": {}, "ports_per_network": 5, "port_update_args": {"admin_state_up": false, "device_id": "dummy_id", "device_owner": "dummy_owner", "name": "_port_updated"}} times: 40 method_name: run timeout: 0 duration: None cls:
2019-12-03 03:26:34.527 30366 INFO rally.task.runner [-] Task b7b29cb3-79f0-4a87-913a-b553dd9983d5 | ITER: 19 START
2019-12-03 03:26:34.527 30369 RALLYDEBUG rally.task.runner [-] Starting a worker. concurrency: 1 args: {"network_create_args": {}, "port_create_args": {}, "ports_per_network": 5, "port_update_args": {"admin_state_up": false, "device_id": "dummy_id", "device_owner": "dummy_owner", "name": "_port_updated"}} times: 40 method_name: run timeout: 0 duration: None cls:
2019-12-03 03:26:34.528 30366 WARNING rally_openstack.scenarios.neutron.utils [-] Running this scenario without either the 'network' or 'existing_network' context is deprecated
2019-12-03 03:26:34.532 30369 INFO rally.task.runner [-] Task b7b29cb3-79f0-4a87-913a-b553dd9983d5 | ITER: 20 START
2019-12-03 03:26:34.533 30369 WARNING rally_openstack.scenarios.neutron.utils [-] Running this scenario without either the 'network' or 'existing_network' context is deprecated
2019-12-03 03:26:42.634 30325 INFO rally.task.runner [-] Task b7b29cb3-79f0-4a87-913a-b553dd9983d5 | ITER: 6 END: OK
2019-12-03 03:26:42.640 30325 INFO rally.task.runner [-] Task b7b29cb3-79f0-4a87-913a-b553dd9983d5 | ITER: 21 START
2019-12-03 03:26:42.641 30325 WARNING rally_openstack.scenarios.neutron.utils [-] Running this scenario without either the 'network' or 'existing_network' context is deprecated
2019-12-03 03:26:43.539 30354 INFO rally.task.runner [-] Task b7b29cb3-79f0-4a87-913a-b553dd9983d5 | ITER: 15 END: OK
2019-12-03 03:26:43.545 30354 INFO rally.task.runner [-] Task b7b29cb3-79f0-4a87-913a-b553dd9983d5 | ITER: 22 START
2019-12-03 03:26:43.546 30354 WARNING rally_openstack.scenarios.neutron.utils [-] Running this scenario without either the 'network' or 'existing_network' context is deprecated
2019-12-03 03:26:43.717 30322 INFO rally.task.runner [-] Task b7b29cb3-79f0-4a87-913a-b553dd9983d5 | ITER: 1 END: OK
2019-12-03 03:26:43.722 30322 INFO rally.task.runner [-] Task b7b29cb3-79f0-4a87-913a-b553dd9983d5 | ITER: 23 START
2019-12-03 03:26:43.722 30322 WARNING rally_openstack.scenarios.neutron.utils [-] Running this scenario without either the 'network' or 'existing_network' context is deprecated
2019-12-03 03:26:44.009 30322 INFO rally.task.runner [-] Task b7b29cb3-79f0-4a87-913a-b553dd9983d5 | ITER: 3 END: OK
2019-12-03 03:26:44.013 30322 INFO rally.task.runner [-] Task b7b29cb3-79f0-4a87-913a-b553dd9983d5 | ITER: 24 START
2019-12-03 03:26:44.014 30322 WARNING rally_openstack.scenarios.neutron.utils [-] Running this scenario without either the 'network' or 'existing_network' context is deprecated
2019-12-03 03:26:44.339 30325 INFO rally.task.runner [-] Task b7b29cb3-79f0-4a87-913a-b553dd9983d5 | ITER: 9 END: OK
2019-12-03 03:26:44.344 30325 INFO rally.task.runner [-] Task b7b29cb3-79f0-4a87-913a-b553dd9983d5 | ITER: 25 START
2019-12-03 03:26:44.345 30325 WARNING rally_openstack.scenarios.neutron.utils [-] Running this scenario without either the 'network' or 'existing_network' context is deprecated
2019-12-03 03:26:44.469 30343 INFO rally.task.runner [-] Task b7b29cb3-79f0-4a87-913a-b553dd9983d5 | ITER: 12 END: OK
2019-12-03 03:26:44.475 30343 INFO rally.task.runner [-] Task b7b29cb3-79f0-4a87-913a-b553dd9983d5 | ITER: 26 START
2019-12-03 03:26:44.475 30343 WARNING rally_openstack.scenarios.neutron.utils [-] Running this scenario without either the 'network' or 'existing_network' context is deprecated
2019-12-03 03:26:44.534 30323 INFO rally.task.runner [-] Task b7b29cb3-79f0-4a87-913a-b553dd9983d5 | ITER: 2 END: OK
2019-12-03 03:26:44.538 30323 INFO rally.task.runner [-] Task b7b29cb3-79f0-4a87-913a-b553dd9983d5 | ITER: 27 START
2019-12-03 03:26:44.539 30323 WARNING rally_openstack.scenarios.neutron.utils [-] Running this scenario without either the 'network' or 'existing_network' context is deprecated
2019-12-03 03:26:44.561 30360 INFO rally.task.runner [-] Task b7b29cb3-79f0-4a87-913a-b553dd9983d5 | ITER: 17 END: OK
2019-12-03 03:26:44.566 30360 INFO rally.task.runner [-] Task b7b29cb3-79f0-4a87-913a-b553dd9983d5 | ITER: 28 START
2019-12-03 03:26:44.567 30360 WARNING rally_openstack.scenarios.neutron.utils [-] Running this scenario without either the 'network' or 'existing_network' context is deprecated
2019-12-03 03:26:44.616 30324 INFO rally.task.runner [-] Task b7b29cb3-79f0-4a87-913a-b553dd9983d5 | ITER: 7 END: OK
2019-12-03 03:26:44.620 30324 INFO rally.task.runner [-] Task b7b29cb3-79f0-4a87-913a-b553dd9983d5 | ITER: 29 START
2019-12-03 03:26:44.621 30324 WARNING rally_openstack.scenarios.neutron.utils [-] Running this scenario without either the 'network' or 'existing_network' context is deprecated
2019-12-03 03:26:44.713 30357 INFO rally.task.runner [-] Task b7b29cb3-79f0-4a87-913a-b553dd9983d5 | ITER: 16 END: OK
2019-12-03 03:26:44.719 30357 INFO rally.task.runner [-] Task b7b29cb3-79f0-4a87-913a-b553dd9983d5 | ITER: 30 START
2019-12-03 03:26:44.720 30357 WARNING rally_openstack.scenarios.neutron.utils [-] Running this scenario without either the 'network' or 'existing_network' context is deprecated
2019-12-03 03:26:44.829 30351 INFO rally.task.runner [-] Task b7b29cb3-79f0-4a87-913a-b553dd9983d5 | ITER: 14 END: OK
2019-12-03 03:26:44.835 30351 INFO rally.task.runner [-] Task b7b29cb3-79f0-4a87-913a-b553dd9983d5 | ITER: 31 START
2019-12-03 03:26:44.836 30351 WARNING rally_openstack.scenarios.neutron.utils [-] Running this scenario without either the 'network' or 'existing_network' context is deprecated
2019-12-03 03:26:45.114 30331 INFO rally.task.runner [-] Task b7b29cb3-79f0-4a87-913a-b553dd9983d5 | ITER: 10 END: OK
2019-12-03 03:26:45.120 30331 INFO rally.task.runner [-] Task b7b29cb3-79f0-4a87-913a-b553dd9983d5 | ITER: 32 START
2019-12-03 03:26:45.121 30331 WARNING rally_openstack.scenarios.neutron.utils [-] Running this scenario without either the 'network' or 'existing_network' context is deprecated
2019-12-03 03:26:45.275 30369 INFO rally.task.runner [-] Task b7b29cb3-79f0-4a87-913a-b553dd9983d5 | ITER: 20 END: OK
2019-12-03 03:26:45.281 30369 INFO rally.task.runner [-] Task b7b29cb3-79f0-4a87-913a-b553dd9983d5 | ITER: 33 START
2019-12-03 03:26:45.282 30369 WARNING rally_openstack.scenarios.neutron.utils [-] Running this scenario without either the 'network' or 'existing_network' context is deprecated
2019-12-03 03:26:45.362 30348 INFO rally.task.runner [-] Task b7b29cb3-79f0-4a87-913a-b553dd9983d5 | ITER: 13 END: OK
2019-12-03 03:26:45.367 30348 INFO rally.task.runner [-] Task b7b29cb3-79f0-4a87-913a-b553dd9983d5 | ITER: 34 START
2019-12-03 03:26:45.368 30348 WARNING rally_openstack.scenarios.neutron.utils [-] Running this scenario without either the 'network' or 'existing_network' context is deprecated
2019-12-03 03:26:45.582 30335 INFO rally.task.runner [-] Task b7b29cb3-79f0-4a87-913a-b553dd9983d5 | ITER: 11 END: OK
2019-12-03 03:26:45.587 30335 INFO rally.task.runner [-] Task b7b29cb3-79f0-4a87-913a-b553dd9983d5 | ITER: 35 START
2019-12-03 03:26:45.588 30335 WARNING rally_openstack.scenarios.neutron.utils [-] Running this scenario without either the 'network' or 'existing_network' context is deprecated
2019-12-03 03:26:45.828 30324 INFO rally.task.runner [-] Task b7b29cb3-79f0-4a87-913a-b553dd9983d5 | ITER: 4 END: OK
2019-12-03 03:26:45.833 30324 INFO rally.task.runner [-] Task b7b29cb3-79f0-4a87-913a-b553dd9983d5 | ITER: 36 START
2019-12-03 03:26:45.834 30324 WARNING rally_openstack.scenarios.neutron.utils [-] Running this scenario without either the 'network' or 'existing_network' context is deprecated
2019-12-03 03:26:45.898 30326 INFO rally.task.runner [-] Task b7b29cb3-79f0-4a87-913a-b553dd9983d5 | ITER: 8 END: OK
2019-12-03 03:26:45.903 30326 INFO rally.task.runner [-] Task b7b29cb3-79f0-4a87-913a-b553dd9983d5 | ITER: 37 START
2019-12-03 03:26:45.904 30326 WARNING rally_openstack.scenarios.neutron.utils [-] Running this scenario without either the 'network' or 'existing_network' context is deprecated
2019-12-03 03:26:46.141 30363 INFO rally.task.runner [-] Task b7b29cb3-79f0-4a87-913a-b553dd9983d5 | ITER: 18 END: OK
2019-12-03 03:26:46.147 30363 INFO rally.task.runner [-] Task b7b29cb3-79f0-4a87-913a-b553dd9983d5 | ITER: 38 START
2019-12-03 03:26:46.148 30363 WARNING rally_openstack.scenarios.neutron.utils [-] Running this scenario without either the 'network' or 'existing_network' context is deprecated
2019-12-03 03:26:46.419 30323 INFO rally.task.runner [-] Task b7b29cb3-79f0-4a87-913a-b553dd9983d5 | ITER: 5 END: OK
2019-12-03 03:26:46.423 30323 INFO rally.task.runner [-] Task b7b29cb3-79f0-4a87-913a-b553dd9983d5 | ITER: 39 START
2019-12-03 03:26:46.423 30323 WARNING rally_openstack.scenarios.neutron.utils [-] Running this scenario without either the 'network' or 'existing_network' context is deprecated
2019-12-03 03:26:46.607 30366 INFO rally.task.runner [-] Task b7b29cb3-79f0-4a87-913a-b553dd9983d5 | ITER: 19 END: OK
2019-12-03 03:26:46.612 30366 INFO rally.task.runner [-] Task b7b29cb3-79f0-4a87-913a-b553dd9983d5 | ITER: 40 START
2019-12-03 03:26:46.612 30366 WARNING rally_openstack.scenarios.neutron.utils [-] Running this scenario without either the 'network' or 'existing_network' context is deprecated
2019-12-03 03:26:51.821 30325 INFO rally.task.runner [-] Task b7b29cb3-79f0-4a87-913a-b553dd9983d5 | ITER: 21 END: OK
2019-12-03 03:26:52.661 30354 INFO rally.task.runner [-] Task b7b29cb3-79f0-4a87-913a-b553dd9983d5 | ITER: 22 END: OK
2019-12-03 03:26:53.749 30360 INFO rally.task.runner [-] Task b7b29cb3-79f0-4a87-913a-b553dd9983d5 | ITER: 28 END: OK
2019-12-03 03:26:53.816 30357 INFO rally.task.runner [-] Task b7b29cb3-79f0-4a87-913a-b553dd9983d5 | ITER: 30 END: OK
2019-12-03 03:26:53.891 30323 INFO rally.task.runner [-] Task b7b29cb3-79f0-4a87-913a-b553dd9983d5 | ITER: 27 END: OK
2019-12-03 03:26:53.955 30322 INFO rally.task.runner [-] Task b7b29cb3-79f0-4a87-913a-b553dd9983d5 | ITER: 23 END: OK
2019-12-03 03:26:54.039 30322 INFO rally.task.runner [-] Task b7b29cb3-79f0-4a87-913a-b553dd9983d5 | ITER: 24 END: OK
2019-12-03 03:26:54.054 30343 INFO rally.task.runner [-] Task b7b29cb3-79f0-4a87-913a-b553dd9983d5 | ITER: 26 END: OK
2019-12-03 03:26:54.319 30348 INFO rally.task.runner [-] Task b7b29cb3-79f0-4a87-913a-b553dd9983d5 | ITER: 34 END: OK
2019-12-03 03:26:54.408 30325 INFO rally.task.runner [-] Task b7b29cb3-79f0-4a87-913a-b553dd9983d5 | ITER: 25 END: OK
2019-12-03 03:26:54.634 30323 INFO rally.task.runner [-] Task b7b29cb3-79f0-4a87-913a-b553dd9983d5 | ITER: 39 END: OK
2019-12-03 03:26:54.723 30331 INFO rally.task.runner [-] Task b7b29cb3-79f0-4a87-913a-b553dd9983d5 | ITER: 32 END: OK
2019-12-03 03:26:54.733 30351 INFO rally.task.runner [-] Task b7b29cb3-79f0-4a87-913a-b553dd9983d5 | ITER: 31 END: OK
2019-12-03 03:26:55.203 30324 INFO rally.task.runner [-] Task b7b29cb3-79f0-4a87-913a-b553dd9983d5 | ITER: 36 END: OK
2019-12-03 03:26:55.305 30335 INFO rally.task.runner [-] Task b7b29cb3-79f0-4a87-913a-b553dd9983d5 | ITER: 35 END: OK
2019-12-03 03:26:55.425 30326 INFO rally.task.runner [-] Task b7b29cb3-79f0-4a87-913a-b553dd9983d5 | ITER: 37 END: OK
2019-12-03 03:26:55.454 30324 INFO rally.task.runner [-] Task b7b29cb3-79f0-4a87-913a-b553dd9983d5 | ITER: 29 END: OK
2019-12-03 03:26:55.534 30363 INFO rally.task.runner [-] Task b7b29cb3-79f0-4a87-913a-b553dd9983d5 | ITER: 38 END: OK
2019-12-03 03:26:55.873 30369 INFO rally.task.runner [-] Task b7b29cb3-79f0-4a87-913a-b553dd9983d5 | ITER: 33 END: OK
2019-12-03 03:26:55.890 30366 INFO rally.task.runner [-] Task b7b29cb3-79f0-4a87-913a-b553dd9983d5 | ITER: 40 END: OK
2019-12-03 03:26:55.922 26246 INFO rally.task.context [-] Task b7b29cb3-79f0-4a87-913a-b553dd9983d5 | Context cleanup@openstack cleanup() started
2019-12-03 03:26:55.925 26246 RALLYDEBUG rally_openstack.cleanup.manager [-] Cleaning up neutron vip objects
2019-12-03 03:26:56.326 26246 RALLYDEBUG rally_openstack.cleanup.manager [-] Cleaning up neutron health_monitor objects
2019-12-03 03:26:56.726 26246 RALLYDEBUG rally_openstack.cleanup.manager [-] Cleaning up neutron pool objects
2019-12-03 03:26:57.117 26246 RALLYDEBUG rally_openstack.cleanup.manager [-] Cleaning up neutron loadbalancer objects
2019-12-03 03:26:57.514 26246 RALLYDEBUG rally_openstack.cleanup.manager [-] Cleaning up neutron floatingip objects
2019-12-03 03:26:57.943 26246 RALLYDEBUG rally_openstack.cleanup.manager [-] Cleaning up neutron trunk objects
2019-12-03 03:26:58.341 26246 RALLYDEBUG rally_openstack.cleanup.manager [-] Cleaning up neutron port objects
2019-12-03 03:26:59.226 26246 RALLYDEBUG rally_openstack.cleanup.manager [-] Deleting neutron.port object s_rally_430650cf_9vy9GxVn (09c2af5c-65a6-4f56-861e-d555c0e2e795)
2019-12-03 03:26:59.228 26246 RALLYDEBUG rally_openstack.cleanup.manager [-] Deleting neutron.port object s_rally_430650cf_2xqbhbjK (120bbfc2-babf-40d3-bbc3-255a3076fd69)
2019-12-03 03:26:59.232 26246 RALLYDEBUG rally_openstack.cleanup.manager [-] Deleting neutron.port object s_rally_430650cf_eoxxViNw (121b714a-78c9-41a1-a73f-368b35b36337)
2019-12-03 03:26:59.235 26246 RALLYDEBUG rally_openstack.cleanup.manager [-] Deleting neutron.port object s_rally_430650cf_q413ylDS (194074be-ec63-4d47-a4bf-6cf312c8e135)
2019-12-03 03:26:59.237 26246 RALLYDEBUG rally_openstack.cleanup.manager [-] Deleting neutron.port object s_rally_430650cf_WxsYF4l6 (14b0d489-23df-4a28-bccb-03a3ce685f40)
2019-12-03 03:26:59.238 26246 RALLYDEBUG rally_openstack.cleanup.manager [-] Deleting neutron.port object s_rally_430650cf_WFQcwNYj (10ea8570-e823-4aca-bc1f-9bf8f1c41643)
2019-12-03 03:26:59.245 26246 RALLYDEBUG rally_openstack.cleanup.manager [-] Deleting neutron.port object s_rally_430650cf_uq9m9emT (15321ebd-557a-412d-97aa-c4ab73b7c4c4)
2019-12-03 03:26:59.248 26246 RALLYDEBUG rally_openstack.cleanup.manager [-] Deleting neutron.port object s_rally_430650cf_3zvP2RuY (1bf6cc99-3536-49d1-a8db-acf494417f59)
2019-12-03 03:26:59.251 26246 RALLYDEBUG rally_openstack.cleanup.manager [-] Deleting neutron.port object s_rally_430650cf_caKKkAan (0a4e7ecc-4f4d-43f7-9bf5-a8e2502a7b3c)
2019-12-03 03:26:59.244 26246 RALLYDEBUG rally_openstack.cleanup.manager [-] Deleting neutron.port object s_rally_430650cf_FYv3Ecrt (15b257ef-1418-4a63-b230-7d1222f800b8)
2019-12-03 03:26:59.261 26246 RALLYDEBUG rally_openstack.cleanup.manager [-] Deleting neutron.port object s_rally_430650cf_WHZzDacZ (0e77dbf6-fbdb-45a4-abc2-03b3f0c65caa)
2019-12-03 03:26:59.266 26246 RALLYDEBUG rally_openstack.cleanup.manager [-] Deleting neutron.port object s_rally_430650cf_5ZtzV5mV (1af3ab7c-ccf5-4181-85ad-edd6c5676055)
2019-12-03 03:26:59.272 26246 RALLYDEBUG rally_openstack.cleanup.manager [-] Deleting neutron.port object s_rally_430650cf_YUFTDtOD (03ec430d-5692-44c2-a31d-2c858366f9be)
2019-12-03 03:26:59.275 26246 RALLYDEBUG rally_openstack.cleanup.manager [-] Deleting neutron.port object s_rally_430650cf_3RDHEqAm (14ad30a7-14ee-44fe-9252-1586a6f1535c)
2019-12-03 03:26:59.277 26246 RALLYDEBUG rally_openstack.cleanup.manager [-] Deleting neutron.port object s_rally_430650cf_pTrZUkse (0c88c82c-24dc-4e21-9f7e-2659d8559365)
2019-12-03 03:26:59.279 26246 RALLYDEBUG rally_openstack.cleanup.manager [-] Deleting neutron.port object s_rally_430650cf_nFQPZ8wM (1a2b6b40-589e-4ca3-b9ec-2c7295bfed2b)
2019-12-03 03:26:59.294 26246 RALLYDEBUG rally_openstack.cleanup.manager [-] Deleting neutron.port object s_rally_430650cf_9v3rJnlM (1e86dceb-dd61-4425-95aa-add6b03574e2)
2019-12-03 03:26:59.300 26246 RALLYDEBUG rally_openstack.cleanup.manager [-] Deleting neutron.port object s_rally_430650cf_TbypOEa0 (14a8d792-9891-4678-ae55-6d4d76ba31d3)
2019-12-03 03:26:59.301 26246 RALLYDEBUG rally_openstack.cleanup.manager [-] Deleting neutron.port object s_rally_430650cf_HhhExYB2 (123d63eb-81f3-448d-adaa-3f603be7d9b7)
2019-12-03 03:26:59.325 26246 RALLYDEBUG rally_openstack.cleanup.manager [-] Deleting neutron.port object s_rally_430650cf_eqexbG2W (1f28c423-d66a-4776-92ee-11b8a26f79a7)
2019-12-03 03:27:01.263 26246 RALLYDEBUG rally_openstack.cleanup.manager [-] Deleting neutron.port object s_rally_430650cf_QvSVYu2K (1f88def8-f4b9-4a98-bbd3-1f7d9b77df33)
2019-12-03 03:27:01.462 26246 RALLYDEBUG rally_openstack.cleanup.manager [-] Deleting neutron.port object s_rally_430650cf_XosEIcjU (20ae6db2-fced-47fd-97c5-b7803a683aea)
2019-12-03 03:27:01.495 26246 RALLYDEBUG rally_openstack.cleanup.manager [-] Deleting neutron.port object s_rally_430650cf_kjKLcvTq (2254a19a-8d66-42b4-be26-05da3dd00d80)
2019-12-03 03:27:01.518 26246 RALLYDEBUG rally_openstack.cleanup.manager [-] Deleting neutron.port object s_rally_430650cf_nmwyq5RK (230c0991-22a8-41dd-89ff-7861c846d077)
2019-12-03 03:27:01.655 26246 RALLYDEBUG rally_openstack.cleanup.manager [-] Deleting neutron.port object s_rally_430650cf_XKJdtm3G (2426e088-1f1d-4330-8068-43804ba2a11b)
2019-12-03 03:27:01.732 26246 RALLYDEBUG rally_openstack.cleanup.manager [-] Deleting neutron.port object s_rally_430650cf_wvcSpaYW (2479fbc5-7d1e-4bdd-91e9-8cbb774e8441)
2019-12-03 03:27:01.738 26246 RALLYDEBUG rally_openstack.cleanup.manager [-] Deleting neutron.port object s_rally_430650cf_JUR7qL75 (292261e3-d32d-4f02-b041-b548e7d3b573)
2019-12-03 03:27:01.750 26246 RALLYDEBUG rally_openstack.cleanup.manager [-] Deleting neutron.port object s_rally_430650cf_r9dsAQu3 (2a0240d5-c0f6-41ed-b9c1-d188b3bc05a6)
2019-12-03 03:27:01.756 26246 RALLYDEBUG rally_openstack.cleanup.manager [-] Deleting neutron.port object s_rally_430650cf_SksKs0dd (2a7c0e0d-4547-46f7-8b97-443a8f77748a)
2019-12-03 03:27:01.983 26246 RALLYDEBUG rally_openstack.cleanup.manager [-] Deleting neutron.port object s_rally_430650cf_YUjjkEW0 (2df05c4d-5e51-4d08-973a-d5ecefb84b66)
2019-12-03 03:27:02.003 26246 RALLYDEBUG rally_openstack.cleanup.manager [-] Deleting neutron.port object s_rally_430650cf_6a1QhENo (2ea68c2d-c8df-4658-9673-e8c593ad5c20)
2019-12-03 03:27:02.024 26246 RALLYDEBUG rally_openstack.cleanup.manager [-] Deleting neutron.port object s_rally_430650cf_yvMggKrN (2edefe4f-c1a4-42cc-96ac-153b8beb9e25)
2019-12-03 03:27:02.028 26246 RALLYDEBUG rally_openstack.cleanup.manager [-] Deleting neutron.port object s_rally_430650cf_vdEuFOBW (2f76f5d6-2f06-447c-a787-5a101f737888)
2019-12-03 03:27:02.059 26246 RALLYDEBUG rally_openstack.cleanup.manager [-] Deleting neutron.port object s_rally_430650cf_om2Mov6z (2fb66575-28a4-4ad5-9913-753933a4c579)
2019-12-03 03:27:02.104 26246 RALLYDEBUG rally_openstack.cleanup.manager [-] Deleting neutron.port object s_rally_430650cf_hu8ofOIQ (334e75c0-7e11-4b08-8bb5-c3430321d690)
2019-12-03 03:27:02.116 26246 RALLYDEBUG rally_openstack.cleanup.manager [-] Deleting neutron.port object s_rally_430650cf_6KdcrW3R (33a26224-e02e-4bbc-be35-22a04f17f972)
2019-12-03 03:27:02.200 26246 RALLYDEBUG rally_openstack.cleanup.manager [-] Deleting neutron.port object s_rally_430650cf_fiqWTnSA (34b9a5b4-d82d-4df1-8b26-06ec55455920)
2019-12-03 03:27:02.402 26246 RALLYDEBUG rally_openstack.cleanup.manager [-] Deleting neutron.port object s_rally_430650cf_JEYcXfmQ (360c5375-b35d-4d56-8f36-28d0df2c00ee)
2019-12-03 03:27:02.436 26246 RALLYDEBUG rally_openstack.cleanup.manager [-] Deleting neutron.port object s_rally_430650cf_ZSZNOsV3 (36f2d379-2acb-4156-bdb7-9dcec5d3d744)
2019-12-03 03:27:02.520 26246 RALLYDEBUG rally_openstack.cleanup.manager [-] Deleting neutron.port object s_rally_430650cf_ZKYa243E (371fcc99-7ff5-4f65-bb07-d97a152046b7)
2019-12-03 03:27:03.327 26246 RALLYDEBUG rally_openstack.cleanup.manager [-] Deleting neutron.port object s_rally_430650cf_RgcVaLYk (37b18af8-4969-4dd1-9ad5-31d7345aba9e)
2019-12-03 03:27:03.347 26246 RALLYDEBUG rally_openstack.cleanup.manager [-] Deleting neutron.port object s_rally_430650cf_VG5GHRdK (38a4f618-6d1e-4efe-ab4a-1c51cd300a25)
2019-12-03 03:27:03.355 26246 RALLYDEBUG rally_openstack.cleanup.manager [-] Deleting neutron.port object s_rally_430650cf_EZagDLCx (3900e46a-7d01-4d88-a0b8-867f796c1911)
2019-12-03 03:27:03.370 26246 RALLYDEBUG rally_openstack.cleanup.manager [-] Deleting neutron.port object s_rally_430650cf_eckiCgEF (3a84bc33-c842-4987-be82-72af606bdb88)
2019-12-03 03:27:03.625 26246 RALLYDEBUG rally_openstack.cleanup.manager [-] Deleting neutron.port object s_rally_430650cf_f9yzi9gY (3aa26164-3544-453d-96e9-cb110aa3060d)
2019-12-03 03:27:03.758 26246 RALLYDEBUG rally_openstack.cleanup.manager [-] Deleting neutron.port object s_rally_430650cf_fwDTyy7U (3d62acf6-2d80-4798-86cb-c55008221ba2)
2019-12-03 03:27:03.897 26246 RALLYDEBUG rally_openstack.cleanup.manager [-] Deleting neutron.port object s_rally_430650cf_k5Vtk6SH (3fc0d7c3-4906-49b0-bb2d-aa1083bb3cc6)
2019-12-03 03:27:03.906 26246 RALLYDEBUG rally_openstack.cleanup.manager [-] Deleting neutron.port object s_rally_430650cf_I6jBEt1i (40b0ef3f-32ca-407d-a142-45516f54e0ce)
2019-12-03 03:27:04.013 26246 RALLYDEBUG rally_openstack.cleanup.manager [-] Deleting neutron.port object s_rally_430650cf_gbFDKhNO (41ad4c83-048e-47a8-93f9-5f088af0be7f)
2019-12-03 03:27:04.051 26246 RALLYDEBUG rally_openstack.cleanup.manager [-] Deleting neutron.port object s_rally_430650cf_vi5KnHIb (4318e05a-56d3-4a03-93a6-5aa97e78466f)
2019-12-03 03:27:04.070 26246 RALLYDEBUG rally_openstack.cleanup.manager [-] Deleting neutron.port object s_rally_430650cf_tMBIWf3s (444acb90-f0aa-4a07-8881-37c2e313a679)
2019-12-03 03:27:04.096 26246 RALLYDEBUG rally_openstack.cleanup.manager [-] Deleting neutron.port object s_rally_430650cf_ttte1dot (449bdd64-e390-4ebe-928f-eafd659dc34a)
2019-12-03 03:27:04.133 26246 RALLYDEBUG rally_openstack.cleanup.manager [-] Deleting neutron.port object s_rally_430650cf_l9vKnViv (45585e11-77f3-40b3-93c2-8a591bc0888d)
2019-12-03 03:27:04.194 26246 RALLYDEBUG rally_openstack.cleanup.manager [-] Deleting neutron.port object s_rally_430650cf_4kFLHq15 (4718c923-b5c0-4e8d-9273-b8bdb7335a4b)
2019-12-03 03:27:04.233 26246 RALLYDEBUG rally_openstack.cleanup.manager [-] Deleting neutron.port object s_rally_430650cf_yHbRh5wc (47dd491c-39aa-4888-a797-17657ff87714)
2019-12-03 03:27:04.277 26246 RALLYDEBUG rally_openstack.cleanup.manager [-] Deleting neutron.port object s_rally_430650cf_6hSOjwyV (4a3fac4b-086e-431f-8adb-672094ffce05)
2019-12-03 03:27:04.440 26246 RALLYDEBUG rally_openstack.cleanup.manager [-] Deleting neutron.port object s_rally_430650cf_GWNCf88d (4b71bee9-c718-406d-9b3e-43acc74c155a)
2019-12-03 03:27:04.633 26246 RALLYDEBUG rally_openstack.cleanup.manager [-] Deleting neutron.port object s_rally_430650cf_YPeiszDX (4dd236ac-0dba-4747-bc4e-977e37328129)
2019-12-03 03:27:04.665 26246 RALLYDEBUG rally_openstack.cleanup.manager [-] Deleting neutron.port object s_rally_430650cf_RfhxJO8P (4e0588d3-8361-4a54-b25c-74b60a1852c8)
2019-12-03 03:27:04.782 26246 RALLYDEBUG rally_openstack.cleanup.manager [-] Deleting neutron.port object s_rally_430650cf_lxdFLBgq (4e0c91c4-ad5f-4543-906e-1755872af360)
