2019-12-03 01:10:01.858 8 RALLYDEBUG rally.api [-] INFO logs from urllib3 and requests module are hide.
2019-12-03 01:10:01.858 8 RALLYDEBUG rally.api [-] urllib3 insecure warnings are hidden.
2019-12-03 01:10:01.858 8 RALLYDEBUG rally.api [-] ERROR log from boto module is hide.
2019-12-03 01:10:03.489 8 ERROR rally.cli.cliutils [-] Unexpected exception in CLI: DBRecordNotFound: Record for uuid or name is opnfv-rally not found in table envs
2019-12-03 01:10:03.489 8 ERROR rally.cli.cliutils
Traceback (most recent call last):
2019-12-03 01:10:03.489 8 ERROR rally.cli.cliutils
File "/usr/lib/python2.7/site-packages/rally/cli/cliutils.py", line 674, in run
2019-12-03 01:10:03.489 8 ERROR rally.cli.cliutils ret = fn(*fn_args, **fn_kwargs)
2019-12-03 01:10:03.489 8 ERROR rally.cli.cliutils File "", line 2, in destroy
2019-12-03 01:10:03.489 8 ERROR rally.cli.cliutils
File "/usr/lib/python2.7/site-packages/rally/cli/envutils.py", line 68, in default_from_global
2019-12-03 01:10:03.489 8 ERROR rally.cli.cliutils return f(*args, **kwargs)
2019-12-03 01:10:03.489 8 ERROR rally.cli.cliutils File "", line 2, in destroy
2019-12-03 01:10:03.489 8 ERROR rally.cli.cliutils
File "/usr/lib/python2.7/site-packages/rally/plugins/__init__.py", line 51, in ensure_plugins_are_loaded
2019-12-03 01:10:03.489 8 ERROR rally.cli.cliutils return f(*args, **kwargs)
2019-12-03 01:10:03.489 8 ERROR rally.cli.cliutils
File "/usr/lib/python2.7/site-packages/rally/cli/commands/deployment.py", line 157, in destroy
2019-12-03 01:10:03.489 8 ERROR rally.cli.cliutils api.deployment.destroy(deployment=deployment)
2019-12-03 01:10:03.489 8 ERROR rally.cli.cliutils
File "/usr/lib/python2.7/site-packages/rally/api.py", line 115, in destroy
2019-12-03 01:10:03.489 8 ERROR rally.cli.cliutils deploy = objects.Deployment.get(deployment)
2019-12-03 01:10:03.489 8 ERROR rally.cli.cliutils
File "/usr/lib/python2.7/site-packages/rally/common/objects/deploy.py", line 124, in get
2019-12-03 01:10:03.489 8 ERROR rally.cli.cliutils return Deployment(env_mgr.EnvManager.get(deploy))
2019-12-03 01:10:03.489 8 ERROR rally.cli.cliutils
File "/usr/lib/python2.7/site-packages/rally/env/env_mgr.py", line 212, in get
2019-12-03 01:10:03.489 8 ERROR rally.cli.cliutils return cls(db.env_get(uuid_or_name))
2019-12-03 01:10:03.489 8 ERROR rally.cli.cliutils
File "/usr/lib/python2.7/site-packages/rally/common/db/api.py", line 135, in wrapper
2019-12-03 01:10:03.489 8 ERROR rally.cli.cliutils result = f(session, *args, **kwargs)
2019-12-03 01:10:03.489 8 ERROR rally.cli.cliutils
File "/usr/lib/python2.7/site-packages/rally/common/db/api.py", line 521, in env_get
2019-12-03 01:10:03.489 8 ERROR rally.cli.cliutils criteria="uuid or name is %s" % uuid_or_name, table="envs")
2019-12-03 01:10:03.489 8 ERROR rally.cli.cliutils DBRecordNotFound: Record for uuid or name is opnfv-rally not found in table envs
2019-12-03 01:10:03.489 8 ERROR rally.cli.cliutils
2019-12-03 01:10:04.335 10 RALLYDEBUG rally.api [-] INFO logs from urllib3 and requests module are hide.
2019-12-03 01:10:04.335 10 RALLYDEBUG rally.api [-] urllib3 insecure warnings are hidden.
2019-12-03 01:10:04.335 10 RALLYDEBUG rally.api [-] ERROR log from boto module is hide.
2019-12-03 01:10:07.402 12 RALLYDEBUG rally.api [-] INFO logs from urllib3 and requests module are hide.
2019-12-03 01:10:07.402 12 RALLYDEBUG rally.api [-] urllib3 insecure warnings are hidden.
2019-12-03 01:10:07.403 12 RALLYDEBUG rally.api [-] ERROR log from boto module is hide.
2019-12-03 01:10:11.046 15 RALLYDEBUG rally.api [-] INFO logs from urllib3 and requests module are hide.
2019-12-03 01:10:11.046 15 RALLYDEBUG rally.api [-] urllib3 insecure warnings are hidden.
2019-12-03 01:10:11.046 15 RALLYDEBUG rally.api [-] ERROR log from boto module is hide.
2019-12-03 01:10:12.235 17 RALLYDEBUG rally.api [-] INFO logs from urllib3 and requests module are hide.
2019-12-03 01:10:12.235 17 RALLYDEBUG rally.api [-] urllib3 insecure warnings are hidden.
2019-12-03 01:10:12.235 17 RALLYDEBUG rally.api [-] ERROR log from boto module is hide.
2019-12-03 01:10:13.885 17 INFO rally.task.engine [-] Task 3b86da89-4cc5-459f-a196-5edf80bf56d0 | Starting: Task validation.
2019-12-03 01:10:13.947 17 INFO rally.task.engine [-] Task 3b86da89-4cc5-459f-a196-5edf80bf56d0 | Starting: Task validation of syntax.
2019-12-03 01:10:14.041 17 INFO rally.task.engine [-] Task 3b86da89-4cc5-459f-a196-5edf80bf56d0 | Completed: Task validation of syntax.
2019-12-03 01:10:14.041 17 INFO rally.task.engine [-] Task 3b86da89-4cc5-459f-a196-5edf80bf56d0 | Starting: Task validation of required platforms.
2019-12-03 01:10:14.084 17 INFO rally.task.engine [-] Task 3b86da89-4cc5-459f-a196-5edf80bf56d0 | Completed: Task validation of required platforms.
2019-12-03 01:10:14.084 17 INFO rally.task.engine [-] Task 3b86da89-4cc5-459f-a196-5edf80bf56d0 | Starting: Task validation of semantic.
2019-12-03 01:10:14.084 17 INFO rally.task.engine [-] Check health of the environment '7b146bec-1fcf-43a3-8c60-652f53d80f10'.
2019-12-03 01:10:15.003 17 INFO rally.task.engine [-] Platform existing@openstack (available: True): OK!
2019-12-03 01:10:15.024 17 RALLYDEBUG rally_openstack.contexts.keystone.users [-] Creating 1 tenants using 20 threads
2019-12-03 01:10:15.922 17 RALLYDEBUG rally_openstack.contexts.keystone.users [-] Creating 1 users using 20 threads
2019-12-03 01:10:17.383 17 INFO rally.task.context [-] Task 3b86da89-4cc5-459f-a196-5edf80bf56d0 | Context users@openstack setup() finished in 2.36 sec
2019-12-03 01:10:17.445 17 INFO rally.task.context [-] Task 3b86da89-4cc5-459f-a196-5edf80bf56d0 | Context users@openstack cleanup() started
2019-12-03 01:10:20.545 17 INFO rally.task.context [-] Task 3b86da89-4cc5-459f-a196-5edf80bf56d0 | Context users@openstack cleanup() finished in 3.10 sec
2019-12-03 01:10:20.546 17 INFO rally.task.engine [-] Task 3b86da89-4cc5-459f-a196-5edf80bf56d0 | Completed: Task validation of semantic.
2019-12-03 01:10:20.546 17 INFO rally.task.engine [-] Task 3b86da89-4cc5-459f-a196-5edf80bf56d0 | Completed: Task validation.
2019-12-03 01:10:20.546 17 INFO rally.api [-] Task 3b86da89-4cc5-459f-a196-5edf80bf56d0 input file is valid.
2019-12-03 01:10:20.547 17 INFO rally.api [-] Run Task 3b86da89-4cc5-459f-a196-5edf80bf56d0 against Deployment 7b146bec-1fcf-43a3-8c60-652f53d80f10
2019-12-03 01:10:20.547 17 INFO rally.task.engine [-] Task 3b86da89-4cc5-459f-a196-5edf80bf56d0 | Starting: Running task.
2019-12-03 01:10:20.750 17 INFO rally.task.engine [-] Running workload: position = 0 config = { "version": 2, "title": "A cropped version of a bigger task.", "description": "Auto-generated task from a single workload (uuid=74c17189-6daa-4d6e-8c7c-e6c0227dd6d5)", "subtasks": [ { "title": "Authenticate.keystone", "description": "Check Keystone Client.", "scenario": { "Authenticate.keystone": {} }, "contexts": { "users": { "tenants": 3, "users_per_tenant": 2 } }, "runner": { "constant": { "concurrency": 4, "times": 10 } }, "hooks": [], "sla": { "failure_rate": { "max": 0 } } } ] }
2019-12-03 01:10:20.777 17 RALLYDEBUG rally_openstack.contexts.keystone.users [-] Creating 3 tenants using 20 threads
2019-12-03 01:10:21.801 17 RALLYDEBUG rally_openstack.contexts.keystone.users [-] Creating 6 users using 20 threads
2019-12-03 01:10:23.440 17 INFO rally.task.context [-] Task 3b86da89-4cc5-459f-a196-5edf80bf56d0 | Context users@openstack setup() finished in 2.66 sec
2019-12-03 01:10:23.448 17 RALLYDEBUG rally.task.runner [-] Starting the constant runner (task UUID: 3b86da89-4cc5-459f-a196-5edf80bf56d0). timeout: 0 concurrency: 4 concurrency_per_worker: 1 times: 10 concurrency_overhead: 0 processes_to_start: 4 max_cpu_used: 16
2019-12-03 01:10:23.463 141 RALLYDEBUG rally.task.runner [-] Starting a worker. concurrency: 1 args: {} times: 10 method_name: run timeout: 0 duration: None cls:
2019-12-03 01:10:23.466 142 RALLYDEBUG rally.task.runner [-] Starting a worker. concurrency: 1 args: {} times: 10 method_name: run timeout: 0 duration: None cls:
2019-12-03 01:10:23.468 143 RALLYDEBUG rally.task.runner [-] Starting a worker. concurrency: 1 args: {} times: 10 method_name: run timeout: 0 duration: None cls:
2019-12-03 01:10:23.471 141 INFO rally.task.runner [-] Task 3b86da89-4cc5-459f-a196-5edf80bf56d0 | ITER: 1 START
2019-12-03 01:10:23.471 144 RALLYDEBUG rally.task.runner [-] Starting a worker. concurrency: 1 args: {} times: 10 method_name: run timeout: 0 duration: None cls:
2019-12-03 01:10:23.473 142 INFO rally.task.runner [-] Task 3b86da89-4cc5-459f-a196-5edf80bf56d0 | ITER: 2 START
2019-12-03 01:10:23.475 143 INFO rally.task.runner [-] Task 3b86da89-4cc5-459f-a196-5edf80bf56d0 | ITER: 3 START
2019-12-03 01:10:23.478 144 INFO rally.task.runner [-] Task 3b86da89-4cc5-459f-a196-5edf80bf56d0 | ITER: 4 START
2019-12-03 01:10:24.211 144 INFO rally.task.runner [-] Task 3b86da89-4cc5-459f-a196-5edf80bf56d0 | ITER: 4 END: OK
2019-12-03 01:10:24.216 144 INFO rally.task.runner [-] Task 3b86da89-4cc5-459f-a196-5edf80bf56d0 | ITER: 5 START
2019-12-03 01:10:24.217 143 INFO rally.task.runner [-] Task 3b86da89-4cc5-459f-a196-5edf80bf56d0 | ITER: 3 END: OK
2019-12-03 01:10:24.221 143 INFO rally.task.runner [-] Task 3b86da89-4cc5-459f-a196-5edf80bf56d0 | ITER: 6 START
2019-12-03 01:10:24.257 142 INFO rally.task.runner [-] Task 3b86da89-4cc5-459f-a196-5edf80bf56d0 | ITER: 2 END: OK
2019-12-03 01:10:24.262 142 INFO rally.task.runner [-] Task 3b86da89-4cc5-459f-a196-5edf80bf56d0 | ITER: 7 START
2019-12-03 01:10:24.269 141 INFO rally.task.runner [-] Task 3b86da89-4cc5-459f-a196-5edf80bf56d0 | ITER: 1 END: OK
2019-12-03 01:10:24.275 141 INFO rally.task.runner [-] Task 3b86da89-4cc5-459f-a196-5edf80bf56d0 | ITER: 8 START
2019-12-03 01:10:24.854 144 INFO rally.task.runner [-] Task 3b86da89-4cc5-459f-a196-5edf80bf56d0 | ITER: 5 END: OK
2019-12-03 01:10:24.858 144 INFO rally.task.runner [-] Task 3b86da89-4cc5-459f-a196-5edf80bf56d0 | ITER: 9 START
2019-12-03 01:10:24.903 141 INFO rally.task.runner [-] Task 3b86da89-4cc5-459f-a196-5edf80bf56d0 | ITER: 8 END: OK
2019-12-03 01:10:24.908 141 INFO rally.task.runner [-] Task 3b86da89-4cc5-459f-a196-5edf80bf56d0 | ITER: 10 START
2019-12-03 01:10:24.946 143 INFO rally.task.runner [-] Task 3b86da89-4cc5-459f-a196-5edf80bf56d0 | ITER: 6 END: OK
2019-12-03 01:10:25.016 142 INFO rally.task.runner [-] Task 3b86da89-4cc5-459f-a196-5edf80bf56d0 | ITER: 7 END: OK
2019-12-03 01:10:25.511 144 INFO rally.task.runner [-] Task 3b86da89-4cc5-459f-a196-5edf80bf56d0 | ITER: 9 END: OK
2019-12-03 01:10:25.556 141 INFO rally.task.runner [-] Task 3b86da89-4cc5-459f-a196-5edf80bf56d0 | ITER: 10 END: OK
2019-12-03 01:10:25.583 17 INFO rally.task.context [-] Task 3b86da89-4cc5-459f-a196-5edf80bf56d0 | Context users@openstack cleanup() started
2019-12-03 01:10:30.714 17 INFO rally.task.context [-] Task 3b86da89-4cc5-459f-a196-5edf80bf56d0 | Context users@openstack cleanup() finished in 5.13 sec
2019-12-03 01:10:30.841 17 INFO rally.task.engine [-] Load duration is: 2.083969
2019-12-03 01:10:30.841 17 INFO rally.task.engine [-] Full runner duration is: 2.135296
2019-12-03 01:10:30.841 17 INFO rally.task.engine [-] Full duration is: 9.941206
2019-12-03 01:10:31.186 17 INFO rally.task.engine [-] Running workload: position = 0 config = { "version": 2, "title": "A cropped version of a bigger task.", "description": "Auto-generated task from a single workload (uuid=6ef1450a-85cf-4af5-81f3-ff773239e889)", "subtasks": [ { "title": "Authenticate.validate_cinder", "description": "Check Cinder Client to ensure validation of token.", "scenario": { "Authenticate.validate_cinder": { "repetitions": 2 } }, "contexts": { "users": { "tenants": 3, "users_per_tenant": 2 } }, "runner": { "constant": { "concurrency": 4, "times": 10 } }, "hooks": [], "sla": { "failure_rate": { "max": 0 } } } ] }
2019-12-03 01:10:31.212 17 RALLYDEBUG rally_openstack.contexts.keystone.users [-] Creating 3 tenants using 20 threads
2019-12-03 01:10:32.499 17 RALLYDEBUG rally_openstack.contexts.keystone.users [-] Creating 6 users using 20 threads
2019-12-03 01:10:34.090 17 INFO rally.task.context [-] Task 3b86da89-4cc5-459f-a196-5edf80bf56d0 | Context users@openstack setup() finished in 2.88 sec
2019-12-03 01:10:34.098 17 RALLYDEBUG rally.task.runner [-] Starting the constant runner (task UUID: 3b86da89-4cc5-459f-a196-5edf80bf56d0). timeout: 0 concurrency: 4 concurrency_per_worker: 1 times: 10 concurrency_overhead: 0 processes_to_start: 4 max_cpu_used: 16
2019-12-03 01:10:34.113 245 RALLYDEBUG rally.task.runner [-] Starting a worker. concurrency: 1 args: {"repetitions": 2} times: 10 method_name: run timeout: 0 duration: None cls:
2019-12-03 01:10:34.116 246 RALLYDEBUG rally.task.runner [-] Starting a worker. concurrency: 1 args: {"repetitions": 2} times: 10 method_name: run timeout: 0 duration: None cls:
2019-12-03 01:10:34.118 247 RALLYDEBUG rally.task.runner [-] Starting a worker. concurrency: 1 args: {"repetitions": 2} times: 10 method_name: run timeout: 0 duration: None cls:
2019-12-03 01:10:34.121 245 INFO rally.task.runner [-] Task 3b86da89-4cc5-459f-a196-5edf80bf56d0 | ITER: 1 START
2019-12-03 01:10:34.122 248 RALLYDEBUG rally.task.runner [-] Starting a worker. concurrency: 1 args: {"repetitions": 2} times: 10 method_name: run timeout: 0 duration: None cls:
2019-12-03 01:10:34.124 246 INFO rally.task.runner [-] Task 3b86da89-4cc5-459f-a196-5edf80bf56d0 | ITER: 2 START
2019-12-03 01:10:34.126 247 INFO rally.task.runner [-] Task 3b86da89-4cc5-459f-a196-5edf80bf56d0 | ITER: 3 START
2019-12-03 01:10:34.130 248 INFO rally.task.runner [-] Task 3b86da89-4cc5-459f-a196-5edf80bf56d0 | ITER: 4 START
2019-12-03 01:10:35.181 245 INFO rally.task.runner [-] Task 3b86da89-4cc5-459f-a196-5edf80bf56d0 | ITER: 1 END: OK
2019-12-03 01:10:35.185 245 INFO rally.task.runner [-] Task 3b86da89-4cc5-459f-a196-5edf80bf56d0 | ITER: 5 START
2019-12-03 01:10:35.192 248 INFO rally.task.runner [-] Task 3b86da89-4cc5-459f-a196-5edf80bf56d0 | ITER: 4 END: OK
2019-12-03 01:10:35.196 246 INFO rally.task.runner [-] Task 3b86da89-4cc5-459f-a196-5edf80bf56d0 | ITER: 2 END: OK
2019-12-03 01:10:35.197 247 INFO rally.task.runner [-] Task 3b86da89-4cc5-459f-a196-5edf80bf56d0 | ITER: 3 END: OK
2019-12-03 01:10:35.198 248 INFO rally.task.runner [-] Task 3b86da89-4cc5-459f-a196-5edf80bf56d0 | ITER: 6 START
2019-12-03 01:10:35.200 246 INFO rally.task.runner [-] Task 3b86da89-4cc5-459f-a196-5edf80bf56d0 | ITER: 7 START
2019-12-03 01:10:35.201 247 INFO rally.task.runner [-] Task 3b86da89-4cc5-459f-a196-5edf80bf56d0 | ITER: 8 START
2019-12-03 01:10:35.616 245 INFO rally.task.runner [-] Task 3b86da89-4cc5-459f-a196-5edf80bf56d0 | ITER: 5 END: OK
2019-12-03 01:10:35.620 245 INFO rally.task.runner [-] Task 3b86da89-4cc5-459f-a196-5edf80bf56d0 | ITER: 9 START
2019-12-03 01:10:35.624 248 INFO rally.task.runner [-] Task 3b86da89-4cc5-459f-a196-5edf80bf56d0 | ITER: 6 END: OK
2019-12-03 01:10:35.627 248 INFO rally.task.runner [-] Task 3b86da89-4cc5-459f-a196-5edf80bf56d0 | ITER: 10 START
2019-12-03 01:10:35.709 247 INFO rally.task.runner [-] Task 3b86da89-4cc5-459f-a196-5edf80bf56d0 | ITER: 8 END: OK
2019-12-03 01:10:35.728 246 INFO rally.task.runner [-] Task 3b86da89-4cc5-459f-a196-5edf80bf56d0 | ITER: 7 END: OK
2019-12-03 01:10:36.045 245 INFO rally.task.runner [-] Task 3b86da89-4cc5-459f-a196-5edf80bf56d0 | ITER: 9 END: OK
2019-12-03 01:10:36.055 248 INFO rally.task.runner [-] Task 3b86da89-4cc5-459f-a196-5edf80bf56d0 | ITER: 10 END: OK
2019-12-03 01:10:36.080 17 INFO rally.task.context [-] Task 3b86da89-4cc5-459f-a196-5edf80bf56d0 | Context users@openstack cleanup() started
2019-12-03 01:10:41.025 17 INFO rally.task.context [-] Task 3b86da89-4cc5-459f-a196-5edf80bf56d0 | Context users@openstack cleanup() finished in 4.95 sec
2019-12-03 01:10:41.307 17 INFO rally.task.engine [-] Load duration is: 1.933055
2019-12-03 01:10:41.308 17 INFO rally.task.engine [-] Full runner duration is: 1.982071
2019-12-03 01:10:41.308 17 INFO rally.task.engine [-] Full duration is: 9.818107
2019-12-03 01:10:41.655 17 INFO rally.task.engine [-] Running workload: position = 0 config = { "version": 2, "title": "A cropped version of a bigger task.", "description": "Auto-generated task from a single workload (uuid=f629a57b-07e6-49b6-bb19-98f817fd5249)", "subtasks": [ { "title": "Authenticate.validate_glance", "description": "Check Glance Client to ensure validation of token.", "scenario": { "Authenticate.validate_glance": { "repetitions": 2 } }, "contexts": { "users": { "tenants": 3, "users_per_tenant": 2 } }, "runner": { "constant": { "concurrency": 4, "times": 10 } }, "hooks": [], "sla": { "failure_rate": { "max": 0 } } } ] }
2019-12-03 01:10:41.681 17 RALLYDEBUG rally_openstack.contexts.keystone.users [-] Creating 3 tenants using 20 threads
2019-12-03 01:10:42.713 17 RALLYDEBUG rally_openstack.contexts.keystone.users [-] Creating 6 users using 20 threads
2019-12-03 01:10:44.514 17 INFO rally.task.context [-] Task 3b86da89-4cc5-459f-a196-5edf80bf56d0 | Context users@openstack setup() finished in 2.83 sec
2019-12-03 01:10:44.522 17 RALLYDEBUG rally.task.runner [-] Starting the constant runner (task UUID: 3b86da89-4cc5-459f-a196-5edf80bf56d0). timeout: 0 concurrency: 4 concurrency_per_worker: 1 times: 10 concurrency_overhead: 0 processes_to_start: 4 max_cpu_used: 16
2019-12-03 01:10:44.535 349 RALLYDEBUG rally.task.runner [-] Starting a worker. concurrency: 1 args: {"repetitions": 2} times: 10 method_name: run timeout: 0 duration: None cls:
2019-12-03 01:10:44.539 350 RALLYDEBUG rally.task.runner [-] Starting a worker. concurrency: 1 args: {"repetitions": 2} times: 10 method_name: run timeout: 0 duration: None cls:
2019-12-03 01:10:44.542 351 RALLYDEBUG rally.task.runner [-] Starting a worker. concurrency: 1 args: {"repetitions": 2} times: 10 method_name: run timeout: 0 duration: None cls:
2019-12-03 01:10:44.543 349 INFO rally.task.runner [-] Task 3b86da89-4cc5-459f-a196-5edf80bf56d0 | ITER: 1 START
2019-12-03 01:10:44.545 352 RALLYDEBUG rally.task.runner [-] Starting a worker. concurrency: 1 args: {"repetitions": 2} times: 10 method_name: run timeout: 0 duration: None cls:
2019-12-03 01:10:44.547 350 INFO rally.task.runner [-] Task 3b86da89-4cc5-459f-a196-5edf80bf56d0 | ITER: 2 START
2019-12-03 01:10:44.549 351 INFO rally.task.runner [-] Task 3b86da89-4cc5-459f-a196-5edf80bf56d0 | ITER: 3 START
2019-12-03 01:10:44.552 352 INFO rally.task.runner [-] Task 3b86da89-4cc5-459f-a196-5edf80bf56d0 | ITER: 4 START
2019-12-03 01:10:45.281 350 INFO rally.task.runner [-] Task 3b86da89-4cc5-459f-a196-5edf80bf56d0 | ITER: 2 END: OK
2019-12-03 01:10:45.287 350 INFO rally.task.runner [-] Task 3b86da89-4cc5-459f-a196-5edf80bf56d0 | ITER: 5 START
2019-12-03 01:10:45.341 351 INFO rally.task.runner [-] Task 3b86da89-4cc5-459f-a196-5edf80bf56d0 | ITER: 3 END: OK
2019-12-03 01:10:45.346 351 INFO rally.task.runner [-] Task 3b86da89-4cc5-459f-a196-5edf80bf56d0 | ITER: 6 START
2019-12-03 01:10:45.376 349 INFO rally.task.runner [-] Task 3b86da89-4cc5-459f-a196-5edf80bf56d0 | ITER: 1 END: OK
2019-12-03 01:10:45.381 349 INFO rally.task.runner [-] Task 3b86da89-4cc5-459f-a196-5edf80bf56d0 | ITER: 7 START
2019-12-03 01:10:45.859 350 INFO rally.task.runner [-] Task 3b86da89-4cc5-459f-a196-5edf80bf56d0 | ITER: 5 END: OK
2019-12-03 01:10:45.864 350 INFO rally.task.runner [-] Task 3b86da89-4cc5-459f-a196-5edf80bf56d0 | ITER: 8 START
2019-12-03 01:10:45.985 349 INFO rally.task.runner [-] Task 3b86da89-4cc5-459f-a196-5edf80bf56d0 | ITER: 7 END: OK
2019-12-03 01:10:45.989 349 INFO rally.task.runner [-] Task 3b86da89-4cc5-459f-a196-5edf80bf56d0 | ITER: 9 START
2019-12-03 01:10:46.038 351 INFO rally.task.runner [-] Task 3b86da89-4cc5-459f-a196-5edf80bf56d0 | ITER: 6 END: OK
2019-12-03 01:10:46.041 351 INFO rally.task.runner [-] Task 3b86da89-4cc5-459f-a196-5edf80bf56d0 | ITER: 10 START
2019-12-03 01:10:46.310 352 INFO rally.task.runner [-] Task 3b86da89-4cc5-459f-a196-5edf80bf56d0 | ITER: 4 END: OK
2019-12-03 01:10:46.441 350 INFO rally.task.runner [-] Task 3b86da89-4cc5-459f-a196-5edf80bf56d0 | ITER: 8 END: OK
2019-12-03 01:10:46.642 351 INFO rally.task.runner [-] Task 3b86da89-4cc5-459f-a196-5edf80bf56d0 | ITER: 10 END: OK
2019-12-03 01:10:46.681 349 INFO rally.task.runner [-] Task 3b86da89-4cc5-459f-a196-5edf80bf56d0 | ITER: 9 END: OK
2019-12-03 01:10:46.710 17 INFO rally.task.context [-] Task 3b86da89-4cc5-459f-a196-5edf80bf56d0 | Context users@openstack cleanup() started
2019-12-03 01:10:51.243 17 INFO rally.task.context [-] Task 3b86da89-4cc5-459f-a196-5edf80bf56d0 | Context users@openstack cleanup() finished in 4.53 sec
2019-12-03 01:10:51.803 17 INFO rally.task.engine [-] Load duration is: 2.13684
2019-12-03 01:10:51.804 17 INFO rally.task.engine [-] Full runner duration is: 2.188148
2019-12-03 01:10:51.804 17 INFO rally.task.engine [-] Full duration is: 9.566062
2019-12-03 01:10:52.450 17 INFO rally.task.engine [-] Running workload: position = 0 config = { "version": 2, "title": "A cropped version of a bigger task.", "description": "Auto-generated task from a single workload (uuid=b8454fbd-4399-4b40-996f-01cd9b449203)", "subtasks": [ { "title": "Authenticate.validate_heat", "description": "Check Heat Client to ensure validation of token.", "scenario": { "Authenticate.validate_heat": { "repetitions": 2 } }, "contexts": { "users": { "tenants": 3, "users_per_tenant": 2 } }, "runner": { "constant": { "concurrency": 4, "times": 10 } }, "hooks": [], "sla": { "failure_rate": { "max": 0 } } } ] }
2019-12-03 01:10:52.477 17 RALLYDEBUG rally_openstack.contexts.keystone.users [-] Creating 3 tenants using 20 threads
2019-12-03 01:10:53.688 17 RALLYDEBUG rally_openstack.contexts.keystone.users [-] Creating 6 users using 20 threads
2019-12-03 01:10:55.432 17 INFO rally.task.context [-] Task 3b86da89-4cc5-459f-a196-5edf80bf56d0 | Context users@openstack setup() finished in 2.96 sec
2019-12-03 01:10:55.441 17 RALLYDEBUG rally.task.runner [-] Starting the constant runner (task UUID: 3b86da89-4cc5-459f-a196-5edf80bf56d0). timeout: 0 concurrency: 4 concurrency_per_worker: 1 times: 10 concurrency_overhead: 0 processes_to_start: 4 max_cpu_used: 16
2019-12-03 01:10:55.454 453 RALLYDEBUG rally.task.runner [-] Starting a worker. concurrency: 1 args: {"repetitions": 2} times: 10 method_name: run timeout: 0 duration: None cls:
2019-12-03 01:10:55.458 454 RALLYDEBUG rally.task.runner [-] Starting a worker. concurrency: 1 args: {"repetitions": 2} times: 10 method_name: run timeout: 0 duration: None cls:
2019-12-03 01:10:55.460 455 RALLYDEBUG rally.task.runner [-] Starting a worker. concurrency: 1 args: {"repetitions": 2} times: 10 method_name: run timeout: 0 duration: None cls:
2019-12-03 01:10:55.461 453 INFO rally.task.runner [-] Task 3b86da89-4cc5-459f-a196-5edf80bf56d0 | ITER: 1 START
2019-12-03 01:10:55.464 456 RALLYDEBUG rally.task.runner [-] Starting a worker. concurrency: 1 args: {"repetitions": 2} times: 10 method_name: run timeout: 0 duration: None cls:
2019-12-03 01:10:55.465 454 INFO rally.task.runner [-] Task 3b86da89-4cc5-459f-a196-5edf80bf56d0 | ITER: 2 START
2019-12-03 01:10:55.468 455 INFO rally.task.runner [-] Task 3b86da89-4cc5-459f-a196-5edf80bf56d0 | ITER: 3 START
2019-12-03 01:10:55.471 456 INFO rally.task.runner [-] Task 3b86da89-4cc5-459f-a196-5edf80bf56d0 | ITER: 4 START
2019-12-03 01:10:56.518 456 INFO rally.task.runner [-] Task 3b86da89-4cc5-459f-a196-5edf80bf56d0 | ITER: 4 END: OK
2019-12-03 01:10:56.520 453 INFO rally.task.runner [-] Task 3b86da89-4cc5-459f-a196-5edf80bf56d0 | ITER: 1 END: OK
2019-12-03 01:10:56.523 456 INFO rally.task.runner [-] Task 3b86da89-4cc5-459f-a196-5edf80bf56d0 | ITER: 5 START
2019-12-03 01:10:56.525 453 INFO rally.task.runner [-] Task 3b86da89-4cc5-459f-a196-5edf80bf56d0 | ITER: 6 START
2019-12-03 01:10:56.535 455 INFO rally.task.runner [-] Task 3b86da89-4cc5-459f-a196-5edf80bf56d0 | ITER: 3 END: OK
2019-12-03 01:10:56.541 455 INFO rally.task.runner [-] Task 3b86da89-4cc5-459f-a196-5edf80bf56d0 | ITER: 7 START
2019-12-03 01:10:56.574 454 INFO rally.task.runner [-] Task 3b86da89-4cc5-459f-a196-5edf80bf56d0 | ITER: 2 END: OK
2019-12-03 01:10:56.578 454 INFO rally.task.runner [-] Task 3b86da89-4cc5-459f-a196-5edf80bf56d0 | ITER: 8 START
2019-12-03 01:10:57.376 453 INFO rally.task.runner [-] Task 3b86da89-4cc5-459f-a196-5edf80bf56d0 | ITER: 6 END: OK
2019-12-03 01:10:57.378 456 INFO rally.task.runner [-] Task 3b86da89-4cc5-459f-a196-5edf80bf56d0 | ITER: 5 END: OK
2019-12-03 01:10:57.380 453 INFO rally.task.runner [-] Task 3b86da89-4cc5-459f-a196-5edf80bf56d0 | ITER: 9 START
2019-12-03 01:10:57.381 456 INFO rally.task.runner [-] Task 3b86da89-4cc5-459f-a196-5edf80bf56d0 | ITER: 10 START
2019-12-03 01:10:57.420 455 INFO rally.task.runner [-] Task 3b86da89-4cc5-459f-a196-5edf80bf56d0 | ITER: 7 END: OK
2019-12-03 01:10:57.462 454 INFO rally.task.runner [-] Task 3b86da89-4cc5-459f-a196-5edf80bf56d0 | ITER: 8 END: OK
2019-12-03 01:10:57.833 456 INFO rally.task.runner [-] Task 3b86da89-4cc5-459f-a196-5edf80bf56d0 | ITER: 10 END: OK
2019-12-03 01:10:57.957 453 INFO rally.task.runner [-] Task 3b86da89-4cc5-459f-a196-5edf80bf56d0 | ITER: 9 END: OK
2019-12-03 01:10:57.984 17 INFO rally.task.context [-] Task 3b86da89-4cc5-459f-a196-5edf80bf56d0 | Context users@openstack cleanup() started
2019-12-03 01:11:02.577 17 INFO rally.task.context [-] Task 3b86da89-4cc5-459f-a196-5edf80bf56d0 | Context users@openstack cleanup() finished in 4.59 sec
2019-12-03 01:11:04.580 17 INFO rally.task.engine [-] Load duration is: 2.494837
2019-12-03 01:11:04.580 17 INFO rally.task.engine [-] Full runner duration is: 2.543033
2019-12-03 01:11:04.580 17 INFO rally.task.engine [-] Full duration is: 10.104331
2019-12-03 01:11:05.140 17 INFO rally.task.engine [-] Running workload: position = 0 config = { "version": 2, "title": "A cropped version of a bigger task.", "description": "Auto-generated task from a single workload (uuid=4f3bbb25-9667-4fd5-b4c6-f445255a8691)", "subtasks": [ { "title": "Authenticate.validate_neutron", "description": "Check Neutron Client to ensure validation of token.", "scenario": { "Authenticate.validate_neutron": { "repetitions": 2 } }, "contexts": { "users": { "tenants": 3, "users_per_tenant": 2 } }, "runner": { "constant": { "concurrency": 4, "times": 10 } }, "hooks": [], "sla": { "failure_rate": { "max": 0 } } } ] }
2019-12-03 01:11:05.167 17 RALLYDEBUG rally_openstack.contexts.keystone.users [-] Creating 3 tenants using 20 threads
2019-12-03 01:11:06.378 17 RALLYDEBUG rally_openstack.contexts.keystone.users [-] Creating 6 users using 20 threads
2019-12-03 01:11:08.044 17 INFO rally.task.context [-] Task 3b86da89-4cc5-459f-a196-5edf80bf56d0 | Context users@openstack setup() finished in 2.88 sec
2019-12-03 01:11:08.053 17 RALLYDEBUG rally.task.runner [-] Starting the constant runner (task UUID: 3b86da89-4cc5-459f-a196-5edf80bf56d0). timeout: 0 concurrency: 4 concurrency_per_worker: 1 times: 10 concurrency_overhead: 0 processes_to_start: 4 max_cpu_used: 16
2019-12-03 01:11:08.067 557 RALLYDEBUG rally.task.runner [-] Starting a worker. concurrency: 1 args: {"repetitions": 2} times: 10 method_name: run timeout: 0 duration: None cls:
2019-12-03 01:11:08.070 558 RALLYDEBUG rally.task.runner [-] Starting a worker. concurrency: 1 args: {"repetitions": 2} times: 10 method_name: run timeout: 0 duration: None cls:
2019-12-03 01:11:08.073 559 RALLYDEBUG rally.task.runner [-] Starting a worker. concurrency: 1 args: {"repetitions": 2} times: 10 method_name: run timeout: 0 duration: None cls:
2019-12-03 01:11:08.074 557 INFO rally.task.runner [-] Task 3b86da89-4cc5-459f-a196-5edf80bf56d0 | ITER: 1 START
2019-12-03 01:11:08.076 560 RALLYDEBUG rally.task.runner [-] Starting a worker. concurrency: 1 args: {"repetitions": 2} times: 10 method_name: run timeout: 0 duration: None cls:
2019-12-03 01:11:08.078 558 INFO rally.task.runner [-] Task 3b86da89-4cc5-459f-a196-5edf80bf56d0 | ITER: 2 START
2019-12-03 01:11:08.080 559 INFO rally.task.runner [-] Task 3b86da89-4cc5-459f-a196-5edf80bf56d0 | ITER: 3 START
2019-12-03 01:11:08.083 560 INFO rally.task.runner [-] Task 3b86da89-4cc5-459f-a196-5edf80bf56d0 | ITER: 4 START
2019-12-03 01:11:08.911 558 INFO rally.task.runner [-] Task 3b86da89-4cc5-459f-a196-5edf80bf56d0 | ITER: 2 END: OK
2019-12-03 01:11:08.916 558 INFO rally.task.runner [-] Task 3b86da89-4cc5-459f-a196-5edf80bf56d0 | ITER: 5 START
2019-12-03 01:11:08.962 557 INFO rally.task.runner [-] Task 3b86da89-4cc5-459f-a196-5edf80bf56d0 | ITER: 1 END: OK
2019-12-03 01:11:08.967 557 INFO rally.task.runner [-] Task 3b86da89-4cc5-459f-a196-5edf80bf56d0 | ITER: 6 START
2019-12-03 01:11:09.142 560 INFO rally.task.runner [-] Task 3b86da89-4cc5-459f-a196-5edf80bf56d0 | ITER: 4 END: OK
2019-12-03 01:11:09.147 560 INFO rally.task.runner [-] Task 3b86da89-4cc5-459f-a196-5edf80bf56d0 | ITER: 7 START
2019-12-03 01:11:09.168 559 INFO rally.task.runner [-] Task 3b86da89-4cc5-459f-a196-5edf80bf56d0 | ITER: 3 END: OK
2019-12-03 01:11:09.173 559 INFO rally.task.runner [-] Task 3b86da89-4cc5-459f-a196-5edf80bf56d0 | ITER: 8 START
2019-12-03 01:11:09.607 558 INFO rally.task.runner [-] Task 3b86da89-4cc5-459f-a196-5edf80bf56d0 | ITER: 5 END: OK
2019-12-03 01:11:09.611 558 INFO rally.task.runner [-] Task 3b86da89-4cc5-459f-a196-5edf80bf56d0 | ITER: 9 START
2019-12-03 01:11:09.628 557 INFO rally.task.runner [-] Task 3b86da89-4cc5-459f-a196-5edf80bf56d0 | ITER: 6 END: OK
2019-12-03 01:11:09.633 557 INFO rally.task.runner [-] Task 3b86da89-4cc5-459f-a196-5edf80bf56d0 | ITER: 10 START
2019-12-03 01:11:09.872 560 INFO rally.task.runner [-] Task 3b86da89-4cc5-459f-a196-5edf80bf56d0 | ITER: 7 END: OK
2019-12-03 01:11:10.091 559 INFO rally.task.runner [-] Task 3b86da89-4cc5-459f-a196-5edf80bf56d0 | ITER: 8 END: OK
2019-12-03 01:11:10.237 558 INFO rally.task.runner [-] Task 3b86da89-4cc5-459f-a196-5edf80bf56d0 | ITER: 9 END: OK
2019-12-03 01:11:10.253 557 INFO rally.task.runner [-] Task 3b86da89-4cc5-459f-a196-5edf80bf56d0 | ITER: 10 END: OK
2019-12-03 01:11:10.277 17 INFO rally.task.context [-] Task 3b86da89-4cc5-459f-a196-5edf80bf56d0 | Context users@openstack cleanup() started
2019-12-03 01:11:14.857 17 INFO rally.task.context [-] Task 3b86da89-4cc5-459f-a196-5edf80bf56d0 | Context users@openstack cleanup() finished in 4.58 sec
2019-12-03 01:11:15.247 17 INFO rally.task.engine [-] Load duration is: 2.178039
2019-12-03 01:11:15.248 17 INFO rally.task.engine [-] Full runner duration is: 2.223734
2019-12-03 01:11:15.248 17 INFO rally.task.engine [-] Full duration is: 9.693534
2019-12-03 01:11:15.830 17 INFO rally.task.engine [-] Running workload: position = 0 config = { "version": 2, "title": "A cropped version of a bigger task.", "description": "Auto-generated task from a single workload (uuid=c017e1ae-2b04-438a-af93-e8b699fd62cc)", "subtasks": [ { "title": "Authenticate.validate_nova", "description": "Check Nova Client to ensure validation of token.", "scenario": { "Authenticate.validate_nova": { "repetitions": 2 } }, "contexts": { "users": { "tenants": 3, "users_per_tenant": 2 } }, "runner": { "constant": { "concurrency": 4, "times": 10 } }, "hooks": [], "sla": { "failure_rate": { "max": 0 } } } ] }
2019-12-03 01:11:15.855 17 RALLYDEBUG rally_openstack.contexts.keystone.users [-] Creating 3 tenants using 20 threads
2019-12-03 01:11:16.825 17 RALLYDEBUG rally_openstack.contexts.keystone.users [-] Creating 6 users using 20 threads
2019-12-03 01:11:18.469 17 INFO rally.task.context [-] Task 3b86da89-4cc5-459f-a196-5edf80bf56d0 | Context users@openstack setup() finished in 2.61 sec
2019-12-03 01:11:18.479 17 RALLYDEBUG rally.task.runner [-] Starting the constant runner (task UUID: 3b86da89-4cc5-459f-a196-5edf80bf56d0). timeout: 0 concurrency: 4 concurrency_per_worker: 1 times: 10 concurrency_overhead: 0 processes_to_start: 4 max_cpu_used: 16
2019-12-03 01:11:18.493 661 RALLYDEBUG rally.task.runner [-] Starting a worker. concurrency: 1 args: {"repetitions": 2} times: 10 method_name: run timeout: 0 duration: None cls:
2019-12-03 01:11:18.496 662 RALLYDEBUG rally.task.runner [-] Starting a worker. concurrency: 1 args: {"repetitions": 2} times: 10 method_name: run timeout: 0 duration: None cls:
2019-12-03 01:11:18.499 663 RALLYDEBUG rally.task.runner [-] Starting a worker. concurrency: 1 args: {"repetitions": 2} times: 10 method_name: run timeout: 0 duration: None cls:
2019-12-03 01:11:18.501 661 INFO rally.task.runner [-] Task 3b86da89-4cc5-459f-a196-5edf80bf56d0 | ITER: 1 START
2019-12-03 01:11:18.502 664 RALLYDEBUG rally.task.runner [-] Starting a worker. concurrency: 1 args: {"repetitions": 2} times: 10 method_name: run timeout: 0 duration: None cls:
2019-12-03 01:11:18.503 662 INFO rally.task.runner [-] Task 3b86da89-4cc5-459f-a196-5edf80bf56d0 | ITER: 2 START
2019-12-03 01:11:18.506 663 INFO rally.task.runner [-] Task 3b86da89-4cc5-459f-a196-5edf80bf56d0 | ITER: 3 START
2019-12-03 01:11:18.510 664 INFO rally.task.runner [-] Task 3b86da89-4cc5-459f-a196-5edf80bf56d0 | ITER: 4 START
2019-12-03 01:11:18.974 662 DEBUG novaclient.v2.client [-] REQ: curl -g -i --cacert "/etc/ssl/certs/mcp_os_cacert" -X GET http://10.167.4.35:8774/v2.1/flavors/detail -H "Accept: application/json" -H "User-Agent: python-novaclient" -H "X-Auth-Token: {SHA1}bea1fde0f429a4c881c5da812248cbe00a78d58f" _http_log_request /usr/lib/python2.7/site-packages/keystoneauth1/session.py:448
2019-12-03 01:11:18.981 661 DEBUG novaclient.v2.client [-] REQ: curl -g -i --cacert "/etc/ssl/certs/mcp_os_cacert" -X GET http://10.167.4.35:8774/v2.1/flavors/detail -H "Accept: application/json" -H "User-Agent: python-novaclient" -H "X-Auth-Token: {SHA1}699e76f093cba76f0bcde06667160156e49e0d7f" _http_log_request /usr/lib/python2.7/site-packages/keystoneauth1/session.py:448
2019-12-03 01:11:18.985 663 DEBUG novaclient.v2.client [-] REQ: curl -g -i --cacert "/etc/ssl/certs/mcp_os_cacert" -X GET http://10.167.4.35:8774/v2.1/flavors/detail -H "Accept: application/json" -H "User-Agent: python-novaclient" -H "X-Auth-Token: {SHA1}93e2bb3cec0754b743f06aec4f1b03e6293e3958" _http_log_request /usr/lib/python2.7/site-packages/keystoneauth1/session.py:448
2019-12-03 01:11:18.996 664 DEBUG novaclient.v2.client [-] REQ: curl -g -i --cacert "/etc/ssl/certs/mcp_os_cacert" -X GET http://10.167.4.35:8774/v2.1/flavors/detail -H "Accept: application/json" -H "User-Agent: python-novaclient" -H "X-Auth-Token: {SHA1}3ea7e64ad0afe96dc77aa139c2202e1cba2d02ce" _http_log_request /usr/lib/python2.7/site-packages/keystoneauth1/session.py:448
2019-12-03 01:11:19.166 663 DEBUG novaclient.v2.client [-] RESP: [200] Connection: close Content-Length: 1014 Content-Type: application/json Date: Tue, 03 Dec 2019 01:11:19 GMT Openstack-Api-Version: compute 2.1 Vary: OpenStack-API-Version, X-OpenStack-Nova-API-Version X-Compute-Request-Id: req-3f4fae98-fc6d-432e-92b1-e0e70afbe374 X-Openstack-Nova-Api-Version: 2.1 X-Openstack-Request-Id: req-3f4fae98-fc6d-432e-92b1-e0e70afbe374 _http_log_response /usr/lib/python2.7/site-packages/keystoneauth1/session.py:479
2019-12-03 01:11:19.167 663 DEBUG novaclient.v2.client [-] RESP BODY: {"flavors": [{"name": "rally_full-flavor_alt_a6e1ac0d-fec6-462f-a012-ff8556022268", "links": [{"href": "http://10.167.4.35:8774/v2.1/flavors/b0ad7fad-c16c-42e1-a4a8-2970d26e754f", "rel": "self"}, {"href": "http://10.167.4.35:8774/flavors/b0ad7fad-c16c-42e1-a4a8-2970d26e754f", "rel": "bookmark"}], "ram": 1024, "OS-FLV-DISABLED:disabled": false, "vcpus": 1, "swap": "", "os-flavor-access:is_public": true, "rxtx_factor": 1.0, "OS-FLV-EXT-DATA:ephemeral": 0, "disk": 1, "id": "b0ad7fad-c16c-42e1-a4a8-2970d26e754f"}, {"name": "rally_full-flavor_a6e1ac0d-fec6-462f-a012-ff8556022268", "links": [{"href": "http://10.167.4.35:8774/v2.1/flavors/be37153b-a956-41e8-a2b3-accd509212ce", "rel": "self"}, {"href": "http://10.167.4.35:8774/flavors/be37153b-a956-41e8-a2b3-accd509212ce", "rel": "bookmark"}], "ram": 512, "OS-FLV-DISABLED:disabled": false, "vcpus": 1, "swap": "", "os-flavor-access:is_public": true, "rxtx_factor": 1.0, "OS-FLV-EXT-DATA:ephemeral": 0, "disk": 1, "id": "be37153b-a956-41e8-a2b3-accd509212ce"}]} _http_log_response /usr/lib/python2.7/site-packages/keystoneauth1/session.py:511
2019-12-03 01:11:19.167 662 DEBUG novaclient.v2.client [-] RESP: [200] Connection: close Content-Length: 1014 Content-Type: application/json Date: Tue, 03 Dec 2019 01:11:19 GMT Openstack-Api-Version: compute 2.1 Vary: OpenStack-API-Version, X-OpenStack-Nova-API-Version X-Compute-Request-Id: req-64ffe97b-71c2-4187-8698-352044b76555 X-Openstack-Nova-Api-Version: 2.1 X-Openstack-Request-Id: req-64ffe97b-71c2-4187-8698-352044b76555 _http_log_response /usr/lib/python2.7/site-packages/keystoneauth1/session.py:479
2019-12-03 01:11:19.167 663 DEBUG novaclient.v2.client [-] GET call to compute for http://10.167.4.35:8774/v2.1/flavors/detail used request id req-3f4fae98-fc6d-432e-92b1-e0e70afbe374 request /usr/lib/python2.7/site-packages/keystoneauth1/session.py:844
2019-12-03 01:11:19.168 662 DEBUG novaclient.v2.client [-] RESP BODY: {"flavors": [{"name": "rally_full-flavor_alt_a6e1ac0d-fec6-462f-a012-ff8556022268", "links": [{"href": "http://10.167.4.35:8774/v2.1/flavors/b0ad7fad-c16c-42e1-a4a8-2970d26e754f", "rel": "self"}, {"href": "http://10.167.4.35:8774/flavors/b0ad7fad-c16c-42e1-a4a8-2970d26e754f", "rel": "bookmark"}], "ram": 1024, "OS-FLV-DISABLED:disabled": false, "vcpus": 1, "swap": "", "os-flavor-access:is_public": true, "rxtx_factor": 1.0, "OS-FLV-EXT-DATA:ephemeral": 0, "disk": 1, "id": "b0ad7fad-c16c-42e1-a4a8-2970d26e754f"}, {"name": "rally_full-flavor_a6e1ac0d-fec6-462f-a012-ff8556022268", "links": [{"href": "http://10.167.4.35:8774/v2.1/flavors/be37153b-a956-41e8-a2b3-accd509212ce", "rel": "self"}, {"href": "http://10.167.4.35:8774/flavors/be37153b-a956-41e8-a2b3-accd509212ce", "rel": "bookmark"}], "ram": 512, "OS-FLV-DISABLED:disabled": false, "vcpus": 1, "swap": "", "os-flavor-access:is_public": true, "rxtx_factor": 1.0, "OS-FLV-EXT-DATA:ephemeral": 0, "disk": 1, "id": "be37153b-a956-41e8-a2b3-accd509212ce"}]} _http_log_response /usr/lib/python2.7/site-packages/keystoneauth1/session.py:511
2019-12-03 01:11:19.168 662 DEBUG novaclient.v2.client [-] GET call to compute for http://10.167.4.35:8774/v2.1/flavors/detail used request id req-64ffe97b-71c2-4187-8698-352044b76555 request /usr/lib/python2.7/site-packages/keystoneauth1/session.py:844
2019-12-03 01:11:19.169 661 DEBUG novaclient.v2.client [-] RESP: [200] Connection: close Content-Length: 1014 Content-Type: application/json Date: Tue, 03 Dec 2019 01:11:19 GMT Openstack-Api-Version: compute 2.1 Vary: OpenStack-API-Version, X-OpenStack-Nova-API-Version X-Compute-Request-Id: req-de733ee1-1cc7-4c88-8c7b-89b4c20f987d X-Openstack-Nova-Api-Version: 2.1 X-Openstack-Request-Id: req-de733ee1-1cc7-4c88-8c7b-89b4c20f987d _http_log_response /usr/lib/python2.7/site-packages/keystoneauth1/session.py:479
2019-12-03 01:11:19.170 662 DEBUG novaclient.v2.client [-] REQ: curl -g -i --cacert "/etc/ssl/certs/mcp_os_cacert" -X GET http://10.167.4.35:8774/v2.1/flavors/detail -H "Accept: application/json" -H "User-Agent: python-novaclient" -H "X-Auth-Token: {SHA1}bea1fde0f429a4c881c5da812248cbe00a78d58f" _http_log_request /usr/lib/python2.7/site-packages/keystoneauth1/session.py:448
2019-12-03 01:11:19.170 663 DEBUG novaclient.v2.client [-] REQ: curl -g -i --cacert "/etc/ssl/certs/mcp_os_cacert" -X GET http://10.167.4.35:8774/v2.1/flavors/detail -H "Accept: application/json" -H "User-Agent: python-novaclient" -H "X-Auth-Token: {SHA1}93e2bb3cec0754b743f06aec4f1b03e6293e3958" _http_log_request /usr/lib/python2.7/site-packages/keystoneauth1/session.py:448
2019-12-03 01:11:19.170 661 DEBUG novaclient.v2.client [-] RESP BODY: {"flavors": [{"name": "rally_full-flavor_alt_a6e1ac0d-fec6-462f-a012-ff8556022268", "links": [{"href": "http://10.167.4.35:8774/v2.1/flavors/b0ad7fad-c16c-42e1-a4a8-2970d26e754f", "rel": "self"}, {"href": "http://10.167.4.35:8774/flavors/b0ad7fad-c16c-42e1-a4a8-2970d26e754f", "rel": "bookmark"}], "ram": 1024, "OS-FLV-DISABLED:disabled": false, "vcpus": 1, "swap": "", "os-flavor-access:is_public": true, "rxtx_factor": 1.0, "OS-FLV-EXT-DATA:ephemeral": 0, "disk": 1, "id": "b0ad7fad-c16c-42e1-a4a8-2970d26e754f"}, {"name": "rally_full-flavor_a6e1ac0d-fec6-462f-a012-ff8556022268", "links": [{"href": "http://10.167.4.35:8774/v2.1/flavors/be37153b-a956-41e8-a2b3-accd509212ce", "rel": "self"}, {"href": "http://10.167.4.35:8774/flavors/be37153b-a956-41e8-a2b3-accd509212ce", "rel": "bookmark"}], "ram": 512, "OS-FLV-DISABLED:disabled": false, "vcpus": 1, "swap": "", "os-flavor-access:is_public": true, "rxtx_factor": 1.0, "OS-FLV-EXT-DATA:ephemeral": 0, "disk": 1, "id": "be37153b-a956-41e8-a2b3-accd509212ce"}]} _http_log_response /usr/lib/python2.7/site-packages/keystoneauth1/session.py:511
2019-12-03 01:11:19.170 661 DEBUG novaclient.v2.client [-] GET call to compute for http://10.167.4.35:8774/v2.1/flavors/detail used request id req-de733ee1-1cc7-4c88-8c7b-89b4c20f987d request /usr/lib/python2.7/site-packages/keystoneauth1/session.py:844
2019-12-03 01:11:19.172 661 DEBUG novaclient.v2.client [-] REQ: curl -g -i --cacert "/etc/ssl/certs/mcp_os_cacert" -X GET http://10.167.4.35:8774/v2.1/flavors/detail -H "Accept: application/json" -H "User-Agent: python-novaclient" -H "X-Auth-Token: {SHA1}699e76f093cba76f0bcde06667160156e49e0d7f" _http_log_request /usr/lib/python2.7/site-packages/keystoneauth1/session.py:448
2019-12-03 01:11:19.175 664 DEBUG novaclient.v2.client [-] RESP: [200] Connection: close Content-Length: 1014 Content-Type: application/json Date: Tue, 03 Dec 2019 01:11:19 GMT Openstack-Api-Version: compute 2.1 Vary: OpenStack-API-Version, X-OpenStack-Nova-API-Version X-Compute-Request-Id: req-407d9d9b-aec9-47f9-8c28-05c51d363e39 X-Openstack-Nova-Api-Version: 2.1 X-Openstack-Request-Id: req-407d9d9b-aec9-47f9-8c28-05c51d363e39 _http_log_response /usr/lib/python2.7/site-packages/keystoneauth1/session.py:479
2019-12-03 01:11:19.176 664 DEBUG novaclient.v2.client [-] RESP BODY: {"flavors": [{"name": "rally_full-flavor_alt_a6e1ac0d-fec6-462f-a012-ff8556022268", "links": [{"href": "http://10.167.4.35:8774/v2.1/flavors/b0ad7fad-c16c-42e1-a4a8-2970d26e754f", "rel": "self"}, {"href": "http://10.167.4.35:8774/flavors/b0ad7fad-c16c-42e1-a4a8-2970d26e754f", "rel": "bookmark"}], "ram": 1024, "OS-FLV-DISABLED:disabled": false, "vcpus": 1, "swap": "", "os-flavor-access:is_public": true, "rxtx_factor": 1.0, "OS-FLV-EXT-DATA:ephemeral": 0, "disk": 1, "id": "b0ad7fad-c16c-42e1-a4a8-2970d26e754f"}, {"name": "rally_full-flavor_a6e1ac0d-fec6-462f-a012-ff8556022268", "links": [{"href": "http://10.167.4.35:8774/v2.1/flavors/be37153b-a956-41e8-a2b3-accd509212ce", "rel": "self"}, {"href": "http://10.167.4.35:8774/flavors/be37153b-a956-41e8-a2b3-accd509212ce", "rel": "bookmark"}], "ram": 512, "OS-FLV-DISABLED:disabled": false, "vcpus": 1, "swap": "", "os-flavor-access:is_public": true, "rxtx_factor": 1.0, "OS-FLV-EXT-DATA:ephemeral": 0, "disk": 1, "id": "be37153b-a956-41e8-a2b3-accd509212ce"}]} _http_log_response /usr/lib/python2.7/site-packages/keystoneauth1/session.py:511
2019-12-03 01:11:19.177 664 DEBUG novaclient.v2.client [-] GET call to compute for http://10.167.4.35:8774/v2.1/flavors/detail used request id req-407d9d9b-aec9-47f9-8c28-05c51d363e39 request /usr/lib/python2.7/site-packages/keystoneauth1/session.py:844
2019-12-03 01:11:19.178 664 DEBUG novaclient.v2.client [-] REQ: curl -g -i --cacert "/etc/ssl/certs/mcp_os_cacert" -X GET http://10.167.4.35:8774/v2.1/flavors/detail -H "Accept: application/json" -H "User-Agent: python-novaclient" -H "X-Auth-Token: {SHA1}3ea7e64ad0afe96dc77aa139c2202e1cba2d02ce" _http_log_request /usr/lib/python2.7/site-packages/keystoneauth1/session.py:448
2019-12-03 01:11:19.190 661 DEBUG novaclient.v2.client [-] RESP: [200] Connection: close Content-Length: 1014 Content-Type: application/json Date: Tue, 03 Dec 2019 01:11:19 GMT Openstack-Api-Version: compute 2.1 Vary: OpenStack-API-Version, X-OpenStack-Nova-API-Version X-Compute-Request-Id: req-f0c888ce-3a57-4ba5-9d0d-f8c9dcb4cdf7 X-Openstack-Nova-Api-Version: 2.1 X-Openstack-Request-Id: req-f0c888ce-3a57-4ba5-9d0d-f8c9dcb4cdf7 _http_log_response /usr/lib/python2.7/site-packages/keystoneauth1/session.py:479
2019-12-03 01:11:19.190 661 DEBUG novaclient.v2.client [-] RESP BODY: {"flavors": [{"name": "rally_full-flavor_alt_a6e1ac0d-fec6-462f-a012-ff8556022268", "links": [{"href": "http://10.167.4.35:8774/v2.1/flavors/b0ad7fad-c16c-42e1-a4a8-2970d26e754f", "rel": "self"}, {"href": "http://10.167.4.35:8774/flavors/b0ad7fad-c16c-42e1-a4a8-2970d26e754f", "rel": "bookmark"}], "ram": 1024, "OS-FLV-DISABLED:disabled": false, "vcpus": 1, "swap": "", "os-flavor-access:is_public": true, "rxtx_factor": 1.0, "OS-FLV-EXT-DATA:ephemeral": 0, "disk": 1, "id": "b0ad7fad-c16c-42e1-a4a8-2970d26e754f"}, {"name": "rally_full-flavor_a6e1ac0d-fec6-462f-a012-ff8556022268", "links": [{"href": "http://10.167.4.35:8774/v2.1/flavors/be37153b-a956-41e8-a2b3-accd509212ce", "rel": "self"}, {"href": "http://10.167.4.35:8774/flavors/be37153b-a956-41e8-a2b3-accd509212ce", "rel": "bookmark"}], "ram": 512, "OS-FLV-DISABLED:disabled": false, "vcpus": 1, "swap": "", "os-flavor-access:is_public": true, "rxtx_factor": 1.0, "OS-FLV-EXT-DATA:ephemeral": 0, "disk": 1, "id": "be37153b-a956-41e8-a2b3-accd509212ce"}]} _http_log_response /usr/lib/python2.7/site-packages/keystoneauth1/session.py:511
2019-12-03 01:11:19.191 661 DEBUG novaclient.v2.client [-] GET call to compute for http://10.167.4.35:8774/v2.1/flavors/detail used request id req-f0c888ce-3a57-4ba5-9d0d-f8c9dcb4cdf7 request /usr/lib/python2.7/site-packages/keystoneauth1/session.py:844
2019-12-03 01:11:19.192 661 INFO rally.task.runner [-] Task 3b86da89-4cc5-459f-a196-5edf80bf56d0 | ITER: 1 END: OK
2019-12-03 01:11:19.193 662 DEBUG novaclient.v2.client [-] RESP: [200] Connection: close Content-Length: 1014 Content-Type: application/json Date: Tue, 03 Dec 2019 01:11:19 GMT Openstack-Api-Version: compute 2.1 Vary: OpenStack-API-Version, X-OpenStack-Nova-API-Version X-Compute-Request-Id: req-4a2c9771-389b-4b74-9b7e-870b23cce093 X-Openstack-Nova-Api-Version: 2.1 X-Openstack-Request-Id: req-4a2c9771-389b-4b74-9b7e-870b23cce093 _http_log_response /usr/lib/python2.7/site-packages/keystoneauth1/session.py:479
2019-12-03 01:11:19.193 663 DEBUG novaclient.v2.client [-] RESP: [200] Connection: close Content-Length: 1014 Content-Type: application/json Date: Tue, 03 Dec 2019 01:11:19 GMT Openstack-Api-Version: compute 2.1 Vary: OpenStack-API-Version, X-OpenStack-Nova-API-Version X-Compute-Request-Id: req-fe31b876-5534-4c88-b090-55eab8bc3822 X-Openstack-Nova-Api-Version: 2.1 X-Openstack-Request-Id: req-fe31b876-5534-4c88-b090-55eab8bc3822 _http_log_response /usr/lib/python2.7/site-packages/keystoneauth1/session.py:479
2019-12-03 01:11:19.194 662 DEBUG novaclient.v2.client [-] RESP BODY: {"flavors": [{"name": "rally_full-flavor_alt_a6e1ac0d-fec6-462f-a012-ff8556022268", "links": [{"href": "http://10.167.4.35:8774/v2.1/flavors/b0ad7fad-c16c-42e1-a4a8-2970d26e754f", "rel": "self"}, {"href": "http://10.167.4.35:8774/flavors/b0ad7fad-c16c-42e1-a4a8-2970d26e754f", "rel": "bookmark"}], "ram": 1024, "OS-FLV-DISABLED:disabled": false, "vcpus": 1, "swap": "", "os-flavor-access:is_public": true, "rxtx_factor": 1.0, "OS-FLV-EXT-DATA:ephemeral": 0, "disk": 1, "id": "b0ad7fad-c16c-42e1-a4a8-2970d26e754f"}, {"name": "rally_full-flavor_a6e1ac0d-fec6-462f-a012-ff8556022268", "links": [{"href": "http://10.167.4.35:8774/v2.1/flavors/be37153b-a956-41e8-a2b3-accd509212ce", "rel": "self"}, {"href": "http://10.167.4.35:8774/flavors/be37153b-a956-41e8-a2b3-accd509212ce", "rel": "bookmark"}], "ram": 512, "OS-FLV-DISABLED:disabled": false, "vcpus": 1, "swap": "", "os-flavor-access:is_public": true, "rxtx_factor": 1.0, "OS-FLV-EXT-DATA:ephemeral": 0, "disk": 1, "id": "be37153b-a956-41e8-a2b3-accd509212ce"}]} _http_log_response /usr/lib/python2.7/site-packages/keystoneauth1/session.py:511
2019-12-03 01:11:19.194 662 DEBUG novaclient.v2.client [-] GET call to compute for http://10.167.4.35:8774/v2.1/flavors/detail used request id req-4a2c9771-389b-4b74-9b7e-870b23cce093 request /usr/lib/python2.7/site-packages/keystoneauth1/session.py:844
2019-12-03 01:11:19.194 663 DEBUG novaclient.v2.client [-] RESP BODY: {"flavors": [{"name": "rally_full-flavor_alt_a6e1ac0d-fec6-462f-a012-ff8556022268", "links": [{"href": "http://10.167.4.35:8774/v2.1/flavors/b0ad7fad-c16c-42e1-a4a8-2970d26e754f", "rel": "self"}, {"href": "http://10.167.4.35:8774/flavors/b0ad7fad-c16c-42e1-a4a8-2970d26e754f", "rel": "bookmark"}], "ram": 1024, "OS-FLV-DISABLED:disabled": false, "vcpus": 1, "swap": "", "os-flavor-access:is_public": true, "rxtx_factor": 1.0, "OS-FLV-EXT-DATA:ephemeral": 0, "disk": 1, "id": "b0ad7fad-c16c-42e1-a4a8-2970d26e754f"}, {"name": "rally_full-flavor_a6e1ac0d-fec6-462f-a012-ff8556022268", "links": [{"href": "http://10.167.4.35:8774/v2.1/flavors/be37153b-a956-41e8-a2b3-accd509212ce", "rel": "self"}, {"href": "http://10.167.4.35:8774/flavors/be37153b-a956-41e8-a2b3-accd509212ce", "rel": "bookmark"}], "ram": 512, "OS-FLV-DISABLED:disabled": false, "vcpus": 1, "swap": "", "os-flavor-access:is_public": true, "rxtx_factor": 1.0, "OS-FLV-EXT-DATA:ephemeral": 0, "disk": 1, "id": "be37153b-a956-41e8-a2b3-accd509212ce"}]} _http_log_response /usr/lib/python2.7/site-packages/keystoneauth1/session.py:511
2019-12-03 01:11:19.194 663 DEBUG novaclient.v2.client [-] GET call to compute for http://10.167.4.35:8774/v2.1/flavors/detail used request id req-fe31b876-5534-4c88-b090-55eab8bc3822 request /usr/lib/python2.7/site-packages/keystoneauth1/session.py:844
2019-12-03 01:11:19.195 662 INFO rally.task.runner [-] Task 3b86da89-4cc5-459f-a196-5edf80bf56d0 | ITER: 2 END: OK
2019-12-03 01:11:19.195 663 INFO rally.task.runner [-] Task 3b86da89-4cc5-459f-a196-5edf80bf56d0 | ITER: 3 END: OK
2019-12-03 01:11:19.197 661 INFO rally.task.runner [-] Task 3b86da89-4cc5-459f-a196-5edf80bf56d0 | ITER: 5 START
