2019-12-02 09:19:14.096 22157 RALLYDEBUG rally_openstack.cleanup.manager [-] Deleting neutron.port object s_rally_54f9d548_POfHCTFS (54abd6fe-7def-4827-b82a-5d23f58d9eba)
2019-12-02 09:19:14.462 22157 RALLYDEBUG rally_openstack.cleanup.manager [-] Deleting neutron.port object s_rally_54f9d548_r4pkG2V0 (5610a4ff-aa45-4e96-8bc4-2e0d09a9b35f)
2019-12-02 09:19:14.532 22157 RALLYDEBUG rally_openstack.cleanup.manager [-] Deleting neutron.port object s_rally_54f9d548_aYyThT35 (592d9a1f-af64-4307-9197-64c364ddedce)
2019-12-02 09:19:14.646 22157 RALLYDEBUG rally_openstack.cleanup.manager [-] Deleting neutron.port object s_rally_54f9d548_sDIj02kz (5955f3e7-0547-44fa-9b12-13a8d76e476e)
2019-12-02 09:19:14.808 22157 RALLYDEBUG rally_openstack.cleanup.manager [-] Deleting neutron.port object s_rally_54f9d548_OmXPNtsJ (59ea4c97-5f03-46c6-98cb-c7a748c6445a)
2019-12-02 09:19:14.987 22157 RALLYDEBUG rally_openstack.cleanup.manager [-] Deleting neutron.port object s_rally_54f9d548_xZTtjXgz (5b6b31d0-9547-432e-8e8e-266872dda088)
2019-12-02 09:19:15.070 22157 RALLYDEBUG rally_openstack.cleanup.manager [-] Deleting neutron.port object s_rally_54f9d548_khJbtFxn (5b783d9c-8fd7-466d-846b-73c0c412c1f1)
2019-12-02 09:19:15.225 22157 RALLYDEBUG rally_openstack.cleanup.manager [-] Deleting neutron.port object s_rally_54f9d548_GjalWEr6 (5bb915af-538b-4158-853a-29720c6730d3)
2019-12-02 09:19:15.265 22157 RALLYDEBUG rally_openstack.cleanup.manager [-] Deleting neutron.port object s_rally_54f9d548_OFSCLZdj (5c9e5c44-42b8-4539-9a30-c76b4768eade)
2019-12-02 09:19:15.502 22157 RALLYDEBUG rally_openstack.cleanup.manager [-] Deleting neutron.port object s_rally_54f9d548_ZFS2RsGq (5ce03415-ff49-40ff-b431-29c262dc971b)
2019-12-02 09:19:15.524 22157 RALLYDEBUG rally_openstack.cleanup.manager [-] Deleting neutron.port object s_rally_54f9d548_Vhf41xp8 (5d5665ef-7be4-489f-904d-e78c8aa15d37)
2019-12-02 09:19:15.592 22157 RALLYDEBUG rally_openstack.cleanup.manager [-] Deleting neutron.port object s_rally_54f9d548_gCvpJqMN (5fd13371-7d9c-423c-97ed-0cc482f2e141)
2019-12-02 09:19:15.615 22157 RALLYDEBUG rally_openstack.cleanup.manager [-] Deleting neutron.port object s_rally_54f9d548_IgHp8KKe (5ff81641-61c0-45cc-a805-8ee013802fb9)
2019-12-02 09:19:15.750 22157 RALLYDEBUG rally_openstack.cleanup.manager [-] Deleting neutron.port object s_rally_54f9d548_S1AS2lvX (60df58f5-a805-47cc-a914-3c38247394b4)
2019-12-02 09:19:15.781 22157 RALLYDEBUG rally_openstack.cleanup.manager [-] Deleting neutron.port object s_rally_54f9d548_T51BBvMG (61e3a3ed-f34d-49a8-a1d7-f289949d198d)
2019-12-02 09:19:15.827 22157 RALLYDEBUG rally_openstack.cleanup.manager [-] Deleting neutron.port object s_rally_54f9d548_goN7C1sF (6428e3c5-05b2-452d-863a-a0c374d1a27f)
2019-12-02 09:19:15.880 22157 RALLYDEBUG rally_openstack.cleanup.manager [-] Deleting neutron.port object s_rally_54f9d548_JiHlWJQV (683e528a-3eda-41cb-b941-1264d605528f)
2019-12-02 09:19:15.912 22157 RALLYDEBUG rally_openstack.cleanup.manager [-] Deleting neutron.port object s_rally_54f9d548_gjvzv6mc (68d5d9f1-6c39-49e1-a2b1-8c61d8bbd6ff)
2019-12-02 09:19:15.942 22157 RALLYDEBUG rally_openstack.cleanup.manager [-] Deleting neutron.port object s_rally_54f9d548_bmimUCFv (69acd6ff-75e8-44d5-a59e-ddbde75143b5)
2019-12-02 09:19:16.242 22157 RALLYDEBUG rally_openstack.cleanup.manager [-] Deleting neutron.port object s_rally_54f9d548_HxrjCy15 (6c72defc-ee0e-47f9-904d-625ff1c89283)
2019-12-02 09:19:16.270 22157 RALLYDEBUG rally_openstack.cleanup.manager [-] Deleting neutron.port object s_rally_54f9d548_eZvFMIV4 (6dbe58a4-c95c-44be-b64f-0eba65f45ade)
2019-12-02 09:19:16.309 22157 RALLYDEBUG rally_openstack.cleanup.manager [-] Deleting neutron.port object s_rally_54f9d548_KRWjaIdo (6e4813c2-ebc7-4520-a9a0-a0254b1e4e6e)
2019-12-02 09:19:16.336 22157 RALLYDEBUG rally_openstack.cleanup.manager [-] Deleting neutron.port object s_rally_54f9d548_3UgcB8L4 (72148b68-0887-435e-a1e4-145df065dcdc)
2019-12-02 09:19:16.626 22157 RALLYDEBUG rally_openstack.cleanup.manager [-] Deleting neutron.port object s_rally_54f9d548_ssMNtzG2 (73149d74-a9be-42ac-8d75-e19d21be2b4e)
2019-12-02 09:19:16.719 22157 RALLYDEBUG rally_openstack.cleanup.manager [-] Deleting neutron.port object s_rally_54f9d548_cKQHmBbB (752fbd58-275e-476c-9e02-483ac7bbbbd0)
2019-12-02 09:19:16.841 22157 RALLYDEBUG rally_openstack.cleanup.manager [-] Deleting neutron.port object s_rally_54f9d548_P8TuuQP4 (75970d9d-6f58-4c4a-9d2c-ed7387ad9e7a)
2019-12-02 09:19:16.886 22157 RALLYDEBUG rally_openstack.cleanup.manager [-] Deleting neutron.port object s_rally_54f9d548_ZFf730z2 (760dfaef-4876-4b05-a1f6-81501e34dd9f)
2019-12-02 09:19:17.052 22157 RALLYDEBUG rally_openstack.cleanup.manager [-] Deleting neutron.port object s_rally_54f9d548_sRmQG0i7 (77c5efce-b961-4526-81cc-5472143bb86c)
2019-12-02 09:19:17.071 22157 RALLYDEBUG rally_openstack.cleanup.manager [-] Deleting neutron.port object s_rally_54f9d548_DtuYFTUt (782087c6-e326-4234-a7cc-d4ae68601bed)
2019-12-02 09:19:17.425 22157 RALLYDEBUG rally_openstack.cleanup.manager [-] Deleting neutron.port object s_rally_54f9d548_iZ6Osq0X (79c3130e-96ed-4e84-9d5d-22d29606164a)
2019-12-02 09:19:17.572 22157 RALLYDEBUG rally_openstack.cleanup.manager [-] Deleting neutron.port object s_rally_54f9d548_jVR6Z4tx (7b024226-7d5a-48c2-b128-04c6fbbedd58)
2019-12-02 09:19:17.593 22157 RALLYDEBUG rally_openstack.cleanup.manager [-] Deleting neutron.port object s_rally_54f9d548_Bd0NFjZ9 (7f3dd11a-4f9d-490c-b459-6060284c1a64)
2019-12-02 09:19:17.607 22157 RALLYDEBUG rally_openstack.cleanup.manager [-] Deleting neutron.port object s_rally_54f9d548_2GOZLWhl (7fe2c52c-0c05-4ce1-ae1c-2c01b2edb024)
2019-12-02 09:19:17.678 22157 RALLYDEBUG rally_openstack.cleanup.manager [-] Deleting neutron.port object s_rally_54f9d548_hbk4TjfZ (80bc4d6b-838f-4964-b94d-3128498f41e2)
2019-12-02 09:19:17.728 22157 RALLYDEBUG rally_openstack.cleanup.manager [-] Deleting neutron.port object s_rally_54f9d548_3oDJLKs9 (8147149a-e4b9-4b7c-b268-bb80a227a5c6)
2019-12-02 09:19:17.737 22157 RALLYDEBUG rally_openstack.cleanup.manager [-] Deleting neutron.port object s_rally_54f9d548_rKjaHCBf (815d4de2-3197-49b7-ad60-751c5601e534)
2019-12-02 09:19:17.748 22157 RALLYDEBUG rally_openstack.cleanup.manager [-] Deleting neutron.port object s_rally_54f9d548_MN4vYCP0 (819b965f-6310-4385-bda5-8d5fde1f495c)
2019-12-02 09:19:17.811 22157 RALLYDEBUG rally_openstack.cleanup.manager [-] Deleting neutron.port object s_rally_54f9d548_9FOeLpnV (84892f4f-cacb-47d8-bd2d-846ff79cc2a2)
2019-12-02 09:19:18.082 22157 RALLYDEBUG rally_openstack.cleanup.manager [-] Deleting neutron.port object s_rally_54f9d548_cOgPFWsO (872305ae-988e-4970-a4a8-cb4cdba332eb)
2019-12-02 09:19:18.143 22157 RALLYDEBUG rally_openstack.cleanup.manager [-] Deleting neutron.port object s_rally_54f9d548_GsWYnVQr (879547b3-d15e-4a0b-be0f-b8ef6712e9f0)
2019-12-02 09:19:18.167 22157 RALLYDEBUG rally_openstack.cleanup.manager [-] Deleting neutron.port object s_rally_54f9d548_U1NkteKx (8a030db9-2eb8-4dc8-ab06-f28402bf4961)
2019-12-02 09:19:18.195 22157 RALLYDEBUG rally_openstack.cleanup.manager [-] Deleting neutron.port object s_rally_54f9d548_2LioeRX7 (8a0cef67-ad61-4012-a964-dab6f87b7ddc)
2019-12-02 09:19:18.219 22157 RALLYDEBUG rally_openstack.cleanup.manager [-] Deleting neutron.port object s_rally_54f9d548_nzVcvNk8 (8a5b96b8-b753-4313-ad47-e9fdcb1f8d94)
2019-12-02 09:19:18.473 22157 RALLYDEBUG rally_openstack.cleanup.manager [-] Deleting neutron.port object s_rally_54f9d548_tebkQE2g (8a8cebfd-48b6-4f7c-8614-089b1eaa81d0)
2019-12-02 09:19:18.522 22157 RALLYDEBUG rally_openstack.cleanup.manager [-] Deleting neutron.port object s_rally_54f9d548_5zmf4s7H (8ee2e8bf-8f84-4ad9-a6d1-e118b5b6c310)
2019-12-02 09:19:18.647 22157 RALLYDEBUG rally_openstack.cleanup.manager [-] Deleting neutron.port object s_rally_54f9d548_FFm6EoGj (906c68a5-406b-49fd-ad3d-05e965beb665)
2019-12-02 09:19:18.729 22157 RALLYDEBUG rally_openstack.cleanup.manager [-] Deleting neutron.port object s_rally_54f9d548_K7LUZ3un (90e24c57-4fad-4d1c-b9ea-a23e84528550)
2019-12-02 09:19:19.128 22157 RALLYDEBUG rally_openstack.cleanup.manager [-] Deleting neutron.port object s_rally_54f9d548_pwAKMay5 (932ef498-d52e-47f5-8c46-48bdd5527f22)
2019-12-02 09:19:19.135 22157 RALLYDEBUG rally_openstack.cleanup.manager [-] Deleting neutron.port object s_rally_54f9d548_BBpIbq2Y (95ec7992-fa9e-4982-9b10-3e0c3c6fa155)
2019-12-02 09:19:19.416 22157 RALLYDEBUG rally_openstack.cleanup.manager [-] Deleting neutron.port object s_rally_54f9d548_YSEnOwQb (9641f1f2-4a7e-4560-837f-5c744aa30788)
2019-12-02 09:19:19.431 22157 RALLYDEBUG rally_openstack.cleanup.manager [-] Deleting neutron.port object s_rally_54f9d548_KXP0beLJ (96a7e23f-c430-4da1-ac82-25099aa13d9d)
2019-12-02 09:19:19.604 22157 RALLYDEBUG rally_openstack.cleanup.manager [-] Deleting neutron.port object s_rally_54f9d548_st2tVZAU (96d73062-611a-4c46-8cfa-d8e85036dcce)
2019-12-02 09:19:19.639 22157 RALLYDEBUG rally_openstack.cleanup.manager [-] Deleting neutron.port object s_rally_54f9d548_98l5K3XK (9755591d-daeb-4622-ae2b-24a7093a2b26)
2019-12-02 09:19:19.682 22157 RALLYDEBUG rally_openstack.cleanup.manager [-] Deleting neutron.port object s_rally_54f9d548_FFyCGhMM (994f54b1-6413-4a69-8275-6c653f764736)
2019-12-02 09:19:19.713 22157 RALLYDEBUG rally_openstack.cleanup.manager [-] Deleting neutron.port object s_rally_54f9d548_DLb4pzh0 (9acca064-4ea5-45eb-9eee-675677f752b5)
2019-12-02 09:19:19.794 22157 RALLYDEBUG rally_openstack.cleanup.manager [-] Deleting neutron.port object s_rally_54f9d548_Te4fmTFs (9cc23131-f787-4486-ad5f-cad7e887a106)
2019-12-02 09:19:19.933 22157 RALLYDEBUG rally_openstack.cleanup.manager [-] Deleting neutron.port object s_rally_54f9d548_zEa3Ed4t (9d6b6790-282e-44d4-8101-628084698160)
2019-12-02 09:19:20.003 22157 RALLYDEBUG rally_openstack.cleanup.manager [-] Deleting neutron.port object s_rally_54f9d548_ZGnAaU43 (9e0b02b9-678f-49d5-95d4-de8e92679da1)
2019-12-02 09:19:20.090 22157 RALLYDEBUG rally_openstack.cleanup.manager [-] Deleting neutron.port object s_rally_54f9d548_9TKeUNB6 (9e546dc4-874c-4473-ada5-e1e1c1c4668b)
2019-12-02 09:19:20.110 22157 RALLYDEBUG rally_openstack.cleanup.manager [-] Deleting neutron.port object s_rally_54f9d548_l4A7spuX (9e6fe0f6-1726-4440-8a39-87614a046a60)
2019-12-02 09:19:20.111 22157 RALLYDEBUG rally_openstack.cleanup.manager [-] Deleting neutron.port object s_rally_54f9d548_GKUvoCr3 (9f71c537-86a5-4262-aa7c-7bf5754648af)
2019-12-02 09:19:20.189 22157 RALLYDEBUG rally_openstack.cleanup.manager [-] Deleting neutron.port object s_rally_54f9d548_Bfv9zrkI (9f87ef7b-4bf0-490f-ad79-0b86e1119a35)
2019-12-02 09:19:20.192 22157 RALLYDEBUG rally_openstack.cleanup.manager [-] Deleting neutron.port object s_rally_54f9d548_52Un1Pyw (a06d6657-d756-4b3f-a229-13b4926f209c)
2019-12-02 09:19:20.282 22157 RALLYDEBUG rally_openstack.cleanup.manager [-] Deleting neutron.port object s_rally_54f9d548_rWQBRh3v (a0ebefa0-72b4-4c15-a6a1-c0cefc3d28e3)
2019-12-02 09:19:20.449 22157 RALLYDEBUG rally_openstack.cleanup.manager [-] Deleting neutron.port object s_rally_54f9d548_YqKpUVRB (a315142e-0511-429b-a502-b96a07864673)
2019-12-02 09:19:20.527 22157 RALLYDEBUG rally_openstack.cleanup.manager [-] Deleting neutron.port object s_rally_54f9d548_SKDHC2Ow (a44cd926-5d21-4746-9e84-23b70945aab2)
2019-12-02 09:19:20.770 22157 RALLYDEBUG rally_openstack.cleanup.manager [-] Deleting neutron.port object s_rally_54f9d548_ebNbTDQB (a7ff6b29-1235-4480-98e3-1ab3129b374c)
2019-12-02 09:19:20.944 22157 RALLYDEBUG rally_openstack.cleanup.manager [-] Deleting neutron.port object s_rally_54f9d548_vxE57HmH (a8b07a67-03a0-4753-9ab0-31471ede19ef)
2019-12-02 09:19:21.012 22157 RALLYDEBUG rally_openstack.cleanup.manager [-] Deleting neutron.port object s_rally_54f9d548_M1yZkIcm (a9864f67-5199-4be0-87a2-e1659c89895e)
2019-12-02 09:19:21.302 22157 RALLYDEBUG rally_openstack.cleanup.manager [-] Deleting neutron.port object s_rally_54f9d548_ulfl2Gnf (abeff60e-2225-49eb-80cb-fc05c90b4684)
2019-12-02 09:19:21.476 22157 RALLYDEBUG rally_openstack.cleanup.manager [-] Deleting neutron.port object s_rally_54f9d548_GKWbMyDx (abfc432d-cc33-4969-9e2b-3f6001bb1d23)
2019-12-02 09:19:21.536 22157 RALLYDEBUG rally_openstack.cleanup.manager [-] Deleting neutron.port object s_rally_54f9d548_f2vFogVE (ac0c027c-a28f-4b33-9401-e653ced52fc3)
2019-12-02 09:19:21.678 22157 RALLYDEBUG rally_openstack.cleanup.manager [-] Deleting neutron.port object s_rally_54f9d548_VKZP57pC (ac4f6567-b350-4643-bacd-e99fb8e4c0cf)
2019-12-02 09:19:21.827 22157 RALLYDEBUG rally_openstack.cleanup.manager [-] Deleting neutron.port object s_rally_54f9d548_h4zh6v4E (aeb230d7-2e39-46c7-af95-2e976eb5a87e)
2019-12-02 09:19:21.874 22157 RALLYDEBUG rally_openstack.cleanup.manager [-] Deleting neutron.port object s_rally_54f9d548_qahqt7J6 (aeb6a3f7-0c4e-4824-a023-404e4d48eda6)
2019-12-02 09:19:21.888 22157 RALLYDEBUG rally_openstack.cleanup.manager [-] Deleting neutron.port object s_rally_54f9d548_DGzKizuW (b0560818-444f-494d-8b18-943bfa9acb71)
2019-12-02 09:19:21.892 22157 RALLYDEBUG rally_openstack.cleanup.manager [-] Deleting neutron.port object s_rally_54f9d548_n9nrg1Ex (b17b6349-8cca-42df-a7f9-2428a1657922)
2019-12-02 09:19:22.013 22157 RALLYDEBUG rally_openstack.cleanup.manager [-] Deleting neutron.port object s_rally_54f9d548_z3ZMYOj1 (b3072b4e-9c83-4866-b4f9-dc98816c9e39)
2019-12-02 09:19:22.017 22157 RALLYDEBUG rally_openstack.cleanup.manager [-] Deleting neutron.port object s_rally_54f9d548_wO839ya0 (b4570cc2-d3ca-4ccc-8529-6cf2c0fa93ad)
2019-12-02 09:19:22.091 22157 RALLYDEBUG rally_openstack.cleanup.manager [-] Deleting neutron.port object s_rally_54f9d548_7D6A8XSw (b5872b42-83e6-4b20-b4ac-44eeaeb32382)
2019-12-02 09:19:22.216 22157 RALLYDEBUG rally_openstack.cleanup.manager [-] Deleting neutron.port object s_rally_54f9d548_tj0wztqS (b7949f78-27a8-4b64-a16a-a59cf3938266)
2019-12-02 09:19:22.348 22157 RALLYDEBUG rally_openstack.cleanup.manager [-] Deleting neutron.port object s_rally_54f9d548_nDGTWB1B (b7af2ed0-3225-41e0-bd49-79019d43c3de)
2019-12-02 09:19:22.371 22157 RALLYDEBUG rally_openstack.cleanup.manager [-] Deleting neutron.port object s_rally_54f9d548_4pn5rYsV (bb1c4051-9472-4068-9e7d-8ea44a1b7879)
2019-12-02 09:19:22.529 22157 RALLYDEBUG rally_openstack.cleanup.manager [-] Deleting neutron.port object s_rally_54f9d548_dqEnnEtz (bc936d26-dd21-4676-842f-3cd7d573d01d)
2019-12-02 09:19:22.548 22157 RALLYDEBUG rally_openstack.cleanup.manager [-] Deleting neutron.port object s_rally_54f9d548_365CUJu9 (bddedbe4-b2dd-441a-a752-5fe3d3caaf35)
2019-12-02 09:19:22.593 22157 RALLYDEBUG rally_openstack.cleanup.manager [-] Deleting neutron.port object s_rally_54f9d548_fnFCnsm9 (bee45ed4-b4f6-453f-b047-e75e3bd02e1f)
2019-12-02 09:19:22.602 22157 RALLYDEBUG rally_openstack.cleanup.manager [-] Deleting neutron.port object s_rally_54f9d548_CfCUwAHj (c095f62a-e132-4d3a-9109-65baee95bbe1)
2019-12-02 09:19:23.032 22157 RALLYDEBUG rally_openstack.cleanup.manager [-] Deleting neutron.port object s_rally_54f9d548_OEWast9q (c1362579-376c-4605-b5e1-e13414fdd5e1)
2019-12-02 09:19:23.158 22157 RALLYDEBUG rally_openstack.cleanup.manager [-] Deleting neutron.port object s_rally_54f9d548_2RRcCOFW (c1936c5c-c2fb-41fa-8f78-9bc6e2224eb4)
2019-12-02 09:19:23.280 22157 RALLYDEBUG rally_openstack.cleanup.manager [-] Deleting neutron.port object s_rally_54f9d548_Sv3L7EcE (c2918cab-50bf-446e-84df-a0d9c8b8f7d9)
2019-12-02 09:19:23.396 22157 RALLYDEBUG rally_openstack.cleanup.manager [-] Deleting neutron.port object s_rally_54f9d548_q7vNmDKU (c4699aa4-058f-443f-83e4-0f56efc484ad)
2019-12-02 09:19:23.419 22157 RALLYDEBUG rally_openstack.cleanup.manager [-] Deleting neutron.port object s_rally_54f9d548_EH6w31Hx (c5659585-4b3c-4404-8f6f-6ddbd283ba26)
2019-12-02 09:19:23.672 22157 RALLYDEBUG rally_openstack.cleanup.manager [-] Deleting neutron.port object s_rally_54f9d548_cGJx5VgM (c66e9e4e-e720-4596-bd4d-5bc2762e8339)
2019-12-02 09:19:23.821 22157 RALLYDEBUG rally_openstack.cleanup.manager [-] Deleting neutron.port object s_rally_54f9d548_QXyscZvr (c6a2bd41-a64d-4ca4-b4f0-9752ace79bc8)
2019-12-02 09:19:23.836 22157 RALLYDEBUG rally_openstack.cleanup.manager [-] Deleting neutron.port object s_rally_54f9d548_X1ACHO5P (c7c83a94-daab-4161-9cbc-c0483272824f)
2019-12-02 09:19:23.903 22157 RALLYDEBUG rally_openstack.cleanup.manager [-] Deleting neutron.port object s_rally_54f9d548_tZlLdMxf (c9fc806f-cae9-43c3-a392-76206ca34011)
2019-12-02 09:19:23.918 22157 RALLYDEBUG rally_openstack.cleanup.manager [-] Deleting neutron.port object s_rally_54f9d548_qMSzlu6y (cbb6da8f-658a-49e4-8c86-f120999b6f58)
2019-12-02 09:19:23.955 22157 RALLYDEBUG rally_openstack.cleanup.manager [-] Deleting neutron.port object s_rally_54f9d548_f76QCdGI (cdc533fb-4ed8-4930-90ad-b00969b0664a)
2019-12-02 09:19:24.063 22157 RALLYDEBUG rally_openstack.cleanup.manager [-] Deleting neutron.port object s_rally_54f9d548_pZ4YhrbE (ce434987-1df4-4a7d-bbbd-819d0562b195)
2019-12-02 09:19:24.185 22157 RALLYDEBUG rally_openstack.cleanup.manager [-] Deleting neutron.port object s_rally_54f9d548_RDfnRhEa (ce66231d-298b-4c91-b57b-ddf8a6305214)
2019-12-02 09:19:24.216 22157 RALLYDEBUG rally_openstack.cleanup.manager [-] Deleting neutron.port object s_rally_54f9d548_gHdbkhwe (d036ba91-5b94-4718-8c0a-f18a6d81823d)
2019-12-02 09:19:24.279 22157 RALLYDEBUG rally_openstack.cleanup.manager [-] Deleting neutron.port object s_rally_54f9d548_qZq0DOpA (d2279233-ebd5-482f-816e-bb92f1e94ef5)
2019-12-02 09:19:24.412 22157 RALLYDEBUG rally_openstack.cleanup.manager [-] Deleting neutron.port object s_rally_54f9d548_UxmEdMSF (d32f3d7e-edcf-488e-bbf8-71a4d90dc884)
2019-12-02 09:19:24.444 22157 RALLYDEBUG rally_openstack.cleanup.manager [-] Deleting neutron.port object s_rally_54f9d548_sYyNNTBU (d4fdd3de-3fe8-4968-8edf-9f12b3693df1)
2019-12-02 09:19:24.521 22157 RALLYDEBUG rally_openstack.cleanup.manager [-] Deleting neutron.port object s_rally_54f9d548_RV1fx3Bi (d51c1aac-eae9-48d7-966a-b4369cc11667)
2019-12-02 09:19:24.532 22157 RALLYDEBUG rally_openstack.cleanup.manager [-] Deleting neutron.port object s_rally_54f9d548_R2VwdexV (d7335145-a856-4b62-afd7-d7879bc74bec)
2019-12-02 09:19:24.745 22157 RALLYDEBUG rally_openstack.cleanup.manager [-] Deleting neutron.port object s_rally_54f9d548_28Lv8q1M (d7811c78-d3bc-44da-be82-fb3484d4c82f)
2019-12-02 09:19:24.882 22157 RALLYDEBUG rally_openstack.cleanup.manager [-] Deleting neutron.port object s_rally_54f9d548_gJ1YBmLw (da60bec0-f985-4635-9bd5-5e0bb3b764a1)
2019-12-02 09:19:24.947 22157 RALLYDEBUG rally_openstack.cleanup.manager [-] Deleting neutron.port object s_rally_54f9d548_ENFR5HUe (dbaf4975-7bf0-4362-9429-831c971bb093)
2019-12-02 09:19:25.084 22157 RALLYDEBUG rally_openstack.cleanup.manager [-] Deleting neutron.port object s_rally_54f9d548_1WXzj9iw (df823f0b-b3f9-4256-9226-5deba4453114)
2019-12-02 09:19:25.244 22157 RALLYDEBUG rally_openstack.cleanup.manager [-] Deleting neutron.port object s_rally_54f9d548_NR2UVA3q (dfbcff9e-b5ce-4502-aa6e-1215aecff6ed)
2019-12-02 09:19:25.260 22157 RALLYDEBUG rally_openstack.cleanup.manager [-] Deleting neutron.port object s_rally_54f9d548_zo5FDsTx (e021691f-7ad4-4a18-9a66-6939f26159fb)
2019-12-02 09:19:25.539 22157 RALLYDEBUG rally_openstack.cleanup.manager [-] Deleting neutron.port object s_rally_54f9d548_9QB5yUXy (e40d25c8-6318-4b47-b6c7-32eb2bcc2901)
2019-12-02 09:19:25.705 22157 RALLYDEBUG rally_openstack.cleanup.manager [-] Deleting neutron.port object s_rally_54f9d548_nh8RZLVq (e42ee9f4-328c-4031-ad1e-2f620d4c4e10)
2019-12-02 09:19:25.772 22157 RALLYDEBUG rally_openstack.cleanup.manager [-] Deleting neutron.port object s_rally_54f9d548_mFGUVYMS (e6d68a6c-6ecb-4c55-a03c-8c556cd9062e)
2019-12-02 09:19:25.816 22157 RALLYDEBUG rally_openstack.cleanup.manager [-] Deleting neutron.port object s_rally_54f9d548_EZpft2Jn (e73a0b44-d422-414c-87cf-e6780bc2a6f3)
2019-12-02 09:19:25.955 22157 RALLYDEBUG rally_openstack.cleanup.manager [-] Deleting neutron.port object s_rally_54f9d548_QNfdtBsI (e7ec7d8e-ed93-4dc5-9b89-8545cc5575b0)
2019-12-02 09:19:26.048 22157 RALLYDEBUG rally_openstack.cleanup.manager [-] Deleting neutron.port object s_rally_54f9d548_b9ZzblEn (e8b27c38-24a1-496c-9591-2b7b7a226038)
2019-12-02 09:19:26.193 22157 RALLYDEBUG rally_openstack.cleanup.manager [-] Deleting neutron.port object s_rally_54f9d548_52GmCRG1 (e9db4824-ec08-4b8e-868b-e3526e4b1ccd)
2019-12-02 09:19:26.230 22157 RALLYDEBUG rally_openstack.cleanup.manager [-] Deleting neutron.port object s_rally_54f9d548_DTsV3qdO (ed646f4e-450f-4c7f-840d-3eb071597335)
2019-12-02 09:19:26.254 22157 RALLYDEBUG rally_openstack.cleanup.manager [-] Deleting neutron.port object s_rally_54f9d548_0PWHMTpX (ee195af5-fb28-4f84-996b-3bb191b833ac)
2019-12-02 09:19:26.279 22157 RALLYDEBUG rally_openstack.cleanup.manager [-] Deleting neutron.port object s_rally_54f9d548_sR8bhHqs (f090c360-b75c-4565-8ac8-eeae47705957)
2019-12-02 09:19:26.425 22157 RALLYDEBUG rally_openstack.cleanup.manager [-] Deleting neutron.port object s_rally_54f9d548_nTJvxVQ9 (f155b969-dea7-438b-b0aa-590e92d3708f)
2019-12-02 09:19:26.435 22157 RALLYDEBUG rally_openstack.cleanup.manager [-] Deleting neutron.port object s_rally_54f9d548_mMp7yzWw (f18bea54-5b82-4576-9ef2-786fc5bb72ae)
2019-12-02 09:19:26.593 22157 RALLYDEBUG rally_openstack.cleanup.manager [-] Deleting neutron.port object s_rally_54f9d548_qh3m3v0E (f27f8c13-a4b9-495f-88ad-970eb1eccd9b)
2019-12-02 09:19:26.613 22157 RALLYDEBUG rally_openstack.cleanup.manager [-] Deleting neutron.port object s_rally_54f9d548_Q0kEzF3l (f3ef719b-ac82-42f9-bda3-acd3c2c6f7ee)
2019-12-02 09:19:26.800 22157 RALLYDEBUG rally_openstack.cleanup.manager [-] Deleting neutron.port object s_rally_54f9d548_jYFEVfnU (f5645e6f-239c-4778-8226-2dfddb775f2b)
2019-12-02 09:19:26.942 22157 RALLYDEBUG rally_openstack.cleanup.manager [-] Deleting neutron.port object s_rally_54f9d548_BIMS53HU (f689df57-441d-48f1-9714-8c1c84e81b7e)
2019-12-02 09:19:26.961 22157 RALLYDEBUG rally_openstack.cleanup.manager [-] Deleting neutron.port object s_rally_54f9d548_tTqCfNSp (f6b1e1c6-1435-4d66-9746-c17113adbf1b)
2019-12-02 09:19:27.092 22157 RALLYDEBUG rally_openstack.cleanup.manager [-] Deleting neutron.port object s_rally_54f9d548_DCRdP7uu (f6fb0008-a47a-49bd-9f48-80e51bfd14f3)
2019-12-02 09:19:27.108 22157 RALLYDEBUG rally_openstack.cleanup.manager [-] Deleting neutron.port object s_rally_54f9d548_zuJjuxy5 (f725f17c-1b64-43d6-ba03-882e772de0c8)
2019-12-02 09:19:27.241 22157 RALLYDEBUG rally_openstack.cleanup.manager [-] Deleting neutron.port object s_rally_54f9d548_KEcWUUJw (f871d11e-6b7c-4ea9-8855-ba5da6cd1994)
2019-12-02 09:19:27.348 22157 RALLYDEBUG rally_openstack.cleanup.manager [-] Deleting neutron.port object s_rally_54f9d548_6i9g1dgx (f9c9c637-f8d2-4443-b8a0-766da23ef5bf)
2019-12-02 09:19:27.531 22157 RALLYDEBUG rally_openstack.cleanup.manager [-] Deleting neutron.port object s_rally_54f9d548_zSNCXSvT (fa7a3cf7-2907-4d82-b327-70428e0eca7a)
2019-12-02 09:19:27.561 22157 RALLYDEBUG rally_openstack.cleanup.manager [-] Deleting neutron.port object s_rally_54f9d548_5ihfFujW (fd327476-d94d-4ece-9a0a-ae110487603d)
2019-12-02 09:19:27.816 22157 RALLYDEBUG rally_openstack.cleanup.manager [-] Deleting neutron.port object s_rally_54f9d548_Bx3H7i2I (fd4bec9f-8c99-4fea-9c23-8e79c377295e)
2019-12-02 09:19:27.885 22157 RALLYDEBUG rally_openstack.cleanup.manager [-] Deleting neutron.port object s_rally_54f9d548_PeXVkNAf (fd549c21-95fe-447e-bfce-fd60d2ff17cc)
2019-12-02 09:19:28.079 22157 RALLYDEBUG rally_openstack.cleanup.manager [-] Deleting neutron.port object s_rally_54f9d548_BNxN9RDp (fdb3c973-edf2-44ba-9f3e-b1bcd41c36ac)
2019-12-02 09:19:28.100 22157 RALLYDEBUG rally_openstack.cleanup.manager [-] Deleting neutron.port object s_rally_54f9d548_WnkDDw9k (fe3f509b-e1c5-48e4-93c6-33d45d6362a1)
2019-12-02 09:19:28.104 22157 RALLYDEBUG rally_openstack.cleanup.manager [-] Deleting neutron.port object s_rally_54f9d548_S0r0l7AG (fe5c070c-b367-4db9-b6eb-b73d2369f429)
2019-12-02 09:19:29.915 22157 RALLYDEBUG rally_openstack.cleanup.manager [-] Cleaning up neutron subnet objects
2019-12-02 09:19:30.346 22157 RALLYDEBUG rally_openstack.cleanup.manager [-] Cleaning up neutron network objects
2019-12-02 09:19:30.879 22157 RALLYDEBUG rally_openstack.cleanup.manager [-] Deleting neutron.network object s_rally_54f9d548_nKVqkAy8 (0354c391-c785-4e31-b512-6ac1b4f90a4b)
2019-12-02 09:19:30.890 22157 RALLYDEBUG rally_openstack.cleanup.manager [-] Deleting neutron.network object s_rally_54f9d548_96UrdgND (0b476ee3-4d77-4225-bc67-b2fd0bde026c)
2019-12-02 09:19:30.905 22157 RALLYDEBUG rally_openstack.cleanup.manager [-] Deleting neutron.network object s_rally_54f9d548_vWfXn1qp (0703ef1a-cfd5-42c7-ade2-b6ae2f79f6f7)
2019-12-02 09:19:30.916 22157 RALLYDEBUG rally_openstack.cleanup.manager [-] Deleting neutron.network object s_rally_54f9d548_kG8i7jmt (11cfc824-f9e7-4e1c-9987-fb80708ab330)
2019-12-02 09:19:30.918 22157 RALLYDEBUG rally_openstack.cleanup.manager [-] Deleting neutron.network object s_rally_54f9d548_yhtgu7zE (25cf0eb5-1dd7-4c1a-bd23-5f6781342c3d)
2019-12-02 09:19:30.919 22157 RALLYDEBUG rally_openstack.cleanup.manager [-] Deleting neutron.network object s_rally_54f9d548_RKt4wMZI (134d659c-da2d-47b1-b1a7-c1fc6ca1c2a4)
2019-12-02 09:19:30.937 22157 RALLYDEBUG rally_openstack.cleanup.manager [-] Deleting neutron.network object s_rally_54f9d548_XkaV6GCv (2a5e6e03-db83-4501-ae92-1c1f3ba08f14)
2019-12-02 09:19:30.943 22157 RALLYDEBUG rally_openstack.cleanup.manager [-] Deleting neutron.network object s_rally_54f9d548_s2vRhrII (2816952c-ad49-4ca8-b747-7cef68150b57)
2019-12-02 09:19:30.952 22157 RALLYDEBUG rally_openstack.cleanup.manager [-] Deleting neutron.network object s_rally_54f9d548_6OWnxFUB (3b6f6254-196d-4472-8f20-87f1d5ed7fce)
2019-12-02 09:19:30.955 22157 RALLYDEBUG rally_openstack.cleanup.manager [-] Deleting neutron.network object s_rally_54f9d548_K1PZv9JB (3b216c95-52e0-43eb-b448-849086f02911)
2019-12-02 09:19:30.998 22157 RALLYDEBUG rally_openstack.cleanup.manager [-] Deleting neutron.network object s_rally_54f9d548_99XIYQqe (5638ac5f-f4d4-4dda-90e4-432fa3ef1042)
2019-12-02 09:19:31.013 22157 RALLYDEBUG rally_openstack.cleanup.manager [-] Deleting neutron.network object s_rally_54f9d548_neDHe8kh (5c4c6be0-a208-491e-95c9-1c4955fdc353)
2019-12-02 09:19:31.034 22157 RALLYDEBUG rally_openstack.cleanup.manager [-] Deleting neutron.network object s_rally_54f9d548_xDqjyzyY (5f2b4bcf-ecaa-4a8d-9622-546eaed5e679)
2019-12-02 09:19:31.045 22157 RALLYDEBUG rally_openstack.cleanup.manager [-] Deleting neutron.network object s_rally_54f9d548_AgPBnV8X (586e7c06-9a94-4c8e-847a-8f4ebdcde07f)
2019-12-02 09:19:31.043 22157 RALLYDEBUG rally_openstack.cleanup.manager [-] Deleting neutron.network object s_rally_54f9d548_amlwdPnV (3f5bdc1d-513d-4948-af06-e5470c8c33c8)
2019-12-02 09:19:31.066 22157 RALLYDEBUG rally_openstack.cleanup.manager [-] Deleting neutron.network object s_rally_54f9d548_msYUqRKg (46a1b7d1-000c-4b06-9c58-0bc4465ca9b1)
2019-12-02 09:19:31.090 22157 RALLYDEBUG rally_openstack.cleanup.manager [-] Deleting neutron.network object s_rally_54f9d548_dDTL0YgR (5fe6efc4-1ff4-41dd-9aab-faa6dad8496c)
2019-12-02 09:19:31.119 22157 RALLYDEBUG rally_openstack.cleanup.manager [-] Deleting neutron.network object s_rally_54f9d548_crjDM3Zx (727111d0-b844-4771-857d-eaaf249382c0)
2019-12-02 09:19:31.160 22157 RALLYDEBUG rally_openstack.cleanup.manager [-] Deleting neutron.network object s_rally_54f9d548_01wZyUDF (74cf956b-77d4-4028-82af-951241366edd)
2019-12-02 09:19:31.172 22157 RALLYDEBUG rally_openstack.cleanup.manager [-] Deleting neutron.network object s_rally_54f9d548_f2Jxvibb (78300dd1-b077-4f4c-8ede-33a08b59990f)
2019-12-02 09:19:33.327 22157 RALLYDEBUG rally_openstack.cleanup.manager [-] Deleting neutron.network object s_rally_54f9d548_bhmxrHWH (859aa2e3-5b88-4ed6-8dbc-e8087fc13451)
2019-12-02 09:19:33.672 22157 RALLYDEBUG rally_openstack.cleanup.manager [-] Deleting neutron.network object s_rally_54f9d548_0I3jaHV7 (8d3cac67-ed8e-4641-ae5d-1566186d2777)
2019-12-02 09:19:33.680 22157 RALLYDEBUG rally_openstack.cleanup.manager [-] Deleting neutron.network object s_rally_54f9d548_1HBTjRSZ (8d451d89-f56d-444f-a326-0edb1077cacd)
2019-12-02 09:19:33.702 22157 RALLYDEBUG rally_openstack.cleanup.manager [-] Deleting neutron.network object s_rally_54f9d548_JzzmH9xi (8e791db9-21d5-4e4c-ae56-e5f59485cd4d)
2019-12-02 09:19:33.751 22157 RALLYDEBUG rally_openstack.cleanup.manager [-] Deleting neutron.network object s_rally_54f9d548_qmi4lULu (8eb05c97-d5c9-4cb5-827b-bf1989bd78d2)
2019-12-02 09:19:33.764 22157 RALLYDEBUG rally_openstack.cleanup.manager [-] Deleting neutron.network object s_rally_54f9d548_YXhCtTCP (9ab148dd-b2cb-4b1f-afb5-6b853702adb0)
2019-12-02 09:19:33.797 22157 RALLYDEBUG rally_openstack.cleanup.manager [-] Deleting neutron.network object s_rally_54f9d548_VjsNtqv9 (9e3d7956-1daf-4756-8b9f-8f3181583da0)
2019-12-02 09:19:33.837 22157 RALLYDEBUG rally_openstack.cleanup.manager [-] Deleting neutron.network object s_rally_54f9d548_c5JcGm76 (9e9cc9f7-2c16-46b7-9b4e-53304418d8e5)
2019-12-02 09:19:33.860 22157 RALLYDEBUG rally_openstack.cleanup.manager [-] Deleting neutron.network object s_rally_54f9d548_CVdBJ6Ed (a4114fe3-7ef1-4c8a-ad5a-1929718c7424)
2019-12-02 09:19:33.883 22157 RALLYDEBUG rally_openstack.cleanup.manager [-] Deleting neutron.network object s_rally_54f9d548_EV0lWEXv (ae68fa18-fb65-438d-aa9e-3f865d636777)
2019-12-02 09:19:33.932 22157 RALLYDEBUG rally_openstack.cleanup.manager [-] Deleting neutron.network object s_rally_54f9d548_JQf5eaVP (b45d2916-799e-43d4-b676-c1076f040c1d)
2019-12-02 09:19:33.945 22157 RALLYDEBUG rally_openstack.cleanup.manager [-] Deleting neutron.network object s_rally_54f9d548_4wY4sUWZ (bbb59070-f429-446b-a00e-4dcff360babf)
2019-12-02 09:19:33.957 22157 RALLYDEBUG rally_openstack.cleanup.manager [-] Deleting neutron.network object s_rally_54f9d548_1kffow9i (c0fb53db-5b3d-4419-b3ea-89b1bf0fb436)
2019-12-02 09:19:34.037 22157 RALLYDEBUG rally_openstack.cleanup.manager [-] Deleting neutron.network object s_rally_54f9d548_6k01Vjtk (cd7b88eb-9ac8-4d02-99d5-3e9b4cc6e21d)
2019-12-02 09:19:34.052 22157 RALLYDEBUG rally_openstack.cleanup.manager [-] Deleting neutron.network object s_rally_54f9d548_eULS93g1 (dbd9a9dd-91a7-4858-ac92-1838edd9f3fc)
2019-12-02 09:19:34.720 22157 RALLYDEBUG rally_openstack.cleanup.manager [-] Deleting neutron.network object s_rally_54f9d548_ma3Gt2XX (e7f703d9-2a78-49f2-b74e-b3bffa537511)
2019-12-02 09:19:34.720 22157 RALLYDEBUG rally_openstack.cleanup.manager [-] Deleting neutron.network object s_rally_54f9d548_EI5oo3TC (eb4d5351-66c4-4fad-8603-2e10bbf35ad7)
2019-12-02 09:19:35.128 22157 RALLYDEBUG rally_openstack.cleanup.manager [-] Deleting neutron.network object s_rally_54f9d548_VQktSdaH (f19797a8-135e-483b-848c-8772ca5a61b5)
2019-12-02 09:19:35.392 22157 RALLYDEBUG rally_openstack.cleanup.manager [-] Deleting neutron.network object s_rally_54f9d548_AaorR7lw (f758c77a-df11-43bc-b83c-1e1e0d528f02)
2019-12-02 09:19:35.405 22157 RALLYDEBUG rally_openstack.cleanup.manager [-] Deleting neutron.network object s_rally_54f9d548_c4jS7fuG (f7b015d6-2e4d-4927-925a-6460dda44dfe)
2019-12-02 09:19:37.592 22157 RALLYDEBUG rally_openstack.cleanup.manager [-] Cleaning up neutron router objects
2019-12-02 09:19:38.037 22157 RALLYDEBUG rally_openstack.cleanup.manager [-] Cleaning up neutron security_group objects
2019-12-02 09:19:38.444 22157 INFO rally.task.context [-] Task f6aee71c-f1c2-4152-9cfd-95e69110e273 | Context cleanup@openstack cleanup() finished in 34.07 sec
2019-12-02 09:19:38.445 22157 INFO rally.task.context [-] Task f6aee71c-f1c2-4152-9cfd-95e69110e273 | Context quotas@openstack cleanup() started
2019-12-02 09:19:38.525 22157 INFO rally.task.context [-] Task f6aee71c-f1c2-4152-9cfd-95e69110e273 | Context quotas@openstack cleanup() finished in 79.97 msec
2019-12-02 09:19:38.525 22157 INFO rally.task.context [-] Task f6aee71c-f1c2-4152-9cfd-95e69110e273 | Context users@openstack cleanup() started
2019-12-02 09:19:41.239 22157 INFO rally.task.context [-] Task f6aee71c-f1c2-4152-9cfd-95e69110e273 | Context users@openstack cleanup() finished in 2.71 sec
2019-12-02 09:19:41.781 22157 INFO rally.task.engine [-] Load duration is: 23.987772
2019-12-02 09:19:41.781 22157 INFO rally.task.engine [-] Full runner duration is: 24.046044
2019-12-02 09:19:41.781 22157 INFO rally.task.engine [-] Full duration is: 63.750954
2019-12-02 09:19:42.087 22157 INFO rally.task.engine [-] Running workload: position = 2 config = { "version": 2, "title": "A cropped version of a bigger task.", "description": "Auto-generated task from a single workload (uuid=02b2d578-ac1b-4e00-ab36-ed51686fc700)", "subtasks": [ { "title": "NeutronNetworks.create_and_delete_ports", "description": "Create and delete a port.", "scenario": { "NeutronNetworks.create_and_delete_ports": { "network_create_args": {}, "port_create_args": {}, "ports_per_network": 5 } }, "contexts": { "users": { "tenants": 1, "users_per_tenant": 1 }, "quotas": { "neutron": { "network": -1, "port": -1 } } }, "runner": { "constant": { "times": 40, "concurrency": 20 } }, "hooks": [], "sla": { "failure_rate": { "max": 0 } } } ] }
2019-12-02 09:19:42.120 22157 RALLYDEBUG rally_openstack.contexts.keystone.users [-] Creating 1 tenants using 20 threads
2019-12-02 09:19:43.059 22157 RALLYDEBUG rally_openstack.contexts.keystone.users [-] Creating 1 users using 20 threads
2019-12-02 09:19:44.466 22157 INFO rally.task.context [-] Task f6aee71c-f1c2-4152-9cfd-95e69110e273 | Context users@openstack setup() finished in 2.35 sec
2019-12-02 09:19:44.968 22157 INFO rally.task.context [-] Task f6aee71c-f1c2-4152-9cfd-95e69110e273 | Context quotas@openstack setup() finished in 0.50 sec
2019-12-02 09:19:44.969 22157 INFO rally.task.context [-] Task f6aee71c-f1c2-4152-9cfd-95e69110e273 | Context cleanup@openstack setup() finished in 0.01 msec
2019-12-02 09:19:44.978 22157 RALLYDEBUG rally.task.runner [-] Starting the constant runner (task UUID: f6aee71c-f1c2-4152-9cfd-95e69110e273). timeout: 0 concurrency: 20 concurrency_per_worker: 1 times: 40 concurrency_overhead: 4 processes_to_start: 16 max_cpu_used: 16
2019-12-02 09:19:44.992 26623 RALLYDEBUG rally.task.runner [-] Starting a worker. concurrency: 2 args: {"network_create_args": {}, "port_create_args": {}, "ports_per_network": 5} times: 40 method_name: run timeout: 0 duration: None cls:
2019-12-02 09:19:44.995 26624 RALLYDEBUG rally.task.runner [-] Starting a worker. concurrency: 2 args: {"network_create_args": {}, "port_create_args": {}, "ports_per_network": 5} times: 40 method_name: run timeout: 0 duration: None cls:
2019-12-02 09:19:44.998 26625 RALLYDEBUG rally.task.runner [-] Starting a worker. concurrency: 2 args: {"network_create_args": {}, "port_create_args": {}, "ports_per_network": 5} times: 40 method_name: run timeout: 0 duration: None cls:
2019-12-02 09:19:45.003 26626 RALLYDEBUG rally.task.runner [-] Starting a worker. concurrency: 2 args: {"network_create_args": {}, "port_create_args": {}, "ports_per_network": 5} times: 40 method_name: run timeout: 0 duration: None cls:
2019-12-02 09:19:45.004 26623 INFO rally.task.runner [-] Task f6aee71c-f1c2-4152-9cfd-95e69110e273 | ITER: 1 START
2019-12-02 09:19:45.006 26623 WARNING rally_openstack.scenarios.neutron.utils [-] Running this scenario without either the 'network' or 'existing_network' context is deprecated
2019-12-02 09:19:45.006 26624 INFO rally.task.runner [-] Task f6aee71c-f1c2-4152-9cfd-95e69110e273 | ITER: 2 START
2019-12-02 09:19:45.006 26627 RALLYDEBUG rally.task.runner [-] Starting a worker. concurrency: 1 args: {"network_create_args": {}, "port_create_args": {}, "ports_per_network": 5} times: 40 method_name: run timeout: 0 duration: None cls:
2019-12-02 09:19:45.008 26624 WARNING rally_openstack.scenarios.neutron.utils [-] Running this scenario without either the 'network' or 'existing_network' context is deprecated
2019-12-02 09:19:45.011 26629 RALLYDEBUG rally.task.runner [-] Starting a worker. concurrency: 1 args: {"network_create_args": {}, "port_create_args": {}, "ports_per_network": 5} times: 40 method_name: run timeout: 0 duration: None cls:
2019-12-02 09:19:45.012 26625 INFO rally.task.runner [-] Task f6aee71c-f1c2-4152-9cfd-95e69110e273 | ITER: 4 START
2019-12-02 09:19:45.012 26632 RALLYDEBUG rally.task.runner [-] Starting a worker. concurrency: 1 args: {"network_create_args": {}, "port_create_args": {}, "ports_per_network": 5} times: 40 method_name: run timeout: 0 duration: None cls:
2019-12-02 09:19:45.012 26625 INFO rally.task.runner [-] Task f6aee71c-f1c2-4152-9cfd-95e69110e273 | ITER: 7 START
2019-12-02 09:19:45.014 26625 WARNING rally_openstack.scenarios.neutron.utils [-] Running this scenario without either the 'network' or 'existing_network' context is deprecated
2019-12-02 09:19:45.017 26636 RALLYDEBUG rally.task.runner [-] Starting a worker. concurrency: 1 args: {"network_create_args": {}, "port_create_args": {}, "ports_per_network": 5} times: 40 method_name: run timeout: 0 duration: None cls:
2019-12-02 09:19:45.018 26638 RALLYDEBUG rally.task.runner [-] Starting a worker. concurrency: 1 args: {"network_create_args": {}, "port_create_args": {}, "ports_per_network": 5} times: 40 method_name: run timeout: 0 duration: None cls:
2019-12-02 09:19:45.015 26625 WARNING rally_openstack.scenarios.neutron.utils [-] Running this scenario without either the 'network' or 'existing_network' context is deprecated
2019-12-02 09:19:45.019 26629 INFO rally.task.runner [-] Task f6aee71c-f1c2-4152-9cfd-95e69110e273 | ITER: 9 START
2019-12-02 09:19:45.020 26627 INFO rally.task.runner [-] Task f6aee71c-f1c2-4152-9cfd-95e69110e273 | ITER: 8 START
2019-12-02 09:19:45.020 26629 WARNING rally_openstack.scenarios.neutron.utils [-] Running this scenario without either the 'network' or 'existing_network' context is deprecated
2019-12-02 09:19:45.021 26627 WARNING rally_openstack.scenarios.neutron.utils [-] Running this scenario without either the 'network' or 'existing_network' context is deprecated
2019-12-02 09:19:45.018 26624 INFO rally.task.runner [-] Task f6aee71c-f1c2-4152-9cfd-95e69110e273 | ITER: 5 START
2019-12-02 09:19:45.020 26626 INFO rally.task.runner [-] Task f6aee71c-f1c2-4152-9cfd-95e69110e273 | ITER: 6 START
2019-12-02 09:19:45.023 26623 INFO rally.task.runner [-] Task f6aee71c-f1c2-4152-9cfd-95e69110e273 | ITER: 3 START
2019-12-02 09:19:45.022 26624 WARNING rally_openstack.scenarios.neutron.utils [-] Running this scenario without either the 'network' or 'existing_network' context is deprecated
2019-12-02 09:19:45.024 26626 WARNING rally_openstack.scenarios.neutron.utils [-] Running this scenario without either the 'network' or 'existing_network' context is deprecated
2019-12-02 09:19:45.024 26623 WARNING rally_openstack.scenarios.neutron.utils [-] Running this scenario without either the 'network' or 'existing_network' context is deprecated
2019-12-02 09:19:45.023 26644 RALLYDEBUG rally.task.runner [-] Starting a worker. concurrency: 1 args: {"network_create_args": {}, "port_create_args": {}, "ports_per_network": 5} times: 40 method_name: run timeout: 0 duration: None cls:
2019-12-02 09:19:45.027 26632 INFO rally.task.runner [-] Task f6aee71c-f1c2-4152-9cfd-95e69110e273 | ITER: 10 START
2019-12-02 09:19:45.027 26638 INFO rally.task.runner [-] Task f6aee71c-f1c2-4152-9cfd-95e69110e273 | ITER: 13 START
2019-12-02 09:19:45.029 26632 WARNING rally_openstack.scenarios.neutron.utils [-] Running this scenario without either the 'network' or 'existing_network' context is deprecated
2019-12-02 09:19:45.028 26646 RALLYDEBUG rally.task.runner [-] Starting a worker. concurrency: 1 args: {"network_create_args": {}, "port_create_args": {}, "ports_per_network": 5} times: 40 method_name: run timeout: 0 duration: None cls:
2019-12-02 09:19:45.029 26638 WARNING rally_openstack.scenarios.neutron.utils [-] Running this scenario without either the 'network' or 'existing_network' context is deprecated
2019-12-02 09:19:45.028 26642 RALLYDEBUG rally.task.runner [-] Starting a worker. concurrency: 1 args: {"network_create_args": {}, "port_create_args": {}, "ports_per_network": 5} times: 40 method_name: run timeout: 0 duration: None cls:
2019-12-02 09:19:45.030 26653 RALLYDEBUG rally.task.runner [-] Starting a worker. concurrency: 1 args: {"network_create_args": {}, "port_create_args": {}, "ports_per_network": 5} times: 40 method_name: run timeout: 0 duration: None cls:
2019-12-02 09:19:45.033 26636 INFO rally.task.runner [-] Task f6aee71c-f1c2-4152-9cfd-95e69110e273 | ITER: 12 START
2019-12-02 09:19:45.034 26636 WARNING rally_openstack.scenarios.neutron.utils [-] Running this scenario without either the 'network' or 'existing_network' context is deprecated
2019-12-02 09:19:45.035 26644 INFO rally.task.runner [-] Task f6aee71c-f1c2-4152-9cfd-95e69110e273 | ITER: 14 START
2019-12-02 09:19:45.037 26644 WARNING rally_openstack.scenarios.neutron.utils [-] Running this scenario without either the 'network' or 'existing_network' context is deprecated
2019-12-02 09:19:45.036 26626 INFO rally.task.runner [-] Task f6aee71c-f1c2-4152-9cfd-95e69110e273 | ITER: 11 START
2019-12-02 09:19:45.037 26626 WARNING rally_openstack.scenarios.neutron.utils [-] Running this scenario without either the 'network' or 'existing_network' context is deprecated
2019-12-02 09:19:45.042 26653 INFO rally.task.runner [-] Task f6aee71c-f1c2-4152-9cfd-95e69110e273 | ITER: 17 START
2019-12-02 09:19:45.042 26646 INFO rally.task.runner [-] Task f6aee71c-f1c2-4152-9cfd-95e69110e273 | ITER: 15 START
2019-12-02 09:19:45.043 26642 INFO rally.task.runner [-] Task f6aee71c-f1c2-4152-9cfd-95e69110e273 | ITER: 16 START
2019-12-02 09:19:45.043 26653 WARNING rally_openstack.scenarios.neutron.utils [-] Running this scenario without either the 'network' or 'existing_network' context is deprecated
2019-12-02 09:19:45.044 26646 WARNING rally_openstack.scenarios.neutron.utils [-] Running this scenario without either the 'network' or 'existing_network' context is deprecated
2019-12-02 09:19:45.045 26642 WARNING rally_openstack.scenarios.neutron.utils [-] Running this scenario without either the 'network' or 'existing_network' context is deprecated
2019-12-02 09:19:45.047 26659 RALLYDEBUG rally.task.runner [-] Starting a worker. concurrency: 1 args: {"network_create_args": {}, "port_create_args": {}, "ports_per_network": 5} times: 40 method_name: run timeout: 0 duration: None cls:
2019-12-02 09:19:45.051 26666 RALLYDEBUG rally.task.runner [-] Starting a worker. concurrency: 1 args: {"network_create_args": {}, "port_create_args": {}, "ports_per_network": 5} times: 40 method_name: run timeout: 0 duration: None cls:
2019-12-02 09:19:45.055 26659 INFO rally.task.runner [-] Task f6aee71c-f1c2-4152-9cfd-95e69110e273 | ITER: 18 START
2019-12-02 09:19:45.056 26659 WARNING rally_openstack.scenarios.neutron.utils [-] Running this scenario without either the 'network' or 'existing_network' context is deprecated
2019-12-02 09:19:45.055 26668 RALLYDEBUG rally.task.runner [-] Starting a worker. concurrency: 1 args: {"network_create_args": {}, "port_create_args": {}, "ports_per_network": 5} times: 40 method_name: run timeout: 0 duration: None cls:
2019-12-02 09:19:45.059 26666 INFO rally.task.runner [-] Task f6aee71c-f1c2-4152-9cfd-95e69110e273 | ITER: 19 START
2019-12-02 09:19:45.060 26666 WARNING rally_openstack.scenarios.neutron.utils [-] Running this scenario without either the 'network' or 'existing_network' context is deprecated
2019-12-02 09:19:45.061 26668 INFO rally.task.runner [-] Task f6aee71c-f1c2-4152-9cfd-95e69110e273 | ITER: 20 START
2019-12-02 09:19:45.062 26668 WARNING rally_openstack.scenarios.neutron.utils [-] Running this scenario without either the 'network' or 'existing_network' context is deprecated
2019-12-02 09:19:54.231 26625 INFO rally.task.runner [-] Task f6aee71c-f1c2-4152-9cfd-95e69110e273 | ITER: 4 END: OK
2019-12-02 09:19:54.236 26625 INFO rally.task.runner [-] Task f6aee71c-f1c2-4152-9cfd-95e69110e273 | ITER: 21 START
2019-12-02 09:19:54.236 26625 WARNING rally_openstack.scenarios.neutron.utils [-] Running this scenario without either the 'network' or 'existing_network' context is deprecated
2019-12-02 09:19:54.415 26629 INFO rally.task.runner [-] Task f6aee71c-f1c2-4152-9cfd-95e69110e273 | ITER: 9 END: OK
2019-12-02 09:19:54.420 26629 INFO rally.task.runner [-] Task f6aee71c-f1c2-4152-9cfd-95e69110e273 | ITER: 22 START
2019-12-02 09:19:54.421 26629 WARNING rally_openstack.scenarios.neutron.utils [-] Running this scenario without either the 'network' or 'existing_network' context is deprecated
2019-12-02 09:19:54.699 26653 INFO rally.task.runner [-] Task f6aee71c-f1c2-4152-9cfd-95e69110e273 | ITER: 17 END: OK
2019-12-02 09:19:54.704 26653 INFO rally.task.runner [-] Task f6aee71c-f1c2-4152-9cfd-95e69110e273 | ITER: 23 START
2019-12-02 09:19:54.705 26653 WARNING rally_openstack.scenarios.neutron.utils [-] Running this scenario without either the 'network' or 'existing_network' context is deprecated
2019-12-02 09:19:54.866 26632 INFO rally.task.runner [-] Task f6aee71c-f1c2-4152-9cfd-95e69110e273 | ITER: 10 END: OK
2019-12-02 09:19:54.871 26632 INFO rally.task.runner [-] Task f6aee71c-f1c2-4152-9cfd-95e69110e273 | ITER: 24 START
2019-12-02 09:19:54.872 26632 WARNING rally_openstack.scenarios.neutron.utils [-] Running this scenario without either the 'network' or 'existing_network' context is deprecated
2019-12-02 09:19:55.339 26626 INFO rally.task.runner [-] Task f6aee71c-f1c2-4152-9cfd-95e69110e273 | ITER: 6 END: OK
2019-12-02 09:19:55.344 26626 INFO rally.task.runner [-] Task f6aee71c-f1c2-4152-9cfd-95e69110e273 | ITER: 25 START
2019-12-02 09:19:55.345 26626 WARNING rally_openstack.scenarios.neutron.utils [-] Running this scenario without either the 'network' or 'existing_network' context is deprecated
2019-12-02 09:19:55.876 26624 INFO rally.task.runner [-] Task f6aee71c-f1c2-4152-9cfd-95e69110e273 | ITER: 5 END: OK
2019-12-02 09:19:55.881 26624 INFO rally.task.runner [-] Task f6aee71c-f1c2-4152-9cfd-95e69110e273 | ITER: 26 START
2019-12-02 09:19:55.882 26624 WARNING rally_openstack.scenarios.neutron.utils [-] Running this scenario without either the 'network' or 'existing_network' context is deprecated
2019-12-02 09:19:55.912 26623 INFO rally.task.runner [-] Task f6aee71c-f1c2-4152-9cfd-95e69110e273 | ITER: 1 END: OK
2019-12-02 09:19:55.917 26623 INFO rally.task.runner [-] Task f6aee71c-f1c2-4152-9cfd-95e69110e273 | ITER: 27 START
2019-12-02 09:19:55.918 26623 WARNING rally_openstack.scenarios.neutron.utils [-] Running this scenario without either the 'network' or 'existing_network' context is deprecated
2019-12-02 09:19:56.037 26646 INFO rally.task.runner [-] Task f6aee71c-f1c2-4152-9cfd-95e69110e273 | ITER: 15 END: OK
2019-12-02 09:19:56.042 26646 INFO rally.task.runner [-] Task f6aee71c-f1c2-4152-9cfd-95e69110e273 | ITER: 28 START
2019-12-02 09:19:56.043 26646 WARNING rally_openstack.scenarios.neutron.utils [-] Running this scenario without either the 'network' or 'existing_network' context is deprecated
2019-12-02 09:19:57.012 26636 INFO rally.task.runner [-] Task f6aee71c-f1c2-4152-9cfd-95e69110e273 | ITER: 12 END: OK
2019-12-02 09:19:57.018 26636 INFO rally.task.runner [-] Task f6aee71c-f1c2-4152-9cfd-95e69110e273 | ITER: 29 START
2019-12-02 09:19:57.019 26636 WARNING rally_openstack.scenarios.neutron.utils [-] Running this scenario without either the 'network' or 'existing_network' context is deprecated
2019-12-02 09:19:57.240 26623 INFO rally.task.runner [-] Task f6aee71c-f1c2-4152-9cfd-95e69110e273 | ITER: 3 END: OK
2019-12-02 09:19:57.245 26623 INFO rally.task.runner [-] Task f6aee71c-f1c2-4152-9cfd-95e69110e273 | ITER: 30 START
2019-12-02 09:19:57.246 26623 WARNING rally_openstack.scenarios.neutron.utils [-] Running this scenario without either the 'network' or 'existing_network' context is deprecated
2019-12-02 09:19:57.835 26659 INFO rally.task.runner [-] Task f6aee71c-f1c2-4152-9cfd-95e69110e273 | ITER: 18 END: OK
2019-12-02 09:19:57.839 26659 INFO rally.task.runner [-] Task f6aee71c-f1c2-4152-9cfd-95e69110e273 | ITER: 31 START
2019-12-02 09:19:57.840 26659 WARNING rally_openstack.scenarios.neutron.utils [-] Running this scenario without either the 'network' or 'existing_network' context is deprecated
2019-12-02 09:19:58.168 26626 INFO rally.task.runner [-] Task f6aee71c-f1c2-4152-9cfd-95e69110e273 | ITER: 11 END: OK
2019-12-02 09:19:58.173 26626 INFO rally.task.runner [-] Task f6aee71c-f1c2-4152-9cfd-95e69110e273 | ITER: 32 START
2019-12-02 09:19:58.174 26626 WARNING rally_openstack.scenarios.neutron.utils [-] Running this scenario without either the 'network' or 'existing_network' context is deprecated
2019-12-02 09:19:58.255 26642 INFO rally.task.runner [-] Task f6aee71c-f1c2-4152-9cfd-95e69110e273 | ITER: 16 END: OK
2019-12-02 09:19:58.259 26642 INFO rally.task.runner [-] Task f6aee71c-f1c2-4152-9cfd-95e69110e273 | ITER: 33 START
2019-12-02 09:19:58.260 26642 WARNING rally_openstack.scenarios.neutron.utils [-] Running this scenario without either the 'network' or 'existing_network' context is deprecated
2019-12-02 09:19:58.355 26666 INFO rally.task.runner [-] Task f6aee71c-f1c2-4152-9cfd-95e69110e273 | ITER: 19 END: OK
2019-12-02 09:19:58.360 26666 INFO rally.task.runner [-] Task f6aee71c-f1c2-4152-9cfd-95e69110e273 | ITER: 34 START
2019-12-02 09:19:58.360 26666 WARNING rally_openstack.scenarios.neutron.utils [-] Running this scenario without either the 'network' or 'existing_network' context is deprecated
2019-12-02 09:19:58.453 26638 INFO rally.task.runner [-] Task f6aee71c-f1c2-4152-9cfd-95e69110e273 | ITER: 13 END: OK
2019-12-02 09:19:58.457 26644 INFO rally.task.runner [-] Task f6aee71c-f1c2-4152-9cfd-95e69110e273 | ITER: 14 END: OK
2019-12-02 09:19:58.458 26638 INFO rally.task.runner [-] Task f6aee71c-f1c2-4152-9cfd-95e69110e273 | ITER: 35 START
