2019-12-02 09:18:20.029 22157 RALLYDEBUG rally_openstack.cleanup.manager [-] Deleting neutron.port object s_rally_a0562495_fq9TUByz (d0c565a2-51bb-46d6-a742-7705d0e2c305)
2019-12-02 09:18:20.045 22157 RALLYDEBUG rally_openstack.cleanup.manager [-] Deleting neutron.port object s_rally_a0562495_evQZMinG (d1b8d5e4-8d23-4818-ba33-47423f2f32d7)
2019-12-02 09:18:20.121 22157 RALLYDEBUG rally_openstack.cleanup.manager [-] Deleting neutron.port object s_rally_a0562495_qJOuCOpl (d2593272-a25c-41e4-b986-dc0fd637de61)
2019-12-02 09:18:20.159 22157 RALLYDEBUG rally_openstack.cleanup.manager [-] Deleting neutron.port object s_rally_a0562495_HyiwfDrj (d2e13ef3-b2a3-407d-a266-7bfbf0fa001d)
2019-12-02 09:18:20.198 22157 RALLYDEBUG rally_openstack.cleanup.manager [-] Deleting neutron.port object s_rally_a0562495_N6Nf2bD4 (d2ed335d-2f98-4b5d-b3b8-4b6890db80a2)
2019-12-02 09:18:20.221 22157 RALLYDEBUG rally_openstack.cleanup.manager [-] Deleting neutron.port object s_rally_a0562495_CLVadFN9 (d340dc28-53e8-4fe1-9db6-4058c1e12c92)
2019-12-02 09:18:20.349 22157 RALLYDEBUG rally_openstack.cleanup.manager [-] Deleting neutron.port object s_rally_a0562495_M7cE4aov (d4bd0eb7-52e5-4abd-a9dd-0861f229d5b6)
2019-12-02 09:18:20.400 22157 RALLYDEBUG rally_openstack.cleanup.manager [-] Deleting neutron.port object s_rally_a0562495_F0uBuCam (d5d2721d-b2a7-4f3b-8c6e-5c8f4570d700)
2019-12-02 09:18:20.592 22157 RALLYDEBUG rally_openstack.cleanup.manager [-] Deleting neutron.port object s_rally_a0562495_B1o4eonW (d62287d2-137e-4397-bb96-f639a80f0fac)
2019-12-02 09:18:20.655 22157 RALLYDEBUG rally_openstack.cleanup.manager [-] Deleting neutron.port object s_rally_a0562495_AQP3Y6lT (d63c9afc-f550-4b46-9877-e2ae57050d62)
2019-12-02 09:18:20.947 22157 RALLYDEBUG rally_openstack.cleanup.manager [-] Deleting neutron.port object s_rally_a0562495_3bxV6l5I (d6e33003-05a0-4fea-a6e3-aee4e8aeb4f8)
2019-12-02 09:18:21.170 22157 RALLYDEBUG rally_openstack.cleanup.manager [-] Deleting neutron.port object s_rally_a0562495_M31EJsGj (d74058a7-a1be-475c-b81d-d93644c9bd69)
2019-12-02 09:18:21.282 22157 RALLYDEBUG rally_openstack.cleanup.manager [-] Deleting neutron.port object s_rally_a0562495_bHdvxSkY (d91d8bc1-1e29-4b6a-843b-591443228d2f)
2019-12-02 09:18:21.317 22157 RALLYDEBUG rally_openstack.cleanup.manager [-] Deleting neutron.port object s_rally_a0562495_NuBzhKNu (d97b5616-b9b0-4d3e-b5f6-144abacd7d1d)
2019-12-02 09:18:21.333 22157 RALLYDEBUG rally_openstack.cleanup.manager [-] Deleting neutron.port object s_rally_a0562495_tyXzYHo0 (d98dc1e8-3446-42b0-ad30-a8f131175f04)
2019-12-02 09:18:21.429 22157 RALLYDEBUG rally_openstack.cleanup.manager [-] Deleting neutron.port object s_rally_a0562495_CNFc67xD (d9998414-a529-4fa3-90f5-4722109443a3)
2019-12-02 09:18:21.604 22157 RALLYDEBUG rally_openstack.cleanup.manager [-] Deleting neutron.port object s_rally_a0562495_MCLuKFyt (db00038f-b138-47a5-bc07-8830bbe9f43d)
2019-12-02 09:18:21.766 22157 RALLYDEBUG rally_openstack.cleanup.manager [-] Deleting neutron.port object s_rally_a0562495_t0hxaOMN (db207d71-b5a1-4498-8949-20e791bf3c61)
2019-12-02 09:18:21.786 22157 RALLYDEBUG rally_openstack.cleanup.manager [-] Deleting neutron.port object s_rally_a0562495_Kt5lg7EM (db996231-10bb-4294-ba24-6cea78b69031)
2019-12-02 09:18:21.843 22157 RALLYDEBUG rally_openstack.cleanup.manager [-] Deleting neutron.port object s_rally_a0562495_lYKPoM29 (dff18b6e-7b50-49b9-a704-d185a79f1c53)
2019-12-02 09:18:21.890 22157 RALLYDEBUG rally_openstack.cleanup.manager [-] Deleting neutron.port object s_rally_a0562495_Nmzlr4Mz (e0ce6cbb-33c1-4602-b4d6-b3bd827348b3)
2019-12-02 09:18:21.971 22157 RALLYDEBUG rally_openstack.cleanup.manager [-] Deleting neutron.port object s_rally_a0562495_83yaWBfH (e1541ce6-35c7-4135-a604-e792b46146f2)
2019-12-02 09:18:22.035 22157 RALLYDEBUG rally_openstack.cleanup.manager [-] Deleting neutron.port object s_rally_a0562495_Kw1BwFiB (e1f6c56a-7b37-45ae-aab1-9242477a39cd)
2019-12-02 09:18:22.055 22157 RALLYDEBUG rally_openstack.cleanup.manager [-] Deleting neutron.port object s_rally_a0562495_ym0sMS7o (e41bfa66-10d0-459c-b92e-f70cd4024572)
2019-12-02 09:18:22.201 22157 RALLYDEBUG rally_openstack.cleanup.manager [-] Deleting neutron.port object s_rally_a0562495_3tI3b6Mk (e425507e-d4c9-484d-bc25-e6966579c686)
2019-12-02 09:18:22.290 22157 RALLYDEBUG rally_openstack.cleanup.manager [-] Deleting neutron.port object s_rally_a0562495_wIygzn8W (e49986bf-14fe-43da-9598-0671aba72bc2)
2019-12-02 09:18:22.349 22157 RALLYDEBUG rally_openstack.cleanup.manager [-] Deleting neutron.port object s_rally_a0562495_7ZiMJqi0 (e523c2df-d0f6-4973-ac79-18820cc23223)
2019-12-02 09:18:22.478 22157 RALLYDEBUG rally_openstack.cleanup.manager [-] Deleting neutron.port object s_rally_a0562495_dzYSCAoh (e59cbfed-8288-44b0-a9c3-a756f529a6a7)
2019-12-02 09:18:22.509 22157 RALLYDEBUG rally_openstack.cleanup.manager [-] Deleting neutron.port object s_rally_a0562495_fSr4Havq (e5bb7530-9ab7-4e2c-9672-1716cf7c1e98)
2019-12-02 09:18:22.678 22157 RALLYDEBUG rally_openstack.cleanup.manager [-] Deleting neutron.port object s_rally_a0562495_7BAVSxUn (e5fb9b18-132f-4912-a946-6d85c5cd30f9)
2019-12-02 09:18:22.762 22157 RALLYDEBUG rally_openstack.cleanup.manager [-] Deleting neutron.port object s_rally_a0562495_dxG3IMZt (e6216093-6005-44d9-b268-945b753d2d8b)
2019-12-02 09:18:22.954 22157 RALLYDEBUG rally_openstack.cleanup.manager [-] Deleting neutron.port object s_rally_a0562495_RUXQY3Yl (e83a3c5a-ac76-4e30-a4e7-a1aabcb43e5a)
2019-12-02 09:18:23.154 22157 RALLYDEBUG rally_openstack.cleanup.manager [-] Deleting neutron.port object s_rally_a0562495_vMGik0D7 (e97d2da3-7b35-4ead-b336-af52d13bfceb)
2019-12-02 09:18:23.175 22157 RALLYDEBUG rally_openstack.cleanup.manager [-] Deleting neutron.port object s_rally_a0562495_0lSqGUrM (ea145fd1-b529-44d8-86c4-5c21aa674372)
2019-12-02 09:18:23.506 22157 RALLYDEBUG rally_openstack.cleanup.manager [-] Deleting neutron.port object s_rally_a0562495_daMioc5Z (ec0a9aed-ca2f-4068-939d-9765335e2c72)
2019-12-02 09:18:23.582 22157 RALLYDEBUG rally_openstack.cleanup.manager [-] Deleting neutron.port object s_rally_a0562495_treGafeg (ec1892d3-34bb-4b9d-8920-d90fa5d2a8cb)
2019-12-02 09:18:23.796 22157 RALLYDEBUG rally_openstack.cleanup.manager [-] Deleting neutron.port object s_rally_a0562495_2PsfnNup (ec5c67c5-1039-4ec4-9cb3-c9a0774909a5)
2019-12-02 09:18:23.830 22157 RALLYDEBUG rally_openstack.cleanup.manager [-] Deleting neutron.port object s_rally_a0562495_Lt4eRkq8 (ed77cb6c-edb1-46f0-b430-63714daa8414)
2019-12-02 09:18:23.886 22157 RALLYDEBUG rally_openstack.cleanup.manager [-] Deleting neutron.port object s_rally_a0562495_fteFIt1R (edd3cb1b-dcdf-46e0-877b-ad2568308ed2)
2019-12-02 09:18:23.897 22157 RALLYDEBUG rally_openstack.cleanup.manager [-] Deleting neutron.port object s_rally_a0562495_8LHRdVvx (ef3acc08-ff2b-430e-9434-7144f9092cc8)
2019-12-02 09:18:23.979 22157 RALLYDEBUG rally_openstack.cleanup.manager [-] Deleting neutron.port object s_rally_a0562495_9w4sL2Lz (f17d62a3-824b-46ec-bbfe-c3a6bcdc1664)
2019-12-02 09:18:23.994 22157 RALLYDEBUG rally_openstack.cleanup.manager [-] Deleting neutron.port object s_rally_a0562495_PlOV3IKp (f2ac54be-4022-4f3b-a4b5-ab72cbb128ed)
2019-12-02 09:18:24.020 22157 RALLYDEBUG rally_openstack.cleanup.manager [-] Deleting neutron.port object s_rally_a0562495_mwo0r7Pk (f3075a6e-902e-4e5e-b07b-8cc4d85eb67a)
2019-12-02 09:18:24.036 22157 RALLYDEBUG rally_openstack.cleanup.manager [-] Deleting neutron.port object s_rally_a0562495_dnItDu7x (f3185936-2360-4347-9d66-7734a85ef42b)
2019-12-02 09:18:24.251 22157 RALLYDEBUG rally_openstack.cleanup.manager [-] Deleting neutron.port object s_rally_a0562495_ONCdM4Cp (f39c706c-d273-418b-b46f-8877bf389f47)
2019-12-02 09:18:24.325 22157 RALLYDEBUG rally_openstack.cleanup.manager [-] Deleting neutron.port object s_rally_a0562495_Nf3HfexU (f3c1a1be-bb37-4ec5-bf3f-e13da675b06a)
2019-12-02 09:18:24.431 22157 RALLYDEBUG rally_openstack.cleanup.manager [-] Deleting neutron.port object s_rally_a0562495_rl9XOpWk (f4e00a4d-2493-4da4-84aa-1ee8f0e08733)
2019-12-02 09:18:24.502 22157 RALLYDEBUG rally_openstack.cleanup.manager [-] Deleting neutron.port object s_rally_a0562495_0bKiOW9G (f71fc493-6f76-4500-a17e-502edd8dceb5)
2019-12-02 09:18:24.638 22157 RALLYDEBUG rally_openstack.cleanup.manager [-] Deleting neutron.port object s_rally_a0562495_lB4ZLdjz (f80094da-e41f-418d-846b-9941577eac1b)
2019-12-02 09:18:24.747 22157 RALLYDEBUG rally_openstack.cleanup.manager [-] Deleting neutron.port object s_rally_a0562495_al1U7wwn (f86b619b-5aa2-4230-acd9-b9e8cc76fe2d)
2019-12-02 09:18:24.758 22157 RALLYDEBUG rally_openstack.cleanup.manager [-] Deleting neutron.port object s_rally_a0562495_Gdvt5iOH (f91e494e-7f15-4578-af80-1be729187026)
2019-12-02 09:18:24.863 22157 RALLYDEBUG rally_openstack.cleanup.manager [-] Deleting neutron.port object s_rally_a0562495_pvn1iZAU (f941a294-a1b7-41b8-84db-f55027d64789)
2019-12-02 09:18:24.946 22157 RALLYDEBUG rally_openstack.cleanup.manager [-] Deleting neutron.port object s_rally_a0562495_r2ln8hrl (f97d9ad8-c96e-4802-a4cc-bfb6ffce50c4)
2019-12-02 09:18:24.986 22157 RALLYDEBUG rally_openstack.cleanup.manager [-] Deleting neutron.port object s_rally_a0562495_xJVMdtfO (f97dde77-6927-4d7a-b4c9-6122cda8826a)
2019-12-02 09:18:25.289 22157 RALLYDEBUG rally_openstack.cleanup.manager [-] Deleting neutron.port object s_rally_a0562495_TPVOtytx (f99a2b2b-5b7f-4546-bac9-13c9d6b4824f)
2019-12-02 09:18:25.611 22157 RALLYDEBUG rally_openstack.cleanup.manager [-] Deleting neutron.port object s_rally_a0562495_0uMgPIji (fa4d6196-4753-4611-9fee-f81f47894987)
2019-12-02 09:18:25.643 22157 RALLYDEBUG rally_openstack.cleanup.manager [-] Deleting neutron.port object s_rally_a0562495_x270kCzL (fa8e4d9c-f10a-49e1-853c-0a9099c00a30)
2019-12-02 09:18:25.699 22157 RALLYDEBUG rally_openstack.cleanup.manager [-] Deleting neutron.port object s_rally_a0562495_y9mOFAOj (fae9029a-21a7-41ad-b15f-2914694b0682)
2019-12-02 09:18:25.738 22157 RALLYDEBUG rally_openstack.cleanup.manager [-] Deleting neutron.port object s_rally_a0562495_xWWa4xIP (fb12505c-38f2-4d9c-a564-f1c9c44e0981)
2019-12-02 09:18:25.797 22157 RALLYDEBUG rally_openstack.cleanup.manager [-] Deleting neutron.port object s_rally_a0562495_Rz7YfI8D (fbe7b961-55c8-41ab-8726-a61f1bc57559)
2019-12-02 09:18:26.097 22157 RALLYDEBUG rally_openstack.cleanup.manager [-] Deleting neutron.port object s_rally_a0562495_NYoOjKG3 (fbe8b96e-4e39-4b0b-81f7-67ac37cf95bf)
2019-12-02 09:18:26.185 22157 RALLYDEBUG rally_openstack.cleanup.manager [-] Deleting neutron.port object s_rally_a0562495_gv41BeFW (fbeb8adc-5b6b-427b-ad22-3095cbeeb3d8)
2019-12-02 09:18:26.220 22157 RALLYDEBUG rally_openstack.cleanup.manager [-] Deleting neutron.port object s_rally_a0562495_QBcQ8BAl (fcea5069-5a11-41d1-b00b-de3be5bd99e8)
2019-12-02 09:18:26.291 22157 RALLYDEBUG rally_openstack.cleanup.manager [-] Deleting neutron.port object s_rally_a0562495_E59QzVui (fd9a99a5-658a-4c2f-9665-ae7dbee0fa0b)
2019-12-02 09:18:26.364 22157 RALLYDEBUG rally_openstack.cleanup.manager [-] Deleting neutron.port object s_rally_a0562495_AlP1Igb8 (fd9d7887-e770-4071-a3bf-62ac8b3cf8cf)
2019-12-02 09:18:26.380 22157 RALLYDEBUG rally_openstack.cleanup.manager [-] Deleting neutron.port object s_rally_a0562495_0Ar12EMm (fe2d2d05-6fc2-43fc-9c4b-de0a6896f1da)
2019-12-02 09:18:26.442 22157 RALLYDEBUG rally_openstack.cleanup.manager [-] Deleting neutron.port object s_rally_a0562495_JvHUYbvh (fe893ab1-137d-43f4-9e59-6be59df19e5e)
2019-12-02 09:18:26.444 22157 RALLYDEBUG rally_openstack.cleanup.manager [-] Deleting neutron.port object s_rally_a0562495_vqOHx0GR (ff41015c-621a-42c3-bae3-ef2c8d405286)
2019-12-02 09:18:28.352 22157 RALLYDEBUG rally_openstack.cleanup.manager [-] Cleaning up neutron subnet objects
2019-12-02 09:18:28.779 22157 RALLYDEBUG rally_openstack.cleanup.manager [-] Cleaning up neutron network objects
2019-12-02 09:18:29.251 22157 RALLYDEBUG rally_openstack.cleanup.manager [-] Deleting neutron.network object s_rally_a0562495_ojapQGKQ (11298516-1895-4b7c-946c-bfff1a50936f)
2019-12-02 09:18:29.263 22157 RALLYDEBUG rally_openstack.cleanup.manager [-] Deleting neutron.network object s_rally_a0562495_VTOGmPU7 (406ff09b-b30f-4dc8-bbcd-527e56d33359)
2019-12-02 09:18:29.270 22157 RALLYDEBUG rally_openstack.cleanup.manager [-] Deleting neutron.network object s_rally_a0562495_4wRjY5or (747d20c5-190b-4421-a719-f3ee7927b5b3)
2019-12-02 09:18:29.282 22157 RALLYDEBUG rally_openstack.cleanup.manager [-] Deleting neutron.network object s_rally_a0562495_BSq2EXYF (4d2eada8-8d0e-4332-923d-728eaae17590)
2019-12-02 09:18:29.296 22157 RALLYDEBUG rally_openstack.cleanup.manager [-] Deleting neutron.network object s_rally_a0562495_8uX6dV79 (7a3f3f36-d3d7-47e0-9ec6-f99e9b8daf94)
2019-12-02 09:18:29.309 22157 RALLYDEBUG rally_openstack.cleanup.manager [-] Deleting neutron.network object s_rally_a0562495_P474h04Y (d13ddfe2-82e7-4158-a334-60551ceecacb)
2019-12-02 09:18:29.323 22157 RALLYDEBUG rally_openstack.cleanup.manager [-] Deleting neutron.network object s_rally_a0562495_Get2OmQ7 (e81c32eb-4cb0-4268-ac4f-d7a3f3333ee4)
2019-12-02 09:18:29.350 22157 RALLYDEBUG rally_openstack.cleanup.manager [-] Deleting neutron.network object s_rally_a0562495_QdCFOjWM (f4e277b0-8670-4518-8263-6a6934954c04)
2019-12-02 09:18:32.020 22157 RALLYDEBUG rally_openstack.cleanup.manager [-] Cleaning up neutron router objects
2019-12-02 09:18:32.452 22157 RALLYDEBUG rally_openstack.cleanup.manager [-] Cleaning up neutron security_group objects
2019-12-02 09:18:32.879 22157 INFO rally.task.context [-] Task f6aee71c-f1c2-4152-9cfd-95e69110e273 | Context cleanup@openstack cleanup() finished in 49.35 sec
2019-12-02 09:18:32.879 22157 INFO rally.task.context [-] Task f6aee71c-f1c2-4152-9cfd-95e69110e273 | Context quotas@openstack cleanup() started
2019-12-02 09:18:32.974 22157 INFO rally.task.context [-] Task f6aee71c-f1c2-4152-9cfd-95e69110e273 | Context quotas@openstack cleanup() finished in 94.86 msec
2019-12-02 09:18:32.975 22157 INFO rally.task.context [-] Task f6aee71c-f1c2-4152-9cfd-95e69110e273 | Context users@openstack cleanup() started
2019-12-02 09:18:35.717 22157 INFO rally.task.context [-] Task f6aee71c-f1c2-4152-9cfd-95e69110e273 | Context users@openstack cleanup() finished in 2.74 sec
2019-12-02 09:18:37.185 22157 INFO rally.task.engine [-] Load duration is: 57.835163
2019-12-02 09:18:37.185 22157 INFO rally.task.engine [-] Full runner duration is: 57.887303
2019-12-02 09:18:37.186 22157 INFO rally.task.engine [-] Full duration is: 113.060769
2019-12-02 09:18:37.463 22157 INFO rally.task.engine [-] Running workload: position = 1 config = { "version": 2, "title": "A cropped version of a bigger task.", "description": "Auto-generated task from a single workload (uuid=54f9d548-1014-4745-833e-2a3135244dd1)", "subtasks": [ { "title": "NeutronNetworks.create_and_update_ports", "description": "Create and update a given number of ports.", "scenario": { "NeutronNetworks.create_and_update_ports": { "network_create_args": {}, "port_create_args": {}, "ports_per_network": 5, "port_update_args": { "admin_state_up": false, "device_id": "dummy_id", "device_owner": "dummy_owner", "name": "_port_updated" } } }, "contexts": { "users": { "tenants": 1, "users_per_tenant": 1 }, "quotas": { "neutron": { "network": -1, "port": -1 } } }, "runner": { "constant": { "times": 40, "concurrency": 20 } }, "hooks": [], "sla": { "failure_rate": { "max": 0 } } } ] }
2019-12-02 09:18:37.494 22157 RALLYDEBUG rally_openstack.contexts.keystone.users [-] Creating 1 tenants using 20 threads
2019-12-02 09:18:38.434 22157 RALLYDEBUG rally_openstack.contexts.keystone.users [-] Creating 1 users using 20 threads
2019-12-02 09:18:39.818 22157 INFO rally.task.context [-] Task f6aee71c-f1c2-4152-9cfd-95e69110e273 | Context users@openstack setup() finished in 2.32 sec
2019-12-02 09:18:40.319 22157 INFO rally.task.context [-] Task f6aee71c-f1c2-4152-9cfd-95e69110e273 | Context quotas@openstack setup() finished in 0.50 sec
2019-12-02 09:18:40.319 22157 INFO rally.task.context [-] Task f6aee71c-f1c2-4152-9cfd-95e69110e273 | Context cleanup@openstack setup() finished in 0.01 msec
2019-12-02 09:18:40.329 22157 RALLYDEBUG rally.task.runner [-] Starting the constant runner (task UUID: f6aee71c-f1c2-4152-9cfd-95e69110e273). timeout: 0 concurrency: 20 concurrency_per_worker: 1 times: 40 concurrency_overhead: 4 processes_to_start: 16 max_cpu_used: 16
2019-12-02 09:18:40.343 26233 RALLYDEBUG rally.task.runner [-] Starting a worker. concurrency: 2 args: {"network_create_args": {}, "port_create_args": {}, "ports_per_network": 5, "port_update_args": {"admin_state_up": false, "device_id": "dummy_id", "device_owner": "dummy_owner", "name": "_port_updated"}} times: 40 method_name: run timeout: 0 duration: None cls:
2019-12-02 09:18:40.346 26234 RALLYDEBUG rally.task.runner [-] Starting a worker. concurrency: 2 args: {"network_create_args": {}, "port_create_args": {}, "ports_per_network": 5, "port_update_args": {"admin_state_up": false, "device_id": "dummy_id", "device_owner": "dummy_owner", "name": "_port_updated"}} times: 40 method_name: run timeout: 0 duration: None cls:
2019-12-02 09:18:40.348 26235 RALLYDEBUG rally.task.runner [-] Starting a worker. concurrency: 2 args: {"network_create_args": {}, "port_create_args": {}, "ports_per_network": 5, "port_update_args": {"admin_state_up": false, "device_id": "dummy_id", "device_owner": "dummy_owner", "name": "_port_updated"}} times: 40 method_name: run timeout: 0 duration: None cls:
2019-12-02 09:18:40.353 26236 RALLYDEBUG rally.task.runner [-] Starting a worker. concurrency: 2 args: {"network_create_args": {}, "port_create_args": {}, "ports_per_network": 5, "port_update_args": {"admin_state_up": false, "device_id": "dummy_id", "device_owner": "dummy_owner", "name": "_port_updated"}} times: 40 method_name: run timeout: 0 duration: None cls:
2019-12-02 09:18:40.355 26233 INFO rally.task.runner [-] Task f6aee71c-f1c2-4152-9cfd-95e69110e273 | ITER: 1 START
2019-12-02 09:18:40.356 26234 INFO rally.task.runner [-] Task f6aee71c-f1c2-4152-9cfd-95e69110e273 | ITER: 2 START
2019-12-02 09:18:40.357 26234 WARNING rally_openstack.scenarios.neutron.utils [-] Running this scenario without either the 'network' or 'existing_network' context is deprecated
2019-12-02 09:18:40.358 26233 WARNING rally_openstack.scenarios.neutron.utils [-] Running this scenario without either the 'network' or 'existing_network' context is deprecated
2019-12-02 09:18:40.357 26237 RALLYDEBUG rally.task.runner [-] Starting a worker. concurrency: 1 args: {"network_create_args": {}, "port_create_args": {}, "ports_per_network": 5, "port_update_args": {"admin_state_up": false, "device_id": "dummy_id", "device_owner": "dummy_owner", "name": "_port_updated"}} times: 40 method_name: run timeout: 0 duration: None cls:
2019-12-02 09:18:40.361 26239 RALLYDEBUG rally.task.runner [-] Starting a worker. concurrency: 1 args: {"network_create_args": {}, "port_create_args": {}, "ports_per_network": 5, "port_update_args": {"admin_state_up": false, "device_id": "dummy_id", "device_owner": "dummy_owner", "name": "_port_updated"}} times: 40 method_name: run timeout: 0 duration: None cls:
2019-12-02 09:18:40.362 26235 INFO rally.task.runner [-] Task f6aee71c-f1c2-4152-9cfd-95e69110e273 | ITER: 4 START
2019-12-02 09:18:40.362 26234 INFO rally.task.runner [-] Task f6aee71c-f1c2-4152-9cfd-95e69110e273 | ITER: 5 START
2019-12-02 09:18:40.364 26235 WARNING rally_openstack.scenarios.neutron.utils [-] Running this scenario without either the 'network' or 'existing_network' context is deprecated
2019-12-02 09:18:40.363 26243 RALLYDEBUG rally.task.runner [-] Starting a worker. concurrency: 1 args: {"network_create_args": {}, "port_create_args": {}, "ports_per_network": 5, "port_update_args": {"admin_state_up": false, "device_id": "dummy_id", "device_owner": "dummy_owner", "name": "_port_updated"}} times: 40 method_name: run timeout: 0 duration: None cls:
2019-12-02 09:18:40.367 26237 INFO rally.task.runner [-] Task f6aee71c-f1c2-4152-9cfd-95e69110e273 | ITER: 8 START
2019-12-02 09:18:40.366 26247 RALLYDEBUG rally.task.runner [-] Starting a worker. concurrency: 1 args: {"network_create_args": {}, "port_create_args": {}, "ports_per_network": 5, "port_update_args": {"admin_state_up": false, "device_id": "dummy_id", "device_owner": "dummy_owner", "name": "_port_updated"}} times: 40 method_name: run timeout: 0 duration: None cls:
2019-12-02 09:18:40.368 26237 WARNING rally_openstack.scenarios.neutron.utils [-] Running this scenario without either the 'network' or 'existing_network' context is deprecated
2019-12-02 09:18:40.369 26236 INFO rally.task.runner [-] Task f6aee71c-f1c2-4152-9cfd-95e69110e273 | ITER: 7 START
2019-12-02 09:18:40.370 26236 WARNING rally_openstack.scenarios.neutron.utils [-] Running this scenario without either the 'network' or 'existing_network' context is deprecated
2019-12-02 09:18:40.372 26234 WARNING rally_openstack.scenarios.neutron.utils [-] Running this scenario without either the 'network' or 'existing_network' context is deprecated
2019-12-02 09:18:40.374 26243 INFO rally.task.runner [-] Task f6aee71c-f1c2-4152-9cfd-95e69110e273 | ITER: 11 START
2019-12-02 09:18:40.375 26233 INFO rally.task.runner [-] Task f6aee71c-f1c2-4152-9cfd-95e69110e273 | ITER: 3 START
2019-12-02 09:18:40.374 26252 RALLYDEBUG rally.task.runner [-] Starting a worker. concurrency: 1 args: {"network_create_args": {}, "port_create_args": {}, "ports_per_network": 5, "port_update_args": {"admin_state_up": false, "device_id": "dummy_id", "device_owner": "dummy_owner", "name": "_port_updated"}} times: 40 method_name: run timeout: 0 duration: None cls:
2019-12-02 09:18:40.376 26243 WARNING rally_openstack.scenarios.neutron.utils [-] Running this scenario without either the 'network' or 'existing_network' context is deprecated
2019-12-02 09:18:40.375 26235 INFO rally.task.runner [-] Task f6aee71c-f1c2-4152-9cfd-95e69110e273 | ITER: 6 START
2019-12-02 09:18:40.377 26233 WARNING rally_openstack.scenarios.neutron.utils [-] Running this scenario without either the 'network' or 'existing_network' context is deprecated
2019-12-02 09:18:40.377 26235 WARNING rally_openstack.scenarios.neutron.utils [-] Running this scenario without either the 'network' or 'existing_network' context is deprecated
2019-12-02 09:18:40.376 26253 RALLYDEBUG rally.task.runner [-] Starting a worker. concurrency: 1 args: {"network_create_args": {}, "port_create_args": {}, "ports_per_network": 5, "port_update_args": {"admin_state_up": false, "device_id": "dummy_id", "device_owner": "dummy_owner", "name": "_port_updated"}} times: 40 method_name: run timeout: 0 duration: None cls:
2019-12-02 09:18:40.382 26249 RALLYDEBUG rally.task.runner [-] Starting a worker. concurrency: 1 args: {"network_create_args": {}, "port_create_args": {}, "ports_per_network": 5, "port_update_args": {"admin_state_up": false, "device_id": "dummy_id", "device_owner": "dummy_owner", "name": "_port_updated"}} times: 40 method_name: run timeout: 0 duration: None cls:
2019-12-02 09:18:40.382 26260 RALLYDEBUG rally.task.runner [-] Starting a worker. concurrency: 1 args: {"network_create_args": {}, "port_create_args": {}, "ports_per_network": 5, "port_update_args": {"admin_state_up": false, "device_id": "dummy_id", "device_owner": "dummy_owner", "name": "_port_updated"}} times: 40 method_name: run timeout: 0 duration: None cls:
2019-12-02 09:18:40.384 26252 INFO rally.task.runner [-] Task f6aee71c-f1c2-4152-9cfd-95e69110e273 | ITER: 13 START
2019-12-02 09:18:40.384 26257 RALLYDEBUG rally.task.runner [-] Starting a worker. concurrency: 1 args: {"network_create_args": {}, "port_create_args": {}, "ports_per_network": 5, "port_update_args": {"admin_state_up": false, "device_id": "dummy_id", "device_owner": "dummy_owner", "name": "_port_updated"}} times: 40 method_name: run timeout: 0 duration: None cls:
2019-12-02 09:18:40.386 26252 WARNING rally_openstack.scenarios.neutron.utils [-] Running this scenario without either the 'network' or 'existing_network' context is deprecated
2019-12-02 09:18:40.386 26239 INFO rally.task.runner [-] Task f6aee71c-f1c2-4152-9cfd-95e69110e273 | ITER: 10 START
2019-12-02 09:18:40.387 26236 INFO rally.task.runner [-] Task f6aee71c-f1c2-4152-9cfd-95e69110e273 | ITER: 9 START
2019-12-02 09:18:40.388 26239 WARNING rally_openstack.scenarios.neutron.utils [-] Running this scenario without either the 'network' or 'existing_network' context is deprecated
2019-12-02 09:18:40.389 26247 INFO rally.task.runner [-] Task f6aee71c-f1c2-4152-9cfd-95e69110e273 | ITER: 12 START
2019-12-02 09:18:40.389 26236 WARNING rally_openstack.scenarios.neutron.utils [-] Running this scenario without either the 'network' or 'existing_network' context is deprecated
2019-12-02 09:18:40.390 26247 WARNING rally_openstack.scenarios.neutron.utils [-] Running this scenario without either the 'network' or 'existing_network' context is deprecated
2019-12-02 09:18:40.390 26266 RALLYDEBUG rally.task.runner [-] Starting a worker. concurrency: 1 args: {"network_create_args": {}, "port_create_args": {}, "ports_per_network": 5, "port_update_args": {"admin_state_up": false, "device_id": "dummy_id", "device_owner": "dummy_owner", "name": "_port_updated"}} times: 40 method_name: run timeout: 0 duration: None cls:
2019-12-02 09:18:40.392 26257 INFO rally.task.runner [-] Task f6aee71c-f1c2-4152-9cfd-95e69110e273 | ITER: 17 START
2019-12-02 09:18:40.393 26257 WARNING rally_openstack.scenarios.neutron.utils [-] Running this scenario without either the 'network' or 'existing_network' context is deprecated
2019-12-02 09:18:40.394 26253 INFO rally.task.runner [-] Task f6aee71c-f1c2-4152-9cfd-95e69110e273 | ITER: 14 START
2019-12-02 09:18:40.394 26260 INFO rally.task.runner [-] Task f6aee71c-f1c2-4152-9cfd-95e69110e273 | ITER: 16 START
2019-12-02 09:18:40.395 26253 WARNING rally_openstack.scenarios.neutron.utils [-] Running this scenario without either the 'network' or 'existing_network' context is deprecated
2019-12-02 09:18:40.396 26260 WARNING rally_openstack.scenarios.neutron.utils [-] Running this scenario without either the 'network' or 'existing_network' context is deprecated
2019-12-02 09:18:40.396 26264 RALLYDEBUG rally.task.runner [-] Starting a worker. concurrency: 1 args: {"network_create_args": {}, "port_create_args": {}, "ports_per_network": 5, "port_update_args": {"admin_state_up": false, "device_id": "dummy_id", "device_owner": "dummy_owner", "name": "_port_updated"}} times: 40 method_name: run timeout: 0 duration: None cls:
2019-12-02 09:18:40.396 26267 RALLYDEBUG rally.task.runner [-] Starting a worker. concurrency: 1 args: {"network_create_args": {}, "port_create_args": {}, "ports_per_network": 5, "port_update_args": {"admin_state_up": false, "device_id": "dummy_id", "device_owner": "dummy_owner", "name": "_port_updated"}} times: 40 method_name: run timeout: 0 duration: None cls:
2019-12-02 09:18:40.402 26266 INFO rally.task.runner [-] Task f6aee71c-f1c2-4152-9cfd-95e69110e273 | ITER: 18 START
2019-12-02 09:18:40.403 26266 WARNING rally_openstack.scenarios.neutron.utils [-] Running this scenario without either the 'network' or 'existing_network' context is deprecated
2019-12-02 09:18:40.405 26267 INFO rally.task.runner [-] Task f6aee71c-f1c2-4152-9cfd-95e69110e273 | ITER: 20 START
2019-12-02 09:18:40.405 26264 INFO rally.task.runner [-] Task f6aee71c-f1c2-4152-9cfd-95e69110e273 | ITER: 19 START
2019-12-02 09:18:40.406 26267 WARNING rally_openstack.scenarios.neutron.utils [-] Running this scenario without either the 'network' or 'existing_network' context is deprecated
2019-12-02 09:18:40.407 26264 WARNING rally_openstack.scenarios.neutron.utils [-] Running this scenario without either the 'network' or 'existing_network' context is deprecated
2019-12-02 09:18:40.410 26249 INFO rally.task.runner [-] Task f6aee71c-f1c2-4152-9cfd-95e69110e273 | ITER: 15 START
2019-12-02 09:18:40.412 26249 WARNING rally_openstack.scenarios.neutron.utils [-] Running this scenario without either the 'network' or 'existing_network' context is deprecated
2019-12-02 09:18:49.230 26260 INFO rally.task.runner [-] Task f6aee71c-f1c2-4152-9cfd-95e69110e273 | ITER: 16 END: OK
2019-12-02 09:18:49.235 26260 INFO rally.task.runner [-] Task f6aee71c-f1c2-4152-9cfd-95e69110e273 | ITER: 21 START
2019-12-02 09:18:49.236 26260 WARNING rally_openstack.scenarios.neutron.utils [-] Running this scenario without either the 'network' or 'existing_network' context is deprecated
2019-12-02 09:18:49.268 26243 INFO rally.task.runner [-] Task f6aee71c-f1c2-4152-9cfd-95e69110e273 | ITER: 11 END: OK
2019-12-02 09:18:49.273 26243 INFO rally.task.runner [-] Task f6aee71c-f1c2-4152-9cfd-95e69110e273 | ITER: 22 START
2019-12-02 09:18:49.274 26243 WARNING rally_openstack.scenarios.neutron.utils [-] Running this scenario without either the 'network' or 'existing_network' context is deprecated
2019-12-02 09:18:49.334 26235 INFO rally.task.runner [-] Task f6aee71c-f1c2-4152-9cfd-95e69110e273 | ITER: 6 END: OK
2019-12-02 09:18:49.339 26235 INFO rally.task.runner [-] Task f6aee71c-f1c2-4152-9cfd-95e69110e273 | ITER: 23 START
2019-12-02 09:18:49.339 26235 WARNING rally_openstack.scenarios.neutron.utils [-] Running this scenario without either the 'network' or 'existing_network' context is deprecated
2019-12-02 09:18:49.684 26257 INFO rally.task.runner [-] Task f6aee71c-f1c2-4152-9cfd-95e69110e273 | ITER: 17 END: OK
2019-12-02 09:18:49.688 26257 INFO rally.task.runner [-] Task f6aee71c-f1c2-4152-9cfd-95e69110e273 | ITER: 24 START
2019-12-02 09:18:49.689 26257 WARNING rally_openstack.scenarios.neutron.utils [-] Running this scenario without either the 'network' or 'existing_network' context is deprecated
2019-12-02 09:18:50.135 26252 INFO rally.task.runner [-] Task f6aee71c-f1c2-4152-9cfd-95e69110e273 | ITER: 13 END: OK
2019-12-02 09:18:50.141 26252 INFO rally.task.runner [-] Task f6aee71c-f1c2-4152-9cfd-95e69110e273 | ITER: 25 START
2019-12-02 09:18:50.142 26252 WARNING rally_openstack.scenarios.neutron.utils [-] Running this scenario without either the 'network' or 'existing_network' context is deprecated
2019-12-02 09:18:50.698 26233 INFO rally.task.runner [-] Task f6aee71c-f1c2-4152-9cfd-95e69110e273 | ITER: 1 END: OK
2019-12-02 09:18:50.703 26233 INFO rally.task.runner [-] Task f6aee71c-f1c2-4152-9cfd-95e69110e273 | ITER: 26 START
2019-12-02 09:18:50.703 26233 WARNING rally_openstack.scenarios.neutron.utils [-] Running this scenario without either the 'network' or 'existing_network' context is deprecated
2019-12-02 09:18:50.706 26237 INFO rally.task.runner [-] Task f6aee71c-f1c2-4152-9cfd-95e69110e273 | ITER: 8 END: OK
2019-12-02 09:18:50.707 26239 INFO rally.task.runner [-] Task f6aee71c-f1c2-4152-9cfd-95e69110e273 | ITER: 10 END: OK
2019-12-02 09:18:50.711 26237 INFO rally.task.runner [-] Task f6aee71c-f1c2-4152-9cfd-95e69110e273 | ITER: 27 START
2019-12-02 09:18:50.711 26237 WARNING rally_openstack.scenarios.neutron.utils [-] Running this scenario without either the 'network' or 'existing_network' context is deprecated
2019-12-02 09:18:50.712 26239 INFO rally.task.runner [-] Task f6aee71c-f1c2-4152-9cfd-95e69110e273 | ITER: 28 START
2019-12-02 09:18:50.712 26239 WARNING rally_openstack.scenarios.neutron.utils [-] Running this scenario without either the 'network' or 'existing_network' context is deprecated
2019-12-02 09:18:50.791 26236 INFO rally.task.runner [-] Task f6aee71c-f1c2-4152-9cfd-95e69110e273 | ITER: 7 END: OK
2019-12-02 09:18:50.795 26236 INFO rally.task.runner [-] Task f6aee71c-f1c2-4152-9cfd-95e69110e273 | ITER: 29 START
2019-12-02 09:18:50.796 26236 WARNING rally_openstack.scenarios.neutron.utils [-] Running this scenario without either the 'network' or 'existing_network' context is deprecated
2019-12-02 09:18:50.917 26249 INFO rally.task.runner [-] Task f6aee71c-f1c2-4152-9cfd-95e69110e273 | ITER: 15 END: OK
2019-12-02 09:18:50.922 26249 INFO rally.task.runner [-] Task f6aee71c-f1c2-4152-9cfd-95e69110e273 | ITER: 30 START
2019-12-02 09:18:50.923 26249 WARNING rally_openstack.scenarios.neutron.utils [-] Running this scenario without either the 'network' or 'existing_network' context is deprecated
2019-12-02 09:18:51.203 26233 INFO rally.task.runner [-] Task f6aee71c-f1c2-4152-9cfd-95e69110e273 | ITER: 3 END: OK
2019-12-02 09:18:51.207 26233 INFO rally.task.runner [-] Task f6aee71c-f1c2-4152-9cfd-95e69110e273 | ITER: 31 START
2019-12-02 09:18:51.208 26233 WARNING rally_openstack.scenarios.neutron.utils [-] Running this scenario without either the 'network' or 'existing_network' context is deprecated
2019-12-02 09:18:51.396 26236 INFO rally.task.runner [-] Task f6aee71c-f1c2-4152-9cfd-95e69110e273 | ITER: 9 END: OK
2019-12-02 09:18:51.401 26236 INFO rally.task.runner [-] Task f6aee71c-f1c2-4152-9cfd-95e69110e273 | ITER: 32 START
2019-12-02 09:18:51.401 26236 WARNING rally_openstack.scenarios.neutron.utils [-] Running this scenario without either the 'network' or 'existing_network' context is deprecated
2019-12-02 09:18:52.100 26234 INFO rally.task.runner [-] Task f6aee71c-f1c2-4152-9cfd-95e69110e273 | ITER: 2 END: OK
2019-12-02 09:18:52.105 26234 INFO rally.task.runner [-] Task f6aee71c-f1c2-4152-9cfd-95e69110e273 | ITER: 33 START
2019-12-02 09:18:52.106 26234 WARNING rally_openstack.scenarios.neutron.utils [-] Running this scenario without either the 'network' or 'existing_network' context is deprecated
2019-12-02 09:18:52.543 26264 INFO rally.task.runner [-] Task f6aee71c-f1c2-4152-9cfd-95e69110e273 | ITER: 19 END: OK
2019-12-02 09:18:52.548 26264 INFO rally.task.runner [-] Task f6aee71c-f1c2-4152-9cfd-95e69110e273 | ITER: 34 START
2019-12-02 09:18:52.549 26264 WARNING rally_openstack.scenarios.neutron.utils [-] Running this scenario without either the 'network' or 'existing_network' context is deprecated
2019-12-02 09:18:53.309 26247 INFO rally.task.runner [-] Task f6aee71c-f1c2-4152-9cfd-95e69110e273 | ITER: 12 END: OK
2019-12-02 09:18:53.315 26247 INFO rally.task.runner [-] Task f6aee71c-f1c2-4152-9cfd-95e69110e273 | ITER: 35 START
2019-12-02 09:18:53.316 26247 WARNING rally_openstack.scenarios.neutron.utils [-] Running this scenario without either the 'network' or 'existing_network' context is deprecated
2019-12-02 09:18:53.338 26253 INFO rally.task.runner [-] Task f6aee71c-f1c2-4152-9cfd-95e69110e273 | ITER: 14 END: OK
2019-12-02 09:18:53.343 26253 INFO rally.task.runner [-] Task f6aee71c-f1c2-4152-9cfd-95e69110e273 | ITER: 36 START
2019-12-02 09:18:53.343 26253 WARNING rally_openstack.scenarios.neutron.utils [-] Running this scenario without either the 'network' or 'existing_network' context is deprecated
2019-12-02 09:18:53.810 26235 INFO rally.task.runner [-] Task f6aee71c-f1c2-4152-9cfd-95e69110e273 | ITER: 4 END: OK
2019-12-02 09:18:53.815 26235 INFO rally.task.runner [-] Task f6aee71c-f1c2-4152-9cfd-95e69110e273 | ITER: 37 START
2019-12-02 09:18:53.815 26235 WARNING rally_openstack.scenarios.neutron.utils [-] Running this scenario without either the 'network' or 'existing_network' context is deprecated
2019-12-02 09:18:53.843 26266 INFO rally.task.runner [-] Task f6aee71c-f1c2-4152-9cfd-95e69110e273 | ITER: 18 END: OK
2019-12-02 09:18:53.848 26266 INFO rally.task.runner [-] Task f6aee71c-f1c2-4152-9cfd-95e69110e273 | ITER: 38 START
2019-12-02 09:18:53.848 26266 WARNING rally_openstack.scenarios.neutron.utils [-] Running this scenario without either the 'network' or 'existing_network' context is deprecated
2019-12-02 09:18:54.404 26234 INFO rally.task.runner [-] Task f6aee71c-f1c2-4152-9cfd-95e69110e273 | ITER: 5 END: OK
2019-12-02 09:18:54.408 26234 INFO rally.task.runner [-] Task f6aee71c-f1c2-4152-9cfd-95e69110e273 | ITER: 39 START
2019-12-02 09:18:54.409 26234 WARNING rally_openstack.scenarios.neutron.utils [-] Running this scenario without either the 'network' or 'existing_network' context is deprecated
2019-12-02 09:18:54.607 26267 INFO rally.task.runner [-] Task f6aee71c-f1c2-4152-9cfd-95e69110e273 | ITER: 20 END: OK
2019-12-02 09:18:54.612 26267 INFO rally.task.runner [-] Task f6aee71c-f1c2-4152-9cfd-95e69110e273 | ITER: 40 START
2019-12-02 09:18:54.612 26267 WARNING rally_openstack.scenarios.neutron.utils [-] Running this scenario without either the 'network' or 'existing_network' context is deprecated
2019-12-02 09:18:57.447 26260 INFO rally.task.runner [-] Task f6aee71c-f1c2-4152-9cfd-95e69110e273 | ITER: 21 END: OK
2019-12-02 09:18:58.642 26257 INFO rally.task.runner [-] Task f6aee71c-f1c2-4152-9cfd-95e69110e273 | ITER: 24 END: OK
2019-12-02 09:18:59.846 26235 INFO rally.task.runner [-] Task f6aee71c-f1c2-4152-9cfd-95e69110e273 | ITER: 23 END: OK
2019-12-02 09:19:00.208 26233 INFO rally.task.runner [-] Task f6aee71c-f1c2-4152-9cfd-95e69110e273 | ITER: 31 END: OK
2019-12-02 09:19:00.298 26239 INFO rally.task.runner [-] Task f6aee71c-f1c2-4152-9cfd-95e69110e273 | ITER: 28 END: OK
2019-12-02 09:19:00.347 26243 INFO rally.task.runner [-] Task f6aee71c-f1c2-4152-9cfd-95e69110e273 | ITER: 22 END: OK
2019-12-02 09:19:00.638 26233 INFO rally.task.runner [-] Task f6aee71c-f1c2-4152-9cfd-95e69110e273 | ITER: 26 END: OK
2019-12-02 09:19:00.736 26249 INFO rally.task.runner [-] Task f6aee71c-f1c2-4152-9cfd-95e69110e273 | ITER: 30 END: OK
2019-12-02 09:19:01.096 26252 INFO rally.task.runner [-] Task f6aee71c-f1c2-4152-9cfd-95e69110e273 | ITER: 25 END: OK
2019-12-02 09:19:01.098 26237 INFO rally.task.runner [-] Task f6aee71c-f1c2-4152-9cfd-95e69110e273 | ITER: 27 END: OK
2019-12-02 09:19:01.185 26236 INFO rally.task.runner [-] Task f6aee71c-f1c2-4152-9cfd-95e69110e273 | ITER: 32 END: OK
2019-12-02 09:19:01.448 26234 INFO rally.task.runner [-] Task f6aee71c-f1c2-4152-9cfd-95e69110e273 | ITER: 33 END: OK
2019-12-02 09:19:01.603 26264 INFO rally.task.runner [-] Task f6aee71c-f1c2-4152-9cfd-95e69110e273 | ITER: 34 END: OK
2019-12-02 09:19:01.609 26266 INFO rally.task.runner [-] Task f6aee71c-f1c2-4152-9cfd-95e69110e273 | ITER: 38 END: OK
2019-12-02 09:19:01.834 26236 INFO rally.task.runner [-] Task f6aee71c-f1c2-4152-9cfd-95e69110e273 | ITER: 29 END: OK
2019-12-02 09:19:02.207 26234 INFO rally.task.runner [-] Task f6aee71c-f1c2-4152-9cfd-95e69110e273 | ITER: 39 END: OK
2019-12-02 09:19:02.210 26253 INFO rally.task.runner [-] Task f6aee71c-f1c2-4152-9cfd-95e69110e273 | ITER: 36 END: OK
2019-12-02 09:19:02.676 26247 INFO rally.task.runner [-] Task f6aee71c-f1c2-4152-9cfd-95e69110e273 | ITER: 35 END: OK
2019-12-02 09:19:03.571 26235 INFO rally.task.runner [-] Task f6aee71c-f1c2-4152-9cfd-95e69110e273 | ITER: 37 END: OK
2019-12-02 09:19:04.345 26267 INFO rally.task.runner [-] Task f6aee71c-f1c2-4152-9cfd-95e69110e273 | ITER: 40 END: OK
2019-12-02 09:19:04.375 22157 INFO rally.task.context [-] Task f6aee71c-f1c2-4152-9cfd-95e69110e273 | Context cleanup@openstack cleanup() started
2019-12-02 09:19:04.378 22157 RALLYDEBUG rally_openstack.cleanup.manager [-] Cleaning up neutron vip objects
2019-12-02 09:19:04.779 22157 RALLYDEBUG rally_openstack.cleanup.manager [-] Cleaning up neutron health_monitor objects
2019-12-02 09:19:05.169 22157 RALLYDEBUG rally_openstack.cleanup.manager [-] Cleaning up neutron pool objects
2019-12-02 09:19:05.561 22157 RALLYDEBUG rally_openstack.cleanup.manager [-] Cleaning up neutron loadbalancer objects
2019-12-02 09:19:05.956 22157 RALLYDEBUG rally_openstack.cleanup.manager [-] Cleaning up neutron floatingip objects
2019-12-02 09:19:06.668 22157 RALLYDEBUG rally_openstack.cleanup.manager [-] Cleaning up neutron trunk objects
2019-12-02 09:19:07.075 22157 RALLYDEBUG rally_openstack.cleanup.manager [-] Cleaning up neutron port objects
2019-12-02 09:19:08.500 22157 RALLYDEBUG rally_openstack.cleanup.manager [-] Deleting neutron.port object s_rally_54f9d548_9v7oTLr9 (03b6318d-aaca-42ae-906e-3e276ac3aa09)
2019-12-02 09:19:08.504 22157 RALLYDEBUG rally_openstack.cleanup.manager [-] Deleting neutron.port object s_rally_54f9d548_e407LkmC (0f408f53-fe32-49d5-9c7b-43045f3f7c9a)
2019-12-02 09:19:08.505 22157 RALLYDEBUG rally_openstack.cleanup.manager [-] Deleting neutron.port object s_rally_54f9d548_sxvXHI39 (03e77420-230a-4cd0-83bd-b2b1cb1abdda)
2019-12-02 09:19:08.506 22157 RALLYDEBUG rally_openstack.cleanup.manager [-] Deleting neutron.port object s_rally_54f9d548_3jW5QK10 (0bfd4a04-2ffc-409e-a930-703777b79ee4)
2019-12-02 09:19:08.507 22157 RALLYDEBUG rally_openstack.cleanup.manager [-] Deleting neutron.port object s_rally_54f9d548_GyQqNbSq (15b09a79-156e-4fe8-9963-95830e1d0c82)
2019-12-02 09:19:08.510 22157 RALLYDEBUG rally_openstack.cleanup.manager [-] Deleting neutron.port object s_rally_54f9d548_lNtVdDYy (01e56c4e-50eb-47c9-a9a9-15b3e028c0aa)
2019-12-02 09:19:08.512 22157 RALLYDEBUG rally_openstack.cleanup.manager [-] Deleting neutron.port object s_rally_54f9d548_3y7Cq5Gn (0e889af4-f8cc-4a9e-b944-48d461b5be48)
2019-12-02 09:19:08.512 22157 RALLYDEBUG rally_openstack.cleanup.manager [-] Deleting neutron.port object s_rally_54f9d548_EGGWgNn7 (1ba19217-4a90-4960-93ed-e209f45bad2b)
2019-12-02 09:19:08.515 22157 RALLYDEBUG rally_openstack.cleanup.manager [-] Deleting neutron.port object s_rally_54f9d548_yyh8hDju (0527dceb-8d62-40bd-a2c5-d1bcb35c1086)
2019-12-02 09:19:08.518 22157 RALLYDEBUG rally_openstack.cleanup.manager [-] Deleting neutron.port object s_rally_54f9d548_S1hGzA69 (0c314e70-6dcf-4ce3-90bc-cbd7ffda2e62)
2019-12-02 09:19:08.520 22157 RALLYDEBUG rally_openstack.cleanup.manager [-] Deleting neutron.port object s_rally_54f9d548_6ZCXKRs0 (100dbc40-89d8-4594-be16-70a6320c02e8)
2019-12-02 09:19:08.521 22157 RALLYDEBUG rally_openstack.cleanup.manager [-] Deleting neutron.port object s_rally_54f9d548_Q3XCi8oW (1b59f79c-510b-4fc3-a68f-87567749669f)
2019-12-02 09:19:08.522 22157 RALLYDEBUG rally_openstack.cleanup.manager [-] Deleting neutron.port object s_rally_54f9d548_Y43EMVdF (0ead1267-4c78-4f41-8633-8f98e23ff032)
2019-12-02 09:19:08.526 22157 RALLYDEBUG rally_openstack.cleanup.manager [-] Deleting neutron.port object s_rally_54f9d548_p00RyGfx (0d0f927a-bc17-42d3-bcdd-82960043f16a)
2019-12-02 09:19:08.526 22157 RALLYDEBUG rally_openstack.cleanup.manager [-] Deleting neutron.port object s_rally_54f9d548_hUYSJ0Cx (0e0e17b7-e664-43ab-8066-d097e18aebac)
2019-12-02 09:19:08.527 22157 RALLYDEBUG rally_openstack.cleanup.manager [-] Deleting neutron.port object s_rally_54f9d548_Ph2e5Z73 (17d8cc54-83af-4399-b710-48436159cf58)
2019-12-02 09:19:08.530 22157 RALLYDEBUG rally_openstack.cleanup.manager [-] Deleting neutron.port object s_rally_54f9d548_e4k5OEee (18b808c1-77f5-4f5a-acee-1032cebac0a4)
2019-12-02 09:19:08.534 22157 RALLYDEBUG rally_openstack.cleanup.manager [-] Deleting neutron.port object s_rally_54f9d548_peWBHhZc (0a9306bf-479b-40df-893f-198d1e22cfea)
2019-12-02 09:19:08.543 22157 RALLYDEBUG rally_openstack.cleanup.manager [-] Deleting neutron.port object s_rally_54f9d548_4fJLk26a (0ddba8bb-bedf-4ade-b83c-a378445bde64)
2019-12-02 09:19:08.559 22157 RALLYDEBUG rally_openstack.cleanup.manager [-] Deleting neutron.port object s_rally_54f9d548_H3vN8DFZ (0c01a61d-1c08-4615-a0e7-f6c53b69058a)
2019-12-02 09:19:10.471 22157 RALLYDEBUG rally_openstack.cleanup.manager [-] Deleting neutron.port object s_rally_54f9d548_9MBFPZ0l (1d69e8c8-c34d-4bf8-967c-ccce049e7762)
2019-12-02 09:19:10.503 22157 RALLYDEBUG rally_openstack.cleanup.manager [-] Deleting neutron.port object s_rally_54f9d548_ea7qxnwn (1f33c618-2742-40df-a24e-d2be4d3743da)
2019-12-02 09:19:10.779 22157 RALLYDEBUG rally_openstack.cleanup.manager [-] Deleting neutron.port object s_rally_54f9d548_LlgFtbng (207b93ea-f4a2-4ba8-918a-e6a2b71452f5)
2019-12-02 09:19:10.811 22157 RALLYDEBUG rally_openstack.cleanup.manager [-] Deleting neutron.port object s_rally_54f9d548_mxAqh6uG (24013893-6e22-4299-b4cf-7d1c4d4b8f39)
2019-12-02 09:19:10.960 22157 RALLYDEBUG rally_openstack.cleanup.manager [-] Deleting neutron.port object s_rally_54f9d548_e3bFIKN2 (2541fe50-3646-4e8a-953c-ce1af4eb4c32)
2019-12-02 09:19:10.984 22157 RALLYDEBUG rally_openstack.cleanup.manager [-] Deleting neutron.port object s_rally_54f9d548_2j8ib87Z (2542afdd-9aa8-407b-b527-91b8c48be2db)
2019-12-02 09:19:10.999 22157 RALLYDEBUG rally_openstack.cleanup.manager [-] Deleting neutron.port object s_rally_54f9d548_TazCOj9H (26e06c2a-0ae9-40b3-a74f-e3cd739c9a39)
2019-12-02 09:19:11.066 22157 RALLYDEBUG rally_openstack.cleanup.manager [-] Deleting neutron.port object s_rally_54f9d548_OHaI3XjI (29f98c87-258b-4106-ba5f-1e5482ddf998)
2019-12-02 09:19:11.076 22157 RALLYDEBUG rally_openstack.cleanup.manager [-] Deleting neutron.port object s_rally_54f9d548_DesC5NJb (2b84c41e-06cf-4bc1-a952-f0d243dd5445)
2019-12-02 09:19:11.175 22157 RALLYDEBUG rally_openstack.cleanup.manager [-] Deleting neutron.port object s_rally_54f9d548_rVswTdjI (2d2cf6fd-7ca6-4c53-ab65-36ac8953dc2f)
2019-12-02 09:19:11.184 22157 RALLYDEBUG rally_openstack.cleanup.manager [-] Deleting neutron.port object s_rally_54f9d548_1mLTtS9r (2d85cd7c-7610-4bc3-b2cf-12f9f7abf7fb)
2019-12-02 09:19:11.247 22157 RALLYDEBUG rally_openstack.cleanup.manager [-] Deleting neutron.port object s_rally_54f9d548_I007N6en (2f4dfce4-fc6a-4043-978a-41acd8e48701)
2019-12-02 09:19:11.268 22157 RALLYDEBUG rally_openstack.cleanup.manager [-] Deleting neutron.port object s_rally_54f9d548_v6snexoE (2f75ccd2-a38a-461a-ad40-f1a81290751c)
2019-12-02 09:19:11.311 22157 RALLYDEBUG rally_openstack.cleanup.manager [-] Deleting neutron.port object s_rally_54f9d548_GzBjqLbH (3023a079-9528-422c-a722-3e1dc678f9ab)
2019-12-02 09:19:11.357 22157 RALLYDEBUG rally_openstack.cleanup.manager [-] Deleting neutron.port object s_rally_54f9d548_pa0iieNe (3098f1a8-9e03-426c-ae18-30e6904d5f94)
2019-12-02 09:19:11.387 22157 RALLYDEBUG rally_openstack.cleanup.manager [-] Deleting neutron.port object s_rally_54f9d548_3yT8iYIz (349df797-43dd-449e-92ff-4e911e7d6d7e)
2019-12-02 09:19:11.535 22157 RALLYDEBUG rally_openstack.cleanup.manager [-] Deleting neutron.port object s_rally_54f9d548_BsvHwys8 (34e648fb-52cb-43f6-a528-8bc2491e4497)
2019-12-02 09:19:11.537 22157 RALLYDEBUG rally_openstack.cleanup.manager [-] Deleting neutron.port object s_rally_54f9d548_W9OSO00s (35175a0d-49b5-4e5b-8cc1-e0e6530e9ab0)
2019-12-02 09:19:11.649 22157 RALLYDEBUG rally_openstack.cleanup.manager [-] Deleting neutron.port object s_rally_54f9d548_DfbQQgZ8 (37443986-05cd-476f-a132-d906f900f796)
2019-12-02 09:19:11.657 22157 RALLYDEBUG rally_openstack.cleanup.manager [-] Deleting neutron.port object s_rally_54f9d548_kh8XnNHS (393361af-3133-4ecd-8a28-31d6c777f866)
2019-12-02 09:19:12.300 22157 RALLYDEBUG rally_openstack.cleanup.manager [-] Deleting neutron.port object s_rally_54f9d548_Q2m66QIX (39c73afa-9b03-4ccf-b2f1-8e126d90eded)
2019-12-02 09:19:12.323 22157 RALLYDEBUG rally_openstack.cleanup.manager [-] Deleting neutron.port object s_rally_54f9d548_kG9rBXZ5 (39df358f-aeee-473b-939b-d1292afeb0a5)
2019-12-02 09:19:12.704 22157 RALLYDEBUG rally_openstack.cleanup.manager [-] Deleting neutron.port object s_rally_54f9d548_VnSzs0ke (3cdec5c6-cbfb-4569-989b-8cc5ed56aea3)
2019-12-02 09:19:12.788 22157 RALLYDEBUG rally_openstack.cleanup.manager [-] Deleting neutron.port object s_rally_54f9d548_0atZSSTk (3df9cfc1-a57e-4d98-8803-30b408535ae8)
2019-12-02 09:19:12.826 22157 RALLYDEBUG rally_openstack.cleanup.manager [-] Deleting neutron.port object s_rally_54f9d548_uuC1e7YA (3e314f05-dc83-4a59-8380-a4313530dac7)
2019-12-02 09:19:13.004 22157 RALLYDEBUG rally_openstack.cleanup.manager [-] Deleting neutron.port object s_rally_54f9d548_aKOA6YDz (3f98e2ac-7cec-4250-8ba2-3866205d4fa9)
2019-12-02 09:19:13.082 22157 RALLYDEBUG rally_openstack.cleanup.manager [-] Deleting neutron.port object s_rally_54f9d548_JX8ZF5Xj (402a6a06-650f-4442-8c9f-0ef7139b07d3)
2019-12-02 09:19:13.243 22157 RALLYDEBUG rally_openstack.cleanup.manager [-] Deleting neutron.port object s_rally_54f9d548_N4z0cWbp (408369c8-14cd-4dd9-bef0-bee88b686775)
2019-12-02 09:19:13.355 22157 RALLYDEBUG rally_openstack.cleanup.manager [-] Deleting neutron.port object s_rally_54f9d548_9kW4pSTe (40c572e3-a1d2-42ed-8fcd-6057a40b87f7)
2019-12-02 09:19:13.358 22157 RALLYDEBUG rally_openstack.cleanup.manager [-] Deleting neutron.port object s_rally_54f9d548_9QhzwHUl (40e8c5f7-4245-498c-97db-d99fcdd61949)
2019-12-02 09:19:13.380 22157 RALLYDEBUG rally_openstack.cleanup.manager [-] Deleting neutron.port object s_rally_54f9d548_ZzRKquJ7 (413ccdb5-3818-42b6-a57a-f60a6a58a0c5)
2019-12-02 09:19:13.454 22157 RALLYDEBUG rally_openstack.cleanup.manager [-] Deleting neutron.port object s_rally_54f9d548_Uj8amIDc (4256cbe8-f248-4e34-8bae-c12d18e0c620)
2019-12-02 09:19:13.532 22157 RALLYDEBUG rally_openstack.cleanup.manager [-] Deleting neutron.port object s_rally_54f9d548_8oTywOV7 (43689e06-161e-47a8-a069-fdda232ebbdb)
2019-12-02 09:19:13.614 22157 RALLYDEBUG rally_openstack.cleanup.manager [-] Deleting neutron.port object s_rally_54f9d548_hOBcoM1n (494949c0-70ef-46ef-9633-5f942b197857)
2019-12-02 09:19:13.639 22157 RALLYDEBUG rally_openstack.cleanup.manager [-] Deleting neutron.port object s_rally_54f9d548_ILm4pK3K (49678dd6-67dc-4efe-8697-0e8c08c4056a)
2019-12-02 09:19:13.703 22157 RALLYDEBUG rally_openstack.cleanup.manager [-] Deleting neutron.port object s_rally_54f9d548_EY6PENLx (4a83eb54-1f1c-4e0d-b113-8b60ad2fa033)
2019-12-02 09:19:13.767 22157 RALLYDEBUG rally_openstack.cleanup.manager [-] Deleting neutron.port object s_rally_54f9d548_iOiVsQ0k (4abd9bc6-0e36-45a6-b32f-6b672841f054)
2019-12-02 09:19:13.790 22157 RALLYDEBUG rally_openstack.cleanup.manager [-] Deleting neutron.port object s_rally_54f9d548_4Ns3xpSH (4ad8d034-52cc-4fc5-bc35-1887339b3242)
2019-12-02 09:19:13.847 22157 RALLYDEBUG rally_openstack.cleanup.manager [-] Deleting neutron.port object s_rally_54f9d548_8bnA4RNu (4e8af152-c9ab-45cd-aa65-518f6eb3161e)
2019-12-02 09:19:13.869 22157 RALLYDEBUG rally_openstack.cleanup.manager [-] Deleting neutron.port object s_rally_54f9d548_RIR6LCl6 (531c49c4-3033-4872-ae59-d4bf0908f1da)
