2019-12-02 09:06:24.189 22148 RALLYDEBUG rally.api [-] INFO logs from urllib3 and requests module are hide.
2019-12-02 09:06:24.189 22148 RALLYDEBUG rally.api [-] urllib3 insecure warnings are hidden.
2019-12-02 09:06:24.189 22148 RALLYDEBUG rally.api [-] ERROR log from boto module is hide.
2019-12-02 09:06:26.924 22150 RALLYDEBUG rally.api [-] INFO logs from urllib3 and requests module are hide.
2019-12-02 09:06:26.925 22150 RALLYDEBUG rally.api [-] urllib3 insecure warnings are hidden.
2019-12-02 09:06:26.925 22150 RALLYDEBUG rally.api [-] ERROR log from boto module is hide.
2019-12-02 09:06:29.751 22152 RALLYDEBUG rally.api [-] INFO logs from urllib3 and requests module are hide.
2019-12-02 09:06:29.751 22152 RALLYDEBUG rally.api [-] urllib3 insecure warnings are hidden.
2019-12-02 09:06:29.752 22152 RALLYDEBUG rally.api [-] ERROR log from boto module is hide.
2019-12-02 09:06:33.387 22155 RALLYDEBUG rally.api [-] INFO logs from urllib3 and requests module are hide.
2019-12-02 09:06:33.387 22155 RALLYDEBUG rally.api [-] urllib3 insecure warnings are hidden.
2019-12-02 09:06:33.387 22155 RALLYDEBUG rally.api [-] ERROR log from boto module is hide.
2019-12-02 09:06:34.729 22157 RALLYDEBUG rally.api [-] INFO logs from urllib3 and requests module are hide.
2019-12-02 09:06:34.730 22157 RALLYDEBUG rally.api [-] urllib3 insecure warnings are hidden.
2019-12-02 09:06:34.730 22157 RALLYDEBUG rally.api [-] ERROR log from boto module is hide.
2019-12-02 09:06:36.172 22157 INFO rally.common.plugin.discover [-] Loading plugins from directories /root/.rally/plugins/*
2019-12-02 09:06:36.173 22157 INFO rally.common.plugin.discover [-] Loaded module with plugins: /root/.rally/plugins/__init__.py
2019-12-02 09:06:36.179 22157 INFO rally.common.plugin.discover [-] Loaded module with plugins: /root/.rally/plugins/trunk_scenario.py
2019-12-02 09:06:36.568 22157 INFO rally.task.engine [-] Task f6aee71c-f1c2-4152-9cfd-95e69110e273 | Starting: Task validation.
2019-12-02 09:06:36.625 22157 INFO rally.task.engine [-] Task f6aee71c-f1c2-4152-9cfd-95e69110e273 | Starting: Task validation of syntax.
2019-12-02 09:06:36.869 22157 INFO rally.task.engine [-] Task f6aee71c-f1c2-4152-9cfd-95e69110e273 | Completed: Task validation of syntax.
2019-12-02 09:06:36.869 22157 INFO rally.task.engine [-] Task f6aee71c-f1c2-4152-9cfd-95e69110e273 | Starting: Task validation of required platforms.
2019-12-02 09:06:36.945 22157 INFO rally.task.engine [-] Task f6aee71c-f1c2-4152-9cfd-95e69110e273 | Completed: Task validation of required platforms.
2019-12-02 09:06:36.945 22157 INFO rally.task.engine [-] Task f6aee71c-f1c2-4152-9cfd-95e69110e273 | Starting: Task validation of semantic.
2019-12-02 09:06:36.945 22157 INFO rally.task.engine [-] Check health of the environment 'ae870632-e080-416e-9c17-1b8d806663c5'.
2019-12-02 09:06:37.822 22157 INFO rally.task.engine [-] Platform existing@openstack (available: True): OK!
2019-12-02 09:06:37.844 22157 RALLYDEBUG rally_openstack.contexts.keystone.users [-] Creating 1 tenants using 20 threads
2019-12-02 09:06:38.696 22157 RALLYDEBUG rally_openstack.contexts.keystone.users [-] Creating 1 users using 20 threads
2019-12-02 09:06:40.115 22157 INFO rally.task.context [-] Task f6aee71c-f1c2-4152-9cfd-95e69110e273 | Context users@openstack setup() finished in 2.27 sec
2019-12-02 09:06:44.851 22157 INFO rally.task.context [-] Task f6aee71c-f1c2-4152-9cfd-95e69110e273 | Context users@openstack cleanup() started
2019-12-02 09:06:48.157 22157 INFO rally.task.context [-] Task f6aee71c-f1c2-4152-9cfd-95e69110e273 | Context users@openstack cleanup() finished in 3.31 sec
2019-12-02 09:06:48.157 22157 INFO rally.task.engine [-] Task f6aee71c-f1c2-4152-9cfd-95e69110e273 | Completed: Task validation of semantic.
2019-12-02 09:06:48.158 22157 INFO rally.task.engine [-] Task f6aee71c-f1c2-4152-9cfd-95e69110e273 | Completed: Task validation.
2019-12-02 09:06:48.158 22157 INFO rally.api [-] Task f6aee71c-f1c2-4152-9cfd-95e69110e273 input file is valid.
2019-12-02 09:06:48.158 22157 INFO rally.api [-] Run Task f6aee71c-f1c2-4152-9cfd-95e69110e273 against Deployment ae870632-e080-416e-9c17-1b8d806663c5
2019-12-02 09:06:48.159 22157 INFO rally.task.engine [-] Task f6aee71c-f1c2-4152-9cfd-95e69110e273 | Starting: Running task.
2019-12-02 09:06:48.321 22157 INFO rally.task.engine [-] Running workload: position = 0 config = { "version": 2, "title": "A cropped version of a bigger task.", "description": "Auto-generated task from a single workload (uuid=f227fdc0-71cb-4f6f-a861-3a8d2b6665d9)", "subtasks": [ { "title": "NeutronNetworks.create_and_list_networks", "description": "Check performance of list_networks action and ensure > network quotas are not exceeded", "scenario": { "NeutronNetworks.create_and_list_networks": {} }, "contexts": { "users": { "tenants": 1, "users_per_tenant": 1 }, "quotas": { "neutron": { "network": 119 } } }, "runner": { "constant": { "times": 100, "concurrency": 20 } }, "hooks": [], "sla": { "max_avg_duration_per_atomic": { "neutron.list_networks": 15 }, "failure_rate": { "max": 0 } } } ] }
2019-12-02 09:06:48.349 22157 RALLYDEBUG rally_openstack.contexts.keystone.users [-] Creating 1 tenants using 20 threads
2019-12-02 09:06:49.268 22157 RALLYDEBUG rally_openstack.contexts.keystone.users [-] Creating 1 users using 20 threads
2019-12-02 09:06:50.685 22157 INFO rally.task.context [-] Task f6aee71c-f1c2-4152-9cfd-95e69110e273 | Context users@openstack setup() finished in 2.34 sec
2019-12-02 09:06:51.209 22157 INFO rally.task.context [-] Task f6aee71c-f1c2-4152-9cfd-95e69110e273 | Context quotas@openstack setup() finished in 0.52 sec
2019-12-02 09:06:51.210 22157 INFO rally.task.context [-] Task f6aee71c-f1c2-4152-9cfd-95e69110e273 | Context cleanup@openstack setup() finished in 0.01 msec
2019-12-02 09:06:51.219 22157 RALLYDEBUG rally.task.runner [-] Starting the constant runner (task UUID: f6aee71c-f1c2-4152-9cfd-95e69110e273). timeout: 0 concurrency: 20 concurrency_per_worker: 1 times: 100 concurrency_overhead: 4 processes_to_start: 16 max_cpu_used: 16
2019-12-02 09:06:51.241 22281 RALLYDEBUG rally.task.runner [-] Starting a worker. concurrency: 2 args: {} times: 100 method_name: run timeout: 0 duration: None cls:
2019-12-02 09:06:51.244 22282 RALLYDEBUG rally.task.runner [-] Starting a worker. concurrency: 2 args: {} times: 100 method_name: run timeout: 0 duration: None cls:
2019-12-02 09:06:51.247 22283 RALLYDEBUG rally.task.runner [-] Starting a worker. concurrency: 2 args: {} times: 100 method_name: run timeout: 0 duration: None cls:
2019-12-02 09:06:51.251 22282 INFO rally.task.runner [-] Task f6aee71c-f1c2-4152-9cfd-95e69110e273 | ITER: 2 START
2019-12-02 09:06:51.251 22281 INFO rally.task.runner [-] Task f6aee71c-f1c2-4152-9cfd-95e69110e273 | ITER: 1 START
2019-12-02 09:06:51.255 22283 INFO rally.task.runner [-] Task f6aee71c-f1c2-4152-9cfd-95e69110e273 | ITER: 4 START
2019-12-02 09:06:51.252 22284 RALLYDEBUG rally.task.runner [-] Starting a worker. concurrency: 2 args: {} times: 100 method_name: run timeout: 0 duration: None cls:
2019-12-02 09:06:51.252 22285 RALLYDEBUG rally.task.runner [-] Starting a worker. concurrency: 1 args: {} times: 100 method_name: run timeout: 0 duration: None cls:
2019-12-02 09:06:51.257 22290 RALLYDEBUG rally.task.runner [-] Starting a worker. concurrency: 1 args: {} times: 100 method_name: run timeout: 0 duration: None cls:
2019-12-02 09:06:51.260 22293 RALLYDEBUG rally.task.runner [-] Starting a worker. concurrency: 1 args: {} times: 100 method_name: run timeout: 0 duration: None cls:
2019-12-02 09:06:51.263 22294 RALLYDEBUG rally.task.runner [-] Starting a worker. concurrency: 1 args: {} times: 100 method_name: run timeout: 0 duration: None cls:
2019-12-02 09:06:51.266 22295 RALLYDEBUG rally.task.runner [-] Starting a worker. concurrency: 1 args: {} times: 100 method_name: run timeout: 0 duration: None cls:
2019-12-02 09:06:51.268 22293 INFO rally.task.runner [-] Task f6aee71c-f1c2-4152-9cfd-95e69110e273 | ITER: 10 START
2019-12-02 09:06:51.269 22284 INFO rally.task.runner [-] Task f6aee71c-f1c2-4152-9cfd-95e69110e273 | ITER: 7 START
2019-12-02 09:06:51.270 22285 INFO rally.task.runner [-] Task f6aee71c-f1c2-4152-9cfd-95e69110e273 | ITER: 8 START
2019-12-02 09:06:51.270 22290 INFO rally.task.runner [-] Task f6aee71c-f1c2-4152-9cfd-95e69110e273 | ITER: 9 START
2019-12-02 09:06:51.270 22294 INFO rally.task.runner [-] Task f6aee71c-f1c2-4152-9cfd-95e69110e273 | ITER: 11 START
2019-12-02 09:06:51.269 22296 RALLYDEBUG rally.task.runner [-] Starting a worker. concurrency: 1 args: {} times: 100 method_name: run timeout: 0 duration: None cls:
2019-12-02 09:06:51.272 22295 INFO rally.task.runner [-] Task f6aee71c-f1c2-4152-9cfd-95e69110e273 | ITER: 12 START
2019-12-02 09:06:51.276 22296 INFO rally.task.runner [-] Task f6aee71c-f1c2-4152-9cfd-95e69110e273 | ITER: 14 START
2019-12-02 09:06:51.279 22309 RALLYDEBUG rally.task.runner [-] Starting a worker. concurrency: 1 args: {} times: 100 method_name: run timeout: 0 duration: None cls:
2019-12-02 09:06:51.282 22283 INFO rally.task.runner [-] Task f6aee71c-f1c2-4152-9cfd-95e69110e273 | ITER: 6 START
2019-12-02 09:06:51.282 22282 INFO rally.task.runner [-] Task f6aee71c-f1c2-4152-9cfd-95e69110e273 | ITER: 5 START
2019-12-02 09:06:51.283 22281 INFO rally.task.runner [-] Task f6aee71c-f1c2-4152-9cfd-95e69110e273 | ITER: 3 START
2019-12-02 09:06:51.283 22312 RALLYDEBUG rally.task.runner [-] Starting a worker. concurrency: 1 args: {} times: 100 method_name: run timeout: 0 duration: None cls:
2019-12-02 09:06:51.287 22309 INFO rally.task.runner [-] Task f6aee71c-f1c2-4152-9cfd-95e69110e273 | ITER: 15 START
2019-12-02 09:06:51.289 22312 INFO rally.task.runner [-] Task f6aee71c-f1c2-4152-9cfd-95e69110e273 | ITER: 16 START
2019-12-02 09:06:51.293 22284 INFO rally.task.runner [-] Task f6aee71c-f1c2-4152-9cfd-95e69110e273 | ITER: 13 START
2019-12-02 09:06:51.293 22318 RALLYDEBUG rally.task.runner [-] Starting a worker. concurrency: 1 args: {} times: 100 method_name: run timeout: 0 duration: None cls:
2019-12-02 09:06:51.298 22322 RALLYDEBUG rally.task.runner [-] Starting a worker. concurrency: 1 args: {} times: 100 method_name: run timeout: 0 duration: None cls:
2019-12-02 09:06:51.300 22318 INFO rally.task.runner [-] Task f6aee71c-f1c2-4152-9cfd-95e69110e273 | ITER: 17 START
2019-12-02 09:06:51.303 22322 INFO rally.task.runner [-] Task f6aee71c-f1c2-4152-9cfd-95e69110e273 | ITER: 18 START
2019-12-02 09:06:51.305 22325 RALLYDEBUG rally.task.runner [-] Starting a worker. concurrency: 1 args: {} times: 100 method_name: run timeout: 0 duration: None cls:
2019-12-02 09:06:51.311 22325 INFO rally.task.runner [-] Task f6aee71c-f1c2-4152-9cfd-95e69110e273 | ITER: 19 START
2019-12-02 09:06:51.312 22328 RALLYDEBUG rally.task.runner [-] Starting a worker. concurrency: 1 args: {} times: 100 method_name: run timeout: 0 duration: None cls:
2019-12-02 09:06:51.317 22328 INFO rally.task.runner [-] Task f6aee71c-f1c2-4152-9cfd-95e69110e273 | ITER: 20 START
2019-12-02 09:06:52.527 22312 INFO rally.task.runner [-] Task f6aee71c-f1c2-4152-9cfd-95e69110e273 | ITER: 16 END: OK
2019-12-02 09:06:52.531 22312 INFO rally.task.runner [-] Task f6aee71c-f1c2-4152-9cfd-95e69110e273 | ITER: 21 START
2019-12-02 09:06:52.572 22290 INFO rally.task.runner [-] Task f6aee71c-f1c2-4152-9cfd-95e69110e273 | ITER: 9 END: OK
2019-12-02 09:06:52.576 22290 INFO rally.task.runner [-] Task f6aee71c-f1c2-4152-9cfd-95e69110e273 | ITER: 22 START
2019-12-02 09:06:52.717 22283 INFO rally.task.runner [-] Task f6aee71c-f1c2-4152-9cfd-95e69110e273 | ITER: 6 END: OK
2019-12-02 09:06:52.720 22283 INFO rally.task.runner [-] Task f6aee71c-f1c2-4152-9cfd-95e69110e273 | ITER: 23 START
2019-12-02 09:06:52.731 22309 INFO rally.task.runner [-] Task f6aee71c-f1c2-4152-9cfd-95e69110e273 | ITER: 15 END: OK
2019-12-02 09:06:52.735 22309 INFO rally.task.runner [-] Task f6aee71c-f1c2-4152-9cfd-95e69110e273 | ITER: 24 START
2019-12-02 09:06:52.738 22325 INFO rally.task.runner [-] Task f6aee71c-f1c2-4152-9cfd-95e69110e273 | ITER: 19 END: OK
2019-12-02 09:06:52.741 22325 INFO rally.task.runner [-] Task f6aee71c-f1c2-4152-9cfd-95e69110e273 | ITER: 25 START
2019-12-02 09:06:52.765 22296 INFO rally.task.runner [-] Task f6aee71c-f1c2-4152-9cfd-95e69110e273 | ITER: 14 END: OK
2019-12-02 09:06:52.768 22296 INFO rally.task.runner [-] Task f6aee71c-f1c2-4152-9cfd-95e69110e273 | ITER: 26 START
2019-12-02 09:06:52.772 22295 INFO rally.task.runner [-] Task f6aee71c-f1c2-4152-9cfd-95e69110e273 | ITER: 12 END: OK
2019-12-02 09:06:52.776 22295 INFO rally.task.runner [-] Task f6aee71c-f1c2-4152-9cfd-95e69110e273 | ITER: 27 START
2019-12-02 09:06:52.832 22282 INFO rally.task.runner [-] Task f6aee71c-f1c2-4152-9cfd-95e69110e273 | ITER: 5 END: OK
2019-12-02 09:06:52.835 22282 INFO rally.task.runner [-] Task f6aee71c-f1c2-4152-9cfd-95e69110e273 | ITER: 28 START
2019-12-02 09:06:52.843 22284 INFO rally.task.runner [-] Task f6aee71c-f1c2-4152-9cfd-95e69110e273 | ITER: 13 END: OK
2019-12-02 09:06:52.847 22284 INFO rally.task.runner [-] Task f6aee71c-f1c2-4152-9cfd-95e69110e273 | ITER: 29 START
2019-12-02 09:06:52.887 22318 INFO rally.task.runner [-] Task f6aee71c-f1c2-4152-9cfd-95e69110e273 | ITER: 17 END: OK
2019-12-02 09:06:52.890 22318 INFO rally.task.runner [-] Task f6aee71c-f1c2-4152-9cfd-95e69110e273 | ITER: 30 START
2019-12-02 09:06:52.926 22328 INFO rally.task.runner [-] Task f6aee71c-f1c2-4152-9cfd-95e69110e273 | ITER: 20 END: OK
2019-12-02 09:06:52.930 22328 INFO rally.task.runner [-] Task f6aee71c-f1c2-4152-9cfd-95e69110e273 | ITER: 31 START
2019-12-02 09:06:52.973 22281 INFO rally.task.runner [-] Task f6aee71c-f1c2-4152-9cfd-95e69110e273 | ITER: 1 END: OK
2019-12-02 09:06:52.977 22281 INFO rally.task.runner [-] Task f6aee71c-f1c2-4152-9cfd-95e69110e273 | ITER: 32 START
2019-12-02 09:06:53.037 22322 INFO rally.task.runner [-] Task f6aee71c-f1c2-4152-9cfd-95e69110e273 | ITER: 18 END: OK
2019-12-02 09:06:53.041 22322 INFO rally.task.runner [-] Task f6aee71c-f1c2-4152-9cfd-95e69110e273 | ITER: 33 START
2019-12-02 09:06:53.091 22293 INFO rally.task.runner [-] Task f6aee71c-f1c2-4152-9cfd-95e69110e273 | ITER: 10 END: OK
2019-12-02 09:06:53.094 22293 INFO rally.task.runner [-] Task f6aee71c-f1c2-4152-9cfd-95e69110e273 | ITER: 34 START
2019-12-02 09:06:53.122 22294 INFO rally.task.runner [-] Task f6aee71c-f1c2-4152-9cfd-95e69110e273 | ITER: 11 END: OK
2019-12-02 09:06:53.125 22294 INFO rally.task.runner [-] Task f6aee71c-f1c2-4152-9cfd-95e69110e273 | ITER: 35 START
2019-12-02 09:06:53.140 22281 INFO rally.task.runner [-] Task f6aee71c-f1c2-4152-9cfd-95e69110e273 | ITER: 3 END: OK
2019-12-02 09:06:53.143 22281 INFO rally.task.runner [-] Task f6aee71c-f1c2-4152-9cfd-95e69110e273 | ITER: 36 START
2019-12-02 09:06:53.150 22284 INFO rally.task.runner [-] Task f6aee71c-f1c2-4152-9cfd-95e69110e273 | ITER: 7 END: OK
2019-12-02 09:06:53.152 22284 INFO rally.task.runner [-] Task f6aee71c-f1c2-4152-9cfd-95e69110e273 | ITER: 37 START
2019-12-02 09:06:53.192 22282 INFO rally.task.runner [-] Task f6aee71c-f1c2-4152-9cfd-95e69110e273 | ITER: 2 END: OK
2019-12-02 09:06:53.195 22282 INFO rally.task.runner [-] Task f6aee71c-f1c2-4152-9cfd-95e69110e273 | ITER: 38 START
2019-12-02 09:06:53.244 22285 INFO rally.task.runner [-] Task f6aee71c-f1c2-4152-9cfd-95e69110e273 | ITER: 8 END: OK
2019-12-02 09:06:53.247 22285 INFO rally.task.runner [-] Task f6aee71c-f1c2-4152-9cfd-95e69110e273 | ITER: 39 START
2019-12-02 09:06:53.270 22283 INFO rally.task.runner [-] Task f6aee71c-f1c2-4152-9cfd-95e69110e273 | ITER: 4 END: OK
2019-12-02 09:06:53.273 22283 INFO rally.task.runner [-] Task f6aee71c-f1c2-4152-9cfd-95e69110e273 | ITER: 40 START
2019-12-02 09:06:53.601 22312 INFO rally.task.runner [-] Task f6aee71c-f1c2-4152-9cfd-95e69110e273 | ITER: 21 END: OK
2019-12-02 09:06:53.603 22312 INFO rally.task.runner [-] Task f6aee71c-f1c2-4152-9cfd-95e69110e273 | ITER: 41 START
2019-12-02 09:06:53.724 22282 INFO rally.task.runner [-] Task f6aee71c-f1c2-4152-9cfd-95e69110e273 | ITER: 28 END: OK
2019-12-02 09:06:53.727 22282 INFO rally.task.runner [-] Task f6aee71c-f1c2-4152-9cfd-95e69110e273 | ITER: 42 START
2019-12-02 09:06:53.738 22295 INFO rally.task.runner [-] Task f6aee71c-f1c2-4152-9cfd-95e69110e273 | ITER: 27 END: OK
2019-12-02 09:06:53.741 22295 INFO rally.task.runner [-] Task f6aee71c-f1c2-4152-9cfd-95e69110e273 | ITER: 43 START
2019-12-02 09:06:53.771 22325 INFO rally.task.runner [-] Task f6aee71c-f1c2-4152-9cfd-95e69110e273 | ITER: 25 END: OK
2019-12-02 09:06:53.774 22325 INFO rally.task.runner [-] Task f6aee71c-f1c2-4152-9cfd-95e69110e273 | ITER: 44 START
2019-12-02 09:06:53.860 22290 INFO rally.task.runner [-] Task f6aee71c-f1c2-4152-9cfd-95e69110e273 | ITER: 22 END: OK
2019-12-02 09:06:53.863 22290 INFO rally.task.runner [-] Task f6aee71c-f1c2-4152-9cfd-95e69110e273 | ITER: 45 START
2019-12-02 09:06:54.017 22309 INFO rally.task.runner [-] Task f6aee71c-f1c2-4152-9cfd-95e69110e273 | ITER: 24 END: OK
2019-12-02 09:06:54.021 22309 INFO rally.task.runner [-] Task f6aee71c-f1c2-4152-9cfd-95e69110e273 | ITER: 46 START
2019-12-02 09:06:54.027 22318 INFO rally.task.runner [-] Task f6aee71c-f1c2-4152-9cfd-95e69110e273 | ITER: 30 END: OK
2019-12-02 09:06:54.030 22318 INFO rally.task.runner [-] Task f6aee71c-f1c2-4152-9cfd-95e69110e273 | ITER: 47 START
2019-12-02 09:06:54.031 22296 INFO rally.task.runner [-] Task f6aee71c-f1c2-4152-9cfd-95e69110e273 | ITER: 26 END: OK
2019-12-02 09:06:54.036 22296 INFO rally.task.runner [-] Task f6aee71c-f1c2-4152-9cfd-95e69110e273 | ITER: 48 START
2019-12-02 09:06:54.039 22283 INFO rally.task.runner [-] Task f6aee71c-f1c2-4152-9cfd-95e69110e273 | ITER: 23 END: OK
2019-12-02 09:06:54.043 22283 INFO rally.task.runner [-] Task f6aee71c-f1c2-4152-9cfd-95e69110e273 | ITER: 49 START
2019-12-02 09:06:54.044 22281 INFO rally.task.runner [-] Task f6aee71c-f1c2-4152-9cfd-95e69110e273 | ITER: 32 END: OK
2019-12-02 09:06:54.047 22281 INFO rally.task.runner [-] Task f6aee71c-f1c2-4152-9cfd-95e69110e273 | ITER: 50 START
2019-12-02 09:06:54.200 22322 INFO rally.task.runner [-] Task f6aee71c-f1c2-4152-9cfd-95e69110e273 | ITER: 33 END: OK
2019-12-02 09:06:54.203 22322 INFO rally.task.runner [-] Task f6aee71c-f1c2-4152-9cfd-95e69110e273 | ITER: 51 START
2019-12-02 09:06:54.232 22328 INFO rally.task.runner [-] Task f6aee71c-f1c2-4152-9cfd-95e69110e273 | ITER: 31 END: OK
2019-12-02 09:06:54.235 22328 INFO rally.task.runner [-] Task f6aee71c-f1c2-4152-9cfd-95e69110e273 | ITER: 52 START
2019-12-02 09:06:54.250 22284 INFO rally.task.runner [-] Task f6aee71c-f1c2-4152-9cfd-95e69110e273 | ITER: 29 END: OK
2019-12-02 09:06:54.253 22284 INFO rally.task.runner [-] Task f6aee71c-f1c2-4152-9cfd-95e69110e273 | ITER: 53 START
2019-12-02 09:06:54.567 22283 INFO rally.task.runner [-] Task f6aee71c-f1c2-4152-9cfd-95e69110e273 | ITER: 40 END: OK
2019-12-02 09:06:54.571 22283 INFO rally.task.runner [-] Task f6aee71c-f1c2-4152-9cfd-95e69110e273 | ITER: 54 START
2019-12-02 09:06:54.748 22281 INFO rally.task.runner [-] Task f6aee71c-f1c2-4152-9cfd-95e69110e273 | ITER: 36 END: OK
2019-12-02 09:06:54.749 22285 INFO rally.task.runner [-] Task f6aee71c-f1c2-4152-9cfd-95e69110e273 | ITER: 39 END: OK
2019-12-02 09:06:54.751 22281 INFO rally.task.runner [-] Task f6aee71c-f1c2-4152-9cfd-95e69110e273 | ITER: 55 START
2019-12-02 09:06:54.753 22285 INFO rally.task.runner [-] Task f6aee71c-f1c2-4152-9cfd-95e69110e273 | ITER: 56 START
2019-12-02 09:06:54.756 22282 INFO rally.task.runner [-] Task f6aee71c-f1c2-4152-9cfd-95e69110e273 | ITER: 38 END: OK
2019-12-02 09:06:54.759 22282 INFO rally.task.runner [-] Task f6aee71c-f1c2-4152-9cfd-95e69110e273 | ITER: 57 START
2019-12-02 09:06:54.817 22284 INFO rally.task.runner [-] Task f6aee71c-f1c2-4152-9cfd-95e69110e273 | ITER: 37 END: OK
2019-12-02 09:06:54.820 22284 INFO rally.task.runner [-] Task f6aee71c-f1c2-4152-9cfd-95e69110e273 | ITER: 58 START
2019-12-02 09:06:54.935 22293 INFO rally.task.runner [-] Task f6aee71c-f1c2-4152-9cfd-95e69110e273 | ITER: 34 END: OK
2019-12-02 09:06:54.937 22293 INFO rally.task.runner [-] Task f6aee71c-f1c2-4152-9cfd-95e69110e273 | ITER: 59 START
2019-12-02 09:06:55.176 22325 INFO rally.task.runner [-] Task f6aee71c-f1c2-4152-9cfd-95e69110e273 | ITER: 44 END: OK
2019-12-02 09:06:55.178 22325 INFO rally.task.runner [-] Task f6aee71c-f1c2-4152-9cfd-95e69110e273 | ITER: 60 START
2019-12-02 09:06:55.184 22295 INFO rally.task.runner [-] Task f6aee71c-f1c2-4152-9cfd-95e69110e273 | ITER: 43 END: OK
2019-12-02 09:06:55.188 22295 INFO rally.task.runner [-] Task f6aee71c-f1c2-4152-9cfd-95e69110e273 | ITER: 61 START
2019-12-02 09:06:55.288 22283 INFO rally.task.runner [-] Task f6aee71c-f1c2-4152-9cfd-95e69110e273 | ITER: 49 END: OK
2019-12-02 09:06:55.290 22283 INFO rally.task.runner [-] Task f6aee71c-f1c2-4152-9cfd-95e69110e273 | ITER: 62 START
2019-12-02 09:06:55.343 22312 INFO rally.task.runner [-] Task f6aee71c-f1c2-4152-9cfd-95e69110e273 | ITER: 41 END: OK
2019-12-02 09:06:55.346 22312 INFO rally.task.runner [-] Task f6aee71c-f1c2-4152-9cfd-95e69110e273 | ITER: 63 START
2019-12-02 09:06:55.349 22282 INFO rally.task.runner [-] Task f6aee71c-f1c2-4152-9cfd-95e69110e273 | ITER: 42 END: OK
2019-12-02 09:06:55.352 22282 INFO rally.task.runner [-] Task f6aee71c-f1c2-4152-9cfd-95e69110e273 | ITER: 64 START
2019-12-02 09:06:55.426 22281 INFO rally.task.runner [-] Task f6aee71c-f1c2-4152-9cfd-95e69110e273 | ITER: 50 END: OK
2019-12-02 09:06:55.429 22281 INFO rally.task.runner [-] Task f6aee71c-f1c2-4152-9cfd-95e69110e273 | ITER: 65 START
2019-12-02 09:06:55.450 22328 INFO rally.task.runner [-] Task f6aee71c-f1c2-4152-9cfd-95e69110e273 | ITER: 52 END: OK
2019-12-02 09:06:55.453 22328 INFO rally.task.runner [-] Task f6aee71c-f1c2-4152-9cfd-95e69110e273 | ITER: 66 START
2019-12-02 09:06:55.494 22294 INFO rally.task.runner [-] Task f6aee71c-f1c2-4152-9cfd-95e69110e273 | ITER: 35 END: OK
2019-12-02 09:06:55.497 22290 INFO rally.task.runner [-] Task f6aee71c-f1c2-4152-9cfd-95e69110e273 | ITER: 45 END: OK
2019-12-02 09:06:55.498 22294 INFO rally.task.runner [-] Task f6aee71c-f1c2-4152-9cfd-95e69110e273 | ITER: 67 START
2019-12-02 09:06:55.499 22290 INFO rally.task.runner [-] Task f6aee71c-f1c2-4152-9cfd-95e69110e273 | ITER: 68 START
2019-12-02 09:06:55.571 22284 INFO rally.task.runner [-] Task f6aee71c-f1c2-4152-9cfd-95e69110e273 | ITER: 53 END: OK
2019-12-02 09:06:55.574 22284 INFO rally.task.runner [-] Task f6aee71c-f1c2-4152-9cfd-95e69110e273 | ITER: 69 START
2019-12-02 09:06:55.635 22309 INFO rally.task.runner [-] Task f6aee71c-f1c2-4152-9cfd-95e69110e273 | ITER: 46 END: OK
2019-12-02 09:06:55.638 22309 INFO rally.task.runner [-] Task f6aee71c-f1c2-4152-9cfd-95e69110e273 | ITER: 70 START
2019-12-02 09:06:55.733 22318 INFO rally.task.runner [-] Task f6aee71c-f1c2-4152-9cfd-95e69110e273 | ITER: 47 END: OK
2019-12-02 09:06:55.737 22318 INFO rally.task.runner [-] Task f6aee71c-f1c2-4152-9cfd-95e69110e273 | ITER: 71 START
2019-12-02 09:06:55.841 22285 INFO rally.task.runner [-] Task f6aee71c-f1c2-4152-9cfd-95e69110e273 | ITER: 56 END: OK
2019-12-02 09:06:55.845 22285 INFO rally.task.runner [-] Task f6aee71c-f1c2-4152-9cfd-95e69110e273 | ITER: 72 START
2019-12-02 09:06:55.966 22293 INFO rally.task.runner [-] Task f6aee71c-f1c2-4152-9cfd-95e69110e273 | ITER: 59 END: OK
2019-12-02 09:06:55.969 22293 INFO rally.task.runner [-] Task f6aee71c-f1c2-4152-9cfd-95e69110e273 | ITER: 73 START
2019-12-02 09:06:55.972 22281 INFO rally.task.runner [-] Task f6aee71c-f1c2-4152-9cfd-95e69110e273 | ITER: 55 END: OK
2019-12-02 09:06:55.974 22281 INFO rally.task.runner [-] Task f6aee71c-f1c2-4152-9cfd-95e69110e273 | ITER: 74 START
2019-12-02 09:06:55.978 22283 INFO rally.task.runner [-] Task f6aee71c-f1c2-4152-9cfd-95e69110e273 | ITER: 54 END: OK
2019-12-02 09:06:55.980 22283 INFO rally.task.runner [-] Task f6aee71c-f1c2-4152-9cfd-95e69110e273 | ITER: 75 START
2019-12-02 09:06:56.449 22282 INFO rally.task.runner [-] Task f6aee71c-f1c2-4152-9cfd-95e69110e273 | ITER: 57 END: OK
2019-12-02 09:06:56.452 22296 INFO rally.task.runner [-] Task f6aee71c-f1c2-4152-9cfd-95e69110e273 | ITER: 48 END: OK
2019-12-02 09:06:56.452 22282 INFO rally.task.runner [-] Task f6aee71c-f1c2-4152-9cfd-95e69110e273 | ITER: 76 START
2019-12-02 09:06:56.454 22296 INFO rally.task.runner [-] Task f6aee71c-f1c2-4152-9cfd-95e69110e273 | ITER: 77 START
2019-12-02 09:06:56.505 22322 INFO rally.task.runner [-] Task f6aee71c-f1c2-4152-9cfd-95e69110e273 | ITER: 51 END: OK
2019-12-02 09:06:56.509 22322 INFO rally.task.runner [-] Task f6aee71c-f1c2-4152-9cfd-95e69110e273 | ITER: 78 START
2019-12-02 09:06:56.539 22295 INFO rally.task.runner [-] Task f6aee71c-f1c2-4152-9cfd-95e69110e273 | ITER: 61 END: OK
2019-12-02 09:06:56.542 22295 INFO rally.task.runner [-] Task f6aee71c-f1c2-4152-9cfd-95e69110e273 | ITER: 79 START
2019-12-02 09:06:56.685 22284 INFO rally.task.runner [-] Task f6aee71c-f1c2-4152-9cfd-95e69110e273 | ITER: 58 END: OK
2019-12-02 09:06:56.688 22284 INFO rally.task.runner [-] Task f6aee71c-f1c2-4152-9cfd-95e69110e273 | ITER: 80 START
2019-12-02 09:06:56.689 22325 INFO rally.task.runner [-] Task f6aee71c-f1c2-4152-9cfd-95e69110e273 | ITER: 60 END: OK
2019-12-02 09:06:56.693 22325 INFO rally.task.runner [-] Task f6aee71c-f1c2-4152-9cfd-95e69110e273 | ITER: 81 START
2019-12-02 09:06:57.105 22290 INFO rally.task.runner [-] Task f6aee71c-f1c2-4152-9cfd-95e69110e273 | ITER: 68 END: OK
2019-12-02 09:06:57.109 22290 INFO rally.task.runner [-] Task f6aee71c-f1c2-4152-9cfd-95e69110e273 | ITER: 82 START
2019-12-02 09:06:57.111 22283 INFO rally.task.runner [-] Task f6aee71c-f1c2-4152-9cfd-95e69110e273 | ITER: 62 END: OK
2019-12-02 09:06:57.115 22283 INFO rally.task.runner [-] Task f6aee71c-f1c2-4152-9cfd-95e69110e273 | ITER: 83 START
2019-12-02 09:06:57.125 22328 INFO rally.task.runner [-] Task f6aee71c-f1c2-4152-9cfd-95e69110e273 | ITER: 66 END: OK
2019-12-02 09:06:57.129 22328 INFO rally.task.runner [-] Task f6aee71c-f1c2-4152-9cfd-95e69110e273 | ITER: 84 START
2019-12-02 09:06:57.205 22283 INFO rally.task.runner [-] Task f6aee71c-f1c2-4152-9cfd-95e69110e273 | ITER: 75 END: OK
2019-12-02 09:06:57.208 22283 INFO rally.task.runner [-] Task f6aee71c-f1c2-4152-9cfd-95e69110e273 | ITER: 85 START
2019-12-02 09:06:57.314 22312 INFO rally.task.runner [-] Task f6aee71c-f1c2-4152-9cfd-95e69110e273 | ITER: 63 END: OK
2019-12-02 09:06:57.318 22312 INFO rally.task.runner [-] Task f6aee71c-f1c2-4152-9cfd-95e69110e273 | ITER: 86 START
2019-12-02 09:06:57.361 22294 INFO rally.task.runner [-] Task f6aee71c-f1c2-4152-9cfd-95e69110e273 | ITER: 67 END: OK
2019-12-02 09:06:57.364 22294 INFO rally.task.runner [-] Task f6aee71c-f1c2-4152-9cfd-95e69110e273 | ITER: 87 START
2019-12-02 09:06:57.402 22318 INFO rally.task.runner [-] Task f6aee71c-f1c2-4152-9cfd-95e69110e273 | ITER: 71 END: OK
2019-12-02 09:06:57.406 22318 INFO rally.task.runner [-] Task f6aee71c-f1c2-4152-9cfd-95e69110e273 | ITER: 88 START
2019-12-02 09:06:57.420 22285 INFO rally.task.runner [-] Task f6aee71c-f1c2-4152-9cfd-95e69110e273 | ITER: 72 END: OK
2019-12-02 09:06:57.421 22282 INFO rally.task.runner [-] Task f6aee71c-f1c2-4152-9cfd-95e69110e273 | ITER: 64 END: OK
2019-12-02 09:06:57.423 22285 INFO rally.task.runner [-] Task f6aee71c-f1c2-4152-9cfd-95e69110e273 | ITER: 89 START
2019-12-02 09:06:57.425 22282 INFO rally.task.runner [-] Task f6aee71c-f1c2-4152-9cfd-95e69110e273 | ITER: 90 START
2019-12-02 09:06:57.474 22309 INFO rally.task.runner [-] Task f6aee71c-f1c2-4152-9cfd-95e69110e273 | ITER: 70 END: OK
2019-12-02 09:06:57.478 22309 INFO rally.task.runner [-] Task f6aee71c-f1c2-4152-9cfd-95e69110e273 | ITER: 91 START
2019-12-02 09:06:57.527 22281 INFO rally.task.runner [-] Task f6aee71c-f1c2-4152-9cfd-95e69110e273 | ITER: 65 END: OK
2019-12-02 09:06:57.530 22281 INFO rally.task.runner [-] Task f6aee71c-f1c2-4152-9cfd-95e69110e273 | ITER: 92 START
2019-12-02 09:06:57.667 22281 INFO rally.task.runner [-] Task f6aee71c-f1c2-4152-9cfd-95e69110e273 | ITER: 74 END: OK
2019-12-02 09:06:57.671 22281 INFO rally.task.runner [-] Task f6aee71c-f1c2-4152-9cfd-95e69110e273 | ITER: 93 START
2019-12-02 09:06:57.683 22284 INFO rally.task.runner [-] Task f6aee71c-f1c2-4152-9cfd-95e69110e273 | ITER: 69 END: OK
2019-12-02 09:06:57.687 22284 INFO rally.task.runner [-] Task f6aee71c-f1c2-4152-9cfd-95e69110e273 | ITER: 94 START
2019-12-02 09:06:57.816 22295 INFO rally.task.runner [-] Task f6aee71c-f1c2-4152-9cfd-95e69110e273 | ITER: 79 END: OK
2019-12-02 09:06:57.820 22295 INFO rally.task.runner [-] Task f6aee71c-f1c2-4152-9cfd-95e69110e273 | ITER: 95 START
2019-12-02 09:06:57.911 22293 INFO rally.task.runner [-] Task f6aee71c-f1c2-4152-9cfd-95e69110e273 | ITER: 73 END: OK
2019-12-02 09:06:57.915 22293 INFO rally.task.runner [-] Task f6aee71c-f1c2-4152-9cfd-95e69110e273 | ITER: 96 START
2019-12-02 09:06:57.956 22282 INFO rally.task.runner [-] Task f6aee71c-f1c2-4152-9cfd-95e69110e273 | ITER: 76 END: OK
2019-12-02 09:06:57.957 22322 INFO rally.task.runner [-] Task f6aee71c-f1c2-4152-9cfd-95e69110e273 | ITER: 78 END: OK
2019-12-02 09:06:57.960 22282 INFO rally.task.runner [-] Task f6aee71c-f1c2-4152-9cfd-95e69110e273 | ITER: 97 START
2019-12-02 09:06:57.961 22322 INFO rally.task.runner [-] Task f6aee71c-f1c2-4152-9cfd-95e69110e273 | ITER: 98 START
2019-12-02 09:06:58.191 22296 INFO rally.task.runner [-] Task f6aee71c-f1c2-4152-9cfd-95e69110e273 | ITER: 77 END: OK
2019-12-02 09:06:58.194 22296 INFO rally.task.runner [-] Task f6aee71c-f1c2-4152-9cfd-95e69110e273 | ITER: 99 START
2019-12-02 09:06:58.227 22284 INFO rally.task.runner [-] Task f6aee71c-f1c2-4152-9cfd-95e69110e273 | ITER: 80 END: OK
2019-12-02 09:06:58.230 22284 INFO rally.task.runner [-] Task f6aee71c-f1c2-4152-9cfd-95e69110e273 | ITER: 100 START
2019-12-02 09:06:58.402 22283 INFO rally.task.runner [-] Task f6aee71c-f1c2-4152-9cfd-95e69110e273 | ITER: 85 END: OK
2019-12-02 09:06:58.411 22283 INFO rally.task.runner [-] Task f6aee71c-f1c2-4152-9cfd-95e69110e273 | ITER: 83 END: OK
2019-12-02 09:06:58.505 22290 INFO rally.task.runner [-] Task f6aee71c-f1c2-4152-9cfd-95e69110e273 | ITER: 82 END: OK
2019-12-02 09:06:58.518 22312 INFO rally.task.runner [-] Task f6aee71c-f1c2-4152-9cfd-95e69110e273 | ITER: 86 END: OK
2019-12-02 09:06:58.650 22318 INFO rally.task.runner [-] Task f6aee71c-f1c2-4152-9cfd-95e69110e273 | ITER: 88 END: OK
2019-12-02 09:06:58.668 22328 INFO rally.task.runner [-] Task f6aee71c-f1c2-4152-9cfd-95e69110e273 | ITER: 84 END: OK
2019-12-02 09:06:58.735 22325 INFO rally.task.runner [-] Task f6aee71c-f1c2-4152-9cfd-95e69110e273 | ITER: 81 END: OK
2019-12-02 09:06:58.762 22285 INFO rally.task.runner [-] Task f6aee71c-f1c2-4152-9cfd-95e69110e273 | ITER: 89 END: OK
2019-12-02 09:06:58.897 22281 INFO rally.task.runner [-] Task f6aee71c-f1c2-4152-9cfd-95e69110e273 | ITER: 92 END: OK
2019-12-02 09:06:58.960 22309 INFO rally.task.runner [-] Task f6aee71c-f1c2-4152-9cfd-95e69110e273 | ITER: 91 END: OK
2019-12-02 09:06:59.143 22282 INFO rally.task.runner [-] Task f6aee71c-f1c2-4152-9cfd-95e69110e273 | ITER: 97 END: OK
2019-12-02 09:06:59.250 22294 INFO rally.task.runner [-] Task f6aee71c-f1c2-4152-9cfd-95e69110e273 | ITER: 87 END: OK
2019-12-02 09:06:59.275 22293 INFO rally.task.runner [-] Task f6aee71c-f1c2-4152-9cfd-95e69110e273 | ITER: 96 END: OK
2019-12-02 09:06:59.390 22284 INFO rally.task.runner [-] Task f6aee71c-f1c2-4152-9cfd-95e69110e273 | ITER: 100 END: OK
2019-12-02 09:06:59.450 22281 INFO rally.task.runner [-] Task f6aee71c-f1c2-4152-9cfd-95e69110e273 | ITER: 93 END: OK
2019-12-02 09:06:59.527 22284 INFO rally.task.runner [-] Task f6aee71c-f1c2-4152-9cfd-95e69110e273 | ITER: 94 END: OK
2019-12-02 09:06:59.551 22322 INFO rally.task.runner [-] Task f6aee71c-f1c2-4152-9cfd-95e69110e273 | ITER: 98 END: OK
2019-12-02 09:06:59.578 22282 INFO rally.task.runner [-] Task f6aee71c-f1c2-4152-9cfd-95e69110e273 | ITER: 90 END: OK
2019-12-02 09:06:59.632 22295 INFO rally.task.runner [-] Task f6aee71c-f1c2-4152-9cfd-95e69110e273 | ITER: 95 END: OK
2019-12-02 09:06:59.674 22296 INFO rally.task.runner [-] Task f6aee71c-f1c2-4152-9cfd-95e69110e273 | ITER: 99 END: OK
2019-12-02 09:06:59.696 22157 INFO rally.task.context [-] Task f6aee71c-f1c2-4152-9cfd-95e69110e273 | Context cleanup@openstack cleanup() started
2019-12-02 09:06:59.701 22157 RALLYDEBUG rally_openstack.cleanup.manager [-] Cleaning up neutron vip objects
2019-12-02 09:07:00.100 22157 RALLYDEBUG rally_openstack.cleanup.manager [-] Cleaning up neutron health_monitor objects
2019-12-02 09:07:00.488 22157 RALLYDEBUG rally_openstack.cleanup.manager [-] Cleaning up neutron pool objects
2019-12-02 09:07:00.888 22157 RALLYDEBUG rally_openstack.cleanup.manager [-] Cleaning up neutron loadbalancer objects
2019-12-02 09:07:01.299 22157 RALLYDEBUG rally_openstack.cleanup.manager [-] Cleaning up neutron floatingip objects
2019-12-02 09:07:01.740 22157 RALLYDEBUG rally_openstack.cleanup.manager [-] Cleaning up neutron trunk objects
2019-12-02 09:07:02.168 22157 RALLYDEBUG rally_openstack.cleanup.manager [-] Cleaning up neutron port objects
2019-12-02 09:07:02.571 22157 RALLYDEBUG rally_openstack.cleanup.manager [-] Cleaning up neutron subnet objects
2019-12-02 09:07:03.004 22157 RALLYDEBUG rally_openstack.cleanup.manager [-] Cleaning up neutron network objects
2019-12-02 09:07:03.778 22157 RALLYDEBUG rally_openstack.cleanup.manager [-] Deleting neutron.network object s_rally_f227fdc0_XLNeU7oI (0975194f-00ee-4f5d-b1fa-ccb26ab58e10)
2019-12-02 09:07:03.781 22157 RALLYDEBUG rally_openstack.cleanup.manager [-] Deleting neutron.network object s_rally_f227fdc0_gi1fC3zz (150868d4-c8cb-4d42-9a54-19461dd77b2e)
2019-12-02 09:07:03.782 22157 RALLYDEBUG rally_openstack.cleanup.manager [-] Deleting neutron.network object s_rally_f227fdc0_lXsZlgBF (1ce454a3-aff1-4281-81a9-4b3c879033ce)
2019-12-02 09:07:03.786 22157 RALLYDEBUG rally_openstack.cleanup.manager [-] Deleting neutron.network object s_rally_f227fdc0_rnA2GUZy (081b96aa-7c88-4b51-86ad-f229ffa1a969)
2019-12-02 09:07:03.792 22157 RALLYDEBUG rally_openstack.cleanup.manager [-] Deleting neutron.network object s_rally_f227fdc0_NaEGuvn2 (07233216-6586-4525-9fad-8dcffbec3d4a)
2019-12-02 09:07:03.793 22157 RALLYDEBUG rally_openstack.cleanup.manager [-] Deleting neutron.network object s_rally_f227fdc0_0F8o1GSv (0544201d-f176-4c3e-8668-a40e7843dbf3)
2019-12-02 09:07:03.793 22157 RALLYDEBUG rally_openstack.cleanup.manager [-] Deleting neutron.network object s_rally_f227fdc0_OJuvxzN9 (15d0445e-365a-4d3d-9e29-958f8215f7ba)
2019-12-02 09:07:03.796 22157 RALLYDEBUG rally_openstack.cleanup.manager [-] Deleting neutron.network object s_rally_f227fdc0_pkd9zcgL (1ee6dcc1-6dbd-4e54-b1f1-8b7bb2ba87e3)
2019-12-02 09:07:03.797 22157 RALLYDEBUG rally_openstack.cleanup.manager [-] Deleting neutron.network object s_rally_f227fdc0_WqUgNBkB (2274a912-0d08-4411-a77e-f7d67e6295ff)
2019-12-02 09:07:03.799 22157 RALLYDEBUG rally_openstack.cleanup.manager [-] Deleting neutron.network object s_rally_f227fdc0_7vtkwbnQ (25262ea3-52c1-4356-895a-7342fdda77ae)
2019-12-02 09:07:03.804 22157 RALLYDEBUG rally_openstack.cleanup.manager [-] Deleting neutron.network object s_rally_f227fdc0_KpZorrPE (06f23c74-88c9-4346-aac6-5b660c864ac7)
2019-12-02 09:07:03.809 22157 RALLYDEBUG rally_openstack.cleanup.manager [-] Deleting neutron.network object s_rally_f227fdc0_nYO8Qf9m (090e6357-262a-4bb0-accc-1465363ca756)
2019-12-02 09:07:03.809 22157 RALLYDEBUG rally_openstack.cleanup.manager [-] Deleting neutron.network object s_rally_f227fdc0_kq00lH7r (04963f2d-6e7d-4de5-91ca-2835a69233d7)
2019-12-02 09:07:03.814 22157 RALLYDEBUG rally_openstack.cleanup.manager [-] Deleting neutron.network object s_rally_f227fdc0_sOeRhHOR (0b3cf747-0091-454b-ac31-6c4d5a221a84)
2019-12-02 09:07:03.817 22157 RALLYDEBUG rally_openstack.cleanup.manager [-] Deleting neutron.network object s_rally_f227fdc0_SaRuveeQ (095b4018-804d-43ea-ae0d-65a032f1906c)
2019-12-02 09:07:03.817 22157 RALLYDEBUG rally_openstack.cleanup.manager [-] Deleting neutron.network object s_rally_f227fdc0_RndFgDqt (0ae059c5-d67b-4026-9298-9be81b929f31)
2019-12-02 09:07:03.823 22157 RALLYDEBUG rally_openstack.cleanup.manager [-] Deleting neutron.network object s_rally_f227fdc0_xFY0sUIU (142582b4-9bab-4f70-a15c-f62634dd2540)
2019-12-02 09:07:03.823 22157 RALLYDEBUG rally_openstack.cleanup.manager [-] Deleting neutron.network object s_rally_f227fdc0_rSp2qDMg (0e16b8aa-3b58-4918-882d-372951792f19)
2019-12-02 09:07:03.835 22157 RALLYDEBUG rally_openstack.cleanup.manager [-] Deleting neutron.network object s_rally_f227fdc0_txju4YZw (14a487a1-cdb0-4eaf-acfa-ab327466aa0c)
2019-12-02 09:07:03.846 22157 RALLYDEBUG rally_openstack.cleanup.manager [-] Deleting neutron.network object s_rally_f227fdc0_QeHZaORZ (11542878-a2f8-4ea2-bc71-527984a0656f)
2019-12-02 09:07:06.082 22157 RALLYDEBUG rally_openstack.cleanup.manager [-] Deleting neutron.network object s_rally_f227fdc0_OxiuP4h4 (2567f57a-8340-4a21-b292-d439e5121a4c)
2019-12-02 09:07:06.186 22157 RALLYDEBUG rally_openstack.cleanup.manager [-] Deleting neutron.network object s_rally_f227fdc0_VttoCyEo (27bec76c-a1ec-41b4-803f-bebe91e67a42)
2019-12-02 09:07:06.194 22157 RALLYDEBUG rally_openstack.cleanup.manager [-] Deleting neutron.network object s_rally_f227fdc0_zLNxkPX7 (30108998-d368-46eb-959b-476c6c7fbffb)
2019-12-02 09:07:06.319 22157 RALLYDEBUG rally_openstack.cleanup.manager [-] Deleting neutron.network object s_rally_f227fdc0_eyMYFOGb (31069f75-e7ce-4efa-afa6-9574cff7445e)
2019-12-02 09:07:06.418 22157 RALLYDEBUG rally_openstack.cleanup.manager [-] Deleting neutron.network object s_rally_f227fdc0_GvTNttch (3164f4a9-005c-4c2f-b3cb-ea5313d59a4b)
2019-12-02 09:07:06.434 22157 RALLYDEBUG rally_openstack.cleanup.manager [-] Deleting neutron.network object s_rally_f227fdc0_t5xtBoLD (3726b9c8-7b31-48b5-a236-abe1b2786ae5)
2019-12-02 09:07:06.730 22157 RALLYDEBUG rally_openstack.cleanup.manager [-] Deleting neutron.network object s_rally_f227fdc0_BtASCD0C (3a3ca780-1086-4003-b514-bce9f94fb505)
2019-12-02 09:07:06.730 22157 RALLYDEBUG rally_openstack.cleanup.manager [-] Deleting neutron.network object s_rally_f227fdc0_R6yfXB7N (3adf76a5-145f-4eb1-a24c-1182d70a3e58)
2019-12-02 09:07:06.766 22157 RALLYDEBUG rally_openstack.cleanup.manager [-] Deleting neutron.network object s_rally_f227fdc0_2JVoIGuE (3c8791e7-736c-4b28-be14-068803fea3f4)
2019-12-02 09:07:06.776 22157 RALLYDEBUG rally_openstack.cleanup.manager [-] Deleting neutron.network object s_rally_f227fdc0_YIr9xgL2 (3dfa88f3-8173-4297-bbef-b02df6eaa269)
2019-12-02 09:07:06.817 22157 RALLYDEBUG rally_openstack.cleanup.manager [-] Deleting neutron.network object s_rally_f227fdc0_iRUnQZPV (3eed96f5-5acd-4408-9aca-88ef65c04791)
2019-12-02 09:07:06.942 22157 RALLYDEBUG rally_openstack.cleanup.manager [-] Deleting neutron.network object s_rally_f227fdc0_5YgJvhWv (408e83a6-6a7f-4991-80d3-616a41a36b71)
2019-12-02 09:07:06.957 22157 RALLYDEBUG rally_openstack.cleanup.manager [-] Deleting neutron.network object s_rally_f227fdc0_AwAgPm5y (40b9058f-4bd5-4693-abe4-8c2c682cf468)
2019-12-02 09:07:06.982 22157 RALLYDEBUG rally_openstack.cleanup.manager [-] Deleting neutron.network object s_rally_f227fdc0_6oI1iJQU (4378c538-b346-4989-837d-65672be72cb6)
2019-12-02 09:07:07.003 22157 RALLYDEBUG rally_openstack.cleanup.manager [-] Deleting neutron.network object s_rally_f227fdc0_DvXQi7nK (461c04c3-0b5a-465e-90ec-9dcef7f519d0)
2019-12-02 09:07:07.004 22157 RALLYDEBUG rally_openstack.cleanup.manager [-] Deleting neutron.network object s_rally_f227fdc0_jPvihIGt (468be8c3-a93d-4fa0-af11-7d54033664ed)
2019-12-02 09:07:07.180 22157 RALLYDEBUG rally_openstack.cleanup.manager [-] Deleting neutron.network object s_rally_f227fdc0_QtoqaZgc (4adb8166-bfc3-492c-a2b5-ee81b6898f0f)
2019-12-02 09:07:07.273 22157 RALLYDEBUG rally_openstack.cleanup.manager [-] Deleting neutron.network object s_rally_f227fdc0_ZUF15Pps (4ccac650-8ffb-406a-97d9-8f6046c74e4c)
2019-12-02 09:07:07.365 22157 RALLYDEBUG rally_openstack.cleanup.manager [-] Deleting neutron.network object s_rally_f227fdc0_KG1opIYG (4cd1c89b-8fcb-4efc-9db8-ec87abf1ac1e)
2019-12-02 09:07:07.447 22157 RALLYDEBUG rally_openstack.cleanup.manager [-] Deleting neutron.network object s_rally_f227fdc0_BLQ8RYRw (5790a7b8-de06-4d7e-960e-66b0ac92cf3e)
2019-12-02 09:07:08.296 22157 RALLYDEBUG rally_openstack.cleanup.manager [-] Deleting neutron.network object s_rally_f227fdc0_2J2wQwiB (5d7d65b9-9df1-4999-bea7-720c0716ebbe)
2019-12-02 09:07:08.415 22157 RALLYDEBUG rally_openstack.cleanup.manager [-] Deleting neutron.network object s_rally_f227fdc0_dBNm4mOQ (62ce9fa0-29a7-4a20-a4ea-7dcb2a4a23c3)
2019-12-02 09:07:08.466 22157 RALLYDEBUG rally_openstack.cleanup.manager [-] Deleting neutron.network object s_rally_f227fdc0_BtTGxYND (63873bf4-2465-4f15-b447-7897a33909d9)
2019-12-02 09:07:08.547 22157 RALLYDEBUG rally_openstack.cleanup.manager [-] Deleting neutron.network object s_rally_f227fdc0_0pnbuKyQ (67535724-6557-4752-bf56-a420aaff0a32)
2019-12-02 09:07:08.835 22157 RALLYDEBUG rally_openstack.cleanup.manager [-] Deleting neutron.network object s_rally_f227fdc0_kHSgQstX (68265900-70b4-4fd6-a9dd-31b6484b8f3d)
2019-12-02 09:07:08.916 22157 RALLYDEBUG rally_openstack.cleanup.manager [-] Deleting neutron.network object s_rally_f227fdc0_ahJvrrwd (6e5e58d9-144d-479e-ad92-a4db85c77e7b)
2019-12-02 09:07:09.065 22157 RALLYDEBUG rally_openstack.cleanup.manager [-] Deleting neutron.network object s_rally_f227fdc0_3hxiObPU (706e210e-b783-47c7-a814-d0f6fdec6f4c)
2019-12-02 09:07:09.186 22157 RALLYDEBUG rally_openstack.cleanup.manager [-] Deleting neutron.network object s_rally_f227fdc0_SMh0LiP1 (72e73e83-0a6f-4ae0-97c7-621c62e49421)
2019-12-02 09:07:09.263 22157 RALLYDEBUG rally_openstack.cleanup.manager [-] Deleting neutron.network object s_rally_f227fdc0_yYkVImp0 (747c2400-bf23-43c8-b695-2b01ba8c076b)
2019-12-02 09:07:09.387 22157 RALLYDEBUG rally_openstack.cleanup.manager [-] Deleting neutron.network object s_rally_f227fdc0_uFhrzVbr (797c971b-7ce2-41ae-9a25-a66956c46b33)
2019-12-02 09:07:09.391 22157 RALLYDEBUG rally_openstack.cleanup.manager [-] Deleting neutron.network object s_rally_f227fdc0_2sxiA5s5 (79435158-5fbc-4d95-8c8c-0580402071ea)
2019-12-02 09:07:09.518 22157 RALLYDEBUG rally_openstack.cleanup.manager [-] Deleting neutron.network object s_rally_f227fdc0_YvGMaGeE (825a20ad-6508-4a55-85f1-e5e2d3a7af03)
2019-12-02 09:07:09.590 22157 RALLYDEBUG rally_openstack.cleanup.manager [-] Deleting neutron.network object s_rally_f227fdc0_bYQA6xzJ (82b43d1d-7d8d-42d0-8e89-0f783724da66)
2019-12-02 09:07:09.654 22157 RALLYDEBUG rally_openstack.cleanup.manager [-] Deleting neutron.network object s_rally_f227fdc0_1ROvQah5 (841d4edb-ef8d-407f-95d4-9ab7348ab6fc)
2019-12-02 09:07:09.793 22157 RALLYDEBUG rally_openstack.cleanup.manager [-] Deleting neutron.network object s_rally_f227fdc0_aOiNzELH (84f797f3-7c97-4ae7-a848-a23214cbf751)
2019-12-02 09:07:09.839 22157 RALLYDEBUG rally_openstack.cleanup.manager [-] Deleting neutron.network object s_rally_f227fdc0_4jFuhpwE (893a6a0b-1e75-4d23-8f11-6f5a346b70de)
2019-12-02 09:07:09.914 22157 RALLYDEBUG rally_openstack.cleanup.manager [-] Deleting neutron.network object s_rally_f227fdc0_LOgb45LP (8ac2a937-12d1-4e81-9a5f-f62c0db9615f)
2019-12-02 09:07:09.944 22157 RALLYDEBUG rally_openstack.cleanup.manager [-] Deleting neutron.network object s_rally_f227fdc0_V5btKw30 (8b864865-e727-4b7e-b1e0-e4f0b92d886d)
2019-12-02 09:07:10.146 22157 RALLYDEBUG rally_openstack.cleanup.manager [-] Deleting neutron.network object s_rally_f227fdc0_IUpxtmmM (91ce57c6-c056-456a-9161-0c90b94066db)
2019-12-02 09:07:10.146 22157 RALLYDEBUG rally_openstack.cleanup.manager [-] Deleting neutron.network object s_rally_f227fdc0_XFAzK4OV (913501b8-dd39-41b2-9b0e-0fcd7eebd798)
2019-12-02 09:07:10.513 22157 RALLYDEBUG rally_openstack.cleanup.manager [-] Deleting neutron.network object s_rally_f227fdc0_SmVTohdM (93a57064-80b2-44cc-9d36-1b7924956ab6)
2019-12-02 09:07:10.555 22157 RALLYDEBUG rally_openstack.cleanup.manager [-] Deleting neutron.network object s_rally_f227fdc0_jr0bpmTe (9aedaf46-e475-4fcd-919f-b96e42cbe781)
2019-12-02 09:07:10.555 22157 RALLYDEBUG rally_openstack.cleanup.manager [-] Deleting neutron.network object s_rally_f227fdc0_CV5jSXzS (9b29ae6a-d002-4d0c-8030-8851374b7ba4)
2019-12-02 09:07:10.839 22157 RALLYDEBUG rally_openstack.cleanup.manager [-] Deleting neutron.network object s_rally_f227fdc0_1cOCk3n6 (9f15394a-c788-4355-9cc9-ce6626128763)
2019-12-02 09:07:10.850 22157 RALLYDEBUG rally_openstack.cleanup.manager [-] Deleting neutron.network object s_rally_f227fdc0_6trzgW4J (9fe0e076-55be-4d22-b1d3-7f9da9c53966)
2019-12-02 09:07:11.215 22157 RALLYDEBUG rally_openstack.cleanup.manager [-] Deleting neutron.network object s_rally_f227fdc0_4Dtim3Zs (a2d3aeeb-fc0a-45d5-b442-05b0a510d1fb)
2019-12-02 09:07:11.220 22157 RALLYDEBUG rally_openstack.cleanup.manager [-] Deleting neutron.network object s_rally_f227fdc0_5MigEFxD (a2fdba0e-346f-4151-903c-cbf58751e0b9)
2019-12-02 09:07:11.234 22157 RALLYDEBUG rally_openstack.cleanup.manager [-] Deleting neutron.network object s_rally_f227fdc0_Vws1tr2V (a3e099e3-36ac-4e56-8125-af06f401584d)
2019-12-02 09:07:11.612 22157 RALLYDEBUG rally_openstack.cleanup.manager [-] Deleting neutron.network object s_rally_f227fdc0_JhN4RpEH (a62113bd-a8f6-472e-9a1a-d864afd41e80)
2019-12-02 09:07:11.718 22157 RALLYDEBUG rally_openstack.cleanup.manager [-] Deleting neutron.network object s_rally_f227fdc0_RHzX4gNQ (a6c18cb4-9ef7-47ce-bfe4-2c23e53b154e)
2019-12-02 09:07:11.838 22157 RALLYDEBUG rally_openstack.cleanup.manager [-] Deleting neutron.network object s_rally_f227fdc0_7NYW6zfJ (a7344356-4f10-4413-8715-743af25f3637)
2019-12-02 09:07:11.857 22157 RALLYDEBUG rally_openstack.cleanup.manager [-] Deleting neutron.network object s_rally_f227fdc0_YmXNyYDh (a7c6b6a7-41fd-47df-bb7b-8cfe09dc973e)
2019-12-02 09:07:11.964 22157 RALLYDEBUG rally_openstack.cleanup.manager [-] Deleting neutron.network object s_rally_f227fdc0_kmAahed0 (aa88f89b-35b5-4472-95cd-4301bd6b5bb9)
2019-12-02 09:07:12.022 22157 RALLYDEBUG rally_openstack.cleanup.manager [-] Deleting neutron.network object s_rally_f227fdc0_7KbPPnOl (b02ecd5c-ce6e-43b8-978f-1ba031c461e9)
2019-12-02 09:07:12.040 22157 RALLYDEBUG rally_openstack.cleanup.manager [-] Deleting neutron.network object s_rally_f227fdc0_ce5hgsS2 (b09f45bf-a88d-4069-862a-cc348ca70531)
2019-12-02 09:07:12.067 22157 RALLYDEBUG rally_openstack.cleanup.manager [-] Deleting neutron.network object s_rally_f227fdc0_sKEmspbS (c8784d1e-977a-4c5c-904a-5e8a453bf7fb)
2019-12-02 09:07:12.103 22157 RALLYDEBUG rally_openstack.cleanup.manager [-] Deleting neutron.network object s_rally_f227fdc0_0xiVp1wm (c9974ca9-938c-4d56-8ff7-51e47662b034)
2019-12-02 09:07:12.126 22157 RALLYDEBUG rally_openstack.cleanup.manager [-] Deleting neutron.network object s_rally_f227fdc0_7NvukFGn (d0f8eec4-8b27-4b89-8657-fe36bda4cb33)
2019-12-02 09:07:12.380 22157 RALLYDEBUG rally_openstack.cleanup.manager [-] Deleting neutron.network object s_rally_f227fdc0_o5SC8hVK (d15edcc1-b56e-4a61-84d2-cd3850bb297d)
2019-12-02 09:07:12.728 22157 RALLYDEBUG rally_openstack.cleanup.manager [-] Deleting neutron.network object s_rally_f227fdc0_4GYOT8Wt (d5f4a923-f762-4799-aa01-007eea74a7e6)
2019-12-02 09:07:12.894 22157 RALLYDEBUG rally_openstack.cleanup.manager [-] Deleting neutron.network object s_rally_f227fdc0_IVYqOzNE (d751c483-db28-434c-9833-498f3e132a20)
2019-12-02 09:07:12.917 22157 RALLYDEBUG rally_openstack.cleanup.manager [-] Deleting neutron.network object s_rally_f227fdc0_DFU2a7vr (db4cdcd8-61da-43a1-8e83-c51187e3b60f)
2019-12-02 09:07:12.927 22157 RALLYDEBUG rally_openstack.cleanup.manager [-] Deleting neutron.network object s_rally_f227fdc0_8mQGdBXT (e115ad0a-1c8b-479a-bc62-a8cbd8699dec)
2019-12-02 09:07:13.125 22157 RALLYDEBUG rally_openstack.cleanup.manager [-] Deleting neutron.network object s_rally_f227fdc0_KKttijjf (e170a607-f9bc-4644-9794-d2b5a31e2a9d)
2019-12-02 09:07:13.263 22157 RALLYDEBUG rally_openstack.cleanup.manager [-] Deleting neutron.network object s_rally_f227fdc0_HnU8h1NW (e2f0a847-1591-458c-a50f-123399714d6c)
2019-12-02 09:07:13.281 22157 RALLYDEBUG rally_openstack.cleanup.manager [-] Deleting neutron.network object s_rally_f227fdc0_38Hva4FH (e3b723f7-5e05-4b58-9566-06d9dc2d3c40)
2019-12-02 09:07:13.307 22157 RALLYDEBUG rally_openstack.cleanup.manager [-] Deleting neutron.network object s_rally_f227fdc0_anopvaUA (ea8a81c2-e7a4-40d3-b20b-7976b6e6a85b)
2019-12-02 09:07:13.633 22157 RALLYDEBUG rally_openstack.cleanup.manager [-] Deleting neutron.network object s_rally_f227fdc0_7ABb4JeR (eeb4e68f-c949-4ab3-986c-9968fe88e8d3)
2019-12-02 09:07:13.790 22157 RALLYDEBUG rally_openstack.cleanup.manager [-] Deleting neutron.network object s_rally_f227fdc0_RHMQtolp (efa6098a-e400-439f-ae54-84e2bfa82ce3)
2019-12-02 09:07:13.851 22157 RALLYDEBUG rally_openstack.cleanup.manager [-] Deleting neutron.network object s_rally_f227fdc0_8NjqkxhC (f1ba6fe0-a6ea-4e34-a35d-afaff564cf5e)
2019-12-02 09:07:13.978 22157 RALLYDEBUG rally_openstack.cleanup.manager [-] Deleting neutron.network object s_rally_f227fdc0_F1QU4yWH (f24f8f4c-9f1c-4e36-b962-bd9d31247c9a)
2019-12-02 09:07:14.240 22157 RALLYDEBUG rally_openstack.cleanup.manager [-] Deleting neutron.network object s_rally_f227fdc0_JcGY3iTa (f47baf5a-c4d0-49cc-ad07-d929b86dd550)
2019-12-02 09:07:14.293 22157 RALLYDEBUG rally_openstack.cleanup.manager [-] Deleting neutron.network object s_rally_f227fdc0_5ZO4818k (f7e7dcc6-9668-4740-a118-98d8e35bc122)
2019-12-02 09:07:14.294 22157 RALLYDEBUG rally_openstack.cleanup.manager [-] Deleting neutron.network object s_rally_f227fdc0_FJZ9Ecg9 (f5d55adb-b95e-4b23-8394-50740c6a30e6)
2019-12-02 09:07:14.444 22157 RALLYDEBUG rally_openstack.cleanup.manager [-] Deleting neutron.network object s_rally_f227fdc0_SOfsowss (fd03c045-a8bc-491c-9a5b-2d52561ef6fe)
2019-12-02 09:07:14.478 22157 RALLYDEBUG rally_openstack.cleanup.manager [-] Deleting neutron.network object s_rally_f227fdc0_r6htYmww (fd81ff43-a42b-4f12-b723-69f9f83f7340)
