2019-12-02 09:11:04.286 24355 INFO rally.task.runner [-] Task f6aee71c-f1c2-4152-9cfd-95e69110e273 | ITER: 8 START
2019-12-02 09:11:04.285 24353 INFO rally.task.runner [-] Task f6aee71c-f1c2-4152-9cfd-95e69110e273 | ITER: 7 START
2019-12-02 09:11:04.286 24354 WARNING rally_openstack.scenarios.neutron.utils [-] Running this scenario without either the 'network' or 'existing_network' context is deprecated
2019-12-02 09:11:04.284 24352 WARNING rally_openstack.scenarios.neutron.utils [-] Running this scenario without either the 'network' or 'existing_network' context is deprecated
2019-12-02 09:11:04.286 24353 WARNING rally_openstack.scenarios.neutron.utils [-] Running this scenario without either the 'network' or 'existing_network' context is deprecated
2019-12-02 09:11:04.287 24355 WARNING rally_openstack.scenarios.neutron.utils [-] Running this scenario without either the 'network' or 'existing_network' context is deprecated
2019-12-02 09:11:04.288 24363 RALLYDEBUG rally.task.runner [-] Starting a worker. concurrency: 1 args: {"network_create_args": {}, "subnet_create_args": {}, "subnet_cidr_start": "1.1.0.0/30", "subnets_per_network": 2} times: 40 method_name: run timeout: 0 duration: None cls:
2019-12-02 09:11:04.289 24358 INFO rally.task.runner [-] Task f6aee71c-f1c2-4152-9cfd-95e69110e273 | ITER: 10 START
2019-12-02 09:11:04.290 24358 WARNING rally_openstack.scenarios.neutron.utils [-] Running this scenario without either the 'network' or 'existing_network' context is deprecated
2019-12-02 09:11:04.296 24363 INFO rally.task.runner [-] Task f6aee71c-f1c2-4152-9cfd-95e69110e273 | ITER: 11 START
2019-12-02 09:11:04.295 24371 RALLYDEBUG rally.task.runner [-] Starting a worker. concurrency: 1 args: {"network_create_args": {}, "subnet_create_args": {}, "subnet_cidr_start": "1.1.0.0/30", "subnets_per_network": 2} times: 40 method_name: run timeout: 0 duration: None cls:
2019-12-02 09:11:04.298 24363 WARNING rally_openstack.scenarios.neutron.utils [-] Running this scenario without either the 'network' or 'existing_network' context is deprecated
2019-12-02 09:11:04.287 24353 WARNING rally_openstack.scenarios.neutron.utils [-] Running this scenario without either the 'network' or 'existing_network' context is deprecated
2019-12-02 09:11:04.302 24374 RALLYDEBUG rally.task.runner [-] Starting a worker. concurrency: 1 args: {"network_create_args": {}, "subnet_create_args": {}, "subnet_cidr_start": "1.1.0.0/30", "subnets_per_network": 2} times: 40 method_name: run timeout: 0 duration: None cls:
2019-12-02 09:11:04.304 24371 INFO rally.task.runner [-] Task f6aee71c-f1c2-4152-9cfd-95e69110e273 | ITER: 12 START
2019-12-02 09:11:04.305 24371 WARNING rally_openstack.scenarios.neutron.utils [-] Running this scenario without either the 'network' or 'existing_network' context is deprecated
2019-12-02 09:11:04.307 24354 INFO rally.task.runner [-] Task f6aee71c-f1c2-4152-9cfd-95e69110e273 | ITER: 9 START
2019-12-02 09:11:04.306 24377 RALLYDEBUG rally.task.runner [-] Starting a worker. concurrency: 1 args: {"network_create_args": {}, "subnet_create_args": {}, "subnet_cidr_start": "1.1.0.0/30", "subnets_per_network": 2} times: 40 method_name: run timeout: 0 duration: None cls:
2019-12-02 09:11:04.307 24354 WARNING rally_openstack.scenarios.neutron.utils [-] Running this scenario without either the 'network' or 'existing_network' context is deprecated
2019-12-02 09:11:04.311 24374 INFO rally.task.runner [-] Task f6aee71c-f1c2-4152-9cfd-95e69110e273 | ITER: 13 START
2019-12-02 09:11:04.313 24377 INFO rally.task.runner [-] Task f6aee71c-f1c2-4152-9cfd-95e69110e273 | ITER: 14 START
2019-12-02 09:11:04.315 24377 WARNING rally_openstack.scenarios.neutron.utils [-] Running this scenario without either the 'network' or 'existing_network' context is deprecated
2019-12-02 09:11:04.315 24374 WARNING rally_openstack.scenarios.neutron.utils [-] Running this scenario without either the 'network' or 'existing_network' context is deprecated
2019-12-02 09:11:04.315 24380 RALLYDEBUG rally.task.runner [-] Starting a worker. concurrency: 1 args: {"network_create_args": {}, "subnet_create_args": {}, "subnet_cidr_start": "1.1.0.0/30", "subnets_per_network": 2} times: 40 method_name: run timeout: 0 duration: None cls:
2019-12-02 09:11:04.317 24384 RALLYDEBUG rally.task.runner [-] Starting a worker. concurrency: 1 args: {"network_create_args": {}, "subnet_create_args": {}, "subnet_cidr_start": "1.1.0.0/30", "subnets_per_network": 2} times: 40 method_name: run timeout: 0 duration: None cls:
2019-12-02 09:11:04.321 24380 INFO rally.task.runner [-] Task f6aee71c-f1c2-4152-9cfd-95e69110e273 | ITER: 15 START
2019-12-02 09:11:04.322 24380 WARNING rally_openstack.scenarios.neutron.utils [-] Running this scenario without either the 'network' or 'existing_network' context is deprecated
2019-12-02 09:11:04.324 24384 INFO rally.task.runner [-] Task f6aee71c-f1c2-4152-9cfd-95e69110e273 | ITER: 16 START
2019-12-02 09:11:04.326 24384 WARNING rally_openstack.scenarios.neutron.utils [-] Running this scenario without either the 'network' or 'existing_network' context is deprecated
2019-12-02 09:11:04.326 24387 RALLYDEBUG rally.task.runner [-] Starting a worker. concurrency: 1 args: {"network_create_args": {}, "subnet_create_args": {}, "subnet_cidr_start": "1.1.0.0/30", "subnets_per_network": 2} times: 40 method_name: run timeout: 0 duration: None cls:
2019-12-02 09:11:04.332 24387 INFO rally.task.runner [-] Task f6aee71c-f1c2-4152-9cfd-95e69110e273 | ITER: 17 START
2019-12-02 09:11:04.333 24387 WARNING rally_openstack.scenarios.neutron.utils [-] Running this scenario without either the 'network' or 'existing_network' context is deprecated
2019-12-02 09:11:04.332 24392 RALLYDEBUG rally.task.runner [-] Starting a worker. concurrency: 1 args: {"network_create_args": {}, "subnet_create_args": {}, "subnet_cidr_start": "1.1.0.0/30", "subnets_per_network": 2} times: 40 method_name: run timeout: 0 duration: None cls:
2019-12-02 09:11:04.334 24393 RALLYDEBUG rally.task.runner [-] Starting a worker. concurrency: 1 args: {"network_create_args": {}, "subnet_create_args": {}, "subnet_cidr_start": "1.1.0.0/30", "subnets_per_network": 2} times: 40 method_name: run timeout: 0 duration: None cls:
2019-12-02 09:11:04.338 24392 INFO rally.task.runner [-] Task f6aee71c-f1c2-4152-9cfd-95e69110e273 | ITER: 18 START
2019-12-02 09:11:04.339 24392 WARNING rally_openstack.scenarios.neutron.utils [-] Running this scenario without either the 'network' or 'existing_network' context is deprecated
2019-12-02 09:11:04.339 24393 INFO rally.task.runner [-] Task f6aee71c-f1c2-4152-9cfd-95e69110e273 | ITER: 19 START
2019-12-02 09:11:04.340 24393 WARNING rally_openstack.scenarios.neutron.utils [-] Running this scenario without either the 'network' or 'existing_network' context is deprecated
2019-12-02 09:11:04.341 24396 RALLYDEBUG rally.task.runner [-] Starting a worker. concurrency: 1 args: {"network_create_args": {}, "subnet_create_args": {}, "subnet_cidr_start": "1.1.0.0/30", "subnets_per_network": 2} times: 40 method_name: run timeout: 0 duration: None cls:
2019-12-02 09:11:04.347 24396 INFO rally.task.runner [-] Task f6aee71c-f1c2-4152-9cfd-95e69110e273 | ITER: 20 START
2019-12-02 09:11:04.348 24396 WARNING rally_openstack.scenarios.neutron.utils [-] Running this scenario without either the 'network' or 'existing_network' context is deprecated
2019-12-02 09:11:05.104 24353 RALLYDEBUG rally_openstack.wrappers.network [-] CIDR generated: 1.1.4.96/30
2019-12-02 09:11:05.129 24355 RALLYDEBUG rally_openstack.wrappers.network [-] CIDR generated: 1.1.4.100/30
2019-12-02 09:11:05.167 24371 RALLYDEBUG rally_openstack.wrappers.network [-] CIDR generated: 1.1.4.104/30
2019-12-02 09:11:05.184 24351 RALLYDEBUG rally_openstack.wrappers.network [-] CIDR generated: 1.1.4.108/30
2019-12-02 09:11:05.187 24358 RALLYDEBUG rally_openstack.wrappers.network [-] CIDR generated: 1.1.4.112/30
2019-12-02 09:11:05.321 24377 RALLYDEBUG rally_openstack.wrappers.network [-] CIDR generated: 1.1.4.116/30
2019-12-02 09:11:05.331 24384 RALLYDEBUG rally_openstack.wrappers.network [-] CIDR generated: 1.1.4.120/30
2019-12-02 09:11:05.390 24363 RALLYDEBUG rally_openstack.wrappers.network [-] CIDR generated: 1.1.4.124/30
2019-12-02 09:11:05.391 24352 RALLYDEBUG rally_openstack.wrappers.network [-] CIDR generated: 1.1.4.128/30
2019-12-02 09:11:05.394 24374 RALLYDEBUG rally_openstack.wrappers.network [-] CIDR generated: 1.1.4.132/30
2019-12-02 09:11:05.428 24393 RALLYDEBUG rally_openstack.wrappers.network [-] CIDR generated: 1.1.4.136/30
2019-12-02 09:11:05.439 24354 RALLYDEBUG rally_openstack.wrappers.network [-] CIDR generated: 1.1.4.140/30
2019-12-02 09:11:05.497 24392 RALLYDEBUG rally_openstack.wrappers.network [-] CIDR generated: 1.1.4.144/30
2019-12-02 09:11:05.526 24387 RALLYDEBUG rally_openstack.wrappers.network [-] CIDR generated: 1.1.4.148/30
2019-12-02 09:11:05.573 24352 RALLYDEBUG rally_openstack.wrappers.network [-] CIDR generated: 1.1.4.152/30
2019-12-02 09:11:05.648 24396 RALLYDEBUG rally_openstack.wrappers.network [-] CIDR generated: 1.1.4.156/30
2019-12-02 09:11:05.688 24353 RALLYDEBUG rally_openstack.wrappers.network [-] CIDR generated: 1.1.4.160/30
2019-12-02 09:11:05.700 24351 RALLYDEBUG rally_openstack.wrappers.network [-] CIDR generated: 1.1.4.164/30
2019-12-02 09:11:05.756 24354 RALLYDEBUG rally_openstack.wrappers.network [-] CIDR generated: 1.1.4.168/30
2019-12-02 09:11:06.059 24380 RALLYDEBUG rally_openstack.wrappers.network [-] CIDR generated: 1.1.4.172/30
2019-12-02 09:11:06.186 24358 RALLYDEBUG rally_openstack.wrappers.network [-] CIDR generated: 1.1.4.176/30
2019-12-02 09:11:06.229 24387 RALLYDEBUG rally_openstack.wrappers.network [-] CIDR generated: 1.1.4.180/30
2019-12-02 09:11:06.334 24354 RALLYDEBUG rally_openstack.wrappers.network [-] CIDR generated: 1.1.4.184/30
2019-12-02 09:11:06.392 24353 RALLYDEBUG rally_openstack.wrappers.network [-] CIDR generated: 1.1.4.188/30
2019-12-02 09:11:07.020 24351 RALLYDEBUG rally_openstack.wrappers.network [-] CIDR generated: 1.1.4.192/30
2019-12-02 09:11:07.105 24377 RALLYDEBUG rally_openstack.wrappers.network [-] CIDR generated: 1.1.4.196/30
2019-12-02 09:11:07.246 24354 RALLYDEBUG rally_openstack.wrappers.network [-] CIDR generated: 1.1.4.200/30
2019-12-02 09:11:07.424 24355 RALLYDEBUG rally_openstack.wrappers.network [-] CIDR generated: 1.1.4.204/30
2019-12-02 09:11:07.428 24392 RALLYDEBUG rally_openstack.wrappers.network [-] CIDR generated: 1.1.4.208/30
2019-12-02 09:11:07.700 24352 RALLYDEBUG rally_openstack.wrappers.network [-] CIDR generated: 1.1.4.212/30
2019-12-02 09:11:07.978 24353 RALLYDEBUG rally_openstack.wrappers.network [-] CIDR generated: 1.1.4.216/30
2019-12-02 09:11:08.057 24352 RALLYDEBUG rally_openstack.wrappers.network [-] CIDR generated: 1.1.4.220/30
2019-12-02 09:11:08.095 24371 RALLYDEBUG rally_openstack.wrappers.network [-] CIDR generated: 1.1.4.224/30
2019-12-02 09:11:08.906 24363 RALLYDEBUG rally_openstack.wrappers.network [-] CIDR generated: 1.1.4.228/30
2019-12-02 09:11:08.960 24380 RALLYDEBUG rally_openstack.wrappers.network [-] CIDR generated: 1.1.4.232/30
2019-12-02 09:11:09.002 24374 RALLYDEBUG rally_openstack.wrappers.network [-] CIDR generated: 1.1.4.236/30
2019-12-02 09:11:09.039 24393 RALLYDEBUG rally_openstack.wrappers.network [-] CIDR generated: 1.1.4.240/30
2019-12-02 09:11:09.114 24396 RALLYDEBUG rally_openstack.wrappers.network [-] CIDR generated: 1.1.4.244/30
2019-12-02 09:11:09.205 24384 RALLYDEBUG rally_openstack.wrappers.network [-] CIDR generated: 1.1.4.248/30
2019-12-02 09:11:09.874 24351 RALLYDEBUG rally_openstack.wrappers.network [-] CIDR generated: 1.1.4.252/30
2019-12-02 09:11:11.902 24396 INFO rally.task.runner [-] Task f6aee71c-f1c2-4152-9cfd-95e69110e273 | ITER: 20 END: OK
2019-12-02 09:11:11.905 24396 INFO rally.task.runner [-] Task f6aee71c-f1c2-4152-9cfd-95e69110e273 | ITER: 21 START
2019-12-02 09:11:11.906 24396 WARNING rally_openstack.scenarios.neutron.utils [-] Running this scenario without either the 'network' or 'existing_network' context is deprecated
2019-12-02 09:11:12.741 24396 RALLYDEBUG rally_openstack.wrappers.network [-] CIDR generated: 1.1.5.0/30
2019-12-02 09:11:12.756 24351 INFO rally.task.runner [-] Task f6aee71c-f1c2-4152-9cfd-95e69110e273 | ITER: 3 END: OK
2019-12-02 09:11:12.759 24351 INFO rally.task.runner [-] Task f6aee71c-f1c2-4152-9cfd-95e69110e273 | ITER: 22 START
2019-12-02 09:11:12.759 24351 WARNING rally_openstack.scenarios.neutron.utils [-] Running this scenario without either the 'network' or 'existing_network' context is deprecated
2019-12-02 09:11:12.999 24355 INFO rally.task.runner [-] Task f6aee71c-f1c2-4152-9cfd-95e69110e273 | ITER: 8 END: OK
2019-12-02 09:11:13.002 24355 INFO rally.task.runner [-] Task f6aee71c-f1c2-4152-9cfd-95e69110e273 | ITER: 23 START
2019-12-02 09:11:13.003 24355 WARNING rally_openstack.scenarios.neutron.utils [-] Running this scenario without either the 'network' or 'existing_network' context is deprecated
2019-12-02 09:11:13.172 24384 INFO rally.task.runner [-] Task f6aee71c-f1c2-4152-9cfd-95e69110e273 | ITER: 16 END: OK
2019-12-02 09:11:13.177 24384 INFO rally.task.runner [-] Task f6aee71c-f1c2-4152-9cfd-95e69110e273 | ITER: 24 START
2019-12-02 09:11:13.178 24384 WARNING rally_openstack.scenarios.neutron.utils [-] Running this scenario without either the 'network' or 'existing_network' context is deprecated
2019-12-02 09:11:13.236 24392 INFO rally.task.runner [-] Task f6aee71c-f1c2-4152-9cfd-95e69110e273 | ITER: 18 END: OK
2019-12-02 09:11:13.240 24392 INFO rally.task.runner [-] Task f6aee71c-f1c2-4152-9cfd-95e69110e273 | ITER: 25 START
2019-12-02 09:11:13.240 24392 WARNING rally_openstack.scenarios.neutron.utils [-] Running this scenario without either the 'network' or 'existing_network' context is deprecated
2019-12-02 09:11:13.265 24374 INFO rally.task.runner [-] Task f6aee71c-f1c2-4152-9cfd-95e69110e273 | ITER: 13 END: OK
2019-12-02 09:11:13.270 24374 INFO rally.task.runner [-] Task f6aee71c-f1c2-4152-9cfd-95e69110e273 | ITER: 26 START
2019-12-02 09:11:13.270 24374 WARNING rally_openstack.scenarios.neutron.utils [-] Running this scenario without either the 'network' or 'existing_network' context is deprecated
2019-12-02 09:11:13.278 24353 INFO rally.task.runner [-] Task f6aee71c-f1c2-4152-9cfd-95e69110e273 | ITER: 4 END: OK
2019-12-02 09:11:13.283 24353 INFO rally.task.runner [-] Task f6aee71c-f1c2-4152-9cfd-95e69110e273 | ITER: 27 START
2019-12-02 09:11:13.283 24353 WARNING rally_openstack.scenarios.neutron.utils [-] Running this scenario without either the 'network' or 'existing_network' context is deprecated
2019-12-02 09:11:13.324 24352 INFO rally.task.runner [-] Task f6aee71c-f1c2-4152-9cfd-95e69110e273 | ITER: 5 END: OK
2019-12-02 09:11:13.327 24352 INFO rally.task.runner [-] Task f6aee71c-f1c2-4152-9cfd-95e69110e273 | ITER: 28 START
2019-12-02 09:11:13.328 24352 WARNING rally_openstack.scenarios.neutron.utils [-] Running this scenario without either the 'network' or 'existing_network' context is deprecated
2019-12-02 09:11:13.376 24387 INFO rally.task.runner [-] Task f6aee71c-f1c2-4152-9cfd-95e69110e273 | ITER: 17 END: OK
2019-12-02 09:11:13.381 24387 INFO rally.task.runner [-] Task f6aee71c-f1c2-4152-9cfd-95e69110e273 | ITER: 29 START
2019-12-02 09:11:13.381 24387 WARNING rally_openstack.scenarios.neutron.utils [-] Running this scenario without either the 'network' or 'existing_network' context is deprecated
2019-12-02 09:11:13.617 24351 RALLYDEBUG rally_openstack.wrappers.network [-] CIDR generated: 1.1.5.4/30
2019-12-02 09:11:13.846 24384 RALLYDEBUG rally_openstack.wrappers.network [-] CIDR generated: 1.1.5.8/30
2019-12-02 09:11:13.989 24353 RALLYDEBUG rally_openstack.wrappers.network [-] CIDR generated: 1.1.5.12/30
2019-12-02 09:11:14.241 24352 RALLYDEBUG rally_openstack.wrappers.network [-] CIDR generated: 1.1.5.16/30
2019-12-02 09:11:14.249 24354 INFO rally.task.runner [-] Task f6aee71c-f1c2-4152-9cfd-95e69110e273 | ITER: 9 END: OK
2019-12-02 09:11:14.253 24354 INFO rally.task.runner [-] Task f6aee71c-f1c2-4152-9cfd-95e69110e273 | ITER: 30 START
2019-12-02 09:11:14.254 24354 WARNING rally_openstack.scenarios.neutron.utils [-] Running this scenario without either the 'network' or 'existing_network' context is deprecated
2019-12-02 09:11:14.288 24396 RALLYDEBUG rally_openstack.wrappers.network [-] CIDR generated: 1.1.5.20/30
2019-12-02 09:11:14.375 24377 INFO rally.task.runner [-] Task f6aee71c-f1c2-4152-9cfd-95e69110e273 | ITER: 14 END: OK
2019-12-02 09:11:14.380 24377 INFO rally.task.runner [-] Task f6aee71c-f1c2-4152-9cfd-95e69110e273 | ITER: 31 START
2019-12-02 09:11:14.381 24377 WARNING rally_openstack.scenarios.neutron.utils [-] Running this scenario without either the 'network' or 'existing_network' context is deprecated
2019-12-02 09:11:14.541 24351 INFO rally.task.runner [-] Task f6aee71c-f1c2-4152-9cfd-95e69110e273 | ITER: 1 END: OK
2019-12-02 09:11:14.546 24351 INFO rally.task.runner [-] Task f6aee71c-f1c2-4152-9cfd-95e69110e273 | ITER: 32 START
2019-12-02 09:11:14.546 24351 WARNING rally_openstack.scenarios.neutron.utils [-] Running this scenario without either the 'network' or 'existing_network' context is deprecated
2019-12-02 09:11:14.640 24387 RALLYDEBUG rally_openstack.wrappers.network [-] CIDR generated: 1.1.5.24/30
2019-12-02 09:11:14.785 24354 INFO rally.task.runner [-] Task f6aee71c-f1c2-4152-9cfd-95e69110e273 | ITER: 6 END: OK
2019-12-02 09:11:14.790 24354 INFO rally.task.runner [-] Task f6aee71c-f1c2-4152-9cfd-95e69110e273 | ITER: 33 START
2019-12-02 09:11:14.791 24354 WARNING rally_openstack.scenarios.neutron.utils [-] Running this scenario without either the 'network' or 'existing_network' context is deprecated
2019-12-02 09:11:14.877 24392 RALLYDEBUG rally_openstack.wrappers.network [-] CIDR generated: 1.1.5.28/30
2019-12-02 09:11:15.000 24354 RALLYDEBUG rally_openstack.wrappers.network [-] CIDR generated: 1.1.5.32/30
2019-12-02 09:11:15.056 24355 RALLYDEBUG rally_openstack.wrappers.network [-] CIDR generated: 1.1.5.36/30
2019-12-02 09:11:15.093 24374 RALLYDEBUG rally_openstack.wrappers.network [-] CIDR generated: 1.1.5.40/30
2019-12-02 09:11:15.241 24377 RALLYDEBUG rally_openstack.wrappers.network [-] CIDR generated: 1.1.5.44/30
2019-12-02 09:11:15.244 24351 RALLYDEBUG rally_openstack.wrappers.network [-] CIDR generated: 1.1.5.48/30
2019-12-02 09:11:15.457 24358 INFO rally.task.runner [-] Task f6aee71c-f1c2-4152-9cfd-95e69110e273 | ITER: 10 END: OK
2019-12-02 09:11:15.461 24358 INFO rally.task.runner [-] Task f6aee71c-f1c2-4152-9cfd-95e69110e273 | ITER: 34 START
2019-12-02 09:11:15.462 24358 WARNING rally_openstack.scenarios.neutron.utils [-] Running this scenario without either the 'network' or 'existing_network' context is deprecated
2019-12-02 09:11:15.509 24353 INFO rally.task.runner [-] Task f6aee71c-f1c2-4152-9cfd-95e69110e273 | ITER: 7 END: OK
2019-12-02 09:11:15.513 24353 INFO rally.task.runner [-] Task f6aee71c-f1c2-4152-9cfd-95e69110e273 | ITER: 35 START
2019-12-02 09:11:15.514 24353 WARNING rally_openstack.scenarios.neutron.utils [-] Running this scenario without either the 'network' or 'existing_network' context is deprecated
2019-12-02 09:11:15.607 24393 INFO rally.task.runner [-] Task f6aee71c-f1c2-4152-9cfd-95e69110e273 | ITER: 19 END: OK
2019-12-02 09:11:15.612 24393 INFO rally.task.runner [-] Task f6aee71c-f1c2-4152-9cfd-95e69110e273 | ITER: 36 START
2019-12-02 09:11:15.613 24393 WARNING rally_openstack.scenarios.neutron.utils [-] Running this scenario without either the 'network' or 'existing_network' context is deprecated
2019-12-02 09:11:15.822 24354 RALLYDEBUG rally_openstack.wrappers.network [-] CIDR generated: 1.1.5.52/30
2019-12-02 09:11:15.955 24352 INFO rally.task.runner [-] Task f6aee71c-f1c2-4152-9cfd-95e69110e273 | ITER: 2 END: OK
2019-12-02 09:11:15.959 24352 INFO rally.task.runner [-] Task f6aee71c-f1c2-4152-9cfd-95e69110e273 | ITER: 37 START
2019-12-02 09:11:15.960 24352 WARNING rally_openstack.scenarios.neutron.utils [-] Running this scenario without either the 'network' or 'existing_network' context is deprecated
2019-12-02 09:11:15.968 24355 RALLYDEBUG rally_openstack.wrappers.network [-] CIDR generated: 1.1.5.56/30
2019-12-02 09:11:16.025 24377 RALLYDEBUG rally_openstack.wrappers.network [-] CIDR generated: 1.1.5.60/30
2019-12-02 09:11:16.163 24358 RALLYDEBUG rally_openstack.wrappers.network [-] CIDR generated: 1.1.5.64/30
2019-12-02 09:11:16.425 24354 RALLYDEBUG rally_openstack.wrappers.network [-] CIDR generated: 1.1.5.68/30
2019-12-02 09:11:16.511 24393 RALLYDEBUG rally_openstack.wrappers.network [-] CIDR generated: 1.1.5.72/30
2019-12-02 09:11:16.644 24352 RALLYDEBUG rally_openstack.wrappers.network [-] CIDR generated: 1.1.5.76/30
2019-12-02 09:11:16.715 24354 RALLYDEBUG rally_openstack.wrappers.network [-] CIDR generated: 1.1.5.80/30
2019-12-02 09:11:16.735 24351 RALLYDEBUG rally_openstack.wrappers.network [-] CIDR generated: 1.1.5.84/30
2019-12-02 09:11:16.756 24353 RALLYDEBUG rally_openstack.wrappers.network [-] CIDR generated: 1.1.5.88/30
2019-12-02 09:11:17.467 24358 RALLYDEBUG rally_openstack.wrappers.network [-] CIDR generated: 1.1.5.92/30
2019-12-02 09:11:17.486 24393 RALLYDEBUG rally_openstack.wrappers.network [-] CIDR generated: 1.1.5.96/30
2019-12-02 09:11:17.650 24353 RALLYDEBUG rally_openstack.wrappers.network [-] CIDR generated: 1.1.5.100/30
2019-12-02 09:11:18.084 24371 INFO rally.task.runner [-] Task f6aee71c-f1c2-4152-9cfd-95e69110e273 | ITER: 12 END: OK
2019-12-02 09:11:18.088 24371 INFO rally.task.runner [-] Task f6aee71c-f1c2-4152-9cfd-95e69110e273 | ITER: 38 START
2019-12-02 09:11:18.089 24371 WARNING rally_openstack.scenarios.neutron.utils [-] Running this scenario without either the 'network' or 'existing_network' context is deprecated
2019-12-02 09:11:18.223 24384 RALLYDEBUG rally_openstack.wrappers.network [-] CIDR generated: 1.1.5.104/30
2019-12-02 09:11:18.728 24371 RALLYDEBUG rally_openstack.wrappers.network [-] CIDR generated: 1.1.5.108/30
2019-12-02 09:11:19.024 24353 RALLYDEBUG rally_openstack.wrappers.network [-] CIDR generated: 1.1.5.112/30
2019-12-02 09:11:19.041 24352 RALLYDEBUG rally_openstack.wrappers.network [-] CIDR generated: 1.1.5.116/30
2019-12-02 09:11:19.350 24387 RALLYDEBUG rally_openstack.wrappers.network [-] CIDR generated: 1.1.5.120/30
2019-12-02 09:11:19.717 24392 RALLYDEBUG rally_openstack.wrappers.network [-] CIDR generated: 1.1.5.124/30
2019-12-02 09:11:19.882 24371 RALLYDEBUG rally_openstack.wrappers.network [-] CIDR generated: 1.1.5.128/30
2019-12-02 09:11:20.056 24352 RALLYDEBUG rally_openstack.wrappers.network [-] CIDR generated: 1.1.5.132/30
2019-12-02 09:11:20.102 24396 INFO rally.task.runner [-] Task f6aee71c-f1c2-4152-9cfd-95e69110e273 | ITER: 21 END: OK
2019-12-02 09:11:20.106 24396 INFO rally.task.runner [-] Task f6aee71c-f1c2-4152-9cfd-95e69110e273 | ITER: 39 START
2019-12-02 09:11:20.107 24396 WARNING rally_openstack.scenarios.neutron.utils [-] Running this scenario without either the 'network' or 'existing_network' context is deprecated
2019-12-02 09:11:20.460 24374 RALLYDEBUG rally_openstack.wrappers.network [-] CIDR generated: 1.1.5.136/30
2019-12-02 09:11:20.698 24380 INFO rally.task.runner [-] Task f6aee71c-f1c2-4152-9cfd-95e69110e273 | ITER: 15 END: OK
2019-12-02 09:11:20.702 24380 INFO rally.task.runner [-] Task f6aee71c-f1c2-4152-9cfd-95e69110e273 | ITER: 40 START
2019-12-02 09:11:20.703 24380 WARNING rally_openstack.scenarios.neutron.utils [-] Running this scenario without either the 'network' or 'existing_network' context is deprecated
2019-12-02 09:11:20.850 24396 RALLYDEBUG rally_openstack.wrappers.network [-] CIDR generated: 1.1.5.140/30
2019-12-02 09:11:21.438 24351 RALLYDEBUG rally_openstack.wrappers.network [-] CIDR generated: 1.1.5.144/30
2019-12-02 09:11:21.590 24355 INFO rally.task.runner [-] Task f6aee71c-f1c2-4152-9cfd-95e69110e273 | ITER: 23 END: OK
2019-12-02 09:11:21.800 24380 RALLYDEBUG rally_openstack.wrappers.network [-] CIDR generated: 1.1.5.148/30
2019-12-02 09:11:22.006 24392 INFO rally.task.runner [-] Task f6aee71c-f1c2-4152-9cfd-95e69110e273 | ITER: 25 END: OK
2019-12-02 09:11:22.117 24396 RALLYDEBUG rally_openstack.wrappers.network [-] CIDR generated: 1.1.5.152/30
2019-12-02 09:11:22.452 24363 INFO rally.task.runner [-] Task f6aee71c-f1c2-4152-9cfd-95e69110e273 | ITER: 11 END: OK
2019-12-02 09:11:23.128 24380 RALLYDEBUG rally_openstack.wrappers.network [-] CIDR generated: 1.1.5.156/30
2019-12-02 09:11:23.246 24374 INFO rally.task.runner [-] Task f6aee71c-f1c2-4152-9cfd-95e69110e273 | ITER: 26 END: OK
2019-12-02 09:11:23.344 24353 INFO rally.task.runner [-] Task f6aee71c-f1c2-4152-9cfd-95e69110e273 | ITER: 27 END: OK
2019-12-02 09:11:23.476 24354 INFO rally.task.runner [-] Task f6aee71c-f1c2-4152-9cfd-95e69110e273 | ITER: 33 END: OK
2019-12-02 09:11:23.741 24377 INFO rally.task.runner [-] Task f6aee71c-f1c2-4152-9cfd-95e69110e273 | ITER: 31 END: OK
2019-12-02 09:11:23.847 24351 INFO rally.task.runner [-] Task f6aee71c-f1c2-4152-9cfd-95e69110e273 | ITER: 22 END: OK
2019-12-02 09:11:23.934 24393 INFO rally.task.runner [-] Task f6aee71c-f1c2-4152-9cfd-95e69110e273 | ITER: 36 END: OK
2019-12-02 09:11:24.158 24354 INFO rally.task.runner [-] Task f6aee71c-f1c2-4152-9cfd-95e69110e273 | ITER: 30 END: OK
2019-12-02 09:11:25.143 24358 INFO rally.task.runner [-] Task f6aee71c-f1c2-4152-9cfd-95e69110e273 | ITER: 34 END: OK
2019-12-02 09:11:25.301 24384 INFO rally.task.runner [-] Task f6aee71c-f1c2-4152-9cfd-95e69110e273 | ITER: 24 END: OK
2019-12-02 09:11:25.591 24387 INFO rally.task.runner [-] Task f6aee71c-f1c2-4152-9cfd-95e69110e273 | ITER: 29 END: OK
2019-12-02 09:11:25.853 24352 INFO rally.task.runner [-] Task f6aee71c-f1c2-4152-9cfd-95e69110e273 | ITER: 28 END: OK
2019-12-02 09:11:26.008 24352 INFO rally.task.runner [-] Task f6aee71c-f1c2-4152-9cfd-95e69110e273 | ITER: 37 END: OK
2019-12-02 09:11:26.029 24353 INFO rally.task.runner [-] Task f6aee71c-f1c2-4152-9cfd-95e69110e273 | ITER: 35 END: OK
2019-12-02 09:11:26.295 24351 INFO rally.task.runner [-] Task f6aee71c-f1c2-4152-9cfd-95e69110e273 | ITER: 32 END: OK
2019-12-02 09:11:26.360 24371 INFO rally.task.runner [-] Task f6aee71c-f1c2-4152-9cfd-95e69110e273 | ITER: 38 END: OK
2019-12-02 09:11:27.508 24396 INFO rally.task.runner [-] Task f6aee71c-f1c2-4152-9cfd-95e69110e273 | ITER: 39 END: OK
2019-12-02 09:11:27.948 24380 INFO rally.task.runner [-] Task f6aee71c-f1c2-4152-9cfd-95e69110e273 | ITER: 40 END: OK
2019-12-02 09:11:27.972 22157 INFO rally.task.context [-] Task f6aee71c-f1c2-4152-9cfd-95e69110e273 | Context cleanup@openstack cleanup() started
2019-12-02 09:11:27.976 22157 RALLYDEBUG rally_openstack.cleanup.manager [-] Cleaning up neutron vip objects
2019-12-02 09:11:28.369 22157 RALLYDEBUG rally_openstack.cleanup.manager [-] Cleaning up neutron health_monitor objects
2019-12-02 09:11:28.781 22157 RALLYDEBUG rally_openstack.cleanup.manager [-] Cleaning up neutron pool objects
2019-12-02 09:11:29.164 22157 RALLYDEBUG rally_openstack.cleanup.manager [-] Cleaning up neutron loadbalancer objects
2019-12-02 09:11:29.544 22157 RALLYDEBUG rally_openstack.cleanup.manager [-] Cleaning up neutron floatingip objects
2019-12-02 09:11:30.185 22157 RALLYDEBUG rally_openstack.cleanup.manager [-] Cleaning up neutron trunk objects
2019-12-02 09:11:30.584 22157 RALLYDEBUG rally_openstack.cleanup.manager [-] Cleaning up neutron port objects
2019-12-02 09:11:31.071 22157 RALLYDEBUG rally_openstack.cleanup.manager [-] Cleaning up neutron subnet objects
2019-12-02 09:11:31.499 22157 RALLYDEBUG rally_openstack.cleanup.manager [-] Cleaning up neutron network objects
2019-12-02 09:11:32.012 22157 RALLYDEBUG rally_openstack.cleanup.manager [-] Deleting neutron.network object s_rally_2491d7d8_9MQGVlGw (02e66bf8-c595-488b-be64-6ab66cb550e6)
2019-12-02 09:11:32.022 22157 RALLYDEBUG rally_openstack.cleanup.manager [-] Deleting neutron.network object s_rally_2491d7d8_WISifHDH (03af9d34-63e5-4650-9d59-cfc25d0e9054)
2019-12-02 09:11:32.041 22157 RALLYDEBUG rally_openstack.cleanup.manager [-] Deleting neutron.network object s_rally_2491d7d8_DLVx3Lx6 (04a837c6-16c3-46af-8050-e18f15dbf76e)
2019-12-02 09:11:32.050 22157 RALLYDEBUG rally_openstack.cleanup.manager [-] Deleting neutron.network object s_rally_2491d7d8_1RaXFWTw (0c5ef171-3ba1-425b-88f7-93521da038d2)
2019-12-02 09:11:32.051 22157 RALLYDEBUG rally_openstack.cleanup.manager [-] Deleting neutron.network object s_rally_2491d7d8_mk3898ii (06a7718a-97be-4274-a892-2c7d1357caa8)
2019-12-02 09:11:32.055 22157 RALLYDEBUG rally_openstack.cleanup.manager [-] Deleting neutron.network object s_rally_2491d7d8_JbAfeM2W (0eb7c5f4-f65b-4872-8c0d-eec06bdd08d0)
2019-12-02 09:11:32.081 22157 RALLYDEBUG rally_openstack.cleanup.manager [-] Deleting neutron.network object s_rally_2491d7d8_cPLvheAB (1d432409-d0f6-4ec1-935e-6567fad890bc)
2019-12-02 09:11:32.110 22157 RALLYDEBUG rally_openstack.cleanup.manager [-] Deleting neutron.network object s_rally_2491d7d8_wsp8fiCI (3e1daa79-75b1-4bc3-8475-ff62c6a85884)
2019-12-02 09:11:32.116 22157 RALLYDEBUG rally_openstack.cleanup.manager [-] Deleting neutron.network object s_rally_2491d7d8_gvJZQEH9 (2e9fb8d1-40ad-4304-a02d-f0adeef33228)
2019-12-02 09:11:32.122 22157 RALLYDEBUG rally_openstack.cleanup.manager [-] Deleting neutron.network object s_rally_2491d7d8_9TDFq9N7 (466c5b1d-55ef-498b-ae6f-159200bf3cd3)
2019-12-02 09:11:32.126 22157 RALLYDEBUG rally_openstack.cleanup.manager [-] Deleting neutron.network object s_rally_2491d7d8_vvIV4nen (2c84fdde-25c7-4c43-b2b2-c999e93b8a15)
2019-12-02 09:11:32.130 22157 RALLYDEBUG rally_openstack.cleanup.manager [-] Deleting neutron.network object s_rally_2491d7d8_LrluYHHF (50ca0248-ff6e-411d-81fb-c4be3ae852ba)
2019-12-02 09:11:32.137 22157 RALLYDEBUG rally_openstack.cleanup.manager [-] Deleting neutron.network object s_rally_2491d7d8_BVJzwJ0J (3def5ef5-00e1-44e2-a6d7-634a8cfc2634)
2019-12-02 09:11:32.162 22157 RALLYDEBUG rally_openstack.cleanup.manager [-] Deleting neutron.network object s_rally_2491d7d8_LS1U0GDq (2b13c15f-98fc-4457-88f0-8c3344d9c9fb)
2019-12-02 09:11:32.175 22157 RALLYDEBUG rally_openstack.cleanup.manager [-] Deleting neutron.network object s_rally_2491d7d8_AQ8MYjpI (42957328-282c-4d3a-99df-a1492dd0004f)
2019-12-02 09:11:32.178 22157 RALLYDEBUG rally_openstack.cleanup.manager [-] Deleting neutron.network object s_rally_2491d7d8_xUoKXCFA (54169fd4-724e-4b3f-8483-2efdf009f751)
2019-12-02 09:11:32.181 22157 RALLYDEBUG rally_openstack.cleanup.manager [-] Deleting neutron.network object s_rally_2491d7d8_CcLstmjO (7ce974b6-5824-4bb1-8f5c-abc8d0c691c0)
2019-12-02 09:11:32.216 22157 RALLYDEBUG rally_openstack.cleanup.manager [-] Deleting neutron.network object s_rally_2491d7d8_QqGOmZot (7cd200a2-bf5f-4433-a064-b9a178ea567b)
2019-12-02 09:11:32.226 22157 RALLYDEBUG rally_openstack.cleanup.manager [-] Deleting neutron.network object s_rally_2491d7d8_7IxuUNhh (7d36c8cc-61db-4769-8fd2-bfc42a70de12)
2019-12-02 09:11:32.229 22157 RALLYDEBUG rally_openstack.cleanup.manager [-] Deleting neutron.network object s_rally_2491d7d8_I3t3RR77 (7fd4ea47-7c21-460f-bc6c-c702110ba64d)
2019-12-02 09:11:34.112 22157 RALLYDEBUG rally_openstack.cleanup.manager [-] Deleting neutron.network object s_rally_2491d7d8_yOm03thN (889bc030-9209-42eb-bb47-6df04b6fb74c)
2019-12-02 09:11:34.575 22157 RALLYDEBUG rally_openstack.cleanup.manager [-] Deleting neutron.network object s_rally_2491d7d8_9xhu1gk5 (8c527ea5-2bf6-405a-8a1f-69b30d8629cf)
2019-12-02 09:11:34.596 22157 RALLYDEBUG rally_openstack.cleanup.manager [-] Deleting neutron.network object s_rally_2491d7d8_fv6q2rrh (9279e7c8-145d-44dc-9687-636bc363f69c)
2019-12-02 09:11:34.603 22157 RALLYDEBUG rally_openstack.cleanup.manager [-] Deleting neutron.network object s_rally_2491d7d8_P4nuwPLN (9530a3b7-fa31-4de2-bed5-a386a5bb9ee2)
2019-12-02 09:11:34.965 22157 RALLYDEBUG rally_openstack.cleanup.manager [-] Deleting neutron.network object s_rally_2491d7d8_WtPWkEPo (973d6997-ebec-4ec3-9989-e03805b2d36d)
2019-12-02 09:11:34.975 22157 RALLYDEBUG rally_openstack.cleanup.manager [-] Deleting neutron.network object s_rally_2491d7d8_lTdE8SWG (9deb8855-18be-49f9-b310-915114ea505d)
2019-12-02 09:11:34.991 22157 RALLYDEBUG rally_openstack.cleanup.manager [-] Deleting neutron.network object s_rally_2491d7d8_VpRQRNwC (a39dce0c-2220-4883-9c0a-d4dcdd4f429d)
2019-12-02 09:11:34.994 22157 RALLYDEBUG rally_openstack.cleanup.manager [-] Deleting neutron.network object s_rally_2491d7d8_xtQCkj9Q (b2227880-0b04-4737-9957-2b13a64ae739)
2019-12-02 09:11:35.087 22157 RALLYDEBUG rally_openstack.cleanup.manager [-] Deleting neutron.network object s_rally_2491d7d8_WgWOBeZE (c4b08213-6a83-4ab0-95cd-4cc9225da426)
2019-12-02 09:11:35.102 22157 RALLYDEBUG rally_openstack.cleanup.manager [-] Deleting neutron.network object s_rally_2491d7d8_J7X9HoyR (cd12686a-9539-4a64-9ab2-74c2fec655a7)
2019-12-02 09:11:35.129 22157 RALLYDEBUG rally_openstack.cleanup.manager [-] Deleting neutron.network object s_rally_2491d7d8_XiIhBgkx (ce73cd24-3cf5-4f46-9f93-75b2db5997f1)
2019-12-02 09:11:35.216 22157 RALLYDEBUG rally_openstack.cleanup.manager [-] Deleting neutron.network object s_rally_2491d7d8_Zrd7AK47 (cf804f21-b50e-48d1-9398-59c5c797bc5d)
2019-12-02 09:11:35.446 22157 RALLYDEBUG rally_openstack.cleanup.manager [-] Deleting neutron.network object s_rally_2491d7d8_5FXryQjf (d0e5ac8c-7a7a-454b-804f-3cb389450c0c)
2019-12-02 09:11:35.447 22157 RALLYDEBUG rally_openstack.cleanup.manager [-] Deleting neutron.network object s_rally_2491d7d8_3BwOM4JC (d0bf0153-c8eb-46c3-87a7-be6ed72b4b27)
2019-12-02 09:11:35.450 22157 RALLYDEBUG rally_openstack.cleanup.manager [-] Deleting neutron.network object s_rally_2491d7d8_dS5jJN2J (d98c7c8f-a314-4eaa-8c72-1584ef0ffe62)
2019-12-02 09:11:35.556 22157 RALLYDEBUG rally_openstack.cleanup.manager [-] Deleting neutron.network object s_rally_2491d7d8_S2mZvIEx (e4836ed3-bbdf-48c1-9f70-b0b0b3ebe1a6)
2019-12-02 09:11:36.012 22157 RALLYDEBUG rally_openstack.cleanup.manager [-] Deleting neutron.network object s_rally_2491d7d8_3SoPoa16 (e4c68d2b-a9c8-4c85-abac-2ef72d67d11f)
2019-12-02 09:11:36.083 22157 RALLYDEBUG rally_openstack.cleanup.manager [-] Deleting neutron.network object s_rally_2491d7d8_F0Ps0z1S (f21ef4b5-75b9-48ad-87ca-8dbea172b0c9)
2019-12-02 09:11:36.250 22157 RALLYDEBUG rally_openstack.cleanup.manager [-] Deleting neutron.network object s_rally_2491d7d8_RQzLiWlV (f63a2956-5ee2-4f7f-a1e7-6d494d1e454d)
2019-12-02 09:11:36.619 22157 RALLYDEBUG rally_openstack.cleanup.manager [-] Deleting neutron.network object s_rally_2491d7d8_bRVyad3K (fcd92b6e-8bcf-42e0-8135-faf3f8d85940)
2019-12-02 09:11:39.291 22157 RALLYDEBUG rally_openstack.cleanup.manager [-] Cleaning up neutron router objects
2019-12-02 09:11:39.700 22157 RALLYDEBUG rally_openstack.cleanup.manager [-] Cleaning up neutron security_group objects
2019-12-02 09:11:40.115 22157 INFO rally.task.context [-] Task f6aee71c-f1c2-4152-9cfd-95e69110e273 | Context cleanup@openstack cleanup() finished in 12.14 sec
2019-12-02 09:11:40.116 22157 INFO rally.task.context [-] Task f6aee71c-f1c2-4152-9cfd-95e69110e273 | Context quotas@openstack cleanup() started
2019-12-02 09:11:40.188 22157 INFO rally.task.context [-] Task f6aee71c-f1c2-4152-9cfd-95e69110e273 | Context quotas@openstack cleanup() finished in 72.71 msec
2019-12-02 09:11:40.189 22157 INFO rally.task.context [-] Task f6aee71c-f1c2-4152-9cfd-95e69110e273 | Context users@openstack cleanup() started
2019-12-02 09:11:43.120 22157 INFO rally.task.context [-] Task f6aee71c-f1c2-4152-9cfd-95e69110e273 | Context users@openstack cleanup() finished in 2.93 sec
2019-12-02 09:11:43.638 22157 INFO rally.task.engine [-] Load duration is: 23.667616
2019-12-02 09:11:43.639 22157 INFO rally.task.engine [-] Full runner duration is: 23.721185
2019-12-02 09:11:43.639 22157 INFO rally.task.engine [-] Full duration is: 41.649405
2019-12-02 09:11:43.962 22157 INFO rally.task.engine [-] Running workload: position = 0 config = { "version": 2, "title": "A cropped version of a bigger task.", "description": "Auto-generated task from a single workload (uuid=587837f8-dd1f-4ee7-b2c8-fbd90499fcc9)", "subtasks": [ { "title": "NeutronNetworks.create_and_list_routers", "description": "Create and a given number of routers and list all routers.", "scenario": { "NeutronNetworks.create_and_list_routers": { "network_create_args": null, "subnet_create_args": null, "subnet_cidr_start": "1.1.0.0/30", "subnets_per_network": 2, "router_create_args": null } }, "contexts": { "users": { "tenants": 1, "users_per_tenant": 1 }, "quotas": { "neutron": { "network": -1, "subnet": -1, "router": -1 } } }, "runner": { "constant": { "times": 40, "concurrency": 20 } }, "hooks": [], "sla": { "failure_rate": { "max": 0 } } } ] }
2019-12-02 09:11:43.991 22157 RALLYDEBUG rally_openstack.contexts.keystone.users [-] Creating 1 tenants using 20 threads
2019-12-02 09:11:44.894 22157 RALLYDEBUG rally_openstack.contexts.keystone.users [-] Creating 1 users using 20 threads
2019-12-02 09:11:46.228 22157 INFO rally.task.context [-] Task f6aee71c-f1c2-4152-9cfd-95e69110e273 | Context users@openstack setup() finished in 2.24 sec
2019-12-02 09:11:46.724 22157 INFO rally.task.context [-] Task f6aee71c-f1c2-4152-9cfd-95e69110e273 | Context quotas@openstack setup() finished in 0.50 sec
2019-12-02 09:11:46.724 22157 INFO rally.task.context [-] Task f6aee71c-f1c2-4152-9cfd-95e69110e273 | Context cleanup@openstack setup() finished in 0.01 msec
2019-12-02 09:11:46.734 22157 RALLYDEBUG rally.task.runner [-] Starting the constant runner (task UUID: f6aee71c-f1c2-4152-9cfd-95e69110e273). timeout: 0 concurrency: 20 concurrency_per_worker: 1 times: 40 concurrency_overhead: 4 processes_to_start: 16 max_cpu_used: 16
2019-12-02 09:11:46.748 24741 RALLYDEBUG rally.task.runner [-] Starting a worker. concurrency: 2 args: {"network_create_args": null, "subnet_create_args": null, "subnet_cidr_start": "1.1.0.0/30", "subnets_per_network": 2, "router_create_args": null} times: 40 method_name: run timeout: 0 duration: None cls:
2019-12-02 09:11:46.751 24742 RALLYDEBUG rally.task.runner [-] Starting a worker. concurrency: 2 args: {"network_create_args": null, "subnet_create_args": null, "subnet_cidr_start": "1.1.0.0/30", "subnets_per_network": 2, "router_create_args": null} times: 40 method_name: run timeout: 0 duration: None cls:
2019-12-02 09:11:46.754 24743 RALLYDEBUG rally.task.runner [-] Starting a worker. concurrency: 2 args: {"network_create_args": null, "subnet_create_args": null, "subnet_cidr_start": "1.1.0.0/30", "subnets_per_network": 2, "router_create_args": null} times: 40 method_name: run timeout: 0 duration: None cls:
2019-12-02 09:11:46.757 24744 RALLYDEBUG rally.task.runner [-] Starting a worker. concurrency: 2 args: {"network_create_args": null, "subnet_create_args": null, "subnet_cidr_start": "1.1.0.0/30", "subnets_per_network": 2, "router_create_args": null} times: 40 method_name: run timeout: 0 duration: None cls:
2019-12-02 09:11:46.759 24741 INFO rally.task.runner [-] Task f6aee71c-f1c2-4152-9cfd-95e69110e273 | ITER: 1 START
2019-12-02 09:11:46.759 24742 INFO rally.task.runner [-] Task f6aee71c-f1c2-4152-9cfd-95e69110e273 | ITER: 2 START
2019-12-02 09:11:46.761 24745 RALLYDEBUG rally.task.runner [-] Starting a worker. concurrency: 1 args: {"network_create_args": null, "subnet_create_args": null, "subnet_cidr_start": "1.1.0.0/30", "subnets_per_network": 2, "router_create_args": null} times: 40 method_name: run timeout: 0 duration: None cls:
2019-12-02 09:11:46.764 24748 RALLYDEBUG rally.task.runner [-] Starting a worker. concurrency: 1 args: {"network_create_args": null, "subnet_create_args": null, "subnet_cidr_start": "1.1.0.0/30", "subnets_per_network": 2, "router_create_args": null} times: 40 method_name: run timeout: 0 duration: None cls:
2019-12-02 09:11:46.765 24743 INFO rally.task.runner [-] Task f6aee71c-f1c2-4152-9cfd-95e69110e273 | ITER: 4 START
2019-12-02 09:11:46.764 24741 INFO rally.task.runner [-] Task f6aee71c-f1c2-4152-9cfd-95e69110e273 | ITER: 3 START
2019-12-02 09:11:46.766 24744 INFO rally.task.runner [-] Task f6aee71c-f1c2-4152-9cfd-95e69110e273 | ITER: 6 START
2019-12-02 09:11:46.767 24745 INFO rally.task.runner [-] Task f6aee71c-f1c2-4152-9cfd-95e69110e273 | ITER: 8 START
2019-12-02 09:11:46.770 24753 RALLYDEBUG rally.task.runner [-] Starting a worker. concurrency: 1 args: {"network_create_args": null, "subnet_create_args": null, "subnet_cidr_start": "1.1.0.0/30", "subnets_per_network": 2, "router_create_args": null} times: 40 method_name: run timeout: 0 duration: None cls:
2019-12-02 09:11:46.771 24748 INFO rally.task.runner [-] Task f6aee71c-f1c2-4152-9cfd-95e69110e273 | ITER: 10 START
2019-12-02 09:11:46.771 24756 RALLYDEBUG rally.task.runner [-] Starting a worker. concurrency: 1 args: {"network_create_args": null, "subnet_create_args": null, "subnet_cidr_start": "1.1.0.0/30", "subnets_per_network": 2, "router_create_args": null} times: 40 method_name: run timeout: 0 duration: None cls:
2019-12-02 09:11:46.776 24744 INFO rally.task.runner [-] Task f6aee71c-f1c2-4152-9cfd-95e69110e273 | ITER: 9 START
2019-12-02 09:11:46.773 24743 INFO rally.task.runner [-] Task f6aee71c-f1c2-4152-9cfd-95e69110e273 | ITER: 7 START
2019-12-02 09:11:46.778 24756 INFO rally.task.runner [-] Task f6aee71c-f1c2-4152-9cfd-95e69110e273 | ITER: 12 START
2019-12-02 09:11:46.778 24762 RALLYDEBUG rally.task.runner [-] Starting a worker. concurrency: 1 args: {"network_create_args": null, "subnet_create_args": null, "subnet_cidr_start": "1.1.0.0/30", "subnets_per_network": 2, "router_create_args": null} times: 40 method_name: run timeout: 0 duration: None cls:
2019-12-02 09:11:46.779 24753 INFO rally.task.runner [-] Task f6aee71c-f1c2-4152-9cfd-95e69110e273 | ITER: 11 START
2019-12-02 09:11:46.783 24742 INFO rally.task.runner [-] Task f6aee71c-f1c2-4152-9cfd-95e69110e273 | ITER: 5 START
2019-12-02 09:11:46.784 24762 INFO rally.task.runner [-] Task f6aee71c-f1c2-4152-9cfd-95e69110e273 | ITER: 13 START
2019-12-02 09:11:46.791 24771 RALLYDEBUG rally.task.runner [-] Starting a worker. concurrency: 1 args: {"network_create_args": null, "subnet_create_args": null, "subnet_cidr_start": "1.1.0.0/30", "subnets_per_network": 2, "router_create_args": null} times: 40 method_name: run timeout: 0 duration: None cls:
2019-12-02 09:11:46.793 24769 RALLYDEBUG rally.task.runner [-] Starting a worker. concurrency: 1 args: {"network_create_args": null, "subnet_create_args": null, "subnet_cidr_start": "1.1.0.0/30", "subnets_per_network": 2, "router_create_args": null} times: 40 method_name: run timeout: 0 duration: None cls:
2019-12-02 09:11:46.796 24774 RALLYDEBUG rally.task.runner [-] Starting a worker. concurrency: 1 args: {"network_create_args": null, "subnet_create_args": null, "subnet_cidr_start": "1.1.0.0/30", "subnets_per_network": 2, "router_create_args": null} times: 40 method_name: run timeout: 0 duration: None cls:
2019-12-02 09:11:46.799 24771 INFO rally.task.runner [-] Task f6aee71c-f1c2-4152-9cfd-95e69110e273 | ITER: 14 START
2019-12-02 09:11:46.801 24769 INFO rally.task.runner [-] Task f6aee71c-f1c2-4152-9cfd-95e69110e273 | ITER: 15 START
2019-12-02 09:11:46.804 24774 INFO rally.task.runner [-] Task f6aee71c-f1c2-4152-9cfd-95e69110e273 | ITER: 16 START
2019-12-02 09:11:46.803 24775 RALLYDEBUG rally.task.runner [-] Starting a worker. concurrency: 1 args: {"network_create_args": null, "subnet_create_args": null, "subnet_cidr_start": "1.1.0.0/30", "subnets_per_network": 2, "router_create_args": null} times: 40 method_name: run timeout: 0 duration: None cls:
2019-12-02 09:11:46.810 24775 INFO rally.task.runner [-] Task f6aee71c-f1c2-4152-9cfd-95e69110e273 | ITER: 17 START
2019-12-02 09:11:46.814 24782 RALLYDEBUG rally.task.runner [-] Starting a worker. concurrency: 1 args: {"network_create_args": null, "subnet_create_args": null, "subnet_cidr_start": "1.1.0.0/30", "subnets_per_network": 2, "router_create_args": null} times: 40 method_name: run timeout: 0 duration: None cls:
2019-12-02 09:11:46.817 24785 RALLYDEBUG rally.task.runner [-] Starting a worker. concurrency: 1 args: {"network_create_args": null, "subnet_create_args": null, "subnet_cidr_start": "1.1.0.0/30", "subnets_per_network": 2, "router_create_args": null} times: 40 method_name: run timeout: 0 duration: None cls:
2019-12-02 09:11:46.819 24782 INFO rally.task.runner [-] Task f6aee71c-f1c2-4152-9cfd-95e69110e273 | ITER: 18 START
2019-12-02 09:11:46.821 24786 RALLYDEBUG rally.task.runner [-] Starting a worker. concurrency: 1 args: {"network_create_args": null, "subnet_create_args": null, "subnet_cidr_start": "1.1.0.0/30", "subnets_per_network": 2, "router_create_args": null} times: 40 method_name: run timeout: 0 duration: None cls:
2019-12-02 09:11:46.822 24785 INFO rally.task.runner [-] Task f6aee71c-f1c2-4152-9cfd-95e69110e273 | ITER: 19 START
2019-12-02 09:11:46.826 24786 INFO rally.task.runner [-] Task f6aee71c-f1c2-4152-9cfd-95e69110e273 | ITER: 20 START
2019-12-02 09:11:47.599 24744 RALLYDEBUG rally_openstack.wrappers.network [-] CIDR generated: 1.1.5.160/30
2019-12-02 09:11:47.712 24745 RALLYDEBUG rally_openstack.wrappers.network [-] CIDR generated: 1.1.5.164/30
2019-12-02 09:11:47.767 24756 RALLYDEBUG rally_openstack.wrappers.network [-] CIDR generated: 1.1.5.168/30
2019-12-02 09:11:47.806 24786 RALLYDEBUG rally_openstack.wrappers.network [-] CIDR generated: 1.1.5.172/30
2019-12-02 09:11:47.818 24748 RALLYDEBUG rally_openstack.wrappers.network [-] CIDR generated: 1.1.5.176/30
2019-12-02 09:11:47.880 24775 RALLYDEBUG rally_openstack.wrappers.network [-] CIDR generated: 1.1.5.180/30
2019-12-02 09:11:47.882 24742 RALLYDEBUG rally_openstack.wrappers.network [-] CIDR generated: 1.1.5.184/30
2019-12-02 09:11:47.894 24741 RALLYDEBUG rally_openstack.wrappers.network [-] CIDR generated: 1.1.5.188/30
2019-12-02 09:11:47.965 24742 RALLYDEBUG rally_openstack.wrappers.network [-] CIDR generated: 1.1.5.192/30
2019-12-02 09:11:47.977 24774 RALLYDEBUG rally_openstack.wrappers.network [-] CIDR generated: 1.1.5.196/30
2019-12-02 09:11:48.012 24771 RALLYDEBUG rally_openstack.wrappers.network [-] CIDR generated: 1.1.5.200/30
2019-12-02 09:11:48.019 24741 RALLYDEBUG rally_openstack.wrappers.network [-] CIDR generated: 1.1.5.204/30
2019-12-02 09:11:48.068 24785 RALLYDEBUG rally_openstack.wrappers.network [-] CIDR generated: 1.1.5.208/30
2019-12-02 09:11:48.092 24744 RALLYDEBUG rally_openstack.wrappers.network [-] CIDR generated: 1.1.5.212/30
2019-12-02 09:11:48.096 24743 RALLYDEBUG rally_openstack.wrappers.network [-] CIDR generated: 1.1.5.216/30
2019-12-02 09:11:48.099 24762 RALLYDEBUG rally_openstack.wrappers.network [-] CIDR generated: 1.1.5.220/30
2019-12-02 09:11:48.429 24769 RALLYDEBUG rally_openstack.wrappers.network [-] CIDR generated: 1.1.5.224/30
2019-12-02 09:11:48.436 24753 RALLYDEBUG rally_openstack.wrappers.network [-] CIDR generated: 1.1.5.228/30
2019-12-02 09:11:48.497 24743 RALLYDEBUG rally_openstack.wrappers.network [-] CIDR generated: 1.1.5.232/30
2019-12-02 09:11:48.660 24745 RALLYDEBUG rally_openstack.wrappers.network [-] CIDR generated: 1.1.5.236/30
2019-12-02 09:11:48.695 24782 RALLYDEBUG rally_openstack.wrappers.network [-] CIDR generated: 1.1.5.240/30
2019-12-02 09:11:49.065 24756 RALLYDEBUG rally_openstack.wrappers.network [-] CIDR generated: 1.1.5.244/30
2019-12-02 09:11:49.230 24744 RALLYDEBUG rally_openstack.wrappers.network [-] CIDR generated: 1.1.5.248/30
2019-12-02 09:11:49.541 24741 RALLYDEBUG rally_openstack.wrappers.network [-] CIDR generated: 1.1.5.252/30
2019-12-02 09:11:49.681 24775 RALLYDEBUG rally_openstack.wrappers.network [-] CIDR generated: 1.1.6.0/30
2019-12-02 09:11:49.805 24771 RALLYDEBUG rally_openstack.wrappers.network [-] CIDR generated: 1.1.6.4/30
2019-12-02 09:11:49.815 24741 RALLYDEBUG rally_openstack.wrappers.network [-] CIDR generated: 1.1.6.8/30
2019-12-02 09:11:49.934 24785 RALLYDEBUG rally_openstack.wrappers.network [-] CIDR generated: 1.1.6.12/30
2019-12-02 09:11:49.971 24786 RALLYDEBUG rally_openstack.wrappers.network [-] CIDR generated: 1.1.6.16/30
2019-12-02 09:11:50.063 24774 RALLYDEBUG rally_openstack.wrappers.network [-] CIDR generated: 1.1.6.20/30
2019-12-02 09:11:50.245 24744 RALLYDEBUG rally_openstack.wrappers.network [-] CIDR generated: 1.1.6.24/30
2019-12-02 09:11:50.256 24762 RALLYDEBUG rally_openstack.wrappers.network [-] CIDR generated: 1.1.6.28/30
2019-12-02 09:11:50.448 24769 RALLYDEBUG rally_openstack.wrappers.network [-] CIDR generated: 1.1.6.32/30
2019-12-02 09:11:50.898 24748 RALLYDEBUG rally_openstack.wrappers.network [-] CIDR generated: 1.1.6.36/30
2019-12-02 09:11:51.069 24743 RALLYDEBUG rally_openstack.wrappers.network [-] CIDR generated: 1.1.6.40/30
2019-12-02 09:11:51.122 24743 RALLYDEBUG rally_openstack.wrappers.network [-] CIDR generated: 1.1.6.44/30
2019-12-02 09:11:51.229 24742 RALLYDEBUG rally_openstack.wrappers.network [-] CIDR generated: 1.1.6.48/30
2019-12-02 09:11:52.235 24753 RALLYDEBUG rally_openstack.wrappers.network [-] CIDR generated: 1.1.6.52/30
2019-12-02 09:11:52.416 24782 RALLYDEBUG rally_openstack.wrappers.network [-] CIDR generated: 1.1.6.56/30
2019-12-02 09:11:52.843 24742 RALLYDEBUG rally_openstack.wrappers.network [-] CIDR generated: 1.1.6.60/30
2019-12-02 09:11:57.003 24762 INFO rally.task.runner [-] Task f6aee71c-f1c2-4152-9cfd-95e69110e273 | ITER: 13 END: OK
2019-12-02 09:11:57.008 24762 INFO rally.task.runner [-] Task f6aee71c-f1c2-4152-9cfd-95e69110e273 | ITER: 21 START
2019-12-02 09:11:58.344 24762 RALLYDEBUG rally_openstack.wrappers.network [-] CIDR generated: 1.1.6.64/30
2019-12-02 09:11:59.655 24774 INFO rally.task.runner [-] Task f6aee71c-f1c2-4152-9cfd-95e69110e273 | ITER: 16 END: OK
2019-12-02 09:11:59.660 24774 INFO rally.task.runner [-] Task f6aee71c-f1c2-4152-9cfd-95e69110e273 | ITER: 22 START
2019-12-02 09:12:00.304 24774 RALLYDEBUG rally_openstack.wrappers.network [-] CIDR generated: 1.1.6.68/30
