2019-12-02 09:19:58.459 26638 WARNING rally_openstack.scenarios.neutron.utils [-] Running this scenario without either the 'network' or 'existing_network' context is deprecated
2019-12-02 09:19:58.462 26644 INFO rally.task.runner [-] Task f6aee71c-f1c2-4152-9cfd-95e69110e273 | ITER: 36 START
2019-12-02 09:19:58.462 26644 WARNING rally_openstack.scenarios.neutron.utils [-] Running this scenario without either the 'network' or 'existing_network' context is deprecated
2019-12-02 09:19:58.499 26624 INFO rally.task.runner [-] Task f6aee71c-f1c2-4152-9cfd-95e69110e273 | ITER: 2 END: OK
2019-12-02 09:19:58.503 26624 INFO rally.task.runner [-] Task f6aee71c-f1c2-4152-9cfd-95e69110e273 | ITER: 37 START
2019-12-02 09:19:58.504 26624 WARNING rally_openstack.scenarios.neutron.utils [-] Running this scenario without either the 'network' or 'existing_network' context is deprecated
2019-12-02 09:19:59.093 26668 INFO rally.task.runner [-] Task f6aee71c-f1c2-4152-9cfd-95e69110e273 | ITER: 20 END: OK
2019-12-02 09:19:59.098 26668 INFO rally.task.runner [-] Task f6aee71c-f1c2-4152-9cfd-95e69110e273 | ITER: 38 START
2019-12-02 09:19:59.098 26668 WARNING rally_openstack.scenarios.neutron.utils [-] Running this scenario without either the 'network' or 'existing_network' context is deprecated
2019-12-02 09:19:59.118 26625 INFO rally.task.runner [-] Task f6aee71c-f1c2-4152-9cfd-95e69110e273 | ITER: 7 END: OK
2019-12-02 09:19:59.122 26625 INFO rally.task.runner [-] Task f6aee71c-f1c2-4152-9cfd-95e69110e273 | ITER: 39 START
2019-12-02 09:19:59.123 26625 WARNING rally_openstack.scenarios.neutron.utils [-] Running this scenario without either the 'network' or 'existing_network' context is deprecated
2019-12-02 09:19:59.481 26627 INFO rally.task.runner [-] Task f6aee71c-f1c2-4152-9cfd-95e69110e273 | ITER: 8 END: OK
2019-12-02 09:19:59.486 26627 INFO rally.task.runner [-] Task f6aee71c-f1c2-4152-9cfd-95e69110e273 | ITER: 40 START
2019-12-02 09:19:59.487 26627 WARNING rally_openstack.scenarios.neutron.utils [-] Running this scenario without either the 'network' or 'existing_network' context is deprecated
2019-12-02 09:20:04.295 26653 INFO rally.task.runner [-] Task f6aee71c-f1c2-4152-9cfd-95e69110e273 | ITER: 23 END: OK
2019-12-02 09:20:04.671 26632 INFO rally.task.runner [-] Task f6aee71c-f1c2-4152-9cfd-95e69110e273 | ITER: 24 END: OK
2019-12-02 09:20:05.471 26629 INFO rally.task.runner [-] Task f6aee71c-f1c2-4152-9cfd-95e69110e273 | ITER: 22 END: OK
2019-12-02 09:20:06.537 26625 INFO rally.task.runner [-] Task f6aee71c-f1c2-4152-9cfd-95e69110e273 | ITER: 21 END: OK
2019-12-02 09:20:06.832 26623 INFO rally.task.runner [-] Task f6aee71c-f1c2-4152-9cfd-95e69110e273 | ITER: 30 END: OK
2019-12-02 09:20:06.975 26626 INFO rally.task.runner [-] Task f6aee71c-f1c2-4152-9cfd-95e69110e273 | ITER: 25 END: OK
2019-12-02 09:20:07.478 26624 INFO rally.task.runner [-] Task f6aee71c-f1c2-4152-9cfd-95e69110e273 | ITER: 26 END: OK
2019-12-02 09:20:07.634 26636 INFO rally.task.runner [-] Task f6aee71c-f1c2-4152-9cfd-95e69110e273 | ITER: 29 END: OK
2019-12-02 09:20:08.495 26627 INFO rally.task.runner [-] Task f6aee71c-f1c2-4152-9cfd-95e69110e273 | ITER: 40 END: OK
2019-12-02 09:20:08.780 26666 INFO rally.task.runner [-] Task f6aee71c-f1c2-4152-9cfd-95e69110e273 | ITER: 34 END: OK
2019-12-02 09:20:08.838 26623 INFO rally.task.runner [-] Task f6aee71c-f1c2-4152-9cfd-95e69110e273 | ITER: 27 END: OK
2019-12-02 09:20:08.856 26638 INFO rally.task.runner [-] Task f6aee71c-f1c2-4152-9cfd-95e69110e273 | ITER: 35 END: OK
2019-12-02 09:20:08.985 26644 INFO rally.task.runner [-] Task f6aee71c-f1c2-4152-9cfd-95e69110e273 | ITER: 36 END: OK
2019-12-02 09:20:09.051 26659 INFO rally.task.runner [-] Task f6aee71c-f1c2-4152-9cfd-95e69110e273 | ITER: 31 END: OK
2019-12-02 09:20:09.068 26642 INFO rally.task.runner [-] Task f6aee71c-f1c2-4152-9cfd-95e69110e273 | ITER: 33 END: OK
2019-12-02 09:20:09.295 26624 INFO rally.task.runner [-] Task f6aee71c-f1c2-4152-9cfd-95e69110e273 | ITER: 37 END: OK
2019-12-02 09:20:09.361 26646 INFO rally.task.runner [-] Task f6aee71c-f1c2-4152-9cfd-95e69110e273 | ITER: 28 END: OK
2019-12-02 09:20:09.616 26625 INFO rally.task.runner [-] Task f6aee71c-f1c2-4152-9cfd-95e69110e273 | ITER: 39 END: OK
2019-12-02 09:20:09.820 26626 INFO rally.task.runner [-] Task f6aee71c-f1c2-4152-9cfd-95e69110e273 | ITER: 32 END: OK
2019-12-02 09:20:10.446 26668 INFO rally.task.runner [-] Task f6aee71c-f1c2-4152-9cfd-95e69110e273 | ITER: 38 END: OK
2019-12-02 09:20:10.478 22157 INFO rally.task.context [-] Task f6aee71c-f1c2-4152-9cfd-95e69110e273 | Context cleanup@openstack cleanup() started
2019-12-02 09:20:10.482 22157 RALLYDEBUG rally_openstack.cleanup.manager [-] Cleaning up neutron vip objects
2019-12-02 09:20:10.872 22157 RALLYDEBUG rally_openstack.cleanup.manager [-] Cleaning up neutron health_monitor objects
2019-12-02 09:20:11.254 22157 RALLYDEBUG rally_openstack.cleanup.manager [-] Cleaning up neutron pool objects
2019-12-02 09:20:11.645 22157 RALLYDEBUG rally_openstack.cleanup.manager [-] Cleaning up neutron loadbalancer objects
2019-12-02 09:20:12.036 22157 RALLYDEBUG rally_openstack.cleanup.manager [-] Cleaning up neutron floatingip objects
2019-12-02 09:20:12.738 22157 RALLYDEBUG rally_openstack.cleanup.manager [-] Cleaning up neutron trunk objects
2019-12-02 09:20:13.152 22157 RALLYDEBUG rally_openstack.cleanup.manager [-] Cleaning up neutron port objects
2019-12-02 09:20:13.572 22157 RALLYDEBUG rally_openstack.cleanup.manager [-] Cleaning up neutron subnet objects
2019-12-02 09:20:13.969 22157 RALLYDEBUG rally_openstack.cleanup.manager [-] Cleaning up neutron network objects
2019-12-02 09:20:14.665 22157 RALLYDEBUG rally_openstack.cleanup.manager [-] Deleting neutron.network object s_rally_02b2d578_r9C02oXe (0a193d4b-a987-4f81-98d9-4e72e58c21a9)
2019-12-02 09:20:14.671 22157 RALLYDEBUG rally_openstack.cleanup.manager [-] Deleting neutron.network object s_rally_02b2d578_0LK9bcV0 (3f224a0d-f523-4946-b0ac-a6639c379b71)
2019-12-02 09:20:14.672 22157 RALLYDEBUG rally_openstack.cleanup.manager [-] Deleting neutron.network object s_rally_02b2d578_eybqjxAN (3e26ac38-e032-4d49-af80-82b3b2d919f6)
2019-12-02 09:20:14.674 22157 RALLYDEBUG rally_openstack.cleanup.manager [-] Deleting neutron.network object s_rally_02b2d578_X2lpWxBi (16db63ca-6474-48df-8dee-d8449c34f0a1)
2019-12-02 09:20:14.672 22157 RALLYDEBUG rally_openstack.cleanup.manager [-] Deleting neutron.network object s_rally_02b2d578_KPQt4iBc (51de58eb-700b-40c3-9371-8a95b70f9aaf)
2019-12-02 09:20:14.676 22157 RALLYDEBUG rally_openstack.cleanup.manager [-] Deleting neutron.network object s_rally_02b2d578_Gay7c5oI (5e7c4d2b-4c27-4b9a-9487-4b88be838c08)
2019-12-02 09:20:14.679 22157 RALLYDEBUG rally_openstack.cleanup.manager [-] Deleting neutron.network object s_rally_02b2d578_L5FBNy74 (8db29e0d-f30b-4cf9-b5ad-afe5a6d8beb8)
2019-12-02 09:20:14.678 22157 RALLYDEBUG rally_openstack.cleanup.manager [-] Deleting neutron.network object s_rally_02b2d578_Zms3ueSA (5f7800c9-1525-49b0-9813-eff5615d9d1d)
2019-12-02 09:20:14.680 22157 RALLYDEBUG rally_openstack.cleanup.manager [-] Deleting neutron.network object s_rally_02b2d578_gudqnVSs (020ecf4d-72b2-4fe8-b015-b63740b1443e)
2019-12-02 09:20:14.682 22157 RALLYDEBUG rally_openstack.cleanup.manager [-] Deleting neutron.network object s_rally_02b2d578_arVZBS8y (75f626aa-d9a3-412d-a047-4bdf199a6b9d)
2019-12-02 09:20:14.688 22157 RALLYDEBUG rally_openstack.cleanup.manager [-] Deleting neutron.network object s_rally_02b2d578_YzDrMrwi (1cf5fda1-c618-4ba0-8624-3cebd1bcdc83)
2019-12-02 09:20:14.690 22157 RALLYDEBUG rally_openstack.cleanup.manager [-] Deleting neutron.network object s_rally_02b2d578_dPQBjqDS (875122fd-ee4f-47c7-94ea-9f06ea436f48)
2019-12-02 09:20:14.694 22157 RALLYDEBUG rally_openstack.cleanup.manager [-] Deleting neutron.network object s_rally_02b2d578_WnNrwja9 (34e65af8-e705-4c61-90a2-840c39e493a3)
2019-12-02 09:20:14.695 22157 RALLYDEBUG rally_openstack.cleanup.manager [-] Deleting neutron.network object s_rally_02b2d578_rZdj0gVN (9201e07f-76e8-4066-87f2-2e16337754ee)
2019-12-02 09:20:14.696 22157 RALLYDEBUG rally_openstack.cleanup.manager [-] Deleting neutron.network object s_rally_02b2d578_2QHhz7FK (7054358b-7e67-4260-a5e4-286c2503a661)
2019-12-02 09:20:14.698 22157 RALLYDEBUG rally_openstack.cleanup.manager [-] Deleting neutron.network object s_rally_02b2d578_HdGlXLhw (5e6d70b4-cb32-4072-bb49-2ac9dc5fa5cd)
2019-12-02 09:20:14.700 22157 RALLYDEBUG rally_openstack.cleanup.manager [-] Deleting neutron.network object s_rally_02b2d578_BZmI55jN (67411654-978d-496d-b351-211843933896)
2019-12-02 09:20:14.706 22157 RALLYDEBUG rally_openstack.cleanup.manager [-] Deleting neutron.network object s_rally_02b2d578_2ON5mX6p (8bd8cfc9-ad86-486c-a2e4-1e2d13b21ce7)
2019-12-02 09:20:14.717 22157 RALLYDEBUG rally_openstack.cleanup.manager [-] Deleting neutron.network object s_rally_02b2d578_vaDyxspz (3b48a769-8194-4af9-9ca7-6ab695c5f6ad)
2019-12-02 09:20:14.718 22157 RALLYDEBUG rally_openstack.cleanup.manager [-] Deleting neutron.network object s_rally_02b2d578_aNjubcnc (0d336a0a-f765-4043-88b0-0fcbc58951ed)
2019-12-02 09:20:16.957 22157 RALLYDEBUG rally_openstack.cleanup.manager [-] Deleting neutron.network object s_rally_02b2d578_3VcH9pSy (922a5dc3-666f-4566-af7b-65d21ce9e3b5)
2019-12-02 09:20:17.203 22157 RALLYDEBUG rally_openstack.cleanup.manager [-] Deleting neutron.network object s_rally_02b2d578_XxIwGMjq (960de7fb-b4a6-4ed8-98bb-01502c6985be)
2019-12-02 09:20:17.279 22157 RALLYDEBUG rally_openstack.cleanup.manager [-] Deleting neutron.network object s_rally_02b2d578_LmLcftYu (a474ea81-7404-4d7d-b6d8-9bf7f48014fd)
2019-12-02 09:20:17.343 22157 RALLYDEBUG rally_openstack.cleanup.manager [-] Deleting neutron.network object s_rally_02b2d578_Kl1rB89B (a4fce814-bc40-4763-8ab9-b37515e3a68e)
2019-12-02 09:20:17.447 22157 RALLYDEBUG rally_openstack.cleanup.manager [-] Deleting neutron.network object s_rally_02b2d578_BNVLsIMG (a60a13c7-530d-428e-a6a7-4c602803709e)
2019-12-02 09:20:17.455 22157 RALLYDEBUG rally_openstack.cleanup.manager [-] Deleting neutron.network object s_rally_02b2d578_QURvHX8H (a8f74f88-6311-4837-8499-2358c52e89f6)
2019-12-02 09:20:17.609 22157 RALLYDEBUG rally_openstack.cleanup.manager [-] Deleting neutron.network object s_rally_02b2d578_RiolK9EJ (aa68a3b9-65ed-420e-aa5e-6f3c505858a6)
2019-12-02 09:20:17.832 22157 RALLYDEBUG rally_openstack.cleanup.manager [-] Deleting neutron.network object s_rally_02b2d578_qT7nTo3Q (b4586f1b-7b0b-4fc5-9f4b-238d17d1db0a)
2019-12-02 09:20:17.855 22157 RALLYDEBUG rally_openstack.cleanup.manager [-] Deleting neutron.network object s_rally_02b2d578_mHYNxXLJ (b4764740-0317-4f3f-ae6c-a0e516359de8)
2019-12-02 09:20:17.925 22157 RALLYDEBUG rally_openstack.cleanup.manager [-] Deleting neutron.network object s_rally_02b2d578_5Pfcb0Y3 (b6c3b350-8952-415b-bf38-df1e10d0d30d)
2019-12-02 09:20:17.945 22157 RALLYDEBUG rally_openstack.cleanup.manager [-] Deleting neutron.network object s_rally_02b2d578_cz2fibBM (cb9e3602-f580-4209-b3da-2542feaa8347)
2019-12-02 09:20:18.116 22157 RALLYDEBUG rally_openstack.cleanup.manager [-] Deleting neutron.network object s_rally_02b2d578_PwsjIHLb (d08e9fe0-ca50-4302-adbb-846ab4c44e5b)
2019-12-02 09:20:18.131 22157 RALLYDEBUG rally_openstack.cleanup.manager [-] Deleting neutron.network object s_rally_02b2d578_vAwITs8T (d3c1f390-a9e4-46dd-b60f-829a34011ecd)
2019-12-02 09:20:18.163 22157 RALLYDEBUG rally_openstack.cleanup.manager [-] Deleting neutron.network object s_rally_02b2d578_5SpXev8I (de0c1b6e-4bac-4c2c-8e11-9cd04562c7d4)
2019-12-02 09:20:18.366 22157 RALLYDEBUG rally_openstack.cleanup.manager [-] Deleting neutron.network object s_rally_02b2d578_hRDMlYdJ (df53648c-d944-4e9d-8344-2b757bb6432b)
2019-12-02 09:20:18.707 22157 RALLYDEBUG rally_openstack.cleanup.manager [-] Deleting neutron.network object s_rally_02b2d578_0vhDVqTF (e6ab7d05-b4c5-4abe-bd42-b9dbfa603e1b)
2019-12-02 09:20:19.121 22157 RALLYDEBUG rally_openstack.cleanup.manager [-] Deleting neutron.network object s_rally_02b2d578_O78T6osr (ed0d3a90-802d-4838-9fef-ff33a6c9b253)
2019-12-02 09:20:19.141 22157 RALLYDEBUG rally_openstack.cleanup.manager [-] Deleting neutron.network object s_rally_02b2d578_WFCNz8NX (ee86c4e7-4901-4e16-b72c-723ea9ff0d5a)
2019-12-02 09:20:19.199 22157 RALLYDEBUG rally_openstack.cleanup.manager [-] Deleting neutron.network object s_rally_02b2d578_eSVE3g5W (efe7f640-4a97-4856-93a6-471f20c29b55)
2019-12-02 09:20:19.230 22157 RALLYDEBUG rally_openstack.cleanup.manager [-] Deleting neutron.network object s_rally_02b2d578_watdWVbA (fe531202-98ab-422e-a6dc-6734a5773a70)
2019-12-02 09:20:21.558 22157 RALLYDEBUG rally_openstack.cleanup.manager [-] Cleaning up neutron router objects
2019-12-02 09:20:21.989 22157 RALLYDEBUG rally_openstack.cleanup.manager [-] Cleaning up neutron security_group objects
2019-12-02 09:20:22.410 22157 INFO rally.task.context [-] Task f6aee71c-f1c2-4152-9cfd-95e69110e273 | Context cleanup@openstack cleanup() finished in 11.93 sec
2019-12-02 09:20:22.410 22157 INFO rally.task.context [-] Task f6aee71c-f1c2-4152-9cfd-95e69110e273 | Context quotas@openstack cleanup() started
2019-12-02 09:20:22.491 22157 INFO rally.task.context [-] Task f6aee71c-f1c2-4152-9cfd-95e69110e273 | Context quotas@openstack cleanup() finished in 81.06 msec
2019-12-02 09:20:22.492 22157 INFO rally.task.context [-] Task f6aee71c-f1c2-4152-9cfd-95e69110e273 | Context users@openstack cleanup() started
2019-12-02 09:20:25.183 22157 INFO rally.task.context [-] Task f6aee71c-f1c2-4152-9cfd-95e69110e273 | Context users@openstack cleanup() finished in 2.69 sec
2019-12-02 09:20:26.287 22157 INFO rally.task.engine [-] Load duration is: 25.439453
2019-12-02 09:20:26.287 22157 INFO rally.task.engine [-] Full runner duration is: 25.500454
2019-12-02 09:20:26.288 22157 INFO rally.task.engine [-] Full duration is: 43.069834
2019-12-02 09:20:26.656 22157 INFO rally.task.engine [-] Running workload: position = 0 config = { "version": 2, "title": "A cropped version of a bigger task.", "description": "Auto-generated task from a single workload (uuid=05c502d7-daf7-4c5e-bc6a-c35c70dc3e33)", "subtasks": [ { "title": "Quotas.neutron_update", "description": "Update quotas for neutron.", "scenario": { "Quotas.neutron_update": { "max_quota": 1024 } }, "contexts": { "users": { "tenants": 20, "users_per_tenant": 1 } }, "runner": { "constant": { "times": 40, "concurrency": 20 } }, "hooks": [], "sla": { "failure_rate": { "max": 0 } } } ] }
2019-12-02 09:20:26.684 22157 RALLYDEBUG rally_openstack.contexts.keystone.users [-] Creating 20 tenants using 20 threads
2019-12-02 09:20:28.844 22157 RALLYDEBUG rally_openstack.contexts.keystone.users [-] Creating 20 users using 20 threads
2019-12-02 09:20:31.591 22157 INFO rally.task.context [-] Task f6aee71c-f1c2-4152-9cfd-95e69110e273 | Context users@openstack setup() finished in 4.91 sec
2019-12-02 09:20:31.592 22157 INFO rally.task.context [-] Task f6aee71c-f1c2-4152-9cfd-95e69110e273 | Context admin_cleanup@openstack setup() finished in 0.01 msec
2019-12-02 09:20:31.602 22157 RALLYDEBUG rally.task.runner [-] Starting the constant runner (task UUID: f6aee71c-f1c2-4152-9cfd-95e69110e273). timeout: 0 concurrency: 20 concurrency_per_worker: 1 times: 40 concurrency_overhead: 4 processes_to_start: 16 max_cpu_used: 16
2019-12-02 09:20:31.617 27013 RALLYDEBUG rally.task.runner [-] Starting a worker. concurrency: 2 args: {"max_quota": 1024} times: 40 method_name: run timeout: 0 duration: None cls:
2019-12-02 09:20:31.619 27014 RALLYDEBUG rally.task.runner [-] Starting a worker. concurrency: 2 args: {"max_quota": 1024} times: 40 method_name: run timeout: 0 duration: None cls:
2019-12-02 09:20:31.623 27015 RALLYDEBUG rally.task.runner [-] Starting a worker. concurrency: 2 args: {"max_quota": 1024} times: 40 method_name: run timeout: 0 duration: None cls:
2019-12-02 09:20:31.626 27016 RALLYDEBUG rally.task.runner [-] Starting a worker. concurrency: 2 args: {"max_quota": 1024} times: 40 method_name: run timeout: 0 duration: None cls:
2019-12-02 09:20:31.630 27014 INFO rally.task.runner [-] Task f6aee71c-f1c2-4152-9cfd-95e69110e273 | ITER: 2 START
2019-12-02 09:20:31.630 27017 RALLYDEBUG rally.task.runner [-] Starting a worker. concurrency: 1 args: {"max_quota": 1024} times: 40 method_name: run timeout: 0 duration: None cls:
2019-12-02 09:20:31.631 27013 INFO rally.task.runner [-] Task f6aee71c-f1c2-4152-9cfd-95e69110e273 | ITER: 1 START
2019-12-02 09:20:31.633 27018 RALLYDEBUG rally.task.runner [-] Starting a worker. concurrency: 1 args: {"max_quota": 1024} times: 40 method_name: run timeout: 0 duration: None cls:
2019-12-02 09:20:31.636 27015 INFO rally.task.runner [-] Task f6aee71c-f1c2-4152-9cfd-95e69110e273 | ITER: 3 START
2019-12-02 09:20:31.640 27022 RALLYDEBUG rally.task.runner [-] Starting a worker. concurrency: 1 args: {"max_quota": 1024} times: 40 method_name: run timeout: 0 duration: None cls:
2019-12-02 09:20:31.642 27017 INFO rally.task.runner [-] Task f6aee71c-f1c2-4152-9cfd-95e69110e273 | ITER: 7 START
2019-12-02 09:20:31.642 27024 RALLYDEBUG rally.task.runner [-] Starting a worker. concurrency: 1 args: {"max_quota": 1024} times: 40 method_name: run timeout: 0 duration: None cls:
2019-12-02 09:20:31.647 27018 INFO rally.task.runner [-] Task f6aee71c-f1c2-4152-9cfd-95e69110e273 | ITER: 9 START
2019-12-02 09:20:31.649 27016 INFO rally.task.runner [-] Task f6aee71c-f1c2-4152-9cfd-95e69110e273 | ITER: 4 START
2019-12-02 09:20:31.649 27029 RALLYDEBUG rally.task.runner [-] Starting a worker. concurrency: 1 args: {"max_quota": 1024} times: 40 method_name: run timeout: 0 duration: None cls:
2019-12-02 09:20:31.652 27024 INFO rally.task.runner [-] Task f6aee71c-f1c2-4152-9cfd-95e69110e273 | ITER: 12 START
2019-12-02 09:20:31.654 27016 INFO rally.task.runner [-] Task f6aee71c-f1c2-4152-9cfd-95e69110e273 | ITER: 10 START
2019-12-02 09:20:31.655 27022 INFO rally.task.runner [-] Task f6aee71c-f1c2-4152-9cfd-95e69110e273 | ITER: 11 START
2019-12-02 09:20:31.652 27013 INFO rally.task.runner [-] Task f6aee71c-f1c2-4152-9cfd-95e69110e273 | ITER: 5 START
2019-12-02 09:20:31.657 27034 RALLYDEBUG rally.task.runner [-] Starting a worker. concurrency: 1 args: {"max_quota": 1024} times: 40 method_name: run timeout: 0 duration: None cls:
2019-12-02 09:20:31.660 27029 INFO rally.task.runner [-] Task f6aee71c-f1c2-4152-9cfd-95e69110e273 | ITER: 13 START
2019-12-02 09:20:31.665 27015 INFO rally.task.runner [-] Task f6aee71c-f1c2-4152-9cfd-95e69110e273 | ITER: 8 START
2019-12-02 09:20:31.667 27041 RALLYDEBUG rally.task.runner [-] Starting a worker. concurrency: 1 args: {"max_quota": 1024} times: 40 method_name: run timeout: 0 duration: None cls:
2019-12-02 09:20:31.669 27034 INFO rally.task.runner [-] Task f6aee71c-f1c2-4152-9cfd-95e69110e273 | ITER: 14 START
2019-12-02 09:20:31.667 27014 INFO rally.task.runner [-] Task f6aee71c-f1c2-4152-9cfd-95e69110e273 | ITER: 6 START
2019-12-02 09:20:31.674 27045 RALLYDEBUG rally.task.runner [-] Starting a worker. concurrency: 1 args: {"max_quota": 1024} times: 40 method_name: run timeout: 0 duration: None cls:
2019-12-02 09:20:31.677 27049 RALLYDEBUG rally.task.runner [-] Starting a worker. concurrency: 1 args: {"max_quota": 1024} times: 40 method_name: run timeout: 0 duration: None cls:
2019-12-02 09:20:31.681 27041 INFO rally.task.runner [-] Task f6aee71c-f1c2-4152-9cfd-95e69110e273 | ITER: 15 START
2019-12-02 09:20:31.684 27049 INFO rally.task.runner [-] Task f6aee71c-f1c2-4152-9cfd-95e69110e273 | ITER: 17 START
2019-12-02 09:20:31.684 27050 RALLYDEBUG rally.task.runner [-] Starting a worker. concurrency: 1 args: {"max_quota": 1024} times: 40 method_name: run timeout: 0 duration: None cls:
2019-12-02 09:20:31.685 27045 INFO rally.task.runner [-] Task f6aee71c-f1c2-4152-9cfd-95e69110e273 | ITER: 16 START
2019-12-02 09:20:31.685 27051 RALLYDEBUG rally.task.runner [-] Starting a worker. concurrency: 1 args: {"max_quota": 1024} times: 40 method_name: run timeout: 0 duration: None cls:
2019-12-02 09:20:31.692 27058 RALLYDEBUG rally.task.runner [-] Starting a worker. concurrency: 1 args: {"max_quota": 1024} times: 40 method_name: run timeout: 0 duration: None cls:
2019-12-02 09:20:31.692 27051 INFO rally.task.runner [-] Task f6aee71c-f1c2-4152-9cfd-95e69110e273 | ITER: 19 START
2019-12-02 09:20:31.693 27050 INFO rally.task.runner [-] Task f6aee71c-f1c2-4152-9cfd-95e69110e273 | ITER: 18 START
2019-12-02 09:20:31.699 27058 INFO rally.task.runner [-] Task f6aee71c-f1c2-4152-9cfd-95e69110e273 | ITER: 20 START
2019-12-02 09:20:32.187 27015 INFO rally.task.runner [-] Task f6aee71c-f1c2-4152-9cfd-95e69110e273 | ITER: 8 END: OK
2019-12-02 09:20:32.195 27015 INFO rally.task.runner [-] Task f6aee71c-f1c2-4152-9cfd-95e69110e273 | ITER: 21 START
2019-12-02 09:20:32.222 27034 INFO rally.task.runner [-] Task f6aee71c-f1c2-4152-9cfd-95e69110e273 | ITER: 14 END: OK
2019-12-02 09:20:32.230 27034 INFO rally.task.runner [-] Task f6aee71c-f1c2-4152-9cfd-95e69110e273 | ITER: 22 START
2019-12-02 09:20:32.243 27015 INFO rally.task.runner [-] Task f6aee71c-f1c2-4152-9cfd-95e69110e273 | ITER: 3 END: OK
2019-12-02 09:20:32.251 27015 INFO rally.task.runner [-] Task f6aee71c-f1c2-4152-9cfd-95e69110e273 | ITER: 23 START
2019-12-02 09:20:32.255 27013 INFO rally.task.runner [-] Task f6aee71c-f1c2-4152-9cfd-95e69110e273 | ITER: 5 END: OK
2019-12-02 09:20:32.264 27017 INFO rally.task.runner [-] Task f6aee71c-f1c2-4152-9cfd-95e69110e273 | ITER: 7 END: OK
2019-12-02 09:20:32.266 27013 INFO rally.task.runner [-] Task f6aee71c-f1c2-4152-9cfd-95e69110e273 | ITER: 1 END: OK
2019-12-02 09:20:32.266 27013 INFO rally.task.runner [-] Task f6aee71c-f1c2-4152-9cfd-95e69110e273 | ITER: 24 START
2019-12-02 09:20:32.271 27017 INFO rally.task.runner [-] Task f6aee71c-f1c2-4152-9cfd-95e69110e273 | ITER: 25 START
2019-12-02 09:20:32.276 27041 INFO rally.task.runner [-] Task f6aee71c-f1c2-4152-9cfd-95e69110e273 | ITER: 15 END: OK
2019-12-02 09:20:32.283 27013 INFO rally.task.runner [-] Task f6aee71c-f1c2-4152-9cfd-95e69110e273 | ITER: 26 START
2019-12-02 09:20:32.284 27041 INFO rally.task.runner [-] Task f6aee71c-f1c2-4152-9cfd-95e69110e273 | ITER: 27 START
2019-12-02 09:20:32.315 27024 INFO rally.task.runner [-] Task f6aee71c-f1c2-4152-9cfd-95e69110e273 | ITER: 12 END: OK
2019-12-02 09:20:32.320 27018 INFO rally.task.runner [-] Task f6aee71c-f1c2-4152-9cfd-95e69110e273 | ITER: 9 END: OK
2019-12-02 09:20:32.323 27024 INFO rally.task.runner [-] Task f6aee71c-f1c2-4152-9cfd-95e69110e273 | ITER: 28 START
2019-12-02 09:20:32.326 27014 INFO rally.task.runner [-] Task f6aee71c-f1c2-4152-9cfd-95e69110e273 | ITER: 2 END: OK
2019-12-02 09:20:32.328 27018 INFO rally.task.runner [-] Task f6aee71c-f1c2-4152-9cfd-95e69110e273 | ITER: 29 START
2019-12-02 09:20:32.333 27014 INFO rally.task.runner [-] Task f6aee71c-f1c2-4152-9cfd-95e69110e273 | ITER: 30 START
2019-12-02 09:20:32.376 27016 INFO rally.task.runner [-] Task f6aee71c-f1c2-4152-9cfd-95e69110e273 | ITER: 4 END: OK
2019-12-02 09:20:32.385 27016 INFO rally.task.runner [-] Task f6aee71c-f1c2-4152-9cfd-95e69110e273 | ITER: 31 START
2019-12-02 09:20:32.390 27022 INFO rally.task.runner [-] Task f6aee71c-f1c2-4152-9cfd-95e69110e273 | ITER: 11 END: OK
2019-12-02 09:20:32.398 27022 INFO rally.task.runner [-] Task f6aee71c-f1c2-4152-9cfd-95e69110e273 | ITER: 32 START
2019-12-02 09:20:32.436 27051 INFO rally.task.runner [-] Task f6aee71c-f1c2-4152-9cfd-95e69110e273 | ITER: 19 END: OK
2019-12-02 09:20:32.449 27051 INFO rally.task.runner [-] Task f6aee71c-f1c2-4152-9cfd-95e69110e273 | ITER: 33 START
2019-12-02 09:20:32.493 27050 INFO rally.task.runner [-] Task f6aee71c-f1c2-4152-9cfd-95e69110e273 | ITER: 18 END: OK
2019-12-02 09:20:32.502 27050 INFO rally.task.runner [-] Task f6aee71c-f1c2-4152-9cfd-95e69110e273 | ITER: 34 START
2019-12-02 09:20:32.529 27029 INFO rally.task.runner [-] Task f6aee71c-f1c2-4152-9cfd-95e69110e273 | ITER: 13 END: OK
2019-12-02 09:20:32.533 27045 INFO rally.task.runner [-] Task f6aee71c-f1c2-4152-9cfd-95e69110e273 | ITER: 16 END: OK
2019-12-02 09:20:32.536 27029 INFO rally.task.runner [-] Task f6aee71c-f1c2-4152-9cfd-95e69110e273 | ITER: 35 START
2019-12-02 09:20:32.539 27045 INFO rally.task.runner [-] Task f6aee71c-f1c2-4152-9cfd-95e69110e273 | ITER: 36 START
2019-12-02 09:20:32.619 27014 INFO rally.task.runner [-] Task f6aee71c-f1c2-4152-9cfd-95e69110e273 | ITER: 6 END: OK
2019-12-02 09:20:32.626 27016 INFO rally.task.runner [-] Task f6aee71c-f1c2-4152-9cfd-95e69110e273 | ITER: 10 END: OK
2019-12-02 09:20:32.626 27014 INFO rally.task.runner [-] Task f6aee71c-f1c2-4152-9cfd-95e69110e273 | ITER: 37 START
2019-12-02 09:20:32.633 27016 INFO rally.task.runner [-] Task f6aee71c-f1c2-4152-9cfd-95e69110e273 | ITER: 38 START
2019-12-02 09:20:32.686 27058 INFO rally.task.runner [-] Task f6aee71c-f1c2-4152-9cfd-95e69110e273 | ITER: 20 END: OK
2019-12-02 09:20:32.693 27058 INFO rally.task.runner [-] Task f6aee71c-f1c2-4152-9cfd-95e69110e273 | ITER: 39 START
2019-12-02 09:20:32.721 27034 INFO rally.task.runner [-] Task f6aee71c-f1c2-4152-9cfd-95e69110e273 | ITER: 22 END: OK
2019-12-02 09:20:32.728 27034 INFO rally.task.runner [-] Task f6aee71c-f1c2-4152-9cfd-95e69110e273 | ITER: 40 START
2019-12-02 09:20:32.813 27013 INFO rally.task.runner [-] Task f6aee71c-f1c2-4152-9cfd-95e69110e273 | ITER: 26 END: OK
2019-12-02 09:20:32.817 27014 INFO rally.task.runner [-] Task f6aee71c-f1c2-4152-9cfd-95e69110e273 | ITER: 30 END: OK
2019-12-02 09:20:32.823 27041 INFO rally.task.runner [-] Task f6aee71c-f1c2-4152-9cfd-95e69110e273 | ITER: 27 END: OK
2019-12-02 09:20:32.926 27022 INFO rally.task.runner [-] Task f6aee71c-f1c2-4152-9cfd-95e69110e273 | ITER: 32 END: OK
2019-12-02 09:20:32.935 27015 INFO rally.task.runner [-] Task f6aee71c-f1c2-4152-9cfd-95e69110e273 | ITER: 21 END: OK
2019-12-02 09:20:32.953 27017 INFO rally.task.runner [-] Task f6aee71c-f1c2-4152-9cfd-95e69110e273 | ITER: 25 END: OK
2019-12-02 09:20:32.981 27049 INFO rally.task.runner [-] Task f6aee71c-f1c2-4152-9cfd-95e69110e273 | ITER: 17 END: OK
2019-12-02 09:20:33.004 27051 INFO rally.task.runner [-] Task f6aee71c-f1c2-4152-9cfd-95e69110e273 | ITER: 33 END: OK
2019-12-02 09:20:33.057 27013 INFO rally.task.runner [-] Task f6aee71c-f1c2-4152-9cfd-95e69110e273 | ITER: 24 END: OK
2019-12-02 09:20:33.144 27045 INFO rally.task.runner [-] Task f6aee71c-f1c2-4152-9cfd-95e69110e273 | ITER: 36 END: OK
2019-12-02 09:20:33.168 27014 INFO rally.task.runner [-] Task f6aee71c-f1c2-4152-9cfd-95e69110e273 | ITER: 37 END: OK
2019-12-02 09:20:33.229 27018 INFO rally.task.runner [-] Task f6aee71c-f1c2-4152-9cfd-95e69110e273 | ITER: 29 END: OK
2019-12-02 09:20:33.282 27034 INFO rally.task.runner [-] Task f6aee71c-f1c2-4152-9cfd-95e69110e273 | ITER: 40 END: OK
2019-12-02 09:20:33.304 27016 INFO rally.task.runner [-] Task f6aee71c-f1c2-4152-9cfd-95e69110e273 | ITER: 31 END: OK
2019-12-02 09:20:33.331 27050 INFO rally.task.runner [-] Task f6aee71c-f1c2-4152-9cfd-95e69110e273 | ITER: 34 END: OK
2019-12-02 09:20:33.439 27029 INFO rally.task.runner [-] Task f6aee71c-f1c2-4152-9cfd-95e69110e273 | ITER: 35 END: OK
2019-12-02 09:20:33.465 27015 INFO rally.task.runner [-] Task f6aee71c-f1c2-4152-9cfd-95e69110e273 | ITER: 23 END: OK
2019-12-02 09:20:33.523 27016 INFO rally.task.runner [-] Task f6aee71c-f1c2-4152-9cfd-95e69110e273 | ITER: 38 END: OK
2019-12-02 09:20:33.523 27058 INFO rally.task.runner [-] Task f6aee71c-f1c2-4152-9cfd-95e69110e273 | ITER: 39 END: OK
2019-12-02 09:20:33.601 27024 INFO rally.task.runner [-] Task f6aee71c-f1c2-4152-9cfd-95e69110e273 | ITER: 28 END: OK
2019-12-02 09:20:33.624 22157 INFO rally.task.context [-] Task f6aee71c-f1c2-4152-9cfd-95e69110e273 | Context admin_cleanup@openstack cleanup() started
2019-12-02 09:20:33.627 22157 RALLYDEBUG rally_openstack.cleanup.manager [-] Cleaning up neutron quota objects
2019-12-02 09:20:35.272 22157 INFO rally.task.context [-] Task f6aee71c-f1c2-4152-9cfd-95e69110e273 | Context admin_cleanup@openstack cleanup() finished in 1.65 sec
2019-12-02 09:20:35.273 22157 INFO rally.task.context [-] Task f6aee71c-f1c2-4152-9cfd-95e69110e273 | Context users@openstack cleanup() started
2019-12-02 09:20:57.070 22157 INFO rally.task.context [-] Task f6aee71c-f1c2-4152-9cfd-95e69110e273 | Context users@openstack cleanup() finished in 21.80 sec
2019-12-02 09:20:58.835 22157 INFO rally.task.engine [-] Load duration is: 1.969818
2019-12-02 09:20:58.836 22157 INFO rally.task.engine [-] Full runner duration is: 2.022806
2019-12-02 09:20:58.836 22157 INFO rally.task.engine [-] Full duration is: 30.390731
2019-12-02 09:20:59.140 22157 INFO rally.task.engine [-] Running workload: position = 0 config = { "version": 2, "title": "A cropped version of a bigger task.", "description": "Auto-generated task from a single workload (uuid=2ebf0cd4-eacb-42a7-a971-2679e7d5a3f1)", "subtasks": [ { "title": "NeutronTrunks.create_and_list_trunk_subports", "description": "", "scenario": { "NeutronTrunks.create_and_list_trunk_subports": { "subport_count": 125 } }, "contexts": { "users": { "tenants": 1, "users_per_tenant": 1 }, "quotas": { "neutron": { "network": -1, "port": 1000 } } }, "runner": { "constant": { "times": 4, "concurrency": 4 } }, "hooks": [], "sla": { "failure_rate": { "max": 0 } } } ] }
2019-12-02 09:20:59.167 22157 RALLYDEBUG rally_openstack.contexts.keystone.users [-] Creating 1 tenants using 20 threads
2019-12-02 09:21:00.160 22157 RALLYDEBUG rally_openstack.contexts.keystone.users [-] Creating 1 users using 20 threads
2019-12-02 09:21:01.605 22157 INFO rally.task.context [-] Task f6aee71c-f1c2-4152-9cfd-95e69110e273 | Context users@openstack setup() finished in 2.44 sec
2019-12-02 09:21:02.165 22157 INFO rally.task.context [-] Task f6aee71c-f1c2-4152-9cfd-95e69110e273 | Context quotas@openstack setup() finished in 0.56 sec
2019-12-02 09:21:02.166 22157 INFO rally.task.context [-] Task f6aee71c-f1c2-4152-9cfd-95e69110e273 | Context cleanup@openstack setup() finished in 0.01 msec
2019-12-02 09:21:02.175 22157 RALLYDEBUG rally.task.runner [-] Starting the constant runner (task UUID: f6aee71c-f1c2-4152-9cfd-95e69110e273). timeout: 0 concurrency: 4 concurrency_per_worker: 1 times: 4 concurrency_overhead: 0 processes_to_start: 4 max_cpu_used: 16
2019-12-02 09:21:02.190 27203 RALLYDEBUG rally.task.runner [-] Starting a worker. concurrency: 1 args: {"subport_count": 125} times: 4 method_name: run timeout: 0 duration: None cls:
2019-12-02 09:21:02.193 27204 RALLYDEBUG rally.task.runner [-] Starting a worker. concurrency: 1 args: {"subport_count": 125} times: 4 method_name: run timeout: 0 duration: None cls:
2019-12-02 09:21:02.197 27203 INFO rally.task.runner [-] Task f6aee71c-f1c2-4152-9cfd-95e69110e273 | ITER: 1 START
2019-12-02 09:21:02.197 27205 RALLYDEBUG rally.task.runner [-] Starting a worker. concurrency: 1 args: {"subport_count": 125} times: 4 method_name: run timeout: 0 duration: None cls:
2019-12-02 09:21:02.200 27204 INFO rally.task.runner [-] Task f6aee71c-f1c2-4152-9cfd-95e69110e273 | ITER: 2 START
2019-12-02 09:21:02.200 27206 RALLYDEBUG rally.task.runner [-] Starting a worker. concurrency: 1 args: {"subport_count": 125} times: 4 method_name: run timeout: 0 duration: None cls:
2019-12-02 09:21:02.203 27205 INFO rally.task.runner [-] Task f6aee71c-f1c2-4152-9cfd-95e69110e273 | ITER: 3 START
2019-12-02 09:21:02.206 27206 INFO rally.task.runner [-] Task f6aee71c-f1c2-4152-9cfd-95e69110e273 | ITER: 4 START
2019-12-02 09:22:43.566 27204 WARNING rally.task.atomic [-] 'optional_action_timer' is deprecated since rally v0.10.0.Please use action_timer instead, we have improved atomic actions, now do not need to explicitly close original action.
2019-12-02 09:22:43.602 27204 WARNING rally.task.atomic [-] 'optional_action_timer' is deprecated since rally v0.10.0.Please use action_timer instead, we have improved atomic actions, now do not need to explicitly close original action.
2019-12-02 09:22:44.052 27204 INFO rally.task.runner [-] Task f6aee71c-f1c2-4152-9cfd-95e69110e273 | ITER: 2 END: OK
2019-12-02 09:22:45.882 27206 WARNING rally.task.atomic [-] 'optional_action_timer' is deprecated since rally v0.10.0.Please use action_timer instead, we have improved atomic actions, now do not need to explicitly close original action.
2019-12-02 09:22:45.918 27206 WARNING rally.task.atomic [-] 'optional_action_timer' is deprecated since rally v0.10.0.Please use action_timer instead, we have improved atomic actions, now do not need to explicitly close original action.
2019-12-02 09:22:46.852 27206 INFO rally.task.runner [-] Task f6aee71c-f1c2-4152-9cfd-95e69110e273 | ITER: 4 END: OK
2019-12-02 09:22:48.032 27205 WARNING rally.task.atomic [-] 'optional_action_timer' is deprecated since rally v0.10.0.Please use action_timer instead, we have improved atomic actions, now do not need to explicitly close original action.
2019-12-02 09:22:48.066 27205 WARNING rally.task.atomic [-] 'optional_action_timer' is deprecated since rally v0.10.0.Please use action_timer instead, we have improved atomic actions, now do not need to explicitly close original action.
2019-12-02 09:22:48.521 27203 WARNING rally.task.atomic [-] 'optional_action_timer' is deprecated since rally v0.10.0.Please use action_timer instead, we have improved atomic actions, now do not need to explicitly close original action.
2019-12-02 09:22:48.556 27203 WARNING rally.task.atomic [-] 'optional_action_timer' is deprecated since rally v0.10.0.Please use action_timer instead, we have improved atomic actions, now do not need to explicitly close original action.
2019-12-02 09:22:48.877 27205 INFO rally.task.runner [-] Task f6aee71c-f1c2-4152-9cfd-95e69110e273 | ITER: 3 END: OK
2019-12-02 09:22:49.136 27203 INFO rally.task.runner [-] Task f6aee71c-f1c2-4152-9cfd-95e69110e273 | ITER: 1 END: OK
2019-12-02 09:22:49.163 22157 INFO rally.task.context [-] Task f6aee71c-f1c2-4152-9cfd-95e69110e273 | Context cleanup@openstack cleanup() started
2019-12-02 09:22:49.167 22157 RALLYDEBUG rally_openstack.cleanup.manager [-] Cleaning up neutron vip objects
2019-12-02 09:22:49.573 22157 RALLYDEBUG rally_openstack.cleanup.manager [-] Cleaning up neutron health_monitor objects
2019-12-02 09:22:49.978 22157 RALLYDEBUG rally_openstack.cleanup.manager [-] Cleaning up neutron pool objects
2019-12-02 09:22:50.384 22157 RALLYDEBUG rally_openstack.cleanup.manager [-] Cleaning up neutron loadbalancer objects
2019-12-02 09:22:50.776 22157 RALLYDEBUG rally_openstack.cleanup.manager [-] Cleaning up neutron floatingip objects
2019-12-02 09:22:51.215 22157 RALLYDEBUG rally_openstack.cleanup.manager [-] Cleaning up neutron trunk objects
2019-12-02 09:22:51.619 22157 RALLYDEBUG rally_openstack.cleanup.manager [-] Cleaning up neutron port objects
2019-12-02 09:22:52.947 22157 RALLYDEBUG rally_openstack.cleanup.manager [-] Deleting neutron.port object s_rally_2ebf0cd4_afbRSwlh (07e80cf5-2a33-46fb-b4d0-5c99111ffa4c)
2019-12-02 09:22:52.947 22157 RALLYDEBUG rally_openstack.cleanup.manager [-] Deleting neutron.port object s_rally_2ebf0cd4_LtUzadjb (0b748858-bb57-444d-9f14-cbd8cd5fd8e6)
2019-12-02 09:22:52.955 22157 RALLYDEBUG rally_openstack.cleanup.manager [-] Deleting neutron.port object s_rally_2ebf0cd4_WNATVDS1 (067c93d0-40e2-4eea-9185-f2e91c2ba9e5)
2019-12-02 09:22:52.960 22157 RALLYDEBUG rally_openstack.cleanup.manager [-] Deleting neutron.port object s_rally_2ebf0cd4_vtOPFxAf (041e0a47-8c8c-4f12-a940-842b54ca2ed2)
2019-12-02 09:22:52.960 22157 RALLYDEBUG rally_openstack.cleanup.manager [-] Deleting neutron.port object s_rally_2ebf0cd4_MLjrnQvg (010dc24d-fcd6-451b-af9e-4fe8782c7c8c)
2019-12-02 09:22:52.962 22157 RALLYDEBUG rally_openstack.cleanup.manager [-] Deleting neutron.port object s_rally_2ebf0cd4_G0k343kM (0cb47285-63fa-4ce7-8ff5-414203c615ee)
2019-12-02 09:22:52.977 22157 RALLYDEBUG rally_openstack.cleanup.manager [-] Deleting neutron.port object s_rally_2ebf0cd4_Dg6Kw7m4 (0c73693a-03d2-4f12-8cbf-45384a66278a)
2019-12-02 09:22:52.979 22157 RALLYDEBUG rally_openstack.cleanup.manager [-] Deleting neutron.port object s_rally_2ebf0cd4_3csToFQD (06bb4f44-cef6-4ab7-bb6a-500f59a5340b)
2019-12-02 09:22:52.980 22157 RALLYDEBUG rally_openstack.cleanup.manager [-] Deleting neutron.port object s_rally_2ebf0cd4_rAmHqB27 (028c251f-07a4-4d98-beec-b37edce2bc12)
2019-12-02 09:22:52.982 22157 RALLYDEBUG rally_openstack.cleanup.manager [-] Deleting neutron.port object s_rally_2ebf0cd4_L8DHI4yX (0cf7d0c5-fc03-420b-81c0-df0957c55cec)
2019-12-02 09:22:52.986 22157 RALLYDEBUG rally_openstack.cleanup.manager [-] Deleting neutron.port object s_rally_2ebf0cd4_ZWklU1YK (05dd0018-0e5f-4f1c-9bda-5e341d950c38)
2019-12-02 09:22:52.991 22157 RALLYDEBUG rally_openstack.cleanup.manager [-] Deleting neutron.port object s_rally_2ebf0cd4_ybLvNAYD (0504057f-8b62-4b9a-9d3c-a944cedf88dc)
2019-12-02 09:22:52.992 22157 RALLYDEBUG rally_openstack.cleanup.manager [-] Deleting neutron.port object s_rally_2ebf0cd4_qIRFwZht (0371b936-06df-4b3f-9a35-e459804f39cd)
2019-12-02 09:22:52.996 22157 RALLYDEBUG rally_openstack.cleanup.manager [-] Deleting neutron.port object s_rally_2ebf0cd4_FKaDvyP5 (06519df2-30c0-4822-adc6-403a3dbb8460)
2019-12-02 09:22:53.003 22157 RALLYDEBUG rally_openstack.cleanup.manager [-] Deleting neutron.port object s_rally_2ebf0cd4_Mu0isiJg (095800a9-ed43-4e34-9fa6-5f41a26fa3a2)
2019-12-02 09:22:53.013 22157 RALLYDEBUG rally_openstack.cleanup.manager [-] Deleting neutron.port object s_rally_2ebf0cd4_uhVNv8hA (08379566-2594-45b7-b642-b98a3a9b56e5)
2019-12-02 09:22:53.014 22157 RALLYDEBUG rally_openstack.cleanup.manager [-] Deleting neutron.port object s_rally_2ebf0cd4_MZLxL7V6 (07a90d9f-26cb-4ae2-91c7-2a3b1d7080b5)
2019-12-02 09:22:53.018 22157 RALLYDEBUG rally_openstack.cleanup.manager [-] Deleting neutron.port object s_rally_2ebf0cd4_xqNy9sGa (0c391c2f-f785-4531-a60e-8c75e4bfb462)
2019-12-02 09:22:53.023 22157 RALLYDEBUG rally_openstack.cleanup.manager [-] Deleting neutron.port object s_rally_2ebf0cd4_TWPySRzd (0c9236af-e812-4779-8078-58aa67fce51b)
2019-12-02 09:22:53.031 22157 RALLYDEBUG rally_openstack.cleanup.manager [-] Deleting neutron.port object s_rally_2ebf0cd4_fmh2phKS (093796f3-60c7-461f-95c7-e5275f3f60d2)
2019-12-02 09:22:55.111 22157 RALLYDEBUG rally_openstack.cleanup.manager [-] Deleting neutron.port object s_rally_2ebf0cd4_MAYjGijQ (0d184560-66c1-4d28-8092-acd794ed01f8)
2019-12-02 09:22:55.260 22157 RALLYDEBUG rally_openstack.cleanup.manager [-] Deleting neutron.port object s_rally_2ebf0cd4_w3AN6kFb (0d862428-eb8b-4764-a436-3870b675a9cd)
2019-12-02 09:22:55.324 22157 RALLYDEBUG rally_openstack.cleanup.manager [-] Deleting neutron.port object s_rally_2ebf0cd4_ynF5bhFF (0d903298-9f2d-4f9b-95e2-8363c70b18b2)
2019-12-02 09:22:55.415 22157 RALLYDEBUG rally_openstack.cleanup.manager [-] Deleting neutron.port object s_rally_2ebf0cd4_g9nEu0Om (0e3e70d2-51e5-43c5-8e2a-2d55137b509c)
2019-12-02 09:22:55.423 22157 RALLYDEBUG rally_openstack.cleanup.manager [-] Deleting neutron.port object s_rally_2ebf0cd4_mob92CAA (0eed6163-826a-412f-b926-0d219ac9137d)
2019-12-02 09:22:55.527 22157 RALLYDEBUG rally_openstack.cleanup.manager [-] Deleting neutron.port object s_rally_2ebf0cd4_LTbD3JO7 (1021a817-8695-41a0-a8d9-6b3525e04b12)
2019-12-02 09:22:55.607 22157 RALLYDEBUG rally_openstack.cleanup.manager [-] Deleting neutron.port object s_rally_2ebf0cd4_AE6PYJHX (109fd14b-7152-45fc-907d-fad5da12c3ec)
2019-12-02 09:22:55.663 22157 RALLYDEBUG rally_openstack.cleanup.manager [-] Deleting neutron.port object s_rally_2ebf0cd4_2yu5G5UR (114249ab-b4a1-4926-bd67-4efa9206fdcc)
2019-12-02 09:22:55.837 22157 RALLYDEBUG rally_openstack.cleanup.manager [-] Deleting neutron.port object s_rally_2ebf0cd4_TCxIvDlg (1190708f-1471-41ae-b7eb-c39db101ddd1)
2019-12-02 09:22:55.883 22157 RALLYDEBUG rally_openstack.cleanup.manager [-] Deleting neutron.port object s_rally_2ebf0cd4_j97iBR6l (12591126-cd8f-4531-b8e4-d365d4f4d6aa)
2019-12-02 09:22:56.050 22157 RALLYDEBUG rally_openstack.cleanup.manager [-] Deleting neutron.port object s_rally_2ebf0cd4_qtcC1Wu2 (12a9d03b-7d90-4ca3-8065-0bc0183588ce)
2019-12-02 09:22:56.061 22157 RALLYDEBUG rally_openstack.cleanup.manager [-] Deleting neutron.port object s_rally_2ebf0cd4_lHg8W3Ok (1453c7fb-9a66-4212-a89b-12df25ffc93f)
2019-12-02 09:22:56.095 22157 RALLYDEBUG rally_openstack.cleanup.manager [-] Deleting neutron.port object s_rally_2ebf0cd4_Bene7K5L (153e861a-d5ff-4e74-b706-3aa52806e239)
2019-12-02 09:22:56.224 22157 RALLYDEBUG rally_openstack.cleanup.manager [-] Deleting neutron.port object s_rally_2ebf0cd4_EAfpDLmK (1658d167-1915-46d9-8920-dd2ecf061c52)
2019-12-02 09:22:56.334 22157 RALLYDEBUG rally_openstack.cleanup.manager [-] Deleting neutron.port object s_rally_2ebf0cd4_CcGxpRR1 (166486d1-7994-4cef-9fd8-fbce202e9065)
2019-12-02 09:22:56.344 22157 RALLYDEBUG rally_openstack.cleanup.manager [-] Deleting neutron.port object s_rally_2ebf0cd4_AEmpL4IR (167d0eb0-ca8e-44cd-a6c3-f94ce24e0da4)
2019-12-02 09:22:56.376 22157 RALLYDEBUG rally_openstack.cleanup.manager [-] Deleting neutron.port object s_rally_2ebf0cd4_JK7qgmH2 (17784fe1-24ec-4887-93da-7f73dae3b0a4)
2019-12-02 09:22:56.460 22157 RALLYDEBUG rally_openstack.cleanup.manager [-] Deleting neutron.port object s_rally_2ebf0cd4_PgpfnAPU (18377055-fd7c-4c0f-8f22-361c9484d6b4)
2019-12-02 09:22:56.503 22157 RALLYDEBUG rally_openstack.cleanup.manager [-] Deleting neutron.port object s_rally_2ebf0cd4_BRL9L6Ct (18cfb467-733f-4b4c-9160-520b6cb489f5)
2019-12-02 09:22:56.521 22157 RALLYDEBUG rally_openstack.cleanup.manager [-] Deleting neutron.port object s_rally_2ebf0cd4_HLbopnw3 (19fc67ef-4d42-4730-a7a9-e95a76f631af)
2019-12-02 09:22:57.073 22157 RALLYDEBUG rally_openstack.cleanup.manager [-] Deleting neutron.port object s_rally_2ebf0cd4_yJaowBeb (1aae42ea-5662-4070-bbbd-2f54842e55e2)
2019-12-02 09:22:57.319 22157 RALLYDEBUG rally_openstack.cleanup.manager [-] Deleting neutron.port object s_rally_2ebf0cd4_4B69RE7F (1acc976b-42a7-45d5-a6ea-ccc9e967b5ce)
2019-12-02 09:22:57.349 22157 RALLYDEBUG rally_openstack.cleanup.manager [-] Deleting neutron.port object s_rally_2ebf0cd4_BrkWM62H (1add7747-bf23-424b-b832-6a2121d64f5a)
2019-12-02 09:22:57.486 22157 RALLYDEBUG rally_openstack.cleanup.manager [-] Deleting neutron.port object s_rally_2ebf0cd4_ChLtpo4Y (1c95f6f3-d2db-45a7-9575-02ef55e0f1f7)
2019-12-02 09:22:57.515 22157 RALLYDEBUG rally_openstack.cleanup.manager [-] Deleting neutron.port object s_rally_2ebf0cd4_fgJZiMTw (1d5a3ab0-908a-480a-b29a-f15ef9181fb1)
2019-12-02 09:22:57.644 22157 RALLYDEBUG rally_openstack.cleanup.manager [-] Deleting neutron.port object s_rally_2ebf0cd4_tPyJLWk4 (1d956560-c398-41e5-a716-0877044419ea)
2019-12-02 09:22:57.817 22157 RALLYDEBUG rally_openstack.cleanup.manager [-] Deleting neutron.port object s_rally_2ebf0cd4_E7mH7cY5 (1e2ec156-802a-4543-940f-564bfd519474)
2019-12-02 09:22:57.832 22157 RALLYDEBUG rally_openstack.cleanup.manager [-] Deleting neutron.port object s_rally_2ebf0cd4_Rkz28WiW (1f025d8e-09e6-472b-91a5-e0b5bbe4fe9f)
2019-12-02 09:22:57.861 22157 RALLYDEBUG rally_openstack.cleanup.manager [-] Deleting neutron.port object s_rally_2ebf0cd4_2Z89SsrY (1f2ef27d-8a21-4221-9887-184f8d39a33b)
2019-12-02 09:22:57.913 22157 RALLYDEBUG rally_openstack.cleanup.manager [-] Deleting neutron.port object s_rally_2ebf0cd4_Huq5YPlp (20ade90c-4e03-4d27-a4e4-554704547463)
2019-12-02 09:22:58.095 22157 RALLYDEBUG rally_openstack.cleanup.manager [-] Deleting neutron.port object s_rally_2ebf0cd4_qsww9BYg (20bb45c5-e54b-4787-9b80-1dd1bd085514)
2019-12-02 09:22:58.280 22157 RALLYDEBUG rally_openstack.cleanup.manager [-] Deleting neutron.port object s_rally_2ebf0cd4_jdiEJdSh (211d0fe4-462a-4e87-91c4-d40d411e9cba)
2019-12-02 09:22:58.370 22157 RALLYDEBUG rally_openstack.cleanup.manager [-] Deleting neutron.port object s_rally_2ebf0cd4_CMCj9xT8 (2138a047-a455-4e63-ad3f-0ef238b75d27)
2019-12-02 09:22:58.485 22157 RALLYDEBUG rally_openstack.cleanup.manager [-] Deleting neutron.port object s_rally_2ebf0cd4_I6PuLtr4 (2170c76d-2307-4720-baba-2bac19a7f37d)
2019-12-02 09:22:58.613 22157 RALLYDEBUG rally_openstack.cleanup.manager [-] Deleting neutron.port object s_rally_2ebf0cd4_1l3Ka0aH (219d434d-2458-4c3b-b5b1-e0c91e07e2f0)
2019-12-02 09:22:58.616 22157 RALLYDEBUG rally_openstack.cleanup.manager [-] Deleting neutron.port object s_rally_2ebf0cd4_hq3zRbdv (219da981-1faa-4c3d-889f-84f3004701bd)
2019-12-02 09:22:58.643 22157 RALLYDEBUG rally_openstack.cleanup.manager [-] Deleting neutron.port object s_rally_2ebf0cd4_gJbdFnf9 (22919de0-eba2-4493-832a-b631052034aa)
2019-12-02 09:22:58.650 22157 RALLYDEBUG rally_openstack.cleanup.manager [-] Deleting neutron.port object s_rally_2ebf0cd4_vgYdy6vP (2380f698-6b46-46d3-89cf-66ed59d59d83)
2019-12-02 09:22:58.724 22157 RALLYDEBUG rally_openstack.cleanup.manager [-] Deleting neutron.port object s_rally_2ebf0cd4_zhLLnOMA (23aaefa5-2ff5-4f79-9684-89b18304d7fc)
2019-12-02 09:22:58.815 22157 RALLYDEBUG rally_openstack.cleanup.manager [-] Deleting neutron.port object s_rally_2ebf0cd4_4wjOkZqu (23e54983-7155-4b69-a550-0831fd30b827)
2019-12-02 09:22:59.291 22157 RALLYDEBUG rally_openstack.cleanup.manager [-] Deleting neutron.port object s_rally_2ebf0cd4_mjVYvdlz (249461ab-2f38-4fb9-8cb0-c33a389946f3)
2019-12-02 09:22:59.359 22157 RALLYDEBUG rally_openstack.cleanup.manager [-] Deleting neutron.port object s_rally_2ebf0cd4_CZkvEr0l (249bdc54-4bfe-4637-8d56-06fcdba83b91)
2019-12-02 09:22:59.459 22157 RALLYDEBUG rally_openstack.cleanup.manager [-] Deleting neutron.port object s_rally_2ebf0cd4_joR9FusU (24c69179-eb32-44ae-88e2-1086e02663cf)
2019-12-02 09:22:59.491 22157 RALLYDEBUG rally_openstack.cleanup.manager [-] Deleting neutron.port object s_rally_2ebf0cd4_2RhtT1G6 (25941cc3-b57f-4074-a893-263a6f3323fd)
2019-12-02 09:22:59.508 22157 RALLYDEBUG rally_openstack.cleanup.manager [-] Deleting neutron.port object s_rally_2ebf0cd4_rlJguorg (25a729cf-5794-4d45-9c2d-51b91d34d108)
2019-12-02 09:22:59.590 22157 RALLYDEBUG rally_openstack.cleanup.manager [-] Deleting neutron.port object s_rally_2ebf0cd4_P4PKEbMj (260b3195-2562-45b3-b7f7-e4cbeed7aac6)
2019-12-02 09:22:59.775 22157 RALLYDEBUG rally_openstack.cleanup.manager [-] Deleting neutron.port object s_rally_2ebf0cd4_WZFUU8qU (266138d7-3f47-405d-ba7d-09328f2a4f85)
2019-12-02 09:22:59.806 22157 RALLYDEBUG rally_openstack.cleanup.manager [-] Deleting neutron.port object s_rally_2ebf0cd4_3UBmM7cR (268da2a9-575c-4d4b-9032-e19780ae644f)
2019-12-02 09:22:59.937 22157 RALLYDEBUG rally_openstack.cleanup.manager [-] Deleting neutron.port object s_rally_2ebf0cd4_9bxmB6LH (26be7571-1517-441d-bb18-9a4238bd1bc8)
2019-12-02 09:23:00.103 22157 RALLYDEBUG rally_openstack.cleanup.manager [-] Deleting neutron.port object s_rally_2ebf0cd4_jnBHDSSE (270a882d-c8d6-44e4-b96a-3ce37de738b0)
2019-12-02 09:23:00.216 22157 RALLYDEBUG rally_openstack.cleanup.manager [-] Deleting neutron.port object s_rally_2ebf0cd4_xkYh5pMf (272f58f6-9e55-4f07-acd8-aa9d1fb48fd1)
2019-12-02 09:23:00.268 22157 RALLYDEBUG rally_openstack.cleanup.manager [-] Deleting neutron.port object s_rally_2ebf0cd4_11bu7P0R (28431ddd-1547-4f95-8b99-90e563e4694b)
2019-12-02 09:23:00.531 22157 RALLYDEBUG rally_openstack.cleanup.manager [-] Deleting neutron.port object s_rally_2ebf0cd4_iMDhJj9G (2989f9aa-cf54-4078-9d30-6965e9c03b06)
2019-12-02 09:23:00.591 22157 RALLYDEBUG rally_openstack.cleanup.manager [-] Deleting neutron.port object s_rally_2ebf0cd4_GNNjWwbC (2a09ec43-8947-4063-824c-60185c190553)
2019-12-02 09:23:00.724 22157 RALLYDEBUG rally_openstack.cleanup.manager [-] Deleting neutron.port object s_rally_2ebf0cd4_sMA5w6Od (2a6a8a42-29fc-48dd-92f8-87f62ff7abc4)
2019-12-02 09:23:01.048 22157 RALLYDEBUG rally_openstack.cleanup.manager [-] Deleting neutron.port object s_rally_2ebf0cd4_xbI59qLf (2a74aa36-0626-49eb-97f9-6136a3f8df11)
2019-12-02 09:23:01.053 22157 RALLYDEBUG rally_openstack.cleanup.manager [-] Deleting neutron.port object s_rally_2ebf0cd4_jwXgcgQS (2b5e2c14-2e47-48e0-a858-c32180d05ba7)
2019-12-02 09:23:01.060 22157 RALLYDEBUG rally_openstack.cleanup.manager [-] Deleting neutron.port object s_rally_2ebf0cd4_0CG80uLY (2b5df18e-ba46-4619-b8ca-01230b73d831)
2019-12-02 09:23:01.253 22157 RALLYDEBUG rally_openstack.cleanup.manager [-] Deleting neutron.port object s_rally_2ebf0cd4_sUyvfb4Y (2c298e6e-c067-4e5c-be7f-faddda5fc3d6)
2019-12-02 09:23:01.308 22157 RALLYDEBUG rally_openstack.cleanup.manager [-] Deleting neutron.port object s_rally_2ebf0cd4_jKi1afot (2c75d276-5995-46b1-8e9e-6864dbb664e7)
2019-12-02 09:23:01.466 22157 RALLYDEBUG rally_openstack.cleanup.manager [-] Deleting neutron.port object s_rally_2ebf0cd4_Nzu3sXad (2d625395-ff3b-4a35-919d-04ad5f302a95)
2019-12-02 09:23:01.479 22157 RALLYDEBUG rally_openstack.cleanup.manager [-] Deleting neutron.port object s_rally_2ebf0cd4_EWHofEtl (2d89d5e6-67e2-459b-b203-b6e6670f151d)
2019-12-02 09:23:01.565 22157 RALLYDEBUG rally_openstack.cleanup.manager [-] Deleting neutron.port object s_rally_2ebf0cd4_ZzzRej0Q (2db374cb-1c7d-42ac-a475-1927b0185fe8)
2019-12-02 09:23:01.580 22157 RALLYDEBUG rally_openstack.cleanup.manager [-] Deleting neutron.port object s_rally_2ebf0cd4_JZ5Y6hB2 (2dbdbb49-6bb7-4ffa-912f-610dafa4493c)
2019-12-02 09:23:01.581 22157 RALLYDEBUG rally_openstack.cleanup.manager [-] Deleting neutron.port object s_rally_2ebf0cd4_UKEcQYfg (2e84c79e-f184-4a96-8a52-02838a989686)
2019-12-02 09:23:01.590 22157 RALLYDEBUG rally_openstack.cleanup.manager [-] Deleting neutron.port object s_rally_2ebf0cd4_C5z8GFOY (2ea2cd62-5963-492d-90a9-b386d27adabc)
2019-12-02 09:23:01.736 22157 RALLYDEBUG rally_openstack.cleanup.manager [-] Deleting neutron.port object s_rally_2ebf0cd4_X5Gfylgf (30b65faf-9aac-4092-a754-1bcf9c30113d)
2019-12-02 09:23:01.760 22157 RALLYDEBUG rally_openstack.cleanup.manager [-] Deleting neutron.port object s_rally_2ebf0cd4_S2f4Fldh (30bc4d2a-300d-42e9-99cc-ca6c4842e19c)
2019-12-02 09:23:01.878 22157 RALLYDEBUG rally_openstack.cleanup.manager [-] Deleting neutron.port object s_rally_2ebf0cd4_pRBgs8YI (30d79ea0-55c2-4fb7-bf4a-66d631a2ec7d)
