2019-12-02 07:33:42.701 8 RALLYDEBUG rally.api [-] INFO logs from urllib3 and requests module are hide.
2019-12-02 07:33:42.701 8 RALLYDEBUG rally.api [-] urllib3 insecure warnings are hidden.
2019-12-02 07:33:42.701 8 RALLYDEBUG rally.api [-] ERROR log from boto module is hide.
2019-12-02 07:33:44.439 8 ERROR rally.cli.cliutils [-] Unexpected exception in CLI: DBRecordNotFound: Record for uuid or name is opnfv-rally not found in table envs
2019-12-02 07:33:44.439 8 ERROR rally.cli.cliutils
Traceback (most recent call last):
2019-12-02 07:33:44.439 8 ERROR rally.cli.cliutils
File "/usr/lib/python2.7/site-packages/rally/cli/cliutils.py", line 674, in run
2019-12-02 07:33:44.439 8 ERROR rally.cli.cliutils ret = fn(*fn_args, **fn_kwargs)
2019-12-02 07:33:44.439 8 ERROR rally.cli.cliutils File "", line 2, in destroy
2019-12-02 07:33:44.439 8 ERROR rally.cli.cliutils
File "/usr/lib/python2.7/site-packages/rally/cli/envutils.py", line 68, in default_from_global
2019-12-02 07:33:44.439 8 ERROR rally.cli.cliutils return f(*args, **kwargs)
2019-12-02 07:33:44.439 8 ERROR rally.cli.cliutils File "", line 2, in destroy
2019-12-02 07:33:44.439 8 ERROR rally.cli.cliutils
File "/usr/lib/python2.7/site-packages/rally/plugins/__init__.py", line 51, in ensure_plugins_are_loaded
2019-12-02 07:33:44.439 8 ERROR rally.cli.cliutils return f(*args, **kwargs)
2019-12-02 07:33:44.439 8 ERROR rally.cli.cliutils
File "/usr/lib/python2.7/site-packages/rally/cli/commands/deployment.py", line 157, in destroy
2019-12-02 07:33:44.439 8 ERROR rally.cli.cliutils api.deployment.destroy(deployment=deployment)
2019-12-02 07:33:44.439 8 ERROR rally.cli.cliutils
File "/usr/lib/python2.7/site-packages/rally/api.py", line 115, in destroy
2019-12-02 07:33:44.439 8 ERROR rally.cli.cliutils deploy = objects.Deployment.get(deployment)
2019-12-02 07:33:44.439 8 ERROR rally.cli.cliutils
File "/usr/lib/python2.7/site-packages/rally/common/objects/deploy.py", line 124, in get
2019-12-02 07:33:44.439 8 ERROR rally.cli.cliutils return Deployment(env_mgr.EnvManager.get(deploy))
2019-12-02 07:33:44.439 8 ERROR rally.cli.cliutils
File "/usr/lib/python2.7/site-packages/rally/env/env_mgr.py", line 212, in get
2019-12-02 07:33:44.439 8 ERROR rally.cli.cliutils return cls(db.env_get(uuid_or_name))
2019-12-02 07:33:44.439 8 ERROR rally.cli.cliutils
File "/usr/lib/python2.7/site-packages/rally/common/db/api.py", line 135, in wrapper
2019-12-02 07:33:44.439 8 ERROR rally.cli.cliutils result = f(session, *args, **kwargs)
2019-12-02 07:33:44.439 8 ERROR rally.cli.cliutils
File "/usr/lib/python2.7/site-packages/rally/common/db/api.py", line 521, in env_get
2019-12-02 07:33:44.439 8 ERROR rally.cli.cliutils criteria="uuid or name is %s" % uuid_or_name, table="envs")
2019-12-02 07:33:44.439 8 ERROR rally.cli.cliutils DBRecordNotFound: Record for uuid or name is opnfv-rally not found in table envs
2019-12-02 07:33:44.439 8 ERROR rally.cli.cliutils
2019-12-02 07:33:45.315 10 RALLYDEBUG rally.api [-] INFO logs from urllib3 and requests module are hide.
2019-12-02 07:33:45.315 10 RALLYDEBUG rally.api [-] urllib3 insecure warnings are hidden.
2019-12-02 07:33:45.316 10 RALLYDEBUG rally.api [-] ERROR log from boto module is hide.
2019-12-02 07:33:48.167 12 RALLYDEBUG rally.api [-] INFO logs from urllib3 and requests module are hide.
2019-12-02 07:33:48.167 12 RALLYDEBUG rally.api [-] urllib3 insecure warnings are hidden.
2019-12-02 07:33:48.167 12 RALLYDEBUG rally.api [-] ERROR log from boto module is hide.
2019-12-02 07:33:51.699 15 RALLYDEBUG rally.api [-] INFO logs from urllib3 and requests module are hide.
2019-12-02 07:33:51.699 15 RALLYDEBUG rally.api [-] urllib3 insecure warnings are hidden.
2019-12-02 07:33:51.699 15 RALLYDEBUG rally.api [-] ERROR log from boto module is hide.
2019-12-02 07:33:52.851 17 RALLYDEBUG rally.api [-] INFO logs from urllib3 and requests module are hide.
2019-12-02 07:33:52.851 17 RALLYDEBUG rally.api [-] urllib3 insecure warnings are hidden.
2019-12-02 07:33:52.851 17 RALLYDEBUG rally.api [-] ERROR log from boto module is hide.
2019-12-02 07:33:54.549 17 INFO rally.task.engine [-] Task 6675e322-daf9-4654-9ad8-b3dbb3c7eef3 | Starting: Task validation.
2019-12-02 07:33:54.601 17 INFO rally.task.engine [-] Task 6675e322-daf9-4654-9ad8-b3dbb3c7eef3 | Starting: Task validation of syntax.
2019-12-02 07:33:54.704 17 INFO rally.task.engine [-] Task 6675e322-daf9-4654-9ad8-b3dbb3c7eef3 | Completed: Task validation of syntax.
2019-12-02 07:33:54.704 17 INFO rally.task.engine [-] Task 6675e322-daf9-4654-9ad8-b3dbb3c7eef3 | Starting: Task validation of required platforms.
2019-12-02 07:33:54.749 17 INFO rally.task.engine [-] Task 6675e322-daf9-4654-9ad8-b3dbb3c7eef3 | Completed: Task validation of required platforms.
2019-12-02 07:33:54.750 17 INFO rally.task.engine [-] Task 6675e322-daf9-4654-9ad8-b3dbb3c7eef3 | Starting: Task validation of semantic.
2019-12-02 07:33:54.750 17 INFO rally.task.engine [-] Check health of the environment 'a6742131-f342-47ad-9289-3e92ca9e0dad'.
2019-12-02 07:33:55.643 17 INFO rally.task.engine [-] Platform existing@openstack (available: True): OK!
2019-12-02 07:33:55.664 17 RALLYDEBUG rally_openstack.contexts.keystone.users [-] Creating 1 tenants using 20 threads
2019-12-02 07:33:56.534 17 RALLYDEBUG rally_openstack.contexts.keystone.users [-] Creating 1 users using 20 threads
2019-12-02 07:33:57.908 17 INFO rally.task.context [-] Task 6675e322-daf9-4654-9ad8-b3dbb3c7eef3 | Context users@openstack setup() finished in 2.24 sec
2019-12-02 07:33:57.970 17 INFO rally.task.context [-] Task 6675e322-daf9-4654-9ad8-b3dbb3c7eef3 | Context users@openstack cleanup() started
2019-12-02 07:34:01.273 17 INFO rally.task.context [-] Task 6675e322-daf9-4654-9ad8-b3dbb3c7eef3 | Context users@openstack cleanup() finished in 3.30 sec
2019-12-02 07:34:01.273 17 INFO rally.task.engine [-] Task 6675e322-daf9-4654-9ad8-b3dbb3c7eef3 | Completed: Task validation of semantic.
2019-12-02 07:34:01.274 17 INFO rally.task.engine [-] Task 6675e322-daf9-4654-9ad8-b3dbb3c7eef3 | Completed: Task validation.
2019-12-02 07:34:01.274 17 INFO rally.api [-] Task 6675e322-daf9-4654-9ad8-b3dbb3c7eef3 input file is valid.
2019-12-02 07:34:01.274 17 INFO rally.api [-] Run Task 6675e322-daf9-4654-9ad8-b3dbb3c7eef3 against Deployment a6742131-f342-47ad-9289-3e92ca9e0dad
2019-12-02 07:34:01.275 17 INFO rally.task.engine [-] Task 6675e322-daf9-4654-9ad8-b3dbb3c7eef3 | Starting: Running task.
2019-12-02 07:34:01.459 17 INFO rally.task.engine [-] Running workload: position = 0 config = { "version": 2, "title": "A cropped version of a bigger task.", "description": "Auto-generated task from a single workload (uuid=fb0cff54-443c-43a4-82d7-b72a98973b5c)", "subtasks": [ { "title": "Authenticate.keystone", "description": "Check Keystone Client.", "scenario": { "Authenticate.keystone": {} }, "contexts": { "users": { "tenants": 3, "users_per_tenant": 2 } }, "runner": { "constant": { "concurrency": 4, "times": 10 } }, "hooks": [], "sla": { "failure_rate": { "max": 0 } } } ] }
2019-12-02 07:34:01.484 17 RALLYDEBUG rally_openstack.contexts.keystone.users [-] Creating 3 tenants using 20 threads
2019-12-02 07:34:02.492 17 RALLYDEBUG rally_openstack.contexts.keystone.users [-] Creating 6 users using 20 threads
2019-12-02 07:34:04.059 17 INFO rally.task.context [-] Task 6675e322-daf9-4654-9ad8-b3dbb3c7eef3 | Context users@openstack setup() finished in 2.57 sec
2019-12-02 07:34:04.068 17 RALLYDEBUG rally.task.runner [-] Starting the constant runner (task UUID: 6675e322-daf9-4654-9ad8-b3dbb3c7eef3). timeout: 0 concurrency: 4 concurrency_per_worker: 1 times: 10 concurrency_overhead: 0 processes_to_start: 4 max_cpu_used: 16
2019-12-02 07:34:04.082 141 RALLYDEBUG rally.task.runner [-] Starting a worker. concurrency: 1 args: {} times: 10 method_name: run timeout: 0 duration: None cls:
2019-12-02 07:34:04.085 142 RALLYDEBUG rally.task.runner [-] Starting a worker. concurrency: 1 args: {} times: 10 method_name: run timeout: 0 duration: None cls:
2019-12-02 07:34:04.088 143 RALLYDEBUG rally.task.runner [-] Starting a worker. concurrency: 1 args: {} times: 10 method_name: run timeout: 0 duration: None cls:
2019-12-02 07:34:04.090 141 INFO rally.task.runner [-] Task 6675e322-daf9-4654-9ad8-b3dbb3c7eef3 | ITER: 1 START
2019-12-02 07:34:04.091 144 RALLYDEBUG rally.task.runner [-] Starting a worker. concurrency: 1 args: {} times: 10 method_name: run timeout: 0 duration: None cls:
2019-12-02 07:34:04.092 142 INFO rally.task.runner [-] Task 6675e322-daf9-4654-9ad8-b3dbb3c7eef3 | ITER: 2 START
2019-12-02 07:34:04.096 143 INFO rally.task.runner [-] Task 6675e322-daf9-4654-9ad8-b3dbb3c7eef3 | ITER: 3 START
2019-12-02 07:34:04.098 144 INFO rally.task.runner [-] Task 6675e322-daf9-4654-9ad8-b3dbb3c7eef3 | ITER: 4 START
2019-12-02 07:34:04.821 143 INFO rally.task.runner [-] Task 6675e322-daf9-4654-9ad8-b3dbb3c7eef3 | ITER: 3 END: OK
2019-12-02 07:34:04.825 143 INFO rally.task.runner [-] Task 6675e322-daf9-4654-9ad8-b3dbb3c7eef3 | ITER: 5 START
2019-12-02 07:34:04.828 142 INFO rally.task.runner [-] Task 6675e322-daf9-4654-9ad8-b3dbb3c7eef3 | ITER: 2 END: OK
2019-12-02 07:34:04.829 144 INFO rally.task.runner [-] Task 6675e322-daf9-4654-9ad8-b3dbb3c7eef3 | ITER: 4 END: OK
2019-12-02 07:34:04.832 142 INFO rally.task.runner [-] Task 6675e322-daf9-4654-9ad8-b3dbb3c7eef3 | ITER: 6 START
2019-12-02 07:34:04.833 144 INFO rally.task.runner [-] Task 6675e322-daf9-4654-9ad8-b3dbb3c7eef3 | ITER: 7 START
2019-12-02 07:34:04.838 141 INFO rally.task.runner [-] Task 6675e322-daf9-4654-9ad8-b3dbb3c7eef3 | ITER: 1 END: OK
2019-12-02 07:34:04.843 141 INFO rally.task.runner [-] Task 6675e322-daf9-4654-9ad8-b3dbb3c7eef3 | ITER: 8 START
2019-12-02 07:34:05.466 144 INFO rally.task.runner [-] Task 6675e322-daf9-4654-9ad8-b3dbb3c7eef3 | ITER: 7 END: OK
2019-12-02 07:34:05.470 144 INFO rally.task.runner [-] Task 6675e322-daf9-4654-9ad8-b3dbb3c7eef3 | ITER: 9 START
2019-12-02 07:34:05.557 143 INFO rally.task.runner [-] Task 6675e322-daf9-4654-9ad8-b3dbb3c7eef3 | ITER: 5 END: OK
2019-12-02 07:34:05.561 143 INFO rally.task.runner [-] Task 6675e322-daf9-4654-9ad8-b3dbb3c7eef3 | ITER: 10 START
2019-12-02 07:34:05.568 142 INFO rally.task.runner [-] Task 6675e322-daf9-4654-9ad8-b3dbb3c7eef3 | ITER: 6 END: OK
2019-12-02 07:34:05.576 141 INFO rally.task.runner [-] Task 6675e322-daf9-4654-9ad8-b3dbb3c7eef3 | ITER: 8 END: OK
2019-12-02 07:34:06.200 143 INFO rally.task.runner [-] Task 6675e322-daf9-4654-9ad8-b3dbb3c7eef3 | ITER: 10 END: OK
2019-12-02 07:34:06.221 144 INFO rally.task.runner [-] Task 6675e322-daf9-4654-9ad8-b3dbb3c7eef3 | ITER: 9 END: OK
2019-12-02 07:34:06.245 17 INFO rally.task.context [-] Task 6675e322-daf9-4654-9ad8-b3dbb3c7eef3 | Context users@openstack cleanup() started
2019-12-02 07:34:11.354 17 INFO rally.task.context [-] Task 6675e322-daf9-4654-9ad8-b3dbb3c7eef3 | Context users@openstack cleanup() finished in 5.11 sec
2019-12-02 07:34:11.549 17 INFO rally.task.engine [-] Load duration is: 2.129705
2019-12-02 07:34:11.550 17 INFO rally.task.engine [-] Full runner duration is: 2.177676
2019-12-02 07:34:11.550 17 INFO rally.task.engine [-] Full duration is: 9.87376
2019-12-02 07:34:11.814 17 INFO rally.task.engine [-] Running workload: position = 0 config = { "version": 2, "title": "A cropped version of a bigger task.", "description": "Auto-generated task from a single workload (uuid=291a5e39-a51b-4f62-b2e8-4e770203cc96)", "subtasks": [ { "title": "Authenticate.validate_cinder", "description": "Check Cinder Client to ensure validation of token.", "scenario": { "Authenticate.validate_cinder": { "repetitions": 2 } }, "contexts": { "users": { "tenants": 3, "users_per_tenant": 2 } }, "runner": { "constant": { "concurrency": 4, "times": 10 } }, "hooks": [], "sla": { "failure_rate": { "max": 0 } } } ] }
2019-12-02 07:34:11.840 17 RALLYDEBUG rally_openstack.contexts.keystone.users [-] Creating 3 tenants using 20 threads
2019-12-02 07:34:12.959 17 RALLYDEBUG rally_openstack.contexts.keystone.users [-] Creating 6 users using 20 threads
2019-12-02 07:34:14.627 17 INFO rally.task.context [-] Task 6675e322-daf9-4654-9ad8-b3dbb3c7eef3 | Context users@openstack setup() finished in 2.79 sec
2019-12-02 07:34:14.636 17 RALLYDEBUG rally.task.runner [-] Starting the constant runner (task UUID: 6675e322-daf9-4654-9ad8-b3dbb3c7eef3). timeout: 0 concurrency: 4 concurrency_per_worker: 1 times: 10 concurrency_overhead: 0 processes_to_start: 4 max_cpu_used: 16
2019-12-02 07:34:14.649 245 RALLYDEBUG rally.task.runner [-] Starting a worker. concurrency: 1 args: {"repetitions": 2} times: 10 method_name: run timeout: 0 duration: None cls:
2019-12-02 07:34:14.652 246 RALLYDEBUG rally.task.runner [-] Starting a worker. concurrency: 1 args: {"repetitions": 2} times: 10 method_name: run timeout: 0 duration: None cls:
2019-12-02 07:34:14.656 247 RALLYDEBUG rally.task.runner [-] Starting a worker. concurrency: 1 args: {"repetitions": 2} times: 10 method_name: run timeout: 0 duration: None cls:
2019-12-02 07:34:14.657 245 INFO rally.task.runner [-] Task 6675e322-daf9-4654-9ad8-b3dbb3c7eef3 | ITER: 1 START
2019-12-02 07:34:14.657 248 RALLYDEBUG rally.task.runner [-] Starting a worker. concurrency: 1 args: {"repetitions": 2} times: 10 method_name: run timeout: 0 duration: None cls:
2019-12-02 07:34:14.659 246 INFO rally.task.runner [-] Task 6675e322-daf9-4654-9ad8-b3dbb3c7eef3 | ITER: 2 START
2019-12-02 07:34:14.663 248 INFO rally.task.runner [-] Task 6675e322-daf9-4654-9ad8-b3dbb3c7eef3 | ITER: 4 START
2019-12-02 07:34:14.663 247 INFO rally.task.runner [-] Task 6675e322-daf9-4654-9ad8-b3dbb3c7eef3 | ITER: 3 START
2019-12-02 07:34:15.355 248 INFO rally.task.runner [-] Task 6675e322-daf9-4654-9ad8-b3dbb3c7eef3 | ITER: 4 END: OK
2019-12-02 07:34:15.360 248 INFO rally.task.runner [-] Task 6675e322-daf9-4654-9ad8-b3dbb3c7eef3 | ITER: 5 START
2019-12-02 07:34:15.382 246 INFO rally.task.runner [-] Task 6675e322-daf9-4654-9ad8-b3dbb3c7eef3 | ITER: 2 END: OK
2019-12-02 07:34:15.387 246 INFO rally.task.runner [-] Task 6675e322-daf9-4654-9ad8-b3dbb3c7eef3 | ITER: 6 START
2019-12-02 07:34:15.607 245 INFO rally.task.runner [-] Task 6675e322-daf9-4654-9ad8-b3dbb3c7eef3 | ITER: 1 END: OK
2019-12-02 07:34:15.612 245 INFO rally.task.runner [-] Task 6675e322-daf9-4654-9ad8-b3dbb3c7eef3 | ITER: 7 START
2019-12-02 07:34:15.647 247 INFO rally.task.runner [-] Task 6675e322-daf9-4654-9ad8-b3dbb3c7eef3 | ITER: 3 END: OK
2019-12-02 07:34:15.652 247 INFO rally.task.runner [-] Task 6675e322-daf9-4654-9ad8-b3dbb3c7eef3 | ITER: 8 START
2019-12-02 07:34:15.958 246 INFO rally.task.runner [-] Task 6675e322-daf9-4654-9ad8-b3dbb3c7eef3 | ITER: 6 END: OK
2019-12-02 07:34:15.963 246 INFO rally.task.runner [-] Task 6675e322-daf9-4654-9ad8-b3dbb3c7eef3 | ITER: 9 START
2019-12-02 07:34:16.069 248 INFO rally.task.runner [-] Task 6675e322-daf9-4654-9ad8-b3dbb3c7eef3 | ITER: 5 END: OK
2019-12-02 07:34:16.074 248 INFO rally.task.runner [-] Task 6675e322-daf9-4654-9ad8-b3dbb3c7eef3 | ITER: 10 START
2019-12-02 07:34:16.341 245 INFO rally.task.runner [-] Task 6675e322-daf9-4654-9ad8-b3dbb3c7eef3 | ITER: 7 END: OK
2019-12-02 07:34:16.450 247 INFO rally.task.runner [-] Task 6675e322-daf9-4654-9ad8-b3dbb3c7eef3 | ITER: 8 END: OK
2019-12-02 07:34:16.530 248 INFO rally.task.runner [-] Task 6675e322-daf9-4654-9ad8-b3dbb3c7eef3 | ITER: 10 END: OK
2019-12-02 07:34:16.678 246 INFO rally.task.runner [-] Task 6675e322-daf9-4654-9ad8-b3dbb3c7eef3 | ITER: 9 END: OK
2019-12-02 07:34:16.700 17 INFO rally.task.context [-] Task 6675e322-daf9-4654-9ad8-b3dbb3c7eef3 | Context users@openstack cleanup() started
2019-12-02 07:34:21.576 17 INFO rally.task.context [-] Task 6675e322-daf9-4654-9ad8-b3dbb3c7eef3 | Context users@openstack cleanup() finished in 4.88 sec
2019-12-02 07:34:21.927 17 INFO rally.task.engine [-] Load duration is: 2.02011
2019-12-02 07:34:21.928 17 INFO rally.task.engine [-] Full runner duration is: 2.064675
2019-12-02 07:34:21.928 17 INFO rally.task.engine [-] Full duration is: 9.741464
2019-12-02 07:34:22.274 17 INFO rally.task.engine [-] Running workload: position = 0 config = { "version": 2, "title": "A cropped version of a bigger task.", "description": "Auto-generated task from a single workload (uuid=d11f0cd6-2bd1-4b2f-9edc-672ad4c85377)", "subtasks": [ { "title": "Authenticate.validate_glance", "description": "Check Glance Client to ensure validation of token.", "scenario": { "Authenticate.validate_glance": { "repetitions": 2 } }, "contexts": { "users": { "tenants": 3, "users_per_tenant": 2 } }, "runner": { "constant": { "concurrency": 4, "times": 10 } }, "hooks": [], "sla": { "failure_rate": { "max": 0 } } } ] }
2019-12-02 07:34:22.301 17 RALLYDEBUG rally_openstack.contexts.keystone.users [-] Creating 3 tenants using 20 threads
2019-12-02 07:34:23.359 17 RALLYDEBUG rally_openstack.contexts.keystone.users [-] Creating 6 users using 20 threads
2019-12-02 07:34:25.150 17 INFO rally.task.context [-] Task 6675e322-daf9-4654-9ad8-b3dbb3c7eef3 | Context users@openstack setup() finished in 2.85 sec
2019-12-02 07:34:25.160 17 RALLYDEBUG rally.task.runner [-] Starting the constant runner (task UUID: 6675e322-daf9-4654-9ad8-b3dbb3c7eef3). timeout: 0 concurrency: 4 concurrency_per_worker: 1 times: 10 concurrency_overhead: 0 processes_to_start: 4 max_cpu_used: 16
2019-12-02 07:34:25.173 349 RALLYDEBUG rally.task.runner [-] Starting a worker. concurrency: 1 args: {"repetitions": 2} times: 10 method_name: run timeout: 0 duration: None cls:
2019-12-02 07:34:25.176 350 RALLYDEBUG rally.task.runner [-] Starting a worker. concurrency: 1 args: {"repetitions": 2} times: 10 method_name: run timeout: 0 duration: None cls:
2019-12-02 07:34:25.180 349 INFO rally.task.runner [-] Task 6675e322-daf9-4654-9ad8-b3dbb3c7eef3 | ITER: 1 START
2019-12-02 07:34:25.180 351 RALLYDEBUG rally.task.runner [-] Starting a worker. concurrency: 1 args: {"repetitions": 2} times: 10 method_name: run timeout: 0 duration: None cls:
2019-12-02 07:34:25.182 352 RALLYDEBUG rally.task.runner [-] Starting a worker. concurrency: 1 args: {"repetitions": 2} times: 10 method_name: run timeout: 0 duration: None cls:
2019-12-02 07:34:25.184 350 INFO rally.task.runner [-] Task 6675e322-daf9-4654-9ad8-b3dbb3c7eef3 | ITER: 2 START
2019-12-02 07:34:25.187 351 INFO rally.task.runner [-] Task 6675e322-daf9-4654-9ad8-b3dbb3c7eef3 | ITER: 3 START
2019-12-02 07:34:25.190 352 INFO rally.task.runner [-] Task 6675e322-daf9-4654-9ad8-b3dbb3c7eef3 | ITER: 4 START
2019-12-02 07:34:25.940 351 INFO rally.task.runner [-] Task 6675e322-daf9-4654-9ad8-b3dbb3c7eef3 | ITER: 3 END: OK
2019-12-02 07:34:25.944 351 INFO rally.task.runner [-] Task 6675e322-daf9-4654-9ad8-b3dbb3c7eef3 | ITER: 5 START
2019-12-02 07:34:25.983 349 INFO rally.task.runner [-] Task 6675e322-daf9-4654-9ad8-b3dbb3c7eef3 | ITER: 1 END: OK
2019-12-02 07:34:25.988 349 INFO rally.task.runner [-] Task 6675e322-daf9-4654-9ad8-b3dbb3c7eef3 | ITER: 6 START
2019-12-02 07:34:25.992 352 INFO rally.task.runner [-] Task 6675e322-daf9-4654-9ad8-b3dbb3c7eef3 | ITER: 4 END: OK
2019-12-02 07:34:25.997 352 INFO rally.task.runner [-] Task 6675e322-daf9-4654-9ad8-b3dbb3c7eef3 | ITER: 7 START
2019-12-02 07:34:26.058 350 INFO rally.task.runner [-] Task 6675e322-daf9-4654-9ad8-b3dbb3c7eef3 | ITER: 2 END: OK
2019-12-02 07:34:26.063 350 INFO rally.task.runner [-] Task 6675e322-daf9-4654-9ad8-b3dbb3c7eef3 | ITER: 8 START
2019-12-02 07:34:26.463 351 INFO rally.task.runner [-] Task 6675e322-daf9-4654-9ad8-b3dbb3c7eef3 | ITER: 5 END: OK
2019-12-02 07:34:26.467 351 INFO rally.task.runner [-] Task 6675e322-daf9-4654-9ad8-b3dbb3c7eef3 | ITER: 9 START
2019-12-02 07:34:26.495 352 INFO rally.task.runner [-] Task 6675e322-daf9-4654-9ad8-b3dbb3c7eef3 | ITER: 7 END: OK
2019-12-02 07:34:26.499 352 INFO rally.task.runner [-] Task 6675e322-daf9-4654-9ad8-b3dbb3c7eef3 | ITER: 10 START
2019-12-02 07:34:26.642 349 INFO rally.task.runner [-] Task 6675e322-daf9-4654-9ad8-b3dbb3c7eef3 | ITER: 6 END: OK
2019-12-02 07:34:26.666 350 INFO rally.task.runner [-] Task 6675e322-daf9-4654-9ad8-b3dbb3c7eef3 | ITER: 8 END: OK
2019-12-02 07:34:27.032 351 INFO rally.task.runner [-] Task 6675e322-daf9-4654-9ad8-b3dbb3c7eef3 | ITER: 9 END: OK
2019-12-02 07:34:27.058 352 INFO rally.task.runner [-] Task 6675e322-daf9-4654-9ad8-b3dbb3c7eef3 | ITER: 10 END: OK
2019-12-02 07:34:27.084 17 INFO rally.task.context [-] Task 6675e322-daf9-4654-9ad8-b3dbb3c7eef3 | Context users@openstack cleanup() started
2019-12-02 07:34:32.368 17 INFO rally.task.context [-] Task 6675e322-daf9-4654-9ad8-b3dbb3c7eef3 | Context users@openstack cleanup() finished in 5.28 sec
2019-12-02 07:34:34.369 17 INFO rally.task.engine [-] Load duration is: 1.876296
2019-12-02 07:34:34.369 17 INFO rally.task.engine [-] Full runner duration is: 1.92445
2019-12-02 07:34:34.370 17 INFO rally.task.engine [-] Full duration is: 10.071619
2019-12-02 07:34:34.904 17 INFO rally.task.engine [-] Running workload: position = 0 config = { "version": 2, "title": "A cropped version of a bigger task.", "description": "Auto-generated task from a single workload (uuid=47d3e534-2d0d-472a-a92f-98be749cdcc4)", "subtasks": [ { "title": "Authenticate.validate_heat", "description": "Check Heat Client to ensure validation of token.", "scenario": { "Authenticate.validate_heat": { "repetitions": 2 } }, "contexts": { "users": { "tenants": 3, "users_per_tenant": 2 } }, "runner": { "constant": { "concurrency": 4, "times": 10 } }, "hooks": [], "sla": { "failure_rate": { "max": 0 } } } ] }
2019-12-02 07:34:34.932 17 RALLYDEBUG rally_openstack.contexts.keystone.users [-] Creating 3 tenants using 20 threads
2019-12-02 07:34:35.931 17 RALLYDEBUG rally_openstack.contexts.keystone.users [-] Creating 6 users using 20 threads
2019-12-02 07:34:37.548 17 INFO rally.task.context [-] Task 6675e322-daf9-4654-9ad8-b3dbb3c7eef3 | Context users@openstack setup() finished in 2.62 sec
2019-12-02 07:34:37.557 17 RALLYDEBUG rally.task.runner [-] Starting the constant runner (task UUID: 6675e322-daf9-4654-9ad8-b3dbb3c7eef3). timeout: 0 concurrency: 4 concurrency_per_worker: 1 times: 10 concurrency_overhead: 0 processes_to_start: 4 max_cpu_used: 16
2019-12-02 07:34:37.570 453 RALLYDEBUG rally.task.runner [-] Starting a worker. concurrency: 1 args: {"repetitions": 2} times: 10 method_name: run timeout: 0 duration: None cls:
2019-12-02 07:34:37.574 454 RALLYDEBUG rally.task.runner [-] Starting a worker. concurrency: 1 args: {"repetitions": 2} times: 10 method_name: run timeout: 0 duration: None cls:
2019-12-02 07:34:37.577 455 RALLYDEBUG rally.task.runner [-] Starting a worker. concurrency: 1 args: {"repetitions": 2} times: 10 method_name: run timeout: 0 duration: None cls:
2019-12-02 07:34:37.578 453 INFO rally.task.runner [-] Task 6675e322-daf9-4654-9ad8-b3dbb3c7eef3 | ITER: 1 START
2019-12-02 07:34:37.579 456 RALLYDEBUG rally.task.runner [-] Starting a worker. concurrency: 1 args: {"repetitions": 2} times: 10 method_name: run timeout: 0 duration: None cls:
2019-12-02 07:34:37.581 454 INFO rally.task.runner [-] Task 6675e322-daf9-4654-9ad8-b3dbb3c7eef3 | ITER: 2 START
2019-12-02 07:34:37.584 455 INFO rally.task.runner [-] Task 6675e322-daf9-4654-9ad8-b3dbb3c7eef3 | ITER: 3 START
2019-12-02 07:34:37.586 456 INFO rally.task.runner [-] Task 6675e322-daf9-4654-9ad8-b3dbb3c7eef3 | ITER: 4 START
2019-12-02 07:34:38.744 453 INFO rally.task.runner [-] Task 6675e322-daf9-4654-9ad8-b3dbb3c7eef3 | ITER: 1 END: OK
2019-12-02 07:34:38.750 453 INFO rally.task.runner [-] Task 6675e322-daf9-4654-9ad8-b3dbb3c7eef3 | ITER: 5 START
2019-12-02 07:34:38.830 456 INFO rally.task.runner [-] Task 6675e322-daf9-4654-9ad8-b3dbb3c7eef3 | ITER: 4 END: OK
2019-12-02 07:34:38.835 456 INFO rally.task.runner [-] Task 6675e322-daf9-4654-9ad8-b3dbb3c7eef3 | ITER: 6 START
2019-12-02 07:34:39.056 454 INFO rally.task.runner [-] Task 6675e322-daf9-4654-9ad8-b3dbb3c7eef3 | ITER: 2 END: OK
2019-12-02 07:34:39.062 454 INFO rally.task.runner [-] Task 6675e322-daf9-4654-9ad8-b3dbb3c7eef3 | ITER: 7 START
2019-12-02 07:34:39.079 455 INFO rally.task.runner [-] Task 6675e322-daf9-4654-9ad8-b3dbb3c7eef3 | ITER: 3 END: OK
2019-12-02 07:34:39.084 455 INFO rally.task.runner [-] Task 6675e322-daf9-4654-9ad8-b3dbb3c7eef3 | ITER: 8 START
2019-12-02 07:34:39.858 456 INFO rally.task.runner [-] Task 6675e322-daf9-4654-9ad8-b3dbb3c7eef3 | ITER: 6 END: OK
2019-12-02 07:34:39.862 455 INFO rally.task.runner [-] Task 6675e322-daf9-4654-9ad8-b3dbb3c7eef3 | ITER: 8 END: OK
2019-12-02 07:34:39.863 456 INFO rally.task.runner [-] Task 6675e322-daf9-4654-9ad8-b3dbb3c7eef3 | ITER: 9 START
2019-12-02 07:34:39.866 455 INFO rally.task.runner [-] Task 6675e322-daf9-4654-9ad8-b3dbb3c7eef3 | ITER: 10 START
2019-12-02 07:34:39.889 454 INFO rally.task.runner [-] Task 6675e322-daf9-4654-9ad8-b3dbb3c7eef3 | ITER: 7 END: OK
2019-12-02 07:34:39.954 453 INFO rally.task.runner [-] Task 6675e322-daf9-4654-9ad8-b3dbb3c7eef3 | ITER: 5 END: OK
2019-12-02 07:34:40.426 455 INFO rally.task.runner [-] Task 6675e322-daf9-4654-9ad8-b3dbb3c7eef3 | ITER: 10 END: OK
2019-12-02 07:34:40.674 456 INFO rally.task.runner [-] Task 6675e322-daf9-4654-9ad8-b3dbb3c7eef3 | ITER: 9 END: OK
2019-12-02 07:34:40.698 17 INFO rally.task.context [-] Task 6675e322-daf9-4654-9ad8-b3dbb3c7eef3 | Context users@openstack cleanup() started
2019-12-02 07:34:45.342 17 INFO rally.task.context [-] Task 6675e322-daf9-4654-9ad8-b3dbb3c7eef3 | Context users@openstack cleanup() finished in 4.64 sec
2019-12-02 07:34:47.037 17 INFO rally.task.engine [-] Load duration is: 3.095165
2019-12-02 07:34:47.038 17 INFO rally.task.engine [-] Full runner duration is: 3.140798
2019-12-02 07:34:47.038 17 INFO rally.task.engine [-] Full duration is: 10.415415
2019-12-02 07:34:47.592 17 INFO rally.task.engine [-] Running workload: position = 0 config = { "version": 2, "title": "A cropped version of a bigger task.", "description": "Auto-generated task from a single workload (uuid=e77fea2f-7feb-4477-ab50-58f7f838aa8c)", "subtasks": [ { "title": "Authenticate.validate_neutron", "description": "Check Neutron Client to ensure validation of token.", "scenario": { "Authenticate.validate_neutron": { "repetitions": 2 } }, "contexts": { "users": { "tenants": 3, "users_per_tenant": 2 } }, "runner": { "constant": { "concurrency": 4, "times": 10 } }, "hooks": [], "sla": { "failure_rate": { "max": 0 } } } ] }
2019-12-02 07:34:47.620 17 RALLYDEBUG rally_openstack.contexts.keystone.users [-] Creating 3 tenants using 20 threads
2019-12-02 07:34:48.648 17 RALLYDEBUG rally_openstack.contexts.keystone.users [-] Creating 6 users using 20 threads
2019-12-02 07:34:50.306 17 INFO rally.task.context [-] Task 6675e322-daf9-4654-9ad8-b3dbb3c7eef3 | Context users@openstack setup() finished in 2.69 sec
2019-12-02 07:34:50.315 17 RALLYDEBUG rally.task.runner [-] Starting the constant runner (task UUID: 6675e322-daf9-4654-9ad8-b3dbb3c7eef3). timeout: 0 concurrency: 4 concurrency_per_worker: 1 times: 10 concurrency_overhead: 0 processes_to_start: 4 max_cpu_used: 16
2019-12-02 07:34:50.329 557 RALLYDEBUG rally.task.runner [-] Starting a worker. concurrency: 1 args: {"repetitions": 2} times: 10 method_name: run timeout: 0 duration: None cls:
2019-12-02 07:34:50.332 558 RALLYDEBUG rally.task.runner [-] Starting a worker. concurrency: 1 args: {"repetitions": 2} times: 10 method_name: run timeout: 0 duration: None cls:
2019-12-02 07:34:50.335 559 RALLYDEBUG rally.task.runner [-] Starting a worker. concurrency: 1 args: {"repetitions": 2} times: 10 method_name: run timeout: 0 duration: None cls:
2019-12-02 07:34:50.337 557 INFO rally.task.runner [-] Task 6675e322-daf9-4654-9ad8-b3dbb3c7eef3 | ITER: 1 START
2019-12-02 07:34:50.339 558 INFO rally.task.runner [-] Task 6675e322-daf9-4654-9ad8-b3dbb3c7eef3 | ITER: 2 START
2019-12-02 07:34:50.338 560 RALLYDEBUG rally.task.runner [-] Starting a worker. concurrency: 1 args: {"repetitions": 2} times: 10 method_name: run timeout: 0 duration: None cls:
2019-12-02 07:34:50.343 559 INFO rally.task.runner [-] Task 6675e322-daf9-4654-9ad8-b3dbb3c7eef3 | ITER: 3 START
2019-12-02 07:34:50.346 560 INFO rally.task.runner [-] Task 6675e322-daf9-4654-9ad8-b3dbb3c7eef3 | ITER: 4 START
2019-12-02 07:34:51.024 560 INFO rally.task.runner [-] Task 6675e322-daf9-4654-9ad8-b3dbb3c7eef3 | ITER: 4 END: OK
2019-12-02 07:34:51.028 560 INFO rally.task.runner [-] Task 6675e322-daf9-4654-9ad8-b3dbb3c7eef3 | ITER: 5 START
2019-12-02 07:34:51.138 558 INFO rally.task.runner [-] Task 6675e322-daf9-4654-9ad8-b3dbb3c7eef3 | ITER: 2 END: OK
2019-12-02 07:34:51.142 558 INFO rally.task.runner [-] Task 6675e322-daf9-4654-9ad8-b3dbb3c7eef3 | ITER: 6 START
2019-12-02 07:34:51.196 559 INFO rally.task.runner [-] Task 6675e322-daf9-4654-9ad8-b3dbb3c7eef3 | ITER: 3 END: OK
2019-12-02 07:34:51.201 559 INFO rally.task.runner [-] Task 6675e322-daf9-4654-9ad8-b3dbb3c7eef3 | ITER: 7 START
2019-12-02 07:34:51.303 557 INFO rally.task.runner [-] Task 6675e322-daf9-4654-9ad8-b3dbb3c7eef3 | ITER: 1 END: OK
2019-12-02 07:34:51.308 557 INFO rally.task.runner [-] Task 6675e322-daf9-4654-9ad8-b3dbb3c7eef3 | ITER: 8 START
2019-12-02 07:34:51.644 560 INFO rally.task.runner [-] Task 6675e322-daf9-4654-9ad8-b3dbb3c7eef3 | ITER: 5 END: OK
2019-12-02 07:34:51.649 560 INFO rally.task.runner [-] Task 6675e322-daf9-4654-9ad8-b3dbb3c7eef3 | ITER: 9 START
2019-12-02 07:34:51.743 558 INFO rally.task.runner [-] Task 6675e322-daf9-4654-9ad8-b3dbb3c7eef3 | ITER: 6 END: OK
2019-12-02 07:34:51.748 558 INFO rally.task.runner [-] Task 6675e322-daf9-4654-9ad8-b3dbb3c7eef3 | ITER: 10 START
2019-12-02 07:34:51.896 559 INFO rally.task.runner [-] Task 6675e322-daf9-4654-9ad8-b3dbb3c7eef3 | ITER: 7 END: OK
2019-12-02 07:34:51.999 557 INFO rally.task.runner [-] Task 6675e322-daf9-4654-9ad8-b3dbb3c7eef3 | ITER: 8 END: OK
2019-12-02 07:34:52.250 560 INFO rally.task.runner [-] Task 6675e322-daf9-4654-9ad8-b3dbb3c7eef3 | ITER: 9 END: OK
2019-12-02 07:34:52.358 558 INFO rally.task.runner [-] Task 6675e322-daf9-4654-9ad8-b3dbb3c7eef3 | ITER: 10 END: OK
2019-12-02 07:34:52.378 17 INFO rally.task.context [-] Task 6675e322-daf9-4654-9ad8-b3dbb3c7eef3 | Context users@openstack cleanup() started
2019-12-02 07:34:57.411 17 INFO rally.task.context [-] Task 6675e322-daf9-4654-9ad8-b3dbb3c7eef3 | Context users@openstack cleanup() finished in 5.03 sec
2019-12-02 07:34:57.694 17 INFO rally.task.engine [-] Load duration is: 2.01971
2019-12-02 07:34:57.695 17 INFO rally.task.engine [-] Full runner duration is: 2.062462
2019-12-02 07:34:57.695 17 INFO rally.task.engine [-] Full duration is: 9.795908
2019-12-02 07:34:58.234 17 INFO rally.task.engine [-] Running workload: position = 0 config = { "version": 2, "title": "A cropped version of a bigger task.", "description": "Auto-generated task from a single workload (uuid=2c26590e-cd3d-4cd4-b1b9-ad31be273ff8)", "subtasks": [ { "title": "Authenticate.validate_nova", "description": "Check Nova Client to ensure validation of token.", "scenario": { "Authenticate.validate_nova": { "repetitions": 2 } }, "contexts": { "users": { "tenants": 3, "users_per_tenant": 2 } }, "runner": { "constant": { "concurrency": 4, "times": 10 } }, "hooks": [], "sla": { "failure_rate": { "max": 0 } } } ] }
2019-12-02 07:34:58.264 17 RALLYDEBUG rally_openstack.contexts.keystone.users [-] Creating 3 tenants using 20 threads
2019-12-02 07:34:59.455 17 RALLYDEBUG rally_openstack.contexts.keystone.users [-] Creating 6 users using 20 threads
2019-12-02 07:35:01.127 17 INFO rally.task.context [-] Task 6675e322-daf9-4654-9ad8-b3dbb3c7eef3 | Context users@openstack setup() finished in 2.86 sec
2019-12-02 07:35:01.136 17 RALLYDEBUG rally.task.runner [-] Starting the constant runner (task UUID: 6675e322-daf9-4654-9ad8-b3dbb3c7eef3). timeout: 0 concurrency: 4 concurrency_per_worker: 1 times: 10 concurrency_overhead: 0 processes_to_start: 4 max_cpu_used: 16
2019-12-02 07:35:01.148 661 RALLYDEBUG rally.task.runner [-] Starting a worker. concurrency: 1 args: {"repetitions": 2} times: 10 method_name: run timeout: 0 duration: None cls:
2019-12-02 07:35:01.153 662 RALLYDEBUG rally.task.runner [-] Starting a worker. concurrency: 1 args: {"repetitions": 2} times: 10 method_name: run timeout: 0 duration: None cls:
2019-12-02 07:35:01.154 661 INFO rally.task.runner [-] Task 6675e322-daf9-4654-9ad8-b3dbb3c7eef3 | ITER: 1 START
2019-12-02 07:35:01.156 663 RALLYDEBUG rally.task.runner [-] Starting a worker. concurrency: 1 args: {"repetitions": 2} times: 10 method_name: run timeout: 0 duration: None cls:
2019-12-02 07:35:01.159 664 RALLYDEBUG rally.task.runner [-] Starting a worker. concurrency: 1 args: {"repetitions": 2} times: 10 method_name: run timeout: 0 duration: None cls:
2019-12-02 07:35:01.160 662 INFO rally.task.runner [-] Task 6675e322-daf9-4654-9ad8-b3dbb3c7eef3 | ITER: 2 START
2019-12-02 07:35:01.163 663 INFO rally.task.runner [-] Task 6675e322-daf9-4654-9ad8-b3dbb3c7eef3 | ITER: 3 START
2019-12-02 07:35:01.166 664 INFO rally.task.runner [-] Task 6675e322-daf9-4654-9ad8-b3dbb3c7eef3 | ITER: 4 START
2019-12-02 07:35:01.664 661 DEBUG novaclient.v2.client [-] REQ: curl -g -i --cacert "/etc/ssl/certs/mcp_os_cacert" -X GET http://10.167.4.35:8774/v2.1/flavors/detail -H "Accept: application/json" -H "User-Agent: python-novaclient" -H "X-Auth-Token: {SHA1}3700463ec2d74bfb9f924a30cb8cf7cc3689f855" _http_log_request /usr/lib/python2.7/site-packages/keystoneauth1/session.py:448
2019-12-02 07:35:01.664 663 DEBUG novaclient.v2.client [-] REQ: curl -g -i --cacert "/etc/ssl/certs/mcp_os_cacert" -X GET http://10.167.4.35:8774/v2.1/flavors/detail -H "Accept: application/json" -H "User-Agent: python-novaclient" -H "X-Auth-Token: {SHA1}ba65279a70128783a2f8a76070bd2abe0594b748" _http_log_request /usr/lib/python2.7/site-packages/keystoneauth1/session.py:448
2019-12-02 07:35:01.668 662 DEBUG novaclient.v2.client [-] REQ: curl -g -i --cacert "/etc/ssl/certs/mcp_os_cacert" -X GET http://10.167.4.35:8774/v2.1/flavors/detail -H "Accept: application/json" -H "User-Agent: python-novaclient" -H "X-Auth-Token: {SHA1}77b5e13a10a982a8d5074a001999d9dd889d1f9e" _http_log_request /usr/lib/python2.7/site-packages/keystoneauth1/session.py:448
2019-12-02 07:35:01.670 664 DEBUG novaclient.v2.client [-] REQ: curl -g -i --cacert "/etc/ssl/certs/mcp_os_cacert" -X GET http://10.167.4.35:8774/v2.1/flavors/detail -H "Accept: application/json" -H "User-Agent: python-novaclient" -H "X-Auth-Token: {SHA1}d2d3b0e95830661f2967a7e8e227dc69f98c18fa" _http_log_request /usr/lib/python2.7/site-packages/keystoneauth1/session.py:448
2019-12-02 07:35:01.853 663 DEBUG novaclient.v2.client [-] RESP: [200] Connection: close Content-Length: 1014 Content-Type: application/json Date: Mon, 02 Dec 2019 07:35:01 GMT Openstack-Api-Version: compute 2.1 Vary: OpenStack-API-Version, X-OpenStack-Nova-API-Version X-Compute-Request-Id: req-f0930258-1707-4744-8b75-fc123800ccce X-Openstack-Nova-Api-Version: 2.1 X-Openstack-Request-Id: req-f0930258-1707-4744-8b75-fc123800ccce _http_log_response /usr/lib/python2.7/site-packages/keystoneauth1/session.py:479
2019-12-02 07:35:01.853 662 DEBUG novaclient.v2.client [-] RESP: [200] Connection: close Content-Length: 1014 Content-Type: application/json Date: Mon, 02 Dec 2019 07:35:01 GMT Openstack-Api-Version: compute 2.1 Vary: OpenStack-API-Version, X-OpenStack-Nova-API-Version X-Compute-Request-Id: req-6e6b9c49-92fa-4a51-bcb6-eb08ad196da4 X-Openstack-Nova-Api-Version: 2.1 X-Openstack-Request-Id: req-6e6b9c49-92fa-4a51-bcb6-eb08ad196da4 _http_log_response /usr/lib/python2.7/site-packages/keystoneauth1/session.py:479
2019-12-02 07:35:01.854 663 DEBUG novaclient.v2.client [-] RESP BODY: {"flavors": [{"name": "rally_full-flavor_03124177-619c-44d9-b825-5cddeb4d4fa5", "links": [{"href": "http://10.167.4.35:8774/v2.1/flavors/29fb7590-37c4-4506-97dd-3cb4f796032b", "rel": "self"}, {"href": "http://10.167.4.35:8774/flavors/29fb7590-37c4-4506-97dd-3cb4f796032b", "rel": "bookmark"}], "ram": 512, "OS-FLV-DISABLED:disabled": false, "vcpus": 1, "swap": "", "os-flavor-access:is_public": true, "rxtx_factor": 1.0, "OS-FLV-EXT-DATA:ephemeral": 0, "disk": 1, "id": "29fb7590-37c4-4506-97dd-3cb4f796032b"}, {"name": "rally_full-flavor_alt_03124177-619c-44d9-b825-5cddeb4d4fa5", "links": [{"href": "http://10.167.4.35:8774/v2.1/flavors/8d4b33aa-770a-4ec0-8b7c-e41673b37497", "rel": "self"}, {"href": "http://10.167.4.35:8774/flavors/8d4b33aa-770a-4ec0-8b7c-e41673b37497", "rel": "bookmark"}], "ram": 1024, "OS-FLV-DISABLED:disabled": false, "vcpus": 1, "swap": "", "os-flavor-access:is_public": true, "rxtx_factor": 1.0, "OS-FLV-EXT-DATA:ephemeral": 0, "disk": 1, "id": "8d4b33aa-770a-4ec0-8b7c-e41673b37497"}]} _http_log_response /usr/lib/python2.7/site-packages/keystoneauth1/session.py:511
2019-12-02 07:35:01.854 662 DEBUG novaclient.v2.client [-] RESP BODY: {"flavors": [{"name": "rally_full-flavor_03124177-619c-44d9-b825-5cddeb4d4fa5", "links": [{"href": "http://10.167.4.35:8774/v2.1/flavors/29fb7590-37c4-4506-97dd-3cb4f796032b", "rel": "self"}, {"href": "http://10.167.4.35:8774/flavors/29fb7590-37c4-4506-97dd-3cb4f796032b", "rel": "bookmark"}], "ram": 512, "OS-FLV-DISABLED:disabled": false, "vcpus": 1, "swap": "", "os-flavor-access:is_public": true, "rxtx_factor": 1.0, "OS-FLV-EXT-DATA:ephemeral": 0, "disk": 1, "id": "29fb7590-37c4-4506-97dd-3cb4f796032b"}, {"name": "rally_full-flavor_alt_03124177-619c-44d9-b825-5cddeb4d4fa5", "links": [{"href": "http://10.167.4.35:8774/v2.1/flavors/8d4b33aa-770a-4ec0-8b7c-e41673b37497", "rel": "self"}, {"href": "http://10.167.4.35:8774/flavors/8d4b33aa-770a-4ec0-8b7c-e41673b37497", "rel": "bookmark"}], "ram": 1024, "OS-FLV-DISABLED:disabled": false, "vcpus": 1, "swap": "", "os-flavor-access:is_public": true, "rxtx_factor": 1.0, "OS-FLV-EXT-DATA:ephemeral": 0, "disk": 1, "id": "8d4b33aa-770a-4ec0-8b7c-e41673b37497"}]} _http_log_response /usr/lib/python2.7/site-packages/keystoneauth1/session.py:511
2019-12-02 07:35:01.854 663 DEBUG novaclient.v2.client [-] GET call to compute for http://10.167.4.35:8774/v2.1/flavors/detail used request id req-f0930258-1707-4744-8b75-fc123800ccce request /usr/lib/python2.7/site-packages/keystoneauth1/session.py:844
2019-12-02 07:35:01.855 662 DEBUG novaclient.v2.client [-] GET call to compute for http://10.167.4.35:8774/v2.1/flavors/detail used request id req-6e6b9c49-92fa-4a51-bcb6-eb08ad196da4 request /usr/lib/python2.7/site-packages/keystoneauth1/session.py:844
2019-12-02 07:35:01.857 662 DEBUG novaclient.v2.client [-] REQ: curl -g -i --cacert "/etc/ssl/certs/mcp_os_cacert" -X GET http://10.167.4.35:8774/v2.1/flavors/detail -H "Accept: application/json" -H "User-Agent: python-novaclient" -H "X-Auth-Token: {SHA1}77b5e13a10a982a8d5074a001999d9dd889d1f9e" _http_log_request /usr/lib/python2.7/site-packages/keystoneauth1/session.py:448
2019-12-02 07:35:01.857 663 DEBUG novaclient.v2.client [-] REQ: curl -g -i --cacert "/etc/ssl/certs/mcp_os_cacert" -X GET http://10.167.4.35:8774/v2.1/flavors/detail -H "Accept: application/json" -H "User-Agent: python-novaclient" -H "X-Auth-Token: {SHA1}ba65279a70128783a2f8a76070bd2abe0594b748" _http_log_request /usr/lib/python2.7/site-packages/keystoneauth1/session.py:448
2019-12-02 07:35:01.857 661 DEBUG novaclient.v2.client [-] RESP: [200] Connection: close Content-Length: 1014 Content-Type: application/json Date: Mon, 02 Dec 2019 07:35:01 GMT Openstack-Api-Version: compute 2.1 Vary: OpenStack-API-Version, X-OpenStack-Nova-API-Version X-Compute-Request-Id: req-dd9bbffc-e4d5-436e-8980-13095324a306 X-Openstack-Nova-Api-Version: 2.1 X-Openstack-Request-Id: req-dd9bbffc-e4d5-436e-8980-13095324a306 _http_log_response /usr/lib/python2.7/site-packages/keystoneauth1/session.py:479
2019-12-02 07:35:01.858 661 DEBUG novaclient.v2.client [-] RESP BODY: {"flavors": [{"name": "rally_full-flavor_03124177-619c-44d9-b825-5cddeb4d4fa5", "links": [{"href": "http://10.167.4.35:8774/v2.1/flavors/29fb7590-37c4-4506-97dd-3cb4f796032b", "rel": "self"}, {"href": "http://10.167.4.35:8774/flavors/29fb7590-37c4-4506-97dd-3cb4f796032b", "rel": "bookmark"}], "ram": 512, "OS-FLV-DISABLED:disabled": false, "vcpus": 1, "swap": "", "os-flavor-access:is_public": true, "rxtx_factor": 1.0, "OS-FLV-EXT-DATA:ephemeral": 0, "disk": 1, "id": "29fb7590-37c4-4506-97dd-3cb4f796032b"}, {"name": "rally_full-flavor_alt_03124177-619c-44d9-b825-5cddeb4d4fa5", "links": [{"href": "http://10.167.4.35:8774/v2.1/flavors/8d4b33aa-770a-4ec0-8b7c-e41673b37497", "rel": "self"}, {"href": "http://10.167.4.35:8774/flavors/8d4b33aa-770a-4ec0-8b7c-e41673b37497", "rel": "bookmark"}], "ram": 1024, "OS-FLV-DISABLED:disabled": false, "vcpus": 1, "swap": "", "os-flavor-access:is_public": true, "rxtx_factor": 1.0, "OS-FLV-EXT-DATA:ephemeral": 0, "disk": 1, "id": "8d4b33aa-770a-4ec0-8b7c-e41673b37497"}]} _http_log_response /usr/lib/python2.7/site-packages/keystoneauth1/session.py:511
2019-12-02 07:35:01.859 661 DEBUG novaclient.v2.client [-] GET call to compute for http://10.167.4.35:8774/v2.1/flavors/detail used request id req-dd9bbffc-e4d5-436e-8980-13095324a306 request /usr/lib/python2.7/site-packages/keystoneauth1/session.py:844
2019-12-02 07:35:01.860 661 DEBUG novaclient.v2.client [-] REQ: curl -g -i --cacert "/etc/ssl/certs/mcp_os_cacert" -X GET http://10.167.4.35:8774/v2.1/flavors/detail -H "Accept: application/json" -H "User-Agent: python-novaclient" -H "X-Auth-Token: {SHA1}3700463ec2d74bfb9f924a30cb8cf7cc3689f855" _http_log_request /usr/lib/python2.7/site-packages/keystoneauth1/session.py:448
2019-12-02 07:35:01.864 664 DEBUG novaclient.v2.client [-] RESP: [200] Connection: close Content-Length: 1014 Content-Type: application/json Date: Mon, 02 Dec 2019 07:35:01 GMT Openstack-Api-Version: compute 2.1 Vary: OpenStack-API-Version, X-OpenStack-Nova-API-Version X-Compute-Request-Id: req-25208587-0c6e-4e00-889b-d2e8476df11e X-Openstack-Nova-Api-Version: 2.1 X-Openstack-Request-Id: req-25208587-0c6e-4e00-889b-d2e8476df11e _http_log_response /usr/lib/python2.7/site-packages/keystoneauth1/session.py:479
2019-12-02 07:35:01.865 664 DEBUG novaclient.v2.client [-] RESP BODY: {"flavors": [{"name": "rally_full-flavor_03124177-619c-44d9-b825-5cddeb4d4fa5", "links": [{"href": "http://10.167.4.35:8774/v2.1/flavors/29fb7590-37c4-4506-97dd-3cb4f796032b", "rel": "self"}, {"href": "http://10.167.4.35:8774/flavors/29fb7590-37c4-4506-97dd-3cb4f796032b", "rel": "bookmark"}], "ram": 512, "OS-FLV-DISABLED:disabled": false, "vcpus": 1, "swap": "", "os-flavor-access:is_public": true, "rxtx_factor": 1.0, "OS-FLV-EXT-DATA:ephemeral": 0, "disk": 1, "id": "29fb7590-37c4-4506-97dd-3cb4f796032b"}, {"name": "rally_full-flavor_alt_03124177-619c-44d9-b825-5cddeb4d4fa5", "links": [{"href": "http://10.167.4.35:8774/v2.1/flavors/8d4b33aa-770a-4ec0-8b7c-e41673b37497", "rel": "self"}, {"href": "http://10.167.4.35:8774/flavors/8d4b33aa-770a-4ec0-8b7c-e41673b37497", "rel": "bookmark"}], "ram": 1024, "OS-FLV-DISABLED:disabled": false, "vcpus": 1, "swap": "", "os-flavor-access:is_public": true, "rxtx_factor": 1.0, "OS-FLV-EXT-DATA:ephemeral": 0, "disk": 1, "id": "8d4b33aa-770a-4ec0-8b7c-e41673b37497"}]} _http_log_response /usr/lib/python2.7/site-packages/keystoneauth1/session.py:511
2019-12-02 07:35:01.865 664 DEBUG novaclient.v2.client [-] GET call to compute for http://10.167.4.35:8774/v2.1/flavors/detail used request id req-25208587-0c6e-4e00-889b-d2e8476df11e request /usr/lib/python2.7/site-packages/keystoneauth1/session.py:844
2019-12-02 07:35:01.867 664 DEBUG novaclient.v2.client [-] REQ: curl -g -i --cacert "/etc/ssl/certs/mcp_os_cacert" -X GET http://10.167.4.35:8774/v2.1/flavors/detail -H "Accept: application/json" -H "User-Agent: python-novaclient" -H "X-Auth-Token: {SHA1}d2d3b0e95830661f2967a7e8e227dc69f98c18fa" _http_log_request /usr/lib/python2.7/site-packages/keystoneauth1/session.py:448
2019-12-02 07:35:01.882 663 DEBUG novaclient.v2.client [-] RESP: [200] Connection: close Content-Length: 1014 Content-Type: application/json Date: Mon, 02 Dec 2019 07:35:01 GMT Openstack-Api-Version: compute 2.1 Vary: OpenStack-API-Version, X-OpenStack-Nova-API-Version X-Compute-Request-Id: req-3ba8ff15-d3bf-499d-89e7-b5664e4bcb0e X-Openstack-Nova-Api-Version: 2.1 X-Openstack-Request-Id: req-3ba8ff15-d3bf-499d-89e7-b5664e4bcb0e _http_log_response /usr/lib/python2.7/site-packages/keystoneauth1/session.py:479
2019-12-02 07:35:01.882 663 DEBUG novaclient.v2.client [-] RESP BODY: {"flavors": [{"name": "rally_full-flavor_03124177-619c-44d9-b825-5cddeb4d4fa5", "links": [{"href": "http://10.167.4.35:8774/v2.1/flavors/29fb7590-37c4-4506-97dd-3cb4f796032b", "rel": "self"}, {"href": "http://10.167.4.35:8774/flavors/29fb7590-37c4-4506-97dd-3cb4f796032b", "rel": "bookmark"}], "ram": 512, "OS-FLV-DISABLED:disabled": false, "vcpus": 1, "swap": "", "os-flavor-access:is_public": true, "rxtx_factor": 1.0, "OS-FLV-EXT-DATA:ephemeral": 0, "disk": 1, "id": "29fb7590-37c4-4506-97dd-3cb4f796032b"}, {"name": "rally_full-flavor_alt_03124177-619c-44d9-b825-5cddeb4d4fa5", "links": [{"href": "http://10.167.4.35:8774/v2.1/flavors/8d4b33aa-770a-4ec0-8b7c-e41673b37497", "rel": "self"}, {"href": "http://10.167.4.35:8774/flavors/8d4b33aa-770a-4ec0-8b7c-e41673b37497", "rel": "bookmark"}], "ram": 1024, "OS-FLV-DISABLED:disabled": false, "vcpus": 1, "swap": "", "os-flavor-access:is_public": true, "rxtx_factor": 1.0, "OS-FLV-EXT-DATA:ephemeral": 0, "disk": 1, "id": "8d4b33aa-770a-4ec0-8b7c-e41673b37497"}]} _http_log_response /usr/lib/python2.7/site-packages/keystoneauth1/session.py:511
2019-12-02 07:35:01.883 663 DEBUG novaclient.v2.client [-] GET call to compute for http://10.167.4.35:8774/v2.1/flavors/detail used request id req-3ba8ff15-d3bf-499d-89e7-b5664e4bcb0e request /usr/lib/python2.7/site-packages/keystoneauth1/session.py:844
2019-12-02 07:35:01.884 663 INFO rally.task.runner [-] Task 6675e322-daf9-4654-9ad8-b3dbb3c7eef3 | ITER: 3 END: OK
2019-12-02 07:35:01.889 663 INFO rally.task.runner [-] Task 6675e322-daf9-4654-9ad8-b3dbb3c7eef3 | ITER: 5 START
2019-12-02 07:35:01.889 661 DEBUG novaclient.v2.client [-] RESP: [200] Connection: close Content-Length: 1014 Content-Type: application/json Date: Mon, 02 Dec 2019 07:35:01 GMT Openstack-Api-Version: compute 2.1 Vary: OpenStack-API-Version, X-OpenStack-Nova-API-Version X-Compute-Request-Id: req-f9be4580-b7ef-4297-ae5e-2216bdc52732 X-Openstack-Nova-Api-Version: 2.1 X-Openstack-Request-Id: req-f9be4580-b7ef-4297-ae5e-2216bdc52732 _http_log_response /usr/lib/python2.7/site-packages/keystoneauth1/session.py:479
2019-12-02 07:35:01.890 661 DEBUG novaclient.v2.client [-] RESP BODY: {"flavors": [{"name": "rally_full-flavor_03124177-619c-44d9-b825-5cddeb4d4fa5", "links": [{"href": "http://10.167.4.35:8774/v2.1/flavors/29fb7590-37c4-4506-97dd-3cb4f796032b", "rel": "self"}, {"href": "http://10.167.4.35:8774/flavors/29fb7590-37c4-4506-97dd-3cb4f796032b", "rel": "bookmark"}], "ram": 512, "OS-FLV-DISABLED:disabled": false, "vcpus": 1, "swap": "", "os-flavor-access:is_public": true, "rxtx_factor": 1.0, "OS-FLV-EXT-DATA:ephemeral": 0, "disk": 1, "id": "29fb7590-37c4-4506-97dd-3cb4f796032b"}, {"name": "rally_full-flavor_alt_03124177-619c-44d9-b825-5cddeb4d4fa5", "links": [{"href": "http://10.167.4.35:8774/v2.1/flavors/8d4b33aa-770a-4ec0-8b7c-e41673b37497", "rel": "self"}, {"href": "http://10.167.4.35:8774/flavors/8d4b33aa-770a-4ec0-8b7c-e41673b37497", "rel": "bookmark"}], "ram": 1024, "OS-FLV-DISABLED:disabled": false, "vcpus": 1, "swap": "", "os-flavor-access:is_public": true, "rxtx_factor": 1.0, "OS-FLV-EXT-DATA:ephemeral": 0, "disk": 1, "id": "8d4b33aa-770a-4ec0-8b7c-e41673b37497"}]} _http_log_response /usr/lib/python2.7/site-packages/keystoneauth1/session.py:511
2019-12-02 07:35:01.890 664 DEBUG novaclient.v2.client [-] RESP: [200] Connection: close Content-Length: 1014 Content-Type: application/json Date: Mon, 02 Dec 2019 07:35:01 GMT Openstack-Api-Version: compute 2.1 Vary: OpenStack-API-Version, X-OpenStack-Nova-API-Version X-Compute-Request-Id: req-2bf3c968-32c6-47a9-a744-01f4161e85a9 X-Openstack-Nova-Api-Version: 2.1 X-Openstack-Request-Id: req-2bf3c968-32c6-47a9-a744-01f4161e85a9 _http_log_response /usr/lib/python2.7/site-packages/keystoneauth1/session.py:479
2019-12-02 07:35:01.890 662 DEBUG novaclient.v2.client [-] RESP: [200] Connection: close Content-Length: 1014 Content-Type: application/json Date: Mon, 02 Dec 2019 07:35:01 GMT Openstack-Api-Version: compute 2.1 Vary: OpenStack-API-Version, X-OpenStack-Nova-API-Version X-Compute-Request-Id: req-eda0d119-40ca-4910-85eb-a2511a66cb54 X-Openstack-Nova-Api-Version: 2.1 X-Openstack-Request-Id: req-eda0d119-40ca-4910-85eb-a2511a66cb54 _http_log_response /usr/lib/python2.7/site-packages/keystoneauth1/session.py:479
2019-12-02 07:35:01.891 661 DEBUG novaclient.v2.client [-] GET call to compute for http://10.167.4.35:8774/v2.1/flavors/detail used request id req-f9be4580-b7ef-4297-ae5e-2216bdc52732 request /usr/lib/python2.7/site-packages/keystoneauth1/session.py:844
2019-12-02 07:35:01.891 662 DEBUG novaclient.v2.client [-] RESP BODY: {"flavors": [{"name": "rally_full-flavor_03124177-619c-44d9-b825-5cddeb4d4fa5", "links": [{"href": "http://10.167.4.35:8774/v2.1/flavors/29fb7590-37c4-4506-97dd-3cb4f796032b", "rel": "self"}, {"href": "http://10.167.4.35:8774/flavors/29fb7590-37c4-4506-97dd-3cb4f796032b", "rel": "bookmark"}], "ram": 512, "OS-FLV-DISABLED:disabled": false, "vcpus": 1, "swap": "", "os-flavor-access:is_public": true, "rxtx_factor": 1.0, "OS-FLV-EXT-DATA:ephemeral": 0, "disk": 1, "id": "29fb7590-37c4-4506-97dd-3cb4f796032b"}, {"name": "rally_full-flavor_alt_03124177-619c-44d9-b825-5cddeb4d4fa5", "links": [{"href": "http://10.167.4.35:8774/v2.1/flavors/8d4b33aa-770a-4ec0-8b7c-e41673b37497", "rel": "self"}, {"href": "http://10.167.4.35:8774/flavors/8d4b33aa-770a-4ec0-8b7c-e41673b37497", "rel": "bookmark"}], "ram": 1024, "OS-FLV-DISABLED:disabled": false, "vcpus": 1, "swap": "", "os-flavor-access:is_public": true, "rxtx_factor": 1.0, "OS-FLV-EXT-DATA:ephemeral": 0, "disk": 1, "id": "8d4b33aa-770a-4ec0-8b7c-e41673b37497"}]} _http_log_response /usr/lib/python2.7/site-packages/keystoneauth1/session.py:511
