2019-11-25 07:42:12.417 28357 WARNING rally_openstack.scenarios.neutron.utils [-] Running this scenario without either the 'network' or 'existing_network' context is deprecated
2019-11-25 07:42:12.418 28367 RALLYDEBUG rally.task.runner [-] Starting a worker. concurrency: 1 args: {"network_create_args": {}, "subnet_create_args": {}, "subnet_cidr_start": "1.1.0.0/30", "subnets_per_network": 2} times: 40 method_name: run timeout: 0 duration: None cls:
2019-11-25 07:42:12.420 28356 WARNING rally_openstack.scenarios.neutron.utils [-] Running this scenario without either the 'network' or 'existing_network' context is deprecated
2019-11-25 07:42:12.422 28364 INFO rally.task.runner [-] Task 8b942cc7-0e23-4033-9c60-683248064744 | ITER: 10 START
2019-11-25 07:42:12.423 28364 WARNING rally_openstack.scenarios.neutron.utils [-] Running this scenario without either the 'network' or 'existing_network' context is deprecated
2019-11-25 07:42:12.423 28360 INFO rally.task.runner [-] Task 8b942cc7-0e23-4033-9c60-683248064744 | ITER: 9 START
2019-11-25 07:42:12.423 28370 RALLYDEBUG rally.task.runner [-] Starting a worker. concurrency: 1 args: {"network_create_args": {}, "subnet_create_args": {}, "subnet_cidr_start": "1.1.0.0/30", "subnets_per_network": 2} times: 40 method_name: run timeout: 0 duration: None cls:
2019-11-25 07:42:12.425 28360 WARNING rally_openstack.scenarios.neutron.utils [-] Running this scenario without either the 'network' or 'existing_network' context is deprecated
2019-11-25 07:42:12.426 28367 INFO rally.task.runner [-] Task 8b942cc7-0e23-4033-9c60-683248064744 | ITER: 11 START
2019-11-25 07:42:12.411 28354 INFO rally.task.runner [-] Task 8b942cc7-0e23-4033-9c60-683248064744 | ITER: 2 START
2019-11-25 07:42:12.427 28367 WARNING rally_openstack.scenarios.neutron.utils [-] Running this scenario without either the 'network' or 'existing_network' context is deprecated
2019-11-25 07:42:12.428 28354 WARNING rally_openstack.scenarios.neutron.utils [-] Running this scenario without either the 'network' or 'existing_network' context is deprecated
2019-11-25 07:42:12.430 28370 INFO rally.task.runner [-] Task 8b942cc7-0e23-4033-9c60-683248064744 | ITER: 12 START
2019-11-25 07:42:12.430 28355 INFO rally.task.runner [-] Task 8b942cc7-0e23-4033-9c60-683248064744 | ITER: 5 START
2019-11-25 07:42:12.431 28370 WARNING rally_openstack.scenarios.neutron.utils [-] Running this scenario without either the 'network' or 'existing_network' context is deprecated
2019-11-25 07:42:12.431 28378 RALLYDEBUG rally.task.runner [-] Starting a worker. concurrency: 1 args: {"network_create_args": {}, "subnet_create_args": {}, "subnet_cidr_start": "1.1.0.0/30", "subnets_per_network": 2} times: 40 method_name: run timeout: 0 duration: None cls:
2019-11-25 07:42:12.431 28355 WARNING rally_openstack.scenarios.neutron.utils [-] Running this scenario without either the 'network' or 'existing_network' context is deprecated
2019-11-25 07:42:12.432 28357 INFO rally.task.runner [-] Task 8b942cc7-0e23-4033-9c60-683248064744 | ITER: 8 START
2019-11-25 07:42:12.434 28357 WARNING rally_openstack.scenarios.neutron.utils [-] Running this scenario without either the 'network' or 'existing_network' context is deprecated
2019-11-25 07:42:12.438 28378 INFO rally.task.runner [-] Task 8b942cc7-0e23-4033-9c60-683248064744 | ITER: 13 START
2019-11-25 07:42:12.440 28378 WARNING rally_openstack.scenarios.neutron.utils [-] Running this scenario without either the 'network' or 'existing_network' context is deprecated
2019-11-25 07:42:12.441 28383 RALLYDEBUG rally.task.runner [-] Starting a worker. concurrency: 1 args: {"network_create_args": {}, "subnet_create_args": {}, "subnet_cidr_start": "1.1.0.0/30", "subnets_per_network": 2} times: 40 method_name: run timeout: 0 duration: None cls:
2019-11-25 07:42:12.448 28386 RALLYDEBUG rally.task.runner [-] Starting a worker. concurrency: 1 args: {"network_create_args": {}, "subnet_create_args": {}, "subnet_cidr_start": "1.1.0.0/30", "subnets_per_network": 2} times: 40 method_name: run timeout: 0 duration: None cls:
2019-11-25 07:42:12.449 28383 INFO rally.task.runner [-] Task 8b942cc7-0e23-4033-9c60-683248064744 | ITER: 14 START
2019-11-25 07:42:12.450 28383 WARNING rally_openstack.scenarios.neutron.utils [-] Running this scenario without either the 'network' or 'existing_network' context is deprecated
2019-11-25 07:42:12.454 28386 INFO rally.task.runner [-] Task 8b942cc7-0e23-4033-9c60-683248064744 | ITER: 15 START
2019-11-25 07:42:12.456 28386 WARNING rally_openstack.scenarios.neutron.utils [-] Running this scenario without either the 'network' or 'existing_network' context is deprecated
2019-11-25 07:42:12.457 28388 RALLYDEBUG rally.task.runner [-] Starting a worker. concurrency: 1 args: {"network_create_args": {}, "subnet_create_args": {}, "subnet_cidr_start": "1.1.0.0/30", "subnets_per_network": 2} times: 40 method_name: run timeout: 0 duration: None cls:
2019-11-25 07:42:12.463 28388 INFO rally.task.runner [-] Task 8b942cc7-0e23-4033-9c60-683248064744 | ITER: 16 START
2019-11-25 07:42:12.464 28388 WARNING rally_openstack.scenarios.neutron.utils [-] Running this scenario without either the 'network' or 'existing_network' context is deprecated
2019-11-25 07:42:12.465 28392 RALLYDEBUG rally.task.runner [-] Starting a worker. concurrency: 1 args: {"network_create_args": {}, "subnet_create_args": {}, "subnet_cidr_start": "1.1.0.0/30", "subnets_per_network": 2} times: 40 method_name: run timeout: 0 duration: None cls:
2019-11-25 07:42:12.470 28392 INFO rally.task.runner [-] Task 8b942cc7-0e23-4033-9c60-683248064744 | ITER: 17 START
2019-11-25 07:42:12.471 28392 WARNING rally_openstack.scenarios.neutron.utils [-] Running this scenario without either the 'network' or 'existing_network' context is deprecated
2019-11-25 07:42:12.472 28395 RALLYDEBUG rally.task.runner [-] Starting a worker. concurrency: 1 args: {"network_create_args": {}, "subnet_create_args": {}, "subnet_cidr_start": "1.1.0.0/30", "subnets_per_network": 2} times: 40 method_name: run timeout: 0 duration: None cls:
2019-11-25 07:42:12.475 28396 RALLYDEBUG rally.task.runner [-] Starting a worker. concurrency: 1 args: {"network_create_args": {}, "subnet_create_args": {}, "subnet_cidr_start": "1.1.0.0/30", "subnets_per_network": 2} times: 40 method_name: run timeout: 0 duration: None cls:
2019-11-25 07:42:12.477 28395 INFO rally.task.runner [-] Task 8b942cc7-0e23-4033-9c60-683248064744 | ITER: 18 START
2019-11-25 07:42:12.478 28395 WARNING rally_openstack.scenarios.neutron.utils [-] Running this scenario without either the 'network' or 'existing_network' context is deprecated
2019-11-25 07:42:12.478 28399 RALLYDEBUG rally.task.runner [-] Starting a worker. concurrency: 1 args: {"network_create_args": {}, "subnet_create_args": {}, "subnet_cidr_start": "1.1.0.0/30", "subnets_per_network": 2} times: 40 method_name: run timeout: 0 duration: None cls:
2019-11-25 07:42:12.480 28396 INFO rally.task.runner [-] Task 8b942cc7-0e23-4033-9c60-683248064744 | ITER: 19 START
2019-11-25 07:42:12.481 28396 WARNING rally_openstack.scenarios.neutron.utils [-] Running this scenario without either the 'network' or 'existing_network' context is deprecated
2019-11-25 07:42:12.482 28399 INFO rally.task.runner [-] Task 8b942cc7-0e23-4033-9c60-683248064744 | ITER: 20 START
2019-11-25 07:42:12.483 28399 WARNING rally_openstack.scenarios.neutron.utils [-] Running this scenario without either the 'network' or 'existing_network' context is deprecated
2019-11-25 07:42:13.244 28356 RALLYDEBUG rally_openstack.wrappers.network [-] CIDR generated: 1.1.4.96/30
2019-11-25 07:42:13.259 28357 RALLYDEBUG rally_openstack.wrappers.network [-] CIDR generated: 1.1.4.100/30
2019-11-25 07:42:13.280 28360 RALLYDEBUG rally_openstack.wrappers.network [-] CIDR generated: 1.1.4.104/30
2019-11-25 07:42:13.329 28356 RALLYDEBUG rally_openstack.wrappers.network [-] CIDR generated: 1.1.4.108/30
2019-11-25 07:42:13.405 28383 RALLYDEBUG rally_openstack.wrappers.network [-] CIDR generated: 1.1.4.112/30
2019-11-25 07:42:13.408 28355 RALLYDEBUG rally_openstack.wrappers.network [-] CIDR generated: 1.1.4.116/30
2019-11-25 07:42:13.475 28355 RALLYDEBUG rally_openstack.wrappers.network [-] CIDR generated: 1.1.4.120/30
2019-11-25 07:42:13.529 28364 RALLYDEBUG rally_openstack.wrappers.network [-] CIDR generated: 1.1.4.124/30
2019-11-25 07:42:13.532 28354 RALLYDEBUG rally_openstack.wrappers.network [-] CIDR generated: 1.1.4.128/30
2019-11-25 07:42:13.583 28367 RALLYDEBUG rally_openstack.wrappers.network [-] CIDR generated: 1.1.4.132/30
2019-11-25 07:42:13.611 28370 RALLYDEBUG rally_openstack.wrappers.network [-] CIDR generated: 1.1.4.136/30
2019-11-25 07:42:13.755 28395 RALLYDEBUG rally_openstack.wrappers.network [-] CIDR generated: 1.1.4.140/30
2019-11-25 07:42:13.827 28392 RALLYDEBUG rally_openstack.wrappers.network [-] CIDR generated: 1.1.4.144/30
2019-11-25 07:42:13.891 28396 RALLYDEBUG rally_openstack.wrappers.network [-] CIDR generated: 1.1.4.148/30
2019-11-25 07:42:13.951 28386 RALLYDEBUG rally_openstack.wrappers.network [-] CIDR generated: 1.1.4.152/30
2019-11-25 07:42:13.991 28399 RALLYDEBUG rally_openstack.wrappers.network [-] CIDR generated: 1.1.4.156/30
2019-11-25 07:42:14.165 28357 RALLYDEBUG rally_openstack.wrappers.network [-] CIDR generated: 1.1.4.160/30
2019-11-25 07:42:14.218 28378 RALLYDEBUG rally_openstack.wrappers.network [-] CIDR generated: 1.1.4.164/30
2019-11-25 07:42:14.288 28354 RALLYDEBUG rally_openstack.wrappers.network [-] CIDR generated: 1.1.4.168/30
2019-11-25 07:42:14.404 28388 RALLYDEBUG rally_openstack.wrappers.network [-] CIDR generated: 1.1.4.172/30
2019-11-25 07:42:14.459 28356 RALLYDEBUG rally_openstack.wrappers.network [-] CIDR generated: 1.1.4.176/30
2019-11-25 07:42:14.528 28354 RALLYDEBUG rally_openstack.wrappers.network [-] CIDR generated: 1.1.4.180/30
2019-11-25 07:42:14.563 28383 RALLYDEBUG rally_openstack.wrappers.network [-] CIDR generated: 1.1.4.184/30
2019-11-25 07:42:14.649 28357 RALLYDEBUG rally_openstack.wrappers.network [-] CIDR generated: 1.1.4.188/30
2019-11-25 07:42:15.004 28386 RALLYDEBUG rally_openstack.wrappers.network [-] CIDR generated: 1.1.4.192/30
2019-11-25 07:42:15.340 28355 RALLYDEBUG rally_openstack.wrappers.network [-] CIDR generated: 1.1.4.196/30
2019-11-25 07:42:15.662 28370 RALLYDEBUG rally_openstack.wrappers.network [-] CIDR generated: 1.1.4.200/30
2019-11-25 07:42:15.877 28396 RALLYDEBUG rally_openstack.wrappers.network [-] CIDR generated: 1.1.4.204/30
2019-11-25 07:42:15.886 28364 RALLYDEBUG rally_openstack.wrappers.network [-] CIDR generated: 1.1.4.208/30
2019-11-25 07:42:16.519 28388 RALLYDEBUG rally_openstack.wrappers.network [-] CIDR generated: 1.1.4.212/30
2019-11-25 07:42:16.810 28357 RALLYDEBUG rally_openstack.wrappers.network [-] CIDR generated: 1.1.4.216/30
2019-11-25 07:42:16.830 28378 RALLYDEBUG rally_openstack.wrappers.network [-] CIDR generated: 1.1.4.220/30
2019-11-25 07:42:17.622 28392 RALLYDEBUG rally_openstack.wrappers.network [-] CIDR generated: 1.1.4.224/30
2019-11-25 07:42:18.357 28360 RALLYDEBUG rally_openstack.wrappers.network [-] CIDR generated: 1.1.4.228/30
2019-11-25 07:42:18.391 28356 RALLYDEBUG rally_openstack.wrappers.network [-] CIDR generated: 1.1.4.232/30
2019-11-25 07:42:18.615 28395 RALLYDEBUG rally_openstack.wrappers.network [-] CIDR generated: 1.1.4.236/30
2019-11-25 07:42:18.706 28367 RALLYDEBUG rally_openstack.wrappers.network [-] CIDR generated: 1.1.4.240/30
2019-11-25 07:42:19.063 28355 RALLYDEBUG rally_openstack.wrappers.network [-] CIDR generated: 1.1.4.244/30
2019-11-25 07:42:19.239 28399 RALLYDEBUG rally_openstack.wrappers.network [-] CIDR generated: 1.1.4.248/30
2019-11-25 07:42:19.300 28354 RALLYDEBUG rally_openstack.wrappers.network [-] CIDR generated: 1.1.4.252/30
2019-11-25 07:42:20.395 28364 INFO rally.task.runner [-] Task 8b942cc7-0e23-4033-9c60-683248064744 | ITER: 10 END: OK
2019-11-25 07:42:20.400 28364 INFO rally.task.runner [-] Task 8b942cc7-0e23-4033-9c60-683248064744 | ITER: 21 START
2019-11-25 07:42:20.401 28364 WARNING rally_openstack.scenarios.neutron.utils [-] Running this scenario without either the 'network' or 'existing_network' context is deprecated
2019-11-25 07:42:20.489 28378 INFO rally.task.runner [-] Task 8b942cc7-0e23-4033-9c60-683248064744 | ITER: 13 END: OK
2019-11-25 07:42:20.494 28378 INFO rally.task.runner [-] Task 8b942cc7-0e23-4033-9c60-683248064744 | ITER: 22 START
2019-11-25 07:42:20.495 28378 WARNING rally_openstack.scenarios.neutron.utils [-] Running this scenario without either the 'network' or 'existing_network' context is deprecated
2019-11-25 07:42:21.132 28378 RALLYDEBUG rally_openstack.wrappers.network [-] CIDR generated: 1.1.5.0/30
2019-11-25 07:42:21.494 28383 INFO rally.task.runner [-] Task 8b942cc7-0e23-4033-9c60-683248064744 | ITER: 14 END: OK
2019-11-25 07:42:21.499 28383 INFO rally.task.runner [-] Task 8b942cc7-0e23-4033-9c60-683248064744 | ITER: 23 START
2019-11-25 07:42:21.499 28383 WARNING rally_openstack.scenarios.neutron.utils [-] Running this scenario without either the 'network' or 'existing_network' context is deprecated
2019-11-25 07:42:21.505 28357 INFO rally.task.runner [-] Task 8b942cc7-0e23-4033-9c60-683248064744 | ITER: 6 END: OK
2019-11-25 07:42:21.510 28357 INFO rally.task.runner [-] Task 8b942cc7-0e23-4033-9c60-683248064744 | ITER: 24 START
2019-11-25 07:42:21.511 28357 WARNING rally_openstack.scenarios.neutron.utils [-] Running this scenario without either the 'network' or 'existing_network' context is deprecated
2019-11-25 07:42:21.706 28356 INFO rally.task.runner [-] Task 8b942cc7-0e23-4033-9c60-683248064744 | ITER: 7 END: OK
2019-11-25 07:42:21.710 28356 INFO rally.task.runner [-] Task 8b942cc7-0e23-4033-9c60-683248064744 | ITER: 25 START
2019-11-25 07:42:21.711 28356 WARNING rally_openstack.scenarios.neutron.utils [-] Running this scenario without either the 'network' or 'existing_network' context is deprecated
2019-11-25 07:42:22.026 28355 INFO rally.task.runner [-] Task 8b942cc7-0e23-4033-9c60-683248064744 | ITER: 3 END: OK
2019-11-25 07:42:22.031 28355 INFO rally.task.runner [-] Task 8b942cc7-0e23-4033-9c60-683248064744 | ITER: 26 START
2019-11-25 07:42:22.031 28355 WARNING rally_openstack.scenarios.neutron.utils [-] Running this scenario without either the 'network' or 'existing_network' context is deprecated
2019-11-25 07:42:22.180 28396 INFO rally.task.runner [-] Task 8b942cc7-0e23-4033-9c60-683248064744 | ITER: 19 END: OK
2019-11-25 07:42:22.185 28396 INFO rally.task.runner [-] Task 8b942cc7-0e23-4033-9c60-683248064744 | ITER: 27 START
2019-11-25 07:42:22.186 28396 WARNING rally_openstack.scenarios.neutron.utils [-] Running this scenario without either the 'network' or 'existing_network' context is deprecated
2019-11-25 07:42:22.214 28357 RALLYDEBUG rally_openstack.wrappers.network [-] CIDR generated: 1.1.5.4/30
2019-11-25 07:42:22.236 28364 RALLYDEBUG rally_openstack.wrappers.network [-] CIDR generated: 1.1.5.8/30
2019-11-25 07:42:22.619 28370 INFO rally.task.runner [-] Task 8b942cc7-0e23-4033-9c60-683248064744 | ITER: 12 END: OK
2019-11-25 07:42:22.624 28370 INFO rally.task.runner [-] Task 8b942cc7-0e23-4033-9c60-683248064744 | ITER: 28 START
2019-11-25 07:42:22.625 28370 WARNING rally_openstack.scenarios.neutron.utils [-] Running this scenario without either the 'network' or 'existing_network' context is deprecated
2019-11-25 07:42:22.735 28396 RALLYDEBUG rally_openstack.wrappers.network [-] CIDR generated: 1.1.5.12/30
2019-11-25 07:42:22.973 28383 RALLYDEBUG rally_openstack.wrappers.network [-] CIDR generated: 1.1.5.16/30
2019-11-25 07:42:22.974 28386 INFO rally.task.runner [-] Task 8b942cc7-0e23-4033-9c60-683248064744 | ITER: 15 END: OK
2019-11-25 07:42:22.979 28388 INFO rally.task.runner [-] Task 8b942cc7-0e23-4033-9c60-683248064744 | ITER: 16 END: OK
2019-11-25 07:42:22.979 28386 INFO rally.task.runner [-] Task 8b942cc7-0e23-4033-9c60-683248064744 | ITER: 29 START
2019-11-25 07:42:22.980 28386 WARNING rally_openstack.scenarios.neutron.utils [-] Running this scenario without either the 'network' or 'existing_network' context is deprecated
2019-11-25 07:42:22.984 28388 INFO rally.task.runner [-] Task 8b942cc7-0e23-4033-9c60-683248064744 | ITER: 30 START
2019-11-25 07:42:22.984 28388 WARNING rally_openstack.scenarios.neutron.utils [-] Running this scenario without either the 'network' or 'existing_network' context is deprecated
2019-11-25 07:42:23.247 28355 RALLYDEBUG rally_openstack.wrappers.network [-] CIDR generated: 1.1.5.20/30
2019-11-25 07:42:23.324 28364 RALLYDEBUG rally_openstack.wrappers.network [-] CIDR generated: 1.1.5.24/30
2019-11-25 07:42:23.649 28356 RALLYDEBUG rally_openstack.wrappers.network [-] CIDR generated: 1.1.5.28/30
2019-11-25 07:42:23.972 28386 RALLYDEBUG rally_openstack.wrappers.network [-] CIDR generated: 1.1.5.32/30
2019-11-25 07:42:24.262 28388 RALLYDEBUG rally_openstack.wrappers.network [-] CIDR generated: 1.1.5.36/30
2019-11-25 07:42:24.943 28370 RALLYDEBUG rally_openstack.wrappers.network [-] CIDR generated: 1.1.5.40/30
2019-11-25 07:42:24.984 28383 RALLYDEBUG rally_openstack.wrappers.network [-] CIDR generated: 1.1.5.44/30
2019-11-25 07:42:25.080 28355 RALLYDEBUG rally_openstack.wrappers.network [-] CIDR generated: 1.1.5.48/30
2019-11-25 07:42:25.411 28386 RALLYDEBUG rally_openstack.wrappers.network [-] CIDR generated: 1.1.5.52/30
2019-11-25 07:42:26.150 28357 RALLYDEBUG rally_openstack.wrappers.network [-] CIDR generated: 1.1.5.56/30
2019-11-25 07:42:26.702 28360 INFO rally.task.runner [-] Task 8b942cc7-0e23-4033-9c60-683248064744 | ITER: 9 END: OK
2019-11-25 07:42:26.707 28360 INFO rally.task.runner [-] Task 8b942cc7-0e23-4033-9c60-683248064744 | ITER: 31 START
2019-11-25 07:42:26.708 28360 WARNING rally_openstack.scenarios.neutron.utils [-] Running this scenario without either the 'network' or 'existing_network' context is deprecated
2019-11-25 07:42:26.840 28388 RALLYDEBUG rally_openstack.wrappers.network [-] CIDR generated: 1.1.5.60/30
2019-11-25 07:42:27.689 28357 INFO rally.task.runner [-] Task 8b942cc7-0e23-4033-9c60-683248064744 | ITER: 8 END: OK
2019-11-25 07:42:27.693 28357 INFO rally.task.runner [-] Task 8b942cc7-0e23-4033-9c60-683248064744 | ITER: 32 START
2019-11-25 07:42:27.694 28357 WARNING rally_openstack.scenarios.neutron.utils [-] Running this scenario without either the 'network' or 'existing_network' context is deprecated
2019-11-25 07:42:27.712 28354 INFO rally.task.runner [-] Task 8b942cc7-0e23-4033-9c60-683248064744 | ITER: 1 END: OK
2019-11-25 07:42:27.716 28354 INFO rally.task.runner [-] Task 8b942cc7-0e23-4033-9c60-683248064744 | ITER: 33 START
2019-11-25 07:42:27.717 28354 WARNING rally_openstack.scenarios.neutron.utils [-] Running this scenario without either the 'network' or 'existing_network' context is deprecated
2019-11-25 07:42:27.744 28356 RALLYDEBUG rally_openstack.wrappers.network [-] CIDR generated: 1.1.5.64/30
2019-11-25 07:42:27.777 28378 RALLYDEBUG rally_openstack.wrappers.network [-] CIDR generated: 1.1.5.68/30
2019-11-25 07:42:28.664 28370 RALLYDEBUG rally_openstack.wrappers.network [-] CIDR generated: 1.1.5.72/30
2019-11-25 07:42:28.681 28357 RALLYDEBUG rally_openstack.wrappers.network [-] CIDR generated: 1.1.5.76/30
2019-11-25 07:42:28.790 28356 INFO rally.task.runner [-] Task 8b942cc7-0e23-4033-9c60-683248064744 | ITER: 4 END: OK
2019-11-25 07:42:28.795 28356 INFO rally.task.runner [-] Task 8b942cc7-0e23-4033-9c60-683248064744 | ITER: 34 START
2019-11-25 07:42:28.796 28356 WARNING rally_openstack.scenarios.neutron.utils [-] Running this scenario without either the 'network' or 'existing_network' context is deprecated
2019-11-25 07:42:29.084 28360 RALLYDEBUG rally_openstack.wrappers.network [-] CIDR generated: 1.1.5.80/30
2019-11-25 07:42:29.124 28354 RALLYDEBUG rally_openstack.wrappers.network [-] CIDR generated: 1.1.5.84/30
2019-11-25 07:42:29.754 28355 INFO rally.task.runner [-] Task 8b942cc7-0e23-4033-9c60-683248064744 | ITER: 5 END: OK
2019-11-25 07:42:29.758 28355 INFO rally.task.runner [-] Task 8b942cc7-0e23-4033-9c60-683248064744 | ITER: 35 START
2019-11-25 07:42:29.759 28355 WARNING rally_openstack.scenarios.neutron.utils [-] Running this scenario without either the 'network' or 'existing_network' context is deprecated
2019-11-25 07:42:29.773 28356 RALLYDEBUG rally_openstack.wrappers.network [-] CIDR generated: 1.1.5.88/30
2019-11-25 07:42:30.193 28354 INFO rally.task.runner [-] Task 8b942cc7-0e23-4033-9c60-683248064744 | ITER: 2 END: OK
2019-11-25 07:42:30.197 28354 INFO rally.task.runner [-] Task 8b942cc7-0e23-4033-9c60-683248064744 | ITER: 36 START
2019-11-25 07:42:30.198 28354 WARNING rally_openstack.scenarios.neutron.utils [-] Running this scenario without either the 'network' or 'existing_network' context is deprecated
2019-11-25 07:42:30.524 28388 INFO rally.task.runner [-] Task 8b942cc7-0e23-4033-9c60-683248064744 | ITER: 30 END: OK
2019-11-25 07:42:30.528 28388 INFO rally.task.runner [-] Task 8b942cc7-0e23-4033-9c60-683248064744 | ITER: 37 START
2019-11-25 07:42:30.529 28388 WARNING rally_openstack.scenarios.neutron.utils [-] Running this scenario without either the 'network' or 'existing_network' context is deprecated
2019-11-25 07:42:30.540 28355 RALLYDEBUG rally_openstack.wrappers.network [-] CIDR generated: 1.1.5.92/30
2019-11-25 07:42:30.648 28395 INFO rally.task.runner [-] Task 8b942cc7-0e23-4033-9c60-683248064744 | ITER: 18 END: OK
2019-11-25 07:42:30.653 28395 INFO rally.task.runner [-] Task 8b942cc7-0e23-4033-9c60-683248064744 | ITER: 38 START
2019-11-25 07:42:30.653 28395 WARNING rally_openstack.scenarios.neutron.utils [-] Running this scenario without either the 'network' or 'existing_network' context is deprecated
2019-11-25 07:42:30.843 28354 RALLYDEBUG rally_openstack.wrappers.network [-] CIDR generated: 1.1.5.96/30
2019-11-25 07:42:31.063 28396 RALLYDEBUG rally_openstack.wrappers.network [-] CIDR generated: 1.1.5.100/30
2019-11-25 07:42:31.093 28357 RALLYDEBUG rally_openstack.wrappers.network [-] CIDR generated: 1.1.5.104/30
2019-11-25 07:42:31.217 28388 RALLYDEBUG rally_openstack.wrappers.network [-] CIDR generated: 1.1.5.108/30
2019-11-25 07:42:31.254 28392 INFO rally.task.runner [-] Task 8b942cc7-0e23-4033-9c60-683248064744 | ITER: 17 END: OK
2019-11-25 07:42:31.259 28392 INFO rally.task.runner [-] Task 8b942cc7-0e23-4033-9c60-683248064744 | ITER: 39 START
2019-11-25 07:42:31.259 28392 WARNING rally_openstack.scenarios.neutron.utils [-] Running this scenario without either the 'network' or 'existing_network' context is deprecated
2019-11-25 07:42:32.130 28395 RALLYDEBUG rally_openstack.wrappers.network [-] CIDR generated: 1.1.5.112/30
2019-11-25 07:42:32.529 28399 INFO rally.task.runner [-] Task 8b942cc7-0e23-4033-9c60-683248064744 | ITER: 20 END: OK
2019-11-25 07:42:32.534 28399 INFO rally.task.runner [-] Task 8b942cc7-0e23-4033-9c60-683248064744 | ITER: 40 START
2019-11-25 07:42:32.535 28399 WARNING rally_openstack.scenarios.neutron.utils [-] Running this scenario without either the 'network' or 'existing_network' context is deprecated
2019-11-25 07:42:32.536 28386 INFO rally.task.runner [-] Task 8b942cc7-0e23-4033-9c60-683248064744 | ITER: 29 END: OK
2019-11-25 07:42:32.638 28356 RALLYDEBUG rally_openstack.wrappers.network [-] CIDR generated: 1.1.5.116/30
2019-11-25 07:42:33.231 28360 RALLYDEBUG rally_openstack.wrappers.network [-] CIDR generated: 1.1.5.120/30
2019-11-25 07:42:33.270 28395 RALLYDEBUG rally_openstack.wrappers.network [-] CIDR generated: 1.1.5.124/30
2019-11-25 07:42:33.440 28356 INFO rally.task.runner [-] Task 8b942cc7-0e23-4033-9c60-683248064744 | ITER: 25 END: OK
2019-11-25 07:42:33.489 28399 RALLYDEBUG rally_openstack.wrappers.network [-] CIDR generated: 1.1.5.128/30
2019-11-25 07:42:33.567 28392 RALLYDEBUG rally_openstack.wrappers.network [-] CIDR generated: 1.1.5.132/30
2019-11-25 07:42:34.095 28388 RALLYDEBUG rally_openstack.wrappers.network [-] CIDR generated: 1.1.5.136/30
2019-11-25 07:42:35.042 28392 RALLYDEBUG rally_openstack.wrappers.network [-] CIDR generated: 1.1.5.140/30
2019-11-25 07:42:35.368 28364 INFO rally.task.runner [-] Task 8b942cc7-0e23-4033-9c60-683248064744 | ITER: 21 END: OK
2019-11-25 07:42:35.882 28357 INFO rally.task.runner [-] Task 8b942cc7-0e23-4033-9c60-683248064744 | ITER: 24 END: OK
2019-11-25 07:42:35.965 28367 INFO rally.task.runner [-] Task 8b942cc7-0e23-4033-9c60-683248064744 | ITER: 11 END: OK
2019-11-25 07:42:36.456 28396 INFO rally.task.runner [-] Task 8b942cc7-0e23-4033-9c60-683248064744 | ITER: 27 END: OK
2019-11-25 07:42:36.604 28354 RALLYDEBUG rally_openstack.wrappers.network [-] CIDR generated: 1.1.5.144/30
2019-11-25 07:42:36.691 28355 INFO rally.task.runner [-] Task 8b942cc7-0e23-4033-9c60-683248064744 | ITER: 26 END: OK
2019-11-25 07:42:37.283 28355 RALLYDEBUG rally_openstack.wrappers.network [-] CIDR generated: 1.1.5.148/30
2019-11-25 07:42:37.552 28354 RALLYDEBUG rally_openstack.wrappers.network [-] CIDR generated: 1.1.5.152/30
2019-11-25 07:42:37.647 28399 RALLYDEBUG rally_openstack.wrappers.network [-] CIDR generated: 1.1.5.156/30
2019-11-25 07:42:38.330 28357 INFO rally.task.runner [-] Task 8b942cc7-0e23-4033-9c60-683248064744 | ITER: 32 END: OK
2019-11-25 07:42:38.493 28383 INFO rally.task.runner [-] Task 8b942cc7-0e23-4033-9c60-683248064744 | ITER: 23 END: OK
2019-11-25 07:42:38.734 28356 INFO rally.task.runner [-] Task 8b942cc7-0e23-4033-9c60-683248064744 | ITER: 34 END: OK
2019-11-25 07:42:38.905 28370 INFO rally.task.runner [-] Task 8b942cc7-0e23-4033-9c60-683248064744 | ITER: 28 END: OK
2019-11-25 07:42:38.956 28395 INFO rally.task.runner [-] Task 8b942cc7-0e23-4033-9c60-683248064744 | ITER: 38 END: OK
2019-11-25 07:42:39.327 28388 INFO rally.task.runner [-] Task 8b942cc7-0e23-4033-9c60-683248064744 | ITER: 37 END: OK
2019-11-25 07:42:39.752 28378 INFO rally.task.runner [-] Task 8b942cc7-0e23-4033-9c60-683248064744 | ITER: 22 END: OK
2019-11-25 07:42:40.347 28360 INFO rally.task.runner [-] Task 8b942cc7-0e23-4033-9c60-683248064744 | ITER: 31 END: OK
2019-11-25 07:42:40.963 28392 INFO rally.task.runner [-] Task 8b942cc7-0e23-4033-9c60-683248064744 | ITER: 39 END: OK
2019-11-25 07:42:41.050 28399 INFO rally.task.runner [-] Task 8b942cc7-0e23-4033-9c60-683248064744 | ITER: 40 END: OK
2019-11-25 07:42:42.143 28354 INFO rally.task.runner [-] Task 8b942cc7-0e23-4033-9c60-683248064744 | ITER: 33 END: OK
2019-11-25 07:42:42.831 28355 INFO rally.task.runner [-] Task 8b942cc7-0e23-4033-9c60-683248064744 | ITER: 35 END: OK
2019-11-25 07:42:43.358 28354 INFO rally.task.runner [-] Task 8b942cc7-0e23-4033-9c60-683248064744 | ITER: 36 END: OK
2019-11-25 07:42:43.387 26160 INFO rally.task.context [-] Task 8b942cc7-0e23-4033-9c60-683248064744 | Context cleanup@openstack cleanup() started
2019-11-25 07:42:43.390 26160 RALLYDEBUG rally_openstack.cleanup.manager [-] Cleaning up neutron vip objects
2019-11-25 07:42:43.789 26160 RALLYDEBUG rally_openstack.cleanup.manager [-] Cleaning up neutron health_monitor objects
2019-11-25 07:42:44.186 26160 RALLYDEBUG rally_openstack.cleanup.manager [-] Cleaning up neutron pool objects
2019-11-25 07:42:44.584 26160 RALLYDEBUG rally_openstack.cleanup.manager [-] Cleaning up neutron loadbalancer objects
2019-11-25 07:42:44.985 26160 RALLYDEBUG rally_openstack.cleanup.manager [-] Cleaning up neutron floatingip objects
2019-11-25 07:42:45.410 26160 RALLYDEBUG rally_openstack.cleanup.manager [-] Cleaning up neutron trunk objects
2019-11-25 07:42:45.807 26160 RALLYDEBUG rally_openstack.cleanup.manager [-] Cleaning up neutron port objects
2019-11-25 07:42:46.286 26160 RALLYDEBUG rally_openstack.cleanup.manager [-] Cleaning up neutron subnet objects
2019-11-25 07:42:46.713 26160 RALLYDEBUG rally_openstack.cleanup.manager [-] Cleaning up neutron network objects
2019-11-25 07:42:47.545 26160 RALLYDEBUG rally_openstack.cleanup.manager [-] Deleting neutron.network object s_rally_77cc520c_MqKMDbAT (022f1cc6-2df5-449a-b95b-46db60a77680)
2019-11-25 07:42:47.559 26160 RALLYDEBUG rally_openstack.cleanup.manager [-] Deleting neutron.network object s_rally_77cc520c_fUjU1Yuo (11674704-f086-4bec-aab7-f8e5214bff65)
2019-11-25 07:42:47.574 26160 RALLYDEBUG rally_openstack.cleanup.manager [-] Deleting neutron.network object s_rally_77cc520c_eetZtw40 (11b787a2-dc1d-4a24-8eb2-80d4e9eab87c)
2019-11-25 07:42:47.578 26160 RALLYDEBUG rally_openstack.cleanup.manager [-] Deleting neutron.network object s_rally_77cc520c_IL2nVFYq (08dbfb0f-e97f-4dce-9231-a085d6bd1ee8)
2019-11-25 07:42:47.582 26160 RALLYDEBUG rally_openstack.cleanup.manager [-] Deleting neutron.network object s_rally_77cc520c_yLDgNAdO (12bbfd58-ec6a-411e-b715-51b4fcb2552b)
2019-11-25 07:42:47.582 26160 RALLYDEBUG rally_openstack.cleanup.manager [-] Deleting neutron.network object s_rally_77cc520c_P1bsZCtz (1d427252-38c8-4ac0-bab2-b019789043c3)
2019-11-25 07:42:47.589 26160 RALLYDEBUG rally_openstack.cleanup.manager [-] Deleting neutron.network object s_rally_77cc520c_oP1DuJfU (1f253b2b-3533-4c2b-ad77-2b8f1d5fa276)
2019-11-25 07:42:47.632 26160 RALLYDEBUG rally_openstack.cleanup.manager [-] Deleting neutron.network object s_rally_77cc520c_6wLAYZWU (2594b6e4-aaf2-4a6a-8b54-e621ec57155a)
2019-11-25 07:42:47.635 26160 RALLYDEBUG rally_openstack.cleanup.manager [-] Deleting neutron.network object s_rally_77cc520c_speMLdho (2402cebc-352c-4b77-a6bb-e92f9782664e)
2019-11-25 07:42:47.636 26160 RALLYDEBUG rally_openstack.cleanup.manager [-] Deleting neutron.network object s_rally_77cc520c_EjpFC6dQ (244a2c4b-adf7-4c41-8af3-5c179a3d7ca4)
2019-11-25 07:42:47.638 26160 RALLYDEBUG rally_openstack.cleanup.manager [-] Deleting neutron.network object s_rally_77cc520c_JYLz9ffA (2265b00a-d962-4e2f-9172-fee134205e60)
2019-11-25 07:42:47.652 26160 RALLYDEBUG rally_openstack.cleanup.manager [-] Deleting neutron.network object s_rally_77cc520c_5mhbtGCw (29179c12-3a43-44ff-a3d5-25e21b7f61a7)
2019-11-25 07:42:47.653 26160 RALLYDEBUG rally_openstack.cleanup.manager [-] Deleting neutron.network object s_rally_77cc520c_5RHEs9r0 (3a49e427-90c8-4701-96df-db546211ffca)
2019-11-25 07:42:47.673 26160 RALLYDEBUG rally_openstack.cleanup.manager [-] Deleting neutron.network object s_rally_77cc520c_LbRGIXoc (48db861c-1d98-4a6b-ad9f-a5ed1f070fc8)
2019-11-25 07:42:47.677 26160 RALLYDEBUG rally_openstack.cleanup.manager [-] Deleting neutron.network object s_rally_77cc520c_SaPiRXC6 (39b6c64a-71a2-4ac4-9d2d-fdce6f34b94e)
2019-11-25 07:42:47.685 26160 RALLYDEBUG rally_openstack.cleanup.manager [-] Deleting neutron.network object s_rally_77cc520c_F8vYjh8d (3e1ef507-ae1e-4fab-bb31-e1d0cb16635b)
2019-11-25 07:42:47.689 26160 RALLYDEBUG rally_openstack.cleanup.manager [-] Deleting neutron.network object s_rally_77cc520c_dMrgJLzT (3dd92aa0-0ea6-4d1b-90bd-d8759c499f2d)
2019-11-25 07:42:47.702 26160 RALLYDEBUG rally_openstack.cleanup.manager [-] Deleting neutron.network object s_rally_77cc520c_nP2jCtH1 (4963a797-729f-45c2-af3e-582079b3e1fd)
2019-11-25 07:42:47.777 26160 RALLYDEBUG rally_openstack.cleanup.manager [-] Deleting neutron.network object s_rally_77cc520c_xA2sbR6n (64f589a7-3317-43cc-a172-161323213a70)
2019-11-25 07:42:47.804 26160 RALLYDEBUG rally_openstack.cleanup.manager [-] Deleting neutron.network object s_rally_77cc520c_yW03m9dl (6880067b-5a65-4124-867d-81fd4ae45f9c)
2019-11-25 07:42:50.208 26160 RALLYDEBUG rally_openstack.cleanup.manager [-] Deleting neutron.network object s_rally_77cc520c_A8DZSEDL (700584a5-b77a-411e-9249-4f8b1c23432f)
2019-11-25 07:42:50.363 26160 RALLYDEBUG rally_openstack.cleanup.manager [-] Deleting neutron.network object s_rally_77cc520c_vJTiWgWJ (71e0bb7a-b196-4cf5-baf2-af198df41960)
2019-11-25 07:42:50.444 26160 RALLYDEBUG rally_openstack.cleanup.manager [-] Deleting neutron.network object s_rally_77cc520c_ejN8gemt (73bbb0bc-7aeb-41ce-9089-77b8cdcaa4f7)
2019-11-25 07:42:50.677 26160 RALLYDEBUG rally_openstack.cleanup.manager [-] Deleting neutron.network object s_rally_77cc520c_VHQRHdRn (7727c33e-afd7-4852-9474-5b6b9f11d206)
2019-11-25 07:42:50.699 26160 RALLYDEBUG rally_openstack.cleanup.manager [-] Deleting neutron.network object s_rally_77cc520c_0mTFvAAX (78b028ec-4152-44df-a936-0567f4a0842e)
2019-11-25 07:42:50.854 26160 RALLYDEBUG rally_openstack.cleanup.manager [-] Deleting neutron.network object s_rally_77cc520c_q7Q6ObYk (ac2de17a-d340-4285-b999-8b5a83aa7674)
2019-11-25 07:42:50.976 26160 RALLYDEBUG rally_openstack.cleanup.manager [-] Deleting neutron.network object s_rally_77cc520c_OdgatuDg (af88c6bd-a7c0-4db1-9e34-83936277ff4e)
2019-11-25 07:42:50.991 26160 RALLYDEBUG rally_openstack.cleanup.manager [-] Deleting neutron.network object s_rally_77cc520c_eVqHlkXr (b492f891-8435-46a7-b27d-3f5502d822a4)
2019-11-25 07:42:50.993 26160 RALLYDEBUG rally_openstack.cleanup.manager [-] Deleting neutron.network object s_rally_77cc520c_0DTZSvsc (c006ec5d-0c05-4725-8a18-06fb78357289)
2019-11-25 07:42:51.020 26160 RALLYDEBUG rally_openstack.cleanup.manager [-] Deleting neutron.network object s_rally_77cc520c_nS3Zdvwv (c0402898-50ed-47fa-86f1-99eefe6b0c67)
2019-11-25 07:42:51.142 26160 RALLYDEBUG rally_openstack.cleanup.manager [-] Deleting neutron.network object s_rally_77cc520c_fWZ1BGxT (c25f1eae-ef67-4d29-bdb5-84bbed421cf2)
2019-11-25 07:42:51.167 26160 RALLYDEBUG rally_openstack.cleanup.manager [-] Deleting neutron.network object s_rally_77cc520c_RbLn48Sg (c7626de0-a875-42e7-9d17-bc5bbdf1bab5)
2019-11-25 07:42:51.285 26160 RALLYDEBUG rally_openstack.cleanup.manager [-] Deleting neutron.network object s_rally_77cc520c_raLVxcbN (d325a8be-f912-4bfb-9201-d7f4f412b2d9)
2019-11-25 07:42:51.336 26160 RALLYDEBUG rally_openstack.cleanup.manager [-] Deleting neutron.network object s_rally_77cc520c_LDWKQhRJ (df431207-4b1b-4a7c-bf10-b35f2ef3ffd1)
2019-11-25 07:42:51.339 26160 RALLYDEBUG rally_openstack.cleanup.manager [-] Deleting neutron.network object s_rally_77cc520c_MsfeGevf (e46b36ab-c23a-4c88-8015-cbd96b572362)
2019-11-25 07:42:51.426 26160 RALLYDEBUG rally_openstack.cleanup.manager [-] Deleting neutron.network object s_rally_77cc520c_nu2oRqE4 (e60acb0d-a5fb-4203-bb40-43cfd4f737e3)
2019-11-25 07:42:51.458 26160 RALLYDEBUG rally_openstack.cleanup.manager [-] Deleting neutron.network object s_rally_77cc520c_emarZaEI (e9e90a34-11d9-4171-8ff7-702e54d9483e)
2019-11-25 07:42:51.488 26160 RALLYDEBUG rally_openstack.cleanup.manager [-] Deleting neutron.network object s_rally_77cc520c_xLbuX4CQ (ecc98f88-f0a7-44d7-afb2-acc0f8df0705)
2019-11-25 07:42:51.789 26160 RALLYDEBUG rally_openstack.cleanup.manager [-] Deleting neutron.network object s_rally_77cc520c_lFaC7Y5L (f47c74c0-eec1-4d93-90ee-08c3f7c4402d)
2019-11-25 07:42:51.814 26160 RALLYDEBUG rally_openstack.cleanup.manager [-] Deleting neutron.network object s_rally_77cc520c_kPCd7wqM (fe6826c9-effe-45e5-82d8-92787b742e6c)
2019-11-25 07:42:54.828 26160 RALLYDEBUG rally_openstack.cleanup.manager [-] Cleaning up neutron router objects
2019-11-25 07:42:55.260 26160 RALLYDEBUG rally_openstack.cleanup.manager [-] Cleaning up neutron security_group objects
2019-11-25 07:42:55.671 26160 INFO rally.task.context [-] Task 8b942cc7-0e23-4033-9c60-683248064744 | Context cleanup@openstack cleanup() finished in 12.28 sec
2019-11-25 07:42:55.671 26160 INFO rally.task.context [-] Task 8b942cc7-0e23-4033-9c60-683248064744 | Context quotas@openstack cleanup() started
2019-11-25 07:42:55.751 26160 INFO rally.task.context [-] Task 8b942cc7-0e23-4033-9c60-683248064744 | Context quotas@openstack cleanup() finished in 78.98 msec
2019-11-25 07:42:55.751 26160 INFO rally.task.context [-] Task 8b942cc7-0e23-4033-9c60-683248064744 | Context users@openstack cleanup() started
2019-11-25 07:42:58.485 26160 INFO rally.task.context [-] Task 8b942cc7-0e23-4033-9c60-683248064744 | Context users@openstack cleanup() finished in 2.73 sec
2019-11-25 07:42:59.405 26160 INFO rally.task.engine [-] Load duration is: 30.948397
2019-11-25 07:42:59.406 26160 INFO rally.task.engine [-] Full runner duration is: 31.005664
2019-11-25 07:42:59.406 26160 INFO rally.task.engine [-] Full duration is: 49.29294
2019-11-25 07:42:59.803 26160 INFO rally.task.engine [-] Running workload: position = 0 config = { "version": 2, "title": "A cropped version of a bigger task.", "description": "Auto-generated task from a single workload (uuid=91355a3d-ff8d-498a-81cf-140316d4a50a)", "subtasks": [ { "title": "NeutronNetworks.create_and_list_routers", "description": "Create and a given number of routers and list all routers.", "scenario": { "NeutronNetworks.create_and_list_routers": { "network_create_args": null, "subnet_create_args": null, "subnet_cidr_start": "1.1.0.0/30", "subnets_per_network": 2, "router_create_args": null } }, "contexts": { "users": { "tenants": 1, "users_per_tenant": 1 }, "quotas": { "neutron": { "network": -1, "subnet": -1, "router": -1 } } }, "runner": { "constant": { "times": 40, "concurrency": 20 } }, "hooks": [], "sla": { "failure_rate": { "max": 0 } } } ] }
2019-11-25 07:42:59.837 26160 RALLYDEBUG rally_openstack.contexts.keystone.users [-] Creating 1 tenants using 20 threads
2019-11-25 07:43:00.798 26160 RALLYDEBUG rally_openstack.contexts.keystone.users [-] Creating 1 users using 20 threads
2019-11-25 07:43:02.161 26160 INFO rally.task.context [-] Task 8b942cc7-0e23-4033-9c60-683248064744 | Context users@openstack setup() finished in 2.32 sec
2019-11-25 07:43:02.699 26160 INFO rally.task.context [-] Task 8b942cc7-0e23-4033-9c60-683248064744 | Context quotas@openstack setup() finished in 0.54 sec
2019-11-25 07:43:02.699 26160 INFO rally.task.context [-] Task 8b942cc7-0e23-4033-9c60-683248064744 | Context cleanup@openstack setup() finished in 0.02 msec
2019-11-25 07:43:02.708 26160 RALLYDEBUG rally.task.runner [-] Starting the constant runner (task UUID: 8b942cc7-0e23-4033-9c60-683248064744). timeout: 0 concurrency: 20 concurrency_per_worker: 1 times: 40 concurrency_overhead: 4 processes_to_start: 16 max_cpu_used: 16
2019-11-25 07:43:02.722 28744 RALLYDEBUG rally.task.runner [-] Starting a worker. concurrency: 2 args: {"network_create_args": null, "subnet_create_args": null, "subnet_cidr_start": "1.1.0.0/30", "subnets_per_network": 2, "router_create_args": null} times: 40 method_name: run timeout: 0 duration: None cls:
2019-11-25 07:43:02.725 28745 RALLYDEBUG rally.task.runner [-] Starting a worker. concurrency: 2 args: {"network_create_args": null, "subnet_create_args": null, "subnet_cidr_start": "1.1.0.0/30", "subnets_per_network": 2, "router_create_args": null} times: 40 method_name: run timeout: 0 duration: None cls:
2019-11-25 07:43:02.728 28746 RALLYDEBUG rally.task.runner [-] Starting a worker. concurrency: 2 args: {"network_create_args": null, "subnet_create_args": null, "subnet_cidr_start": "1.1.0.0/30", "subnets_per_network": 2, "router_create_args": null} times: 40 method_name: run timeout: 0 duration: None cls:
2019-11-25 07:43:02.733 28744 INFO rally.task.runner [-] Task 8b942cc7-0e23-4033-9c60-683248064744 | ITER: 1 START
2019-11-25 07:43:02.733 28745 INFO rally.task.runner [-] Task 8b942cc7-0e23-4033-9c60-683248064744 | ITER: 2 START
2019-11-25 07:43:02.733 28747 RALLYDEBUG rally.task.runner [-] Starting a worker. concurrency: 2 args: {"network_create_args": null, "subnet_create_args": null, "subnet_cidr_start": "1.1.0.0/30", "subnets_per_network": 2, "router_create_args": null} times: 40 method_name: run timeout: 0 duration: None cls:
2019-11-25 07:43:02.736 28748 RALLYDEBUG rally.task.runner [-] Starting a worker. concurrency: 1 args: {"network_create_args": null, "subnet_create_args": null, "subnet_cidr_start": "1.1.0.0/30", "subnets_per_network": 2, "router_create_args": null} times: 40 method_name: run timeout: 0 duration: None cls:
2019-11-25 07:43:02.739 28746 INFO rally.task.runner [-] Task 8b942cc7-0e23-4033-9c60-683248064744 | ITER: 4 START
2019-11-25 07:43:02.740 28754 RALLYDEBUG rally.task.runner [-] Starting a worker. concurrency: 1 args: {"network_create_args": null, "subnet_create_args": null, "subnet_cidr_start": "1.1.0.0/30", "subnets_per_network": 2, "router_create_args": null} times: 40 method_name: run timeout: 0 duration: None cls:
2019-11-25 07:43:02.740 28750 RALLYDEBUG rally.task.runner [-] Starting a worker. concurrency: 1 args: {"network_create_args": null, "subnet_create_args": null, "subnet_cidr_start": "1.1.0.0/30", "subnets_per_network": 2, "router_create_args": null} times: 40 method_name: run timeout: 0 duration: None cls:
2019-11-25 07:43:02.739 28745 INFO rally.task.runner [-] Task 8b942cc7-0e23-4033-9c60-683248064744 | ITER: 5 START
2019-11-25 07:43:02.739 28746 INFO rally.task.runner [-] Task 8b942cc7-0e23-4033-9c60-683248064744 | ITER: 6 START
2019-11-25 07:43:02.739 28744 INFO rally.task.runner [-] Task 8b942cc7-0e23-4033-9c60-683248064744 | ITER: 3 START
2019-11-25 07:43:02.745 28748 INFO rally.task.runner [-] Task 8b942cc7-0e23-4033-9c60-683248064744 | ITER: 8 START
2019-11-25 07:43:02.745 28758 RALLYDEBUG rally.task.runner [-] Starting a worker. concurrency: 1 args: {"network_create_args": null, "subnet_create_args": null, "subnet_cidr_start": "1.1.0.0/30", "subnets_per_network": 2, "router_create_args": null} times: 40 method_name: run timeout: 0 duration: None cls:
2019-11-25 07:43:02.746 28747 INFO rally.task.runner [-] Task 8b942cc7-0e23-4033-9c60-683248064744 | ITER: 7 START
2019-11-25 07:43:02.747 28754 INFO rally.task.runner [-] Task 8b942cc7-0e23-4033-9c60-683248064744 | ITER: 10 START
2019-11-25 07:43:02.747 28761 RALLYDEBUG rally.task.runner [-] Starting a worker. concurrency: 1 args: {"network_create_args": null, "subnet_create_args": null, "subnet_cidr_start": "1.1.0.0/30", "subnets_per_network": 2, "router_create_args": null} times: 40 method_name: run timeout: 0 duration: None cls:
2019-11-25 07:43:02.748 28750 INFO rally.task.runner [-] Task 8b942cc7-0e23-4033-9c60-683248064744 | ITER: 11 START
2019-11-25 07:43:02.756 28771 RALLYDEBUG rally.task.runner [-] Starting a worker. concurrency: 1 args: {"network_create_args": null, "subnet_create_args": null, "subnet_cidr_start": "1.1.0.0/30", "subnets_per_network": 2, "router_create_args": null} times: 40 method_name: run timeout: 0 duration: None cls:
2019-11-25 07:43:02.759 28761 INFO rally.task.runner [-] Task 8b942cc7-0e23-4033-9c60-683248064744 | ITER: 13 START
2019-11-25 07:43:02.762 28747 INFO rally.task.runner [-] Task 8b942cc7-0e23-4033-9c60-683248064744 | ITER: 9 START
2019-11-25 07:43:02.763 28771 INFO rally.task.runner [-] Task 8b942cc7-0e23-4033-9c60-683248064744 | ITER: 14 START
2019-11-25 07:43:02.763 28758 INFO rally.task.runner [-] Task 8b942cc7-0e23-4033-9c60-683248064744 | ITER: 12 START
2019-11-25 07:43:02.763 28775 RALLYDEBUG rally.task.runner [-] Starting a worker. concurrency: 1 args: {"network_create_args": null, "subnet_create_args": null, "subnet_cidr_start": "1.1.0.0/30", "subnets_per_network": 2, "router_create_args": null} times: 40 method_name: run timeout: 0 duration: None cls:
2019-11-25 07:43:02.771 28776 RALLYDEBUG rally.task.runner [-] Starting a worker. concurrency: 1 args: {"network_create_args": null, "subnet_create_args": null, "subnet_cidr_start": "1.1.0.0/30", "subnets_per_network": 2, "router_create_args": null} times: 40 method_name: run timeout: 0 duration: None cls:
2019-11-25 07:43:02.773 28775 INFO rally.task.runner [-] Task 8b942cc7-0e23-4033-9c60-683248064744 | ITER: 15 START
2019-11-25 07:43:02.778 28780 RALLYDEBUG rally.task.runner [-] Starting a worker. concurrency: 1 args: {"network_create_args": null, "subnet_create_args": null, "subnet_cidr_start": "1.1.0.0/30", "subnets_per_network": 2, "router_create_args": null} times: 40 method_name: run timeout: 0 duration: None cls:
2019-11-25 07:43:02.779 28776 INFO rally.task.runner [-] Task 8b942cc7-0e23-4033-9c60-683248064744 | ITER: 16 START
2019-11-25 07:43:02.779 28781 RALLYDEBUG rally.task.runner [-] Starting a worker. concurrency: 1 args: {"network_create_args": null, "subnet_create_args": null, "subnet_cidr_start": "1.1.0.0/30", "subnets_per_network": 2, "router_create_args": null} times: 40 method_name: run timeout: 0 duration: None cls:
2019-11-25 07:43:02.780 28783 RALLYDEBUG rally.task.runner [-] Starting a worker. concurrency: 1 args: {"network_create_args": null, "subnet_create_args": null, "subnet_cidr_start": "1.1.0.0/30", "subnets_per_network": 2, "router_create_args": null} times: 40 method_name: run timeout: 0 duration: None cls:
2019-11-25 07:43:02.785 28780 INFO rally.task.runner [-] Task 8b942cc7-0e23-4033-9c60-683248064744 | ITER: 17 START
2019-11-25 07:43:02.785 28783 INFO rally.task.runner [-] Task 8b942cc7-0e23-4033-9c60-683248064744 | ITER: 19 START
2019-11-25 07:43:02.785 28781 INFO rally.task.runner [-] Task 8b942cc7-0e23-4033-9c60-683248064744 | ITER: 18 START
2019-11-25 07:43:02.784 28785 RALLYDEBUG rally.task.runner [-] Starting a worker. concurrency: 1 args: {"network_create_args": null, "subnet_create_args": null, "subnet_cidr_start": "1.1.0.0/30", "subnets_per_network": 2, "router_create_args": null} times: 40 method_name: run timeout: 0 duration: None cls:
2019-11-25 07:43:02.791 28785 INFO rally.task.runner [-] Task 8b942cc7-0e23-4033-9c60-683248064744 | ITER: 20 START
2019-11-25 07:43:03.644 28754 RALLYDEBUG rally_openstack.wrappers.network [-] CIDR generated: 1.1.5.160/30
2019-11-25 07:43:03.756 28744 RALLYDEBUG rally_openstack.wrappers.network [-] CIDR generated: 1.1.5.164/30
2019-11-25 07:43:03.831 28747 RALLYDEBUG rally_openstack.wrappers.network [-] CIDR generated: 1.1.5.168/30
2019-11-25 07:43:03.841 28746 RALLYDEBUG rally_openstack.wrappers.network [-] CIDR generated: 1.1.5.172/30
2019-11-25 07:43:03.855 28761 RALLYDEBUG rally_openstack.wrappers.network [-] CIDR generated: 1.1.5.176/30
2019-11-25 07:43:03.872 28744 RALLYDEBUG rally_openstack.wrappers.network [-] CIDR generated: 1.1.5.180/30
2019-11-25 07:43:03.906 28747 RALLYDEBUG rally_openstack.wrappers.network [-] CIDR generated: 1.1.5.184/30
2019-11-25 07:43:03.908 28776 RALLYDEBUG rally_openstack.wrappers.network [-] CIDR generated: 1.1.5.192/30
2019-11-25 07:43:03.908 28771 RALLYDEBUG rally_openstack.wrappers.network [-] CIDR generated: 1.1.5.188/30
2019-11-25 07:43:03.937 28745 RALLYDEBUG rally_openstack.wrappers.network [-] CIDR generated: 1.1.5.196/30
2019-11-25 07:43:03.943 28783 RALLYDEBUG rally_openstack.wrappers.network [-] CIDR generated: 1.1.5.200/30
2019-11-25 07:43:03.978 28746 RALLYDEBUG rally_openstack.wrappers.network [-] CIDR generated: 1.1.5.204/30
2019-11-25 07:43:03.979 28758 RALLYDEBUG rally_openstack.wrappers.network [-] CIDR generated: 1.1.5.208/30
2019-11-25 07:43:04.009 28750 RALLYDEBUG rally_openstack.wrappers.network [-] CIDR generated: 1.1.5.212/30
2019-11-25 07:43:04.085 28748 RALLYDEBUG rally_openstack.wrappers.network [-] CIDR generated: 1.1.5.216/30
2019-11-25 07:43:04.107 28785 RALLYDEBUG rally_openstack.wrappers.network [-] CIDR generated: 1.1.5.220/30
2019-11-25 07:43:04.157 28745 RALLYDEBUG rally_openstack.wrappers.network [-] CIDR generated: 1.1.5.224/30
2019-11-25 07:43:04.192 28775 RALLYDEBUG rally_openstack.wrappers.network [-] CIDR generated: 1.1.5.228/30
2019-11-25 07:43:04.247 28780 RALLYDEBUG rally_openstack.wrappers.network [-] CIDR generated: 1.1.5.232/30
2019-11-25 07:43:04.390 28781 RALLYDEBUG rally_openstack.wrappers.network [-] CIDR generated: 1.1.5.236/30
2019-11-25 07:43:04.724 28754 RALLYDEBUG rally_openstack.wrappers.network [-] CIDR generated: 1.1.5.240/30
2019-11-25 07:43:04.995 28746 RALLYDEBUG rally_openstack.wrappers.network [-] CIDR generated: 1.1.5.244/30
2019-11-25 07:43:05.198 28745 RALLYDEBUG rally_openstack.wrappers.network [-] CIDR generated: 1.1.5.248/30
2019-11-25 07:43:05.284 28745 RALLYDEBUG rally_openstack.wrappers.network [-] CIDR generated: 1.1.5.252/30
2019-11-25 07:43:05.503 28781 RALLYDEBUG rally_openstack.wrappers.network [-] CIDR generated: 1.1.6.0/30
2019-11-25 07:43:05.613 28761 RALLYDEBUG rally_openstack.wrappers.network [-] CIDR generated: 1.1.6.4/30
2019-11-25 07:43:05.646 28776 RALLYDEBUG rally_openstack.wrappers.network [-] CIDR generated: 1.1.6.8/30
2019-11-25 07:43:06.280 28783 RALLYDEBUG rally_openstack.wrappers.network [-] CIDR generated: 1.1.6.12/30
2019-11-25 07:43:06.570 28785 RALLYDEBUG rally_openstack.wrappers.network [-] CIDR generated: 1.1.6.16/30
2019-11-25 07:43:06.705 28780 RALLYDEBUG rally_openstack.wrappers.network [-] CIDR generated: 1.1.6.20/30
2019-11-25 07:43:06.759 28750 RALLYDEBUG rally_openstack.wrappers.network [-] CIDR generated: 1.1.6.24/30
2019-11-25 07:43:07.305 28744 RALLYDEBUG rally_openstack.wrappers.network [-] CIDR generated: 1.1.6.28/30
2019-11-25 07:43:07.428 28758 RALLYDEBUG rally_openstack.wrappers.network [-] CIDR generated: 1.1.6.32/30
2019-11-25 07:43:07.464 28747 RALLYDEBUG rally_openstack.wrappers.network [-] CIDR generated: 1.1.6.36/30
2019-11-25 07:43:07.830 28775 RALLYDEBUG rally_openstack.wrappers.network [-] CIDR generated: 1.1.6.40/30
2019-11-25 07:43:07.912 28747 RALLYDEBUG rally_openstack.wrappers.network [-] CIDR generated: 1.1.6.44/30
2019-11-25 07:43:07.987 28744 RALLYDEBUG rally_openstack.wrappers.network [-] CIDR generated: 1.1.6.48/30
2019-11-25 07:43:09.218 28746 RALLYDEBUG rally_openstack.wrappers.network [-] CIDR generated: 1.1.6.52/30
2019-11-25 07:43:09.298 28771 RALLYDEBUG rally_openstack.wrappers.network [-] CIDR generated: 1.1.6.56/30
2019-11-25 07:43:09.501 28748 RALLYDEBUG rally_openstack.wrappers.network [-] CIDR generated: 1.1.6.60/30
2019-11-25 07:43:20.463 28745 INFO rally.task.runner [-] Task 8b942cc7-0e23-4033-9c60-683248064744 | ITER: 2 END: OK
2019-11-25 07:43:20.468 28745 INFO rally.task.runner [-] Task 8b942cc7-0e23-4033-9c60-683248064744 | ITER: 21 START
2019-11-25 07:43:20.933 28761 INFO rally.task.runner [-] Task 8b942cc7-0e23-4033-9c60-683248064744 | ITER: 13 END: OK
2019-11-25 07:43:20.937 28761 INFO rally.task.runner [-] Task 8b942cc7-0e23-4033-9c60-683248064744 | ITER: 22 START
2019-11-25 07:43:21.482 28746 INFO rally.task.runner [-] Task 8b942cc7-0e23-4033-9c60-683248064744 | ITER: 6 END: OK
