2019-11-25 07:51:43.624 26160 RALLYDEBUG rally_openstack.cleanup.manager [-] Deleting neutron.port object s_rally_af868cc2_Nv7fjD1n (d9a2411a-911e-4a4f-b89d-979688f8e3c1)
2019-11-25 07:51:43.833 26160 RALLYDEBUG rally_openstack.cleanup.manager [-] Deleting neutron.port object s_rally_af868cc2_dOvsMYb5 (d9a35be8-279e-4709-92fd-48cd2f957b63)
2019-11-25 07:51:43.882 26160 RALLYDEBUG rally_openstack.cleanup.manager [-] Deleting neutron.port object s_rally_af868cc2_TIZRVt9E (da4427c5-275a-4e95-a311-9990d0a831ad)
2019-11-25 07:51:43.906 26160 RALLYDEBUG rally_openstack.cleanup.manager [-] Deleting neutron.port object s_rally_af868cc2_jlo9DYrf (dbca15c6-e874-4e8c-9a2b-11314b7ab762)
2019-11-25 07:51:44.166 26160 RALLYDEBUG rally_openstack.cleanup.manager [-] Deleting neutron.port object s_rally_af868cc2_tOgvP2Qt (dcb372f3-82ef-4567-8cf2-ea98ede77a74)
2019-11-25 07:51:44.280 26160 RALLYDEBUG rally_openstack.cleanup.manager [-] Deleting neutron.port object s_rally_af868cc2_Bezr64dl (dce3d121-465f-4071-95e5-18502dcb8512)
2019-11-25 07:51:44.326 26160 RALLYDEBUG rally_openstack.cleanup.manager [-] Deleting neutron.port object s_rally_af868cc2_HvIF36Qs (dde62b90-f7cc-47e7-861c-d1710e635bdf)
2019-11-25 07:51:44.467 26160 RALLYDEBUG rally_openstack.cleanup.manager [-] Deleting neutron.port object s_rally_af868cc2_M4TBuuz5 (df067eb2-cd51-4f00-bd14-094b1ec40897)
2019-11-25 07:51:44.509 26160 RALLYDEBUG rally_openstack.cleanup.manager [-] Deleting neutron.port object s_rally_af868cc2_ejbugsm9 (df6cbe0c-f95e-4981-95d5-1b445c98ab2b)
2019-11-25 07:51:44.551 26160 RALLYDEBUG rally_openstack.cleanup.manager [-] Deleting neutron.port object s_rally_af868cc2_bAitQl2n (e0044165-a9e8-4698-aed2-9fd569331154)
2019-11-25 07:51:44.593 26160 RALLYDEBUG rally_openstack.cleanup.manager [-] Deleting neutron.port object s_rally_af868cc2_IzRQrTHv (e116665e-3b7f-4092-843b-e653fa8bb9d7)
2019-11-25 07:51:44.605 26160 RALLYDEBUG rally_openstack.cleanup.manager [-] Deleting neutron.port object s_rally_af868cc2_b0sXB4PR (e133aa1e-5857-439f-87a6-cf3b084bd9cb)
2019-11-25 07:51:44.758 26160 RALLYDEBUG rally_openstack.cleanup.manager [-] Deleting neutron.port object s_rally_af868cc2_KbfH07st (e1476460-aae3-431f-97d2-b817ff789667)
2019-11-25 07:51:44.875 26160 RALLYDEBUG rally_openstack.cleanup.manager [-] Deleting neutron.port object s_rally_af868cc2_6r3ZfGuQ (e197afc7-4a63-4c03-9553-b4342cdb97f9)
2019-11-25 07:51:44.883 26160 RALLYDEBUG rally_openstack.cleanup.manager [-] Deleting neutron.port object s_rally_af868cc2_jDOfqOmq (e1a35b6f-82e8-4647-be91-fa2819bcec84)
2019-11-25 07:51:45.061 26160 RALLYDEBUG rally_openstack.cleanup.manager [-] Deleting neutron.port object s_rally_af868cc2_LcpWSbnR (e31a2db9-a115-4bae-bec8-149b12ef6a73)
2019-11-25 07:51:45.125 26160 RALLYDEBUG rally_openstack.cleanup.manager [-] Deleting neutron.port object s_rally_af868cc2_x117xmtk (e383e4b9-ce2f-4b63-84a1-703e67aba5f7)
2019-11-25 07:51:45.249 26160 RALLYDEBUG rally_openstack.cleanup.manager [-] Deleting neutron.port object s_rally_af868cc2_LwUyEvO7 (e3f4a5c2-898e-481f-b90a-39fdc370769a)
2019-11-25 07:51:45.300 26160 RALLYDEBUG rally_openstack.cleanup.manager [-] Deleting neutron.port object s_rally_af868cc2_jmoLGViO (e4546b0a-1f4d-46c4-819a-40ed7ef745e3)
2019-11-25 07:51:45.465 26160 RALLYDEBUG rally_openstack.cleanup.manager [-] Deleting neutron.port object s_rally_af868cc2_DKxlMuAJ (e4a3052d-867f-4261-9e17-070aadb7893e)
2019-11-25 07:51:45.481 26160 RALLYDEBUG rally_openstack.cleanup.manager [-] Deleting neutron.port object s_rally_af868cc2_QzhyBoNI (e5998a1e-f8e4-4e33-8fdd-9b66da9fe345)
2019-11-25 07:51:45.668 26160 RALLYDEBUG rally_openstack.cleanup.manager [-] Deleting neutron.port object s_rally_af868cc2_hfJHLJ5P (e60bc289-d404-4364-b414-a2c828656e88)
2019-11-25 07:51:45.702 26160 RALLYDEBUG rally_openstack.cleanup.manager [-] Deleting neutron.port object s_rally_af868cc2_VGbomhOa (e62ca82a-3626-4188-b212-d843d45ddd4a)
2019-11-25 07:51:46.183 26160 RALLYDEBUG rally_openstack.cleanup.manager [-] Deleting neutron.port object s_rally_af868cc2_NFYWgKB0 (e6ca9e0e-bf90-4f3e-b659-299ae98045f3)
2019-11-25 07:51:46.383 26160 RALLYDEBUG rally_openstack.cleanup.manager [-] Deleting neutron.port object s_rally_af868cc2_67rtVy0n (e75098f5-c751-478d-ac3d-df837e26184b)
2019-11-25 07:51:46.493 26160 RALLYDEBUG rally_openstack.cleanup.manager [-] Deleting neutron.port object s_rally_af868cc2_RbX55Dke (e808eac3-cdee-45bb-882f-16e8d27b53cc)
2019-11-25 07:51:46.589 26160 RALLYDEBUG rally_openstack.cleanup.manager [-] Deleting neutron.port object s_rally_af868cc2_b9D4ZSMJ (e8295c1b-a857-4688-83df-e80208df63d6)
2019-11-25 07:51:46.591 26160 RALLYDEBUG rally_openstack.cleanup.manager [-] Deleting neutron.port object s_rally_af868cc2_0GL2s48S (e9544363-aeef-4e5f-aa97-0d094b3c17c6)
2019-11-25 07:51:46.684 26160 RALLYDEBUG rally_openstack.cleanup.manager [-] Deleting neutron.port object s_rally_af868cc2_XQdpF7ey (e9efbcd7-304b-4811-bd2d-ad123e9d388a)
2019-11-25 07:51:46.789 26160 RALLYDEBUG rally_openstack.cleanup.manager [-] Deleting neutron.port object s_rally_af868cc2_irSMTsFg (ea74517f-cd76-4066-91a8-e9dc5a3b143f)
2019-11-25 07:51:46.790 26160 RALLYDEBUG rally_openstack.cleanup.manager [-] Deleting neutron.port object s_rally_af868cc2_4AthY0qP (eaf1eb6e-f9c7-469e-8df5-55a01a7596b5)
2019-11-25 07:51:46.996 26160 RALLYDEBUG rally_openstack.cleanup.manager [-] Deleting neutron.port object s_rally_af868cc2_POxrfszi (ebc89aaf-9df2-4401-8620-028fdd8fde99)
2019-11-25 07:51:47.006 26160 RALLYDEBUG rally_openstack.cleanup.manager [-] Deleting neutron.port object s_rally_af868cc2_mjp31RNf (ec128c9a-dd25-43bb-a9b8-c6322b50cf60)
2019-11-25 07:51:47.069 26160 RALLYDEBUG rally_openstack.cleanup.manager [-] Deleting neutron.port object s_rally_af868cc2_PwW3eRhM (ecb69dba-c4b0-42bd-ad73-0e658bdc064d)
2019-11-25 07:51:47.084 26160 RALLYDEBUG rally_openstack.cleanup.manager [-] Deleting neutron.port object s_rally_af868cc2_0QXZGTTE (eda3cfb3-c7fe-4c81-8a56-ac048fb16935)
2019-11-25 07:51:47.197 26160 RALLYDEBUG rally_openstack.cleanup.manager [-] Deleting neutron.port object s_rally_af868cc2_pjBe0fdr (ee0959d8-8ad2-49e8-bd06-f1d09e7cb433)
2019-11-25 07:51:47.253 26160 RALLYDEBUG rally_openstack.cleanup.manager [-] Deleting neutron.port object s_rally_af868cc2_LieWMtiG (ef3da2b2-60dd-4a43-81a7-0d05bd5f36cc)
2019-11-25 07:51:47.461 26160 RALLYDEBUG rally_openstack.cleanup.manager [-] Deleting neutron.port object s_rally_af868cc2_SAQFzV8F (ef553a1a-fd90-42c5-aa3e-82b9be7064f8)
2019-11-25 07:51:47.482 26160 RALLYDEBUG rally_openstack.cleanup.manager [-] Deleting neutron.port object s_rally_af868cc2_yTqDuamn (ef85a327-d334-4f14-ba63-1c72eeb2f490)
2019-11-25 07:51:47.497 26160 RALLYDEBUG rally_openstack.cleanup.manager [-] Deleting neutron.port object s_rally_af868cc2_3QX8O9DF (f0301182-6694-46e7-bd7d-d9e0bbd8c052)
2019-11-25 07:51:47.508 26160 RALLYDEBUG rally_openstack.cleanup.manager [-] Deleting neutron.port object s_rally_af868cc2_GeS50FN6 (f0eafe12-d3e4-49fc-8e37-8fd2a8b937ad)
2019-11-25 07:51:47.545 26160 RALLYDEBUG rally_openstack.cleanup.manager [-] Deleting neutron.port object s_rally_af868cc2_np5mnTHn (f11f1440-3192-4152-80ec-0392485c0497)
2019-11-25 07:51:47.680 26160 RALLYDEBUG rally_openstack.cleanup.manager [-] Deleting neutron.port object s_rally_af868cc2_AHLLfBn2 (f3473efe-b4ae-4c50-a8b3-a549dac8a14e)
2019-11-25 07:51:48.013 26160 RALLYDEBUG rally_openstack.cleanup.manager [-] Deleting neutron.port object s_rally_af868cc2_ZtOBJKOu (f36dd51f-308f-4a88-bc7d-89756972a0c8)
2019-11-25 07:51:48.420 26160 RALLYDEBUG rally_openstack.cleanup.manager [-] Deleting neutron.port object s_rally_af868cc2_S9Re5E2n (f3bc2dc0-e9ca-49ca-96f8-9aafb3ba839e)
2019-11-25 07:51:48.632 26160 RALLYDEBUG rally_openstack.cleanup.manager [-] Deleting neutron.port object s_rally_af868cc2_magClwVN (f478bfc0-b0d9-4820-9e1a-5aa2a8bd3cb5)
2019-11-25 07:51:48.641 26160 RALLYDEBUG rally_openstack.cleanup.manager [-] Deleting neutron.port object s_rally_af868cc2_sbiis8eE (f4bf20fc-9a6b-4df9-9de0-8486c6a6db2e)
2019-11-25 07:51:48.647 26160 RALLYDEBUG rally_openstack.cleanup.manager [-] Deleting neutron.port object s_rally_af868cc2_Gvcjf7Ka (f591e977-30e2-49dc-8804-177b36f9191f)
2019-11-25 07:51:48.686 26160 RALLYDEBUG rally_openstack.cleanup.manager [-] Deleting neutron.port object s_rally_af868cc2_YbWCHmTT (f709a27c-8e92-450f-863d-e59a2083ca35)
2019-11-25 07:51:48.868 26160 RALLYDEBUG rally_openstack.cleanup.manager [-] Deleting neutron.port object s_rally_af868cc2_tY0JQMdi (f77b48c1-3482-4b58-8609-751bf097fe89)
2019-11-25 07:51:49.007 26160 RALLYDEBUG rally_openstack.cleanup.manager [-] Deleting neutron.port object s_rally_af868cc2_tNklggd1 (f787e613-5ff7-4673-be2f-0a20d5d3c823)
2019-11-25 07:51:49.038 26160 RALLYDEBUG rally_openstack.cleanup.manager [-] Deleting neutron.port object s_rally_af868cc2_OU87Zk24 (f8326faf-de2e-4d63-95ba-9351e5be5ac5)
2019-11-25 07:51:49.042 26160 RALLYDEBUG rally_openstack.cleanup.manager [-] Deleting neutron.port object s_rally_af868cc2_tmqF9wib (f7b5eb3f-5c86-4592-9629-8f9105abf894)
2019-11-25 07:51:49.116 26160 RALLYDEBUG rally_openstack.cleanup.manager [-] Deleting neutron.port object s_rally_af868cc2_5smOjHcj (f8ae683a-f082-4830-9d66-d24b98d4b562)
2019-11-25 07:51:49.311 26160 RALLYDEBUG rally_openstack.cleanup.manager [-] Deleting neutron.port object s_rally_af868cc2_dRmiCOjr (f8bbeb38-3fbb-4db9-a2d8-ddbe9130f695)
2019-11-25 07:51:49.349 26160 RALLYDEBUG rally_openstack.cleanup.manager [-] Deleting neutron.port object s_rally_af868cc2_sNNdNRY0 (f8c1a12d-cc51-4f5d-88d6-15bbb5df03b1)
2019-11-25 07:51:49.492 26160 RALLYDEBUG rally_openstack.cleanup.manager [-] Deleting neutron.port object s_rally_af868cc2_5mC7XovU (f9e8d76b-8810-487c-8d09-738a075fbcf0)
2019-11-25 07:51:49.512 26160 RALLYDEBUG rally_openstack.cleanup.manager [-] Deleting neutron.port object s_rally_af868cc2_GIcvfrQ8 (fa1e74fe-fe48-46d4-ad6d-db4e3841b02c)
2019-11-25 07:51:49.521 26160 RALLYDEBUG rally_openstack.cleanup.manager [-] Deleting neutron.port object s_rally_af868cc2_8CZHGJjw (fa24e4bc-3a2d-42fe-b2bd-8575dfe5171f)
2019-11-25 07:51:49.583 26160 RALLYDEBUG rally_openstack.cleanup.manager [-] Deleting neutron.port object s_rally_af868cc2_KZ0tRPIb (fab62749-a938-4483-9c67-7967274c51d1)
2019-11-25 07:51:49.679 26160 RALLYDEBUG rally_openstack.cleanup.manager [-] Deleting neutron.port object s_rally_af868cc2_oJVmuxkz (fbcda5d1-137c-4f93-8fe4-75e1ac4f0ade)
2019-11-25 07:51:49.724 26160 RALLYDEBUG rally_openstack.cleanup.manager [-] Deleting neutron.port object s_rally_af868cc2_45xV82mV (fbd3165a-1c0f-4d54-b654-477ee17e2a13)
2019-11-25 07:51:49.906 26160 RALLYDEBUG rally_openstack.cleanup.manager [-] Deleting neutron.port object s_rally_af868cc2_INTdE1ak (fcef8c76-4509-46cb-806f-c7bdcbf8e239)
2019-11-25 07:51:50.025 26160 RALLYDEBUG rally_openstack.cleanup.manager [-] Deleting neutron.port object s_rally_af868cc2_GlUKVcWC (fd538e63-c721-4a57-b662-b52b851d15e3)
2019-11-25 07:51:50.500 26160 RALLYDEBUG rally_openstack.cleanup.manager [-] Deleting neutron.port object s_rally_af868cc2_EK5TYUn0 (fda4b200-4992-4255-af73-e691446dde06)
2019-11-25 07:51:50.617 26160 RALLYDEBUG rally_openstack.cleanup.manager [-] Deleting neutron.port object s_rally_af868cc2_r4sPRQ42 (fe6829e2-152b-481b-b93b-e6b7f355e585)
2019-11-25 07:51:50.677 26160 RALLYDEBUG rally_openstack.cleanup.manager [-] Deleting neutron.port object s_rally_af868cc2_wBBVmahq (ffb9ae9a-ef8d-4d1d-ab5c-c1f4bff780ac)
2019-11-25 07:51:50.839 26160 RALLYDEBUG rally_openstack.cleanup.manager [-] Deleting neutron.port object s_rally_af868cc2_CrMX0Dvw (ffcde50f-8033-417b-89a4-b014d682d3ed)
2019-11-25 07:51:52.619 26160 RALLYDEBUG rally_openstack.cleanup.manager [-] Cleaning up neutron subnet objects
2019-11-25 07:51:53.048 26160 RALLYDEBUG rally_openstack.cleanup.manager [-] Cleaning up neutron network objects
2019-11-25 07:51:53.815 26160 RALLYDEBUG rally_openstack.cleanup.manager [-] Deleting neutron.network object s_rally_af868cc2_EJL9yn3p (09e0e6c1-ccb6-40b7-b321-74f1ef02ea0b)
2019-11-25 07:51:53.820 26160 RALLYDEBUG rally_openstack.cleanup.manager [-] Deleting neutron.network object s_rally_af868cc2_rTvDEpni (18d109b5-b7f4-419b-86ed-6289937f45ee)
2019-11-25 07:51:53.835 26160 RALLYDEBUG rally_openstack.cleanup.manager [-] Deleting neutron.network object s_rally_af868cc2_1aB55ddX (543512e2-9820-4c37-a343-21197c89b291)
2019-11-25 07:51:53.837 26160 RALLYDEBUG rally_openstack.cleanup.manager [-] Deleting neutron.network object s_rally_af868cc2_w6hF4hI4 (8c45c5ac-aee1-48a9-a044-97ddd0320a79)
2019-11-25 07:51:53.843 26160 RALLYDEBUG rally_openstack.cleanup.manager [-] Deleting neutron.network object s_rally_af868cc2_3FvMeQyp (c4c4833b-edbf-45a3-98bb-0a775ac4f46d)
2019-11-25 07:51:53.862 26160 RALLYDEBUG rally_openstack.cleanup.manager [-] Deleting neutron.network object s_rally_af868cc2_H12GZu62 (fa06003e-3952-4ec4-8c21-a8af89ccbae2)
2019-11-25 07:51:53.865 26160 RALLYDEBUG rally_openstack.cleanup.manager [-] Deleting neutron.network object s_rally_af868cc2_PohhjurM (d203851d-803c-401b-9142-b819372ca671)
2019-11-25 07:51:53.892 26160 RALLYDEBUG rally_openstack.cleanup.manager [-] Deleting neutron.network object s_rally_af868cc2_TrckRq5J (faa25fe0-77a2-4343-92c2-d01d45238533)
2019-11-25 07:51:57.508 26160 RALLYDEBUG rally_openstack.cleanup.manager [-] Cleaning up neutron router objects
2019-11-25 07:51:57.978 26160 RALLYDEBUG rally_openstack.cleanup.manager [-] Cleaning up neutron security_group objects
2019-11-25 07:51:58.391 26160 INFO rally.task.context [-] Task 8b942cc7-0e23-4033-9c60-683248064744 | Context cleanup@openstack cleanup() finished in 53.01 sec
2019-11-25 07:51:58.392 26160 INFO rally.task.context [-] Task 8b942cc7-0e23-4033-9c60-683248064744 | Context quotas@openstack cleanup() started
2019-11-25 07:51:58.473 26160 INFO rally.task.context [-] Task 8b942cc7-0e23-4033-9c60-683248064744 | Context quotas@openstack cleanup() finished in 80.99 msec
2019-11-25 07:51:58.473 26160 INFO rally.task.context [-] Task 8b942cc7-0e23-4033-9c60-683248064744 | Context users@openstack cleanup() started
2019-11-25 07:52:01.199 26160 INFO rally.task.context [-] Task 8b942cc7-0e23-4033-9c60-683248064744 | Context users@openstack cleanup() finished in 2.73 sec
2019-11-25 07:52:01.279 26160 INFO rally.task.engine [-] Load duration is: 59.740026
2019-11-25 07:52:01.280 26160 INFO rally.task.engine [-] Full runner duration is: 59.790496
2019-11-25 07:52:01.280 26160 INFO rally.task.engine [-] Full duration is: 118.495956
2019-11-25 07:52:01.606 26160 INFO rally.task.engine [-] Running workload: position = 1 config = { "version": 2, "title": "A cropped version of a bigger task.", "description": "Auto-generated task from a single workload (uuid=2a1d5423-697f-4179-8556-4dcd27ad5473)", "subtasks": [ { "title": "NeutronNetworks.create_and_update_ports", "description": "Create and update a given number of ports.", "scenario": { "NeutronNetworks.create_and_update_ports": { "network_create_args": {}, "port_create_args": {}, "ports_per_network": 5, "port_update_args": { "admin_state_up": false, "device_id": "dummy_id", "device_owner": "dummy_owner", "name": "_port_updated" } } }, "contexts": { "users": { "tenants": 1, "users_per_tenant": 1 }, "quotas": { "neutron": { "network": -1, "port": -1 } } }, "runner": { "constant": { "times": 40, "concurrency": 20 } }, "hooks": [], "sla": { "failure_rate": { "max": 0 } } } ] }
2019-11-25 07:52:01.634 26160 RALLYDEBUG rally_openstack.contexts.keystone.users [-] Creating 1 tenants using 20 threads
2019-11-25 07:52:02.557 26160 RALLYDEBUG rally_openstack.contexts.keystone.users [-] Creating 1 users using 20 threads
2019-11-25 07:52:03.925 26160 INFO rally.task.context [-] Task 8b942cc7-0e23-4033-9c60-683248064744 | Context users@openstack setup() finished in 2.29 sec
2019-11-25 07:52:04.477 26160 INFO rally.task.context [-] Task 8b942cc7-0e23-4033-9c60-683248064744 | Context quotas@openstack setup() finished in 0.55 sec
2019-11-25 07:52:04.478 26160 INFO rally.task.context [-] Task 8b942cc7-0e23-4033-9c60-683248064744 | Context cleanup@openstack setup() finished in 0.01 msec
2019-11-25 07:52:04.488 26160 RALLYDEBUG rally.task.runner [-] Starting the constant runner (task UUID: 8b942cc7-0e23-4033-9c60-683248064744). timeout: 0 concurrency: 20 concurrency_per_worker: 1 times: 40 concurrency_overhead: 4 processes_to_start: 16 max_cpu_used: 16
2019-11-25 07:52:04.503 30236 RALLYDEBUG rally.task.runner [-] Starting a worker. concurrency: 2 args: {"network_create_args": {}, "port_create_args": {}, "ports_per_network": 5, "port_update_args": {"admin_state_up": false, "device_id": "dummy_id", "device_owner": "dummy_owner", "name": "_port_updated"}} times: 40 method_name: run timeout: 0 duration: None cls:
2019-11-25 07:52:04.508 30237 RALLYDEBUG rally.task.runner [-] Starting a worker. concurrency: 2 args: {"network_create_args": {}, "port_create_args": {}, "ports_per_network": 5, "port_update_args": {"admin_state_up": false, "device_id": "dummy_id", "device_owner": "dummy_owner", "name": "_port_updated"}} times: 40 method_name: run timeout: 0 duration: None cls:
2019-11-25 07:52:04.510 30238 RALLYDEBUG rally.task.runner [-] Starting a worker. concurrency: 2 args: {"network_create_args": {}, "port_create_args": {}, "ports_per_network": 5, "port_update_args": {"admin_state_up": false, "device_id": "dummy_id", "device_owner": "dummy_owner", "name": "_port_updated"}} times: 40 method_name: run timeout: 0 duration: None cls:
2019-11-25 07:52:04.515 30236 INFO rally.task.runner [-] Task 8b942cc7-0e23-4033-9c60-683248064744 | ITER: 1 START
2019-11-25 07:52:04.514 30239 RALLYDEBUG rally.task.runner [-] Starting a worker. concurrency: 2 args: {"network_create_args": {}, "port_create_args": {}, "ports_per_network": 5, "port_update_args": {"admin_state_up": false, "device_id": "dummy_id", "device_owner": "dummy_owner", "name": "_port_updated"}} times: 40 method_name: run timeout: 0 duration: None cls:
2019-11-25 07:52:04.517 30236 WARNING rally_openstack.scenarios.neutron.utils [-] Running this scenario without either the 'network' or 'existing_network' context is deprecated
2019-11-25 07:52:04.517 30241 RALLYDEBUG rally.task.runner [-] Starting a worker. concurrency: 1 args: {"network_create_args": {}, "port_create_args": {}, "ports_per_network": 5, "port_update_args": {"admin_state_up": false, "device_id": "dummy_id", "device_owner": "dummy_owner", "name": "_port_updated"}} times: 40 method_name: run timeout: 0 duration: None cls:
2019-11-25 07:52:04.519 30238 INFO rally.task.runner [-] Task 8b942cc7-0e23-4033-9c60-683248064744 | ITER: 4 START
2019-11-25 07:52:04.521 30238 WARNING rally_openstack.scenarios.neutron.utils [-] Running this scenario without either the 'network' or 'existing_network' context is deprecated
2019-11-25 07:52:04.520 30237 INFO rally.task.runner [-] Task 8b942cc7-0e23-4033-9c60-683248064744 | ITER: 5 START
2019-11-25 07:52:04.521 30237 INFO rally.task.runner [-] Task 8b942cc7-0e23-4033-9c60-683248064744 | ITER: 2 START
2019-11-25 07:52:04.522 30243 RALLYDEBUG rally.task.runner [-] Starting a worker. concurrency: 1 args: {"network_create_args": {}, "port_create_args": {}, "ports_per_network": 5, "port_update_args": {"admin_state_up": false, "device_id": "dummy_id", "device_owner": "dummy_owner", "name": "_port_updated"}} times: 40 method_name: run timeout: 0 duration: None cls:
2019-11-25 07:52:04.523 30237 WARNING rally_openstack.scenarios.neutron.utils [-] Running this scenario without either the 'network' or 'existing_network' context is deprecated
2019-11-25 07:52:04.524 30241 INFO rally.task.runner [-] Task 8b942cc7-0e23-4033-9c60-683248064744 | ITER: 8 START
2019-11-25 07:52:04.525 30241 WARNING rally_openstack.scenarios.neutron.utils [-] Running this scenario without either the 'network' or 'existing_network' context is deprecated
2019-11-25 07:52:04.529 30239 INFO rally.task.runner [-] Task 8b942cc7-0e23-4033-9c60-683248064744 | ITER: 7 START
2019-11-25 07:52:04.529 30236 INFO rally.task.runner [-] Task 8b942cc7-0e23-4033-9c60-683248064744 | ITER: 3 START
2019-11-25 07:52:04.529 30249 RALLYDEBUG rally.task.runner [-] Starting a worker. concurrency: 1 args: {"network_create_args": {}, "port_create_args": {}, "ports_per_network": 5, "port_update_args": {"admin_state_up": false, "device_id": "dummy_id", "device_owner": "dummy_owner", "name": "_port_updated"}} times: 40 method_name: run timeout: 0 duration: None cls:
2019-11-25 07:52:04.530 30243 INFO rally.task.runner [-] Task 8b942cc7-0e23-4033-9c60-683248064744 | ITER: 10 START
2019-11-25 07:52:04.531 30236 WARNING rally_openstack.scenarios.neutron.utils [-] Running this scenario without either the 'network' or 'existing_network' context is deprecated
2019-11-25 07:52:04.531 30239 WARNING rally_openstack.scenarios.neutron.utils [-] Running this scenario without either the 'network' or 'existing_network' context is deprecated
2019-11-25 07:52:04.532 30243 WARNING rally_openstack.scenarios.neutron.utils [-] Running this scenario without either the 'network' or 'existing_network' context is deprecated
2019-11-25 07:52:04.532 30254 RALLYDEBUG rally.task.runner [-] Starting a worker. concurrency: 1 args: {"network_create_args": {}, "port_create_args": {}, "ports_per_network": 5, "port_update_args": {"admin_state_up": false, "device_id": "dummy_id", "device_owner": "dummy_owner", "name": "_port_updated"}} times: 40 method_name: run timeout: 0 duration: None cls:
2019-11-25 07:52:04.537 30249 INFO rally.task.runner [-] Task 8b942cc7-0e23-4033-9c60-683248064744 | ITER: 11 START
2019-11-25 07:52:04.537 30257 RALLYDEBUG rally.task.runner [-] Starting a worker. concurrency: 1 args: {"network_create_args": {}, "port_create_args": {}, "ports_per_network": 5, "port_update_args": {"admin_state_up": false, "device_id": "dummy_id", "device_owner": "dummy_owner", "name": "_port_updated"}} times: 40 method_name: run timeout: 0 duration: None cls:
2019-11-25 07:52:04.538 30249 WARNING rally_openstack.scenarios.neutron.utils [-] Running this scenario without either the 'network' or 'existing_network' context is deprecated
2019-11-25 07:52:04.524 30237 WARNING rally_openstack.scenarios.neutron.utils [-] Running this scenario without either the 'network' or 'existing_network' context is deprecated
2019-11-25 07:52:04.540 30238 INFO rally.task.runner [-] Task 8b942cc7-0e23-4033-9c60-683248064744 | ITER: 6 START
2019-11-25 07:52:04.540 30261 RALLYDEBUG rally.task.runner [-] Starting a worker. concurrency: 1 args: {"network_create_args": {}, "port_create_args": {}, "ports_per_network": 5, "port_update_args": {"admin_state_up": false, "device_id": "dummy_id", "device_owner": "dummy_owner", "name": "_port_updated"}} times: 40 method_name: run timeout: 0 duration: None cls:
2019-11-25 07:52:04.541 30254 INFO rally.task.runner [-] Task 8b942cc7-0e23-4033-9c60-683248064744 | ITER: 12 START
2019-11-25 07:52:04.541 30238 WARNING rally_openstack.scenarios.neutron.utils [-] Running this scenario without either the 'network' or 'existing_network' context is deprecated
2019-11-25 07:52:04.542 30254 WARNING rally_openstack.scenarios.neutron.utils [-] Running this scenario without either the 'network' or 'existing_network' context is deprecated
2019-11-25 07:52:04.545 30257 INFO rally.task.runner [-] Task 8b942cc7-0e23-4033-9c60-683248064744 | ITER: 13 START
2019-11-25 07:52:04.536 30239 INFO rally.task.runner [-] Task 8b942cc7-0e23-4033-9c60-683248064744 | ITER: 9 START
2019-11-25 07:52:04.546 30257 WARNING rally_openstack.scenarios.neutron.utils [-] Running this scenario without either the 'network' or 'existing_network' context is deprecated
2019-11-25 07:52:04.547 30261 INFO rally.task.runner [-] Task 8b942cc7-0e23-4033-9c60-683248064744 | ITER: 14 START
2019-11-25 07:52:04.547 30239 WARNING rally_openstack.scenarios.neutron.utils [-] Running this scenario without either the 'network' or 'existing_network' context is deprecated
2019-11-25 07:52:04.548 30261 WARNING rally_openstack.scenarios.neutron.utils [-] Running this scenario without either the 'network' or 'existing_network' context is deprecated
2019-11-25 07:52:04.554 30269 RALLYDEBUG rally.task.runner [-] Starting a worker. concurrency: 1 args: {"network_create_args": {}, "port_create_args": {}, "ports_per_network": 5, "port_update_args": {"admin_state_up": false, "device_id": "dummy_id", "device_owner": "dummy_owner", "name": "_port_updated"}} times: 40 method_name: run timeout: 0 duration: None cls:
2019-11-25 07:52:04.555 30264 RALLYDEBUG rally.task.runner [-] Starting a worker. concurrency: 1 args: {"network_create_args": {}, "port_create_args": {}, "ports_per_network": 5, "port_update_args": {"admin_state_up": false, "device_id": "dummy_id", "device_owner": "dummy_owner", "name": "_port_updated"}} times: 40 method_name: run timeout: 0 duration: None cls:
2019-11-25 07:52:04.562 30269 INFO rally.task.runner [-] Task 8b942cc7-0e23-4033-9c60-683248064744 | ITER: 15 START
2019-11-25 07:52:04.563 30264 INFO rally.task.runner [-] Task 8b942cc7-0e23-4033-9c60-683248064744 | ITER: 16 START
2019-11-25 07:52:04.563 30269 WARNING rally_openstack.scenarios.neutron.utils [-] Running this scenario without either the 'network' or 'existing_network' context is deprecated
2019-11-25 07:52:04.564 30264 WARNING rally_openstack.scenarios.neutron.utils [-] Running this scenario without either the 'network' or 'existing_network' context is deprecated
2019-11-25 07:52:04.566 30272 RALLYDEBUG rally.task.runner [-] Starting a worker. concurrency: 1 args: {"network_create_args": {}, "port_create_args": {}, "ports_per_network": 5, "port_update_args": {"admin_state_up": false, "device_id": "dummy_id", "device_owner": "dummy_owner", "name": "_port_updated"}} times: 40 method_name: run timeout: 0 duration: None cls:
2019-11-25 07:52:04.572 30277 RALLYDEBUG rally.task.runner [-] Starting a worker. concurrency: 1 args: {"network_create_args": {}, "port_create_args": {}, "ports_per_network": 5, "port_update_args": {"admin_state_up": false, "device_id": "dummy_id", "device_owner": "dummy_owner", "name": "_port_updated"}} times: 40 method_name: run timeout: 0 duration: None cls:
2019-11-25 07:52:04.573 30272 INFO rally.task.runner [-] Task 8b942cc7-0e23-4033-9c60-683248064744 | ITER: 17 START
2019-11-25 07:52:04.575 30272 WARNING rally_openstack.scenarios.neutron.utils [-] Running this scenario without either the 'network' or 'existing_network' context is deprecated
2019-11-25 07:52:04.578 30277 INFO rally.task.runner [-] Task 8b942cc7-0e23-4033-9c60-683248064744 | ITER: 18 START
2019-11-25 07:52:04.578 30278 RALLYDEBUG rally.task.runner [-] Starting a worker. concurrency: 1 args: {"network_create_args": {}, "port_create_args": {}, "ports_per_network": 5, "port_update_args": {"admin_state_up": false, "device_id": "dummy_id", "device_owner": "dummy_owner", "name": "_port_updated"}} times: 40 method_name: run timeout: 0 duration: None cls:
2019-11-25 07:52:04.579 30277 WARNING rally_openstack.scenarios.neutron.utils [-] Running this scenario without either the 'network' or 'existing_network' context is deprecated
2019-11-25 07:52:04.582 30281 RALLYDEBUG rally.task.runner [-] Starting a worker. concurrency: 1 args: {"network_create_args": {}, "port_create_args": {}, "ports_per_network": 5, "port_update_args": {"admin_state_up": false, "device_id": "dummy_id", "device_owner": "dummy_owner", "name": "_port_updated"}} times: 40 method_name: run timeout: 0 duration: None cls:
2019-11-25 07:52:04.584 30278 INFO rally.task.runner [-] Task 8b942cc7-0e23-4033-9c60-683248064744 | ITER: 19 START
2019-11-25 07:52:04.584 30278 WARNING rally_openstack.scenarios.neutron.utils [-] Running this scenario without either the 'network' or 'existing_network' context is deprecated
2019-11-25 07:52:04.587 30281 INFO rally.task.runner [-] Task 8b942cc7-0e23-4033-9c60-683248064744 | ITER: 20 START
2019-11-25 07:52:04.588 30281 WARNING rally_openstack.scenarios.neutron.utils [-] Running this scenario without either the 'network' or 'existing_network' context is deprecated
2019-11-25 07:52:15.231 30236 INFO rally.task.runner [-] Task 8b942cc7-0e23-4033-9c60-683248064744 | ITER: 1 END: OK
2019-11-25 07:52:15.237 30236 INFO rally.task.runner [-] Task 8b942cc7-0e23-4033-9c60-683248064744 | ITER: 21 START
2019-11-25 07:52:15.237 30236 WARNING rally_openstack.scenarios.neutron.utils [-] Running this scenario without either the 'network' or 'existing_network' context is deprecated
2019-11-25 07:52:15.794 30257 INFO rally.task.runner [-] Task 8b942cc7-0e23-4033-9c60-683248064744 | ITER: 13 END: OK
2019-11-25 07:52:15.800 30257 INFO rally.task.runner [-] Task 8b942cc7-0e23-4033-9c60-683248064744 | ITER: 22 START
2019-11-25 07:52:15.801 30257 WARNING rally_openstack.scenarios.neutron.utils [-] Running this scenario without either the 'network' or 'existing_network' context is deprecated
2019-11-25 07:52:16.122 30239 INFO rally.task.runner [-] Task 8b942cc7-0e23-4033-9c60-683248064744 | ITER: 9 END: OK
2019-11-25 07:52:16.127 30239 INFO rally.task.runner [-] Task 8b942cc7-0e23-4033-9c60-683248064744 | ITER: 23 START
2019-11-25 07:52:16.127 30239 WARNING rally_openstack.scenarios.neutron.utils [-] Running this scenario without either the 'network' or 'existing_network' context is deprecated
2019-11-25 07:52:16.598 30281 INFO rally.task.runner [-] Task 8b942cc7-0e23-4033-9c60-683248064744 | ITER: 20 END: OK
2019-11-25 07:52:16.604 30281 INFO rally.task.runner [-] Task 8b942cc7-0e23-4033-9c60-683248064744 | ITER: 24 START
2019-11-25 07:52:16.604 30281 WARNING rally_openstack.scenarios.neutron.utils [-] Running this scenario without either the 'network' or 'existing_network' context is deprecated
2019-11-25 07:52:16.731 30243 INFO rally.task.runner [-] Task 8b942cc7-0e23-4033-9c60-683248064744 | ITER: 10 END: OK
2019-11-25 07:52:16.737 30243 INFO rally.task.runner [-] Task 8b942cc7-0e23-4033-9c60-683248064744 | ITER: 25 START
2019-11-25 07:52:16.737 30243 WARNING rally_openstack.scenarios.neutron.utils [-] Running this scenario without either the 'network' or 'existing_network' context is deprecated
2019-11-25 07:52:17.038 30237 INFO rally.task.runner [-] Task 8b942cc7-0e23-4033-9c60-683248064744 | ITER: 2 END: OK
2019-11-25 07:52:17.043 30237 INFO rally.task.runner [-] Task 8b942cc7-0e23-4033-9c60-683248064744 | ITER: 26 START
2019-11-25 07:52:17.043 30237 WARNING rally_openstack.scenarios.neutron.utils [-] Running this scenario without either the 'network' or 'existing_network' context is deprecated
2019-11-25 07:52:17.087 30278 INFO rally.task.runner [-] Task 8b942cc7-0e23-4033-9c60-683248064744 | ITER: 19 END: OK
2019-11-25 07:52:17.093 30278 INFO rally.task.runner [-] Task 8b942cc7-0e23-4033-9c60-683248064744 | ITER: 27 START
2019-11-25 07:52:17.094 30278 WARNING rally_openstack.scenarios.neutron.utils [-] Running this scenario without either the 'network' or 'existing_network' context is deprecated
2019-11-25 07:52:17.119 30241 INFO rally.task.runner [-] Task 8b942cc7-0e23-4033-9c60-683248064744 | ITER: 8 END: OK
2019-11-25 07:52:17.124 30241 INFO rally.task.runner [-] Task 8b942cc7-0e23-4033-9c60-683248064744 | ITER: 28 START
2019-11-25 07:52:17.124 30241 WARNING rally_openstack.scenarios.neutron.utils [-] Running this scenario without either the 'network' or 'existing_network' context is deprecated
2019-11-25 07:52:17.124 30238 INFO rally.task.runner [-] Task 8b942cc7-0e23-4033-9c60-683248064744 | ITER: 4 END: OK
2019-11-25 07:52:17.128 30238 INFO rally.task.runner [-] Task 8b942cc7-0e23-4033-9c60-683248064744 | ITER: 29 START
2019-11-25 07:52:17.129 30238 WARNING rally_openstack.scenarios.neutron.utils [-] Running this scenario without either the 'network' or 'existing_network' context is deprecated
2019-11-25 07:52:17.391 30269 INFO rally.task.runner [-] Task 8b942cc7-0e23-4033-9c60-683248064744 | ITER: 15 END: OK
2019-11-25 07:52:17.396 30269 INFO rally.task.runner [-] Task 8b942cc7-0e23-4033-9c60-683248064744 | ITER: 30 START
2019-11-25 07:52:17.397 30269 WARNING rally_openstack.scenarios.neutron.utils [-] Running this scenario without either the 'network' or 'existing_network' context is deprecated
2019-11-25 07:52:17.413 30237 INFO rally.task.runner [-] Task 8b942cc7-0e23-4033-9c60-683248064744 | ITER: 5 END: OK
2019-11-25 07:52:17.418 30237 INFO rally.task.runner [-] Task 8b942cc7-0e23-4033-9c60-683248064744 | ITER: 31 START
2019-11-25 07:52:17.419 30237 WARNING rally_openstack.scenarios.neutron.utils [-] Running this scenario without either the 'network' or 'existing_network' context is deprecated
2019-11-25 07:52:17.509 30238 INFO rally.task.runner [-] Task 8b942cc7-0e23-4033-9c60-683248064744 | ITER: 6 END: OK
2019-11-25 07:52:17.514 30238 INFO rally.task.runner [-] Task 8b942cc7-0e23-4033-9c60-683248064744 | ITER: 32 START
2019-11-25 07:52:17.514 30238 WARNING rally_openstack.scenarios.neutron.utils [-] Running this scenario without either the 'network' or 'existing_network' context is deprecated
2019-11-25 07:52:17.707 30239 INFO rally.task.runner [-] Task 8b942cc7-0e23-4033-9c60-683248064744 | ITER: 7 END: OK
2019-11-25 07:52:17.712 30239 INFO rally.task.runner [-] Task 8b942cc7-0e23-4033-9c60-683248064744 | ITER: 33 START
2019-11-25 07:52:17.712 30239 WARNING rally_openstack.scenarios.neutron.utils [-] Running this scenario without either the 'network' or 'existing_network' context is deprecated
2019-11-25 07:52:17.754 30236 INFO rally.task.runner [-] Task 8b942cc7-0e23-4033-9c60-683248064744 | ITER: 3 END: OK
2019-11-25 07:52:17.758 30236 INFO rally.task.runner [-] Task 8b942cc7-0e23-4033-9c60-683248064744 | ITER: 34 START
2019-11-25 07:52:17.759 30236 WARNING rally_openstack.scenarios.neutron.utils [-] Running this scenario without either the 'network' or 'existing_network' context is deprecated
2019-11-25 07:52:18.032 30249 INFO rally.task.runner [-] Task 8b942cc7-0e23-4033-9c60-683248064744 | ITER: 11 END: OK
2019-11-25 07:52:18.036 30249 INFO rally.task.runner [-] Task 8b942cc7-0e23-4033-9c60-683248064744 | ITER: 35 START
2019-11-25 07:52:18.037 30249 WARNING rally_openstack.scenarios.neutron.utils [-] Running this scenario without either the 'network' or 'existing_network' context is deprecated
2019-11-25 07:52:18.370 30261 INFO rally.task.runner [-] Task 8b942cc7-0e23-4033-9c60-683248064744 | ITER: 14 END: OK
2019-11-25 07:52:18.376 30261 INFO rally.task.runner [-] Task 8b942cc7-0e23-4033-9c60-683248064744 | ITER: 36 START
2019-11-25 07:52:18.376 30261 WARNING rally_openstack.scenarios.neutron.utils [-] Running this scenario without either the 'network' or 'existing_network' context is deprecated
2019-11-25 07:52:18.672 30272 INFO rally.task.runner [-] Task 8b942cc7-0e23-4033-9c60-683248064744 | ITER: 17 END: OK
2019-11-25 07:52:18.678 30272 INFO rally.task.runner [-] Task 8b942cc7-0e23-4033-9c60-683248064744 | ITER: 37 START
2019-11-25 07:52:18.679 30272 WARNING rally_openstack.scenarios.neutron.utils [-] Running this scenario without either the 'network' or 'existing_network' context is deprecated
2019-11-25 07:52:19.216 30277 INFO rally.task.runner [-] Task 8b942cc7-0e23-4033-9c60-683248064744 | ITER: 18 END: OK
2019-11-25 07:52:19.221 30277 INFO rally.task.runner [-] Task 8b942cc7-0e23-4033-9c60-683248064744 | ITER: 38 START
2019-11-25 07:52:19.222 30277 WARNING rally_openstack.scenarios.neutron.utils [-] Running this scenario without either the 'network' or 'existing_network' context is deprecated
2019-11-25 07:52:19.310 30254 INFO rally.task.runner [-] Task 8b942cc7-0e23-4033-9c60-683248064744 | ITER: 12 END: OK
2019-11-25 07:52:19.315 30254 INFO rally.task.runner [-] Task 8b942cc7-0e23-4033-9c60-683248064744 | ITER: 39 START
2019-11-25 07:52:19.315 30254 WARNING rally_openstack.scenarios.neutron.utils [-] Running this scenario without either the 'network' or 'existing_network' context is deprecated
2019-11-25 07:52:20.567 30264 INFO rally.task.runner [-] Task 8b942cc7-0e23-4033-9c60-683248064744 | ITER: 16 END: OK
2019-11-25 07:52:20.572 30264 INFO rally.task.runner [-] Task 8b942cc7-0e23-4033-9c60-683248064744 | ITER: 40 START
2019-11-25 07:52:20.572 30264 WARNING rally_openstack.scenarios.neutron.utils [-] Running this scenario without either the 'network' or 'existing_network' context is deprecated
2019-11-25 07:52:27.645 30238 INFO rally.task.runner [-] Task 8b942cc7-0e23-4033-9c60-683248064744 | ITER: 29 END: OK
2019-11-25 07:52:27.798 30236 INFO rally.task.runner [-] Task 8b942cc7-0e23-4033-9c60-683248064744 | ITER: 21 END: OK
2019-11-25 07:52:27.907 30278 INFO rally.task.runner [-] Task 8b942cc7-0e23-4033-9c60-683248064744 | ITER: 27 END: OK
2019-11-25 07:52:28.176 30237 INFO rally.task.runner [-] Task 8b942cc7-0e23-4033-9c60-683248064744 | ITER: 31 END: OK
2019-11-25 07:52:28.425 30241 INFO rally.task.runner [-] Task 8b942cc7-0e23-4033-9c60-683248064744 | ITER: 28 END: OK
2019-11-25 07:52:29.025 30257 INFO rally.task.runner [-] Task 8b942cc7-0e23-4033-9c60-683248064744 | ITER: 22 END: OK
2019-11-25 07:52:29.032 30237 INFO rally.task.runner [-] Task 8b942cc7-0e23-4033-9c60-683248064744 | ITER: 26 END: OK
2019-11-25 07:52:29.420 30238 INFO rally.task.runner [-] Task 8b942cc7-0e23-4033-9c60-683248064744 | ITER: 32 END: OK
2019-11-25 07:52:29.435 30269 INFO rally.task.runner [-] Task 8b942cc7-0e23-4033-9c60-683248064744 | ITER: 30 END: OK
2019-11-25 07:52:29.530 30239 INFO rally.task.runner [-] Task 8b942cc7-0e23-4033-9c60-683248064744 | ITER: 33 END: OK
2019-11-25 07:52:29.667 30277 INFO rally.task.runner [-] Task 8b942cc7-0e23-4033-9c60-683248064744 | ITER: 38 END: OK
2019-11-25 07:52:29.797 30243 INFO rally.task.runner [-] Task 8b942cc7-0e23-4033-9c60-683248064744 | ITER: 25 END: OK
2019-11-25 07:52:30.029 30254 INFO rally.task.runner [-] Task 8b942cc7-0e23-4033-9c60-683248064744 | ITER: 39 END: OK
2019-11-25 07:52:30.128 30281 INFO rally.task.runner [-] Task 8b942cc7-0e23-4033-9c60-683248064744 | ITER: 24 END: OK
2019-11-25 07:52:30.296 30272 INFO rally.task.runner [-] Task 8b942cc7-0e23-4033-9c60-683248064744 | ITER: 37 END: OK
2019-11-25 07:52:30.323 30236 INFO rally.task.runner [-] Task 8b942cc7-0e23-4033-9c60-683248064744 | ITER: 34 END: OK
2019-11-25 07:52:30.330 30261 INFO rally.task.runner [-] Task 8b942cc7-0e23-4033-9c60-683248064744 | ITER: 36 END: OK
2019-11-25 07:52:30.376 30239 INFO rally.task.runner [-] Task 8b942cc7-0e23-4033-9c60-683248064744 | ITER: 23 END: OK
2019-11-25 07:52:30.564 30249 INFO rally.task.runner [-] Task 8b942cc7-0e23-4033-9c60-683248064744 | ITER: 35 END: OK
2019-11-25 07:52:31.676 30264 INFO rally.task.runner [-] Task 8b942cc7-0e23-4033-9c60-683248064744 | ITER: 40 END: OK
2019-11-25 07:52:31.709 26160 INFO rally.task.context [-] Task 8b942cc7-0e23-4033-9c60-683248064744 | Context cleanup@openstack cleanup() started
2019-11-25 07:52:31.712 26160 RALLYDEBUG rally_openstack.cleanup.manager [-] Cleaning up neutron vip objects
2019-11-25 07:52:32.117 26160 RALLYDEBUG rally_openstack.cleanup.manager [-] Cleaning up neutron health_monitor objects
2019-11-25 07:52:32.544 26160 RALLYDEBUG rally_openstack.cleanup.manager [-] Cleaning up neutron pool objects
2019-11-25 07:52:32.936 26160 RALLYDEBUG rally_openstack.cleanup.manager [-] Cleaning up neutron loadbalancer objects
2019-11-25 07:52:33.327 26160 RALLYDEBUG rally_openstack.cleanup.manager [-] Cleaning up neutron floatingip objects
2019-11-25 07:52:33.778 26160 RALLYDEBUG rally_openstack.cleanup.manager [-] Cleaning up neutron trunk objects
2019-11-25 07:52:34.170 26160 RALLYDEBUG rally_openstack.cleanup.manager [-] Cleaning up neutron port objects
2019-11-25 07:52:35.016 26160 RALLYDEBUG rally_openstack.cleanup.manager [-] Deleting neutron.port object s_rally_2a1d5423_IYAt9QuM (09f721e2-2f89-4eb2-9aa2-42203ef92940)
2019-11-25 07:52:35.019 26160 RALLYDEBUG rally_openstack.cleanup.manager [-] Deleting neutron.port object s_rally_2a1d5423_qFM9Ok4j (1a46f037-f95c-47a2-8317-4f2b85a2197b)
2019-11-25 07:52:35.022 26160 RALLYDEBUG rally_openstack.cleanup.manager [-] Deleting neutron.port object s_rally_2a1d5423_xQeAftoS (0445e32f-41c0-4bfa-8eec-c03747c960e5)
2019-11-25 07:52:35.029 26160 RALLYDEBUG rally_openstack.cleanup.manager [-] Deleting neutron.port object s_rally_2a1d5423_I2iJJNri (1944a945-8209-4711-b6fb-e617ddaadbb0)
2019-11-25 07:52:35.029 26160 RALLYDEBUG rally_openstack.cleanup.manager [-] Deleting neutron.port object s_rally_2a1d5423_GqasCUBJ (1a704382-5eef-485b-8d23-207501beff99)
2019-11-25 07:52:35.031 26160 RALLYDEBUG rally_openstack.cleanup.manager [-] Deleting neutron.port object s_rally_2a1d5423_eXGzj58m (0223f201-79ac-4499-a236-f13d831d3478)
2019-11-25 07:52:35.040 26160 RALLYDEBUG rally_openstack.cleanup.manager [-] Deleting neutron.port object s_rally_2a1d5423_iQQjRbas (006bc1cd-f2a9-4ccf-b89a-21aacd37c4ad)
2019-11-25 07:52:35.042 26160 RALLYDEBUG rally_openstack.cleanup.manager [-] Deleting neutron.port object s_rally_2a1d5423_AYNLR9kE (201fd495-2731-4e2e-89dc-b5efdb82cce7)
2019-11-25 07:52:35.045 26160 RALLYDEBUG rally_openstack.cleanup.manager [-] Deleting neutron.port object s_rally_2a1d5423_OvBhelnS (0a16897d-bcda-4e54-ad26-92aa352f3fed)
2019-11-25 07:52:35.060 26160 RALLYDEBUG rally_openstack.cleanup.manager [-] Deleting neutron.port object s_rally_2a1d5423_Z1uMyF5O (12d2e59f-8f4b-4936-a045-1de5d92e4e64)
2019-11-25 07:52:35.060 26160 RALLYDEBUG rally_openstack.cleanup.manager [-] Deleting neutron.port object s_rally_2a1d5423_MbwywbBc (1caf0da4-d6ba-48c1-85c3-0cb322699ec2)
2019-11-25 07:52:35.063 26160 RALLYDEBUG rally_openstack.cleanup.manager [-] Deleting neutron.port object s_rally_2a1d5423_0AdItEvA (0f5bad00-4efc-4bda-bf48-8ada0277f196)
2019-11-25 07:52:35.066 26160 RALLYDEBUG rally_openstack.cleanup.manager [-] Deleting neutron.port object s_rally_2a1d5423_augyMeOm (04a11486-488f-44d5-8b5e-8195fee39a67)
2019-11-25 07:52:35.069 26160 RALLYDEBUG rally_openstack.cleanup.manager [-] Deleting neutron.port object s_rally_2a1d5423_NYB2NTGl (0bbebdfe-14a3-460e-8ec3-7a6ce1270226)
2019-11-25 07:52:35.069 26160 RALLYDEBUG rally_openstack.cleanup.manager [-] Deleting neutron.port object s_rally_2a1d5423_P0j7JrAW (033d7f36-46b0-4d11-bbe4-873cfdeaa609)
2019-11-25 07:52:35.071 26160 RALLYDEBUG rally_openstack.cleanup.manager [-] Deleting neutron.port object s_rally_2a1d5423_8netkH9T (144f9f3f-d6cc-44f1-8999-d4f32d806ac5)
2019-11-25 07:52:35.077 26160 RALLYDEBUG rally_openstack.cleanup.manager [-] Deleting neutron.port object s_rally_2a1d5423_Vbf97M7S (1ed53b0f-ce8a-4773-b0b0-2484cbddd5ce)
2019-11-25 07:52:35.080 26160 RALLYDEBUG rally_openstack.cleanup.manager [-] Deleting neutron.port object s_rally_2a1d5423_E8w43wUU (171e3f4b-89e3-4c53-a866-488c75b29073)
2019-11-25 07:52:35.094 26160 RALLYDEBUG rally_openstack.cleanup.manager [-] Deleting neutron.port object s_rally_2a1d5423_7qgYXwyQ (224f70b9-5ffe-46b8-b883-1d3d2cd02be5)
2019-11-25 07:52:35.112 26160 RALLYDEBUG rally_openstack.cleanup.manager [-] Deleting neutron.port object s_rally_2a1d5423_Qub92H8g (227ac9e3-da8e-470c-bc5c-9277cb0df1de)
2019-11-25 07:52:37.127 26160 RALLYDEBUG rally_openstack.cleanup.manager [-] Deleting neutron.port object s_rally_2a1d5423_TQ7fTN0z (22a38353-be6d-44d3-8cf3-7b34e46699be)
2019-11-25 07:52:37.297 26160 RALLYDEBUG rally_openstack.cleanup.manager [-] Deleting neutron.port object s_rally_2a1d5423_WpdRnmBz (22e8c5ab-6e08-4885-b3ff-146783623d68)
2019-11-25 07:52:37.420 26160 RALLYDEBUG rally_openstack.cleanup.manager [-] Deleting neutron.port object s_rally_2a1d5423_9pbxrRcr (2366da4b-9fe3-43d2-8e78-758cfca66d3f)
2019-11-25 07:52:37.431 26160 RALLYDEBUG rally_openstack.cleanup.manager [-] Deleting neutron.port object s_rally_2a1d5423_sajzsUBP (26ae832b-75b6-4672-b25e-fbbd73ee3656)
2019-11-25 07:52:37.471 26160 RALLYDEBUG rally_openstack.cleanup.manager [-] Deleting neutron.port object s_rally_2a1d5423_EXQiSmoY (277167f2-16f2-4f5f-9e6d-89ec00c4d511)
2019-11-25 07:52:37.471 26160 RALLYDEBUG rally_openstack.cleanup.manager [-] Deleting neutron.port object s_rally_2a1d5423_ccIGjOyI (2a08ad05-1738-43c9-8a20-caaf2944a698)
2019-11-25 07:52:37.538 26160 RALLYDEBUG rally_openstack.cleanup.manager [-] Deleting neutron.port object s_rally_2a1d5423_IAH96ROP (2a477a8d-23d9-4b2a-a8bd-9e96c7c73363)
2019-11-25 07:52:37.832 26160 RALLYDEBUG rally_openstack.cleanup.manager [-] Deleting neutron.port object s_rally_2a1d5423_CNSAB6xH (2afbd848-ddad-46c1-aba0-d2433b04d233)
2019-11-25 07:52:37.851 26160 RALLYDEBUG rally_openstack.cleanup.manager [-] Deleting neutron.port object s_rally_2a1d5423_bcsnsv09 (2b62b0b7-2cb4-49d4-8103-dd938938e0df)
2019-11-25 07:52:37.912 26160 RALLYDEBUG rally_openstack.cleanup.manager [-] Deleting neutron.port object s_rally_2a1d5423_mq1UAQ2M (2ce48fff-08a4-4f44-a6a8-2b5a933774fa)
2019-11-25 07:52:37.950 26160 RALLYDEBUG rally_openstack.cleanup.manager [-] Deleting neutron.port object s_rally_2a1d5423_Y81mnVBx (2d9b8f3d-e41b-46bf-ba72-a205decd6274)
2019-11-25 07:52:38.080 26160 RALLYDEBUG rally_openstack.cleanup.manager [-] Deleting neutron.port object s_rally_2a1d5423_ciLysTEo (2db9fcf0-94d9-4352-868a-629753ee172a)
2019-11-25 07:52:38.082 26160 RALLYDEBUG rally_openstack.cleanup.manager [-] Deleting neutron.port object s_rally_2a1d5423_B5OC1zwL (2e0b33a8-ac66-42f9-a93d-23358968a382)
2019-11-25 07:52:38.150 26160 RALLYDEBUG rally_openstack.cleanup.manager [-] Deleting neutron.port object s_rally_2a1d5423_cBaJZyLG (2ef934ad-b2b2-4559-910a-53fb8d6003e6)
2019-11-25 07:52:38.164 26160 RALLYDEBUG rally_openstack.cleanup.manager [-] Deleting neutron.port object s_rally_2a1d5423_DAdOR7au (301aa3d2-b455-4a60-ac07-3972fee81a7d)
2019-11-25 07:52:38.172 26160 RALLYDEBUG rally_openstack.cleanup.manager [-] Deleting neutron.port object s_rally_2a1d5423_G791Ixcy (33caab53-a305-42eb-883d-0890a3b0367a)
2019-11-25 07:52:38.187 26160 RALLYDEBUG rally_openstack.cleanup.manager [-] Deleting neutron.port object s_rally_2a1d5423_XgipBB8M (347fd0d8-8077-4bd6-85dc-d828e99adb09)
2019-11-25 07:52:38.190 26160 RALLYDEBUG rally_openstack.cleanup.manager [-] Deleting neutron.port object s_rally_2a1d5423_nwjSWfba (35692ac8-6f1d-4cb2-800f-c5147cf671c8)
2019-11-25 07:52:38.241 26160 RALLYDEBUG rally_openstack.cleanup.manager [-] Deleting neutron.port object s_rally_2a1d5423_ZZOwFtpj (36d825d3-ec8c-4814-92a0-e35e1d0b63d5)
2019-11-25 07:52:38.283 26160 RALLYDEBUG rally_openstack.cleanup.manager [-] Deleting neutron.port object s_rally_2a1d5423_90CyoW5P (3760d374-6307-4f24-8e39-28e3a23c603e)
2019-11-25 07:52:38.948 26160 RALLYDEBUG rally_openstack.cleanup.manager [-] Deleting neutron.port object s_rally_2a1d5423_bQUVxPUK (39d06211-c0ce-4f09-a51a-8d03dc58edcf)
2019-11-25 07:52:39.137 26160 RALLYDEBUG rally_openstack.cleanup.manager [-] Deleting neutron.port object s_rally_2a1d5423_frWyfasi (3ad4dfd5-ec82-427f-b546-490b9e702f68)
2019-11-25 07:52:39.414 26160 RALLYDEBUG rally_openstack.cleanup.manager [-] Deleting neutron.port object s_rally_2a1d5423_ApOThISY (3bc13455-b090-48af-bddf-0167877ec69e)
2019-11-25 07:52:39.547 26160 RALLYDEBUG rally_openstack.cleanup.manager [-] Deleting neutron.port object s_rally_2a1d5423_U5CmxDCz (3bf01cf6-1a7c-42e0-bc49-525302083c76)
2019-11-25 07:52:39.764 26160 RALLYDEBUG rally_openstack.cleanup.manager [-] Deleting neutron.port object s_rally_2a1d5423_poRrnlLi (3cab9c10-85a3-467b-bcea-2a06c7358ae3)
2019-11-25 07:52:39.964 26160 RALLYDEBUG rally_openstack.cleanup.manager [-] Deleting neutron.port object s_rally_2a1d5423_ZJGiM8aA (40315592-d240-4efa-9acf-d9be121a8034)
2019-11-25 07:52:39.973 26160 RALLYDEBUG rally_openstack.cleanup.manager [-] Deleting neutron.port object s_rally_2a1d5423_0znFC2M2 (4187260a-71de-41d9-baf2-93f215fc40a0)
2019-11-25 07:52:39.987 26160 RALLYDEBUG rally_openstack.cleanup.manager [-] Deleting neutron.port object s_rally_2a1d5423_iCx8tyTJ (42bbc8b5-b610-460e-a508-3b80cd94f0bc)
2019-11-25 07:52:40.169 26160 RALLYDEBUG rally_openstack.cleanup.manager [-] Deleting neutron.port object s_rally_2a1d5423_wMtPifZA (4319f777-a4ef-4c34-8cec-aa2ccbc3a8e8)
2019-11-25 07:52:40.241 26160 RALLYDEBUG rally_openstack.cleanup.manager [-] Deleting neutron.port object s_rally_2a1d5423_R0QLkYYq (44dc416a-31f2-4ff5-95ab-aeb08335d4dc)
2019-11-25 07:52:40.287 26160 RALLYDEBUG rally_openstack.cleanup.manager [-] Deleting neutron.port object s_rally_2a1d5423_gR4UJbob (451a07c3-5068-496d-9074-c00255d156e3)
2019-11-25 07:52:40.341 26160 RALLYDEBUG rally_openstack.cleanup.manager [-] Deleting neutron.port object s_rally_2a1d5423_tMcsEpsl (4a573f1e-7d2d-499d-991a-5b3a68a9b0a1)
2019-11-25 07:52:40.364 26160 RALLYDEBUG rally_openstack.cleanup.manager [-] Deleting neutron.port object s_rally_2a1d5423_ZLATzbnE (4b4e2dfb-e0bd-42a6-b4fd-dd7efae76915)
2019-11-25 07:52:40.411 26160 RALLYDEBUG rally_openstack.cleanup.manager [-] Deleting neutron.port object s_rally_2a1d5423_lRVSdCVc (4bfe6cbf-dfe8-4e9a-84b2-be72dbf63c0e)
2019-11-25 07:52:40.511 26160 RALLYDEBUG rally_openstack.cleanup.manager [-] Deleting neutron.port object s_rally_2a1d5423_h3IyUop8 (4c5f51c9-03d5-4b26-8c11-d13867aafef2)
2019-11-25 07:52:40.612 26160 RALLYDEBUG rally_openstack.cleanup.manager [-] Deleting neutron.port object s_rally_2a1d5423_n7Kdoayn (4c9b9509-9c37-428c-9f05-c827661072b6)
2019-11-25 07:52:40.652 26160 RALLYDEBUG rally_openstack.cleanup.manager [-] Deleting neutron.port object s_rally_2a1d5423_KiFmCIOY (4d1d7036-b247-4817-8647-93b5ba55f864)
2019-11-25 07:52:40.950 26160 RALLYDEBUG rally_openstack.cleanup.manager [-] Deleting neutron.port object s_rally_2a1d5423_wrhBj7h6 (4fac4a71-2a6f-4a74-8e0a-f1a3de066846)
2019-11-25 07:52:40.999 26160 RALLYDEBUG rally_openstack.cleanup.manager [-] Deleting neutron.port object s_rally_2a1d5423_XZR5Fo1Q (4faf6755-a6eb-48c4-a6f9-214c9547d3fa)
2019-11-25 07:52:41.029 26160 RALLYDEBUG rally_openstack.cleanup.manager [-] Deleting neutron.port object s_rally_2a1d5423_b876MUBZ (50573999-dd85-49e6-aab3-6a4ee1a8ada6)
