2019-11-25 07:52:41.139 26160 RALLYDEBUG rally_openstack.cleanup.manager [-] Deleting neutron.port object s_rally_2a1d5423_FSL5xK0R (50eddce0-7d63-4037-9fc2-15f8f521ed67)
2019-11-25 07:52:41.148 26160 RALLYDEBUG rally_openstack.cleanup.manager [-] Deleting neutron.port object s_rally_2a1d5423_yQ2D0ywp (545094b4-54c0-4441-97d6-e62cb57774cb)
2019-11-25 07:52:41.263 26160 RALLYDEBUG rally_openstack.cleanup.manager [-] Deleting neutron.port object s_rally_2a1d5423_Uur5dJNd (547dd500-fe0f-47fc-b6be-59d23a45d5cf)
2019-11-25 07:52:41.408 26160 RALLYDEBUG rally_openstack.cleanup.manager [-] Deleting neutron.port object s_rally_2a1d5423_zNiD4BEc (5576697d-acc2-4e60-92cd-084292505376)
2019-11-25 07:52:41.591 26160 RALLYDEBUG rally_openstack.cleanup.manager [-] Deleting neutron.port object s_rally_2a1d5423_tjGKZvRh (57695878-a660-4063-8525-3e47b197ff93)
2019-11-25 07:52:41.915 26160 RALLYDEBUG rally_openstack.cleanup.manager [-] Deleting neutron.port object s_rally_2a1d5423_LBEjjzqn (57e220b6-f0e9-477d-a48a-f9db37abcaae)
2019-11-25 07:52:41.949 26160 RALLYDEBUG rally_openstack.cleanup.manager [-] Deleting neutron.port object s_rally_2a1d5423_2Nk0UOYE (5b4671fc-ebaa-4d04-a056-bce32003bc5d)
2019-11-25 07:52:42.171 26160 RALLYDEBUG rally_openstack.cleanup.manager [-] Deleting neutron.port object s_rally_2a1d5423_VVZvlWmY (5bb9383b-5e5f-48f2-b0f0-60a2ebe09681)
2019-11-25 07:52:42.413 26160 RALLYDEBUG rally_openstack.cleanup.manager [-] Deleting neutron.port object s_rally_2a1d5423_kP3K0swk (5caccb0b-032f-4e9f-8e4e-3a6750ae0014)
2019-11-25 07:52:42.428 26160 RALLYDEBUG rally_openstack.cleanup.manager [-] Deleting neutron.port object s_rally_2a1d5423_5K8TO2m1 (5cda6b97-a708-4641-bbe0-1229bb60624e)
2019-11-25 07:52:42.446 26160 RALLYDEBUG rally_openstack.cleanup.manager [-] Deleting neutron.port object s_rally_2a1d5423_k46LSSij (5d526455-eae6-4908-8247-b7bcf15798d7)
2019-11-25 07:52:42.531 26160 RALLYDEBUG rally_openstack.cleanup.manager [-] Deleting neutron.port object s_rally_2a1d5423_PWdhXGZK (5edab2f4-ec65-47bc-8965-1bda0bbfc785)
2019-11-25 07:52:42.573 26160 RALLYDEBUG rally_openstack.cleanup.manager [-] Deleting neutron.port object s_rally_2a1d5423_N6v84ksi (60154650-5392-45d0-9120-85afc6b875a3)
2019-11-25 07:52:42.657 26160 RALLYDEBUG rally_openstack.cleanup.manager [-] Deleting neutron.port object s_rally_2a1d5423_sy56vm8J (602e495d-95df-4b96-8348-184a4e4bd024)
2019-11-25 07:52:42.665 26160 RALLYDEBUG rally_openstack.cleanup.manager [-] Deleting neutron.port object s_rally_2a1d5423_ZQ1hoOpB (60822dcb-8f18-4356-b643-11faf296950d)
2019-11-25 07:52:42.723 26160 RALLYDEBUG rally_openstack.cleanup.manager [-] Deleting neutron.port object s_rally_2a1d5423_D9z0umSO (62501340-89eb-483d-832d-dcf7bd3f2b47)
2019-11-25 07:52:42.769 26160 RALLYDEBUG rally_openstack.cleanup.manager [-] Deleting neutron.port object s_rally_2a1d5423_CRDnsK9K (6367153d-8afd-4aca-ad10-1dd1d439ca20)
2019-11-25 07:52:42.825 26160 RALLYDEBUG rally_openstack.cleanup.manager [-] Deleting neutron.port object s_rally_2a1d5423_vVxjqnPV (636a7e33-b583-4187-8698-aacceb1ad95a)
2019-11-25 07:52:42.869 26160 RALLYDEBUG rally_openstack.cleanup.manager [-] Deleting neutron.port object s_rally_2a1d5423_pvc56K3B (6651f621-a413-4e2c-a74e-701a3c9c86ec)
2019-11-25 07:52:42.979 26160 RALLYDEBUG rally_openstack.cleanup.manager [-] Deleting neutron.port object s_rally_2a1d5423_inVZWxI3 (6679108a-d6b1-44ab-8abb-c14c314fce19)
2019-11-25 07:52:43.094 26160 RALLYDEBUG rally_openstack.cleanup.manager [-] Deleting neutron.port object s_rally_2a1d5423_V18vi0LR (66c53252-66d3-41dc-9433-edd7243132a0)
2019-11-25 07:52:43.108 26160 RALLYDEBUG rally_openstack.cleanup.manager [-] Deleting neutron.port object s_rally_2a1d5423_XeC5hijx (672a4de7-4442-4582-8905-143f399afab8)
2019-11-25 07:52:43.294 26160 RALLYDEBUG rally_openstack.cleanup.manager [-] Deleting neutron.port object s_rally_2a1d5423_FDWRjiDr (6a8f3f8c-db7d-4a3a-ae6c-3d07d758233f)
2019-11-25 07:52:43.370 26160 RALLYDEBUG rally_openstack.cleanup.manager [-] Deleting neutron.port object s_rally_2a1d5423_V6cclF7m (6a9ca434-9029-419c-9e1d-4c6c129a50c6)
2019-11-25 07:52:43.443 26160 RALLYDEBUG rally_openstack.cleanup.manager [-] Deleting neutron.port object s_rally_2a1d5423_AFf6J6kj (6c56c21b-cf6e-4e70-8915-3ad0e7e357c6)
2019-11-25 07:52:43.729 26160 RALLYDEBUG rally_openstack.cleanup.manager [-] Deleting neutron.port object s_rally_2a1d5423_eaO2Jpi7 (6c6b0849-c8e8-44f7-b914-f4c3309bfbe4)
2019-11-25 07:52:44.060 26160 RALLYDEBUG rally_openstack.cleanup.manager [-] Deleting neutron.port object s_rally_2a1d5423_CFJ59FWF (6d1aa73b-664a-416e-86ea-7841a178c4ee)
2019-11-25 07:52:44.292 26160 RALLYDEBUG rally_openstack.cleanup.manager [-] Deleting neutron.port object s_rally_2a1d5423_IxtkMIqn (6f431332-c9ab-4cee-a183-0ee095be91c9)
2019-11-25 07:52:44.443 26160 RALLYDEBUG rally_openstack.cleanup.manager [-] Deleting neutron.port object s_rally_2a1d5423_EHAZy4R4 (6f6a2903-7491-4658-8a9d-1916ac60a897)
2019-11-25 07:52:44.666 26160 RALLYDEBUG rally_openstack.cleanup.manager [-] Deleting neutron.port object s_rally_2a1d5423_X1e47dyH (70bdf7f0-425a-4929-aa86-be412cbbefb5)
2019-11-25 07:52:44.682 26160 RALLYDEBUG rally_openstack.cleanup.manager [-] Deleting neutron.port object s_rally_2a1d5423_jTSfjYgh (711efe53-afd7-488f-af8f-9cb266dbd99c)
2019-11-25 07:52:44.758 26160 RALLYDEBUG rally_openstack.cleanup.manager [-] Deleting neutron.port object s_rally_2a1d5423_cI0QIzlh (733685a0-646f-4e8e-9a07-01140a9ecb41)
2019-11-25 07:52:44.886 26160 RALLYDEBUG rally_openstack.cleanup.manager [-] Deleting neutron.port object s_rally_2a1d5423_cL8K3dmT (73a625ca-f1b3-4441-8221-69dac2ddd28e)
2019-11-25 07:52:44.930 26160 RALLYDEBUG rally_openstack.cleanup.manager [-] Deleting neutron.port object s_rally_2a1d5423_daJueOQ0 (73b19098-21c4-445c-b0e9-57256ed2eb8c)
2019-11-25 07:52:45.020 26160 RALLYDEBUG rally_openstack.cleanup.manager [-] Deleting neutron.port object s_rally_2a1d5423_Ov7CLikT (748495f5-f7ee-4af3-96bd-5a6e5a2c7d35)
2019-11-25 07:52:45.033 26160 RALLYDEBUG rally_openstack.cleanup.manager [-] Deleting neutron.port object s_rally_2a1d5423_ckDRbRQG (7735dc2f-4200-4840-beb0-1e92585d8781)
2019-11-25 07:52:45.053 26160 RALLYDEBUG rally_openstack.cleanup.manager [-] Deleting neutron.port object s_rally_2a1d5423_mWDrU2sX (78c16ddc-07ae-47b3-a55f-b1f87e2c00e4)
2019-11-25 07:52:45.071 26160 RALLYDEBUG rally_openstack.cleanup.manager [-] Deleting neutron.port object s_rally_2a1d5423_T0zbmP1d (7a3ed357-7966-43c3-9327-4c393db7de00)
2019-11-25 07:52:45.154 26160 RALLYDEBUG rally_openstack.cleanup.manager [-] Deleting neutron.port object s_rally_2a1d5423_sUoMgwD9 (7b413f78-fcb8-441a-91b7-1fe3b05f4e09)
2019-11-25 07:52:45.216 26160 RALLYDEBUG rally_openstack.cleanup.manager [-] Deleting neutron.port object s_rally_2a1d5423_HJ2QETVA (7c8a219a-4ca3-41b1-9d01-2e72d19cea93)
2019-11-25 07:52:45.369 26160 RALLYDEBUG rally_openstack.cleanup.manager [-] Deleting neutron.port object s_rally_2a1d5423_2xiNGqT7 (7f3edc92-96cb-4a88-a211-10b2bcc5f528)
2019-11-25 07:52:45.495 26160 RALLYDEBUG rally_openstack.cleanup.manager [-] Deleting neutron.port object s_rally_2a1d5423_kZMqo59E (80b6f4ec-e82c-424a-afa7-5ae4b77be769)
2019-11-25 07:52:45.495 26160 RALLYDEBUG rally_openstack.cleanup.manager [-] Deleting neutron.port object s_rally_2a1d5423_15QpObmj (803e9f1f-50a9-4b5c-9a92-37dd072a6684)
2019-11-25 07:52:45.548 26160 RALLYDEBUG rally_openstack.cleanup.manager [-] Deleting neutron.port object s_rally_2a1d5423_gOIzXDl1 (824438e2-e022-46a1-9f56-f336a25230f3)
2019-11-25 07:52:45.658 26160 RALLYDEBUG rally_openstack.cleanup.manager [-] Deleting neutron.port object s_rally_2a1d5423_MYIn08Gu (852933df-3db1-40fc-9b17-114b0046bc1d)
2019-11-25 07:52:45.775 26160 RALLYDEBUG rally_openstack.cleanup.manager [-] Deleting neutron.port object s_rally_2a1d5423_GqfwpCF9 (8655ae9d-4fca-4b39-a79f-b79d24cdab8f)
2019-11-25 07:52:45.844 26160 RALLYDEBUG rally_openstack.cleanup.manager [-] Deleting neutron.port object s_rally_2a1d5423_6ZDQiGHT (877da8ef-596c-4629-a309-40792aa0abcb)
2019-11-25 07:52:46.110 26160 RALLYDEBUG rally_openstack.cleanup.manager [-] Deleting neutron.port object s_rally_2a1d5423_D5sRHCPT (892e38f8-badd-4ad7-b2f4-0c50235e4d8b)
2019-11-25 07:52:46.300 26160 RALLYDEBUG rally_openstack.cleanup.manager [-] Deleting neutron.port object s_rally_2a1d5423_JzZxxPX0 (8fdff57f-a4b5-4bbb-af98-110dd2dfd77b)
2019-11-25 07:52:46.572 26160 RALLYDEBUG rally_openstack.cleanup.manager [-] Deleting neutron.port object s_rally_2a1d5423_AmjMN9k6 (90c7dceb-9c32-4259-afc7-2ae2347966dd)
2019-11-25 07:52:46.970 26160 RALLYDEBUG rally_openstack.cleanup.manager [-] Deleting neutron.port object s_rally_2a1d5423_YQRfDKJk (962454ba-3129-4d98-96a3-16aa30e83014)
2019-11-25 07:52:47.158 26160 RALLYDEBUG rally_openstack.cleanup.manager [-] Deleting neutron.port object s_rally_2a1d5423_AjBbvmgT (96c9da79-a284-4757-9b3e-a8eef2dca15b)
2019-11-25 07:52:47.185 26160 RALLYDEBUG rally_openstack.cleanup.manager [-] Deleting neutron.port object s_rally_2a1d5423_TTP5OKQF (99736cb2-48cf-4df5-aeba-c5e417278fe0)
2019-11-25 07:52:47.233 26160 RALLYDEBUG rally_openstack.cleanup.manager [-] Deleting neutron.port object s_rally_2a1d5423_iOGGky5O (99e817d6-f0a3-4e8c-8279-5bc58024aeef)
2019-11-25 07:52:47.287 26160 RALLYDEBUG rally_openstack.cleanup.manager [-] Deleting neutron.port object s_rally_2a1d5423_OkjGW3S0 (9d1f5342-7e6c-4a91-a890-4c21692379b1)
2019-11-25 07:52:47.389 26160 RALLYDEBUG rally_openstack.cleanup.manager [-] Deleting neutron.port object s_rally_2a1d5423_trnDmpC7 (9e5a8fe7-8927-4e45-9120-c40357d7a020)
2019-11-25 07:52:47.599 26160 RALLYDEBUG rally_openstack.cleanup.manager [-] Deleting neutron.port object s_rally_2a1d5423_AXVrsBOX (9fba1ae6-7b87-4360-a181-f38b02006e68)
2019-11-25 07:52:47.748 26160 RALLYDEBUG rally_openstack.cleanup.manager [-] Deleting neutron.port object s_rally_2a1d5423_YlxIdPGC (a1259053-07b5-488d-adee-7b02bcc00231)
2019-11-25 07:52:47.766 26160 RALLYDEBUG rally_openstack.cleanup.manager [-] Deleting neutron.port object s_rally_2a1d5423_jfi5u6qJ (a17193db-6aac-498a-bb24-89656ff000be)
2019-11-25 07:52:47.823 26160 RALLYDEBUG rally_openstack.cleanup.manager [-] Deleting neutron.port object s_rally_2a1d5423_fgyWZV76 (a214909d-3b8b-4e89-a02a-903260902ec5)
2019-11-25 07:52:47.884 26160 RALLYDEBUG rally_openstack.cleanup.manager [-] Deleting neutron.port object s_rally_2a1d5423_4TVxfxwb (a60dd872-b815-4f08-8036-a35d5c049f25)
2019-11-25 07:52:47.929 26160 RALLYDEBUG rally_openstack.cleanup.manager [-] Deleting neutron.port object s_rally_2a1d5423_IChbLJND (a62bb7c5-5f18-4dc9-9e43-5af27c45e5fc)
2019-11-25 07:52:47.972 26160 RALLYDEBUG rally_openstack.cleanup.manager [-] Deleting neutron.port object s_rally_2a1d5423_tFiPhuUU (a6d4a2c7-0edf-47da-a289-0f4d79fc85b1)
2019-11-25 07:52:48.006 26160 RALLYDEBUG rally_openstack.cleanup.manager [-] Deleting neutron.port object s_rally_2a1d5423_mYcwBA80 (a7561155-c5bb-4a77-a3cb-67d27c68b90e)
2019-11-25 07:52:48.023 26160 RALLYDEBUG rally_openstack.cleanup.manager [-] Deleting neutron.port object s_rally_2a1d5423_6rZA7Mki (a82961b1-6c2e-46be-9599-58ca3cda90b8)
2019-11-25 07:52:48.188 26160 RALLYDEBUG rally_openstack.cleanup.manager [-] Deleting neutron.port object s_rally_2a1d5423_Gxk9Nm67 (aa384e84-2837-4352-a93f-5c3832fef22e)
2019-11-25 07:52:48.242 26160 RALLYDEBUG rally_openstack.cleanup.manager [-] Deleting neutron.port object s_rally_2a1d5423_4NshrAQD (accb3943-91fe-487c-844b-3edcc3ebb1f3)
2019-11-25 07:52:48.439 26160 RALLYDEBUG rally_openstack.cleanup.manager [-] Deleting neutron.port object s_rally_2a1d5423_VVEsuHRC (ad70d544-1291-41e6-8f7b-b9cc2f974cba)
2019-11-25 07:52:48.524 26160 RALLYDEBUG rally_openstack.cleanup.manager [-] Deleting neutron.port object s_rally_2a1d5423_IeichvBw (add33a54-c4ee-466e-b6ac-c32f7cbeddf7)
2019-11-25 07:52:48.647 26160 RALLYDEBUG rally_openstack.cleanup.manager [-] Deleting neutron.port object s_rally_2a1d5423_UVklRg3H (addf147b-7faa-4097-9d8d-ab8c071ca6d8)
2019-11-25 07:52:48.896 26160 RALLYDEBUG rally_openstack.cleanup.manager [-] Deleting neutron.port object s_rally_2a1d5423_zUifu3V0 (adf1f7e8-caf7-42db-9c92-07cb4ff6179f)
2019-11-25 07:52:49.021 26160 RALLYDEBUG rally_openstack.cleanup.manager [-] Deleting neutron.port object s_rally_2a1d5423_aeTVba8Q (ae3d5968-0e8a-49fc-80ba-f74d972234a4)
2019-11-25 07:52:49.089 26160 RALLYDEBUG rally_openstack.cleanup.manager [-] Deleting neutron.port object s_rally_2a1d5423_bmZm6gg9 (b39005fb-a699-44a0-b5c7-19cf01415fc2)
2019-11-25 07:52:49.105 26160 RALLYDEBUG rally_openstack.cleanup.manager [-] Deleting neutron.port object s_rally_2a1d5423_ci4g2EKP (b4a017d2-1a58-46de-a938-215cdbe6f670)
2019-11-25 07:52:49.478 26160 RALLYDEBUG rally_openstack.cleanup.manager [-] Deleting neutron.port object s_rally_2a1d5423_8m1DhWhd (b93d96bf-266d-4ed6-8579-1ce043f757f2)
2019-11-25 07:52:49.516 26160 RALLYDEBUG rally_openstack.cleanup.manager [-] Deleting neutron.port object s_rally_2a1d5423_0l2geEYw (b9603ccb-9710-4e07-ba6b-bfbd0b023606)
2019-11-25 07:52:49.594 26160 RALLYDEBUG rally_openstack.cleanup.manager [-] Deleting neutron.port object s_rally_2a1d5423_uL50wUVF (b9d75350-4764-4fff-a23d-69865ef10b7e)
2019-11-25 07:52:49.730 26160 RALLYDEBUG rally_openstack.cleanup.manager [-] Deleting neutron.port object s_rally_2a1d5423_ZQ1o2RE1 (b9eb9860-89db-4332-9033-2fa1158e8c0f)
2019-11-25 07:52:49.844 26160 RALLYDEBUG rally_openstack.cleanup.manager [-] Deleting neutron.port object s_rally_2a1d5423_6mEKhkS9 (bb15c297-cc63-40e9-8b81-2a04e0bfc36a)
2019-11-25 07:52:49.880 26160 RALLYDEBUG rally_openstack.cleanup.manager [-] Deleting neutron.port object s_rally_2a1d5423_9Jq1DtZx (bc4d8f1c-fd4c-4d29-a637-0af1c26a7364)
2019-11-25 07:52:49.909 26160 RALLYDEBUG rally_openstack.cleanup.manager [-] Deleting neutron.port object s_rally_2a1d5423_gyoaYCBa (bd17ef6d-d1b0-4362-9921-8b9f1ab0834a)
2019-11-25 07:52:49.916 26160 RALLYDEBUG rally_openstack.cleanup.manager [-] Deleting neutron.port object s_rally_2a1d5423_I80p7MmF (bdcbb703-dd67-4eb2-82de-86dd35d1cb78)
2019-11-25 07:52:49.927 26160 RALLYDEBUG rally_openstack.cleanup.manager [-] Deleting neutron.port object s_rally_2a1d5423_TcKT3XN0 (bdf22a12-823c-4b9c-9b4d-9cd2199fb039)
2019-11-25 07:52:50.081 26160 RALLYDEBUG rally_openstack.cleanup.manager [-] Deleting neutron.port object s_rally_2a1d5423_69pXNI60 (bfc4f915-cc46-4010-8740-c7e302fdc079)
2019-11-25 07:52:50.141 26160 RALLYDEBUG rally_openstack.cleanup.manager [-] Deleting neutron.port object s_rally_2a1d5423_OaJYSmjc (c07752b2-ed37-4f96-9a4f-34b688c4884d)
2019-11-25 07:52:50.151 26160 RALLYDEBUG rally_openstack.cleanup.manager [-] Deleting neutron.port object s_rally_2a1d5423_87gAvUWz (c0c27676-ea7d-4cc9-bb28-fba2b5604f2a)
2019-11-25 07:52:50.377 26160 RALLYDEBUG rally_openstack.cleanup.manager [-] Deleting neutron.port object s_rally_2a1d5423_BhOtBYE9 (c257c976-9132-4b38-98b3-2445a7c94ef5)
2019-11-25 07:52:50.405 26160 RALLYDEBUG rally_openstack.cleanup.manager [-] Deleting neutron.port object s_rally_2a1d5423_0tTYyZbQ (c26c9eb9-12d2-4c53-bd75-cd4f68ff8e08)
2019-11-25 07:52:50.573 26160 RALLYDEBUG rally_openstack.cleanup.manager [-] Deleting neutron.port object s_rally_2a1d5423_ywWypCKR (c8b78209-1667-4fd0-a217-b5f500e8fdf2)
2019-11-25 07:52:50.589 26160 RALLYDEBUG rally_openstack.cleanup.manager [-] Deleting neutron.port object s_rally_2a1d5423_OZGJKU2z (c8fb8459-9ec2-4e37-ae15-d4842ad19f9c)
2019-11-25 07:52:50.857 26160 RALLYDEBUG rally_openstack.cleanup.manager [-] Deleting neutron.port object s_rally_2a1d5423_EgvGqd4x (c97a2f8a-2a27-4c45-b131-31a55c32c9fb)
2019-11-25 07:52:50.895 26160 RALLYDEBUG rally_openstack.cleanup.manager [-] Deleting neutron.port object s_rally_2a1d5423_4h0IgXNZ (cb32e983-cb3e-45f2-b405-63900b20f136)
2019-11-25 07:52:50.898 26160 RALLYDEBUG rally_openstack.cleanup.manager [-] Deleting neutron.port object s_rally_2a1d5423_IiJXLPL4 (cbb2503b-e337-4355-a7fc-f6f089f299dd)
2019-11-25 07:52:51.177 26160 RALLYDEBUG rally_openstack.cleanup.manager [-] Deleting neutron.port object s_rally_2a1d5423_bxIubBwP (cc9956de-f53d-4c3d-b9b4-90d2e73365f9)
2019-11-25 07:52:51.364 26160 RALLYDEBUG rally_openstack.cleanup.manager [-] Deleting neutron.port object s_rally_2a1d5423_P6poYPD0 (cca18207-e45c-430b-9df7-346c6112b96b)
2019-11-25 07:52:51.518 26160 RALLYDEBUG rally_openstack.cleanup.manager [-] Deleting neutron.port object s_rally_2a1d5423_Nkt5pYLN (ccc4c926-3249-4f14-bad6-820f232a9a08)
2019-11-25 07:52:51.737 26160 RALLYDEBUG rally_openstack.cleanup.manager [-] Deleting neutron.port object s_rally_2a1d5423_aSf2wWVk (cd6d46b4-1d72-43c7-9599-165b17394500)
2019-11-25 07:52:51.823 26160 RALLYDEBUG rally_openstack.cleanup.manager [-] Deleting neutron.port object s_rally_2a1d5423_iaFGcCbC (cd737939-d7c5-4f7b-aa19-fd695b0c238a)
2019-11-25 07:52:51.986 26160 RALLYDEBUG rally_openstack.cleanup.manager [-] Deleting neutron.port object s_rally_2a1d5423_mymbJmyw (ceb325d0-f29a-48ac-aa78-b7d8897f7084)
2019-11-25 07:52:52.074 26160 RALLYDEBUG rally_openstack.cleanup.manager [-] Deleting neutron.port object s_rally_2a1d5423_Z5fOem11 (cfd0e4de-1aad-4699-83b2-493b49137e90)
2019-11-25 07:52:52.170 26160 RALLYDEBUG rally_openstack.cleanup.manager [-] Deleting neutron.port object s_rally_2a1d5423_P9SwIx6z (d11649c0-8948-4b91-946d-9bbd973455af)
2019-11-25 07:52:52.395 26160 RALLYDEBUG rally_openstack.cleanup.manager [-] Deleting neutron.port object s_rally_2a1d5423_XHslEQWE (d4b97980-ced4-4ba5-a0bb-b60834090fbd)
2019-11-25 07:52:52.537 26160 RALLYDEBUG rally_openstack.cleanup.manager [-] Deleting neutron.port object s_rally_2a1d5423_gHgD25jS (d4fb7fdc-d556-4001-90c4-474ad4c1a3ff)
2019-11-25 07:52:52.546 26160 RALLYDEBUG rally_openstack.cleanup.manager [-] Deleting neutron.port object s_rally_2a1d5423_JWTMdsKN (d5ee7058-cb70-498e-ba40-b7560a4177f4)
2019-11-25 07:52:52.616 26160 RALLYDEBUG rally_openstack.cleanup.manager [-] Deleting neutron.port object s_rally_2a1d5423_KVYXfIiN (d8f90929-be20-4e25-a0c8-fdfb3b14a38c)
2019-11-25 07:52:52.694 26160 RALLYDEBUG rally_openstack.cleanup.manager [-] Deleting neutron.port object s_rally_2a1d5423_utGWVZPt (d93b156f-5b4a-442c-901e-c9863099c75c)
2019-11-25 07:52:52.695 26160 RALLYDEBUG rally_openstack.cleanup.manager [-] Deleting neutron.port object s_rally_2a1d5423_vc2RLEcy (d95647c6-0989-4ef7-b965-81dc99ce9c70)
2019-11-25 07:52:52.757 26160 RALLYDEBUG rally_openstack.cleanup.manager [-] Deleting neutron.port object s_rally_2a1d5423_QAWIi8KE (dbbf952a-a678-4655-9f8d-1290458aa3e7)
2019-11-25 07:52:52.800 26160 RALLYDEBUG rally_openstack.cleanup.manager [-] Deleting neutron.port object s_rally_2a1d5423_Trrc8zes (ddcff06b-3be4-4fe2-b461-08c37ae5d038)
2019-11-25 07:52:53.003 26160 RALLYDEBUG rally_openstack.cleanup.manager [-] Deleting neutron.port object s_rally_2a1d5423_mWfmF0wj (e116e693-90f3-473c-8c2b-0dd90d04014c)
2019-11-25 07:52:53.035 26160 RALLYDEBUG rally_openstack.cleanup.manager [-] Deleting neutron.port object s_rally_2a1d5423_tGiM4Evm (e14ae77e-db79-48e3-9711-8a9ca6646111)
2019-11-25 07:52:53.109 26160 RALLYDEBUG rally_openstack.cleanup.manager [-] Deleting neutron.port object s_rally_2a1d5423_tGEICEvT (e2612b39-1c4f-4b6a-9177-db4d6609b526)
2019-11-25 07:52:53.158 26160 RALLYDEBUG rally_openstack.cleanup.manager [-] Deleting neutron.port object s_rally_2a1d5423_IDKf5MkD (e2a93ec7-03e3-48c9-b6eb-0ecd40ab722e)
2019-11-25 07:52:53.298 26160 RALLYDEBUG rally_openstack.cleanup.manager [-] Deleting neutron.port object s_rally_2a1d5423_zIb9Cjjr (e2caef04-a107-4e44-bc21-08170b82045d)
2019-11-25 07:52:53.359 26160 RALLYDEBUG rally_openstack.cleanup.manager [-] Deleting neutron.port object s_rally_2a1d5423_P1tbWpXG (e32d5fac-64cf-4eb1-87aa-2175bd163986)
2019-11-25 07:52:53.388 26160 RALLYDEBUG rally_openstack.cleanup.manager [-] Deleting neutron.port object s_rally_2a1d5423_Hqez6oxG (e3b305b7-2fc2-44fb-9564-5a6a98e6ab82)
2019-11-25 07:52:53.681 26160 RALLYDEBUG rally_openstack.cleanup.manager [-] Deleting neutron.port object s_rally_2a1d5423_R4OoPvS4 (e3ff234d-0aa3-437a-a611-242c70d87ecb)
2019-11-25 07:52:53.773 26160 RALLYDEBUG rally_openstack.cleanup.manager [-] Deleting neutron.port object s_rally_2a1d5423_zIEuTT5i (e480a3ba-7e72-4281-ba52-643caa840dbe)
2019-11-25 07:52:54.029 26160 RALLYDEBUG rally_openstack.cleanup.manager [-] Deleting neutron.port object s_rally_2a1d5423_LhIlrqI7 (e669f675-23c4-41f7-8368-234de91d2af3)
2019-11-25 07:52:54.060 26160 RALLYDEBUG rally_openstack.cleanup.manager [-] Deleting neutron.port object s_rally_2a1d5423_rKawRC4g (e7d8f80e-9fc8-429a-b383-10b55445bb19)
2019-11-25 07:52:54.194 26160 RALLYDEBUG rally_openstack.cleanup.manager [-] Deleting neutron.port object s_rally_2a1d5423_kEmhl9jl (e8ddbde0-6ab3-4ed4-9f46-e23f9eb6728e)
2019-11-25 07:52:54.365 26160 RALLYDEBUG rally_openstack.cleanup.manager [-] Deleting neutron.port object s_rally_2a1d5423_TLlSEpf7 (e947d740-b6aa-4f46-8d19-076b277866bf)
2019-11-25 07:52:54.575 26160 RALLYDEBUG rally_openstack.cleanup.manager [-] Deleting neutron.port object s_rally_2a1d5423_qZzyU3Fo (e9f0e90f-9500-4bac-937a-f5186593a41c)
2019-11-25 07:52:54.651 26160 RALLYDEBUG rally_openstack.cleanup.manager [-] Deleting neutron.port object s_rally_2a1d5423_FzElOnpi (eec37008-c47d-4fd7-8ff1-a2b33739d399)
2019-11-25 07:52:54.672 26160 RALLYDEBUG rally_openstack.cleanup.manager [-] Deleting neutron.port object s_rally_2a1d5423_kMaWszGI (ef86ecc5-abac-435a-940b-dd1f2bc44e7b)
2019-11-25 07:52:54.847 26160 RALLYDEBUG rally_openstack.cleanup.manager [-] Deleting neutron.port object s_rally_2a1d5423_4bMAvaE4 (ef9f880d-ad32-409b-8fa1-955cc19dae2b)
2019-11-25 07:52:54.911 26160 RALLYDEBUG rally_openstack.cleanup.manager [-] Deleting neutron.port object s_rally_2a1d5423_AJ4eHjM8 (f0a4c11c-971a-402c-a332-0a1481b1fdc9)
2019-11-25 07:52:55.057 26160 RALLYDEBUG rally_openstack.cleanup.manager [-] Deleting neutron.port object s_rally_2a1d5423_PxHk44mh (f1f076cd-6df0-4373-b06a-175dfbe71a6f)
2019-11-25 07:52:55.072 26160 RALLYDEBUG rally_openstack.cleanup.manager [-] Deleting neutron.port object s_rally_2a1d5423_73ia7oFr (f3bb9578-e71c-4b5f-9618-053ef3442daa)
2019-11-25 07:52:55.218 26160 RALLYDEBUG rally_openstack.cleanup.manager [-] Deleting neutron.port object s_rally_2a1d5423_AFbGCRow (f46f2303-230e-42c8-905f-5699ece0384c)
2019-11-25 07:52:55.231 26160 RALLYDEBUG rally_openstack.cleanup.manager [-] Deleting neutron.port object s_rally_2a1d5423_9BgZ45kV (f47c14a2-59d5-4b54-8751-d189fd59dd02)
2019-11-25 07:52:55.270 26160 RALLYDEBUG rally_openstack.cleanup.manager [-] Deleting neutron.port object s_rally_2a1d5423_a7e5HwBf (f48889c1-8947-4666-ac5b-fefcd4206b37)
2019-11-25 07:52:55.418 26160 RALLYDEBUG rally_openstack.cleanup.manager [-] Deleting neutron.port object s_rally_2a1d5423_mwie2SWI (f6147bf6-4b27-4e0c-948f-0d9fc64f3c6a)
2019-11-25 07:52:55.436 26160 RALLYDEBUG rally_openstack.cleanup.manager [-] Deleting neutron.port object s_rally_2a1d5423_4yIp8xUu (f6a6b60b-d880-4214-bf52-61421451df32)
2019-11-25 07:52:55.525 26160 RALLYDEBUG rally_openstack.cleanup.manager [-] Deleting neutron.port object s_rally_2a1d5423_HA704k7b (f8262846-4671-4a19-9602-30f6b4dae947)
2019-11-25 07:52:55.553 26160 RALLYDEBUG rally_openstack.cleanup.manager [-] Deleting neutron.port object s_rally_2a1d5423_bwmvJuS9 (f87ce3b1-a8cc-4d39-8df4-7d08c27913ae)
2019-11-25 07:52:55.589 26160 RALLYDEBUG rally_openstack.cleanup.manager [-] Deleting neutron.port object s_rally_2a1d5423_q4QOVsGl (f8ddf2b0-ecf1-4d20-8684-b4b977f251f1)
2019-11-25 07:52:55.800 26160 RALLYDEBUG rally_openstack.cleanup.manager [-] Deleting neutron.port object s_rally_2a1d5423_wLUk7VtH (fc028e4b-25ea-4ac8-8b85-ae9ee05aaead)
2019-11-25 07:52:55.838 26160 RALLYDEBUG rally_openstack.cleanup.manager [-] Deleting neutron.port object s_rally_2a1d5423_5caGPJoZ (fdff9d72-77e0-4fe4-8a32-f8aa86652e50)
2019-11-25 07:52:55.878 26160 RALLYDEBUG rally_openstack.cleanup.manager [-] Deleting neutron.port object s_rally_2a1d5423_pyLW4aLe (ff9291cf-89f9-4f52-9ebb-cffc811ea9bf)
2019-11-25 07:52:58.005 26160 RALLYDEBUG rally_openstack.cleanup.manager [-] Cleaning up neutron subnet objects
2019-11-25 07:52:58.726 26160 RALLYDEBUG rally_openstack.cleanup.manager [-] Cleaning up neutron network objects
2019-11-25 07:52:59.264 26160 RALLYDEBUG rally_openstack.cleanup.manager [-] Deleting neutron.network object s_rally_2a1d5423_ycuiKFsr (0a68bc27-74b7-413a-ba0a-2e8c214fb637)
2019-11-25 07:52:59.282 26160 RALLYDEBUG rally_openstack.cleanup.manager [-] Deleting neutron.network object s_rally_2a1d5423_AAHUyQ4A (0b439cb5-3031-4763-94da-032e6fb973de)
2019-11-25 07:52:59.283 26160 RALLYDEBUG rally_openstack.cleanup.manager [-] Deleting neutron.network object s_rally_2a1d5423_eczXb6FQ (1f12254a-39a0-47a5-8932-23c63634b078)
2019-11-25 07:52:59.286 26160 RALLYDEBUG rally_openstack.cleanup.manager [-] Deleting neutron.network object s_rally_2a1d5423_CDBNrUQl (20a89578-b565-42e7-9a63-a1e80b103bb3)
2019-11-25 07:52:59.301 26160 RALLYDEBUG rally_openstack.cleanup.manager [-] Deleting neutron.network object s_rally_2a1d5423_GMOlWXVb (2351f091-4b12-4eb0-a509-355f8be3b77e)
2019-11-25 07:52:59.305 26160 RALLYDEBUG rally_openstack.cleanup.manager [-] Deleting neutron.network object s_rally_2a1d5423_xi7QV8pB (23e70f14-1def-4964-83d0-f53a6f1a8d69)
2019-11-25 07:52:59.313 26160 RALLYDEBUG rally_openstack.cleanup.manager [-] Deleting neutron.network object s_rally_2a1d5423_Nib9Kp87 (3d6e4bf4-c161-41b6-8937-25014f7fe2ec)
2019-11-25 07:52:59.320 26160 RALLYDEBUG rally_openstack.cleanup.manager [-] Deleting neutron.network object s_rally_2a1d5423_iG4xmJpQ (3da43ffe-0c57-4559-b5d0-b34cce7598a6)
2019-11-25 07:52:59.350 26160 RALLYDEBUG rally_openstack.cleanup.manager [-] Deleting neutron.network object s_rally_2a1d5423_ngJKB2UI (44666a9f-aa74-4b27-9910-15b359051b41)
2019-11-25 07:52:59.375 26160 RALLYDEBUG rally_openstack.cleanup.manager [-] Deleting neutron.network object s_rally_2a1d5423_bXu0G2Eh (68dcbf69-6b74-4721-ac78-8bfbf914c158)
2019-11-25 07:52:59.377 26160 RALLYDEBUG rally_openstack.cleanup.manager [-] Deleting neutron.network object s_rally_2a1d5423_im0LkKd8 (64401c88-838c-4b58-8deb-428cebf4250d)
2019-11-25 07:52:59.398 26160 RALLYDEBUG rally_openstack.cleanup.manager [-] Deleting neutron.network object s_rally_2a1d5423_J61dNGKa (43e58a9a-b3c2-4326-b697-d6a0d3d82b13)
2019-11-25 07:52:59.405 26160 RALLYDEBUG rally_openstack.cleanup.manager [-] Deleting neutron.network object s_rally_2a1d5423_yGWKioSE (66cb9464-f33e-49ba-a8af-ac42abc58fbf)
2019-11-25 07:52:59.450 26160 RALLYDEBUG rally_openstack.cleanup.manager [-] Deleting neutron.network object s_rally_2a1d5423_FAq02fbp (6a6fb7f3-82a3-4aa0-bc2b-d3c0f2602411)
2019-11-25 07:52:59.451 26160 RALLYDEBUG rally_openstack.cleanup.manager [-] Deleting neutron.network object s_rally_2a1d5423_UWPOnUeA (7054a9db-9788-45b2-b673-3dab1d0100b0)
2019-11-25 07:52:59.466 26160 RALLYDEBUG rally_openstack.cleanup.manager [-] Deleting neutron.network object s_rally_2a1d5423_OkAr8WH5 (72706964-0364-4fc5-8eae-dd26f565f8ad)
2019-11-25 07:52:59.494 26160 RALLYDEBUG rally_openstack.cleanup.manager [-] Deleting neutron.network object s_rally_2a1d5423_fG61krrg (8233d8af-b0b0-4990-a55d-f0ee1cd285d6)
2019-11-25 07:52:59.509 26160 RALLYDEBUG rally_openstack.cleanup.manager [-] Deleting neutron.network object s_rally_2a1d5423_fTTs3ySj (7e6fb021-d58c-4fc6-adaa-96cd71723f38)
2019-11-25 07:52:59.559 26160 RALLYDEBUG rally_openstack.cleanup.manager [-] Deleting neutron.network object s_rally_2a1d5423_ZQDLHVO7 (838d01c4-dd8b-42ff-aaf4-486c8e4ecdee)
2019-11-25 07:52:59.569 26160 RALLYDEBUG rally_openstack.cleanup.manager [-] Deleting neutron.network object s_rally_2a1d5423_VXUKecg5 (854b06b1-cd30-45c6-b66a-81ce848a626e)
2019-11-25 07:53:01.625 26160 RALLYDEBUG rally_openstack.cleanup.manager [-] Deleting neutron.network object s_rally_2a1d5423_CAyC0QDE (8ba668ca-1dcf-49ad-9991-3fc1a24692c6)
2019-11-25 07:53:01.644 26160 RALLYDEBUG rally_openstack.cleanup.manager [-] Deleting neutron.network object s_rally_2a1d5423_NMQ8cjb1 (8cdd5f69-be1d-4195-a7c1-6c08796d0b0a)
2019-11-25 07:53:01.839 26160 RALLYDEBUG rally_openstack.cleanup.manager [-] Deleting neutron.network object s_rally_2a1d5423_ZhbAHC6s (8dc23ee7-7106-4894-b415-15c5f36564e2)
2019-11-25 07:53:02.179 26160 RALLYDEBUG rally_openstack.cleanup.manager [-] Deleting neutron.network object s_rally_2a1d5423_Xigkvaq9 (8ed7104c-3883-41c7-aa82-1cff5577813e)
2019-11-25 07:53:02.258 26160 RALLYDEBUG rally_openstack.cleanup.manager [-] Deleting neutron.network object s_rally_2a1d5423_fh5ItCIW (91bcbd99-86fe-4f49-bb29-11450082b4be)
2019-11-25 07:53:02.275 26160 RALLYDEBUG rally_openstack.cleanup.manager [-] Deleting neutron.network object s_rally_2a1d5423_yfonr7mg (93cc9c58-e057-4e88-aefb-8b0fca853c78)
2019-11-25 07:53:02.343 26160 RALLYDEBUG rally_openstack.cleanup.manager [-] Deleting neutron.network object s_rally_2a1d5423_BtGTqdg9 (9515633e-466a-4da3-a7ba-7cc190d7975c)
2019-11-25 07:53:02.384 26160 RALLYDEBUG rally_openstack.cleanup.manager [-] Deleting neutron.network object s_rally_2a1d5423_WiAhpfA6 (9a83e1f2-68f2-41e7-b0fd-54c5604d2ce4)
2019-11-25 07:53:02.394 26160 RALLYDEBUG rally_openstack.cleanup.manager [-] Deleting neutron.network object s_rally_2a1d5423_NuHcxkH9 (adaa11ee-669f-42a3-884d-e95619487129)
2019-11-25 07:53:02.415 26160 RALLYDEBUG rally_openstack.cleanup.manager [-] Deleting neutron.network object s_rally_2a1d5423_v7h3qRwR (b1e7aeca-7cdd-44f6-9fbf-b0e247ad1f6d)
2019-11-25 07:53:02.571 26160 RALLYDEBUG rally_openstack.cleanup.manager [-] Deleting neutron.network object s_rally_2a1d5423_Db8MNfbF (b36855f3-71da-4790-af6d-8aa3cd5c9ae4)
2019-11-25 07:53:02.662 26160 RALLYDEBUG rally_openstack.cleanup.manager [-] Deleting neutron.network object s_rally_2a1d5423_HNMVt7QP (b719dd39-aafe-464f-a3a8-01e6d4f27b2c)
2019-11-25 07:53:02.686 26160 RALLYDEBUG rally_openstack.cleanup.manager [-] Deleting neutron.network object s_rally_2a1d5423_gjZP0mVp (b79f0794-cdf3-4243-a617-8a6464d48e0c)
2019-11-25 07:53:02.711 26160 RALLYDEBUG rally_openstack.cleanup.manager [-] Deleting neutron.network object s_rally_2a1d5423_dmQ5GdFz (c7878134-0c8a-4a54-98f8-09829a0c263a)
2019-11-25 07:53:02.813 26160 RALLYDEBUG rally_openstack.cleanup.manager [-] Deleting neutron.network object s_rally_2a1d5423_OKKOUda2 (c82b8817-2757-4448-9774-8a24dd8fbc89)
2019-11-25 07:53:02.828 26160 RALLYDEBUG rally_openstack.cleanup.manager [-] Deleting neutron.network object s_rally_2a1d5423_aXxneyVB (c899da60-6536-4fa6-a726-01521b5ae48f)
2019-11-25 07:53:03.003 26160 RALLYDEBUG rally_openstack.cleanup.manager [-] Deleting neutron.network object s_rally_2a1d5423_qwiF0z1r (d80cfa9a-724c-4c1c-a2ee-8a12eb515115)
2019-11-25 07:53:03.004 26160 RALLYDEBUG rally_openstack.cleanup.manager [-] Deleting neutron.network object s_rally_2a1d5423_Bq0PIvca (e9d866c6-e1ec-45dc-acfc-369df44cdced)
2019-11-25 07:53:03.064 26160 RALLYDEBUG rally_openstack.cleanup.manager [-] Deleting neutron.network object s_rally_2a1d5423_ToxtxerU (f47019c2-ac55-47b0-941d-496a825c0474)
2019-11-25 07:53:03.089 26160 RALLYDEBUG rally_openstack.cleanup.manager [-] Deleting neutron.network object s_rally_2a1d5423_ce3lI5Hm (f6025e53-9cc6-439f-8419-1c8ae1a5a057)
2019-11-25 07:53:05.970 26160 RALLYDEBUG rally_openstack.cleanup.manager [-] Cleaning up neutron router objects
2019-11-25 07:53:06.700 26160 RALLYDEBUG rally_openstack.cleanup.manager [-] Cleaning up neutron security_group objects
2019-11-25 07:53:07.130 26160 INFO rally.task.context [-] Task 8b942cc7-0e23-4033-9c60-683248064744 | Context cleanup@openstack cleanup() finished in 35.42 sec
2019-11-25 07:53:07.131 26160 INFO rally.task.context [-] Task 8b942cc7-0e23-4033-9c60-683248064744 | Context quotas@openstack cleanup() started
2019-11-25 07:53:07.215 26160 INFO rally.task.context [-] Task 8b942cc7-0e23-4033-9c60-683248064744 | Context quotas@openstack cleanup() finished in 84.37 msec
2019-11-25 07:53:07.215 26160 INFO rally.task.context [-] Task 8b942cc7-0e23-4033-9c60-683248064744 | Context users@openstack cleanup() started
2019-11-25 07:53:09.917 26160 INFO rally.task.context [-] Task 8b942cc7-0e23-4033-9c60-683248064744 | Context users@openstack cleanup() finished in 2.70 sec
2019-11-25 07:53:09.951 26160 INFO rally.task.engine [-] Load duration is: 27.158494
2019-11-25 07:53:09.951 26160 INFO rally.task.engine [-] Full runner duration is: 27.221048
2019-11-25 07:53:09.951 26160 INFO rally.task.engine [-] Full duration is: 68.290808
2019-11-25 07:53:10.232 26160 INFO rally.task.engine [-] Running workload: position = 2 config = { "version": 2, "title": "A cropped version of a bigger task.", "description": "Auto-generated task from a single workload (uuid=12113a9f-272c-4d13-84d7-96d1b2760929)", "subtasks": [ { "title": "NeutronNetworks.create_and_delete_ports", "description": "Create and delete a port.", "scenario": { "NeutronNetworks.create_and_delete_ports": { "network_create_args": {}, "port_create_args": {}, "ports_per_network": 5 } }, "contexts": { "users": { "tenants": 1, "users_per_tenant": 1 }, "quotas": { "neutron": { "network": -1, "port": -1 } } }, "runner": { "constant": { "times": 40, "concurrency": 20 } }, "hooks": [], "sla": { "failure_rate": { "max": 0 } } } ] }
2019-11-25 07:53:10.265 26160 RALLYDEBUG rally_openstack.contexts.keystone.users [-] Creating 1 tenants using 20 threads
2019-11-25 07:53:11.216 26160 RALLYDEBUG rally_openstack.contexts.keystone.users [-] Creating 1 users using 20 threads
2019-11-25 07:53:12.629 26160 INFO rally.task.context [-] Task 8b942cc7-0e23-4033-9c60-683248064744 | Context users@openstack setup() finished in 2.36 sec
2019-11-25 07:53:13.190 26160 INFO rally.task.context [-] Task 8b942cc7-0e23-4033-9c60-683248064744 | Context quotas@openstack setup() finished in 0.56 sec
2019-11-25 07:53:13.191 26160 INFO rally.task.context [-] Task 8b942cc7-0e23-4033-9c60-683248064744 | Context cleanup@openstack setup() finished in 0.02 msec
2019-11-25 07:53:13.201 26160 RALLYDEBUG rally.task.runner [-] Starting the constant runner (task UUID: 8b942cc7-0e23-4033-9c60-683248064744). timeout: 0 concurrency: 20 concurrency_per_worker: 1 times: 40 concurrency_overhead: 4 processes_to_start: 16 max_cpu_used: 16
2019-11-25 07:53:13.216 30626 RALLYDEBUG rally.task.runner [-] Starting a worker. concurrency: 2 args: {"network_create_args": {}, "port_create_args": {}, "ports_per_network": 5} times: 40 method_name: run timeout: 0 duration: None cls:
2019-11-25 07:53:13.220 30627 RALLYDEBUG rally.task.runner [-] Starting a worker. concurrency: 2 args: {"network_create_args": {}, "port_create_args": {}, "ports_per_network": 5} times: 40 method_name: run timeout: 0 duration: None cls:
2019-11-25 07:53:13.223 30628 RALLYDEBUG rally.task.runner [-] Starting a worker. concurrency: 2 args: {"network_create_args": {}, "port_create_args": {}, "ports_per_network": 5} times: 40 method_name: run timeout: 0 duration: None cls:
2019-11-25 07:53:13.227 30626 INFO rally.task.runner [-] Task 8b942cc7-0e23-4033-9c60-683248064744 | ITER: 1 START
2019-11-25 07:53:13.227 30629 RALLYDEBUG rally.task.runner [-] Starting a worker. concurrency: 2 args: {"network_create_args": {}, "port_create_args": {}, "ports_per_network": 5} times: 40 method_name: run timeout: 0 duration: None cls:
2019-11-25 07:53:13.228 30626 WARNING rally_openstack.scenarios.neutron.utils [-] Running this scenario without either the 'network' or 'existing_network' context is deprecated
2019-11-25 07:53:13.231 30627 INFO rally.task.runner [-] Task 8b942cc7-0e23-4033-9c60-683248064744 | ITER: 3 START
2019-11-25 07:53:13.231 30631 RALLYDEBUG rally.task.runner [-] Starting a worker. concurrency: 1 args: {"network_create_args": {}, "port_create_args": {}, "ports_per_network": 5} times: 40 method_name: run timeout: 0 duration: None cls:
2019-11-25 07:53:13.233 30627 WARNING rally_openstack.scenarios.neutron.utils [-] Running this scenario without either the 'network' or 'existing_network' context is deprecated
2019-11-25 07:53:13.233 30628 INFO rally.task.runner [-] Task 8b942cc7-0e23-4033-9c60-683248064744 | ITER: 4 START
2019-11-25 07:53:13.235 30628 WARNING rally_openstack.scenarios.neutron.utils [-] Running this scenario without either the 'network' or 'existing_network' context is deprecated
2019-11-25 07:53:13.235 30635 RALLYDEBUG rally.task.runner [-] Starting a worker. concurrency: 1 args: {"network_create_args": {}, "port_create_args": {}, "ports_per_network": 5} times: 40 method_name: run timeout: 0 duration: None cls:
2019-11-25 07:53:13.237 30631 INFO rally.task.runner [-] Task 8b942cc7-0e23-4033-9c60-683248064744 | ITER: 8 START
2019-11-25 07:53:13.238 30631 WARNING rally_openstack.scenarios.neutron.utils [-] Running this scenario without either the 'network' or 'existing_network' context is deprecated
2019-11-25 07:53:13.238 30629 INFO rally.task.runner [-] Task 8b942cc7-0e23-4033-9c60-683248064744 | ITER: 9 START
2019-11-25 07:53:13.234 30627 INFO rally.task.runner [-] Task 8b942cc7-0e23-4033-9c60-683248064744 | ITER: 5 START
2019-11-25 07:53:13.240 30629 INFO rally.task.runner [-] Task 8b942cc7-0e23-4033-9c60-683248064744 | ITER: 7 START
2019-11-25 07:53:13.241 30629 WARNING rally_openstack.scenarios.neutron.utils [-] Running this scenario without either the 'network' or 'existing_network' context is deprecated
2019-11-25 07:53:13.231 30626 INFO rally.task.runner [-] Task 8b942cc7-0e23-4033-9c60-683248064744 | ITER: 2 START
2019-11-25 07:53:13.243 30635 INFO rally.task.runner [-] Task 8b942cc7-0e23-4033-9c60-683248064744 | ITER: 10 START
2019-11-25 07:53:13.243 30643 RALLYDEBUG rally.task.runner [-] Starting a worker. concurrency: 1 args: {"network_create_args": {}, "port_create_args": {}, "ports_per_network": 5} times: 40 method_name: run timeout: 0 duration: None cls:
2019-11-25 07:53:13.244 30635 WARNING rally_openstack.scenarios.neutron.utils [-] Running this scenario without either the 'network' or 'existing_network' context is deprecated
2019-11-25 07:53:13.245 30626 WARNING rally_openstack.scenarios.neutron.utils [-] Running this scenario without either the 'network' or 'existing_network' context is deprecated
2019-11-25 07:53:13.241 30628 INFO rally.task.runner [-] Task 8b942cc7-0e23-4033-9c60-683248064744 | ITER: 6 START
2019-11-25 07:53:13.248 30627 WARNING rally_openstack.scenarios.neutron.utils [-] Running this scenario without either the 'network' or 'existing_network' context is deprecated
2019-11-25 07:53:13.250 30643 INFO rally.task.runner [-] Task 8b942cc7-0e23-4033-9c60-683248064744 | ITER: 11 START
2019-11-25 07:53:13.251 30643 WARNING rally_openstack.scenarios.neutron.utils [-] Running this scenario without either the 'network' or 'existing_network' context is deprecated
2019-11-25 07:53:13.250 30628 WARNING rally_openstack.scenarios.neutron.utils [-] Running this scenario without either the 'network' or 'existing_network' context is deprecated
2019-11-25 07:53:13.251 30649 RALLYDEBUG rally.task.runner [-] Starting a worker. concurrency: 1 args: {"network_create_args": {}, "port_create_args": {}, "ports_per_network": 5} times: 40 method_name: run timeout: 0 duration: None cls:
2019-11-25 07:53:13.242 30629 WARNING rally_openstack.scenarios.neutron.utils [-] Running this scenario without either the 'network' or 'existing_network' context is deprecated
2019-11-25 07:53:13.257 30652 RALLYDEBUG rally.task.runner [-] Starting a worker. concurrency: 1 args: {"network_create_args": {}, "port_create_args": {}, "ports_per_network": 5} times: 40 method_name: run timeout: 0 duration: None cls:
2019-11-25 07:53:13.259 30649 INFO rally.task.runner [-] Task 8b942cc7-0e23-4033-9c60-683248064744 | ITER: 12 START
2019-11-25 07:53:13.261 30649 WARNING rally_openstack.scenarios.neutron.utils [-] Running this scenario without either the 'network' or 'existing_network' context is deprecated
2019-11-25 07:53:13.265 30652 INFO rally.task.runner [-] Task 8b942cc7-0e23-4033-9c60-683248064744 | ITER: 13 START
2019-11-25 07:53:13.266 30652 WARNING rally_openstack.scenarios.neutron.utils [-] Running this scenario without either the 'network' or 'existing_network' context is deprecated
2019-11-25 07:53:13.266 30655 RALLYDEBUG rally.task.runner [-] Starting a worker. concurrency: 1 args: {"network_create_args": {}, "port_create_args": {}, "ports_per_network": 5} times: 40 method_name: run timeout: 0 duration: None cls:
2019-11-25 07:53:13.274 30655 INFO rally.task.runner [-] Task 8b942cc7-0e23-4033-9c60-683248064744 | ITER: 14 START
2019-11-25 07:53:13.274 30658 RALLYDEBUG rally.task.runner [-] Starting a worker. concurrency: 1 args: {"network_create_args": {}, "port_create_args": {}, "ports_per_network": 5} times: 40 method_name: run timeout: 0 duration: None cls:
2019-11-25 07:53:13.276 30655 WARNING rally_openstack.scenarios.neutron.utils [-] Running this scenario without either the 'network' or 'existing_network' context is deprecated
2019-11-25 07:53:13.278 30661 RALLYDEBUG rally.task.runner [-] Starting a worker. concurrency: 1 args: {"network_create_args": {}, "port_create_args": {}, "ports_per_network": 5} times: 40 method_name: run timeout: 0 duration: None cls:
2019-11-25 07:53:13.281 30658 INFO rally.task.runner [-] Task 8b942cc7-0e23-4033-9c60-683248064744 | ITER: 15 START
2019-11-25 07:53:13.282 30658 WARNING rally_openstack.scenarios.neutron.utils [-] Running this scenario without either the 'network' or 'existing_network' context is deprecated
2019-11-25 07:53:13.283 30661 INFO rally.task.runner [-] Task 8b942cc7-0e23-4033-9c60-683248064744 | ITER: 16 START
2019-11-25 07:53:13.284 30661 WARNING rally_openstack.scenarios.neutron.utils [-] Running this scenario without either the 'network' or 'existing_network' context is deprecated
2019-11-25 07:53:13.284 30662 RALLYDEBUG rally.task.runner [-] Starting a worker. concurrency: 1 args: {"network_create_args": {}, "port_create_args": {}, "ports_per_network": 5} times: 40 method_name: run timeout: 0 duration: None cls:
2019-11-25 07:53:13.290 30662 INFO rally.task.runner [-] Task 8b942cc7-0e23-4033-9c60-683248064744 | ITER: 17 START
2019-11-25 07:53:13.291 30662 WARNING rally_openstack.scenarios.neutron.utils [-] Running this scenario without either the 'network' or 'existing_network' context is deprecated
2019-11-25 07:53:13.295 30667 RALLYDEBUG rally.task.runner [-] Starting a worker. concurrency: 1 args: {"network_create_args": {}, "port_create_args": {}, "ports_per_network": 5} times: 40 method_name: run timeout: 0 duration: None cls:
2019-11-25 07:53:13.300 30667 INFO rally.task.runner [-] Task 8b942cc7-0e23-4033-9c60-683248064744 | ITER: 18 START
2019-11-25 07:53:13.299 30670 RALLYDEBUG rally.task.runner [-] Starting a worker. concurrency: 1 args: {"network_create_args": {}, "port_create_args": {}, "ports_per_network": 5} times: 40 method_name: run timeout: 0 duration: None cls:
2019-11-25 07:53:13.301 30667 WARNING rally_openstack.scenarios.neutron.utils [-] Running this scenario without either the 'network' or 'existing_network' context is deprecated
2019-11-25 07:53:13.302 30671 RALLYDEBUG rally.task.runner [-] Starting a worker. concurrency: 1 args: {"network_create_args": {}, "port_create_args": {}, "ports_per_network": 5} times: 40 method_name: run timeout: 0 duration: None cls:
2019-11-25 07:53:13.304 30670 INFO rally.task.runner [-] Task 8b942cc7-0e23-4033-9c60-683248064744 | ITER: 19 START
2019-11-25 07:53:13.305 30670 WARNING rally_openstack.scenarios.neutron.utils [-] Running this scenario without either the 'network' or 'existing_network' context is deprecated
2019-11-25 07:53:13.307 30671 INFO rally.task.runner [-] Task 8b942cc7-0e23-4033-9c60-683248064744 | ITER: 20 START
2019-11-25 07:53:13.308 30671 WARNING rally_openstack.scenarios.neutron.utils [-] Running this scenario without either the 'network' or 'existing_network' context is deprecated
2019-11-25 07:53:23.210 30635 INFO rally.task.runner [-] Task 8b942cc7-0e23-4033-9c60-683248064744 | ITER: 10 END: OK
2019-11-25 07:53:23.214 30635 INFO rally.task.runner [-] Task 8b942cc7-0e23-4033-9c60-683248064744 | ITER: 21 START
2019-11-25 07:53:23.215 30635 WARNING rally_openstack.scenarios.neutron.utils [-] Running this scenario without either the 'network' or 'existing_network' context is deprecated
2019-11-25 07:53:24.917 30631 INFO rally.task.runner [-] Task 8b942cc7-0e23-4033-9c60-683248064744 | ITER: 8 END: OK
2019-11-25 07:53:24.922 30631 INFO rally.task.runner [-] Task 8b942cc7-0e23-4033-9c60-683248064744 | ITER: 22 START
2019-11-25 07:53:24.923 30631 WARNING rally_openstack.scenarios.neutron.utils [-] Running this scenario without either the 'network' or 'existing_network' context is deprecated
2019-11-25 07:53:25.176 30626 INFO rally.task.runner [-] Task 8b942cc7-0e23-4033-9c60-683248064744 | ITER: 2 END: OK
2019-11-25 07:53:25.180 30626 INFO rally.task.runner [-] Task 8b942cc7-0e23-4033-9c60-683248064744 | ITER: 23 START
2019-11-25 07:53:25.181 30626 WARNING rally_openstack.scenarios.neutron.utils [-] Running this scenario without either the 'network' or 'existing_network' context is deprecated
2019-11-25 07:53:25.724 30629 INFO rally.task.runner [-] Task 8b942cc7-0e23-4033-9c60-683248064744 | ITER: 7 END: OK
2019-11-25 07:53:25.729 30629 INFO rally.task.runner [-] Task 8b942cc7-0e23-4033-9c60-683248064744 | ITER: 24 START
2019-11-25 07:53:25.729 30629 WARNING rally_openstack.scenarios.neutron.utils [-] Running this scenario without either the 'network' or 'existing_network' context is deprecated
2019-11-25 07:53:25.778 30658 INFO rally.task.runner [-] Task 8b942cc7-0e23-4033-9c60-683248064744 | ITER: 15 END: OK
2019-11-25 07:53:25.783 30658 INFO rally.task.runner [-] Task 8b942cc7-0e23-4033-9c60-683248064744 | ITER: 25 START
2019-11-25 07:53:25.784 30658 WARNING rally_openstack.scenarios.neutron.utils [-] Running this scenario without either the 'network' or 'existing_network' context is deprecated
2019-11-25 07:53:25.793 30652 INFO rally.task.runner [-] Task 8b942cc7-0e23-4033-9c60-683248064744 | ITER: 13 END: OK
2019-11-25 07:53:25.799 30652 INFO rally.task.runner [-] Task 8b942cc7-0e23-4033-9c60-683248064744 | ITER: 26 START
2019-11-25 07:53:25.799 30652 WARNING rally_openstack.scenarios.neutron.utils [-] Running this scenario without either the 'network' or 'existing_network' context is deprecated
2019-11-25 07:53:26.264 30629 INFO rally.task.runner [-] Task 8b942cc7-0e23-4033-9c60-683248064744 | ITER: 9 END: OK
2019-11-25 07:53:26.269 30629 INFO rally.task.runner [-] Task 8b942cc7-0e23-4033-9c60-683248064744 | ITER: 27 START
2019-11-25 07:53:26.270 30629 WARNING rally_openstack.scenarios.neutron.utils [-] Running this scenario without either the 'network' or 'existing_network' context is deprecated
2019-11-25 07:53:26.368 30671 INFO rally.task.runner [-] Task 8b942cc7-0e23-4033-9c60-683248064744 | ITER: 20 END: OK
2019-11-25 07:53:26.373 30671 INFO rally.task.runner [-] Task 8b942cc7-0e23-4033-9c60-683248064744 | ITER: 28 START
2019-11-25 07:53:26.374 30671 WARNING rally_openstack.scenarios.neutron.utils [-] Running this scenario without either the 'network' or 'existing_network' context is deprecated
2019-11-25 07:53:26.452 30643 INFO rally.task.runner [-] Task 8b942cc7-0e23-4033-9c60-683248064744 | ITER: 11 END: OK
2019-11-25 07:53:26.456 30643 INFO rally.task.runner [-] Task 8b942cc7-0e23-4033-9c60-683248064744 | ITER: 29 START
2019-11-25 07:53:26.457 30643 WARNING rally_openstack.scenarios.neutron.utils [-] Running this scenario without either the 'network' or 'existing_network' context is deprecated
2019-11-25 07:53:26.460 30626 INFO rally.task.runner [-] Task 8b942cc7-0e23-4033-9c60-683248064744 | ITER: 1 END: OK
2019-11-25 07:53:26.462 30626 INFO rally.task.runner [-] Task 8b942cc7-0e23-4033-9c60-683248064744 | ITER: 30 START
2019-11-25 07:53:26.463 30626 WARNING rally_openstack.scenarios.neutron.utils [-] Running this scenario without either the 'network' or 'existing_network' context is deprecated
2019-11-25 07:53:26.555 30649 INFO rally.task.runner [-] Task 8b942cc7-0e23-4033-9c60-683248064744 | ITER: 12 END: OK
2019-11-25 07:53:26.560 30649 INFO rally.task.runner [-] Task 8b942cc7-0e23-4033-9c60-683248064744 | ITER: 31 START
2019-11-25 07:53:26.561 30649 WARNING rally_openstack.scenarios.neutron.utils [-] Running this scenario without either the 'network' or 'existing_network' context is deprecated
2019-11-25 07:53:27.147 30627 INFO rally.task.runner [-] Task 8b942cc7-0e23-4033-9c60-683248064744 | ITER: 3 END: OK
2019-11-25 07:53:27.152 30627 INFO rally.task.runner [-] Task 8b942cc7-0e23-4033-9c60-683248064744 | ITER: 32 START
2019-11-25 07:53:27.153 30627 WARNING rally_openstack.scenarios.neutron.utils [-] Running this scenario without either the 'network' or 'existing_network' context is deprecated
2019-11-25 07:53:27.847 30655 INFO rally.task.runner [-] Task 8b942cc7-0e23-4033-9c60-683248064744 | ITER: 14 END: OK
2019-11-25 07:53:27.852 30655 INFO rally.task.runner [-] Task 8b942cc7-0e23-4033-9c60-683248064744 | ITER: 33 START
2019-11-25 07:53:27.853 30655 WARNING rally_openstack.scenarios.neutron.utils [-] Running this scenario without either the 'network' or 'existing_network' context is deprecated
2019-11-25 07:53:28.053 30627 INFO rally.task.runner [-] Task 8b942cc7-0e23-4033-9c60-683248064744 | ITER: 5 END: OK
2019-11-25 07:53:28.057 30627 INFO rally.task.runner [-] Task 8b942cc7-0e23-4033-9c60-683248064744 | ITER: 34 START
2019-11-25 07:53:28.058 30627 WARNING rally_openstack.scenarios.neutron.utils [-] Running this scenario without either the 'network' or 'existing_network' context is deprecated
2019-11-25 07:53:28.518 30670 INFO rally.task.runner [-] Task 8b942cc7-0e23-4033-9c60-683248064744 | ITER: 19 END: OK
2019-11-25 07:53:28.523 30670 INFO rally.task.runner [-] Task 8b942cc7-0e23-4033-9c60-683248064744 | ITER: 35 START
2019-11-25 07:53:28.524 30670 WARNING rally_openstack.scenarios.neutron.utils [-] Running this scenario without either the 'network' or 'existing_network' context is deprecated
