2019-11-25 07:36:30.717 26151 RALLYDEBUG rally.api [-] INFO logs from urllib3 and requests module are hide.
2019-11-25 07:36:30.717 26151 RALLYDEBUG rally.api [-] urllib3 insecure warnings are hidden.
2019-11-25 07:36:30.717 26151 RALLYDEBUG rally.api [-] ERROR log from boto module is hide.
2019-11-25 07:36:33.205 26153 RALLYDEBUG rally.api [-] INFO logs from urllib3 and requests module are hide.
2019-11-25 07:36:33.205 26153 RALLYDEBUG rally.api [-] urllib3 insecure warnings are hidden.
2019-11-25 07:36:33.205 26153 RALLYDEBUG rally.api [-] ERROR log from boto module is hide.
2019-11-25 07:36:36.046 26155 RALLYDEBUG rally.api [-] INFO logs from urllib3 and requests module are hide.
2019-11-25 07:36:36.047 26155 RALLYDEBUG rally.api [-] urllib3 insecure warnings are hidden.
2019-11-25 07:36:36.047 26155 RALLYDEBUG rally.api [-] ERROR log from boto module is hide.
2019-11-25 07:36:39.381 26158 RALLYDEBUG rally.api [-] INFO logs from urllib3 and requests module are hide.
2019-11-25 07:36:39.381 26158 RALLYDEBUG rally.api [-] urllib3 insecure warnings are hidden.
2019-11-25 07:36:39.381 26158 RALLYDEBUG rally.api [-] ERROR log from boto module is hide.
2019-11-25 07:36:40.740 26160 RALLYDEBUG rally.api [-] INFO logs from urllib3 and requests module are hide.
2019-11-25 07:36:40.741 26160 RALLYDEBUG rally.api [-] urllib3 insecure warnings are hidden.
2019-11-25 07:36:40.741 26160 RALLYDEBUG rally.api [-] ERROR log from boto module is hide.
2019-11-25 07:36:42.135 26160 INFO rally.common.plugin.discover [-] Loading plugins from directories /root/.rally/plugins/*
2019-11-25 07:36:42.136 26160 INFO rally.common.plugin.discover [-] Loaded module with plugins: /root/.rally/plugins/__init__.py
2019-11-25 07:36:42.142 26160 INFO rally.common.plugin.discover [-] Loaded module with plugins: /root/.rally/plugins/trunk_scenario.py
2019-11-25 07:36:42.518 26160 INFO rally.task.engine [-] Task 8b942cc7-0e23-4033-9c60-683248064744 | Starting: Task validation.
2019-11-25 07:36:42.571 26160 INFO rally.task.engine [-] Task 8b942cc7-0e23-4033-9c60-683248064744 | Starting: Task validation of syntax.
2019-11-25 07:36:42.856 26160 INFO rally.task.engine [-] Task 8b942cc7-0e23-4033-9c60-683248064744 | Completed: Task validation of syntax.
2019-11-25 07:36:42.856 26160 INFO rally.task.engine [-] Task 8b942cc7-0e23-4033-9c60-683248064744 | Starting: Task validation of required platforms.
2019-11-25 07:36:42.936 26160 INFO rally.task.engine [-] Task 8b942cc7-0e23-4033-9c60-683248064744 | Completed: Task validation of required platforms.
2019-11-25 07:36:42.936 26160 INFO rally.task.engine [-] Task 8b942cc7-0e23-4033-9c60-683248064744 | Starting: Task validation of semantic.
2019-11-25 07:36:42.937 26160 INFO rally.task.engine [-] Check health of the environment 'a3f1c058-56a3-482f-beb3-b2b94f1cbefc'.
2019-11-25 07:36:43.834 26160 INFO rally.task.engine [-] Platform existing@openstack (available: True): OK!
2019-11-25 07:36:43.856 26160 RALLYDEBUG rally_openstack.contexts.keystone.users [-] Creating 1 tenants using 20 threads
2019-11-25 07:36:44.703 26160 RALLYDEBUG rally_openstack.contexts.keystone.users [-] Creating 1 users using 20 threads
2019-11-25 07:36:46.095 26160 INFO rally.task.context [-] Task 8b942cc7-0e23-4033-9c60-683248064744 | Context users@openstack setup() finished in 2.24 sec
2019-11-25 07:36:50.658 26160 INFO rally.task.context [-] Task 8b942cc7-0e23-4033-9c60-683248064744 | Context users@openstack cleanup() started
2019-11-25 07:36:53.813 26160 INFO rally.task.context [-] Task 8b942cc7-0e23-4033-9c60-683248064744 | Context users@openstack cleanup() finished in 3.15 sec
2019-11-25 07:36:53.813 26160 INFO rally.task.engine [-] Task 8b942cc7-0e23-4033-9c60-683248064744 | Completed: Task validation of semantic.
2019-11-25 07:36:53.814 26160 INFO rally.task.engine [-] Task 8b942cc7-0e23-4033-9c60-683248064744 | Completed: Task validation.
2019-11-25 07:36:53.814 26160 INFO rally.api [-] Task 8b942cc7-0e23-4033-9c60-683248064744 input file is valid.
2019-11-25 07:36:53.814 26160 INFO rally.api [-] Run Task 8b942cc7-0e23-4033-9c60-683248064744 against Deployment a3f1c058-56a3-482f-beb3-b2b94f1cbefc
2019-11-25 07:36:53.815 26160 INFO rally.task.engine [-] Task 8b942cc7-0e23-4033-9c60-683248064744 | Starting: Running task.
2019-11-25 07:36:54.004 26160 INFO rally.task.engine [-] Running workload: position = 0 config = { "version": 2, "title": "A cropped version of a bigger task.", "description": "Auto-generated task from a single workload (uuid=b71fbba1-3548-4e0c-83ad-b5e19643bcea)", "subtasks": [ { "title": "NeutronNetworks.create_and_list_networks", "description": "Check performance of list_networks action and ensure > network quotas are not exceeded", "scenario": { "NeutronNetworks.create_and_list_networks": {} }, "contexts": { "users": { "tenants": 1, "users_per_tenant": 1 }, "quotas": { "neutron": { "network": 119 } } }, "runner": { "constant": { "times": 100, "concurrency": 20 } }, "hooks": [], "sla": { "max_avg_duration_per_atomic": { "neutron.list_networks": 15 }, "failure_rate": { "max": 0 } } } ] }
2019-11-25 07:36:54.031 26160 RALLYDEBUG rally_openstack.contexts.keystone.users [-] Creating 1 tenants using 20 threads
2019-11-25 07:36:54.930 26160 RALLYDEBUG rally_openstack.contexts.keystone.users [-] Creating 1 users using 20 threads
2019-11-25 07:36:56.314 26160 INFO rally.task.context [-] Task 8b942cc7-0e23-4033-9c60-683248064744 | Context users@openstack setup() finished in 2.28 sec
2019-11-25 07:36:56.838 26160 INFO rally.task.context [-] Task 8b942cc7-0e23-4033-9c60-683248064744 | Context quotas@openstack setup() finished in 0.52 sec
2019-11-25 07:36:56.839 26160 INFO rally.task.context [-] Task 8b942cc7-0e23-4033-9c60-683248064744 | Context cleanup@openstack setup() finished in 0.01 msec
2019-11-25 07:36:56.848 26160 RALLYDEBUG rally.task.runner [-] Starting the constant runner (task UUID: 8b942cc7-0e23-4033-9c60-683248064744). timeout: 0 concurrency: 20 concurrency_per_worker: 1 times: 100 concurrency_overhead: 4 processes_to_start: 16 max_cpu_used: 16
2019-11-25 07:36:56.862 26284 RALLYDEBUG rally.task.runner [-] Starting a worker. concurrency: 2 args: {} times: 100 method_name: run timeout: 0 duration: None cls:
2019-11-25 07:36:56.865 26285 RALLYDEBUG rally.task.runner [-] Starting a worker. concurrency: 2 args: {} times: 100 method_name: run timeout: 0 duration: None cls:
2019-11-25 07:36:56.869 26286 RALLYDEBUG rally.task.runner [-] Starting a worker. concurrency: 2 args: {} times: 100 method_name: run timeout: 0 duration: None cls:
2019-11-25 07:36:56.872 26287 RALLYDEBUG rally.task.runner [-] Starting a worker. concurrency: 2 args: {} times: 100 method_name: run timeout: 0 duration: None cls:
2019-11-25 07:36:56.869 26284 INFO rally.task.runner [-] Task 8b942cc7-0e23-4033-9c60-683248064744 | ITER: 1 START
2019-11-25 07:36:56.874 26290 RALLYDEBUG rally.task.runner [-] Starting a worker. concurrency: 1 args: {} times: 100 method_name: run timeout: 0 duration: None cls:
2019-11-25 07:36:56.876 26286 INFO rally.task.runner [-] Task 8b942cc7-0e23-4033-9c60-683248064744 | ITER: 4 START
2019-11-25 07:36:56.879 26287 INFO rally.task.runner [-] Task 8b942cc7-0e23-4033-9c60-683248064744 | ITER: 7 START
2019-11-25 07:36:56.880 26290 INFO rally.task.runner [-] Task 8b942cc7-0e23-4033-9c60-683248064744 | ITER: 8 START
2019-11-25 07:36:56.880 26285 INFO rally.task.runner [-] Task 8b942cc7-0e23-4033-9c60-683248064744 | ITER: 5 START
2019-11-25 07:36:56.880 26293 RALLYDEBUG rally.task.runner [-] Starting a worker. concurrency: 1 args: {} times: 100 method_name: run timeout: 0 duration: None cls:
2019-11-25 07:36:56.881 26297 RALLYDEBUG rally.task.runner [-] Starting a worker. concurrency: 1 args: {} times: 100 method_name: run timeout: 0 duration: None cls:
2019-11-25 07:36:56.886 26284 INFO rally.task.runner [-] Task 8b942cc7-0e23-4033-9c60-683248064744 | ITER: 3 START
2019-11-25 07:36:56.887 26293 INFO rally.task.runner [-] Task 8b942cc7-0e23-4033-9c60-683248064744 | ITER: 10 START
2019-11-25 07:36:56.888 26297 INFO rally.task.runner [-] Task 8b942cc7-0e23-4033-9c60-683248064744 | ITER: 11 START
2019-11-25 07:36:56.887 26302 RALLYDEBUG rally.task.runner [-] Starting a worker. concurrency: 1 args: {} times: 100 method_name: run timeout: 0 duration: None cls:
2019-11-25 07:36:56.890 26304 RALLYDEBUG rally.task.runner [-] Starting a worker. concurrency: 1 args: {} times: 100 method_name: run timeout: 0 duration: None cls:
2019-11-25 07:36:56.880 26285 INFO rally.task.runner [-] Task 8b942cc7-0e23-4033-9c60-683248064744 | ITER: 2 START
2019-11-25 07:36:56.894 26309 RALLYDEBUG rally.task.runner [-] Starting a worker. concurrency: 1 args: {} times: 100 method_name: run timeout: 0 duration: None cls:
2019-11-25 07:36:56.895 26286 INFO rally.task.runner [-] Task 8b942cc7-0e23-4033-9c60-683248064744 | ITER: 6 START
2019-11-25 07:36:56.896 26304 INFO rally.task.runner [-] Task 8b942cc7-0e23-4033-9c60-683248064744 | ITER: 13 START
2019-11-25 07:36:56.899 26310 RALLYDEBUG rally.task.runner [-] Starting a worker. concurrency: 1 args: {} times: 100 method_name: run timeout: 0 duration: None cls:
2019-11-25 07:36:56.900 26302 INFO rally.task.runner [-] Task 8b942cc7-0e23-4033-9c60-683248064744 | ITER: 12 START
2019-11-25 07:36:56.901 26287 INFO rally.task.runner [-] Task 8b942cc7-0e23-4033-9c60-683248064744 | ITER: 9 START
2019-11-25 07:36:56.901 26309 INFO rally.task.runner [-] Task 8b942cc7-0e23-4033-9c60-683248064744 | ITER: 14 START
2019-11-25 07:36:56.905 26310 INFO rally.task.runner [-] Task 8b942cc7-0e23-4033-9c60-683248064744 | ITER: 15 START
2019-11-25 07:36:56.908 26319 RALLYDEBUG rally.task.runner [-] Starting a worker. concurrency: 1 args: {} times: 100 method_name: run timeout: 0 duration: None cls:
2019-11-25 07:36:56.915 26319 INFO rally.task.runner [-] Task 8b942cc7-0e23-4033-9c60-683248064744 | ITER: 16 START
2019-11-25 07:36:56.916 26322 RALLYDEBUG rally.task.runner [-] Starting a worker. concurrency: 1 args: {} times: 100 method_name: run timeout: 0 duration: None cls:
2019-11-25 07:36:56.923 26322 INFO rally.task.runner [-] Task 8b942cc7-0e23-4033-9c60-683248064744 | ITER: 17 START
2019-11-25 07:36:56.923 26325 RALLYDEBUG rally.task.runner [-] Starting a worker. concurrency: 1 args: {} times: 100 method_name: run timeout: 0 duration: None cls:
2019-11-25 07:36:56.927 26325 INFO rally.task.runner [-] Task 8b942cc7-0e23-4033-9c60-683248064744 | ITER: 18 START
2019-11-25 07:36:56.928 26328 RALLYDEBUG rally.task.runner [-] Starting a worker. concurrency: 1 args: {} times: 100 method_name: run timeout: 0 duration: None cls:
2019-11-25 07:36:56.933 26328 INFO rally.task.runner [-] Task 8b942cc7-0e23-4033-9c60-683248064744 | ITER: 19 START
2019-11-25 07:36:56.933 26331 RALLYDEBUG rally.task.runner [-] Starting a worker. concurrency: 1 args: {} times: 100 method_name: run timeout: 0 duration: None cls:
2019-11-25 07:36:56.938 26331 INFO rally.task.runner [-] Task 8b942cc7-0e23-4033-9c60-683248064744 | ITER: 20 START
2019-11-25 07:36:58.336 26304 INFO rally.task.runner [-] Task 8b942cc7-0e23-4033-9c60-683248064744 | ITER: 13 END: OK
2019-11-25 07:36:58.341 26304 INFO rally.task.runner [-] Task 8b942cc7-0e23-4033-9c60-683248064744 | ITER: 21 START
2019-11-25 07:36:58.354 26285 INFO rally.task.runner [-] Task 8b942cc7-0e23-4033-9c60-683248064744 | ITER: 2 END: OK
2019-11-25 07:36:58.358 26285 INFO rally.task.runner [-] Task 8b942cc7-0e23-4033-9c60-683248064744 | ITER: 22 START
2019-11-25 07:36:58.371 26284 INFO rally.task.runner [-] Task 8b942cc7-0e23-4033-9c60-683248064744 | ITER: 3 END: OK
2019-11-25 07:36:58.375 26284 INFO rally.task.runner [-] Task 8b942cc7-0e23-4033-9c60-683248064744 | ITER: 23 START
2019-11-25 07:36:58.387 26285 INFO rally.task.runner [-] Task 8b942cc7-0e23-4033-9c60-683248064744 | ITER: 5 END: OK
2019-11-25 07:36:58.390 26285 INFO rally.task.runner [-] Task 8b942cc7-0e23-4033-9c60-683248064744 | ITER: 24 START
2019-11-25 07:36:58.509 26325 INFO rally.task.runner [-] Task 8b942cc7-0e23-4033-9c60-683248064744 | ITER: 18 END: OK
2019-11-25 07:36:58.512 26325 INFO rally.task.runner [-] Task 8b942cc7-0e23-4033-9c60-683248064744 | ITER: 25 START
2019-11-25 07:36:58.592 26290 INFO rally.task.runner [-] Task 8b942cc7-0e23-4033-9c60-683248064744 | ITER: 8 END: OK
2019-11-25 07:36:58.596 26290 INFO rally.task.runner [-] Task 8b942cc7-0e23-4033-9c60-683248064744 | ITER: 26 START
2019-11-25 07:36:58.637 26284 INFO rally.task.runner [-] Task 8b942cc7-0e23-4033-9c60-683248064744 | ITER: 1 END: OK
2019-11-25 07:36:58.640 26284 INFO rally.task.runner [-] Task 8b942cc7-0e23-4033-9c60-683248064744 | ITER: 27 START
2019-11-25 07:36:58.738 26309 INFO rally.task.runner [-] Task 8b942cc7-0e23-4033-9c60-683248064744 | ITER: 14 END: OK
2019-11-25 07:36:58.742 26309 INFO rally.task.runner [-] Task 8b942cc7-0e23-4033-9c60-683248064744 | ITER: 28 START
2019-11-25 07:36:58.757 26286 INFO rally.task.runner [-] Task 8b942cc7-0e23-4033-9c60-683248064744 | ITER: 4 END: OK
2019-11-25 07:36:58.761 26286 INFO rally.task.runner [-] Task 8b942cc7-0e23-4033-9c60-683248064744 | ITER: 6 END: OK
2019-11-25 07:36:58.764 26302 INFO rally.task.runner [-] Task 8b942cc7-0e23-4033-9c60-683248064744 | ITER: 12 END: OK
2019-11-25 07:36:58.765 26286 INFO rally.task.runner [-] Task 8b942cc7-0e23-4033-9c60-683248064744 | ITER: 29 START
2019-11-25 07:36:58.768 26287 INFO rally.task.runner [-] Task 8b942cc7-0e23-4033-9c60-683248064744 | ITER: 9 END: OK
2019-11-25 07:36:58.771 26302 INFO rally.task.runner [-] Task 8b942cc7-0e23-4033-9c60-683248064744 | ITER: 31 START
2019-11-25 07:36:58.772 26287 INFO rally.task.runner [-] Task 8b942cc7-0e23-4033-9c60-683248064744 | ITER: 32 START
2019-11-25 07:36:58.774 26286 INFO rally.task.runner [-] Task 8b942cc7-0e23-4033-9c60-683248064744 | ITER: 30 START
2019-11-25 07:36:58.841 26319 INFO rally.task.runner [-] Task 8b942cc7-0e23-4033-9c60-683248064744 | ITER: 16 END: OK
2019-11-25 07:36:58.846 26319 INFO rally.task.runner [-] Task 8b942cc7-0e23-4033-9c60-683248064744 | ITER: 33 START
2019-11-25 07:36:58.902 26310 INFO rally.task.runner [-] Task 8b942cc7-0e23-4033-9c60-683248064744 | ITER: 15 END: OK
2019-11-25 07:36:58.905 26310 INFO rally.task.runner [-] Task 8b942cc7-0e23-4033-9c60-683248064744 | ITER: 34 START
2019-11-25 07:36:58.912 26331 INFO rally.task.runner [-] Task 8b942cc7-0e23-4033-9c60-683248064744 | ITER: 20 END: OK
2019-11-25 07:36:58.917 26331 INFO rally.task.runner [-] Task 8b942cc7-0e23-4033-9c60-683248064744 | ITER: 35 START
2019-11-25 07:36:58.945 26287 INFO rally.task.runner [-] Task 8b942cc7-0e23-4033-9c60-683248064744 | ITER: 7 END: OK
2019-11-25 07:36:58.949 26287 INFO rally.task.runner [-] Task 8b942cc7-0e23-4033-9c60-683248064744 | ITER: 36 START
2019-11-25 07:36:58.967 26293 INFO rally.task.runner [-] Task 8b942cc7-0e23-4033-9c60-683248064744 | ITER: 10 END: OK
2019-11-25 07:36:58.971 26293 INFO rally.task.runner [-] Task 8b942cc7-0e23-4033-9c60-683248064744 | ITER: 37 START
2019-11-25 07:36:59.213 26328 INFO rally.task.runner [-] Task 8b942cc7-0e23-4033-9c60-683248064744 | ITER: 19 END: OK
2019-11-25 07:36:59.218 26328 INFO rally.task.runner [-] Task 8b942cc7-0e23-4033-9c60-683248064744 | ITER: 38 START
2019-11-25 07:36:59.266 26297 INFO rally.task.runner [-] Task 8b942cc7-0e23-4033-9c60-683248064744 | ITER: 11 END: OK
2019-11-25 07:36:59.271 26297 INFO rally.task.runner [-] Task 8b942cc7-0e23-4033-9c60-683248064744 | ITER: 39 START
2019-11-25 07:36:59.357 26285 INFO rally.task.runner [-] Task 8b942cc7-0e23-4033-9c60-683248064744 | ITER: 22 END: OK
2019-11-25 07:36:59.361 26285 INFO rally.task.runner [-] Task 8b942cc7-0e23-4033-9c60-683248064744 | ITER: 40 START
2019-11-25 07:36:59.472 26322 INFO rally.task.runner [-] Task 8b942cc7-0e23-4033-9c60-683248064744 | ITER: 17 END: OK
2019-11-25 07:36:59.476 26322 INFO rally.task.runner [-] Task 8b942cc7-0e23-4033-9c60-683248064744 | ITER: 41 START
2019-11-25 07:36:59.632 26284 INFO rally.task.runner [-] Task 8b942cc7-0e23-4033-9c60-683248064744 | ITER: 23 END: OK
2019-11-25 07:36:59.632 26285 INFO rally.task.runner [-] Task 8b942cc7-0e23-4033-9c60-683248064744 | ITER: 24 END: OK
2019-11-25 07:36:59.635 26285 INFO rally.task.runner [-] Task 8b942cc7-0e23-4033-9c60-683248064744 | ITER: 43 START
2019-11-25 07:36:59.635 26284 INFO rally.task.runner [-] Task 8b942cc7-0e23-4033-9c60-683248064744 | ITER: 42 START
2019-11-25 07:36:59.693 26325 INFO rally.task.runner [-] Task 8b942cc7-0e23-4033-9c60-683248064744 | ITER: 25 END: OK
2019-11-25 07:36:59.697 26325 INFO rally.task.runner [-] Task 8b942cc7-0e23-4033-9c60-683248064744 | ITER: 44 START
2019-11-25 07:36:59.839 26309 INFO rally.task.runner [-] Task 8b942cc7-0e23-4033-9c60-683248064744 | ITER: 28 END: OK
2019-11-25 07:36:59.842 26309 INFO rally.task.runner [-] Task 8b942cc7-0e23-4033-9c60-683248064744 | ITER: 45 START
2019-11-25 07:36:59.842 26286 INFO rally.task.runner [-] Task 8b942cc7-0e23-4033-9c60-683248064744 | ITER: 29 END: OK
2019-11-25 07:36:59.849 26286 INFO rally.task.runner [-] Task 8b942cc7-0e23-4033-9c60-683248064744 | ITER: 46 START
2019-11-25 07:36:59.973 26290 INFO rally.task.runner [-] Task 8b942cc7-0e23-4033-9c60-683248064744 | ITER: 26 END: OK
2019-11-25 07:36:59.977 26290 INFO rally.task.runner [-] Task 8b942cc7-0e23-4033-9c60-683248064744 | ITER: 47 START
2019-11-25 07:37:00.062 26284 INFO rally.task.runner [-] Task 8b942cc7-0e23-4033-9c60-683248064744 | ITER: 27 END: OK
2019-11-25 07:37:00.067 26284 INFO rally.task.runner [-] Task 8b942cc7-0e23-4033-9c60-683248064744 | ITER: 48 START
2019-11-25 07:37:00.121 26319 INFO rally.task.runner [-] Task 8b942cc7-0e23-4033-9c60-683248064744 | ITER: 33 END: OK
2019-11-25 07:37:00.125 26319 INFO rally.task.runner [-] Task 8b942cc7-0e23-4033-9c60-683248064744 | ITER: 49 START
2019-11-25 07:37:00.194 26287 INFO rally.task.runner [-] Task 8b942cc7-0e23-4033-9c60-683248064744 | ITER: 32 END: OK
2019-11-25 07:37:00.198 26287 INFO rally.task.runner [-] Task 8b942cc7-0e23-4033-9c60-683248064744 | ITER: 50 START
2019-11-25 07:37:00.352 26286 INFO rally.task.runner [-] Task 8b942cc7-0e23-4033-9c60-683248064744 | ITER: 30 END: OK
2019-11-25 07:37:00.356 26286 INFO rally.task.runner [-] Task 8b942cc7-0e23-4033-9c60-683248064744 | ITER: 51 START
2019-11-25 07:37:00.680 26304 INFO rally.task.runner [-] Task 8b942cc7-0e23-4033-9c60-683248064744 | ITER: 21 END: OK
2019-11-25 07:37:00.685 26304 INFO rally.task.runner [-] Task 8b942cc7-0e23-4033-9c60-683248064744 | ITER: 52 START
2019-11-25 07:37:00.692 26287 INFO rally.task.runner [-] Task 8b942cc7-0e23-4033-9c60-683248064744 | ITER: 36 END: OK
2019-11-25 07:37:00.696 26287 INFO rally.task.runner [-] Task 8b942cc7-0e23-4033-9c60-683248064744 | ITER: 53 START
2019-11-25 07:37:00.901 26328 INFO rally.task.runner [-] Task 8b942cc7-0e23-4033-9c60-683248064744 | ITER: 38 END: OK
2019-11-25 07:37:00.905 26328 INFO rally.task.runner [-] Task 8b942cc7-0e23-4033-9c60-683248064744 | ITER: 54 START
2019-11-25 07:37:01.084 26322 INFO rally.task.runner [-] Task 8b942cc7-0e23-4033-9c60-683248064744 | ITER: 41 END: OK
2019-11-25 07:37:01.088 26322 INFO rally.task.runner [-] Task 8b942cc7-0e23-4033-9c60-683248064744 | ITER: 55 START
2019-11-25 07:37:01.093 26331 INFO rally.task.runner [-] Task 8b942cc7-0e23-4033-9c60-683248064744 | ITER: 35 END: OK
2019-11-25 07:37:01.094 26284 INFO rally.task.runner [-] Task 8b942cc7-0e23-4033-9c60-683248064744 | ITER: 42 END: OK
2019-11-25 07:37:01.097 26331 INFO rally.task.runner [-] Task 8b942cc7-0e23-4033-9c60-683248064744 | ITER: 56 START
2019-11-25 07:37:01.098 26284 INFO rally.task.runner [-] Task 8b942cc7-0e23-4033-9c60-683248064744 | ITER: 57 START
2019-11-25 07:37:01.107 26302 INFO rally.task.runner [-] Task 8b942cc7-0e23-4033-9c60-683248064744 | ITER: 31 END: OK
2019-11-25 07:37:01.110 26302 INFO rally.task.runner [-] Task 8b942cc7-0e23-4033-9c60-683248064744 | ITER: 58 START
2019-11-25 07:37:01.116 26285 INFO rally.task.runner [-] Task 8b942cc7-0e23-4033-9c60-683248064744 | ITER: 43 END: OK
2019-11-25 07:37:01.117 26310 INFO rally.task.runner [-] Task 8b942cc7-0e23-4033-9c60-683248064744 | ITER: 34 END: OK
2019-11-25 07:37:01.121 26310 INFO rally.task.runner [-] Task 8b942cc7-0e23-4033-9c60-683248064744 | ITER: 59 START
2019-11-25 07:37:01.126 26285 INFO rally.task.runner [-] Task 8b942cc7-0e23-4033-9c60-683248064744 | ITER: 60 START
2019-11-25 07:37:01.168 26293 INFO rally.task.runner [-] Task 8b942cc7-0e23-4033-9c60-683248064744 | ITER: 37 END: OK
2019-11-25 07:37:01.171 26297 INFO rally.task.runner [-] Task 8b942cc7-0e23-4033-9c60-683248064744 | ITER: 39 END: OK
2019-11-25 07:37:01.172 26293 INFO rally.task.runner [-] Task 8b942cc7-0e23-4033-9c60-683248064744 | ITER: 61 START
2019-11-25 07:37:01.174 26297 INFO rally.task.runner [-] Task 8b942cc7-0e23-4033-9c60-683248064744 | ITER: 62 START
2019-11-25 07:37:01.612 26304 INFO rally.task.runner [-] Task 8b942cc7-0e23-4033-9c60-683248064744 | ITER: 52 END: OK
2019-11-25 07:37:01.616 26304 INFO rally.task.runner [-] Task 8b942cc7-0e23-4033-9c60-683248064744 | ITER: 63 START
2019-11-25 07:37:01.704 26287 INFO rally.task.runner [-] Task 8b942cc7-0e23-4033-9c60-683248064744 | ITER: 53 END: OK
2019-11-25 07:37:01.708 26287 INFO rally.task.runner [-] Task 8b942cc7-0e23-4033-9c60-683248064744 | ITER: 64 START
2019-11-25 07:37:01.725 26287 INFO rally.task.runner [-] Task 8b942cc7-0e23-4033-9c60-683248064744 | ITER: 50 END: OK
2019-11-25 07:37:01.730 26287 INFO rally.task.runner [-] Task 8b942cc7-0e23-4033-9c60-683248064744 | ITER: 65 START
2019-11-25 07:37:01.741 26285 INFO rally.task.runner [-] Task 8b942cc7-0e23-4033-9c60-683248064744 | ITER: 40 END: OK
2019-11-25 07:37:01.744 26285 INFO rally.task.runner [-] Task 8b942cc7-0e23-4033-9c60-683248064744 | ITER: 66 START
2019-11-25 07:37:01.885 26319 INFO rally.task.runner [-] Task 8b942cc7-0e23-4033-9c60-683248064744 | ITER: 49 END: OK
2019-11-25 07:37:01.885 26328 INFO rally.task.runner [-] Task 8b942cc7-0e23-4033-9c60-683248064744 | ITER: 54 END: OK
2019-11-25 07:37:01.889 26319 INFO rally.task.runner [-] Task 8b942cc7-0e23-4033-9c60-683248064744 | ITER: 67 START
2019-11-25 07:37:01.889 26328 INFO rally.task.runner [-] Task 8b942cc7-0e23-4033-9c60-683248064744 | ITER: 68 START
2019-11-25 07:37:02.034 26309 INFO rally.task.runner [-] Task 8b942cc7-0e23-4033-9c60-683248064744 | ITER: 45 END: OK
2019-11-25 07:37:02.038 26309 INFO rally.task.runner [-] Task 8b942cc7-0e23-4033-9c60-683248064744 | ITER: 69 START
2019-11-25 07:37:02.158 26331 INFO rally.task.runner [-] Task 8b942cc7-0e23-4033-9c60-683248064744 | ITER: 56 END: OK
2019-11-25 07:37:02.162 26331 INFO rally.task.runner [-] Task 8b942cc7-0e23-4033-9c60-683248064744 | ITER: 70 START
2019-11-25 07:37:02.230 26325 INFO rally.task.runner [-] Task 8b942cc7-0e23-4033-9c60-683248064744 | ITER: 44 END: OK
2019-11-25 07:37:02.234 26325 INFO rally.task.runner [-] Task 8b942cc7-0e23-4033-9c60-683248064744 | ITER: 71 START
2019-11-25 07:37:02.251 26286 INFO rally.task.runner [-] Task 8b942cc7-0e23-4033-9c60-683248064744 | ITER: 51 END: OK
2019-11-25 07:37:02.255 26286 INFO rally.task.runner [-] Task 8b942cc7-0e23-4033-9c60-683248064744 | ITER: 72 START
2019-11-25 07:37:02.346 26286 INFO rally.task.runner [-] Task 8b942cc7-0e23-4033-9c60-683248064744 | ITER: 46 END: OK
2019-11-25 07:37:02.350 26286 INFO rally.task.runner [-] Task 8b942cc7-0e23-4033-9c60-683248064744 | ITER: 73 START
2019-11-25 07:37:02.693 26284 INFO rally.task.runner [-] Task 8b942cc7-0e23-4033-9c60-683248064744 | ITER: 48 END: OK
2019-11-25 07:37:02.697 26284 INFO rally.task.runner [-] Task 8b942cc7-0e23-4033-9c60-683248064744 | ITER: 74 START
2019-11-25 07:37:02.713 26290 INFO rally.task.runner [-] Task 8b942cc7-0e23-4033-9c60-683248064744 | ITER: 47 END: OK
2019-11-25 07:37:02.717 26290 INFO rally.task.runner [-] Task 8b942cc7-0e23-4033-9c60-683248064744 | ITER: 75 START
2019-11-25 07:37:02.748 26285 INFO rally.task.runner [-] Task 8b942cc7-0e23-4033-9c60-683248064744 | ITER: 60 END: OK
2019-11-25 07:37:02.751 26285 INFO rally.task.runner [-] Task 8b942cc7-0e23-4033-9c60-683248064744 | ITER: 76 START
2019-11-25 07:37:03.193 26293 INFO rally.task.runner [-] Task 8b942cc7-0e23-4033-9c60-683248064744 | ITER: 61 END: OK
2019-11-25 07:37:03.196 26293 INFO rally.task.runner [-] Task 8b942cc7-0e23-4033-9c60-683248064744 | ITER: 77 START
2019-11-25 07:37:03.197 26284 INFO rally.task.runner [-] Task 8b942cc7-0e23-4033-9c60-683248064744 | ITER: 57 END: OK
2019-11-25 07:37:03.200 26284 INFO rally.task.runner [-] Task 8b942cc7-0e23-4033-9c60-683248064744 | ITER: 78 START
2019-11-25 07:37:03.413 26310 INFO rally.task.runner [-] Task 8b942cc7-0e23-4033-9c60-683248064744 | ITER: 59 END: OK
2019-11-25 07:37:03.417 26310 INFO rally.task.runner [-] Task 8b942cc7-0e23-4033-9c60-683248064744 | ITER: 79 START
2019-11-25 07:37:03.475 26309 INFO rally.task.runner [-] Task 8b942cc7-0e23-4033-9c60-683248064744 | ITER: 69 END: OK
2019-11-25 07:37:03.478 26309 INFO rally.task.runner [-] Task 8b942cc7-0e23-4033-9c60-683248064744 | ITER: 80 START
2019-11-25 07:37:03.526 26322 INFO rally.task.runner [-] Task 8b942cc7-0e23-4033-9c60-683248064744 | ITER: 55 END: OK
2019-11-25 07:37:03.530 26322 INFO rally.task.runner [-] Task 8b942cc7-0e23-4033-9c60-683248064744 | ITER: 81 START
2019-11-25 07:37:03.540 26328 INFO rally.task.runner [-] Task 8b942cc7-0e23-4033-9c60-683248064744 | ITER: 68 END: OK
2019-11-25 07:37:03.544 26328 INFO rally.task.runner [-] Task 8b942cc7-0e23-4033-9c60-683248064744 | ITER: 82 START
2019-11-25 07:37:03.548 26285 INFO rally.task.runner [-] Task 8b942cc7-0e23-4033-9c60-683248064744 | ITER: 66 END: OK
2019-11-25 07:37:03.552 26285 INFO rally.task.runner [-] Task 8b942cc7-0e23-4033-9c60-683248064744 | ITER: 83 START
2019-11-25 07:37:03.563 26302 INFO rally.task.runner [-] Task 8b942cc7-0e23-4033-9c60-683248064744 | ITER: 58 END: OK
2019-11-25 07:37:03.567 26302 INFO rally.task.runner [-] Task 8b942cc7-0e23-4033-9c60-683248064744 | ITER: 84 START
2019-11-25 07:37:03.588 26287 INFO rally.task.runner [-] Task 8b942cc7-0e23-4033-9c60-683248064744 | ITER: 64 END: OK
2019-11-25 07:37:03.592 26287 INFO rally.task.runner [-] Task 8b942cc7-0e23-4033-9c60-683248064744 | ITER: 85 START
2019-11-25 07:37:03.717 26287 INFO rally.task.runner [-] Task 8b942cc7-0e23-4033-9c60-683248064744 | ITER: 65 END: OK
2019-11-25 07:37:03.721 26287 INFO rally.task.runner [-] Task 8b942cc7-0e23-4033-9c60-683248064744 | ITER: 86 START
2019-11-25 07:37:04.001 26319 INFO rally.task.runner [-] Task 8b942cc7-0e23-4033-9c60-683248064744 | ITER: 67 END: OK
2019-11-25 07:37:04.004 26319 INFO rally.task.runner [-] Task 8b942cc7-0e23-4033-9c60-683248064744 | ITER: 87 START
2019-11-25 07:37:04.185 26325 INFO rally.task.runner [-] Task 8b942cc7-0e23-4033-9c60-683248064744 | ITER: 71 END: OK
2019-11-25 07:37:04.189 26325 INFO rally.task.runner [-] Task 8b942cc7-0e23-4033-9c60-683248064744 | ITER: 88 START
2019-11-25 07:37:04.253 26284 INFO rally.task.runner [-] Task 8b942cc7-0e23-4033-9c60-683248064744 | ITER: 78 END: OK
2019-11-25 07:37:04.256 26284 INFO rally.task.runner [-] Task 8b942cc7-0e23-4033-9c60-683248064744 | ITER: 89 START
2019-11-25 07:37:04.288 26286 INFO rally.task.runner [-] Task 8b942cc7-0e23-4033-9c60-683248064744 | ITER: 72 END: OK
2019-11-25 07:37:04.290 26304 INFO rally.task.runner [-] Task 8b942cc7-0e23-4033-9c60-683248064744 | ITER: 63 END: OK
2019-11-25 07:37:04.292 26286 INFO rally.task.runner [-] Task 8b942cc7-0e23-4033-9c60-683248064744 | ITER: 90 START
2019-11-25 07:37:04.294 26304 INFO rally.task.runner [-] Task 8b942cc7-0e23-4033-9c60-683248064744 | ITER: 91 START
2019-11-25 07:37:04.309 26293 INFO rally.task.runner [-] Task 8b942cc7-0e23-4033-9c60-683248064744 | ITER: 77 END: OK
2019-11-25 07:37:04.312 26293 INFO rally.task.runner [-] Task 8b942cc7-0e23-4033-9c60-683248064744 | ITER: 92 START
2019-11-25 07:37:04.432 26290 INFO rally.task.runner [-] Task 8b942cc7-0e23-4033-9c60-683248064744 | ITER: 75 END: OK
2019-11-25 07:37:04.436 26290 INFO rally.task.runner [-] Task 8b942cc7-0e23-4033-9c60-683248064744 | ITER: 93 START
2019-11-25 07:37:04.635 26331 INFO rally.task.runner [-] Task 8b942cc7-0e23-4033-9c60-683248064744 | ITER: 70 END: OK
2019-11-25 07:37:04.639 26331 INFO rally.task.runner [-] Task 8b942cc7-0e23-4033-9c60-683248064744 | ITER: 94 START
2019-11-25 07:37:04.995 26297 INFO rally.task.runner [-] Task 8b942cc7-0e23-4033-9c60-683248064744 | ITER: 62 END: OK
2019-11-25 07:37:04.998 26297 INFO rally.task.runner [-] Task 8b942cc7-0e23-4033-9c60-683248064744 | ITER: 95 START
2019-11-25 07:37:05.295 26309 INFO rally.task.runner [-] Task 8b942cc7-0e23-4033-9c60-683248064744 | ITER: 80 END: OK
2019-11-25 07:37:05.297 26310 INFO rally.task.runner [-] Task 8b942cc7-0e23-4033-9c60-683248064744 | ITER: 79 END: OK
2019-11-25 07:37:05.299 26309 INFO rally.task.runner [-] Task 8b942cc7-0e23-4033-9c60-683248064744 | ITER: 96 START
2019-11-25 07:37:05.301 26310 INFO rally.task.runner [-] Task 8b942cc7-0e23-4033-9c60-683248064744 | ITER: 97 START
2019-11-25 07:37:05.405 26286 INFO rally.task.runner [-] Task 8b942cc7-0e23-4033-9c60-683248064744 | ITER: 73 END: OK
2019-11-25 07:37:05.409 26286 INFO rally.task.runner [-] Task 8b942cc7-0e23-4033-9c60-683248064744 | ITER: 98 START
2019-11-25 07:37:05.487 26285 INFO rally.task.runner [-] Task 8b942cc7-0e23-4033-9c60-683248064744 | ITER: 76 END: OK
2019-11-25 07:37:05.488 26284 INFO rally.task.runner [-] Task 8b942cc7-0e23-4033-9c60-683248064744 | ITER: 74 END: OK
2019-11-25 07:37:05.491 26285 INFO rally.task.runner [-] Task 8b942cc7-0e23-4033-9c60-683248064744 | ITER: 99 START
2019-11-25 07:37:05.492 26284 INFO rally.task.runner [-] Task 8b942cc7-0e23-4033-9c60-683248064744 | ITER: 100 START
2019-11-25 07:37:05.505 26328 INFO rally.task.runner [-] Task 8b942cc7-0e23-4033-9c60-683248064744 | ITER: 82 END: OK
2019-11-25 07:37:05.527 26302 INFO rally.task.runner [-] Task 8b942cc7-0e23-4033-9c60-683248064744 | ITER: 84 END: OK
2019-11-25 07:37:05.537 26285 INFO rally.task.runner [-] Task 8b942cc7-0e23-4033-9c60-683248064744 | ITER: 83 END: OK
2019-11-25 07:37:05.749 26322 INFO rally.task.runner [-] Task 8b942cc7-0e23-4033-9c60-683248064744 | ITER: 81 END: OK
2019-11-25 07:37:05.893 26325 INFO rally.task.runner [-] Task 8b942cc7-0e23-4033-9c60-683248064744 | ITER: 88 END: OK
2019-11-25 07:37:05.907 26319 INFO rally.task.runner [-] Task 8b942cc7-0e23-4033-9c60-683248064744 | ITER: 87 END: OK
2019-11-25 07:37:05.909 26304 INFO rally.task.runner [-] Task 8b942cc7-0e23-4033-9c60-683248064744 | ITER: 91 END: OK
2019-11-25 07:37:06.011 26287 INFO rally.task.runner [-] Task 8b942cc7-0e23-4033-9c60-683248064744 | ITER: 86 END: OK
2019-11-25 07:37:06.062 26287 INFO rally.task.runner [-] Task 8b942cc7-0e23-4033-9c60-683248064744 | ITER: 85 END: OK
2019-11-25 07:37:06.108 26297 INFO rally.task.runner [-] Task 8b942cc7-0e23-4033-9c60-683248064744 | ITER: 95 END: OK
2019-11-25 07:37:06.150 26286 INFO rally.task.runner [-] Task 8b942cc7-0e23-4033-9c60-683248064744 | ITER: 90 END: OK
2019-11-25 07:37:06.244 26293 INFO rally.task.runner [-] Task 8b942cc7-0e23-4033-9c60-683248064744 | ITER: 92 END: OK
2019-11-25 07:37:06.312 26309 INFO rally.task.runner [-] Task 8b942cc7-0e23-4033-9c60-683248064744 | ITER: 96 END: OK
2019-11-25 07:37:06.340 26286 INFO rally.task.runner [-] Task 8b942cc7-0e23-4033-9c60-683248064744 | ITER: 98 END: OK
2019-11-25 07:37:06.402 26285 INFO rally.task.runner [-] Task 8b942cc7-0e23-4033-9c60-683248064744 | ITER: 99 END: OK
2019-11-25 07:37:06.493 26310 INFO rally.task.runner [-] Task 8b942cc7-0e23-4033-9c60-683248064744 | ITER: 97 END: OK
2019-11-25 07:37:06.494 26331 INFO rally.task.runner [-] Task 8b942cc7-0e23-4033-9c60-683248064744 | ITER: 94 END: OK
2019-11-25 07:37:06.641 26290 INFO rally.task.runner [-] Task 8b942cc7-0e23-4033-9c60-683248064744 | ITER: 93 END: OK
2019-11-25 07:37:06.690 26284 INFO rally.task.runner [-] Task 8b942cc7-0e23-4033-9c60-683248064744 | ITER: 89 END: OK
2019-11-25 07:37:06.733 26284 INFO rally.task.runner [-] Task 8b942cc7-0e23-4033-9c60-683248064744 | ITER: 100 END: OK
2019-11-25 07:37:06.762 26160 INFO rally.task.context [-] Task 8b942cc7-0e23-4033-9c60-683248064744 | Context cleanup@openstack cleanup() started
2019-11-25 07:37:06.765 26160 RALLYDEBUG rally_openstack.cleanup.manager [-] Cleaning up neutron vip objects
2019-11-25 07:37:07.152 26160 RALLYDEBUG rally_openstack.cleanup.manager [-] Cleaning up neutron health_monitor objects
2019-11-25 07:37:07.543 26160 RALLYDEBUG rally_openstack.cleanup.manager [-] Cleaning up neutron pool objects
2019-11-25 07:37:07.929 26160 RALLYDEBUG rally_openstack.cleanup.manager [-] Cleaning up neutron loadbalancer objects
2019-11-25 07:37:08.306 26160 RALLYDEBUG rally_openstack.cleanup.manager [-] Cleaning up neutron floatingip objects
2019-11-25 07:37:08.738 26160 RALLYDEBUG rally_openstack.cleanup.manager [-] Cleaning up neutron trunk objects
2019-11-25 07:37:09.136 26160 RALLYDEBUG rally_openstack.cleanup.manager [-] Cleaning up neutron port objects
2019-11-25 07:37:09.539 26160 RALLYDEBUG rally_openstack.cleanup.manager [-] Cleaning up neutron subnet objects
2019-11-25 07:37:09.953 26160 RALLYDEBUG rally_openstack.cleanup.manager [-] Cleaning up neutron network objects
2019-11-25 07:37:10.661 26160 RALLYDEBUG rally_openstack.cleanup.manager [-] Deleting neutron.network object s_rally_b71fbba1_XLDkVnZI (00a03775-9f23-47a8-9964-5abf7bc79292)
2019-11-25 07:37:10.662 26160 RALLYDEBUG rally_openstack.cleanup.manager [-] Deleting neutron.network object s_rally_b71fbba1_g0USu16v (0bc3ae09-12e8-46fa-a635-e3c7bd7ff9ee)
2019-11-25 07:37:10.667 26160 RALLYDEBUG rally_openstack.cleanup.manager [-] Deleting neutron.network object s_rally_b71fbba1_SR2ApwTA (10599e20-150e-4169-9b66-791b472c6161)
2019-11-25 07:37:10.675 26160 RALLYDEBUG rally_openstack.cleanup.manager [-] Deleting neutron.network object s_rally_b71fbba1_aPLgJUMf (1c4598ed-bbf9-4696-bec9-d4d277d7e297)
2019-11-25 07:37:10.685 26160 RALLYDEBUG rally_openstack.cleanup.manager [-] Deleting neutron.network object s_rally_b71fbba1_Fkzzbcav (20ebe9b1-6e52-446e-b50c-01d438a6035f)
2019-11-25 07:37:10.690 26160 RALLYDEBUG rally_openstack.cleanup.manager [-] Deleting neutron.network object s_rally_b71fbba1_BeNRI3td (02cdc6da-d30f-4cd0-9262-775b4648a515)
2019-11-25 07:37:10.693 26160 RALLYDEBUG rally_openstack.cleanup.manager [-] Deleting neutron.network object s_rally_b71fbba1_uYcfe0wI (09eb3893-a5b9-4453-89f5-98ff0b62dec8)
2019-11-25 07:37:10.700 26160 RALLYDEBUG rally_openstack.cleanup.manager [-] Deleting neutron.network object s_rally_b71fbba1_1jZxalVE (1cbf8046-bba3-4ed5-a436-f8af89b88cc4)
2019-11-25 07:37:10.703 26160 RALLYDEBUG rally_openstack.cleanup.manager [-] Deleting neutron.network object s_rally_b71fbba1_vlRvbaJw (2210b1e2-e27e-453b-a1a2-cf7ff1dc930a)
2019-11-25 07:37:10.705 26160 RALLYDEBUG rally_openstack.cleanup.manager [-] Deleting neutron.network object s_rally_b71fbba1_BPkbVttx (1665cbdc-81e4-4089-ab86-be70b7c7be9e)
2019-11-25 07:37:10.707 26160 RALLYDEBUG rally_openstack.cleanup.manager [-] Deleting neutron.network object s_rally_b71fbba1_MNddkKRn (076175ad-ae9f-49da-bf36-81bb2392a41f)
2019-11-25 07:37:10.711 26160 RALLYDEBUG rally_openstack.cleanup.manager [-] Deleting neutron.network object s_rally_b71fbba1_oP8GMOsg (2562ced7-de90-44ac-b12f-bce68ef7d7c0)
2019-11-25 07:37:10.713 26160 RALLYDEBUG rally_openstack.cleanup.manager [-] Deleting neutron.network object s_rally_b71fbba1_khOfkwxw (2194c196-d925-429c-be4a-4dcac4b4dbfb)
2019-11-25 07:37:10.719 26160 RALLYDEBUG rally_openstack.cleanup.manager [-] Deleting neutron.network object s_rally_b71fbba1_xbYvt6uf (23379536-b1e8-4980-b8bd-545d7a498546)
2019-11-25 07:37:10.724 26160 RALLYDEBUG rally_openstack.cleanup.manager [-] Deleting neutron.network object s_rally_b71fbba1_iWoXgKwi (218ce70d-d708-4084-a81e-bed37eab5c71)
2019-11-25 07:37:10.727 26160 RALLYDEBUG rally_openstack.cleanup.manager [-] Deleting neutron.network object s_rally_b71fbba1_vMIzOJob (22f95b1f-9d15-48bb-bd56-f714e6c9794e)
2019-11-25 07:37:10.729 26160 RALLYDEBUG rally_openstack.cleanup.manager [-] Deleting neutron.network object s_rally_b71fbba1_cAeZdo8Q (06eaab9e-235d-4561-b0af-95341b8af10b)
2019-11-25 07:37:10.730 26160 RALLYDEBUG rally_openstack.cleanup.manager [-] Deleting neutron.network object s_rally_b71fbba1_r0QTw7lF (0aad3f6e-1d78-43b3-b9fc-18a674500bcb)
2019-11-25 07:37:10.749 26160 RALLYDEBUG rally_openstack.cleanup.manager [-] Deleting neutron.network object s_rally_b71fbba1_9IzaVSEu (15e5f126-765b-4495-9776-a88aa26ecb11)
2019-11-25 07:37:10.776 26160 RALLYDEBUG rally_openstack.cleanup.manager [-] Deleting neutron.network object s_rally_b71fbba1_vAODHFgO (1d9a8674-c30a-48e0-970a-a824092c90de)
2019-11-25 07:37:13.525 26160 RALLYDEBUG rally_openstack.cleanup.manager [-] Deleting neutron.network object s_rally_b71fbba1_4VHXRLjZ (29a07c85-3b01-497e-90db-7cf013534ef3)
2019-11-25 07:37:13.551 26160 RALLYDEBUG rally_openstack.cleanup.manager [-] Deleting neutron.network object s_rally_b71fbba1_mX9LPd1b (2b71e81f-5285-43ca-af30-890876e8621a)
2019-11-25 07:37:13.615 26160 RALLYDEBUG rally_openstack.cleanup.manager [-] Deleting neutron.network object s_rally_b71fbba1_HxroC5Q8 (2d6746f1-6bad-4bb8-8f97-da09eb69411d)
2019-11-25 07:37:13.643 26160 RALLYDEBUG rally_openstack.cleanup.manager [-] Deleting neutron.network object s_rally_b71fbba1_P0Uc8XNN (2d947c5c-f6e1-4d74-ab32-535dfc631d07)
2019-11-25 07:37:13.651 26160 RALLYDEBUG rally_openstack.cleanup.manager [-] Deleting neutron.network object s_rally_b71fbba1_QtxGQDGT (2e667d8c-f010-42e8-a496-5011b9b2f2c3)
2019-11-25 07:37:13.677 26160 RALLYDEBUG rally_openstack.cleanup.manager [-] Deleting neutron.network object s_rally_b71fbba1_fh32q9Z4 (2ef67648-34a1-4203-9716-d8229694e8c6)
2019-11-25 07:37:13.692 26160 RALLYDEBUG rally_openstack.cleanup.manager [-] Deleting neutron.network object s_rally_b71fbba1_RqcensVz (2efb0cb4-001a-432e-ba07-2f3ee9499453)
2019-11-25 07:37:13.710 26160 RALLYDEBUG rally_openstack.cleanup.manager [-] Deleting neutron.network object s_rally_b71fbba1_77wOe6XD (3130660b-90ab-4eed-bb4c-e0790ee68022)
2019-11-25 07:37:13.796 26160 RALLYDEBUG rally_openstack.cleanup.manager [-] Deleting neutron.network object s_rally_b71fbba1_t5om8LQB (33e4ae1d-50c5-4636-a34d-4ca283ee91da)
2019-11-25 07:37:13.799 26160 RALLYDEBUG rally_openstack.cleanup.manager [-] Deleting neutron.network object s_rally_b71fbba1_D2taRXVp (3418faac-27de-44f9-91d0-389be3a8e760)
2019-11-25 07:37:13.874 26160 RALLYDEBUG rally_openstack.cleanup.manager [-] Deleting neutron.network object s_rally_b71fbba1_2BEApQks (371103e4-9645-4466-8709-c841ee6148e0)
2019-11-25 07:37:14.446 26160 RALLYDEBUG rally_openstack.cleanup.manager [-] Deleting neutron.network object s_rally_b71fbba1_r6EvtCNQ (3e9d639e-34a3-49fe-9d5a-c2b55f407f99)
2019-11-25 07:37:14.447 26160 RALLYDEBUG rally_openstack.cleanup.manager [-] Deleting neutron.network object s_rally_b71fbba1_AmuerhTA (444864c2-8d5b-4e21-9fae-6069e52ecba6)
2019-11-25 07:37:14.501 26160 RALLYDEBUG rally_openstack.cleanup.manager [-] Deleting neutron.network object s_rally_b71fbba1_pycvX9oK (4a86f735-1b61-4c43-a431-447d07272750)
2019-11-25 07:37:14.588 26160 RALLYDEBUG rally_openstack.cleanup.manager [-] Deleting neutron.network object s_rally_b71fbba1_t1VqQ1jS (4c5b6fcd-811e-4e17-8b98-d8eb314be245)
2019-11-25 07:37:14.591 26160 RALLYDEBUG rally_openstack.cleanup.manager [-] Deleting neutron.network object s_rally_b71fbba1_qSWjGK9x (53f40d99-fae9-4226-b6d2-7e1012b8b8c5)
2019-11-25 07:37:14.619 26160 RALLYDEBUG rally_openstack.cleanup.manager [-] Deleting neutron.network object s_rally_b71fbba1_7ea7MkdT (541f3d90-8580-42a4-9b48-beb223eca9b4)
2019-11-25 07:37:15.101 26160 RALLYDEBUG rally_openstack.cleanup.manager [-] Deleting neutron.network object s_rally_b71fbba1_oPDdZ5dN (5440c373-accf-43f4-a78c-986f67b8a70d)
2019-11-25 07:37:15.115 26160 RALLYDEBUG rally_openstack.cleanup.manager [-] Deleting neutron.network object s_rally_b71fbba1_2gcOpdt4 (56afe233-b6e8-4424-889e-46d926fc720a)
2019-11-25 07:37:15.283 26160 RALLYDEBUG rally_openstack.cleanup.manager [-] Deleting neutron.network object s_rally_b71fbba1_qYMYdRqs (56dfb9e6-b157-4e33-9d6e-c6588648b81d)
2019-11-25 07:37:15.955 26160 RALLYDEBUG rally_openstack.cleanup.manager [-] Deleting neutron.network object s_rally_b71fbba1_5CD3kQmT (5833ceca-bd2b-416e-9328-fabf8847c05c)
2019-11-25 07:37:15.991 26160 RALLYDEBUG rally_openstack.cleanup.manager [-] Deleting neutron.network object s_rally_b71fbba1_z8QD8elF (58ecf582-7c16-4e20-8105-6526d518ce56)
2019-11-25 07:37:16.068 26160 RALLYDEBUG rally_openstack.cleanup.manager [-] Deleting neutron.network object s_rally_b71fbba1_1kVlVxvC (5af1a871-86c0-4c84-9a10-6c4a992e4861)
2019-11-25 07:37:16.101 26160 RALLYDEBUG rally_openstack.cleanup.manager [-] Deleting neutron.network object s_rally_b71fbba1_WrqfpDIG (5d755d56-a577-419e-8803-994fe0ff545d)
2019-11-25 07:37:16.117 26160 RALLYDEBUG rally_openstack.cleanup.manager [-] Deleting neutron.network object s_rally_b71fbba1_KL79d3dJ (60a2fcb7-13af-403b-a924-e7f66be691db)
2019-11-25 07:37:16.123 26160 RALLYDEBUG rally_openstack.cleanup.manager [-] Deleting neutron.network object s_rally_b71fbba1_yNatjIbz (60ed91c6-9c7e-4ba2-9482-c36b3cead688)
2019-11-25 07:37:16.259 26160 RALLYDEBUG rally_openstack.cleanup.manager [-] Deleting neutron.network object s_rally_b71fbba1_mQXdrUCI (68b5ca09-db96-48e4-81f1-9f6f4513ad75)
2019-11-25 07:37:16.313 26160 RALLYDEBUG rally_openstack.cleanup.manager [-] Deleting neutron.network object s_rally_b71fbba1_iwTmLZKB (697d5e33-4cd6-4e94-9a93-3a4624eff83f)
2019-11-25 07:37:16.340 26160 RALLYDEBUG rally_openstack.cleanup.manager [-] Deleting neutron.network object s_rally_b71fbba1_yWX7RGST (699e5d37-d099-43f9-bc49-94933b3881a6)
2019-11-25 07:37:16.443 26160 RALLYDEBUG rally_openstack.cleanup.manager [-] Deleting neutron.network object s_rally_b71fbba1_Q6QC3jtS (6b850e00-d910-4be6-aa15-afad9428253a)
2019-11-25 07:37:16.509 26160 RALLYDEBUG rally_openstack.cleanup.manager [-] Deleting neutron.network object s_rally_b71fbba1_HgzZBjGY (747ceda3-9b28-4aa7-b5b9-1f4cad88e995)
2019-11-25 07:37:16.659 26160 RALLYDEBUG rally_openstack.cleanup.manager [-] Deleting neutron.network object s_rally_b71fbba1_tdD2lohO (76c9993e-c369-4bc9-b111-551142b1ef45)
2019-11-25 07:37:16.721 26160 RALLYDEBUG rally_openstack.cleanup.manager [-] Deleting neutron.network object s_rally_b71fbba1_BRZhhxWE (7767f504-0eee-4deb-8172-d2c46808f0a3)
2019-11-25 07:37:16.854 26160 RALLYDEBUG rally_openstack.cleanup.manager [-] Deleting neutron.network object s_rally_b71fbba1_B3zS0eCJ (782d11dc-becd-40e4-ba50-97d774b461c8)
2019-11-25 07:37:16.966 26160 RALLYDEBUG rally_openstack.cleanup.manager [-] Deleting neutron.network object s_rally_b71fbba1_ipvsXWob (78ce7ecf-ec69-46df-af7e-98640c789e49)
2019-11-25 07:37:17.035 26160 RALLYDEBUG rally_openstack.cleanup.manager [-] Deleting neutron.network object s_rally_b71fbba1_88Mbvwxm (7b3cf009-f83a-4d65-b452-1770d8d60b2c)
2019-11-25 07:37:17.114 26160 RALLYDEBUG rally_openstack.cleanup.manager [-] Deleting neutron.network object s_rally_b71fbba1_cAwpkGoi (7c494456-c6da-401e-a5c0-e5f6aac8ed61)
2019-11-25 07:37:17.165 26160 RALLYDEBUG rally_openstack.cleanup.manager [-] Deleting neutron.network object s_rally_b71fbba1_XbeAPB7x (7c5e6093-d63d-4eeb-a9a4-91f403190286)
2019-11-25 07:37:17.476 26160 RALLYDEBUG rally_openstack.cleanup.manager [-] Deleting neutron.network object s_rally_b71fbba1_LIYB0HS0 (7ed77901-60c5-401f-9bd9-79915097a82c)
2019-11-25 07:37:17.688 26160 RALLYDEBUG rally_openstack.cleanup.manager [-] Deleting neutron.network object s_rally_b71fbba1_1pZ7zHOZ (81d58c4e-aae9-4931-9b52-929ece896d74)
2019-11-25 07:37:17.929 26160 RALLYDEBUG rally_openstack.cleanup.manager [-] Deleting neutron.network object s_rally_b71fbba1_hHdB4gRj (81eda571-15ec-444c-8868-18102db8dd75)
2019-11-25 07:37:18.145 26160 RALLYDEBUG rally_openstack.cleanup.manager [-] Deleting neutron.network object s_rally_b71fbba1_UFhCZTWz (830b3fe0-2f2e-4f76-aa74-cc82748dd7e7)
2019-11-25 07:37:18.452 26160 RALLYDEBUG rally_openstack.cleanup.manager [-] Deleting neutron.network object s_rally_b71fbba1_DsMlv9Bc (87f14825-9082-4e5a-a3ec-e26b388c8ba6)
2019-11-25 07:37:18.571 26160 RALLYDEBUG rally_openstack.cleanup.manager [-] Deleting neutron.network object s_rally_b71fbba1_T3z6GqBL (88b5ac23-524a-4eee-9c4d-52a6521cb0e0)
2019-11-25 07:37:18.600 26160 RALLYDEBUG rally_openstack.cleanup.manager [-] Deleting neutron.network object s_rally_b71fbba1_hjCkj7Pj (898232b8-af66-45ab-8dc7-66fc9365ba40)
2019-11-25 07:37:19.012 26160 RALLYDEBUG rally_openstack.cleanup.manager [-] Deleting neutron.network object s_rally_b71fbba1_o8h2kYTZ (95737381-e6e8-48de-8caa-9963152ca439)
2019-11-25 07:37:19.070 26160 RALLYDEBUG rally_openstack.cleanup.manager [-] Deleting neutron.network object s_rally_b71fbba1_nuKWKunU (a6c20d30-af0e-4633-a257-6fb7d93ea8a9)
2019-11-25 07:37:19.298 26160 RALLYDEBUG rally_openstack.cleanup.manager [-] Deleting neutron.network object s_rally_b71fbba1_XSSnvWaz (aab93c16-35c1-4500-b64c-05109b1334d6)
2019-11-25 07:37:19.315 26160 RALLYDEBUG rally_openstack.cleanup.manager [-] Deleting neutron.network object s_rally_b71fbba1_mGK7oZq3 (af6221b8-c070-4abe-91cf-c624025dc774)
2019-11-25 07:37:19.325 26160 RALLYDEBUG rally_openstack.cleanup.manager [-] Deleting neutron.network object s_rally_b71fbba1_Oj1OtrYA (b0c5d0c3-659f-4b66-8baf-2aed6939f0b0)
2019-11-25 07:37:19.327 26160 RALLYDEBUG rally_openstack.cleanup.manager [-] Deleting neutron.network object s_rally_b71fbba1_cx3Z2kmq (b4d36270-359f-4d09-8061-957610ed000e)
2019-11-25 07:37:19.363 26160 RALLYDEBUG rally_openstack.cleanup.manager [-] Deleting neutron.network object s_rally_b71fbba1_GNKlC9on (b589bdb3-4d4f-4d70-ae34-a4c4ac3778cf)
2019-11-25 07:37:19.441 26160 RALLYDEBUG rally_openstack.cleanup.manager [-] Deleting neutron.network object s_rally_b71fbba1_RjZJXyLH (ba7e1a06-6afc-477e-8149-2b61c846f769)
2019-11-25 07:37:19.483 26160 RALLYDEBUG rally_openstack.cleanup.manager [-] Deleting neutron.network object s_rally_b71fbba1_dS35Mr4Y (bbccbbd8-1af7-442e-a6be-87be66cb9637)
2019-11-25 07:37:19.496 26160 RALLYDEBUG rally_openstack.cleanup.manager [-] Deleting neutron.network object s_rally_b71fbba1_WXTnLEkK (c1ee5050-5017-409d-b927-9ffbc7195eac)
2019-11-25 07:37:19.496 26160 RALLYDEBUG rally_openstack.cleanup.manager [-] Deleting neutron.network object s_rally_b71fbba1_oHBBloyY (c2903667-00a0-4f2c-9d24-44afa6044938)
2019-11-25 07:37:19.526 26160 RALLYDEBUG rally_openstack.cleanup.manager [-] Deleting neutron.network object s_rally_b71fbba1_aBrBUQcU (c2d7dd81-98ad-40d6-97dc-c6c261353114)
2019-11-25 07:37:19.785 26160 RALLYDEBUG rally_openstack.cleanup.manager [-] Deleting neutron.network object s_rally_b71fbba1_8fyhYSwC (c385847f-003c-4e37-b5fe-c9a9dd241d35)
2019-11-25 07:37:19.976 26160 RALLYDEBUG rally_openstack.cleanup.manager [-] Deleting neutron.network object s_rally_b71fbba1_kM8nd4b2 (c3b31f15-6d46-4c7c-9a1b-e606e0bd554b)
2019-11-25 07:37:20.031 26160 RALLYDEBUG rally_openstack.cleanup.manager [-] Deleting neutron.network object s_rally_b71fbba1_iU2QenVy (c459faed-757a-409d-9b13-0db068a3f6e6)
2019-11-25 07:37:20.376 26160 RALLYDEBUG rally_openstack.cleanup.manager [-] Deleting neutron.network object s_rally_b71fbba1_pFY9KJAW (c7898c05-d74a-4c5e-a277-aafd39533a4f)
2019-11-25 07:37:20.379 26160 RALLYDEBUG rally_openstack.cleanup.manager [-] Deleting neutron.network object s_rally_b71fbba1_edjNKaW8 (ca975e71-d1f5-4d4a-9ad6-4562b25a6a0e)
2019-11-25 07:37:20.392 26160 RALLYDEBUG rally_openstack.cleanup.manager [-] Deleting neutron.network object s_rally_b71fbba1_xpKosSf6 (d2de071b-8095-459b-916b-2e83131c6d43)
2019-11-25 07:37:20.825 26160 RALLYDEBUG rally_openstack.cleanup.manager [-] Deleting neutron.network object s_rally_b71fbba1_BQYdcGXd (d341aabc-6145-4f8a-88bb-0d6431e12104)
2019-11-25 07:37:20.949 26160 RALLYDEBUG rally_openstack.cleanup.manager [-] Deleting neutron.network object s_rally_b71fbba1_UGEOVuGe (d589db7d-4718-4cd5-a68c-85329da09871)
2019-11-25 07:37:21.419 26160 RALLYDEBUG rally_openstack.cleanup.manager [-] Deleting neutron.network object s_rally_b71fbba1_ytgbPChs (d7144d27-5c10-4fcd-85c0-977549d4bec4)
2019-11-25 07:37:21.501 26160 RALLYDEBUG rally_openstack.cleanup.manager [-] Deleting neutron.network object s_rally_b71fbba1_Ge5PA2jP (d8938a08-769d-40dc-a818-ae6cd1a13787)
2019-11-25 07:37:21.891 26160 RALLYDEBUG rally_openstack.cleanup.manager [-] Deleting neutron.network object s_rally_b71fbba1_CHmcAk6z (db6b7ac0-c87a-4a5b-a46e-163155cb486f)
2019-11-25 07:37:22.082 26160 RALLYDEBUG rally_openstack.cleanup.manager [-] Deleting neutron.network object s_rally_b71fbba1_6ToUkiEw (dcf95075-29aa-4d5d-9522-f4a4d64157b5)
2019-11-25 07:37:22.090 26160 RALLYDEBUG rally_openstack.cleanup.manager [-] Deleting neutron.network object s_rally_b71fbba1_3tXBJlP1 (dfc58aca-ee04-4f24-99bf-f2979a3f65fa)
2019-11-25 07:37:22.125 26160 RALLYDEBUG rally_openstack.cleanup.manager [-] Deleting neutron.network object s_rally_b71fbba1_ehIxJ8jB (e33aa7f7-649d-4b6c-be6a-9c01c04d965d)
2019-11-25 07:37:22.149 26160 RALLYDEBUG rally_openstack.cleanup.manager [-] Deleting neutron.network object s_rally_b71fbba1_xPrc6X1i (e71bc550-19d8-40d8-b9d2-094579eac5a5)
2019-11-25 07:37:22.234 26160 RALLYDEBUG rally_openstack.cleanup.manager [-] Deleting neutron.network object s_rally_b71fbba1_nUde5UJf (e9f4df62-3ee1-40dc-bbec-a314b0667bb4)
2019-11-25 07:37:22.382 26160 RALLYDEBUG rally_openstack.cleanup.manager [-] Deleting neutron.network object s_rally_b71fbba1_6cJpXCh5 (eaa4c11d-0d94-47a7-81da-d435162c4941)
2019-11-25 07:37:22.420 26160 RALLYDEBUG rally_openstack.cleanup.manager [-] Deleting neutron.network object s_rally_b71fbba1_0cyP24oO (edb1dfd0-795a-4c5c-8dea-b3e991c87a34)
2019-11-25 07:37:22.481 26160 RALLYDEBUG rally_openstack.cleanup.manager [-] Deleting neutron.network object s_rally_b71fbba1_i6Iu5yW5 (eef45b78-52c9-4026-80a2-570303f70406)
