2019-11-25 07:53:28.823 30628 INFO rally.task.runner [-] Task 8b942cc7-0e23-4033-9c60-683248064744 | ITER: 4 END: OK
2019-11-25 07:53:28.828 30628 INFO rally.task.runner [-] Task 8b942cc7-0e23-4033-9c60-683248064744 | ITER: 36 START
2019-11-25 07:53:28.829 30628 WARNING rally_openstack.scenarios.neutron.utils [-] Running this scenario without either the 'network' or 'existing_network' context is deprecated
2019-11-25 07:53:29.081 30662 INFO rally.task.runner [-] Task 8b942cc7-0e23-4033-9c60-683248064744 | ITER: 17 END: OK
2019-11-25 07:53:29.086 30662 INFO rally.task.runner [-] Task 8b942cc7-0e23-4033-9c60-683248064744 | ITER: 37 START
2019-11-25 07:53:29.087 30662 WARNING rally_openstack.scenarios.neutron.utils [-] Running this scenario without either the 'network' or 'existing_network' context is deprecated
2019-11-25 07:53:29.088 30661 INFO rally.task.runner [-] Task 8b942cc7-0e23-4033-9c60-683248064744 | ITER: 16 END: OK
2019-11-25 07:53:29.092 30661 INFO rally.task.runner [-] Task 8b942cc7-0e23-4033-9c60-683248064744 | ITER: 38 START
2019-11-25 07:53:29.093 30661 WARNING rally_openstack.scenarios.neutron.utils [-] Running this scenario without either the 'network' or 'existing_network' context is deprecated
2019-11-25 07:53:29.763 30667 INFO rally.task.runner [-] Task 8b942cc7-0e23-4033-9c60-683248064744 | ITER: 18 END: OK
2019-11-25 07:53:29.768 30667 INFO rally.task.runner [-] Task 8b942cc7-0e23-4033-9c60-683248064744 | ITER: 39 START
2019-11-25 07:53:29.769 30667 WARNING rally_openstack.scenarios.neutron.utils [-] Running this scenario without either the 'network' or 'existing_network' context is deprecated
2019-11-25 07:53:30.343 30628 INFO rally.task.runner [-] Task 8b942cc7-0e23-4033-9c60-683248064744 | ITER: 6 END: OK
2019-11-25 07:53:30.348 30628 INFO rally.task.runner [-] Task 8b942cc7-0e23-4033-9c60-683248064744 | ITER: 40 START
2019-11-25 07:53:30.349 30628 WARNING rally_openstack.scenarios.neutron.utils [-] Running this scenario without either the 'network' or 'existing_network' context is deprecated
2019-11-25 07:53:37.832 30649 INFO rally.task.runner [-] Task 8b942cc7-0e23-4033-9c60-683248064744 | ITER: 31 END: OK
2019-11-25 07:53:38.499 30635 INFO rally.task.runner [-] Task 8b942cc7-0e23-4033-9c60-683248064744 | ITER: 21 END: OK
2019-11-25 07:53:38.806 30652 INFO rally.task.runner [-] Task 8b942cc7-0e23-4033-9c60-683248064744 | ITER: 26 END: OK
2019-11-25 07:53:38.889 30629 INFO rally.task.runner [-] Task 8b942cc7-0e23-4033-9c60-683248064744 | ITER: 24 END: OK
2019-11-25 07:53:38.963 30655 INFO rally.task.runner [-] Task 8b942cc7-0e23-4033-9c60-683248064744 | ITER: 33 END: OK
2019-11-25 07:53:39.115 30627 INFO rally.task.runner [-] Task 8b942cc7-0e23-4033-9c60-683248064744 | ITER: 32 END: OK
2019-11-25 07:53:39.268 30631 INFO rally.task.runner [-] Task 8b942cc7-0e23-4033-9c60-683248064744 | ITER: 22 END: OK
2019-11-25 07:53:39.335 30658 INFO rally.task.runner [-] Task 8b942cc7-0e23-4033-9c60-683248064744 | ITER: 25 END: OK
2019-11-25 07:53:39.423 30671 INFO rally.task.runner [-] Task 8b942cc7-0e23-4033-9c60-683248064744 | ITER: 28 END: OK
2019-11-25 07:53:39.446 30626 INFO rally.task.runner [-] Task 8b942cc7-0e23-4033-9c60-683248064744 | ITER: 23 END: OK
2019-11-25 07:53:39.699 30661 INFO rally.task.runner [-] Task 8b942cc7-0e23-4033-9c60-683248064744 | ITER: 38 END: OK
2019-11-25 07:53:39.740 30670 INFO rally.task.runner [-] Task 8b942cc7-0e23-4033-9c60-683248064744 | ITER: 35 END: OK
2019-11-25 07:53:40.066 30629 INFO rally.task.runner [-] Task 8b942cc7-0e23-4033-9c60-683248064744 | ITER: 27 END: OK
2019-11-25 07:53:40.449 30628 INFO rally.task.runner [-] Task 8b942cc7-0e23-4033-9c60-683248064744 | ITER: 40 END: OK
2019-11-25 07:53:40.559 30626 INFO rally.task.runner [-] Task 8b942cc7-0e23-4033-9c60-683248064744 | ITER: 30 END: OK
2019-11-25 07:53:40.597 30628 INFO rally.task.runner [-] Task 8b942cc7-0e23-4033-9c60-683248064744 | ITER: 36 END: OK
2019-11-25 07:53:40.754 30662 INFO rally.task.runner [-] Task 8b942cc7-0e23-4033-9c60-683248064744 | ITER: 37 END: OK
2019-11-25 07:53:40.780 30627 INFO rally.task.runner [-] Task 8b942cc7-0e23-4033-9c60-683248064744 | ITER: 34 END: OK
2019-11-25 07:53:40.933 30643 INFO rally.task.runner [-] Task 8b942cc7-0e23-4033-9c60-683248064744 | ITER: 29 END: OK
2019-11-25 07:53:41.408 30667 INFO rally.task.runner [-] Task 8b942cc7-0e23-4033-9c60-683248064744 | ITER: 39 END: OK
2019-11-25 07:53:41.432 26160 INFO rally.task.context [-] Task 8b942cc7-0e23-4033-9c60-683248064744 | Context cleanup@openstack cleanup() started
2019-11-25 07:53:41.436 26160 RALLYDEBUG rally_openstack.cleanup.manager [-] Cleaning up neutron vip objects
2019-11-25 07:53:41.824 26160 RALLYDEBUG rally_openstack.cleanup.manager [-] Cleaning up neutron health_monitor objects
2019-11-25 07:53:42.209 26160 RALLYDEBUG rally_openstack.cleanup.manager [-] Cleaning up neutron pool objects
2019-11-25 07:53:42.605 26160 RALLYDEBUG rally_openstack.cleanup.manager [-] Cleaning up neutron loadbalancer objects
2019-11-25 07:53:42.989 26160 RALLYDEBUG rally_openstack.cleanup.manager [-] Cleaning up neutron floatingip objects
2019-11-25 07:53:43.414 26160 RALLYDEBUG rally_openstack.cleanup.manager [-] Cleaning up neutron trunk objects
2019-11-25 07:53:43.822 26160 RALLYDEBUG rally_openstack.cleanup.manager [-] Cleaning up neutron port objects
2019-11-25 07:53:44.256 26160 RALLYDEBUG rally_openstack.cleanup.manager [-] Cleaning up neutron subnet objects
2019-11-25 07:53:44.665 26160 RALLYDEBUG rally_openstack.cleanup.manager [-] Cleaning up neutron network objects
2019-11-25 07:53:45.307 26160 RALLYDEBUG rally_openstack.cleanup.manager [-] Deleting neutron.network object s_rally_12113a9f_0Czhpq1h (336c9a58-48e1-4607-a1e1-99be9f245e7e)
2019-11-25 07:53:45.317 26160 RALLYDEBUG rally_openstack.cleanup.manager [-] Deleting neutron.network object s_rally_12113a9f_5PTW5FM8 (15ae2218-3f25-4146-97b9-ab9d557700ce)
2019-11-25 07:53:45.317 26160 RALLYDEBUG rally_openstack.cleanup.manager [-] Deleting neutron.network object s_rally_12113a9f_jKVSSZpk (650eaef4-15dd-47c6-bfc4-dcf13a254e73)
2019-11-25 07:53:45.318 26160 RALLYDEBUG rally_openstack.cleanup.manager [-] Deleting neutron.network object s_rally_12113a9f_YDNjp6Zr (7a15f608-6207-4fe2-a396-174dc2e4dd2a)
2019-11-25 07:53:45.320 26160 RALLYDEBUG rally_openstack.cleanup.manager [-] Deleting neutron.network object s_rally_12113a9f_Hz8tj09U (34bff400-180d-414c-a09d-5edf33d9cc8b)
2019-11-25 07:53:45.321 26160 RALLYDEBUG rally_openstack.cleanup.manager [-] Deleting neutron.network object s_rally_12113a9f_oqSAlAvM (68c9463e-d537-48c7-9252-4dfb50697e00)
2019-11-25 07:53:45.321 26160 RALLYDEBUG rally_openstack.cleanup.manager [-] Deleting neutron.network object s_rally_12113a9f_g62R2Dv7 (5df13fe9-39fb-4465-a6f8-0c91ba50d65d)
2019-11-25 07:53:45.322 26160 RALLYDEBUG rally_openstack.cleanup.manager [-] Deleting neutron.network object s_rally_12113a9f_yx5FPo68 (6e7c250c-9196-4a34-9e39-c3f1abb806cc)
2019-11-25 07:53:45.326 26160 RALLYDEBUG rally_openstack.cleanup.manager [-] Deleting neutron.network object s_rally_12113a9f_mALuSMdy (095d362f-a2d9-474d-8d1c-73cc20f53754)
2019-11-25 07:53:45.334 26160 RALLYDEBUG rally_openstack.cleanup.manager [-] Deleting neutron.network object s_rally_12113a9f_ZmIYYNMW (7a643254-ba85-445a-b8a3-2610c39a70da)
2019-11-25 07:53:45.334 26160 RALLYDEBUG rally_openstack.cleanup.manager [-] Deleting neutron.network object s_rally_12113a9f_mIi1650e (215857d3-39be-4ab6-89e9-b66d8dc5f877)
2019-11-25 07:53:45.337 26160 RALLYDEBUG rally_openstack.cleanup.manager [-] Deleting neutron.network object s_rally_12113a9f_8I5U3bR6 (095fc862-8e16-43be-abae-a767f7e7c00a)
2019-11-25 07:53:45.337 26160 RALLYDEBUG rally_openstack.cleanup.manager [-] Deleting neutron.network object s_rally_12113a9f_82rNbHlf (42852499-6249-4086-b89c-3340644ca1ff)
2019-11-25 07:53:45.343 26160 RALLYDEBUG rally_openstack.cleanup.manager [-] Deleting neutron.network object s_rally_12113a9f_cHmW7fRi (78a48d81-aeaa-4483-a8fb-a83cb59180d6)
2019-11-25 07:53:45.345 26160 RALLYDEBUG rally_openstack.cleanup.manager [-] Deleting neutron.network object s_rally_12113a9f_99MgalPp (1391818d-158e-4677-9db8-5690127f93ff)
2019-11-25 07:53:45.351 26160 RALLYDEBUG rally_openstack.cleanup.manager [-] Deleting neutron.network object s_rally_12113a9f_709X9b6C (47c66a93-70b0-4e7c-8536-1434e5abc8f9)
2019-11-25 07:53:45.352 26160 RALLYDEBUG rally_openstack.cleanup.manager [-] Deleting neutron.network object s_rally_12113a9f_B8gTrWs2 (0f898cb9-8051-4044-bc6c-e5881976c2a9)
2019-11-25 07:53:45.365 26160 RALLYDEBUG rally_openstack.cleanup.manager [-] Deleting neutron.network object s_rally_12113a9f_ClMoJo9i (1840e1d4-08f5-427a-97ff-a172dbf61276)
2019-11-25 07:53:45.368 26160 RALLYDEBUG rally_openstack.cleanup.manager [-] Deleting neutron.network object s_rally_12113a9f_OypugO4n (578dd8ef-2daa-495a-af82-140e173bf303)
2019-11-25 07:53:45.388 26160 RALLYDEBUG rally_openstack.cleanup.manager [-] Deleting neutron.network object s_rally_12113a9f_uTdZYvFg (1e201978-3b42-49b6-9c7d-ad141ed450bf)
2019-11-25 07:53:47.457 26160 RALLYDEBUG rally_openstack.cleanup.manager [-] Deleting neutron.network object s_rally_12113a9f_gcfCyJ3G (7b984708-a97a-4d10-9ed4-aaae76d311ee)
2019-11-25 07:53:47.821 26160 RALLYDEBUG rally_openstack.cleanup.manager [-] Deleting neutron.network object s_rally_12113a9f_ajwts1qC (81e65a2c-1d64-4b12-accb-3dbc0c19c0bf)
2019-11-25 07:53:47.895 26160 RALLYDEBUG rally_openstack.cleanup.manager [-] Deleting neutron.network object s_rally_12113a9f_yqFwmCcr (8c77823e-8555-4862-a8c8-19970d40820b)
2019-11-25 07:53:47.983 26160 RALLYDEBUG rally_openstack.cleanup.manager [-] Deleting neutron.network object s_rally_12113a9f_kttcfZoj (8cc44580-c107-4e23-9f73-fa58d7b9ea4d)
2019-11-25 07:53:48.253 26160 RALLYDEBUG rally_openstack.cleanup.manager [-] Deleting neutron.network object s_rally_12113a9f_dZgdaS6J (90255b74-ae16-4e2a-8a61-999a10e404bf)
2019-11-25 07:53:48.434 26160 RALLYDEBUG rally_openstack.cleanup.manager [-] Deleting neutron.network object s_rally_12113a9f_h6KKmqRQ (90e9568a-5a8e-4aa4-a6fe-b09765416a2b)
2019-11-25 07:53:48.435 26160 RALLYDEBUG rally_openstack.cleanup.manager [-] Deleting neutron.network object s_rally_12113a9f_DbvsrjZ8 (9ccb6958-a056-4a84-b56b-6c1bf687603e)
2019-11-25 07:53:48.491 26160 RALLYDEBUG rally_openstack.cleanup.manager [-] Deleting neutron.network object s_rally_12113a9f_sLiOdkWh (9ef6a78f-10fd-43b7-aa9b-6688531a55dc)
2019-11-25 07:53:48.608 26160 RALLYDEBUG rally_openstack.cleanup.manager [-] Deleting neutron.network object s_rally_12113a9f_fiZpOK7x (cbfc5d04-d185-40bf-af82-86d2c0fbc764)
2019-11-25 07:53:48.636 26160 RALLYDEBUG rally_openstack.cleanup.manager [-] Deleting neutron.network object s_rally_12113a9f_eQHl1qDg (da827a37-8120-4215-94fe-d8223b885c2d)
2019-11-25 07:53:48.683 26160 RALLYDEBUG rally_openstack.cleanup.manager [-] Deleting neutron.network object s_rally_12113a9f_6X5yhv2h (db984622-8374-4bab-96aa-74ea068930dd)
2019-11-25 07:53:48.761 26160 RALLYDEBUG rally_openstack.cleanup.manager [-] Deleting neutron.network object s_rally_12113a9f_S4peCO7k (df0601cd-58ab-4ecf-9208-55c79352b433)
2019-11-25 07:53:48.840 26160 RALLYDEBUG rally_openstack.cleanup.manager [-] Deleting neutron.network object s_rally_12113a9f_4KEveFEV (e9838ce8-e811-471d-9501-8dbe65fd25a1)
2019-11-25 07:53:48.849 26160 RALLYDEBUG rally_openstack.cleanup.manager [-] Deleting neutron.network object s_rally_12113a9f_C71sBtHe (efdc4f9b-b234-4455-9945-edd084e27b7d)
2019-11-25 07:53:48.910 26160 RALLYDEBUG rally_openstack.cleanup.manager [-] Deleting neutron.network object s_rally_12113a9f_Yk7ECW38 (f178a909-93a2-4b37-9c61-8c37a563fdfe)
2019-11-25 07:53:48.945 26160 RALLYDEBUG rally_openstack.cleanup.manager [-] Deleting neutron.network object s_rally_12113a9f_5uWKZA6R (f1c60f64-64f4-4c57-a683-ec1d0caed648)
2019-11-25 07:53:48.963 26160 RALLYDEBUG rally_openstack.cleanup.manager [-] Deleting neutron.network object s_rally_12113a9f_MY2saveW (f36715f3-bea2-48aa-bb4c-f42e5472973f)
2019-11-25 07:53:48.987 26160 RALLYDEBUG rally_openstack.cleanup.manager [-] Deleting neutron.network object s_rally_12113a9f_IPi29gXP (f5ee7ee3-e5fb-4ca2-b4f0-8c498e126266)
2019-11-25 07:53:49.039 26160 RALLYDEBUG rally_openstack.cleanup.manager [-] Deleting neutron.network object s_rally_12113a9f_EQGapDaT (fa02fcbc-5045-4994-a904-558676eff4a1)
2019-11-25 07:53:49.283 26160 RALLYDEBUG rally_openstack.cleanup.manager [-] Deleting neutron.network object s_rally_12113a9f_9BOfNfX5 (fb61e92f-c433-4a79-8682-27717c0046b8)
2019-11-25 07:53:52.258 26160 RALLYDEBUG rally_openstack.cleanup.manager [-] Cleaning up neutron router objects
2019-11-25 07:53:52.685 26160 RALLYDEBUG rally_openstack.cleanup.manager [-] Cleaning up neutron security_group objects
2019-11-25 07:53:53.117 26160 INFO rally.task.context [-] Task 8b942cc7-0e23-4033-9c60-683248064744 | Context cleanup@openstack cleanup() finished in 11.68 sec
2019-11-25 07:53:53.118 26160 INFO rally.task.context [-] Task 8b942cc7-0e23-4033-9c60-683248064744 | Context quotas@openstack cleanup() started
2019-11-25 07:53:53.204 26160 INFO rally.task.context [-] Task 8b942cc7-0e23-4033-9c60-683248064744 | Context quotas@openstack cleanup() finished in 85.96 msec
2019-11-25 07:53:53.204 26160 INFO rally.task.context [-] Task 8b942cc7-0e23-4033-9c60-683248064744 | Context users@openstack cleanup() started
2019-11-25 07:53:56.001 26160 INFO rally.task.context [-] Task 8b942cc7-0e23-4033-9c60-683248064744 | Context users@openstack cleanup() finished in 2.80 sec
2019-11-25 07:53:56.452 26160 INFO rally.task.engine [-] Load duration is: 28.180029
2019-11-25 07:53:56.452 26160 INFO rally.task.engine [-] Full runner duration is: 28.23193
2019-11-25 07:53:56.453 26160 INFO rally.task.engine [-] Full duration is: 45.742549
2019-11-25 07:53:56.852 26160 INFO rally.task.engine [-] Running workload: position = 0 config = { "version": 2, "title": "A cropped version of a bigger task.", "description": "Auto-generated task from a single workload (uuid=5b4f171c-ed10-46f2-b807-65c1e6a75cc0)", "subtasks": [ { "title": "Quotas.neutron_update", "description": "Update quotas for neutron.", "scenario": { "Quotas.neutron_update": { "max_quota": 1024 } }, "contexts": { "users": { "tenants": 20, "users_per_tenant": 1 } }, "runner": { "constant": { "times": 40, "concurrency": 20 } }, "hooks": [], "sla": { "failure_rate": { "max": 0 } } } ] }
2019-11-25 07:53:56.875 26160 RALLYDEBUG rally_openstack.contexts.keystone.users [-] Creating 20 tenants using 20 threads
2019-11-25 07:53:59.495 26160 RALLYDEBUG rally_openstack.contexts.keystone.users [-] Creating 20 users using 20 threads
2019-11-25 07:54:03.230 26160 INFO rally.task.context [-] Task 8b942cc7-0e23-4033-9c60-683248064744 | Context users@openstack setup() finished in 6.35 sec
2019-11-25 07:54:03.232 26160 INFO rally.task.context [-] Task 8b942cc7-0e23-4033-9c60-683248064744 | Context admin_cleanup@openstack setup() finished in 0.05 msec
2019-11-25 07:54:03.246 26160 RALLYDEBUG rally.task.runner [-] Starting the constant runner (task UUID: 8b942cc7-0e23-4033-9c60-683248064744). timeout: 0 concurrency: 20 concurrency_per_worker: 1 times: 40 concurrency_overhead: 4 processes_to_start: 16 max_cpu_used: 16
2019-11-25 07:54:03.261 31016 RALLYDEBUG rally.task.runner [-] Starting a worker. concurrency: 2 args: {"max_quota": 1024} times: 40 method_name: run timeout: 0 duration: None cls:
2019-11-25 07:54:03.266 31017 RALLYDEBUG rally.task.runner [-] Starting a worker. concurrency: 2 args: {"max_quota": 1024} times: 40 method_name: run timeout: 0 duration: None cls:
2019-11-25 07:54:03.268 31018 RALLYDEBUG rally.task.runner [-] Starting a worker. concurrency: 2 args: {"max_quota": 1024} times: 40 method_name: run timeout: 0 duration: None cls:
2019-11-25 07:54:03.272 31019 RALLYDEBUG rally.task.runner [-] Starting a worker. concurrency: 2 args: {"max_quota": 1024} times: 40 method_name: run timeout: 0 duration: None cls:
2019-11-25 07:54:03.276 31020 RALLYDEBUG rally.task.runner [-] Starting a worker. concurrency: 1 args: {"max_quota": 1024} times: 40 method_name: run timeout: 0 duration: None cls:
2019-11-25 07:54:03.279 31017 INFO rally.task.runner [-] Task 8b942cc7-0e23-4033-9c60-683248064744 | ITER: 2 START
2019-11-25 07:54:03.281 31022 RALLYDEBUG rally.task.runner [-] Starting a worker. concurrency: 1 args: {"max_quota": 1024} times: 40 method_name: run timeout: 0 duration: None cls:
2019-11-25 07:54:03.284 31016 INFO rally.task.runner [-] Task 8b942cc7-0e23-4033-9c60-683248064744 | ITER: 1 START
2019-11-25 07:54:03.286 31020 INFO rally.task.runner [-] Task 8b942cc7-0e23-4033-9c60-683248064744 | ITER: 6 START
2019-11-25 07:54:03.286 31024 RALLYDEBUG rally.task.runner [-] Starting a worker. concurrency: 1 args: {"max_quota": 1024} times: 40 method_name: run timeout: 0 duration: None cls:
2019-11-25 07:54:03.291 31018 INFO rally.task.runner [-] Task 8b942cc7-0e23-4033-9c60-683248064744 | ITER: 3 START
2019-11-25 07:54:03.291 31018 INFO rally.task.runner [-] Task 8b942cc7-0e23-4033-9c60-683248064744 | ITER: 8 START
2019-11-25 07:54:03.294 31019 INFO rally.task.runner [-] Task 8b942cc7-0e23-4033-9c60-683248064744 | ITER: 5 START
2019-11-25 07:54:03.296 31022 INFO rally.task.runner [-] Task 8b942cc7-0e23-4033-9c60-683248064744 | ITER: 10 START
2019-11-25 07:54:03.284 31016 INFO rally.task.runner [-] Task 8b942cc7-0e23-4033-9c60-683248064744 | ITER: 4 START
2019-11-25 07:54:03.296 31031 RALLYDEBUG rally.task.runner [-] Starting a worker. concurrency: 1 args: {"max_quota": 1024} times: 40 method_name: run timeout: 0 duration: None cls:
2019-11-25 07:54:03.301 31024 INFO rally.task.runner [-] Task 8b942cc7-0e23-4033-9c60-683248064744 | ITER: 11 START
2019-11-25 07:54:03.302 31019 INFO rally.task.runner [-] Task 8b942cc7-0e23-4033-9c60-683248064744 | ITER: 9 START
2019-11-25 07:54:03.302 31037 RALLYDEBUG rally.task.runner [-] Starting a worker. concurrency: 1 args: {"max_quota": 1024} times: 40 method_name: run timeout: 0 duration: None cls:
2019-11-25 07:54:03.306 31017 INFO rally.task.runner [-] Task 8b942cc7-0e23-4033-9c60-683248064744 | ITER: 7 START
2019-11-25 07:54:03.309 31031 INFO rally.task.runner [-] Task 8b942cc7-0e23-4033-9c60-683248064744 | ITER: 12 START
2019-11-25 07:54:03.309 31042 RALLYDEBUG rally.task.runner [-] Starting a worker. concurrency: 1 args: {"max_quota": 1024} times: 40 method_name: run timeout: 0 duration: None cls:
2019-11-25 07:54:03.315 31037 INFO rally.task.runner [-] Task 8b942cc7-0e23-4033-9c60-683248064744 | ITER: 13 START
2019-11-25 07:54:03.318 31046 RALLYDEBUG rally.task.runner [-] Starting a worker. concurrency: 1 args: {"max_quota": 1024} times: 40 method_name: run timeout: 0 duration: None cls:
2019-11-25 07:54:03.320 31042 INFO rally.task.runner [-] Task 8b942cc7-0e23-4033-9c60-683248064744 | ITER: 14 START
2019-11-25 07:54:03.322 31049 RALLYDEBUG rally.task.runner [-] Starting a worker. concurrency: 1 args: {"max_quota": 1024} times: 40 method_name: run timeout: 0 duration: None cls:
2019-11-25 07:54:03.330 31046 INFO rally.task.runner [-] Task 8b942cc7-0e23-4033-9c60-683248064744 | ITER: 15 START
2019-11-25 07:54:03.331 31049 INFO rally.task.runner [-] Task 8b942cc7-0e23-4033-9c60-683248064744 | ITER: 16 START
2019-11-25 07:54:03.334 31052 RALLYDEBUG rally.task.runner [-] Starting a worker. concurrency: 1 args: {"max_quota": 1024} times: 40 method_name: run timeout: 0 duration: None cls:
2019-11-25 07:54:03.337 31057 RALLYDEBUG rally.task.runner [-] Starting a worker. concurrency: 1 args: {"max_quota": 1024} times: 40 method_name: run timeout: 0 duration: None cls:
2019-11-25 07:54:03.343 31052 INFO rally.task.runner [-] Task 8b942cc7-0e23-4033-9c60-683248064744 | ITER: 17 START
2019-11-25 07:54:03.343 31058 RALLYDEBUG rally.task.runner [-] Starting a worker. concurrency: 1 args: {"max_quota": 1024} times: 40 method_name: run timeout: 0 duration: None cls:
2019-11-25 07:54:03.345 31057 INFO rally.task.runner [-] Task 8b942cc7-0e23-4033-9c60-683248064744 | ITER: 18 START
2019-11-25 07:54:03.347 31059 RALLYDEBUG rally.task.runner [-] Starting a worker. concurrency: 1 args: {"max_quota": 1024} times: 40 method_name: run timeout: 0 duration: None cls:
2019-11-25 07:54:03.351 31058 INFO rally.task.runner [-] Task 8b942cc7-0e23-4033-9c60-683248064744 | ITER: 19 START
2019-11-25 07:54:03.355 31059 INFO rally.task.runner [-] Task 8b942cc7-0e23-4033-9c60-683248064744 | ITER: 20 START
2019-11-25 07:54:04.019 31019 INFO rally.task.runner [-] Task 8b942cc7-0e23-4033-9c60-683248064744 | ITER: 5 END: OK
2019-11-25 07:54:04.027 31019 INFO rally.task.runner [-] Task 8b942cc7-0e23-4033-9c60-683248064744 | ITER: 21 START
2019-11-25 07:54:04.031 31018 INFO rally.task.runner [-] Task 8b942cc7-0e23-4033-9c60-683248064744 | ITER: 8 END: OK
2019-11-25 07:54:04.035 31022 INFO rally.task.runner [-] Task 8b942cc7-0e23-4033-9c60-683248064744 | ITER: 10 END: OK
2019-11-25 07:54:04.038 31018 INFO rally.task.runner [-] Task 8b942cc7-0e23-4033-9c60-683248064744 | ITER: 22 START
2019-11-25 07:54:04.045 31022 INFO rally.task.runner [-] Task 8b942cc7-0e23-4033-9c60-683248064744 | ITER: 23 START
2019-11-25 07:54:04.051 31016 INFO rally.task.runner [-] Task 8b942cc7-0e23-4033-9c60-683248064744 | ITER: 1 END: OK
2019-11-25 07:54:04.060 31016 INFO rally.task.runner [-] Task 8b942cc7-0e23-4033-9c60-683248064744 | ITER: 24 START
2019-11-25 07:54:04.101 31024 INFO rally.task.runner [-] Task 8b942cc7-0e23-4033-9c60-683248064744 | ITER: 11 END: OK
2019-11-25 07:54:04.108 31016 INFO rally.task.runner [-] Task 8b942cc7-0e23-4033-9c60-683248064744 | ITER: 4 END: OK
2019-11-25 07:54:04.109 31024 INFO rally.task.runner [-] Task 8b942cc7-0e23-4033-9c60-683248064744 | ITER: 25 START
2019-11-25 07:54:04.116 31016 INFO rally.task.runner [-] Task 8b942cc7-0e23-4033-9c60-683248064744 | ITER: 26 START
2019-11-25 07:54:04.144 31020 INFO rally.task.runner [-] Task 8b942cc7-0e23-4033-9c60-683248064744 | ITER: 6 END: OK
2019-11-25 07:54:04.148 31018 INFO rally.task.runner [-] Task 8b942cc7-0e23-4033-9c60-683248064744 | ITER: 3 END: OK
2019-11-25 07:54:04.153 31020 INFO rally.task.runner [-] Task 8b942cc7-0e23-4033-9c60-683248064744 | ITER: 27 START
2019-11-25 07:54:04.154 31018 INFO rally.task.runner [-] Task 8b942cc7-0e23-4033-9c60-683248064744 | ITER: 28 START
2019-11-25 07:54:04.179 31031 INFO rally.task.runner [-] Task 8b942cc7-0e23-4033-9c60-683248064744 | ITER: 12 END: OK
2019-11-25 07:54:04.186 31031 INFO rally.task.runner [-] Task 8b942cc7-0e23-4033-9c60-683248064744 | ITER: 29 START
2019-11-25 07:54:04.214 31037 INFO rally.task.runner [-] Task 8b942cc7-0e23-4033-9c60-683248064744 | ITER: 13 END: OK
2019-11-25 07:54:04.222 31037 INFO rally.task.runner [-] Task 8b942cc7-0e23-4033-9c60-683248064744 | ITER: 30 START
2019-11-25 07:54:04.278 31017 INFO rally.task.runner [-] Task 8b942cc7-0e23-4033-9c60-683248064744 | ITER: 7 END: OK
2019-11-25 07:54:04.282 31019 INFO rally.task.runner [-] Task 8b942cc7-0e23-4033-9c60-683248064744 | ITER: 9 END: OK
2019-11-25 07:54:04.284 31017 INFO rally.task.runner [-] Task 8b942cc7-0e23-4033-9c60-683248064744 | ITER: 31 START
2019-11-25 07:54:04.290 31019 INFO rally.task.runner [-] Task 8b942cc7-0e23-4033-9c60-683248064744 | ITER: 32 START
2019-11-25 07:54:04.318 31017 INFO rally.task.runner [-] Task 8b942cc7-0e23-4033-9c60-683248064744 | ITER: 2 END: OK
2019-11-25 07:54:04.324 31017 INFO rally.task.runner [-] Task 8b942cc7-0e23-4033-9c60-683248064744 | ITER: 33 START
2019-11-25 07:54:04.369 31042 INFO rally.task.runner [-] Task 8b942cc7-0e23-4033-9c60-683248064744 | ITER: 14 END: OK
2019-11-25 07:54:04.375 31042 INFO rally.task.runner [-] Task 8b942cc7-0e23-4033-9c60-683248064744 | ITER: 34 START
2019-11-25 07:54:04.380 31058 INFO rally.task.runner [-] Task 8b942cc7-0e23-4033-9c60-683248064744 | ITER: 19 END: OK
2019-11-25 07:54:04.388 31058 INFO rally.task.runner [-] Task 8b942cc7-0e23-4033-9c60-683248064744 | ITER: 35 START
2019-11-25 07:54:04.394 31049 INFO rally.task.runner [-] Task 8b942cc7-0e23-4033-9c60-683248064744 | ITER: 16 END: OK
2019-11-25 07:54:04.402 31049 INFO rally.task.runner [-] Task 8b942cc7-0e23-4033-9c60-683248064744 | ITER: 36 START
2019-11-25 07:54:04.416 31052 INFO rally.task.runner [-] Task 8b942cc7-0e23-4033-9c60-683248064744 | ITER: 17 END: OK
2019-11-25 07:54:04.429 31052 INFO rally.task.runner [-] Task 8b942cc7-0e23-4033-9c60-683248064744 | ITER: 37 START
2019-11-25 07:54:04.451 31059 INFO rally.task.runner [-] Task 8b942cc7-0e23-4033-9c60-683248064744 | ITER: 20 END: OK
2019-11-25 07:54:04.458 31059 INFO rally.task.runner [-] Task 8b942cc7-0e23-4033-9c60-683248064744 | ITER: 38 START
2019-11-25 07:54:04.490 31057 INFO rally.task.runner [-] Task 8b942cc7-0e23-4033-9c60-683248064744 | ITER: 18 END: OK
2019-11-25 07:54:04.499 31057 INFO rally.task.runner [-] Task 8b942cc7-0e23-4033-9c60-683248064744 | ITER: 39 START
2019-11-25 07:54:04.503 31046 INFO rally.task.runner [-] Task 8b942cc7-0e23-4033-9c60-683248064744 | ITER: 15 END: OK
2019-11-25 07:54:04.510 31046 INFO rally.task.runner [-] Task 8b942cc7-0e23-4033-9c60-683248064744 | ITER: 40 START
2019-11-25 07:54:04.642 31022 INFO rally.task.runner [-] Task 8b942cc7-0e23-4033-9c60-683248064744 | ITER: 23 END: OK
2019-11-25 07:54:04.682 31018 INFO rally.task.runner [-] Task 8b942cc7-0e23-4033-9c60-683248064744 | ITER: 22 END: OK
2019-11-25 07:54:04.750 31019 INFO rally.task.runner [-] Task 8b942cc7-0e23-4033-9c60-683248064744 | ITER: 21 END: OK
2019-11-25 07:54:04.795 31016 INFO rally.task.runner [-] Task 8b942cc7-0e23-4033-9c60-683248064744 | ITER: 24 END: OK
2019-11-25 07:54:04.839 31037 INFO rally.task.runner [-] Task 8b942cc7-0e23-4033-9c60-683248064744 | ITER: 30 END: OK
2019-11-25 07:54:04.841 31024 INFO rally.task.runner [-] Task 8b942cc7-0e23-4033-9c60-683248064744 | ITER: 25 END: OK
2019-11-25 07:54:04.847 31019 INFO rally.task.runner [-] Task 8b942cc7-0e23-4033-9c60-683248064744 | ITER: 32 END: OK
2019-11-25 07:54:04.925 31020 INFO rally.task.runner [-] Task 8b942cc7-0e23-4033-9c60-683248064744 | ITER: 27 END: OK
2019-11-25 07:54:04.944 31042 INFO rally.task.runner [-] Task 8b942cc7-0e23-4033-9c60-683248064744 | ITER: 34 END: OK
2019-11-25 07:54:04.952 31018 INFO rally.task.runner [-] Task 8b942cc7-0e23-4033-9c60-683248064744 | ITER: 28 END: OK
2019-11-25 07:54:04.980 31049 INFO rally.task.runner [-] Task 8b942cc7-0e23-4033-9c60-683248064744 | ITER: 36 END: OK
2019-11-25 07:54:05.148 31031 INFO rally.task.runner [-] Task 8b942cc7-0e23-4033-9c60-683248064744 | ITER: 29 END: OK
2019-11-25 07:54:05.211 31059 INFO rally.task.runner [-] Task 8b942cc7-0e23-4033-9c60-683248064744 | ITER: 38 END: OK
2019-11-25 07:54:05.325 31016 INFO rally.task.runner [-] Task 8b942cc7-0e23-4033-9c60-683248064744 | ITER: 26 END: OK
2019-11-25 07:54:05.334 31046 INFO rally.task.runner [-] Task 8b942cc7-0e23-4033-9c60-683248064744 | ITER: 40 END: OK
2019-11-25 07:54:05.426 31017 INFO rally.task.runner [-] Task 8b942cc7-0e23-4033-9c60-683248064744 | ITER: 31 END: OK
2019-11-25 07:54:05.429 31057 INFO rally.task.runner [-] Task 8b942cc7-0e23-4033-9c60-683248064744 | ITER: 39 END: OK
2019-11-25 07:54:05.468 31017 INFO rally.task.runner [-] Task 8b942cc7-0e23-4033-9c60-683248064744 | ITER: 33 END: OK
2019-11-25 07:54:05.496 31052 INFO rally.task.runner [-] Task 8b942cc7-0e23-4033-9c60-683248064744 | ITER: 37 END: OK
2019-11-25 07:54:05.497 31058 INFO rally.task.runner [-] Task 8b942cc7-0e23-4033-9c60-683248064744 | ITER: 35 END: OK
2019-11-25 07:54:05.524 26160 INFO rally.task.context [-] Task 8b942cc7-0e23-4033-9c60-683248064744 | Context admin_cleanup@openstack cleanup() started
2019-11-25 07:54:05.527 26160 RALLYDEBUG rally_openstack.cleanup.manager [-] Cleaning up neutron quota objects
2019-11-25 07:54:07.137 26160 INFO rally.task.context [-] Task 8b942cc7-0e23-4033-9c60-683248064744 | Context admin_cleanup@openstack cleanup() finished in 1.61 sec
2019-11-25 07:54:07.138 26160 INFO rally.task.context [-] Task 8b942cc7-0e23-4033-9c60-683248064744 | Context users@openstack cleanup() started
2019-11-25 07:54:28.358 26160 INFO rally.task.context [-] Task 8b942cc7-0e23-4033-9c60-683248064744 | Context users@openstack cleanup() finished in 21.22 sec
2019-11-25 07:54:29.082 26160 INFO rally.task.engine [-] Load duration is: 2.216748
2019-11-25 07:54:29.083 26160 INFO rally.task.engine [-] Full runner duration is: 2.27808
2019-11-25 07:54:29.083 26160 INFO rally.task.engine [-] Full duration is: 31.484995
2019-11-25 07:54:29.412 26160 INFO rally.task.engine [-] Running workload: position = 0 config = { "version": 2, "title": "A cropped version of a bigger task.", "description": "Auto-generated task from a single workload (uuid=d45a4a3a-3c4c-4ec1-a421-e5d356e865e9)", "subtasks": [ { "title": "NeutronTrunks.create_and_list_trunk_subports", "description": "", "scenario": { "NeutronTrunks.create_and_list_trunk_subports": { "subport_count": 125 } }, "contexts": { "users": { "tenants": 1, "users_per_tenant": 1 }, "quotas": { "neutron": { "network": -1, "port": 1000 } } }, "runner": { "constant": { "times": 4, "concurrency": 4 } }, "hooks": [], "sla": { "failure_rate": { "max": 0 } } } ] }
2019-11-25 07:54:29.440 26160 RALLYDEBUG rally_openstack.contexts.keystone.users [-] Creating 1 tenants using 20 threads
2019-11-25 07:54:30.353 26160 RALLYDEBUG rally_openstack.contexts.keystone.users [-] Creating 1 users using 20 threads
2019-11-25 07:54:31.763 26160 INFO rally.task.context [-] Task 8b942cc7-0e23-4033-9c60-683248064744 | Context users@openstack setup() finished in 2.32 sec
2019-11-25 07:54:32.332 26160 INFO rally.task.context [-] Task 8b942cc7-0e23-4033-9c60-683248064744 | Context quotas@openstack setup() finished in 0.57 sec
2019-11-25 07:54:32.333 26160 INFO rally.task.context [-] Task 8b942cc7-0e23-4033-9c60-683248064744 | Context cleanup@openstack setup() finished in 0.01 msec
2019-11-25 07:54:32.343 26160 RALLYDEBUG rally.task.runner [-] Starting the constant runner (task UUID: 8b942cc7-0e23-4033-9c60-683248064744). timeout: 0 concurrency: 4 concurrency_per_worker: 1 times: 4 concurrency_overhead: 0 processes_to_start: 4 max_cpu_used: 16
2019-11-25 07:54:32.358 31206 RALLYDEBUG rally.task.runner [-] Starting a worker. concurrency: 1 args: {"subport_count": 125} times: 4 method_name: run timeout: 0 duration: None cls:
2019-11-25 07:54:32.362 31207 RALLYDEBUG rally.task.runner [-] Starting a worker. concurrency: 1 args: {"subport_count": 125} times: 4 method_name: run timeout: 0 duration: None cls:
2019-11-25 07:54:32.365 31206 INFO rally.task.runner [-] Task 8b942cc7-0e23-4033-9c60-683248064744 | ITER: 1 START
2019-11-25 07:54:32.365 31208 RALLYDEBUG rally.task.runner [-] Starting a worker. concurrency: 1 args: {"subport_count": 125} times: 4 method_name: run timeout: 0 duration: None cls:
2019-11-25 07:54:32.369 31207 INFO rally.task.runner [-] Task 8b942cc7-0e23-4033-9c60-683248064744 | ITER: 2 START
2019-11-25 07:54:32.369 31209 RALLYDEBUG rally.task.runner [-] Starting a worker. concurrency: 1 args: {"subport_count": 125} times: 4 method_name: run timeout: 0 duration: None cls:
2019-11-25 07:54:32.372 31208 INFO rally.task.runner [-] Task 8b942cc7-0e23-4033-9c60-683248064744 | ITER: 3 START
2019-11-25 07:54:32.376 31209 INFO rally.task.runner [-] Task 8b942cc7-0e23-4033-9c60-683248064744 | ITER: 4 START
2019-11-25 07:56:18.961 31209 WARNING rally.task.atomic [-] 'optional_action_timer' is deprecated since rally v0.10.0.Please use action_timer instead, we have improved atomic actions, now do not need to explicitly close original action.
2019-11-25 07:56:18.997 31209 WARNING rally.task.atomic [-] 'optional_action_timer' is deprecated since rally v0.10.0.Please use action_timer instead, we have improved atomic actions, now do not need to explicitly close original action.
2019-11-25 07:56:19.504 31209 INFO rally.task.runner [-] Task 8b942cc7-0e23-4033-9c60-683248064744 | ITER: 4 END: OK
2019-11-25 07:56:19.795 31207 WARNING rally.task.atomic [-] 'optional_action_timer' is deprecated since rally v0.10.0.Please use action_timer instead, we have improved atomic actions, now do not need to explicitly close original action.
2019-11-25 07:56:19.833 31207 WARNING rally.task.atomic [-] 'optional_action_timer' is deprecated since rally v0.10.0.Please use action_timer instead, we have improved atomic actions, now do not need to explicitly close original action.
2019-11-25 07:56:20.346 31207 INFO rally.task.runner [-] Task 8b942cc7-0e23-4033-9c60-683248064744 | ITER: 2 END: OK
2019-11-25 07:56:20.707 31206 WARNING rally.task.atomic [-] 'optional_action_timer' is deprecated since rally v0.10.0.Please use action_timer instead, we have improved atomic actions, now do not need to explicitly close original action.
2019-11-25 07:56:20.749 31206 WARNING rally.task.atomic [-] 'optional_action_timer' is deprecated since rally v0.10.0.Please use action_timer instead, we have improved atomic actions, now do not need to explicitly close original action.
2019-11-25 07:56:21.591 31206 INFO rally.task.runner [-] Task 8b942cc7-0e23-4033-9c60-683248064744 | ITER: 1 END: OK
2019-11-25 07:56:25.505 31208 WARNING rally.task.atomic [-] 'optional_action_timer' is deprecated since rally v0.10.0.Please use action_timer instead, we have improved atomic actions, now do not need to explicitly close original action.
2019-11-25 07:56:25.543 31208 WARNING rally.task.atomic [-] 'optional_action_timer' is deprecated since rally v0.10.0.Please use action_timer instead, we have improved atomic actions, now do not need to explicitly close original action.
2019-11-25 07:56:26.112 31208 INFO rally.task.runner [-] Task 8b942cc7-0e23-4033-9c60-683248064744 | ITER: 3 END: OK
2019-11-25 07:56:26.138 26160 INFO rally.task.context [-] Task 8b942cc7-0e23-4033-9c60-683248064744 | Context cleanup@openstack cleanup() started
2019-11-25 07:56:26.145 26160 RALLYDEBUG rally_openstack.cleanup.manager [-] Cleaning up neutron vip objects
2019-11-25 07:56:26.572 26160 RALLYDEBUG rally_openstack.cleanup.manager [-] Cleaning up neutron health_monitor objects
2019-11-25 07:56:26.991 26160 RALLYDEBUG rally_openstack.cleanup.manager [-] Cleaning up neutron pool objects
2019-11-25 07:56:27.405 26160 RALLYDEBUG rally_openstack.cleanup.manager [-] Cleaning up neutron loadbalancer objects
2019-11-25 07:56:27.802 26160 RALLYDEBUG rally_openstack.cleanup.manager [-] Cleaning up neutron floatingip objects
2019-11-25 07:56:28.236 26160 RALLYDEBUG rally_openstack.cleanup.manager [-] Cleaning up neutron trunk objects
2019-11-25 07:56:28.646 26160 RALLYDEBUG rally_openstack.cleanup.manager [-] Cleaning up neutron port objects
2019-11-25 07:56:30.170 26160 RALLYDEBUG rally_openstack.cleanup.manager [-] Deleting neutron.port object s_rally_d45a4a3a_Ahyi9E9j (028ae049-2e51-4dd0-b16b-3302fbbb9faa)
2019-11-25 07:56:30.171 26160 RALLYDEBUG rally_openstack.cleanup.manager [-] Deleting neutron.port object s_rally_d45a4a3a_I8lrJpxi (042466f9-8945-4bbb-be5c-6a9025949482)
2019-11-25 07:56:30.175 26160 RALLYDEBUG rally_openstack.cleanup.manager [-] Deleting neutron.port object s_rally_d45a4a3a_fL8DQPh0 (04d12ffd-6c31-49d8-a6ce-6c60a6da4d05)
2019-11-25 07:56:30.178 26160 RALLYDEBUG rally_openstack.cleanup.manager [-] Deleting neutron.port object s_rally_d45a4a3a_4szAoJfp (05525e2c-ebfb-43f5-99eb-43f8f36734a2)
2019-11-25 07:56:30.192 26160 RALLYDEBUG rally_openstack.cleanup.manager [-] Deleting neutron.port object s_rally_d45a4a3a_MshKNKUU (02d4574f-8104-4155-b64c-a4673f8c19b5)
2019-11-25 07:56:30.193 26160 RALLYDEBUG rally_openstack.cleanup.manager [-] Deleting neutron.port object s_rally_d45a4a3a_kvPNFU30 (0513206a-c077-4073-a2de-c23b63ab8e8b)
2019-11-25 07:56:30.193 26160 RALLYDEBUG rally_openstack.cleanup.manager [-] Deleting neutron.port object s_rally_d45a4a3a_7Hb8A5AB (03355447-83c8-405f-8da8-42dc78ecf187)
2019-11-25 07:56:30.200 26160 RALLYDEBUG rally_openstack.cleanup.manager [-] Deleting neutron.port object s_rally_d45a4a3a_jB40aNyq (0409136d-67ab-4ed4-8171-59cf279a96ba)
2019-11-25 07:56:30.204 26160 RALLYDEBUG rally_openstack.cleanup.manager [-] Deleting neutron.port object s_rally_d45a4a3a_AFRcI31j (030f52ca-d053-4c1b-9b75-813d6a016132)
2019-11-25 07:56:30.210 26160 RALLYDEBUG rally_openstack.cleanup.manager [-] Deleting neutron.port object s_rally_d45a4a3a_lvrFyGd4 (05b7104b-4dd2-49c5-9288-40e1025309a7)
2019-11-25 07:56:30.227 26160 RALLYDEBUG rally_openstack.cleanup.manager [-] Deleting neutron.port object s_rally_d45a4a3a_ETunUbkM (058d9532-3641-4d4e-9870-826afb382dc1)
2019-11-25 07:56:30.243 26160 RALLYDEBUG rally_openstack.cleanup.manager [-] Deleting neutron.port object s_rally_d45a4a3a_MBxIADvC (05634c52-1f40-4b16-96d5-3550c4a2a2f2)
2019-11-25 07:56:30.249 26160 RALLYDEBUG rally_openstack.cleanup.manager [-] Deleting neutron.port object s_rally_d45a4a3a_PgzGIcwp (05c2b7e7-e63d-45ea-944e-1e6190dde93f)
2019-11-25 07:56:30.251 26160 RALLYDEBUG rally_openstack.cleanup.manager [-] Deleting neutron.port object s_rally_d45a4a3a_SIFMOzmD (079d4376-4418-4e68-a3bc-98f82771541b)
2019-11-25 07:56:30.251 26160 RALLYDEBUG rally_openstack.cleanup.manager [-] Deleting neutron.port object s_rally_d45a4a3a_KUkjhGST (02cfc850-af0f-4ddc-808c-6f195f263557)
2019-11-25 07:56:30.253 26160 RALLYDEBUG rally_openstack.cleanup.manager [-] Deleting neutron.port object s_rally_d45a4a3a_0Zh3weKB (074e8ad5-68ac-48bd-ad01-4b13adbf0d24)
2019-11-25 07:56:30.257 26160 RALLYDEBUG rally_openstack.cleanup.manager [-] Deleting neutron.port object s_rally_d45a4a3a_Bnng5k55 (06c61c0d-26a3-4285-996e-1dccaa6e37f1)
2019-11-25 07:56:30.262 26160 RALLYDEBUG rally_openstack.cleanup.manager [-] Deleting neutron.port object s_rally_d45a4a3a_UZwuM4h0 (083d7de2-fd43-4c4e-b826-5548f5effed0)
2019-11-25 07:56:30.263 26160 RALLYDEBUG rally_openstack.cleanup.manager [-] Deleting neutron.port object s_rally_d45a4a3a_GLOLLg1v (040cbb2c-3b83-498b-aa5e-28dffd803fbc)
2019-11-25 07:56:30.263 26160 RALLYDEBUG rally_openstack.cleanup.manager [-] Deleting neutron.port object s_rally_d45a4a3a_wmNSBAem (08744fea-b9a7-42cb-ba8e-4be502b105f3)
2019-11-25 07:56:32.504 26160 RALLYDEBUG rally_openstack.cleanup.manager [-] Deleting neutron.port object s_rally_d45a4a3a_JshVY1Hc (087e0d82-7368-4b44-8a4c-3d27381c67e5)
2019-11-25 07:56:32.618 26160 RALLYDEBUG rally_openstack.cleanup.manager [-] Deleting neutron.port object s_rally_d45a4a3a_9tF6iGWY (087ec326-6a94-4624-ae93-6eddb41148b1)
2019-11-25 07:56:32.684 26160 RALLYDEBUG rally_openstack.cleanup.manager [-] Deleting neutron.port object s_rally_d45a4a3a_IdJdUIfr (08e0a772-a0a2-4277-b77f-f30a52750858)
2019-11-25 07:56:32.706 26160 RALLYDEBUG rally_openstack.cleanup.manager [-] Deleting neutron.port object s_rally_d45a4a3a_AqwOzMaF (08ef3630-a132-44ef-bfb9-793eca1940c2)
2019-11-25 07:56:32.737 26160 RALLYDEBUG rally_openstack.cleanup.manager [-] Deleting neutron.port object s_rally_d45a4a3a_ic3oPmzf (09109cf8-a00a-4b2c-a64a-5bae62b5d8ff)
2019-11-25 07:56:33.046 26160 RALLYDEBUG rally_openstack.cleanup.manager [-] Deleting neutron.port object s_rally_d45a4a3a_xwyOdI9E (09311371-2601-4504-bad3-c6bf525427e4)
2019-11-25 07:56:33.073 26160 RALLYDEBUG rally_openstack.cleanup.manager [-] Deleting neutron.port object s_rally_d45a4a3a_WDKhQCdP (09767030-6ffb-4bcb-87a8-05b2bbe9df9e)
2019-11-25 07:56:33.160 26160 RALLYDEBUG rally_openstack.cleanup.manager [-] Deleting neutron.port object s_rally_d45a4a3a_lUM72zqL (0a51a9a4-3a10-4374-adfd-8a7e352e83b4)
2019-11-25 07:56:33.268 26160 RALLYDEBUG rally_openstack.cleanup.manager [-] Deleting neutron.port object s_rally_d45a4a3a_mzdQ2e8K (0b3bd604-0a08-4f4a-a2e2-1bdf36cdccb8)
2019-11-25 07:56:33.341 26160 RALLYDEBUG rally_openstack.cleanup.manager [-] Deleting neutron.port object s_rally_d45a4a3a_16tN5KbW (0c09f932-1880-4610-a328-32d45c83dd1b)
2019-11-25 07:56:33.372 26160 RALLYDEBUG rally_openstack.cleanup.manager [-] Deleting neutron.port object s_rally_d45a4a3a_L3Qz9w9b (0cd1cd3e-f191-4185-845a-e7763b9372d0)
2019-11-25 07:56:33.399 26160 RALLYDEBUG rally_openstack.cleanup.manager [-] Deleting neutron.port object s_rally_d45a4a3a_yjk6vfPv (0cdc493d-1955-44da-bf6c-0536d2d0ce03)
2019-11-25 07:56:33.457 26160 RALLYDEBUG rally_openstack.cleanup.manager [-] Deleting neutron.port object s_rally_d45a4a3a_O1aO943Q (0d5644be-9ace-440e-a325-e0cb8af840ba)
2019-11-25 07:56:33.646 26160 RALLYDEBUG rally_openstack.cleanup.manager [-] Deleting neutron.port object s_rally_d45a4a3a_22pugG0t (0d57bea0-1f2b-4344-acab-7aa7b06fa98b)
2019-11-25 07:56:33.652 26160 RALLYDEBUG rally_openstack.cleanup.manager [-] Deleting neutron.port object s_rally_d45a4a3a_4uayVY5p (10a940e8-32ff-44db-9a78-a3bdff9caef7)
2019-11-25 07:56:33.656 26160 RALLYDEBUG rally_openstack.cleanup.manager [-] Deleting neutron.port object s_rally_d45a4a3a_l5M42jZE (0fe20eef-2c63-4158-b513-0fc6d7a7808c)
2019-11-25 07:56:33.656 26160 RALLYDEBUG rally_openstack.cleanup.manager [-] Deleting neutron.port object s_rally_d45a4a3a_y0ddavHn (0dc505f2-5343-41af-b4b7-ae701a05cfab)
2019-11-25 07:56:33.662 26160 RALLYDEBUG rally_openstack.cleanup.manager [-] Deleting neutron.port object s_rally_d45a4a3a_Oeh5h3AG (0f030342-2da5-44fa-9e1d-3648e1453db9)
2019-11-25 07:56:33.732 26160 RALLYDEBUG rally_openstack.cleanup.manager [-] Deleting neutron.port object s_rally_d45a4a3a_sFk4SVr1 (121b1386-c400-4426-b3e2-6f5919644c69)
2019-11-25 07:56:33.767 26160 RALLYDEBUG rally_openstack.cleanup.manager [-] Deleting neutron.port object s_rally_d45a4a3a_ALp5KqF2 (12570323-5d2a-4d94-9300-fd474bdd2c99)
2019-11-25 07:56:34.589 26160 RALLYDEBUG rally_openstack.cleanup.manager [-] Deleting neutron.port object s_rally_d45a4a3a_ylSdhI6l (150ab775-ddeb-4ea9-ad01-01e2b486f76a)
2019-11-25 07:56:34.624 26160 RALLYDEBUG rally_openstack.cleanup.manager [-] Deleting neutron.port object s_rally_d45a4a3a_LHmbhDZS (1520824f-e25f-44e7-bbdd-c1c92e7dbf4a)
2019-11-25 07:56:34.717 26160 RALLYDEBUG rally_openstack.cleanup.manager [-] Deleting neutron.port object s_rally_d45a4a3a_CdKd8xCx (161427bb-8ef3-4e49-a6a6-79645c3e9589)
2019-11-25 07:56:34.786 26160 RALLYDEBUG rally_openstack.cleanup.manager [-] Deleting neutron.port object s_rally_d45a4a3a_A15QqIpc (17473e69-5cab-4e26-9fe0-df7ffbd1b330)
2019-11-25 07:56:34.855 26160 RALLYDEBUG rally_openstack.cleanup.manager [-] Deleting neutron.port object s_rally_d45a4a3a_EJuVzQJi (1801cbd7-39a3-453b-89c1-74dc6f9e36b5)
2019-11-25 07:56:35.212 26160 RALLYDEBUG rally_openstack.cleanup.manager [-] Deleting neutron.port object s_rally_d45a4a3a_DnKi9Q7p (190cd3ad-6042-4195-b61b-2485506653c9)
2019-11-25 07:56:35.349 26160 RALLYDEBUG rally_openstack.cleanup.manager [-] Deleting neutron.port object s_rally_d45a4a3a_FCRC7A9M (1c110324-e245-486a-b26f-71c69783bc94)
2019-11-25 07:56:35.367 26160 RALLYDEBUG rally_openstack.cleanup.manager [-] Deleting neutron.port object s_rally_d45a4a3a_MRKA5cTp (1c1bb6f8-8a6a-44dc-9c58-c6ae30cc8c88)
2019-11-25 07:56:35.371 26160 RALLYDEBUG rally_openstack.cleanup.manager [-] Deleting neutron.port object s_rally_d45a4a3a_8J4zwiyY (1c37eff1-5255-42a4-9609-c15acf76e509)
2019-11-25 07:56:35.602 26160 RALLYDEBUG rally_openstack.cleanup.manager [-] Deleting neutron.port object s_rally_d45a4a3a_A3EktR1A (1c725fa6-f6ca-403d-b677-8b038bff3ed4)
2019-11-25 07:56:35.715 26160 RALLYDEBUG rally_openstack.cleanup.manager [-] Deleting neutron.port object s_rally_d45a4a3a_AyMYpFbT (1d5ac859-73a7-4920-94e9-fce51422faaa)
2019-11-25 07:56:35.725 26160 RALLYDEBUG rally_openstack.cleanup.manager [-] Deleting neutron.port object s_rally_d45a4a3a_UfVtRAbH (1d602fec-b654-4ad2-8473-730517e13d03)
2019-11-25 07:56:35.850 26160 RALLYDEBUG rally_openstack.cleanup.manager [-] Deleting neutron.port object s_rally_d45a4a3a_dsJcCpsa (1e1631d2-65c5-435a-b6d9-e2d51cdc6923)
2019-11-25 07:56:35.962 26160 RALLYDEBUG rally_openstack.cleanup.manager [-] Deleting neutron.port object s_rally_d45a4a3a_xWOhe3DZ (1ed4d2fb-f21f-4bae-81df-6b9c70466260)
2019-11-25 07:56:36.058 26160 RALLYDEBUG rally_openstack.cleanup.manager [-] Deleting neutron.port object s_rally_d45a4a3a_tUqw0Glf (1ee43f47-8d79-4945-8ad9-c6e5f7d0e9ff)
2019-11-25 07:56:36.059 26160 RALLYDEBUG rally_openstack.cleanup.manager [-] Deleting neutron.port object s_rally_d45a4a3a_UTY6Swaq (1f0bb90d-58c7-4631-8b24-e53e0cb44412)
2019-11-25 07:56:36.082 26160 RALLYDEBUG rally_openstack.cleanup.manager [-] Deleting neutron.port object s_rally_d45a4a3a_GpAT7gdU (1f71500b-bd47-40ea-ae74-e34d62c0998b)
2019-11-25 07:56:36.105 26160 RALLYDEBUG rally_openstack.cleanup.manager [-] Deleting neutron.port object s_rally_d45a4a3a_lNBZmark (1fc0e4b2-f0a2-4df1-94d9-7545d1ce14b7)
2019-11-25 07:56:36.296 26160 RALLYDEBUG rally_openstack.cleanup.manager [-] Deleting neutron.port object s_rally_d45a4a3a_N7bnmvp2 (20113174-6614-4b96-aa62-b766674846f3)
2019-11-25 07:56:36.326 26160 RALLYDEBUG rally_openstack.cleanup.manager [-] Deleting neutron.port object s_rally_d45a4a3a_44ioVZES (21a57233-7874-4a30-b803-43bff668c6e3)
2019-11-25 07:56:36.939 26160 RALLYDEBUG rally_openstack.cleanup.manager [-] Deleting neutron.port object s_rally_d45a4a3a_ThsPbdRz (22356867-217a-4f78-bc43-266b8df0a93d)
2019-11-25 07:56:37.064 26160 RALLYDEBUG rally_openstack.cleanup.manager [-] Deleting neutron.port object s_rally_d45a4a3a_9nSyptkB (23ba71c3-8bd9-4f7f-b1ee-68cafdd4d8c5)
2019-11-25 07:56:37.110 26160 RALLYDEBUG rally_openstack.cleanup.manager [-] Deleting neutron.port object s_rally_d45a4a3a_pW8EtoGD (241a84f2-a3d9-4d08-af8d-bfea50e7a4cd)
2019-11-25 07:56:37.111 26160 RALLYDEBUG rally_openstack.cleanup.manager [-] Deleting neutron.port object s_rally_d45a4a3a_MQ7AHkt4 (246cd14f-b3ac-41ea-bc45-fdf99d56c402)
2019-11-25 07:56:37.236 26160 RALLYDEBUG rally_openstack.cleanup.manager [-] Deleting neutron.port object s_rally_d45a4a3a_QCitX7On (24b97103-f97b-49d0-b1a8-65d06a825be3)
2019-11-25 07:56:37.505 26160 RALLYDEBUG rally_openstack.cleanup.manager [-] Deleting neutron.port object s_rally_d45a4a3a_atGs39oK (253d2ab9-35d9-40c5-aad2-793bbc07392b)
2019-11-25 07:56:37.719 26160 RALLYDEBUG rally_openstack.cleanup.manager [-] Deleting neutron.port object s_rally_d45a4a3a_3r11XOBo (25831c26-4691-4974-9252-d5ef9d58d6c7)
2019-11-25 07:56:37.787 26160 RALLYDEBUG rally_openstack.cleanup.manager [-] Deleting neutron.port object s_rally_d45a4a3a_oVXZNAIm (26eca540-6256-45a9-aa07-05e871cb677d)
2019-11-25 07:56:37.936 26160 RALLYDEBUG rally_openstack.cleanup.manager [-] Deleting neutron.port object s_rally_d45a4a3a_3oMh8Vc2 (28178bd7-86f7-43ee-961c-0f25c8ca7958)
2019-11-25 07:56:38.050 26160 RALLYDEBUG rally_openstack.cleanup.manager [-] Deleting neutron.port object s_rally_d45a4a3a_bIZ8zx4D (2872ebb8-4517-4bc5-8b5e-7c856071b5ef)
2019-11-25 07:56:38.395 26160 RALLYDEBUG rally_openstack.cleanup.manager [-] Deleting neutron.port object s_rally_d45a4a3a_u6pyrw0y (2ae384f2-16f6-4805-8549-93fb6d9d13ee)
2019-11-25 07:56:38.406 26160 RALLYDEBUG rally_openstack.cleanup.manager [-] Deleting neutron.port object s_rally_d45a4a3a_azryPr5v (2b1b9456-282f-4168-b2b6-94cbf06a0cc8)
2019-11-25 07:56:38.426 26160 RALLYDEBUG rally_openstack.cleanup.manager [-] Deleting neutron.port object s_rally_d45a4a3a_oQWsPdII (2b3a9058-3cc8-466b-bb24-cda9ca4e040a)
2019-11-25 07:56:38.489 26160 RALLYDEBUG rally_openstack.cleanup.manager [-] Deleting neutron.port object s_rally_d45a4a3a_RepzOB2L (2b87911c-baf0-44f4-b781-8d18fa367b7a)
2019-11-25 07:56:38.528 26160 RALLYDEBUG rally_openstack.cleanup.manager [-] Deleting neutron.port object s_rally_d45a4a3a_JyqRE5Cg (2bf8de12-cab5-45ce-8c8c-126c255e0cce)
2019-11-25 07:56:38.642 26160 RALLYDEBUG rally_openstack.cleanup.manager [-] Deleting neutron.port object s_rally_d45a4a3a_zyNTfYFr (2bfb5f44-24af-4b82-8e40-f22824865e75)
2019-11-25 07:56:38.665 26160 RALLYDEBUG rally_openstack.cleanup.manager [-] Deleting neutron.port object s_rally_d45a4a3a_8RxmVw8u (2e98b8d9-ff77-46ca-a5eb-4feed3f61044)
2019-11-25 07:56:38.731 26160 RALLYDEBUG rally_openstack.cleanup.manager [-] Deleting neutron.port object s_rally_d45a4a3a_mHyFu2jn (2f0b5915-d538-4c23-aa17-3c72a99e7205)
2019-11-25 07:56:38.753 26160 RALLYDEBUG rally_openstack.cleanup.manager [-] Deleting neutron.port object s_rally_d45a4a3a_YsozLAQ6 (2f21439b-1127-4ac5-a971-8865c71eda40)
2019-11-25 07:56:38.778 26160 RALLYDEBUG rally_openstack.cleanup.manager [-] Deleting neutron.port object s_rally_d45a4a3a_GqRBZwZY (2f6bb78f-62c8-4a03-b2ea-1e3b086dfe37)
2019-11-25 07:56:39.156 26160 RALLYDEBUG rally_openstack.cleanup.manager [-] Deleting neutron.port object s_rally_d45a4a3a_m4XNY80I (2fa513dc-c2d2-4700-852c-6088023683bf)
2019-11-25 07:56:39.205 26160 RALLYDEBUG rally_openstack.cleanup.manager [-] Deleting neutron.port object s_rally_d45a4a3a_q5zvtJl9 (300504d6-8fd8-4629-a800-205ba862814f)
2019-11-25 07:56:39.411 26160 RALLYDEBUG rally_openstack.cleanup.manager [-] Deleting neutron.port object s_rally_d45a4a3a_8rCy4QFj (309ea2a7-89e7-42a8-b7c2-391d65f7ce72)
2019-11-25 07:56:39.421 26160 RALLYDEBUG rally_openstack.cleanup.manager [-] Deleting neutron.port object s_rally_d45a4a3a_d9UiMFFq (31f93c61-a533-4224-9a41-c7cfededd722)
2019-11-25 07:56:39.427 26160 RALLYDEBUG rally_openstack.cleanup.manager [-] Deleting neutron.port object s_rally_d45a4a3a_ZgBStVLl (3259ae90-95e1-4c2a-bcaa-13090662804d)
2019-11-25 07:56:39.662 26160 RALLYDEBUG rally_openstack.cleanup.manager [-] Deleting neutron.port object s_rally_d45a4a3a_xUpILxez (32e5394b-f77a-4dcd-be88-a6885e080883)
2019-11-25 07:56:39.687 26160 RALLYDEBUG rally_openstack.cleanup.manager [-] Deleting neutron.port object s_rally_d45a4a3a_2b1YuFa6 (337d7bb5-07a5-4574-9c8b-5354ef1392ec)
2019-11-25 07:56:39.891 26160 RALLYDEBUG rally_openstack.cleanup.manager [-] Deleting neutron.port object s_rally_d45a4a3a_MF3i4QKG (33a41816-e9ca-4d34-80e1-7a5270740c83)
2019-11-25 07:56:39.915 26160 RALLYDEBUG rally_openstack.cleanup.manager [-] Deleting neutron.port object s_rally_d45a4a3a_1q4PNztS (33c21518-c935-4507-bbc2-90230122a311)
