2019-11-25 05:30:26.095 8 RALLYDEBUG rally.api [-] INFO logs from urllib3 and requests module are hide.
2019-11-25 05:30:26.095 8 RALLYDEBUG rally.api [-] urllib3 insecure warnings are hidden.
2019-11-25 05:30:26.095 8 RALLYDEBUG rally.api [-] ERROR log from boto module is hide.
2019-11-25 05:30:27.833 8 ERROR rally.cli.cliutils [-] Unexpected exception in CLI: DBRecordNotFound: Record for uuid or name is opnfv-rally not found in table envs
2019-11-25 05:30:27.833 8 ERROR rally.cli.cliutils
Traceback (most recent call last):
2019-11-25 05:30:27.833 8 ERROR rally.cli.cliutils
File "/usr/lib/python2.7/site-packages/rally/cli/cliutils.py", line 674, in run
2019-11-25 05:30:27.833 8 ERROR rally.cli.cliutils ret = fn(*fn_args, **fn_kwargs)
2019-11-25 05:30:27.833 8 ERROR rally.cli.cliutils File "", line 2, in destroy
2019-11-25 05:30:27.833 8 ERROR rally.cli.cliutils
File "/usr/lib/python2.7/site-packages/rally/cli/envutils.py", line 68, in default_from_global
2019-11-25 05:30:27.833 8 ERROR rally.cli.cliutils return f(*args, **kwargs)
2019-11-25 05:30:27.833 8 ERROR rally.cli.cliutils File "", line 2, in destroy
2019-11-25 05:30:27.833 8 ERROR rally.cli.cliutils
File "/usr/lib/python2.7/site-packages/rally/plugins/__init__.py", line 51, in ensure_plugins_are_loaded
2019-11-25 05:30:27.833 8 ERROR rally.cli.cliutils return f(*args, **kwargs)
2019-11-25 05:30:27.833 8 ERROR rally.cli.cliutils
File "/usr/lib/python2.7/site-packages/rally/cli/commands/deployment.py", line 157, in destroy
2019-11-25 05:30:27.833 8 ERROR rally.cli.cliutils api.deployment.destroy(deployment=deployment)
2019-11-25 05:30:27.833 8 ERROR rally.cli.cliutils
File "/usr/lib/python2.7/site-packages/rally/api.py", line 115, in destroy
2019-11-25 05:30:27.833 8 ERROR rally.cli.cliutils deploy = objects.Deployment.get(deployment)
2019-11-25 05:30:27.833 8 ERROR rally.cli.cliutils
File "/usr/lib/python2.7/site-packages/rally/common/objects/deploy.py", line 124, in get
2019-11-25 05:30:27.833 8 ERROR rally.cli.cliutils return Deployment(env_mgr.EnvManager.get(deploy))
2019-11-25 05:30:27.833 8 ERROR rally.cli.cliutils
File "/usr/lib/python2.7/site-packages/rally/env/env_mgr.py", line 212, in get
2019-11-25 05:30:27.833 8 ERROR rally.cli.cliutils return cls(db.env_get(uuid_or_name))
2019-11-25 05:30:27.833 8 ERROR rally.cli.cliutils
File "/usr/lib/python2.7/site-packages/rally/common/db/api.py", line 135, in wrapper
2019-11-25 05:30:27.833 8 ERROR rally.cli.cliutils result = f(session, *args, **kwargs)
2019-11-25 05:30:27.833 8 ERROR rally.cli.cliutils
File "/usr/lib/python2.7/site-packages/rally/common/db/api.py", line 521, in env_get
2019-11-25 05:30:27.833 8 ERROR rally.cli.cliutils criteria="uuid or name is %s" % uuid_or_name, table="envs")
2019-11-25 05:30:27.833 8 ERROR rally.cli.cliutils DBRecordNotFound: Record for uuid or name is opnfv-rally not found in table envs
2019-11-25 05:30:27.833 8 ERROR rally.cli.cliutils
2019-11-25 05:30:28.704 10 RALLYDEBUG rally.api [-] INFO logs from urllib3 and requests module are hide.
2019-11-25 05:30:28.704 10 RALLYDEBUG rally.api [-] urllib3 insecure warnings are hidden.
2019-11-25 05:30:28.704 10 RALLYDEBUG rally.api [-] ERROR log from boto module is hide.
2019-11-25 05:30:31.534 12 RALLYDEBUG rally.api [-] INFO logs from urllib3 and requests module are hide.
2019-11-25 05:30:31.534 12 RALLYDEBUG rally.api [-] urllib3 insecure warnings are hidden.
2019-11-25 05:30:31.534 12 RALLYDEBUG rally.api [-] ERROR log from boto module is hide.
2019-11-25 05:30:35.171 15 RALLYDEBUG rally.api [-] INFO logs from urllib3 and requests module are hide.
2019-11-25 05:30:35.172 15 RALLYDEBUG rally.api [-] urllib3 insecure warnings are hidden.
2019-11-25 05:30:35.172 15 RALLYDEBUG rally.api [-] ERROR log from boto module is hide.
2019-11-25 05:30:36.296 17 RALLYDEBUG rally.api [-] INFO logs from urllib3 and requests module are hide.
2019-11-25 05:30:36.297 17 RALLYDEBUG rally.api [-] urllib3 insecure warnings are hidden.
2019-11-25 05:30:36.297 17 RALLYDEBUG rally.api [-] ERROR log from boto module is hide.
2019-11-25 05:30:37.957 17 INFO rally.task.engine [-] Task 11153a95-6c5a-4b0c-a4b7-ccde6d9c5d07 | Starting: Task validation.
2019-11-25 05:30:38.009 17 INFO rally.task.engine [-] Task 11153a95-6c5a-4b0c-a4b7-ccde6d9c5d07 | Starting: Task validation of syntax.
2019-11-25 05:30:38.112 17 INFO rally.task.engine [-] Task 11153a95-6c5a-4b0c-a4b7-ccde6d9c5d07 | Completed: Task validation of syntax.
2019-11-25 05:30:38.112 17 INFO rally.task.engine [-] Task 11153a95-6c5a-4b0c-a4b7-ccde6d9c5d07 | Starting: Task validation of required platforms.
2019-11-25 05:30:38.157 17 INFO rally.task.engine [-] Task 11153a95-6c5a-4b0c-a4b7-ccde6d9c5d07 | Completed: Task validation of required platforms.
2019-11-25 05:30:38.157 17 INFO rally.task.engine [-] Task 11153a95-6c5a-4b0c-a4b7-ccde6d9c5d07 | Starting: Task validation of semantic.
2019-11-25 05:30:38.158 17 INFO rally.task.engine [-] Check health of the environment '9f5552ea-441d-4353-8cf5-a6921a3dcdd8'.
2019-11-25 05:30:39.037 17 INFO rally.task.engine [-] Platform existing@openstack (available: True): OK!
2019-11-25 05:30:39.058 17 RALLYDEBUG rally_openstack.contexts.keystone.users [-] Creating 1 tenants using 20 threads
2019-11-25 05:30:39.935 17 RALLYDEBUG rally_openstack.contexts.keystone.users [-] Creating 1 users using 20 threads
2019-11-25 05:30:41.351 17 INFO rally.task.context [-] Task 11153a95-6c5a-4b0c-a4b7-ccde6d9c5d07 | Context users@openstack setup() finished in 2.29 sec
2019-11-25 05:30:41.412 17 INFO rally.task.context [-] Task 11153a95-6c5a-4b0c-a4b7-ccde6d9c5d07 | Context users@openstack cleanup() started
2019-11-25 05:30:44.356 17 INFO rally.task.context [-] Task 11153a95-6c5a-4b0c-a4b7-ccde6d9c5d07 | Context users@openstack cleanup() finished in 2.94 sec
2019-11-25 05:30:44.357 17 INFO rally.task.engine [-] Task 11153a95-6c5a-4b0c-a4b7-ccde6d9c5d07 | Completed: Task validation of semantic.
2019-11-25 05:30:44.357 17 INFO rally.task.engine [-] Task 11153a95-6c5a-4b0c-a4b7-ccde6d9c5d07 | Completed: Task validation.
2019-11-25 05:30:44.357 17 INFO rally.api [-] Task 11153a95-6c5a-4b0c-a4b7-ccde6d9c5d07 input file is valid.
2019-11-25 05:30:44.358 17 INFO rally.api [-] Run Task 11153a95-6c5a-4b0c-a4b7-ccde6d9c5d07 against Deployment 9f5552ea-441d-4353-8cf5-a6921a3dcdd8
2019-11-25 05:30:44.358 17 INFO rally.task.engine [-] Task 11153a95-6c5a-4b0c-a4b7-ccde6d9c5d07 | Starting: Running task.
2019-11-25 05:30:44.537 17 INFO rally.task.engine [-] Running workload: position = 0 config = { "version": 2, "title": "A cropped version of a bigger task.", "description": "Auto-generated task from a single workload (uuid=8a7225bf-3359-42a3-89cc-585e45843b3b)", "subtasks": [ { "title": "Authenticate.keystone", "description": "Check Keystone Client.", "scenario": { "Authenticate.keystone": {} }, "contexts": { "users": { "tenants": 3, "users_per_tenant": 2 } }, "runner": { "constant": { "concurrency": 4, "times": 10 } }, "hooks": [], "sla": { "failure_rate": { "max": 0 } } } ] }
2019-11-25 05:30:44.561 17 RALLYDEBUG rally_openstack.contexts.keystone.users [-] Creating 3 tenants using 20 threads
2019-11-25 05:30:45.715 17 RALLYDEBUG rally_openstack.contexts.keystone.users [-] Creating 6 users using 20 threads
2019-11-25 05:30:47.366 17 INFO rally.task.context [-] Task 11153a95-6c5a-4b0c-a4b7-ccde6d9c5d07 | Context users@openstack setup() finished in 2.80 sec
2019-11-25 05:30:47.379 17 RALLYDEBUG rally.task.runner [-] Starting the constant runner (task UUID: 11153a95-6c5a-4b0c-a4b7-ccde6d9c5d07). timeout: 0 concurrency: 4 concurrency_per_worker: 1 times: 10 concurrency_overhead: 0 processes_to_start: 4 max_cpu_used: 16
2019-11-25 05:30:47.394 141 RALLYDEBUG rally.task.runner [-] Starting a worker. concurrency: 1 args: {} times: 10 method_name: run timeout: 0 duration: None cls:
2019-11-25 05:30:47.397 142 RALLYDEBUG rally.task.runner [-] Starting a worker. concurrency: 1 args: {} times: 10 method_name: run timeout: 0 duration: None cls:
2019-11-25 05:30:47.400 143 RALLYDEBUG rally.task.runner [-] Starting a worker. concurrency: 1 args: {} times: 10 method_name: run timeout: 0 duration: None cls:
2019-11-25 05:30:47.402 141 INFO rally.task.runner [-] Task 11153a95-6c5a-4b0c-a4b7-ccde6d9c5d07 | ITER: 1 START
2019-11-25 05:30:47.403 142 INFO rally.task.runner [-] Task 11153a95-6c5a-4b0c-a4b7-ccde6d9c5d07 | ITER: 2 START
2019-11-25 05:30:47.403 144 RALLYDEBUG rally.task.runner [-] Starting a worker. concurrency: 1 args: {} times: 10 method_name: run timeout: 0 duration: None cls:
2019-11-25 05:30:47.407 143 INFO rally.task.runner [-] Task 11153a95-6c5a-4b0c-a4b7-ccde6d9c5d07 | ITER: 3 START
2019-11-25 05:30:47.410 144 INFO rally.task.runner [-] Task 11153a95-6c5a-4b0c-a4b7-ccde6d9c5d07 | ITER: 4 START
2019-11-25 05:30:48.143 144 INFO rally.task.runner [-] Task 11153a95-6c5a-4b0c-a4b7-ccde6d9c5d07 | ITER: 4 END: OK
2019-11-25 05:30:48.147 143 INFO rally.task.runner [-] Task 11153a95-6c5a-4b0c-a4b7-ccde6d9c5d07 | ITER: 3 END: OK
2019-11-25 05:30:48.149 144 INFO rally.task.runner [-] Task 11153a95-6c5a-4b0c-a4b7-ccde6d9c5d07 | ITER: 5 START
2019-11-25 05:30:48.153 143 INFO rally.task.runner [-] Task 11153a95-6c5a-4b0c-a4b7-ccde6d9c5d07 | ITER: 6 START
2019-11-25 05:30:48.174 141 INFO rally.task.runner [-] Task 11153a95-6c5a-4b0c-a4b7-ccde6d9c5d07 | ITER: 1 END: OK
2019-11-25 05:30:48.179 141 INFO rally.task.runner [-] Task 11153a95-6c5a-4b0c-a4b7-ccde6d9c5d07 | ITER: 7 START
2019-11-25 05:30:48.230 142 INFO rally.task.runner [-] Task 11153a95-6c5a-4b0c-a4b7-ccde6d9c5d07 | ITER: 2 END: OK
2019-11-25 05:30:48.236 142 INFO rally.task.runner [-] Task 11153a95-6c5a-4b0c-a4b7-ccde6d9c5d07 | ITER: 8 START
2019-11-25 05:30:48.880 144 INFO rally.task.runner [-] Task 11153a95-6c5a-4b0c-a4b7-ccde6d9c5d07 | ITER: 5 END: OK
2019-11-25 05:30:48.885 144 INFO rally.task.runner [-] Task 11153a95-6c5a-4b0c-a4b7-ccde6d9c5d07 | ITER: 9 START
2019-11-25 05:30:48.899 143 INFO rally.task.runner [-] Task 11153a95-6c5a-4b0c-a4b7-ccde6d9c5d07 | ITER: 6 END: OK
2019-11-25 05:30:48.903 143 INFO rally.task.runner [-] Task 11153a95-6c5a-4b0c-a4b7-ccde6d9c5d07 | ITER: 10 START
2019-11-25 05:30:48.910 141 INFO rally.task.runner [-] Task 11153a95-6c5a-4b0c-a4b7-ccde6d9c5d07 | ITER: 7 END: OK
2019-11-25 05:30:48.960 142 INFO rally.task.runner [-] Task 11153a95-6c5a-4b0c-a4b7-ccde6d9c5d07 | ITER: 8 END: OK
2019-11-25 05:30:49.522 144 INFO rally.task.runner [-] Task 11153a95-6c5a-4b0c-a4b7-ccde6d9c5d07 | ITER: 9 END: OK
2019-11-25 05:30:49.535 143 INFO rally.task.runner [-] Task 11153a95-6c5a-4b0c-a4b7-ccde6d9c5d07 | ITER: 10 END: OK
2019-11-25 05:30:49.557 17 INFO rally.task.context [-] Task 11153a95-6c5a-4b0c-a4b7-ccde6d9c5d07 | Context users@openstack cleanup() started
2019-11-25 05:30:54.254 17 INFO rally.task.context [-] Task 11153a95-6c5a-4b0c-a4b7-ccde6d9c5d07 | Context users@openstack cleanup() finished in 4.70 sec
2019-11-25 05:30:54.632 17 INFO rally.task.engine [-] Load duration is: 2.132102
2019-11-25 05:30:54.633 17 INFO rally.task.engine [-] Full runner duration is: 2.1787
2019-11-25 05:30:54.633 17 INFO rally.task.engine [-] Full duration is: 9.698541
2019-11-25 05:30:54.915 17 INFO rally.task.engine [-] Running workload: position = 0 config = { "version": 2, "title": "A cropped version of a bigger task.", "description": "Auto-generated task from a single workload (uuid=a432c93a-1c4c-454b-b332-a53b91ddda18)", "subtasks": [ { "title": "Authenticate.validate_cinder", "description": "Check Cinder Client to ensure validation of token.", "scenario": { "Authenticate.validate_cinder": { "repetitions": 2 } }, "contexts": { "users": { "tenants": 3, "users_per_tenant": 2 } }, "runner": { "constant": { "concurrency": 4, "times": 10 } }, "hooks": [], "sla": { "failure_rate": { "max": 0 } } } ] }
2019-11-25 05:30:54.941 17 RALLYDEBUG rally_openstack.contexts.keystone.users [-] Creating 3 tenants using 20 threads
2019-11-25 05:30:56.037 17 RALLYDEBUG rally_openstack.contexts.keystone.users [-] Creating 6 users using 20 threads
2019-11-25 05:30:57.780 17 INFO rally.task.context [-] Task 11153a95-6c5a-4b0c-a4b7-ccde6d9c5d07 | Context users@openstack setup() finished in 2.84 sec
2019-11-25 05:30:57.790 17 RALLYDEBUG rally.task.runner [-] Starting the constant runner (task UUID: 11153a95-6c5a-4b0c-a4b7-ccde6d9c5d07). timeout: 0 concurrency: 4 concurrency_per_worker: 1 times: 10 concurrency_overhead: 0 processes_to_start: 4 max_cpu_used: 16
2019-11-25 05:30:57.802 245 RALLYDEBUG rally.task.runner [-] Starting a worker. concurrency: 1 args: {"repetitions": 2} times: 10 method_name: run timeout: 0 duration: None cls:
2019-11-25 05:30:57.806 246 RALLYDEBUG rally.task.runner [-] Starting a worker. concurrency: 1 args: {"repetitions": 2} times: 10 method_name: run timeout: 0 duration: None cls:
2019-11-25 05:30:57.809 247 RALLYDEBUG rally.task.runner [-] Starting a worker. concurrency: 1 args: {"repetitions": 2} times: 10 method_name: run timeout: 0 duration: None cls:
2019-11-25 05:30:57.810 245 INFO rally.task.runner [-] Task 11153a95-6c5a-4b0c-a4b7-ccde6d9c5d07 | ITER: 1 START
2019-11-25 05:30:57.812 248 RALLYDEBUG rally.task.runner [-] Starting a worker. concurrency: 1 args: {"repetitions": 2} times: 10 method_name: run timeout: 0 duration: None cls:
2019-11-25 05:30:57.814 246 INFO rally.task.runner [-] Task 11153a95-6c5a-4b0c-a4b7-ccde6d9c5d07 | ITER: 2 START
2019-11-25 05:30:57.816 247 INFO rally.task.runner [-] Task 11153a95-6c5a-4b0c-a4b7-ccde6d9c5d07 | ITER: 3 START
2019-11-25 05:30:57.820 248 INFO rally.task.runner [-] Task 11153a95-6c5a-4b0c-a4b7-ccde6d9c5d07 | ITER: 4 START
2019-11-25 05:30:58.477 246 INFO rally.task.runner [-] Task 11153a95-6c5a-4b0c-a4b7-ccde6d9c5d07 | ITER: 2 END: OK
2019-11-25 05:30:58.478 245 INFO rally.task.runner [-] Task 11153a95-6c5a-4b0c-a4b7-ccde6d9c5d07 | ITER: 1 END: OK
2019-11-25 05:30:58.481 247 INFO rally.task.runner [-] Task 11153a95-6c5a-4b0c-a4b7-ccde6d9c5d07 | ITER: 3 END: OK
2019-11-25 05:30:58.483 245 INFO rally.task.runner [-] Task 11153a95-6c5a-4b0c-a4b7-ccde6d9c5d07 | ITER: 6 START
2019-11-25 05:30:58.484 246 INFO rally.task.runner [-] Task 11153a95-6c5a-4b0c-a4b7-ccde6d9c5d07 | ITER: 5 START
2019-11-25 05:30:58.486 247 INFO rally.task.runner [-] Task 11153a95-6c5a-4b0c-a4b7-ccde6d9c5d07 | ITER: 7 START
2019-11-25 05:30:58.567 248 INFO rally.task.runner [-] Task 11153a95-6c5a-4b0c-a4b7-ccde6d9c5d07 | ITER: 4 END: OK
2019-11-25 05:30:58.572 248 INFO rally.task.runner [-] Task 11153a95-6c5a-4b0c-a4b7-ccde6d9c5d07 | ITER: 8 START
2019-11-25 05:30:58.963 247 INFO rally.task.runner [-] Task 11153a95-6c5a-4b0c-a4b7-ccde6d9c5d07 | ITER: 7 END: OK
2019-11-25 05:30:58.968 247 INFO rally.task.runner [-] Task 11153a95-6c5a-4b0c-a4b7-ccde6d9c5d07 | ITER: 9 START
2019-11-25 05:30:58.996 245 INFO rally.task.runner [-] Task 11153a95-6c5a-4b0c-a4b7-ccde6d9c5d07 | ITER: 6 END: OK
2019-11-25 05:30:58.997 246 INFO rally.task.runner [-] Task 11153a95-6c5a-4b0c-a4b7-ccde6d9c5d07 | ITER: 5 END: OK
2019-11-25 05:30:59.000 245 INFO rally.task.runner [-] Task 11153a95-6c5a-4b0c-a4b7-ccde6d9c5d07 | ITER: 10 START
2019-11-25 05:30:59.350 248 INFO rally.task.runner [-] Task 11153a95-6c5a-4b0c-a4b7-ccde6d9c5d07 | ITER: 8 END: OK
2019-11-25 05:30:59.399 247 INFO rally.task.runner [-] Task 11153a95-6c5a-4b0c-a4b7-ccde6d9c5d07 | ITER: 9 END: OK
2019-11-25 05:30:59.508 245 INFO rally.task.runner [-] Task 11153a95-6c5a-4b0c-a4b7-ccde6d9c5d07 | ITER: 10 END: OK
2019-11-25 05:30:59.536 17 INFO rally.task.context [-] Task 11153a95-6c5a-4b0c-a4b7-ccde6d9c5d07 | Context users@openstack cleanup() started
2019-11-25 05:31:04.156 17 INFO rally.task.context [-] Task 11153a95-6c5a-4b0c-a4b7-ccde6d9c5d07 | Context users@openstack cleanup() finished in 4.62 sec
2019-11-25 05:31:05.007 17 INFO rally.task.engine [-] Load duration is: 1.696964
2019-11-25 05:31:05.008 17 INFO rally.task.engine [-] Full runner duration is: 1.746951
2019-11-25 05:31:05.008 17 INFO rally.task.engine [-] Full duration is: 9.218537
2019-11-25 05:31:05.502 17 INFO rally.task.engine [-] Running workload: position = 0 config = { "version": 2, "title": "A cropped version of a bigger task.", "description": "Auto-generated task from a single workload (uuid=b8680187-a674-4857-ae73-a58ac5388d8f)", "subtasks": [ { "title": "Authenticate.validate_glance", "description": "Check Glance Client to ensure validation of token.", "scenario": { "Authenticate.validate_glance": { "repetitions": 2 } }, "contexts": { "users": { "tenants": 3, "users_per_tenant": 2 } }, "runner": { "constant": { "concurrency": 4, "times": 10 } }, "hooks": [], "sla": { "failure_rate": { "max": 0 } } } ] }
2019-11-25 05:31:05.528 17 RALLYDEBUG rally_openstack.contexts.keystone.users [-] Creating 3 tenants using 20 threads
2019-11-25 05:31:06.604 17 RALLYDEBUG rally_openstack.contexts.keystone.users [-] Creating 6 users using 20 threads
2019-11-25 05:31:08.319 17 INFO rally.task.context [-] Task 11153a95-6c5a-4b0c-a4b7-ccde6d9c5d07 | Context users@openstack setup() finished in 2.79 sec
2019-11-25 05:31:08.329 17 RALLYDEBUG rally.task.runner [-] Starting the constant runner (task UUID: 11153a95-6c5a-4b0c-a4b7-ccde6d9c5d07). timeout: 0 concurrency: 4 concurrency_per_worker: 1 times: 10 concurrency_overhead: 0 processes_to_start: 4 max_cpu_used: 16
2019-11-25 05:31:08.342 349 RALLYDEBUG rally.task.runner [-] Starting a worker. concurrency: 1 args: {"repetitions": 2} times: 10 method_name: run timeout: 0 duration: None cls:
2019-11-25 05:31:08.346 350 RALLYDEBUG rally.task.runner [-] Starting a worker. concurrency: 1 args: {"repetitions": 2} times: 10 method_name: run timeout: 0 duration: None cls:
2019-11-25 05:31:08.349 351 RALLYDEBUG rally.task.runner [-] Starting a worker. concurrency: 1 args: {"repetitions": 2} times: 10 method_name: run timeout: 0 duration: None cls:
2019-11-25 05:31:08.350 349 INFO rally.task.runner [-] Task 11153a95-6c5a-4b0c-a4b7-ccde6d9c5d07 | ITER: 1 START
2019-11-25 05:31:08.352 352 RALLYDEBUG rally.task.runner [-] Starting a worker. concurrency: 1 args: {"repetitions": 2} times: 10 method_name: run timeout: 0 duration: None cls:
2019-11-25 05:31:08.354 350 INFO rally.task.runner [-] Task 11153a95-6c5a-4b0c-a4b7-ccde6d9c5d07 | ITER: 2 START
2019-11-25 05:31:08.356 351 INFO rally.task.runner [-] Task 11153a95-6c5a-4b0c-a4b7-ccde6d9c5d07 | ITER: 3 START
2019-11-25 05:31:08.360 352 INFO rally.task.runner [-] Task 11153a95-6c5a-4b0c-a4b7-ccde6d9c5d07 | ITER: 4 START
2019-11-25 05:31:09.105 350 INFO rally.task.runner [-] Task 11153a95-6c5a-4b0c-a4b7-ccde6d9c5d07 | ITER: 2 END: OK
2019-11-25 05:31:09.110 350 INFO rally.task.runner [-] Task 11153a95-6c5a-4b0c-a4b7-ccde6d9c5d07 | ITER: 5 START
2019-11-25 05:31:09.117 351 INFO rally.task.runner [-] Task 11153a95-6c5a-4b0c-a4b7-ccde6d9c5d07 | ITER: 3 END: OK
2019-11-25 05:31:09.123 351 INFO rally.task.runner [-] Task 11153a95-6c5a-4b0c-a4b7-ccde6d9c5d07 | ITER: 6 START
2019-11-25 05:31:09.127 349 INFO rally.task.runner [-] Task 11153a95-6c5a-4b0c-a4b7-ccde6d9c5d07 | ITER: 1 END: OK
2019-11-25 05:31:09.131 349 INFO rally.task.runner [-] Task 11153a95-6c5a-4b0c-a4b7-ccde6d9c5d07 | ITER: 7 START
2019-11-25 05:31:09.186 352 INFO rally.task.runner [-] Task 11153a95-6c5a-4b0c-a4b7-ccde6d9c5d07 | ITER: 4 END: OK
2019-11-25 05:31:09.191 352 INFO rally.task.runner [-] Task 11153a95-6c5a-4b0c-a4b7-ccde6d9c5d07 | ITER: 8 START
2019-11-25 05:31:09.776 352 INFO rally.task.runner [-] Task 11153a95-6c5a-4b0c-a4b7-ccde6d9c5d07 | ITER: 8 END: OK
2019-11-25 05:31:09.781 352 INFO rally.task.runner [-] Task 11153a95-6c5a-4b0c-a4b7-ccde6d9c5d07 | ITER: 9 START
2019-11-25 05:31:09.789 349 INFO rally.task.runner [-] Task 11153a95-6c5a-4b0c-a4b7-ccde6d9c5d07 | ITER: 7 END: OK
2019-11-25 05:31:09.793 349 INFO rally.task.runner [-] Task 11153a95-6c5a-4b0c-a4b7-ccde6d9c5d07 | ITER: 10 START
2019-11-25 05:31:09.806 350 INFO rally.task.runner [-] Task 11153a95-6c5a-4b0c-a4b7-ccde6d9c5d07 | ITER: 5 END: OK
2019-11-25 05:31:09.826 351 INFO rally.task.runner [-] Task 11153a95-6c5a-4b0c-a4b7-ccde6d9c5d07 | ITER: 6 END: OK
2019-11-25 05:31:10.371 349 INFO rally.task.runner [-] Task 11153a95-6c5a-4b0c-a4b7-ccde6d9c5d07 | ITER: 10 END: OK
2019-11-25 05:31:10.390 352 INFO rally.task.runner [-] Task 11153a95-6c5a-4b0c-a4b7-ccde6d9c5d07 | ITER: 9 END: OK
2019-11-25 05:31:10.415 17 INFO rally.task.context [-] Task 11153a95-6c5a-4b0c-a4b7-ccde6d9c5d07 | Context users@openstack cleanup() started
2019-11-25 05:31:14.892 17 INFO rally.task.context [-] Task 11153a95-6c5a-4b0c-a4b7-ccde6d9c5d07 | Context users@openstack cleanup() finished in 4.48 sec
2019-11-25 05:31:15.597 17 INFO rally.task.engine [-] Load duration is: 2.038887
2019-11-25 05:31:15.598 17 INFO rally.task.engine [-] Full runner duration is: 2.086263
2019-11-25 05:31:15.598 17 INFO rally.task.engine [-] Full duration is: 9.367248
2019-11-25 05:31:16.233 17 INFO rally.task.engine [-] Running workload: position = 0 config = { "version": 2, "title": "A cropped version of a bigger task.", "description": "Auto-generated task from a single workload (uuid=5aaeab99-0f5c-4b7a-97d4-116bf1ae2377)", "subtasks": [ { "title": "Authenticate.validate_heat", "description": "Check Heat Client to ensure validation of token.", "scenario": { "Authenticate.validate_heat": { "repetitions": 2 } }, "contexts": { "users": { "tenants": 3, "users_per_tenant": 2 } }, "runner": { "constant": { "concurrency": 4, "times": 10 } }, "hooks": [], "sla": { "failure_rate": { "max": 0 } } } ] }
2019-11-25 05:31:16.262 17 RALLYDEBUG rally_openstack.contexts.keystone.users [-] Creating 3 tenants using 20 threads
2019-11-25 05:31:17.447 17 RALLYDEBUG rally_openstack.contexts.keystone.users [-] Creating 6 users using 20 threads
2019-11-25 05:31:19.163 17 INFO rally.task.context [-] Task 11153a95-6c5a-4b0c-a4b7-ccde6d9c5d07 | Context users@openstack setup() finished in 2.90 sec
2019-11-25 05:31:19.172 17 RALLYDEBUG rally.task.runner [-] Starting the constant runner (task UUID: 11153a95-6c5a-4b0c-a4b7-ccde6d9c5d07). timeout: 0 concurrency: 4 concurrency_per_worker: 1 times: 10 concurrency_overhead: 0 processes_to_start: 4 max_cpu_used: 16
2019-11-25 05:31:19.185 453 RALLYDEBUG rally.task.runner [-] Starting a worker. concurrency: 1 args: {"repetitions": 2} times: 10 method_name: run timeout: 0 duration: None cls:
2019-11-25 05:31:19.189 454 RALLYDEBUG rally.task.runner [-] Starting a worker. concurrency: 1 args: {"repetitions": 2} times: 10 method_name: run timeout: 0 duration: None cls:
2019-11-25 05:31:19.193 453 INFO rally.task.runner [-] Task 11153a95-6c5a-4b0c-a4b7-ccde6d9c5d07 | ITER: 1 START
2019-11-25 05:31:19.192 455 RALLYDEBUG rally.task.runner [-] Starting a worker. concurrency: 1 args: {"repetitions": 2} times: 10 method_name: run timeout: 0 duration: None cls:
2019-11-25 05:31:19.196 456 RALLYDEBUG rally.task.runner [-] Starting a worker. concurrency: 1 args: {"repetitions": 2} times: 10 method_name: run timeout: 0 duration: None cls:
2019-11-25 05:31:19.197 454 INFO rally.task.runner [-] Task 11153a95-6c5a-4b0c-a4b7-ccde6d9c5d07 | ITER: 2 START
2019-11-25 05:31:19.200 455 INFO rally.task.runner [-] Task 11153a95-6c5a-4b0c-a4b7-ccde6d9c5d07 | ITER: 3 START
2019-11-25 05:31:19.203 456 INFO rally.task.runner [-] Task 11153a95-6c5a-4b0c-a4b7-ccde6d9c5d07 | ITER: 4 START
2019-11-25 05:31:20.191 455 INFO rally.task.runner [-] Task 11153a95-6c5a-4b0c-a4b7-ccde6d9c5d07 | ITER: 3 END: OK
2019-11-25 05:31:20.196 455 INFO rally.task.runner [-] Task 11153a95-6c5a-4b0c-a4b7-ccde6d9c5d07 | ITER: 5 START
2019-11-25 05:31:20.536 454 INFO rally.task.runner [-] Task 11153a95-6c5a-4b0c-a4b7-ccde6d9c5d07 | ITER: 2 END: OK
2019-11-25 05:31:20.541 454 INFO rally.task.runner [-] Task 11153a95-6c5a-4b0c-a4b7-ccde6d9c5d07 | ITER: 6 START
2019-11-25 05:31:20.568 456 INFO rally.task.runner [-] Task 11153a95-6c5a-4b0c-a4b7-ccde6d9c5d07 | ITER: 4 END: OK
2019-11-25 05:31:20.573 456 INFO rally.task.runner [-] Task 11153a95-6c5a-4b0c-a4b7-ccde6d9c5d07 | ITER: 7 START
2019-11-25 05:31:20.574 453 INFO rally.task.runner [-] Task 11153a95-6c5a-4b0c-a4b7-ccde6d9c5d07 | ITER: 1 END: OK
2019-11-25 05:31:20.578 453 INFO rally.task.runner [-] Task 11153a95-6c5a-4b0c-a4b7-ccde6d9c5d07 | ITER: 8 START
2019-11-25 05:31:21.318 453 INFO rally.task.runner [-] Task 11153a95-6c5a-4b0c-a4b7-ccde6d9c5d07 | ITER: 8 END: OK
2019-11-25 05:31:21.323 453 INFO rally.task.runner [-] Task 11153a95-6c5a-4b0c-a4b7-ccde6d9c5d07 | ITER: 9 START
2019-11-25 05:31:21.343 454 INFO rally.task.runner [-] Task 11153a95-6c5a-4b0c-a4b7-ccde6d9c5d07 | ITER: 6 END: OK
2019-11-25 05:31:21.347 454 INFO rally.task.runner [-] Task 11153a95-6c5a-4b0c-a4b7-ccde6d9c5d07 | ITER: 10 START
2019-11-25 05:31:21.393 455 INFO rally.task.runner [-] Task 11153a95-6c5a-4b0c-a4b7-ccde6d9c5d07 | ITER: 5 END: OK
2019-11-25 05:31:21.398 456 INFO rally.task.runner [-] Task 11153a95-6c5a-4b0c-a4b7-ccde6d9c5d07 | ITER: 7 END: OK
2019-11-25 05:31:21.805 454 INFO rally.task.runner [-] Task 11153a95-6c5a-4b0c-a4b7-ccde6d9c5d07 | ITER: 10 END: OK
2019-11-25 05:31:22.048 453 INFO rally.task.runner [-] Task 11153a95-6c5a-4b0c-a4b7-ccde6d9c5d07 | ITER: 9 END: OK
2019-11-25 05:31:22.074 17 INFO rally.task.context [-] Task 11153a95-6c5a-4b0c-a4b7-ccde6d9c5d07 | Context users@openstack cleanup() started
2019-11-25 05:31:26.511 17 INFO rally.task.context [-] Task 11153a95-6c5a-4b0c-a4b7-ccde6d9c5d07 | Context users@openstack cleanup() finished in 4.44 sec
2019-11-25 05:31:28.334 17 INFO rally.task.engine [-] Load duration is: 2.85421
2019-11-25 05:31:28.334 17 INFO rally.task.engine [-] Full runner duration is: 2.901916
2019-11-25 05:31:28.335 17 INFO rally.task.engine [-] Full duration is: 10.253285
2019-11-25 05:31:28.935 17 INFO rally.task.engine [-] Running workload: position = 0 config = { "version": 2, "title": "A cropped version of a bigger task.", "description": "Auto-generated task from a single workload (uuid=50fdba6f-9e7b-40e9-9c97-d517fbd8a847)", "subtasks": [ { "title": "Authenticate.validate_neutron", "description": "Check Neutron Client to ensure validation of token.", "scenario": { "Authenticate.validate_neutron": { "repetitions": 2 } }, "contexts": { "users": { "tenants": 3, "users_per_tenant": 2 } }, "runner": { "constant": { "concurrency": 4, "times": 10 } }, "hooks": [], "sla": { "failure_rate": { "max": 0 } } } ] }
2019-11-25 05:31:28.961 17 RALLYDEBUG rally_openstack.contexts.keystone.users [-] Creating 3 tenants using 20 threads
2019-11-25 05:31:30.059 17 RALLYDEBUG rally_openstack.contexts.keystone.users [-] Creating 6 users using 20 threads
2019-11-25 05:31:31.660 17 INFO rally.task.context [-] Task 11153a95-6c5a-4b0c-a4b7-ccde6d9c5d07 | Context users@openstack setup() finished in 2.70 sec
2019-11-25 05:31:31.671 17 RALLYDEBUG rally.task.runner [-] Starting the constant runner (task UUID: 11153a95-6c5a-4b0c-a4b7-ccde6d9c5d07). timeout: 0 concurrency: 4 concurrency_per_worker: 1 times: 10 concurrency_overhead: 0 processes_to_start: 4 max_cpu_used: 16
2019-11-25 05:31:31.685 557 RALLYDEBUG rally.task.runner [-] Starting a worker. concurrency: 1 args: {"repetitions": 2} times: 10 method_name: run timeout: 0 duration: None cls:
2019-11-25 05:31:31.688 558 RALLYDEBUG rally.task.runner [-] Starting a worker. concurrency: 1 args: {"repetitions": 2} times: 10 method_name: run timeout: 0 duration: None cls:
2019-11-25 05:31:31.691 559 RALLYDEBUG rally.task.runner [-] Starting a worker. concurrency: 1 args: {"repetitions": 2} times: 10 method_name: run timeout: 0 duration: None cls:
2019-11-25 05:31:31.693 557 INFO rally.task.runner [-] Task 11153a95-6c5a-4b0c-a4b7-ccde6d9c5d07 | ITER: 1 START
2019-11-25 05:31:31.695 560 RALLYDEBUG rally.task.runner [-] Starting a worker. concurrency: 1 args: {"repetitions": 2} times: 10 method_name: run timeout: 0 duration: None cls:
2019-11-25 05:31:31.696 558 INFO rally.task.runner [-] Task 11153a95-6c5a-4b0c-a4b7-ccde6d9c5d07 | ITER: 2 START
2019-11-25 05:31:31.699 559 INFO rally.task.runner [-] Task 11153a95-6c5a-4b0c-a4b7-ccde6d9c5d07 | ITER: 3 START
2019-11-25 05:31:31.703 560 INFO rally.task.runner [-] Task 11153a95-6c5a-4b0c-a4b7-ccde6d9c5d07 | ITER: 4 START
2019-11-25 05:31:32.449 557 INFO rally.task.runner [-] Task 11153a95-6c5a-4b0c-a4b7-ccde6d9c5d07 | ITER: 1 END: OK
2019-11-25 05:31:32.454 557 INFO rally.task.runner [-] Task 11153a95-6c5a-4b0c-a4b7-ccde6d9c5d07 | ITER: 5 START
2019-11-25 05:31:32.475 559 INFO rally.task.runner [-] Task 11153a95-6c5a-4b0c-a4b7-ccde6d9c5d07 | ITER: 3 END: OK
2019-11-25 05:31:32.479 559 INFO rally.task.runner [-] Task 11153a95-6c5a-4b0c-a4b7-ccde6d9c5d07 | ITER: 6 START
2019-11-25 05:31:32.482 558 INFO rally.task.runner [-] Task 11153a95-6c5a-4b0c-a4b7-ccde6d9c5d07 | ITER: 2 END: OK
2019-11-25 05:31:32.486 558 INFO rally.task.runner [-] Task 11153a95-6c5a-4b0c-a4b7-ccde6d9c5d07 | ITER: 7 START
2019-11-25 05:31:32.515 560 INFO rally.task.runner [-] Task 11153a95-6c5a-4b0c-a4b7-ccde6d9c5d07 | ITER: 4 END: OK
2019-11-25 05:31:32.520 560 INFO rally.task.runner [-] Task 11153a95-6c5a-4b0c-a4b7-ccde6d9c5d07 | ITER: 8 START
2019-11-25 05:31:33.102 558 INFO rally.task.runner [-] Task 11153a95-6c5a-4b0c-a4b7-ccde6d9c5d07 | ITER: 7 END: OK
2019-11-25 05:31:33.107 558 INFO rally.task.runner [-] Task 11153a95-6c5a-4b0c-a4b7-ccde6d9c5d07 | ITER: 9 START
2019-11-25 05:31:33.123 559 INFO rally.task.runner [-] Task 11153a95-6c5a-4b0c-a4b7-ccde6d9c5d07 | ITER: 6 END: OK
2019-11-25 05:31:33.128 559 INFO rally.task.runner [-] Task 11153a95-6c5a-4b0c-a4b7-ccde6d9c5d07 | ITER: 10 START
2019-11-25 05:31:33.159 557 INFO rally.task.runner [-] Task 11153a95-6c5a-4b0c-a4b7-ccde6d9c5d07 | ITER: 5 END: OK
2019-11-25 05:31:33.191 560 INFO rally.task.runner [-] Task 11153a95-6c5a-4b0c-a4b7-ccde6d9c5d07 | ITER: 8 END: OK
2019-11-25 05:31:33.767 559 INFO rally.task.runner [-] Task 11153a95-6c5a-4b0c-a4b7-ccde6d9c5d07 | ITER: 10 END: OK
2019-11-25 05:31:33.865 558 INFO rally.task.runner [-] Task 11153a95-6c5a-4b0c-a4b7-ccde6d9c5d07 | ITER: 9 END: OK
2019-11-25 05:31:33.887 17 INFO rally.task.context [-] Task 11153a95-6c5a-4b0c-a4b7-ccde6d9c5d07 | Context users@openstack cleanup() started
2019-11-25 05:31:38.497 17 INFO rally.task.context [-] Task 11153a95-6c5a-4b0c-a4b7-ccde6d9c5d07 | Context users@openstack cleanup() finished in 4.61 sec
2019-11-25 05:31:39.038 17 INFO rally.task.engine [-] Load duration is: 2.17076
2019-11-25 05:31:39.038 17 INFO rally.task.engine [-] Full runner duration is: 2.216283
2019-11-25 05:31:39.038 17 INFO rally.task.engine [-] Full duration is: 9.538874
2019-11-25 05:31:39.647 17 INFO rally.task.engine [-] Running workload: position = 0 config = { "version": 2, "title": "A cropped version of a bigger task.", "description": "Auto-generated task from a single workload (uuid=5591dffb-e9d1-4197-8b5c-57f6b2488079)", "subtasks": [ { "title": "Authenticate.validate_nova", "description": "Check Nova Client to ensure validation of token.", "scenario": { "Authenticate.validate_nova": { "repetitions": 2 } }, "contexts": { "users": { "tenants": 3, "users_per_tenant": 2 } }, "runner": { "constant": { "concurrency": 4, "times": 10 } }, "hooks": [], "sla": { "failure_rate": { "max": 0 } } } ] }
2019-11-25 05:31:39.673 17 RALLYDEBUG rally_openstack.contexts.keystone.users [-] Creating 3 tenants using 20 threads
2019-11-25 05:31:40.630 17 RALLYDEBUG rally_openstack.contexts.keystone.users [-] Creating 6 users using 20 threads
2019-11-25 05:31:42.281 17 INFO rally.task.context [-] Task 11153a95-6c5a-4b0c-a4b7-ccde6d9c5d07 | Context users@openstack setup() finished in 2.61 sec
2019-11-25 05:31:42.291 17 RALLYDEBUG rally.task.runner [-] Starting the constant runner (task UUID: 11153a95-6c5a-4b0c-a4b7-ccde6d9c5d07). timeout: 0 concurrency: 4 concurrency_per_worker: 1 times: 10 concurrency_overhead: 0 processes_to_start: 4 max_cpu_used: 16
2019-11-25 05:31:42.305 661 RALLYDEBUG rally.task.runner [-] Starting a worker. concurrency: 1 args: {"repetitions": 2} times: 10 method_name: run timeout: 0 duration: None cls:
2019-11-25 05:31:42.308 662 RALLYDEBUG rally.task.runner [-] Starting a worker. concurrency: 1 args: {"repetitions": 2} times: 10 method_name: run timeout: 0 duration: None cls:
2019-11-25 05:31:42.312 661 INFO rally.task.runner [-] Task 11153a95-6c5a-4b0c-a4b7-ccde6d9c5d07 | ITER: 1 START
2019-11-25 05:31:42.311 663 RALLYDEBUG rally.task.runner [-] Starting a worker. concurrency: 1 args: {"repetitions": 2} times: 10 method_name: run timeout: 0 duration: None cls:
2019-11-25 05:31:42.314 664 RALLYDEBUG rally.task.runner [-] Starting a worker. concurrency: 1 args: {"repetitions": 2} times: 10 method_name: run timeout: 0 duration: None cls:
2019-11-25 05:31:42.316 662 INFO rally.task.runner [-] Task 11153a95-6c5a-4b0c-a4b7-ccde6d9c5d07 | ITER: 2 START
2019-11-25 05:31:42.319 663 INFO rally.task.runner [-] Task 11153a95-6c5a-4b0c-a4b7-ccde6d9c5d07 | ITER: 3 START
2019-11-25 05:31:42.322 664 INFO rally.task.runner [-] Task 11153a95-6c5a-4b0c-a4b7-ccde6d9c5d07 | ITER: 4 START
2019-11-25 05:31:42.782 664 DEBUG novaclient.v2.client [-] REQ: curl -g -i --cacert "/etc/ssl/certs/mcp_os_cacert" -X GET http://10.167.4.35:8774/v2.1/flavors/detail -H "Accept: application/json" -H "User-Agent: python-novaclient" -H "X-Auth-Token: {SHA1}9fdc0121d40b4ad1ad7332d195f20dee3713896f" _http_log_request /usr/lib/python2.7/site-packages/keystoneauth1/session.py:448
2019-11-25 05:31:42.784 661 DEBUG novaclient.v2.client [-] REQ: curl -g -i --cacert "/etc/ssl/certs/mcp_os_cacert" -X GET http://10.167.4.35:8774/v2.1/flavors/detail -H "Accept: application/json" -H "User-Agent: python-novaclient" -H "X-Auth-Token: {SHA1}1be38acbd06791e008082d80b41ba9f35ba8ebf2" _http_log_request /usr/lib/python2.7/site-packages/keystoneauth1/session.py:448
2019-11-25 05:31:42.790 663 DEBUG novaclient.v2.client [-] REQ: curl -g -i --cacert "/etc/ssl/certs/mcp_os_cacert" -X GET http://10.167.4.35:8774/v2.1/flavors/detail -H "Accept: application/json" -H "User-Agent: python-novaclient" -H "X-Auth-Token: {SHA1}07ce421f268f7e0415a05876039450fc3059eab1" _http_log_request /usr/lib/python2.7/site-packages/keystoneauth1/session.py:448
2019-11-25 05:31:42.795 662 DEBUG novaclient.v2.client [-] REQ: curl -g -i --cacert "/etc/ssl/certs/mcp_os_cacert" -X GET http://10.167.4.35:8774/v2.1/flavors/detail -H "Accept: application/json" -H "User-Agent: python-novaclient" -H "X-Auth-Token: {SHA1}346a50a73393e36340445ff5d43b7396e48fb63f" _http_log_request /usr/lib/python2.7/site-packages/keystoneauth1/session.py:448
2019-11-25 05:31:42.952 664 DEBUG novaclient.v2.client [-] RESP: [200] Connection: close Content-Length: 1014 Content-Type: application/json Date: Mon, 25 Nov 2019 05:31:42 GMT Openstack-Api-Version: compute 2.1 Vary: OpenStack-API-Version, X-OpenStack-Nova-API-Version X-Compute-Request-Id: req-81920003-7244-4c50-9e96-f1d5460dd993 X-Openstack-Nova-Api-Version: 2.1 X-Openstack-Request-Id: req-81920003-7244-4c50-9e96-f1d5460dd993 _http_log_response /usr/lib/python2.7/site-packages/keystoneauth1/session.py:479
2019-11-25 05:31:42.952 661 DEBUG novaclient.v2.client [-] RESP: [200] Connection: close Content-Length: 1014 Content-Type: application/json Date: Mon, 25 Nov 2019 05:31:42 GMT Openstack-Api-Version: compute 2.1 Vary: OpenStack-API-Version, X-OpenStack-Nova-API-Version X-Compute-Request-Id: req-e0714e64-fb07-4a6a-9eff-1fd845c978cf X-Openstack-Nova-Api-Version: 2.1 X-Openstack-Request-Id: req-e0714e64-fb07-4a6a-9eff-1fd845c978cf _http_log_response /usr/lib/python2.7/site-packages/keystoneauth1/session.py:479
2019-11-25 05:31:42.953 664 DEBUG novaclient.v2.client [-] RESP BODY: {"flavors": [{"name": "rally_full-flavor_alt_b2031346-6868-44bb-a16a-95e997c0b2cd", "links": [{"href": "http://10.167.4.35:8774/v2.1/flavors/88a19d48-3713-4b9d-8d29-a2139471b13d", "rel": "self"}, {"href": "http://10.167.4.35:8774/flavors/88a19d48-3713-4b9d-8d29-a2139471b13d", "rel": "bookmark"}], "ram": 1024, "OS-FLV-DISABLED:disabled": false, "vcpus": 1, "swap": "", "os-flavor-access:is_public": true, "rxtx_factor": 1.0, "OS-FLV-EXT-DATA:ephemeral": 0, "disk": 1, "id": "88a19d48-3713-4b9d-8d29-a2139471b13d"}, {"name": "rally_full-flavor_b2031346-6868-44bb-a16a-95e997c0b2cd", "links": [{"href": "http://10.167.4.35:8774/v2.1/flavors/913767b9-2be5-462a-836b-37c07bb5a540", "rel": "self"}, {"href": "http://10.167.4.35:8774/flavors/913767b9-2be5-462a-836b-37c07bb5a540", "rel": "bookmark"}], "ram": 512, "OS-FLV-DISABLED:disabled": false, "vcpus": 1, "swap": "", "os-flavor-access:is_public": true, "rxtx_factor": 1.0, "OS-FLV-EXT-DATA:ephemeral": 0, "disk": 1, "id": "913767b9-2be5-462a-836b-37c07bb5a540"}]} _http_log_response /usr/lib/python2.7/site-packages/keystoneauth1/session.py:511
2019-11-25 05:31:42.953 664 DEBUG novaclient.v2.client [-] GET call to compute for http://10.167.4.35:8774/v2.1/flavors/detail used request id req-81920003-7244-4c50-9e96-f1d5460dd993 request /usr/lib/python2.7/site-packages/keystoneauth1/session.py:844
2019-11-25 05:31:42.953 661 DEBUG novaclient.v2.client [-] RESP BODY: {"flavors": [{"name": "rally_full-flavor_alt_b2031346-6868-44bb-a16a-95e997c0b2cd", "links": [{"href": "http://10.167.4.35:8774/v2.1/flavors/88a19d48-3713-4b9d-8d29-a2139471b13d", "rel": "self"}, {"href": "http://10.167.4.35:8774/flavors/88a19d48-3713-4b9d-8d29-a2139471b13d", "rel": "bookmark"}], "ram": 1024, "OS-FLV-DISABLED:disabled": false, "vcpus": 1, "swap": "", "os-flavor-access:is_public": true, "rxtx_factor": 1.0, "OS-FLV-EXT-DATA:ephemeral": 0, "disk": 1, "id": "88a19d48-3713-4b9d-8d29-a2139471b13d"}, {"name": "rally_full-flavor_b2031346-6868-44bb-a16a-95e997c0b2cd", "links": [{"href": "http://10.167.4.35:8774/v2.1/flavors/913767b9-2be5-462a-836b-37c07bb5a540", "rel": "self"}, {"href": "http://10.167.4.35:8774/flavors/913767b9-2be5-462a-836b-37c07bb5a540", "rel": "bookmark"}], "ram": 512, "OS-FLV-DISABLED:disabled": false, "vcpus": 1, "swap": "", "os-flavor-access:is_public": true, "rxtx_factor": 1.0, "OS-FLV-EXT-DATA:ephemeral": 0, "disk": 1, "id": "913767b9-2be5-462a-836b-37c07bb5a540"}]} _http_log_response /usr/lib/python2.7/site-packages/keystoneauth1/session.py:511
2019-11-25 05:31:42.954 661 DEBUG novaclient.v2.client [-] GET call to compute for http://10.167.4.35:8774/v2.1/flavors/detail used request id req-e0714e64-fb07-4a6a-9eff-1fd845c978cf request /usr/lib/python2.7/site-packages/keystoneauth1/session.py:844
2019-11-25 05:31:42.955 661 DEBUG novaclient.v2.client [-] REQ: curl -g -i --cacert "/etc/ssl/certs/mcp_os_cacert" -X GET http://10.167.4.35:8774/v2.1/flavors/detail -H "Accept: application/json" -H "User-Agent: python-novaclient" -H "X-Auth-Token: {SHA1}1be38acbd06791e008082d80b41ba9f35ba8ebf2" _http_log_request /usr/lib/python2.7/site-packages/keystoneauth1/session.py:448
2019-11-25 05:31:42.956 664 DEBUG novaclient.v2.client [-] REQ: curl -g -i --cacert "/etc/ssl/certs/mcp_os_cacert" -X GET http://10.167.4.35:8774/v2.1/flavors/detail -H "Accept: application/json" -H "User-Agent: python-novaclient" -H "X-Auth-Token: {SHA1}9fdc0121d40b4ad1ad7332d195f20dee3713896f" _http_log_request /usr/lib/python2.7/site-packages/keystoneauth1/session.py:448
2019-11-25 05:31:42.958 663 DEBUG novaclient.v2.client [-] RESP: [200] Connection: close Content-Length: 1014 Content-Type: application/json Date: Mon, 25 Nov 2019 05:31:42 GMT Openstack-Api-Version: compute 2.1 Vary: OpenStack-API-Version, X-OpenStack-Nova-API-Version X-Compute-Request-Id: req-33adb64c-0114-4b6c-b699-cf14d432c3ea X-Openstack-Nova-Api-Version: 2.1 X-Openstack-Request-Id: req-33adb64c-0114-4b6c-b699-cf14d432c3ea _http_log_response /usr/lib/python2.7/site-packages/keystoneauth1/session.py:479
2019-11-25 05:31:42.959 663 DEBUG novaclient.v2.client [-] RESP BODY: {"flavors": [{"name": "rally_full-flavor_alt_b2031346-6868-44bb-a16a-95e997c0b2cd", "links": [{"href": "http://10.167.4.35:8774/v2.1/flavors/88a19d48-3713-4b9d-8d29-a2139471b13d", "rel": "self"}, {"href": "http://10.167.4.35:8774/flavors/88a19d48-3713-4b9d-8d29-a2139471b13d", "rel": "bookmark"}], "ram": 1024, "OS-FLV-DISABLED:disabled": false, "vcpus": 1, "swap": "", "os-flavor-access:is_public": true, "rxtx_factor": 1.0, "OS-FLV-EXT-DATA:ephemeral": 0, "disk": 1, "id": "88a19d48-3713-4b9d-8d29-a2139471b13d"}, {"name": "rally_full-flavor_b2031346-6868-44bb-a16a-95e997c0b2cd", "links": [{"href": "http://10.167.4.35:8774/v2.1/flavors/913767b9-2be5-462a-836b-37c07bb5a540", "rel": "self"}, {"href": "http://10.167.4.35:8774/flavors/913767b9-2be5-462a-836b-37c07bb5a540", "rel": "bookmark"}], "ram": 512, "OS-FLV-DISABLED:disabled": false, "vcpus": 1, "swap": "", "os-flavor-access:is_public": true, "rxtx_factor": 1.0, "OS-FLV-EXT-DATA:ephemeral": 0, "disk": 1, "id": "913767b9-2be5-462a-836b-37c07bb5a540"}]} _http_log_response /usr/lib/python2.7/site-packages/keystoneauth1/session.py:511
2019-11-25 05:31:42.959 663 DEBUG novaclient.v2.client [-] GET call to compute for http://10.167.4.35:8774/v2.1/flavors/detail used request id req-33adb64c-0114-4b6c-b699-cf14d432c3ea request /usr/lib/python2.7/site-packages/keystoneauth1/session.py:844
2019-11-25 05:31:42.961 663 DEBUG novaclient.v2.client [-] REQ: curl -g -i --cacert "/etc/ssl/certs/mcp_os_cacert" -X GET http://10.167.4.35:8774/v2.1/flavors/detail -H "Accept: application/json" -H "User-Agent: python-novaclient" -H "X-Auth-Token: {SHA1}07ce421f268f7e0415a05876039450fc3059eab1" _http_log_request /usr/lib/python2.7/site-packages/keystoneauth1/session.py:448
2019-11-25 05:31:42.968 662 DEBUG novaclient.v2.client [-] RESP: [200] Connection: close Content-Length: 1014 Content-Type: application/json Date: Mon, 25 Nov 2019 05:31:42 GMT Openstack-Api-Version: compute 2.1 Vary: OpenStack-API-Version, X-OpenStack-Nova-API-Version X-Compute-Request-Id: req-cb114d8a-a13a-46fe-a88d-068f7ffdd8af X-Openstack-Nova-Api-Version: 2.1 X-Openstack-Request-Id: req-cb114d8a-a13a-46fe-a88d-068f7ffdd8af _http_log_response /usr/lib/python2.7/site-packages/keystoneauth1/session.py:479
2019-11-25 05:31:42.969 662 DEBUG novaclient.v2.client [-] RESP BODY: {"flavors": [{"name": "rally_full-flavor_alt_b2031346-6868-44bb-a16a-95e997c0b2cd", "links": [{"href": "http://10.167.4.35:8774/v2.1/flavors/88a19d48-3713-4b9d-8d29-a2139471b13d", "rel": "self"}, {"href": "http://10.167.4.35:8774/flavors/88a19d48-3713-4b9d-8d29-a2139471b13d", "rel": "bookmark"}], "ram": 1024, "OS-FLV-DISABLED:disabled": false, "vcpus": 1, "swap": "", "os-flavor-access:is_public": true, "rxtx_factor": 1.0, "OS-FLV-EXT-DATA:ephemeral": 0, "disk": 1, "id": "88a19d48-3713-4b9d-8d29-a2139471b13d"}, {"name": "rally_full-flavor_b2031346-6868-44bb-a16a-95e997c0b2cd", "links": [{"href": "http://10.167.4.35:8774/v2.1/flavors/913767b9-2be5-462a-836b-37c07bb5a540", "rel": "self"}, {"href": "http://10.167.4.35:8774/flavors/913767b9-2be5-462a-836b-37c07bb5a540", "rel": "bookmark"}], "ram": 512, "OS-FLV-DISABLED:disabled": false, "vcpus": 1, "swap": "", "os-flavor-access:is_public": true, "rxtx_factor": 1.0, "OS-FLV-EXT-DATA:ephemeral": 0, "disk": 1, "id": "913767b9-2be5-462a-836b-37c07bb5a540"}]} _http_log_response /usr/lib/python2.7/site-packages/keystoneauth1/session.py:511
2019-11-25 05:31:42.969 662 DEBUG novaclient.v2.client [-] GET call to compute for http://10.167.4.35:8774/v2.1/flavors/detail used request id req-cb114d8a-a13a-46fe-a88d-068f7ffdd8af request /usr/lib/python2.7/site-packages/keystoneauth1/session.py:844
2019-11-25 05:31:42.971 662 DEBUG novaclient.v2.client [-] REQ: curl -g -i --cacert "/etc/ssl/certs/mcp_os_cacert" -X GET http://10.167.4.35:8774/v2.1/flavors/detail -H "Accept: application/json" -H "User-Agent: python-novaclient" -H "X-Auth-Token: {SHA1}346a50a73393e36340445ff5d43b7396e48fb63f" _http_log_request /usr/lib/python2.7/site-packages/keystoneauth1/session.py:448
2019-11-25 05:31:42.976 661 DEBUG novaclient.v2.client [-] RESP: [200] Connection: close Content-Length: 1014 Content-Type: application/json Date: Mon, 25 Nov 2019 05:31:42 GMT Openstack-Api-Version: compute 2.1 Vary: OpenStack-API-Version, X-OpenStack-Nova-API-Version X-Compute-Request-Id: req-820a54be-4bee-4dac-a102-36af4f0a1d5c X-Openstack-Nova-Api-Version: 2.1 X-Openstack-Request-Id: req-820a54be-4bee-4dac-a102-36af4f0a1d5c _http_log_response /usr/lib/python2.7/site-packages/keystoneauth1/session.py:479
2019-11-25 05:31:42.977 661 DEBUG novaclient.v2.client [-] RESP BODY: {"flavors": [{"name": "rally_full-flavor_alt_b2031346-6868-44bb-a16a-95e997c0b2cd", "links": [{"href": "http://10.167.4.35:8774/v2.1/flavors/88a19d48-3713-4b9d-8d29-a2139471b13d", "rel": "self"}, {"href": "http://10.167.4.35:8774/flavors/88a19d48-3713-4b9d-8d29-a2139471b13d", "rel": "bookmark"}], "ram": 1024, "OS-FLV-DISABLED:disabled": false, "vcpus": 1, "swap": "", "os-flavor-access:is_public": true, "rxtx_factor": 1.0, "OS-FLV-EXT-DATA:ephemeral": 0, "disk": 1, "id": "88a19d48-3713-4b9d-8d29-a2139471b13d"}, {"name": "rally_full-flavor_b2031346-6868-44bb-a16a-95e997c0b2cd", "links": [{"href": "http://10.167.4.35:8774/v2.1/flavors/913767b9-2be5-462a-836b-37c07bb5a540", "rel": "self"}, {"href": "http://10.167.4.35:8774/flavors/913767b9-2be5-462a-836b-37c07bb5a540", "rel": "bookmark"}], "ram": 512, "OS-FLV-DISABLED:disabled": false, "vcpus": 1, "swap": "", "os-flavor-access:is_public": true, "rxtx_factor": 1.0, "OS-FLV-EXT-DATA:ephemeral": 0, "disk": 1, "id": "913767b9-2be5-462a-836b-37c07bb5a540"}]} _http_log_response /usr/lib/python2.7/site-packages/keystoneauth1/session.py:511
2019-11-25 05:31:42.977 661 DEBUG novaclient.v2.client [-] GET call to compute for http://10.167.4.35:8774/v2.1/flavors/detail used request id req-820a54be-4bee-4dac-a102-36af4f0a1d5c request /usr/lib/python2.7/site-packages/keystoneauth1/session.py:844
2019-11-25 05:31:42.979 661 INFO rally.task.runner [-] Task 11153a95-6c5a-4b0c-a4b7-ccde6d9c5d07 | ITER: 1 END: OK
2019-11-25 05:31:42.981 664 DEBUG novaclient.v2.client [-] RESP: [200] Connection: close Content-Length: 1014 Content-Type: application/json Date: Mon, 25 Nov 2019 05:31:42 GMT Openstack-Api-Version: compute 2.1 Vary: OpenStack-API-Version, X-OpenStack-Nova-API-Version X-Compute-Request-Id: req-0974224c-5ed1-4860-b09b-5afa26928ac6 X-Openstack-Nova-Api-Version: 2.1 X-Openstack-Request-Id: req-0974224c-5ed1-4860-b09b-5afa26928ac6 _http_log_response /usr/lib/python2.7/site-packages/keystoneauth1/session.py:479
2019-11-25 05:31:42.981 664 DEBUG novaclient.v2.client [-] RESP BODY: {"flavors": [{"name": "rally_full-flavor_alt_b2031346-6868-44bb-a16a-95e997c0b2cd", "links": [{"href": "http://10.167.4.35:8774/v2.1/flavors/88a19d48-3713-4b9d-8d29-a2139471b13d", "rel": "self"}, {"href": "http://10.167.4.35:8774/flavors/88a19d48-3713-4b9d-8d29-a2139471b13d", "rel": "bookmark"}], "ram": 1024, "OS-FLV-DISABLED:disabled": false, "vcpus": 1, "swap": "", "os-flavor-access:is_public": true, "rxtx_factor": 1.0, "OS-FLV-EXT-DATA:ephemeral": 0, "disk": 1, "id": "88a19d48-3713-4b9d-8d29-a2139471b13d"}, {"name": "rally_full-flavor_b2031346-6868-44bb-a16a-95e997c0b2cd", "links": [{"href": "http://10.167.4.35:8774/v2.1/flavors/913767b9-2be5-462a-836b-37c07bb5a540", "rel": "self"}, {"href": "http://10.167.4.35:8774/flavors/913767b9-2be5-462a-836b-37c07bb5a540", "rel": "bookmark"}], "ram": 512, "OS-FLV-DISABLED:disabled": false, "vcpus": 1, "swap": "", "os-flavor-access:is_public": true, "rxtx_factor": 1.0, "OS-FLV-EXT-DATA:ephemeral": 0, "disk": 1, "id": "913767b9-2be5-462a-836b-37c07bb5a540"}]} _http_log_response /usr/lib/python2.7/site-packages/keystoneauth1/session.py:511
2019-11-25 05:31:42.982 664 DEBUG novaclient.v2.client [-] GET call to compute for http://10.167.4.35:8774/v2.1/flavors/detail used request id req-0974224c-5ed1-4860-b09b-5afa26928ac6 request /usr/lib/python2.7/site-packages/keystoneauth1/session.py:844
2019-11-25 05:31:42.983 664 INFO rally.task.runner [-] Task 11153a95-6c5a-4b0c-a4b7-ccde6d9c5d07 | ITER: 4 END: OK
2019-11-25 05:31:42.984 661 INFO rally.task.runner [-] Task 11153a95-6c5a-4b0c-a4b7-ccde6d9c5d07 | ITER: 5 START
2019-11-25 05:31:42.984 663 DEBUG novaclient.v2.client [-] RESP: [200] Connection: close Content-Length: 1014 Content-Type: application/json Date: Mon, 25 Nov 2019 05:31:42 GMT Openstack-Api-Version: compute 2.1 Vary: OpenStack-API-Version, X-OpenStack-Nova-API-Version X-Compute-Request-Id: req-cb5e28b3-be8f-4c35-a98c-000ceb2dda88 X-Openstack-Nova-Api-Version: 2.1 X-Openstack-Request-Id: req-cb5e28b3-be8f-4c35-a98c-000ceb2dda88 _http_log_response /usr/lib/python2.7/site-packages/keystoneauth1/session.py:479
2019-11-25 05:31:42.985 663 DEBUG novaclient.v2.client [-] RESP BODY: {"flavors": [{"name": "rally_full-flavor_alt_b2031346-6868-44bb-a16a-95e997c0b2cd", "links": [{"href": "http://10.167.4.35:8774/v2.1/flavors/88a19d48-3713-4b9d-8d29-a2139471b13d", "rel": "self"}, {"href": "http://10.167.4.35:8774/flavors/88a19d48-3713-4b9d-8d29-a2139471b13d", "rel": "bookmark"}], "ram": 1024, "OS-FLV-DISABLED:disabled": false, "vcpus": 1, "swap": "", "os-flavor-access:is_public": true, "rxtx_factor": 1.0, "OS-FLV-EXT-DATA:ephemeral": 0, "disk": 1, "id": "88a19d48-3713-4b9d-8d29-a2139471b13d"}, {"name": "rally_full-flavor_b2031346-6868-44bb-a16a-95e997c0b2cd", "links": [{"href": "http://10.167.4.35:8774/v2.1/flavors/913767b9-2be5-462a-836b-37c07bb5a540", "rel": "self"}, {"href": "http://10.167.4.35:8774/flavors/913767b9-2be5-462a-836b-37c07bb5a540", "rel": "bookmark"}], "ram": 512, "OS-FLV-DISABLED:disabled": false, "vcpus": 1, "swap": "", "os-flavor-access:is_public": true, "rxtx_factor": 1.0, "OS-FLV-EXT-DATA:ephemeral": 0, "disk": 1, "id": "913767b9-2be5-462a-836b-37c07bb5a540"}]} _http_log_response /usr/lib/python2.7/site-packages/keystoneauth1/session.py:511
2019-11-25 05:31:42.985 663 DEBUG novaclient.v2.client [-] GET call to compute for http://10.167.4.35:8774/v2.1/flavors/detail used request id req-cb5e28b3-be8f-4c35-a98c-000ceb2dda88 request /usr/lib/python2.7/site-packages/keystoneauth1/session.py:844
2019-11-25 05:31:42.986 663 INFO rally.task.runner [-] Task 11153a95-6c5a-4b0c-a4b7-ccde6d9c5d07 | ITER: 3 END: OK
