2019-11-22 02:01:51.599 28353 WARNING rally_openstack.scenarios.neutron.utils [-] Running this scenario without either the 'network' or 'existing_network' context is deprecated
2019-11-22 02:01:51.600 28355 WARNING rally_openstack.scenarios.neutron.utils [-] Running this scenario without either the 'network' or 'existing_network' context is deprecated
2019-11-22 02:01:51.600 28362 RALLYDEBUG rally.task.runner [-] Starting a worker. concurrency: 1 args: {"network_create_args": {}, "subnet_create_args": {}, "subnet_cidr_start": "1.1.0.0/30", "subnets_per_network": 2} times: 40 method_name: run timeout: 0 duration: None cls:
2019-11-22 02:01:51.601 28352 INFO rally.task.runner [-] Task 2be5f54d-1a89-4cb7-bd31-666cc6824fbd | ITER: 7 START
2019-11-22 02:01:51.600 28353 INFO rally.task.runner [-] Task 2be5f54d-1a89-4cb7-bd31-666cc6824fbd | ITER: 8 START
2019-11-22 02:01:51.602 28359 INFO rally.task.runner [-] Task 2be5f54d-1a89-4cb7-bd31-666cc6824fbd | ITER: 10 START
2019-11-22 02:01:51.602 28353 WARNING rally_openstack.scenarios.neutron.utils [-] Running this scenario without either the 'network' or 'existing_network' context is deprecated
2019-11-22 02:01:51.603 28359 WARNING rally_openstack.scenarios.neutron.utils [-] Running this scenario without either the 'network' or 'existing_network' context is deprecated
2019-11-22 02:01:51.607 28350 INFO rally.task.runner [-] Task 2be5f54d-1a89-4cb7-bd31-666cc6824fbd | ITER: 3 START
2019-11-22 02:01:51.607 28352 WARNING rally_openstack.scenarios.neutron.utils [-] Running this scenario without either the 'network' or 'existing_network' context is deprecated
2019-11-22 02:01:51.607 28350 WARNING rally_openstack.scenarios.neutron.utils [-] Running this scenario without either the 'network' or 'existing_network' context is deprecated
2019-11-22 02:01:51.607 28368 RALLYDEBUG rally.task.runner [-] Starting a worker. concurrency: 1 args: {"network_create_args": {}, "subnet_create_args": {}, "subnet_cidr_start": "1.1.0.0/30", "subnets_per_network": 2} times: 40 method_name: run timeout: 0 duration: None cls:
2019-11-22 02:01:51.608 28362 INFO rally.task.runner [-] Task 2be5f54d-1a89-4cb7-bd31-666cc6824fbd | ITER: 11 START
2019-11-22 02:01:51.608 28351 INFO rally.task.runner [-] Task 2be5f54d-1a89-4cb7-bd31-666cc6824fbd | ITER: 5 START
2019-11-22 02:01:51.609 28362 WARNING rally_openstack.scenarios.neutron.utils [-] Running this scenario without either the 'network' or 'existing_network' context is deprecated
2019-11-22 02:01:51.609 28351 WARNING rally_openstack.scenarios.neutron.utils [-] Running this scenario without either the 'network' or 'existing_network' context is deprecated
2019-11-22 02:01:51.613 28368 INFO rally.task.runner [-] Task 2be5f54d-1a89-4cb7-bd31-666cc6824fbd | ITER: 12 START
2019-11-22 02:01:51.612 28374 RALLYDEBUG rally.task.runner [-] Starting a worker. concurrency: 1 args: {"network_create_args": {}, "subnet_create_args": {}, "subnet_cidr_start": "1.1.0.0/30", "subnets_per_network": 2} times: 40 method_name: run timeout: 0 duration: None cls:
2019-11-22 02:01:51.614 28368 WARNING rally_openstack.scenarios.neutron.utils [-] Running this scenario without either the 'network' or 'existing_network' context is deprecated
2019-11-22 02:01:51.620 28374 INFO rally.task.runner [-] Task 2be5f54d-1a89-4cb7-bd31-666cc6824fbd | ITER: 13 START
2019-11-22 02:01:51.621 28374 WARNING rally_openstack.scenarios.neutron.utils [-] Running this scenario without either the 'network' or 'existing_network' context is deprecated
2019-11-22 02:01:51.620 28378 RALLYDEBUG rally.task.runner [-] Starting a worker. concurrency: 1 args: {"network_create_args": {}, "subnet_create_args": {}, "subnet_cidr_start": "1.1.0.0/30", "subnets_per_network": 2} times: 40 method_name: run timeout: 0 duration: None cls:
2019-11-22 02:01:51.628 28378 INFO rally.task.runner [-] Task 2be5f54d-1a89-4cb7-bd31-666cc6824fbd | ITER: 14 START
2019-11-22 02:01:51.630 28378 WARNING rally_openstack.scenarios.neutron.utils [-] Running this scenario without either the 'network' or 'existing_network' context is deprecated
2019-11-22 02:01:51.631 28382 RALLYDEBUG rally.task.runner [-] Starting a worker. concurrency: 1 args: {"network_create_args": {}, "subnet_create_args": {}, "subnet_cidr_start": "1.1.0.0/30", "subnets_per_network": 2} times: 40 method_name: run timeout: 0 duration: None cls:
2019-11-22 02:01:51.639 28382 INFO rally.task.runner [-] Task 2be5f54d-1a89-4cb7-bd31-666cc6824fbd | ITER: 15 START
2019-11-22 02:01:51.638 28385 RALLYDEBUG rally.task.runner [-] Starting a worker. concurrency: 1 args: {"network_create_args": {}, "subnet_create_args": {}, "subnet_cidr_start": "1.1.0.0/30", "subnets_per_network": 2} times: 40 method_name: run timeout: 0 duration: None cls:
2019-11-22 02:01:51.640 28382 WARNING rally_openstack.scenarios.neutron.utils [-] Running this scenario without either the 'network' or 'existing_network' context is deprecated
2019-11-22 02:01:51.644 28385 INFO rally.task.runner [-] Task 2be5f54d-1a89-4cb7-bd31-666cc6824fbd | ITER: 16 START
2019-11-22 02:01:51.645 28385 WARNING rally_openstack.scenarios.neutron.utils [-] Running this scenario without either the 'network' or 'existing_network' context is deprecated
2019-11-22 02:01:51.646 28388 RALLYDEBUG rally.task.runner [-] Starting a worker. concurrency: 1 args: {"network_create_args": {}, "subnet_create_args": {}, "subnet_cidr_start": "1.1.0.0/30", "subnets_per_network": 2} times: 40 method_name: run timeout: 0 duration: None cls:
2019-11-22 02:01:51.652 28388 INFO rally.task.runner [-] Task 2be5f54d-1a89-4cb7-bd31-666cc6824fbd | ITER: 17 START
2019-11-22 02:01:51.652 28391 RALLYDEBUG rally.task.runner [-] Starting a worker. concurrency: 1 args: {"network_create_args": {}, "subnet_create_args": {}, "subnet_cidr_start": "1.1.0.0/30", "subnets_per_network": 2} times: 40 method_name: run timeout: 0 duration: None cls:
2019-11-22 02:01:51.653 28388 WARNING rally_openstack.scenarios.neutron.utils [-] Running this scenario without either the 'network' or 'existing_network' context is deprecated
2019-11-22 02:01:51.657 28391 INFO rally.task.runner [-] Task 2be5f54d-1a89-4cb7-bd31-666cc6824fbd | ITER: 18 START
2019-11-22 02:01:51.657 28393 RALLYDEBUG rally.task.runner [-] Starting a worker. concurrency: 1 args: {"network_create_args": {}, "subnet_create_args": {}, "subnet_cidr_start": "1.1.0.0/30", "subnets_per_network": 2} times: 40 method_name: run timeout: 0 duration: None cls:
2019-11-22 02:01:51.658 28391 WARNING rally_openstack.scenarios.neutron.utils [-] Running this scenario without either the 'network' or 'existing_network' context is deprecated
2019-11-22 02:01:51.660 28395 RALLYDEBUG rally.task.runner [-] Starting a worker. concurrency: 1 args: {"network_create_args": {}, "subnet_create_args": {}, "subnet_cidr_start": "1.1.0.0/30", "subnets_per_network": 2} times: 40 method_name: run timeout: 0 duration: None cls:
2019-11-22 02:01:51.662 28393 INFO rally.task.runner [-] Task 2be5f54d-1a89-4cb7-bd31-666cc6824fbd | ITER: 19 START
2019-11-22 02:01:51.663 28393 WARNING rally_openstack.scenarios.neutron.utils [-] Running this scenario without either the 'network' or 'existing_network' context is deprecated
2019-11-22 02:01:51.664 28395 INFO rally.task.runner [-] Task 2be5f54d-1a89-4cb7-bd31-666cc6824fbd | ITER: 20 START
2019-11-22 02:01:51.665 28395 WARNING rally_openstack.scenarios.neutron.utils [-] Running this scenario without either the 'network' or 'existing_network' context is deprecated
2019-11-22 02:01:52.384 28391 RALLYDEBUG rally_openstack.wrappers.network [-] CIDR generated: 1.1.4.96/30
2019-11-22 02:01:52.460 28362 RALLYDEBUG rally_openstack.wrappers.network [-] CIDR generated: 1.1.4.100/30
2019-11-22 02:01:52.548 28359 RALLYDEBUG rally_openstack.wrappers.network [-] CIDR generated: 1.1.4.104/30
2019-11-22 02:01:52.614 28350 RALLYDEBUG rally_openstack.wrappers.network [-] CIDR generated: 1.1.4.108/30
2019-11-22 02:01:52.627 28352 RALLYDEBUG rally_openstack.wrappers.network [-] CIDR generated: 1.1.4.112/30
2019-11-22 02:01:52.627 28393 RALLYDEBUG rally_openstack.wrappers.network [-] CIDR generated: 1.1.4.116/30
2019-11-22 02:01:52.633 28351 RALLYDEBUG rally_openstack.wrappers.network [-] CIDR generated: 1.1.4.120/30
2019-11-22 02:01:52.676 28352 RALLYDEBUG rally_openstack.wrappers.network [-] CIDR generated: 1.1.4.124/30
2019-11-22 02:01:52.678 28351 RALLYDEBUG rally_openstack.wrappers.network [-] CIDR generated: 1.1.4.128/30
2019-11-22 02:01:52.680 28353 RALLYDEBUG rally_openstack.wrappers.network [-] CIDR generated: 1.1.4.132/30
2019-11-22 02:01:52.800 28355 RALLYDEBUG rally_openstack.wrappers.network [-] CIDR generated: 1.1.4.136/30
2019-11-22 02:01:52.825 28350 RALLYDEBUG rally_openstack.wrappers.network [-] CIDR generated: 1.1.4.140/30
2019-11-22 02:01:52.857 28368 RALLYDEBUG rally_openstack.wrappers.network [-] CIDR generated: 1.1.4.144/30
2019-11-22 02:01:53.128 28353 RALLYDEBUG rally_openstack.wrappers.network [-] CIDR generated: 1.1.4.148/30
2019-11-22 02:01:53.234 28382 RALLYDEBUG rally_openstack.wrappers.network [-] CIDR generated: 1.1.4.152/30
2019-11-22 02:01:53.266 28385 RALLYDEBUG rally_openstack.wrappers.network [-] CIDR generated: 1.1.4.156/30
2019-11-22 02:01:53.306 28374 RALLYDEBUG rally_openstack.wrappers.network [-] CIDR generated: 1.1.4.160/30
2019-11-22 02:01:53.343 28388 RALLYDEBUG rally_openstack.wrappers.network [-] CIDR generated: 1.1.4.164/30
2019-11-22 02:01:53.402 28378 RALLYDEBUG rally_openstack.wrappers.network [-] CIDR generated: 1.1.4.168/30
2019-11-22 02:01:53.404 28395 RALLYDEBUG rally_openstack.wrappers.network [-] CIDR generated: 1.1.4.172/30
2019-11-22 02:01:54.138 28391 RALLYDEBUG rally_openstack.wrappers.network [-] CIDR generated: 1.1.4.176/30
2019-11-22 02:01:54.201 28350 RALLYDEBUG rally_openstack.wrappers.network [-] CIDR generated: 1.1.4.180/30
2019-11-22 02:01:54.245 28351 RALLYDEBUG rally_openstack.wrappers.network [-] CIDR generated: 1.1.4.184/30
2019-11-22 02:01:54.817 28362 RALLYDEBUG rally_openstack.wrappers.network [-] CIDR generated: 1.1.4.188/30
2019-11-22 02:01:54.864 28352 RALLYDEBUG rally_openstack.wrappers.network [-] CIDR generated: 1.1.4.192/30
2019-11-22 02:01:54.936 28352 RALLYDEBUG rally_openstack.wrappers.network [-] CIDR generated: 1.1.4.196/30
2019-11-22 02:01:55.133 28385 RALLYDEBUG rally_openstack.wrappers.network [-] CIDR generated: 1.1.4.200/30
2019-11-22 02:01:55.173 28382 RALLYDEBUG rally_openstack.wrappers.network [-] CIDR generated: 1.1.4.204/30
2019-11-22 02:01:55.280 28388 RALLYDEBUG rally_openstack.wrappers.network [-] CIDR generated: 1.1.4.208/30
2019-11-22 02:01:55.403 28350 RALLYDEBUG rally_openstack.wrappers.network [-] CIDR generated: 1.1.4.212/30
2019-11-22 02:01:56.404 28351 RALLYDEBUG rally_openstack.wrappers.network [-] CIDR generated: 1.1.4.216/30
2019-11-22 02:01:56.451 28353 RALLYDEBUG rally_openstack.wrappers.network [-] CIDR generated: 1.1.4.220/30
2019-11-22 02:01:56.897 28359 RALLYDEBUG rally_openstack.wrappers.network [-] CIDR generated: 1.1.4.224/30
2019-11-22 02:01:57.074 28368 RALLYDEBUG rally_openstack.wrappers.network [-] CIDR generated: 1.1.4.228/30
2019-11-22 02:01:57.194 28378 RALLYDEBUG rally_openstack.wrappers.network [-] CIDR generated: 1.1.4.232/30
2019-11-22 02:01:58.281 28353 RALLYDEBUG rally_openstack.wrappers.network [-] CIDR generated: 1.1.4.236/30
2019-11-22 02:01:58.316 28374 RALLYDEBUG rally_openstack.wrappers.network [-] CIDR generated: 1.1.4.240/30
2019-11-22 02:01:58.393 28355 RALLYDEBUG rally_openstack.wrappers.network [-] CIDR generated: 1.1.4.244/30
2019-11-22 02:01:58.415 28393 RALLYDEBUG rally_openstack.wrappers.network [-] CIDR generated: 1.1.4.248/30
2019-11-22 02:01:58.672 28395 RALLYDEBUG rally_openstack.wrappers.network [-] CIDR generated: 1.1.4.252/30
2019-11-22 02:02:00.132 28362 INFO rally.task.runner [-] Task 2be5f54d-1a89-4cb7-bd31-666cc6824fbd | ITER: 11 END: OK
2019-11-22 02:02:00.137 28362 INFO rally.task.runner [-] Task 2be5f54d-1a89-4cb7-bd31-666cc6824fbd | ITER: 21 START
2019-11-22 02:02:00.138 28362 WARNING rally_openstack.scenarios.neutron.utils [-] Running this scenario without either the 'network' or 'existing_network' context is deprecated
2019-11-22 02:02:00.917 28352 INFO rally.task.runner [-] Task 2be5f54d-1a89-4cb7-bd31-666cc6824fbd | ITER: 7 END: OK
2019-11-22 02:02:00.922 28352 INFO rally.task.runner [-] Task 2be5f54d-1a89-4cb7-bd31-666cc6824fbd | ITER: 22 START
2019-11-22 02:02:00.923 28352 WARNING rally_openstack.scenarios.neutron.utils [-] Running this scenario without either the 'network' or 'existing_network' context is deprecated
2019-11-22 02:02:00.935 28391 INFO rally.task.runner [-] Task 2be5f54d-1a89-4cb7-bd31-666cc6824fbd | ITER: 18 END: OK
2019-11-22 02:02:00.940 28391 INFO rally.task.runner [-] Task 2be5f54d-1a89-4cb7-bd31-666cc6824fbd | ITER: 23 START
2019-11-22 02:02:00.941 28391 WARNING rally_openstack.scenarios.neutron.utils [-] Running this scenario without either the 'network' or 'existing_network' context is deprecated
2019-11-22 02:02:00.946 28385 INFO rally.task.runner [-] Task 2be5f54d-1a89-4cb7-bd31-666cc6824fbd | ITER: 16 END: OK
2019-11-22 02:02:00.950 28385 INFO rally.task.runner [-] Task 2be5f54d-1a89-4cb7-bd31-666cc6824fbd | ITER: 24 START
2019-11-22 02:02:00.951 28385 WARNING rally_openstack.scenarios.neutron.utils [-] Running this scenario without either the 'network' or 'existing_network' context is deprecated
2019-11-22 02:02:01.129 28382 INFO rally.task.runner [-] Task 2be5f54d-1a89-4cb7-bd31-666cc6824fbd | ITER: 15 END: OK
2019-11-22 02:02:01.134 28382 INFO rally.task.runner [-] Task 2be5f54d-1a89-4cb7-bd31-666cc6824fbd | ITER: 25 START
2019-11-22 02:02:01.135 28382 WARNING rally_openstack.scenarios.neutron.utils [-] Running this scenario without either the 'network' or 'existing_network' context is deprecated
2019-11-22 02:02:01.659 28362 RALLYDEBUG rally_openstack.wrappers.network [-] CIDR generated: 1.1.5.0/30
2019-11-22 02:02:01.897 28350 INFO rally.task.runner [-] Task 2be5f54d-1a89-4cb7-bd31-666cc6824fbd | ITER: 1 END: OK
2019-11-22 02:02:01.902 28350 INFO rally.task.runner [-] Task 2be5f54d-1a89-4cb7-bd31-666cc6824fbd | ITER: 26 START
2019-11-22 02:02:01.902 28350 WARNING rally_openstack.scenarios.neutron.utils [-] Running this scenario without either the 'network' or 'existing_network' context is deprecated
2019-11-22 02:02:01.978 28391 RALLYDEBUG rally_openstack.wrappers.network [-] CIDR generated: 1.1.5.4/30
2019-11-22 02:02:02.001 28352 RALLYDEBUG rally_openstack.wrappers.network [-] CIDR generated: 1.1.5.8/30
2019-11-22 02:02:02.086 28385 RALLYDEBUG rally_openstack.wrappers.network [-] CIDR generated: 1.1.5.12/30
2019-11-22 02:02:02.344 28382 RALLYDEBUG rally_openstack.wrappers.network [-] CIDR generated: 1.1.5.16/30
2019-11-22 02:02:02.612 28350 RALLYDEBUG rally_openstack.wrappers.network [-] CIDR generated: 1.1.5.20/30
2019-11-22 02:02:02.756 28388 INFO rally.task.runner [-] Task 2be5f54d-1a89-4cb7-bd31-666cc6824fbd | ITER: 17 END: OK
2019-11-22 02:02:02.761 28388 INFO rally.task.runner [-] Task 2be5f54d-1a89-4cb7-bd31-666cc6824fbd | ITER: 27 START
2019-11-22 02:02:02.762 28388 WARNING rally_openstack.scenarios.neutron.utils [-] Running this scenario without either the 'network' or 'existing_network' context is deprecated
2019-11-22 02:02:03.139 28378 INFO rally.task.runner [-] Task 2be5f54d-1a89-4cb7-bd31-666cc6824fbd | ITER: 14 END: OK
2019-11-22 02:02:03.143 28378 INFO rally.task.runner [-] Task 2be5f54d-1a89-4cb7-bd31-666cc6824fbd | ITER: 28 START
2019-11-22 02:02:03.144 28378 WARNING rally_openstack.scenarios.neutron.utils [-] Running this scenario without either the 'network' or 'existing_network' context is deprecated
2019-11-22 02:02:03.269 28391 RALLYDEBUG rally_openstack.wrappers.network [-] CIDR generated: 1.1.5.24/30
2019-11-22 02:02:03.304 28353 INFO rally.task.runner [-] Task 2be5f54d-1a89-4cb7-bd31-666cc6824fbd | ITER: 8 END: OK
2019-11-22 02:02:03.309 28353 INFO rally.task.runner [-] Task 2be5f54d-1a89-4cb7-bd31-666cc6824fbd | ITER: 29 START
2019-11-22 02:02:03.309 28353 WARNING rally_openstack.scenarios.neutron.utils [-] Running this scenario without either the 'network' or 'existing_network' context is deprecated
2019-11-22 02:02:03.780 28388 RALLYDEBUG rally_openstack.wrappers.network [-] CIDR generated: 1.1.5.28/30
2019-11-22 02:02:04.016 28353 INFO rally.task.runner [-] Task 2be5f54d-1a89-4cb7-bd31-666cc6824fbd | ITER: 6 END: OK
2019-11-22 02:02:04.020 28353 INFO rally.task.runner [-] Task 2be5f54d-1a89-4cb7-bd31-666cc6824fbd | ITER: 30 START
2019-11-22 02:02:04.020 28353 WARNING rally_openstack.scenarios.neutron.utils [-] Running this scenario without either the 'network' or 'existing_network' context is deprecated
2019-11-22 02:02:04.028 28353 RALLYDEBUG rally_openstack.wrappers.network [-] CIDR generated: 1.1.5.32/30
2019-11-22 02:02:04.047 28378 RALLYDEBUG rally_openstack.wrappers.network [-] CIDR generated: 1.1.5.36/30
2019-11-22 02:02:04.529 28351 INFO rally.task.runner [-] Task 2be5f54d-1a89-4cb7-bd31-666cc6824fbd | ITER: 2 END: OK
2019-11-22 02:02:04.535 28351 INFO rally.task.runner [-] Task 2be5f54d-1a89-4cb7-bd31-666cc6824fbd | ITER: 31 START
2019-11-22 02:02:04.536 28351 WARNING rally_openstack.scenarios.neutron.utils [-] Running this scenario without either the 'network' or 'existing_network' context is deprecated
2019-11-22 02:02:04.936 28362 RALLYDEBUG rally_openstack.wrappers.network [-] CIDR generated: 1.1.5.40/30
2019-11-22 02:02:05.076 28350 INFO rally.task.runner [-] Task 2be5f54d-1a89-4cb7-bd31-666cc6824fbd | ITER: 3 END: OK
2019-11-22 02:02:05.081 28395 INFO rally.task.runner [-] Task 2be5f54d-1a89-4cb7-bd31-666cc6824fbd | ITER: 20 END: OK
2019-11-22 02:02:05.081 28350 INFO rally.task.runner [-] Task 2be5f54d-1a89-4cb7-bd31-666cc6824fbd | ITER: 32 START
2019-11-22 02:02:05.082 28350 WARNING rally_openstack.scenarios.neutron.utils [-] Running this scenario without either the 'network' or 'existing_network' context is deprecated
2019-11-22 02:02:05.085 28395 INFO rally.task.runner [-] Task 2be5f54d-1a89-4cb7-bd31-666cc6824fbd | ITER: 33 START
2019-11-22 02:02:05.086 28395 WARNING rally_openstack.scenarios.neutron.utils [-] Running this scenario without either the 'network' or 'existing_network' context is deprecated
2019-11-22 02:02:05.552 28385 RALLYDEBUG rally_openstack.wrappers.network [-] CIDR generated: 1.1.5.44/30
2019-11-22 02:02:05.560 28378 RALLYDEBUG rally_openstack.wrappers.network [-] CIDR generated: 1.1.5.48/30
2019-11-22 02:02:05.673 28350 RALLYDEBUG rally_openstack.wrappers.network [-] CIDR generated: 1.1.5.52/30
2019-11-22 02:02:06.287 28382 RALLYDEBUG rally_openstack.wrappers.network [-] CIDR generated: 1.1.5.56/30
2019-11-22 02:02:06.383 28388 RALLYDEBUG rally_openstack.wrappers.network [-] CIDR generated: 1.1.5.60/30
2019-11-22 02:02:06.604 28353 RALLYDEBUG rally_openstack.wrappers.network [-] CIDR generated: 1.1.5.64/30
2019-11-22 02:02:06.607 28351 RALLYDEBUG rally_openstack.wrappers.network [-] CIDR generated: 1.1.5.68/30
2019-11-22 02:02:06.885 28351 INFO rally.task.runner [-] Task 2be5f54d-1a89-4cb7-bd31-666cc6824fbd | ITER: 5 END: OK
2019-11-22 02:02:06.890 28351 INFO rally.task.runner [-] Task 2be5f54d-1a89-4cb7-bd31-666cc6824fbd | ITER: 34 START
2019-11-22 02:02:06.890 28351 WARNING rally_openstack.scenarios.neutron.utils [-] Running this scenario without either the 'network' or 'existing_network' context is deprecated
2019-11-22 02:02:06.943 28353 RALLYDEBUG rally_openstack.wrappers.network [-] CIDR generated: 1.1.5.72/30
2019-11-22 02:02:07.024 28395 RALLYDEBUG rally_openstack.wrappers.network [-] CIDR generated: 1.1.5.76/30
2019-11-22 02:02:07.194 28350 RALLYDEBUG rally_openstack.wrappers.network [-] CIDR generated: 1.1.5.80/30
2019-11-22 02:02:07.830 28393 INFO rally.task.runner [-] Task 2be5f54d-1a89-4cb7-bd31-666cc6824fbd | ITER: 19 END: OK
2019-11-22 02:02:07.835 28393 INFO rally.task.runner [-] Task 2be5f54d-1a89-4cb7-bd31-666cc6824fbd | ITER: 35 START
2019-11-22 02:02:07.836 28393 WARNING rally_openstack.scenarios.neutron.utils [-] Running this scenario without either the 'network' or 'existing_network' context is deprecated
2019-11-22 02:02:07.887 28351 RALLYDEBUG rally_openstack.wrappers.network [-] CIDR generated: 1.1.5.84/30
2019-11-22 02:02:08.886 28351 RALLYDEBUG rally_openstack.wrappers.network [-] CIDR generated: 1.1.5.88/30
2019-11-22 02:02:08.887 28350 RALLYDEBUG rally_openstack.wrappers.network [-] CIDR generated: 1.1.5.92/30
2019-11-22 02:02:09.312 28355 INFO rally.task.runner [-] Task 2be5f54d-1a89-4cb7-bd31-666cc6824fbd | ITER: 9 END: OK
2019-11-22 02:02:09.316 28355 INFO rally.task.runner [-] Task 2be5f54d-1a89-4cb7-bd31-666cc6824fbd | ITER: 36 START
2019-11-22 02:02:09.317 28355 WARNING rally_openstack.scenarios.neutron.utils [-] Running this scenario without either the 'network' or 'existing_network' context is deprecated
2019-11-22 02:02:09.753 28391 INFO rally.task.runner [-] Task 2be5f54d-1a89-4cb7-bd31-666cc6824fbd | ITER: 23 END: OK
2019-11-22 02:02:09.758 28391 INFO rally.task.runner [-] Task 2be5f54d-1a89-4cb7-bd31-666cc6824fbd | ITER: 37 START
2019-11-22 02:02:09.759 28391 WARNING rally_openstack.scenarios.neutron.utils [-] Running this scenario without either the 'network' or 'existing_network' context is deprecated
2019-11-22 02:02:09.932 28393 RALLYDEBUG rally_openstack.wrappers.network [-] CIDR generated: 1.1.5.96/30
2019-11-22 02:02:10.063 28352 INFO rally.task.runner [-] Task 2be5f54d-1a89-4cb7-bd31-666cc6824fbd | ITER: 4 END: OK
2019-11-22 02:02:10.067 28352 INFO rally.task.runner [-] Task 2be5f54d-1a89-4cb7-bd31-666cc6824fbd | ITER: 38 START
2019-11-22 02:02:10.068 28352 WARNING rally_openstack.scenarios.neutron.utils [-] Running this scenario without either the 'network' or 'existing_network' context is deprecated
2019-11-22 02:02:10.148 28352 RALLYDEBUG rally_openstack.wrappers.network [-] CIDR generated: 1.1.5.100/30
2019-11-22 02:02:10.166 28350 INFO rally.task.runner [-] Task 2be5f54d-1a89-4cb7-bd31-666cc6824fbd | ITER: 32 END: OK
2019-11-22 02:02:10.171 28350 INFO rally.task.runner [-] Task 2be5f54d-1a89-4cb7-bd31-666cc6824fbd | ITER: 39 START
2019-11-22 02:02:10.171 28350 WARNING rally_openstack.scenarios.neutron.utils [-] Running this scenario without either the 'network' or 'existing_network' context is deprecated
2019-11-22 02:02:10.395 28355 RALLYDEBUG rally_openstack.wrappers.network [-] CIDR generated: 1.1.5.104/30
2019-11-22 02:02:10.466 28391 RALLYDEBUG rally_openstack.wrappers.network [-] CIDR generated: 1.1.5.108/30
2019-11-22 02:02:10.551 28353 RALLYDEBUG rally_openstack.wrappers.network [-] CIDR generated: 1.1.5.112/30
2019-11-22 02:02:10.755 28352 RALLYDEBUG rally_openstack.wrappers.network [-] CIDR generated: 1.1.5.116/30
2019-11-22 02:02:10.804 28395 RALLYDEBUG rally_openstack.wrappers.network [-] CIDR generated: 1.1.5.120/30
2019-11-22 02:02:10.843 28374 INFO rally.task.runner [-] Task 2be5f54d-1a89-4cb7-bd31-666cc6824fbd | ITER: 13 END: OK
2019-11-22 02:02:10.847 28374 INFO rally.task.runner [-] Task 2be5f54d-1a89-4cb7-bd31-666cc6824fbd | ITER: 40 START
2019-11-22 02:02:10.848 28374 WARNING rally_openstack.scenarios.neutron.utils [-] Running this scenario without either the 'network' or 'existing_network' context is deprecated
2019-11-22 02:02:11.656 28368 INFO rally.task.runner [-] Task 2be5f54d-1a89-4cb7-bd31-666cc6824fbd | ITER: 12 END: OK
2019-11-22 02:02:11.792 28374 RALLYDEBUG rally_openstack.wrappers.network [-] CIDR generated: 1.1.5.124/30
2019-11-22 02:02:12.014 28350 RALLYDEBUG rally_openstack.wrappers.network [-] CIDR generated: 1.1.5.128/30
2019-11-22 02:02:12.228 28359 INFO rally.task.runner [-] Task 2be5f54d-1a89-4cb7-bd31-666cc6824fbd | ITER: 10 END: OK
2019-11-22 02:02:12.980 28352 RALLYDEBUG rally_openstack.wrappers.network [-] CIDR generated: 1.1.5.132/30
2019-11-22 02:02:13.081 28353 INFO rally.task.runner [-] Task 2be5f54d-1a89-4cb7-bd31-666cc6824fbd | ITER: 30 END: OK
2019-11-22 02:02:13.192 28374 RALLYDEBUG rally_openstack.wrappers.network [-] CIDR generated: 1.1.5.136/30
2019-11-22 02:02:13.533 28362 INFO rally.task.runner [-] Task 2be5f54d-1a89-4cb7-bd31-666cc6824fbd | ITER: 21 END: OK
2019-11-22 02:02:13.598 28351 RALLYDEBUG rally_openstack.wrappers.network [-] CIDR generated: 1.1.5.140/30
2019-11-22 02:02:13.729 28382 INFO rally.task.runner [-] Task 2be5f54d-1a89-4cb7-bd31-666cc6824fbd | ITER: 25 END: OK
2019-11-22 02:02:13.947 28378 INFO rally.task.runner [-] Task 2be5f54d-1a89-4cb7-bd31-666cc6824fbd | ITER: 28 END: OK
2019-11-22 02:02:14.070 28391 RALLYDEBUG rally_openstack.wrappers.network [-] CIDR generated: 1.1.5.144/30
2019-11-22 02:02:14.373 28393 RALLYDEBUG rally_openstack.wrappers.network [-] CIDR generated: 1.1.5.148/30
2019-11-22 02:02:14.433 28355 RALLYDEBUG rally_openstack.wrappers.network [-] CIDR generated: 1.1.5.152/30
2019-11-22 02:02:14.907 28388 INFO rally.task.runner [-] Task 2be5f54d-1a89-4cb7-bd31-666cc6824fbd | ITER: 27 END: OK
2019-11-22 02:02:15.326 28353 INFO rally.task.runner [-] Task 2be5f54d-1a89-4cb7-bd31-666cc6824fbd | ITER: 29 END: OK
2019-11-22 02:02:15.931 28351 INFO rally.task.runner [-] Task 2be5f54d-1a89-4cb7-bd31-666cc6824fbd | ITER: 31 END: OK
2019-11-22 02:02:16.032 28350 RALLYDEBUG rally_openstack.wrappers.network [-] CIDR generated: 1.1.5.156/30
2019-11-22 02:02:17.058 28385 INFO rally.task.runner [-] Task 2be5f54d-1a89-4cb7-bd31-666cc6824fbd | ITER: 24 END: OK
2019-11-22 02:02:17.268 28352 INFO rally.task.runner [-] Task 2be5f54d-1a89-4cb7-bd31-666cc6824fbd | ITER: 22 END: OK
2019-11-22 02:02:17.519 28352 INFO rally.task.runner [-] Task 2be5f54d-1a89-4cb7-bd31-666cc6824fbd | ITER: 38 END: OK
2019-11-22 02:02:17.863 28350 INFO rally.task.runner [-] Task 2be5f54d-1a89-4cb7-bd31-666cc6824fbd | ITER: 26 END: OK
2019-11-22 02:02:17.967 28395 INFO rally.task.runner [-] Task 2be5f54d-1a89-4cb7-bd31-666cc6824fbd | ITER: 33 END: OK
2019-11-22 02:02:18.620 28350 INFO rally.task.runner [-] Task 2be5f54d-1a89-4cb7-bd31-666cc6824fbd | ITER: 39 END: OK
2019-11-22 02:02:18.882 28391 INFO rally.task.runner [-] Task 2be5f54d-1a89-4cb7-bd31-666cc6824fbd | ITER: 37 END: OK
2019-11-22 02:02:19.178 28355 INFO rally.task.runner [-] Task 2be5f54d-1a89-4cb7-bd31-666cc6824fbd | ITER: 36 END: OK
2019-11-22 02:02:19.280 28351 INFO rally.task.runner [-] Task 2be5f54d-1a89-4cb7-bd31-666cc6824fbd | ITER: 34 END: OK
2019-11-22 02:02:20.312 28393 INFO rally.task.runner [-] Task 2be5f54d-1a89-4cb7-bd31-666cc6824fbd | ITER: 35 END: OK
2019-11-22 02:02:20.607 28374 INFO rally.task.runner [-] Task 2be5f54d-1a89-4cb7-bd31-666cc6824fbd | ITER: 40 END: OK
2019-11-22 02:02:20.640 26156 INFO rally.task.context [-] Task 2be5f54d-1a89-4cb7-bd31-666cc6824fbd | Context cleanup@openstack cleanup() started
2019-11-22 02:02:20.643 26156 RALLYDEBUG rally_openstack.cleanup.manager [-] Cleaning up neutron vip objects
2019-11-22 02:02:21.070 26156 RALLYDEBUG rally_openstack.cleanup.manager [-] Cleaning up neutron health_monitor objects
2019-11-22 02:02:21.455 26156 RALLYDEBUG rally_openstack.cleanup.manager [-] Cleaning up neutron pool objects
2019-11-22 02:02:21.840 26156 RALLYDEBUG rally_openstack.cleanup.manager [-] Cleaning up neutron loadbalancer objects
2019-11-22 02:02:22.242 26156 RALLYDEBUG rally_openstack.cleanup.manager [-] Cleaning up neutron floatingip objects
2019-11-22 02:02:22.665 26156 RALLYDEBUG rally_openstack.cleanup.manager [-] Cleaning up neutron trunk objects
2019-11-22 02:02:23.062 26156 RALLYDEBUG rally_openstack.cleanup.manager [-] Cleaning up neutron port objects
2019-11-22 02:02:23.551 26156 RALLYDEBUG rally_openstack.cleanup.manager [-] Cleaning up neutron subnet objects
2019-11-22 02:02:23.969 26156 RALLYDEBUG rally_openstack.cleanup.manager [-] Cleaning up neutron network objects
2019-11-22 02:02:24.503 26156 RALLYDEBUG rally_openstack.cleanup.manager [-] Deleting neutron.network object s_rally_b2897b5a_oQq2KPtO (0ed9b5a6-308a-44d5-9c70-c4a35372c36d)
2019-11-22 02:02:24.513 26156 RALLYDEBUG rally_openstack.cleanup.manager [-] Deleting neutron.network object s_rally_b2897b5a_S4hOsUKB (1e43a538-d5fb-4200-b812-73c42d707c93)
2019-11-22 02:02:24.528 26156 RALLYDEBUG rally_openstack.cleanup.manager [-] Deleting neutron.network object s_rally_b2897b5a_xj6RsFFS (1e66f08f-b613-4d0f-8979-7846b9f15c86)
2019-11-22 02:02:24.541 26156 RALLYDEBUG rally_openstack.cleanup.manager [-] Deleting neutron.network object s_rally_b2897b5a_MTuqGxyO (209a5da8-3e2c-48e9-9db2-3ff7cd073323)
2019-11-22 02:02:24.542 26156 RALLYDEBUG rally_openstack.cleanup.manager [-] Deleting neutron.network object s_rally_b2897b5a_qt202gY1 (348ab403-accd-44ad-b55b-c002c682bf1c)
2019-11-22 02:02:24.543 26156 RALLYDEBUG rally_openstack.cleanup.manager [-] Deleting neutron.network object s_rally_b2897b5a_Z4ozKxms (38084b92-b047-4089-8780-ec77ea192180)
2019-11-22 02:02:24.552 26156 RALLYDEBUG rally_openstack.cleanup.manager [-] Deleting neutron.network object s_rally_b2897b5a_kF6GiTXt (390e6fa4-8f3d-4bc5-9f6c-91917c94c6d9)
2019-11-22 02:02:24.577 26156 RALLYDEBUG rally_openstack.cleanup.manager [-] Deleting neutron.network object s_rally_b2897b5a_6OFA6Wwl (3d0b97d9-cee9-42c5-a4a0-357d2255eee0)
2019-11-22 02:02:24.652 26156 RALLYDEBUG rally_openstack.cleanup.manager [-] Deleting neutron.network object s_rally_b2897b5a_lfNDlkhl (5b901212-e6ee-4e17-8a36-d006c9c5de4e)
2019-11-22 02:02:24.663 26156 RALLYDEBUG rally_openstack.cleanup.manager [-] Deleting neutron.network object s_rally_b2897b5a_gUcRS9ID (56923af9-ba56-40d9-8d08-7ba545d153d6)
2019-11-22 02:02:24.678 26156 RALLYDEBUG rally_openstack.cleanup.manager [-] Deleting neutron.network object s_rally_b2897b5a_TZVqBUaM (560861fe-6d95-4785-a679-40ae078f600b)
2019-11-22 02:02:24.691 26156 RALLYDEBUG rally_openstack.cleanup.manager [-] Deleting neutron.network object s_rally_b2897b5a_XIYO61FK (48437e79-4799-40a4-af80-97da5c8accbd)
2019-11-22 02:02:24.691 26156 RALLYDEBUG rally_openstack.cleanup.manager [-] Deleting neutron.network object s_rally_b2897b5a_eL3J1pF5 (6c3963e2-1dea-4d0f-911c-460e642904d7)
2019-11-22 02:02:24.697 26156 RALLYDEBUG rally_openstack.cleanup.manager [-] Deleting neutron.network object s_rally_b2897b5a_uEekB7XV (6de22228-fe09-4120-b60c-23403f6bf529)
2019-11-22 02:02:24.721 26156 RALLYDEBUG rally_openstack.cleanup.manager [-] Deleting neutron.network object s_rally_b2897b5a_TebiV5Tf (7330a54d-73fa-450c-ba27-9b294eab8e03)
2019-11-22 02:02:24.722 26156 RALLYDEBUG rally_openstack.cleanup.manager [-] Deleting neutron.network object s_rally_b2897b5a_Qcua2Kyg (7a0e308b-e76e-42dd-b61c-cc3c5033f445)
2019-11-22 02:02:24.724 26156 RALLYDEBUG rally_openstack.cleanup.manager [-] Deleting neutron.network object s_rally_b2897b5a_CabJDSQD (7a2f90dc-bb08-4a2a-aacf-60214de7998a)
2019-11-22 02:02:24.729 26156 RALLYDEBUG rally_openstack.cleanup.manager [-] Deleting neutron.network object s_rally_b2897b5a_P6HlOo8G (72e0bcb2-e327-418e-b6cc-a7db53b4e154)
2019-11-22 02:02:24.756 26156 RALLYDEBUG rally_openstack.cleanup.manager [-] Deleting neutron.network object s_rally_b2897b5a_QqwuTmeb (7b4d8244-7580-4675-8282-daa1fb422f34)
2019-11-22 02:02:24.757 26156 RALLYDEBUG rally_openstack.cleanup.manager [-] Deleting neutron.network object s_rally_b2897b5a_8PejllQx (705ba0df-62e8-4c9e-a690-cb6a892e23db)
2019-11-22 02:02:26.932 26156 RALLYDEBUG rally_openstack.cleanup.manager [-] Deleting neutron.network object s_rally_b2897b5a_kLQarz65 (7c0631e7-8129-44d0-a93f-1a76cda6a72b)
2019-11-22 02:02:27.178 26156 RALLYDEBUG rally_openstack.cleanup.manager [-] Deleting neutron.network object s_rally_b2897b5a_HB8lPJve (89484fa6-721d-4782-9ae5-f669859a9ac5)
2019-11-22 02:02:27.364 26156 RALLYDEBUG rally_openstack.cleanup.manager [-] Deleting neutron.network object s_rally_b2897b5a_YC1e6rms (8c6a6d2f-4b12-4b2c-ab33-3e37e4e0f75a)
2019-11-22 02:02:27.367 26156 RALLYDEBUG rally_openstack.cleanup.manager [-] Deleting neutron.network object s_rally_b2897b5a_xoeWNkf4 (9a3a1dee-26a8-40c1-9d30-7455bdfe05d4)
2019-11-22 02:02:27.436 26156 RALLYDEBUG rally_openstack.cleanup.manager [-] Deleting neutron.network object s_rally_b2897b5a_IVqDqNuS (9aeda3a7-e610-4cc8-ac79-1c298d86a9c8)
2019-11-22 02:02:27.602 26156 RALLYDEBUG rally_openstack.cleanup.manager [-] Deleting neutron.network object s_rally_b2897b5a_FOBpnp7I (a0b6d019-7c52-47b3-b5c6-9aa343033434)
2019-11-22 02:02:27.678 26156 RALLYDEBUG rally_openstack.cleanup.manager [-] Deleting neutron.network object s_rally_b2897b5a_ufHYCoJv (a77927e6-5184-4eb4-9685-9a273ccde94c)
2019-11-22 02:02:27.699 26156 RALLYDEBUG rally_openstack.cleanup.manager [-] Deleting neutron.network object s_rally_b2897b5a_YabyMoFM (ad2b024c-2be0-4633-924a-11889527a18d)
2019-11-22 02:02:27.786 26156 RALLYDEBUG rally_openstack.cleanup.manager [-] Deleting neutron.network object s_rally_b2897b5a_Fx7ZAFAC (b6041ea6-4483-451e-af10-745a9f360e43)
2019-11-22 02:02:27.872 26156 RALLYDEBUG rally_openstack.cleanup.manager [-] Deleting neutron.network object s_rally_b2897b5a_2yvyafSf (b8d86015-6e9b-4181-a0af-fae8456be90c)
2019-11-22 02:02:27.894 26156 RALLYDEBUG rally_openstack.cleanup.manager [-] Deleting neutron.network object s_rally_b2897b5a_0EjpnSMY (baf4bf5f-c362-4c20-a3e3-62d9141ddf85)
2019-11-22 02:02:27.908 26156 RALLYDEBUG rally_openstack.cleanup.manager [-] Deleting neutron.network object s_rally_b2897b5a_Sd8SKSak (c05dc1bb-6de5-4dce-829c-2e56724bbfbd)
2019-11-22 02:02:27.928 26156 RALLYDEBUG rally_openstack.cleanup.manager [-] Deleting neutron.network object s_rally_b2897b5a_MydvKV0H (c0ed10c0-d48c-4764-bd72-1751a71ae14d)
2019-11-22 02:02:28.160 26156 RALLYDEBUG rally_openstack.cleanup.manager [-] Deleting neutron.network object s_rally_b2897b5a_N5Hu2IoB (d3267379-6772-4075-bed6-20fb90777807)
2019-11-22 02:02:28.179 26156 RALLYDEBUG rally_openstack.cleanup.manager [-] Deleting neutron.network object s_rally_b2897b5a_SKSwBePR (d71c984c-59b1-490e-b489-259ef2710939)
2019-11-22 02:02:28.221 26156 RALLYDEBUG rally_openstack.cleanup.manager [-] Deleting neutron.network object s_rally_b2897b5a_YqXZs2bs (dbb8a86b-fcdc-492a-bd6a-581536a1749a)
2019-11-22 02:02:28.524 26156 RALLYDEBUG rally_openstack.cleanup.manager [-] Deleting neutron.network object s_rally_b2897b5a_ZBqfwX9B (e0a99ac4-c831-4503-a40e-97b236bdbe4b)
2019-11-22 02:02:28.980 26156 RALLYDEBUG rally_openstack.cleanup.manager [-] Deleting neutron.network object s_rally_b2897b5a_fy8JYiXP (e2892f7d-1430-464e-90b8-0a90afb27d16)
2019-11-22 02:02:29.019 26156 RALLYDEBUG rally_openstack.cleanup.manager [-] Deleting neutron.network object s_rally_b2897b5a_hV2Nscq5 (ee49431f-0060-4f39-a62d-f5e1e119552e)
2019-11-22 02:02:29.033 26156 RALLYDEBUG rally_openstack.cleanup.manager [-] Deleting neutron.network object s_rally_b2897b5a_fUQxlaoe (fc2b24cb-0984-42d9-b7bb-bf8e392c60fa)
2019-11-22 02:02:31.357 26156 RALLYDEBUG rally_openstack.cleanup.manager [-] Cleaning up neutron router objects
2019-11-22 02:02:31.797 26156 RALLYDEBUG rally_openstack.cleanup.manager [-] Cleaning up neutron security_group objects
2019-11-22 02:02:32.230 26156 INFO rally.task.context [-] Task 2be5f54d-1a89-4cb7-bd31-666cc6824fbd | Context cleanup@openstack cleanup() finished in 11.59 sec
2019-11-22 02:02:32.231 26156 INFO rally.task.context [-] Task 2be5f54d-1a89-4cb7-bd31-666cc6824fbd | Context quotas@openstack cleanup() started
2019-11-22 02:02:32.248 26156 INFO rally.task.context [-] Task 2be5f54d-1a89-4cb7-bd31-666cc6824fbd | Context quotas@openstack cleanup() finished in 17.57 msec
2019-11-22 02:02:32.249 26156 INFO rally.task.context [-] Task 2be5f54d-1a89-4cb7-bd31-666cc6824fbd | Context users@openstack cleanup() started
2019-11-22 02:02:34.944 26156 INFO rally.task.context [-] Task 2be5f54d-1a89-4cb7-bd31-666cc6824fbd | Context users@openstack cleanup() finished in 2.70 sec
2019-11-22 02:02:36.917 26156 INFO rally.task.engine [-] Load duration is: 29.019502
2019-11-22 02:02:36.917 26156 INFO rally.task.engine [-] Full runner duration is: 29.078015
2019-11-22 02:02:36.917 26156 INFO rally.task.engine [-] Full duration is: 46.267771
2019-11-22 02:02:37.244 26156 INFO rally.task.engine [-] Running workload: position = 0 config = { "version": 2, "title": "A cropped version of a bigger task.", "description": "Auto-generated task from a single workload (uuid=f369fb12-735c-45de-9e8e-83f544c651de)", "subtasks": [ { "title": "NeutronNetworks.create_and_list_routers", "description": "Create and a given number of routers and list all routers.", "scenario": { "NeutronNetworks.create_and_list_routers": { "network_create_args": null, "subnet_create_args": null, "subnet_cidr_start": "1.1.0.0/30", "subnets_per_network": 2, "router_create_args": null } }, "contexts": { "users": { "tenants": 1, "users_per_tenant": 1 }, "quotas": { "neutron": { "network": -1, "subnet": -1, "router": -1 } } }, "runner": { "constant": { "times": 40, "concurrency": 20 } }, "hooks": [], "sla": { "failure_rate": { "max": 0 } } } ] }
2019-11-22 02:02:37.272 26156 RALLYDEBUG rally_openstack.contexts.keystone.users [-] Creating 1 tenants using 20 threads
2019-11-22 02:02:38.192 26156 RALLYDEBUG rally_openstack.contexts.keystone.users [-] Creating 1 users using 20 threads
2019-11-22 02:02:39.614 26156 INFO rally.task.context [-] Task 2be5f54d-1a89-4cb7-bd31-666cc6824fbd | Context users@openstack setup() finished in 2.34 sec
2019-11-22 02:02:40.157 26156 INFO rally.task.context [-] Task 2be5f54d-1a89-4cb7-bd31-666cc6824fbd | Context quotas@openstack setup() finished in 0.54 sec
2019-11-22 02:02:40.157 26156 INFO rally.task.context [-] Task 2be5f54d-1a89-4cb7-bd31-666cc6824fbd | Context cleanup@openstack setup() finished in 0.01 msec
2019-11-22 02:02:40.167 26156 RALLYDEBUG rally.task.runner [-] Starting the constant runner (task UUID: 2be5f54d-1a89-4cb7-bd31-666cc6824fbd). timeout: 0 concurrency: 20 concurrency_per_worker: 1 times: 40 concurrency_overhead: 4 processes_to_start: 16 max_cpu_used: 16
2019-11-22 02:02:40.181 28740 RALLYDEBUG rally.task.runner [-] Starting a worker. concurrency: 2 args: {"network_create_args": null, "subnet_create_args": null, "subnet_cidr_start": "1.1.0.0/30", "subnets_per_network": 2, "router_create_args": null} times: 40 method_name: run timeout: 0 duration: None cls:
2019-11-22 02:02:40.185 28741 RALLYDEBUG rally.task.runner [-] Starting a worker. concurrency: 2 args: {"network_create_args": null, "subnet_create_args": null, "subnet_cidr_start": "1.1.0.0/30", "subnets_per_network": 2, "router_create_args": null} times: 40 method_name: run timeout: 0 duration: None cls:
2019-11-22 02:02:40.188 28742 RALLYDEBUG rally.task.runner [-] Starting a worker. concurrency: 2 args: {"network_create_args": null, "subnet_create_args": null, "subnet_cidr_start": "1.1.0.0/30", "subnets_per_network": 2, "router_create_args": null} times: 40 method_name: run timeout: 0 duration: None cls:
2019-11-22 02:02:40.192 28740 INFO rally.task.runner [-] Task 2be5f54d-1a89-4cb7-bd31-666cc6824fbd | ITER: 1 START
2019-11-22 02:02:40.191 28743 RALLYDEBUG rally.task.runner [-] Starting a worker. concurrency: 2 args: {"network_create_args": null, "subnet_create_args": null, "subnet_cidr_start": "1.1.0.0/30", "subnets_per_network": 2, "router_create_args": null} times: 40 method_name: run timeout: 0 duration: None cls:
2019-11-22 02:02:40.194 28745 RALLYDEBUG rally.task.runner [-] Starting a worker. concurrency: 1 args: {"network_create_args": null, "subnet_create_args": null, "subnet_cidr_start": "1.1.0.0/30", "subnets_per_network": 2, "router_create_args": null} times: 40 method_name: run timeout: 0 duration: None cls:
2019-11-22 02:02:40.196 28742 INFO rally.task.runner [-] Task 2be5f54d-1a89-4cb7-bd31-666cc6824fbd | ITER: 4 START
2019-11-22 02:02:40.197 28741 INFO rally.task.runner [-] Task 2be5f54d-1a89-4cb7-bd31-666cc6824fbd | ITER: 2 START
2019-11-22 02:02:40.198 28741 INFO rally.task.runner [-] Task 2be5f54d-1a89-4cb7-bd31-666cc6824fbd | ITER: 5 START
2019-11-22 02:02:40.200 28748 RALLYDEBUG rally.task.runner [-] Starting a worker. concurrency: 1 args: {"network_create_args": null, "subnet_create_args": null, "subnet_cidr_start": "1.1.0.0/30", "subnets_per_network": 2, "router_create_args": null} times: 40 method_name: run timeout: 0 duration: None cls:
2019-11-22 02:02:40.202 28743 INFO rally.task.runner [-] Task 2be5f54d-1a89-4cb7-bd31-666cc6824fbd | ITER: 6 START
2019-11-22 02:02:40.202 28745 INFO rally.task.runner [-] Task 2be5f54d-1a89-4cb7-bd31-666cc6824fbd | ITER: 8 START
2019-11-22 02:02:40.205 28753 RALLYDEBUG rally.task.runner [-] Starting a worker. concurrency: 1 args: {"network_create_args": null, "subnet_create_args": null, "subnet_cidr_start": "1.1.0.0/30", "subnets_per_network": 2, "router_create_args": null} times: 40 method_name: run timeout: 0 duration: None cls:
2019-11-22 02:02:40.206 28757 RALLYDEBUG rally.task.runner [-] Starting a worker. concurrency: 1 args: {"network_create_args": null, "subnet_create_args": null, "subnet_cidr_start": "1.1.0.0/30", "subnets_per_network": 2, "router_create_args": null} times: 40 method_name: run timeout: 0 duration: None cls:
2019-11-22 02:02:40.209 28743 INFO rally.task.runner [-] Task 2be5f54d-1a89-4cb7-bd31-666cc6824fbd | ITER: 9 START
2019-11-22 02:02:40.209 28748 INFO rally.task.runner [-] Task 2be5f54d-1a89-4cb7-bd31-666cc6824fbd | ITER: 10 START
2019-11-22 02:02:40.203 28740 INFO rally.task.runner [-] Task 2be5f54d-1a89-4cb7-bd31-666cc6824fbd | ITER: 3 START
2019-11-22 02:02:40.213 28757 INFO rally.task.runner [-] Task 2be5f54d-1a89-4cb7-bd31-666cc6824fbd | ITER: 12 START
2019-11-22 02:02:40.214 28753 INFO rally.task.runner [-] Task 2be5f54d-1a89-4cb7-bd31-666cc6824fbd | ITER: 11 START
2019-11-22 02:02:40.214 28761 RALLYDEBUG rally.task.runner [-] Starting a worker. concurrency: 1 args: {"network_create_args": null, "subnet_create_args": null, "subnet_cidr_start": "1.1.0.0/30", "subnets_per_network": 2, "router_create_args": null} times: 40 method_name: run timeout: 0 duration: None cls:
2019-11-22 02:02:40.220 28761 INFO rally.task.runner [-] Task 2be5f54d-1a89-4cb7-bd31-666cc6824fbd | ITER: 13 START
2019-11-22 02:02:40.223 28742 INFO rally.task.runner [-] Task 2be5f54d-1a89-4cb7-bd31-666cc6824fbd | ITER: 7 START
2019-11-22 02:02:40.224 28768 RALLYDEBUG rally.task.runner [-] Starting a worker. concurrency: 1 args: {"network_create_args": null, "subnet_create_args": null, "subnet_cidr_start": "1.1.0.0/30", "subnets_per_network": 2, "router_create_args": null} times: 40 method_name: run timeout: 0 duration: None cls:
2019-11-22 02:02:40.232 28768 INFO rally.task.runner [-] Task 2be5f54d-1a89-4cb7-bd31-666cc6824fbd | ITER: 14 START
2019-11-22 02:02:40.232 28772 RALLYDEBUG rally.task.runner [-] Starting a worker. concurrency: 1 args: {"network_create_args": null, "subnet_create_args": null, "subnet_cidr_start": "1.1.0.0/30", "subnets_per_network": 2, "router_create_args": null} times: 40 method_name: run timeout: 0 duration: None cls:
2019-11-22 02:02:40.240 28772 INFO rally.task.runner [-] Task 2be5f54d-1a89-4cb7-bd31-666cc6824fbd | ITER: 15 START
2019-11-22 02:02:40.240 28775 RALLYDEBUG rally.task.runner [-] Starting a worker. concurrency: 1 args: {"network_create_args": null, "subnet_create_args": null, "subnet_cidr_start": "1.1.0.0/30", "subnets_per_network": 2, "router_create_args": null} times: 40 method_name: run timeout: 0 duration: None cls:
2019-11-22 02:02:40.247 28775 INFO rally.task.runner [-] Task 2be5f54d-1a89-4cb7-bd31-666cc6824fbd | ITER: 16 START
2019-11-22 02:02:40.249 28778 RALLYDEBUG rally.task.runner [-] Starting a worker. concurrency: 1 args: {"network_create_args": null, "subnet_create_args": null, "subnet_cidr_start": "1.1.0.0/30", "subnets_per_network": 2, "router_create_args": null} times: 40 method_name: run timeout: 0 duration: None cls:
2019-11-22 02:02:40.254 28778 INFO rally.task.runner [-] Task 2be5f54d-1a89-4cb7-bd31-666cc6824fbd | ITER: 17 START
2019-11-22 02:02:40.255 28781 RALLYDEBUG rally.task.runner [-] Starting a worker. concurrency: 1 args: {"network_create_args": null, "subnet_create_args": null, "subnet_cidr_start": "1.1.0.0/30", "subnets_per_network": 2, "router_create_args": null} times: 40 method_name: run timeout: 0 duration: None cls:
2019-11-22 02:02:40.261 28781 INFO rally.task.runner [-] Task 2be5f54d-1a89-4cb7-bd31-666cc6824fbd | ITER: 18 START
2019-11-22 02:02:40.260 28784 RALLYDEBUG rally.task.runner [-] Starting a worker. concurrency: 1 args: {"network_create_args": null, "subnet_create_args": null, "subnet_cidr_start": "1.1.0.0/30", "subnets_per_network": 2, "router_create_args": null} times: 40 method_name: run timeout: 0 duration: None cls:
2019-11-22 02:02:40.264 28785 RALLYDEBUG rally.task.runner [-] Starting a worker. concurrency: 1 args: {"network_create_args": null, "subnet_create_args": null, "subnet_cidr_start": "1.1.0.0/30", "subnets_per_network": 2, "router_create_args": null} times: 40 method_name: run timeout: 0 duration: None cls:
2019-11-22 02:02:40.265 28784 INFO rally.task.runner [-] Task 2be5f54d-1a89-4cb7-bd31-666cc6824fbd | ITER: 19 START
2019-11-22 02:02:40.269 28785 INFO rally.task.runner [-] Task 2be5f54d-1a89-4cb7-bd31-666cc6824fbd | ITER: 20 START
2019-11-22 02:02:40.955 28748 RALLYDEBUG rally_openstack.wrappers.network [-] CIDR generated: 1.1.5.160/30
2019-11-22 02:02:41.025 28742 RALLYDEBUG rally_openstack.wrappers.network [-] CIDR generated: 1.1.5.164/30
2019-11-22 02:02:41.063 28741 RALLYDEBUG rally_openstack.wrappers.network [-] CIDR generated: 1.1.5.168/30
2019-11-22 02:02:41.080 28740 RALLYDEBUG rally_openstack.wrappers.network [-] CIDR generated: 1.1.5.172/30
2019-11-22 02:02:41.086 28781 RALLYDEBUG rally_openstack.wrappers.network [-] CIDR generated: 1.1.5.176/30
2019-11-22 02:02:41.110 28740 RALLYDEBUG rally_openstack.wrappers.network [-] CIDR generated: 1.1.5.180/30
2019-11-22 02:02:41.141 28743 RALLYDEBUG rally_openstack.wrappers.network [-] CIDR generated: 1.1.5.184/30
2019-11-22 02:02:41.144 28741 RALLYDEBUG rally_openstack.wrappers.network [-] CIDR generated: 1.1.5.188/30
2019-11-22 02:02:41.206 28757 RALLYDEBUG rally_openstack.wrappers.network [-] CIDR generated: 1.1.5.192/30
2019-11-22 02:02:41.244 28745 RALLYDEBUG rally_openstack.wrappers.network [-] CIDR generated: 1.1.5.196/30
2019-11-22 02:02:41.251 28784 RALLYDEBUG rally_openstack.wrappers.network [-] CIDR generated: 1.1.5.200/30
2019-11-22 02:02:41.342 28761 RALLYDEBUG rally_openstack.wrappers.network [-] CIDR generated: 1.1.5.204/30
2019-11-22 02:02:41.637 28753 RALLYDEBUG rally_openstack.wrappers.network [-] CIDR generated: 1.1.5.208/30
2019-11-22 02:02:41.735 28743 RALLYDEBUG rally_openstack.wrappers.network [-] CIDR generated: 1.1.5.212/30
2019-11-22 02:02:41.994 28757 RALLYDEBUG rally_openstack.wrappers.network [-] CIDR generated: 1.1.5.216/30
2019-11-22 02:02:42.144 28772 RALLYDEBUG rally_openstack.wrappers.network [-] CIDR generated: 1.1.5.220/30
2019-11-22 02:02:42.440 28768 RALLYDEBUG rally_openstack.wrappers.network [-] CIDR generated: 1.1.5.224/30
2019-11-22 02:02:42.482 28775 RALLYDEBUG rally_openstack.wrappers.network [-] CIDR generated: 1.1.5.228/30
2019-11-22 02:02:42.668 28785 RALLYDEBUG rally_openstack.wrappers.network [-] CIDR generated: 1.1.5.232/30
2019-11-22 02:02:42.730 28741 RALLYDEBUG rally_openstack.wrappers.network [-] CIDR generated: 1.1.5.236/30
2019-11-22 02:02:42.756 28740 RALLYDEBUG rally_openstack.wrappers.network [-] CIDR generated: 1.1.5.240/30
2019-11-22 02:02:42.778 28778 RALLYDEBUG rally_openstack.wrappers.network [-] CIDR generated: 1.1.5.244/30
2019-11-22 02:02:42.796 28761 RALLYDEBUG rally_openstack.wrappers.network [-] CIDR generated: 1.1.5.248/30
2019-11-22 02:02:43.064 28753 RALLYDEBUG rally_openstack.wrappers.network [-] CIDR generated: 1.1.5.252/30
2019-11-22 02:02:43.067 28742 RALLYDEBUG rally_openstack.wrappers.network [-] CIDR generated: 1.1.6.0/30
2019-11-22 02:02:43.093 28742 RALLYDEBUG rally_openstack.wrappers.network [-] CIDR generated: 1.1.6.4/30
2019-11-22 02:02:43.106 28745 RALLYDEBUG rally_openstack.wrappers.network [-] CIDR generated: 1.1.6.8/30
2019-11-22 02:02:44.102 28784 RALLYDEBUG rally_openstack.wrappers.network [-] CIDR generated: 1.1.6.12/30
2019-11-22 02:02:44.427 28748 RALLYDEBUG rally_openstack.wrappers.network [-] CIDR generated: 1.1.6.16/30
2019-11-22 02:02:44.663 28740 RALLYDEBUG rally_openstack.wrappers.network [-] CIDR generated: 1.1.6.20/30
2019-11-22 02:02:44.772 28778 RALLYDEBUG rally_openstack.wrappers.network [-] CIDR generated: 1.1.6.24/30
2019-11-22 02:02:44.948 28743 RALLYDEBUG rally_openstack.wrappers.network [-] CIDR generated: 1.1.6.28/30
2019-11-22 02:02:44.983 28772 RALLYDEBUG rally_openstack.wrappers.network [-] CIDR generated: 1.1.6.32/30
2019-11-22 02:02:45.150 28741 RALLYDEBUG rally_openstack.wrappers.network [-] CIDR generated: 1.1.6.36/30
2019-11-22 02:02:45.531 28785 RALLYDEBUG rally_openstack.wrappers.network [-] CIDR generated: 1.1.6.40/30
2019-11-22 02:02:45.691 28781 RALLYDEBUG rally_openstack.wrappers.network [-] CIDR generated: 1.1.6.44/30
2019-11-22 02:02:46.038 28768 RALLYDEBUG rally_openstack.wrappers.network [-] CIDR generated: 1.1.6.48/30
2019-11-22 02:02:46.645 28742 RALLYDEBUG rally_openstack.wrappers.network [-] CIDR generated: 1.1.6.52/30
2019-11-22 02:02:46.732 28743 RALLYDEBUG rally_openstack.wrappers.network [-] CIDR generated: 1.1.6.56/30
2019-11-22 02:02:46.988 28775 RALLYDEBUG rally_openstack.wrappers.network [-] CIDR generated: 1.1.6.60/30
2019-11-22 02:02:55.249 28742 INFO rally.task.runner [-] Task 2be5f54d-1a89-4cb7-bd31-666cc6824fbd | ITER: 4 END: OK
2019-11-22 02:02:55.254 28742 INFO rally.task.runner [-] Task 2be5f54d-1a89-4cb7-bd31-666cc6824fbd | ITER: 21 START
2019-11-22 02:02:57.159 28742 RALLYDEBUG rally_openstack.wrappers.network [-] CIDR generated: 1.1.6.64/30
2019-11-22 02:02:57.420 28768 INFO rally.task.runner [-] Task 2be5f54d-1a89-4cb7-bd31-666cc6824fbd | ITER: 14 END: OK
2019-11-22 02:02:57.424 28768 INFO rally.task.runner [-] Task 2be5f54d-1a89-4cb7-bd31-666cc6824fbd | ITER: 22 START
