2019-11-22 01:56:18.298 26147 RALLYDEBUG rally.api [-] INFO logs from urllib3 and requests module are hide.
2019-11-22 01:56:18.298 26147 RALLYDEBUG rally.api [-] urllib3 insecure warnings are hidden.
2019-11-22 01:56:18.298 26147 RALLYDEBUG rally.api [-] ERROR log from boto module is hide.
2019-11-22 01:56:20.978 26149 RALLYDEBUG rally.api [-] INFO logs from urllib3 and requests module are hide.
2019-11-22 01:56:20.978 26149 RALLYDEBUG rally.api [-] urllib3 insecure warnings are hidden.
2019-11-22 01:56:20.978 26149 RALLYDEBUG rally.api [-] ERROR log from boto module is hide.
2019-11-22 01:56:23.598 26151 RALLYDEBUG rally.api [-] INFO logs from urllib3 and requests module are hide.
2019-11-22 01:56:23.599 26151 RALLYDEBUG rally.api [-] urllib3 insecure warnings are hidden.
2019-11-22 01:56:23.599 26151 RALLYDEBUG rally.api [-] ERROR log from boto module is hide.
2019-11-22 01:56:27.189 26154 RALLYDEBUG rally.api [-] INFO logs from urllib3 and requests module are hide.
2019-11-22 01:56:27.189 26154 RALLYDEBUG rally.api [-] urllib3 insecure warnings are hidden.
2019-11-22 01:56:27.189 26154 RALLYDEBUG rally.api [-] ERROR log from boto module is hide.
2019-11-22 01:56:28.538 26156 RALLYDEBUG rally.api [-] INFO logs from urllib3 and requests module are hide.
2019-11-22 01:56:28.539 26156 RALLYDEBUG rally.api [-] urllib3 insecure warnings are hidden.
2019-11-22 01:56:28.539 26156 RALLYDEBUG rally.api [-] ERROR log from boto module is hide.
2019-11-22 01:56:29.984 26156 INFO rally.common.plugin.discover [-] Loading plugins from directories /root/.rally/plugins/*
2019-11-22 01:56:29.985 26156 INFO rally.common.plugin.discover [-] Loaded module with plugins: /root/.rally/plugins/__init__.py
2019-11-22 01:56:29.988 26156 INFO rally.common.plugin.discover [-] Loaded module with plugins: /root/.rally/plugins/trunk_scenario.py
2019-11-22 01:56:30.228 26156 INFO rally.task.engine [-] Task 2be5f54d-1a89-4cb7-bd31-666cc6824fbd | Starting: Task validation.
2019-11-22 01:56:30.269 26156 INFO rally.task.engine [-] Task 2be5f54d-1a89-4cb7-bd31-666cc6824fbd | Starting: Task validation of syntax.
2019-11-22 01:56:30.464 26156 INFO rally.task.engine [-] Task 2be5f54d-1a89-4cb7-bd31-666cc6824fbd | Completed: Task validation of syntax.
2019-11-22 01:56:30.464 26156 INFO rally.task.engine [-] Task 2be5f54d-1a89-4cb7-bd31-666cc6824fbd | Starting: Task validation of required platforms.
2019-11-22 01:56:30.546 26156 INFO rally.task.engine [-] Task 2be5f54d-1a89-4cb7-bd31-666cc6824fbd | Completed: Task validation of required platforms.
2019-11-22 01:56:30.546 26156 INFO rally.task.engine [-] Task 2be5f54d-1a89-4cb7-bd31-666cc6824fbd | Starting: Task validation of semantic.
2019-11-22 01:56:30.547 26156 INFO rally.task.engine [-] Check health of the environment 'aaf5f406-95c9-4288-944d-b5cdafba4f45'.
2019-11-22 01:56:31.439 26156 INFO rally.task.engine [-] Platform existing@openstack (available: True): OK!
2019-11-22 01:56:31.460 26156 RALLYDEBUG rally_openstack.contexts.keystone.users [-] Creating 1 tenants using 20 threads
2019-11-22 01:56:32.310 26156 RALLYDEBUG rally_openstack.contexts.keystone.users [-] Creating 1 users using 20 threads
2019-11-22 01:56:33.670 26156 INFO rally.task.context [-] Task 2be5f54d-1a89-4cb7-bd31-666cc6824fbd | Context users@openstack setup() finished in 2.21 sec
2019-11-22 01:56:38.388 26156 INFO rally.task.context [-] Task 2be5f54d-1a89-4cb7-bd31-666cc6824fbd | Context users@openstack cleanup() started
2019-11-22 01:56:41.332 26156 INFO rally.task.context [-] Task 2be5f54d-1a89-4cb7-bd31-666cc6824fbd | Context users@openstack cleanup() finished in 2.94 sec
2019-11-22 01:56:41.333 26156 INFO rally.task.engine [-] Task 2be5f54d-1a89-4cb7-bd31-666cc6824fbd | Completed: Task validation of semantic.
2019-11-22 01:56:41.333 26156 INFO rally.task.engine [-] Task 2be5f54d-1a89-4cb7-bd31-666cc6824fbd | Completed: Task validation.
2019-11-22 01:56:41.334 26156 INFO rally.api [-] Task 2be5f54d-1a89-4cb7-bd31-666cc6824fbd input file is valid.
2019-11-22 01:56:41.334 26156 INFO rally.api [-] Run Task 2be5f54d-1a89-4cb7-bd31-666cc6824fbd against Deployment aaf5f406-95c9-4288-944d-b5cdafba4f45
2019-11-22 01:56:41.334 26156 INFO rally.task.engine [-] Task 2be5f54d-1a89-4cb7-bd31-666cc6824fbd | Starting: Running task.
2019-11-22 01:56:41.527 26156 INFO rally.task.engine [-] Running workload: position = 0 config = { "version": 2, "title": "A cropped version of a bigger task.", "description": "Auto-generated task from a single workload (uuid=85ea9b29-a3e2-4e74-9332-df76fae9cebd)", "subtasks": [ { "title": "NeutronNetworks.create_and_list_networks", "description": "Check performance of list_networks action and ensure > network quotas are not exceeded", "scenario": { "NeutronNetworks.create_and_list_networks": {} }, "contexts": { "users": { "tenants": 1, "users_per_tenant": 1 }, "quotas": { "neutron": { "network": 119 } } }, "runner": { "constant": { "times": 100, "concurrency": 20 } }, "hooks": [], "sla": { "max_avg_duration_per_atomic": { "neutron.list_networks": 15 }, "failure_rate": { "max": 0 } } } ] }
2019-11-22 01:56:41.556 26156 RALLYDEBUG rally_openstack.contexts.keystone.users [-] Creating 1 tenants using 20 threads
2019-11-22 01:56:42.451 26156 RALLYDEBUG rally_openstack.contexts.keystone.users [-] Creating 1 users using 20 threads
2019-11-22 01:56:43.809 26156 INFO rally.task.context [-] Task 2be5f54d-1a89-4cb7-bd31-666cc6824fbd | Context users@openstack setup() finished in 2.25 sec
2019-11-22 01:56:44.325 26156 INFO rally.task.context [-] Task 2be5f54d-1a89-4cb7-bd31-666cc6824fbd | Context quotas@openstack setup() finished in 0.51 sec
2019-11-22 01:56:44.325 26156 INFO rally.task.context [-] Task 2be5f54d-1a89-4cb7-bd31-666cc6824fbd | Context cleanup@openstack setup() finished in 0.01 msec
2019-11-22 01:56:44.335 26156 RALLYDEBUG rally.task.runner [-] Starting the constant runner (task UUID: 2be5f54d-1a89-4cb7-bd31-666cc6824fbd). timeout: 0 concurrency: 20 concurrency_per_worker: 1 times: 100 concurrency_overhead: 4 processes_to_start: 16 max_cpu_used: 16
2019-11-22 01:56:44.348 26280 RALLYDEBUG rally.task.runner [-] Starting a worker. concurrency: 2 args: {} times: 100 method_name: run timeout: 0 duration: None cls:
2019-11-22 01:56:44.351 26281 RALLYDEBUG rally.task.runner [-] Starting a worker. concurrency: 2 args: {} times: 100 method_name: run timeout: 0 duration: None cls:
2019-11-22 01:56:44.354 26282 RALLYDEBUG rally.task.runner [-] Starting a worker. concurrency: 2 args: {} times: 100 method_name: run timeout: 0 duration: None cls:
2019-11-22 01:56:44.354 26280 INFO rally.task.runner [-] Task 2be5f54d-1a89-4cb7-bd31-666cc6824fbd | ITER: 1 START
2019-11-22 01:56:44.357 26283 RALLYDEBUG rally.task.runner [-] Starting a worker. concurrency: 2 args: {} times: 100 method_name: run timeout: 0 duration: None cls:
2019-11-22 01:56:44.360 26286 RALLYDEBUG rally.task.runner [-] Starting a worker. concurrency: 1 args: {} times: 100 method_name: run timeout: 0 duration: None cls:
2019-11-22 01:56:44.364 26283 INFO rally.task.runner [-] Task 2be5f54d-1a89-4cb7-bd31-666cc6824fbd | ITER: 6 START
2019-11-22 01:56:44.364 26281 INFO rally.task.runner [-] Task 2be5f54d-1a89-4cb7-bd31-666cc6824fbd | ITER: 2 START
2019-11-22 01:56:44.364 26289 RALLYDEBUG rally.task.runner [-] Starting a worker. concurrency: 1 args: {} times: 100 method_name: run timeout: 0 duration: None cls:
2019-11-22 01:56:44.366 26286 INFO rally.task.runner [-] Task 2be5f54d-1a89-4cb7-bd31-666cc6824fbd | ITER: 8 START
2019-11-22 01:56:44.367 26282 INFO rally.task.runner [-] Task 2be5f54d-1a89-4cb7-bd31-666cc6824fbd | ITER: 4 START
2019-11-22 01:56:44.368 26293 RALLYDEBUG rally.task.runner [-] Starting a worker. concurrency: 1 args: {} times: 100 method_name: run timeout: 0 duration: None cls:
2019-11-22 01:56:44.370 26289 INFO rally.task.runner [-] Task 2be5f54d-1a89-4cb7-bd31-666cc6824fbd | ITER: 10 START
2019-11-22 01:56:44.370 26282 INFO rally.task.runner [-] Task 2be5f54d-1a89-4cb7-bd31-666cc6824fbd | ITER: 7 START
2019-11-22 01:56:44.373 26299 RALLYDEBUG rally.task.runner [-] Starting a worker. concurrency: 1 args: {} times: 100 method_name: run timeout: 0 duration: None cls:
2019-11-22 01:56:44.374 26293 INFO rally.task.runner [-] Task 2be5f54d-1a89-4cb7-bd31-666cc6824fbd | ITER: 11 START
2019-11-22 01:56:44.375 26281 INFO rally.task.runner [-] Task 2be5f54d-1a89-4cb7-bd31-666cc6824fbd | ITER: 5 START
2019-11-22 01:56:44.377 26280 INFO rally.task.runner [-] Task 2be5f54d-1a89-4cb7-bd31-666cc6824fbd | ITER: 3 START
2019-11-22 01:56:44.374 26283 INFO rally.task.runner [-] Task 2be5f54d-1a89-4cb7-bd31-666cc6824fbd | ITER: 9 START
2019-11-22 01:56:44.378 26299 INFO rally.task.runner [-] Task 2be5f54d-1a89-4cb7-bd31-666cc6824fbd | ITER: 12 START
2019-11-22 01:56:44.382 26305 RALLYDEBUG rally.task.runner [-] Starting a worker. concurrency: 1 args: {} times: 100 method_name: run timeout: 0 duration: None cls:
2019-11-22 01:56:44.388 26305 INFO rally.task.runner [-] Task 2be5f54d-1a89-4cb7-bd31-666cc6824fbd | ITER: 13 START
2019-11-22 01:56:44.390 26309 RALLYDEBUG rally.task.runner [-] Starting a worker. concurrency: 1 args: {} times: 100 method_name: run timeout: 0 duration: None cls:
2019-11-22 01:56:44.397 26312 RALLYDEBUG rally.task.runner [-] Starting a worker. concurrency: 1 args: {} times: 100 method_name: run timeout: 0 duration: None cls:
2019-11-22 01:56:44.396 26309 INFO rally.task.runner [-] Task 2be5f54d-1a89-4cb7-bd31-666cc6824fbd | ITER: 14 START
2019-11-22 01:56:44.405 26315 RALLYDEBUG rally.task.runner [-] Starting a worker. concurrency: 1 args: {} times: 100 method_name: run timeout: 0 duration: None cls:
2019-11-22 01:56:44.403 26312 INFO rally.task.runner [-] Task 2be5f54d-1a89-4cb7-bd31-666cc6824fbd | ITER: 15 START
2019-11-22 01:56:44.411 26318 RALLYDEBUG rally.task.runner [-] Starting a worker. concurrency: 1 args: {} times: 100 method_name: run timeout: 0 duration: None cls:
2019-11-22 01:56:44.413 26315 INFO rally.task.runner [-] Task 2be5f54d-1a89-4cb7-bd31-666cc6824fbd | ITER: 16 START
2019-11-22 01:56:44.416 26321 RALLYDEBUG rally.task.runner [-] Starting a worker. concurrency: 1 args: {} times: 100 method_name: run timeout: 0 duration: None cls:
2019-11-22 01:56:44.419 26318 INFO rally.task.runner [-] Task 2be5f54d-1a89-4cb7-bd31-666cc6824fbd | ITER: 17 START
2019-11-22 01:56:44.419 26322 RALLYDEBUG rally.task.runner [-] Starting a worker. concurrency: 1 args: {} times: 100 method_name: run timeout: 0 duration: None cls:
2019-11-22 01:56:44.423 26321 INFO rally.task.runner [-] Task 2be5f54d-1a89-4cb7-bd31-666cc6824fbd | ITER: 18 START
2019-11-22 01:56:44.423 26325 RALLYDEBUG rally.task.runner [-] Starting a worker. concurrency: 1 args: {} times: 100 method_name: run timeout: 0 duration: None cls:
2019-11-22 01:56:44.425 26322 INFO rally.task.runner [-] Task 2be5f54d-1a89-4cb7-bd31-666cc6824fbd | ITER: 19 START
2019-11-22 01:56:44.430 26325 INFO rally.task.runner [-] Task 2be5f54d-1a89-4cb7-bd31-666cc6824fbd | ITER: 20 START
2019-11-22 01:56:45.486 26280 INFO rally.task.runner [-] Task 2be5f54d-1a89-4cb7-bd31-666cc6824fbd | ITER: 3 END: OK
2019-11-22 01:56:45.490 26280 INFO rally.task.runner [-] Task 2be5f54d-1a89-4cb7-bd31-666cc6824fbd | ITER: 21 START
2019-11-22 01:56:45.562 26282 INFO rally.task.runner [-] Task 2be5f54d-1a89-4cb7-bd31-666cc6824fbd | ITER: 7 END: OK
2019-11-22 01:56:45.566 26282 INFO rally.task.runner [-] Task 2be5f54d-1a89-4cb7-bd31-666cc6824fbd | ITER: 22 START
2019-11-22 01:56:45.569 26289 INFO rally.task.runner [-] Task 2be5f54d-1a89-4cb7-bd31-666cc6824fbd | ITER: 10 END: OK
2019-11-22 01:56:45.573 26289 INFO rally.task.runner [-] Task 2be5f54d-1a89-4cb7-bd31-666cc6824fbd | ITER: 23 START
2019-11-22 01:56:45.689 26321 INFO rally.task.runner [-] Task 2be5f54d-1a89-4cb7-bd31-666cc6824fbd | ITER: 18 END: OK
2019-11-22 01:56:45.692 26321 INFO rally.task.runner [-] Task 2be5f54d-1a89-4cb7-bd31-666cc6824fbd | ITER: 24 START
2019-11-22 01:56:45.782 26322 INFO rally.task.runner [-] Task 2be5f54d-1a89-4cb7-bd31-666cc6824fbd | ITER: 19 END: OK
2019-11-22 01:56:45.786 26322 INFO rally.task.runner [-] Task 2be5f54d-1a89-4cb7-bd31-666cc6824fbd | ITER: 25 START
2019-11-22 01:56:45.816 26283 INFO rally.task.runner [-] Task 2be5f54d-1a89-4cb7-bd31-666cc6824fbd | ITER: 9 END: OK
2019-11-22 01:56:45.820 26283 INFO rally.task.runner [-] Task 2be5f54d-1a89-4cb7-bd31-666cc6824fbd | ITER: 26 START
2019-11-22 01:56:45.845 26281 INFO rally.task.runner [-] Task 2be5f54d-1a89-4cb7-bd31-666cc6824fbd | ITER: 2 END: OK
2019-11-22 01:56:45.849 26281 INFO rally.task.runner [-] Task 2be5f54d-1a89-4cb7-bd31-666cc6824fbd | ITER: 27 START
2019-11-22 01:56:45.961 26283 INFO rally.task.runner [-] Task 2be5f54d-1a89-4cb7-bd31-666cc6824fbd | ITER: 6 END: OK
2019-11-22 01:56:45.965 26283 INFO rally.task.runner [-] Task 2be5f54d-1a89-4cb7-bd31-666cc6824fbd | ITER: 28 START
2019-11-22 01:56:46.004 26309 INFO rally.task.runner [-] Task 2be5f54d-1a89-4cb7-bd31-666cc6824fbd | ITER: 14 END: OK
2019-11-22 01:56:46.008 26309 INFO rally.task.runner [-] Task 2be5f54d-1a89-4cb7-bd31-666cc6824fbd | ITER: 29 START
2019-11-22 01:56:46.138 26315 INFO rally.task.runner [-] Task 2be5f54d-1a89-4cb7-bd31-666cc6824fbd | ITER: 16 END: OK
2019-11-22 01:56:46.142 26315 INFO rally.task.runner [-] Task 2be5f54d-1a89-4cb7-bd31-666cc6824fbd | ITER: 30 START
2019-11-22 01:56:46.153 26293 INFO rally.task.runner [-] Task 2be5f54d-1a89-4cb7-bd31-666cc6824fbd | ITER: 11 END: OK
2019-11-22 01:56:46.156 26293 INFO rally.task.runner [-] Task 2be5f54d-1a89-4cb7-bd31-666cc6824fbd | ITER: 31 START
2019-11-22 01:56:46.230 26280 INFO rally.task.runner [-] Task 2be5f54d-1a89-4cb7-bd31-666cc6824fbd | ITER: 1 END: OK
2019-11-22 01:56:46.232 26280 INFO rally.task.runner [-] Task 2be5f54d-1a89-4cb7-bd31-666cc6824fbd | ITER: 32 START
2019-11-22 01:56:46.364 26282 INFO rally.task.runner [-] Task 2be5f54d-1a89-4cb7-bd31-666cc6824fbd | ITER: 4 END: OK
2019-11-22 01:56:46.368 26282 INFO rally.task.runner [-] Task 2be5f54d-1a89-4cb7-bd31-666cc6824fbd | ITER: 33 START
2019-11-22 01:56:46.372 26318 INFO rally.task.runner [-] Task 2be5f54d-1a89-4cb7-bd31-666cc6824fbd | ITER: 17 END: OK
2019-11-22 01:56:46.372 26299 INFO rally.task.runner [-] Task 2be5f54d-1a89-4cb7-bd31-666cc6824fbd | ITER: 12 END: OK
2019-11-22 01:56:46.376 26318 INFO rally.task.runner [-] Task 2be5f54d-1a89-4cb7-bd31-666cc6824fbd | ITER: 35 START
2019-11-22 01:56:46.376 26299 INFO rally.task.runner [-] Task 2be5f54d-1a89-4cb7-bd31-666cc6824fbd | ITER: 34 START
2019-11-22 01:56:46.554 26305 INFO rally.task.runner [-] Task 2be5f54d-1a89-4cb7-bd31-666cc6824fbd | ITER: 13 END: OK
2019-11-22 01:56:46.557 26305 INFO rally.task.runner [-] Task 2be5f54d-1a89-4cb7-bd31-666cc6824fbd | ITER: 36 START
2019-11-22 01:56:46.593 26281 INFO rally.task.runner [-] Task 2be5f54d-1a89-4cb7-bd31-666cc6824fbd | ITER: 5 END: OK
2019-11-22 01:56:46.596 26281 INFO rally.task.runner [-] Task 2be5f54d-1a89-4cb7-bd31-666cc6824fbd | ITER: 37 START
2019-11-22 01:56:46.619 26312 INFO rally.task.runner [-] Task 2be5f54d-1a89-4cb7-bd31-666cc6824fbd | ITER: 15 END: OK
2019-11-22 01:56:46.623 26312 INFO rally.task.runner [-] Task 2be5f54d-1a89-4cb7-bd31-666cc6824fbd | ITER: 38 START
2019-11-22 01:56:46.848 26322 INFO rally.task.runner [-] Task 2be5f54d-1a89-4cb7-bd31-666cc6824fbd | ITER: 25 END: OK
2019-11-22 01:56:46.851 26322 INFO rally.task.runner [-] Task 2be5f54d-1a89-4cb7-bd31-666cc6824fbd | ITER: 39 START
2019-11-22 01:56:47.019 26281 INFO rally.task.runner [-] Task 2be5f54d-1a89-4cb7-bd31-666cc6824fbd | ITER: 27 END: OK
2019-11-22 01:56:47.023 26281 INFO rally.task.runner [-] Task 2be5f54d-1a89-4cb7-bd31-666cc6824fbd | ITER: 40 START
2019-11-22 01:56:47.184 26325 INFO rally.task.runner [-] Task 2be5f54d-1a89-4cb7-bd31-666cc6824fbd | ITER: 20 END: OK
2019-11-22 01:56:47.189 26325 INFO rally.task.runner [-] Task 2be5f54d-1a89-4cb7-bd31-666cc6824fbd | ITER: 41 START
2019-11-22 01:56:47.190 26289 INFO rally.task.runner [-] Task 2be5f54d-1a89-4cb7-bd31-666cc6824fbd | ITER: 23 END: OK
2019-11-22 01:56:47.194 26289 INFO rally.task.runner [-] Task 2be5f54d-1a89-4cb7-bd31-666cc6824fbd | ITER: 42 START
2019-11-22 01:56:47.312 26286 INFO rally.task.runner [-] Task 2be5f54d-1a89-4cb7-bd31-666cc6824fbd | ITER: 8 END: OK
2019-11-22 01:56:47.316 26286 INFO rally.task.runner [-] Task 2be5f54d-1a89-4cb7-bd31-666cc6824fbd | ITER: 43 START
2019-11-22 01:56:47.449 26283 INFO rally.task.runner [-] Task 2be5f54d-1a89-4cb7-bd31-666cc6824fbd | ITER: 26 END: OK
2019-11-22 01:56:47.453 26283 INFO rally.task.runner [-] Task 2be5f54d-1a89-4cb7-bd31-666cc6824fbd | ITER: 44 START
2019-11-22 01:56:47.528 26281 INFO rally.task.runner [-] Task 2be5f54d-1a89-4cb7-bd31-666cc6824fbd | ITER: 37 END: OK
2019-11-22 01:56:47.532 26281 INFO rally.task.runner [-] Task 2be5f54d-1a89-4cb7-bd31-666cc6824fbd | ITER: 45 START
2019-11-22 01:56:47.556 26280 INFO rally.task.runner [-] Task 2be5f54d-1a89-4cb7-bd31-666cc6824fbd | ITER: 21 END: OK
2019-11-22 01:56:47.559 26280 INFO rally.task.runner [-] Task 2be5f54d-1a89-4cb7-bd31-666cc6824fbd | ITER: 46 START
2019-11-22 01:56:47.679 26280 INFO rally.task.runner [-] Task 2be5f54d-1a89-4cb7-bd31-666cc6824fbd | ITER: 32 END: OK
2019-11-22 01:56:47.683 26280 INFO rally.task.runner [-] Task 2be5f54d-1a89-4cb7-bd31-666cc6824fbd | ITER: 47 START
2019-11-22 01:56:47.914 26318 INFO rally.task.runner [-] Task 2be5f54d-1a89-4cb7-bd31-666cc6824fbd | ITER: 35 END: OK
2019-11-22 01:56:47.918 26318 INFO rally.task.runner [-] Task 2be5f54d-1a89-4cb7-bd31-666cc6824fbd | ITER: 48 START
2019-11-22 01:56:48.047 26321 INFO rally.task.runner [-] Task 2be5f54d-1a89-4cb7-bd31-666cc6824fbd | ITER: 24 END: OK
2019-11-22 01:56:48.051 26321 INFO rally.task.runner [-] Task 2be5f54d-1a89-4cb7-bd31-666cc6824fbd | ITER: 49 START
2019-11-22 01:56:48.105 26282 INFO rally.task.runner [-] Task 2be5f54d-1a89-4cb7-bd31-666cc6824fbd | ITER: 33 END: OK
2019-11-22 01:56:48.108 26282 INFO rally.task.runner [-] Task 2be5f54d-1a89-4cb7-bd31-666cc6824fbd | ITER: 50 START
2019-11-22 01:56:48.173 26322 INFO rally.task.runner [-] Task 2be5f54d-1a89-4cb7-bd31-666cc6824fbd | ITER: 39 END: OK
2019-11-22 01:56:48.177 26322 INFO rally.task.runner [-] Task 2be5f54d-1a89-4cb7-bd31-666cc6824fbd | ITER: 51 START
2019-11-22 01:56:48.423 26283 INFO rally.task.runner [-] Task 2be5f54d-1a89-4cb7-bd31-666cc6824fbd | ITER: 28 END: OK
2019-11-22 01:56:48.427 26283 INFO rally.task.runner [-] Task 2be5f54d-1a89-4cb7-bd31-666cc6824fbd | ITER: 52 START
2019-11-22 01:56:48.507 26315 INFO rally.task.runner [-] Task 2be5f54d-1a89-4cb7-bd31-666cc6824fbd | ITER: 30 END: OK
2019-11-22 01:56:48.511 26315 INFO rally.task.runner [-] Task 2be5f54d-1a89-4cb7-bd31-666cc6824fbd | ITER: 53 START
2019-11-22 01:56:48.772 26286 INFO rally.task.runner [-] Task 2be5f54d-1a89-4cb7-bd31-666cc6824fbd | ITER: 43 END: OK
2019-11-22 01:56:48.775 26286 INFO rally.task.runner [-] Task 2be5f54d-1a89-4cb7-bd31-666cc6824fbd | ITER: 54 START
2019-11-22 01:56:48.824 26312 INFO rally.task.runner [-] Task 2be5f54d-1a89-4cb7-bd31-666cc6824fbd | ITER: 38 END: OK
2019-11-22 01:56:48.827 26312 INFO rally.task.runner [-] Task 2be5f54d-1a89-4cb7-bd31-666cc6824fbd | ITER: 55 START
2019-11-22 01:56:48.938 26309 INFO rally.task.runner [-] Task 2be5f54d-1a89-4cb7-bd31-666cc6824fbd | ITER: 29 END: OK
2019-11-22 01:56:48.943 26309 INFO rally.task.runner [-] Task 2be5f54d-1a89-4cb7-bd31-666cc6824fbd | ITER: 56 START
2019-11-22 01:56:48.952 26282 INFO rally.task.runner [-] Task 2be5f54d-1a89-4cb7-bd31-666cc6824fbd | ITER: 22 END: OK
2019-11-22 01:56:48.958 26282 INFO rally.task.runner [-] Task 2be5f54d-1a89-4cb7-bd31-666cc6824fbd | ITER: 57 START
2019-11-22 01:56:49.009 26293 INFO rally.task.runner [-] Task 2be5f54d-1a89-4cb7-bd31-666cc6824fbd | ITER: 31 END: OK
2019-11-22 01:56:49.013 26293 INFO rally.task.runner [-] Task 2be5f54d-1a89-4cb7-bd31-666cc6824fbd | ITER: 58 START
2019-11-22 01:56:49.125 26305 INFO rally.task.runner [-] Task 2be5f54d-1a89-4cb7-bd31-666cc6824fbd | ITER: 36 END: OK
2019-11-22 01:56:49.128 26305 INFO rally.task.runner [-] Task 2be5f54d-1a89-4cb7-bd31-666cc6824fbd | ITER: 59 START
2019-11-22 01:56:49.159 26289 INFO rally.task.runner [-] Task 2be5f54d-1a89-4cb7-bd31-666cc6824fbd | ITER: 42 END: OK
2019-11-22 01:56:49.163 26289 INFO rally.task.runner [-] Task 2be5f54d-1a89-4cb7-bd31-666cc6824fbd | ITER: 60 START
2019-11-22 01:56:49.207 26281 INFO rally.task.runner [-] Task 2be5f54d-1a89-4cb7-bd31-666cc6824fbd | ITER: 45 END: OK
2019-11-22 01:56:49.211 26281 INFO rally.task.runner [-] Task 2be5f54d-1a89-4cb7-bd31-666cc6824fbd | ITER: 61 START
2019-11-22 01:56:49.218 26299 INFO rally.task.runner [-] Task 2be5f54d-1a89-4cb7-bd31-666cc6824fbd | ITER: 34 END: OK
2019-11-22 01:56:49.222 26299 INFO rally.task.runner [-] Task 2be5f54d-1a89-4cb7-bd31-666cc6824fbd | ITER: 62 START
2019-11-22 01:56:49.286 26280 INFO rally.task.runner [-] Task 2be5f54d-1a89-4cb7-bd31-666cc6824fbd | ITER: 47 END: OK
2019-11-22 01:56:49.289 26280 INFO rally.task.runner [-] Task 2be5f54d-1a89-4cb7-bd31-666cc6824fbd | ITER: 63 START
2019-11-22 01:56:49.346 26322 INFO rally.task.runner [-] Task 2be5f54d-1a89-4cb7-bd31-666cc6824fbd | ITER: 51 END: OK
2019-11-22 01:56:49.350 26322 INFO rally.task.runner [-] Task 2be5f54d-1a89-4cb7-bd31-666cc6824fbd | ITER: 64 START
2019-11-22 01:56:49.447 26283 INFO rally.task.runner [-] Task 2be5f54d-1a89-4cb7-bd31-666cc6824fbd | ITER: 44 END: OK
2019-11-22 01:56:49.450 26283 INFO rally.task.runner [-] Task 2be5f54d-1a89-4cb7-bd31-666cc6824fbd | ITER: 65 START
2019-11-22 01:56:49.453 26282 INFO rally.task.runner [-] Task 2be5f54d-1a89-4cb7-bd31-666cc6824fbd | ITER: 50 END: OK
2019-11-22 01:56:49.457 26282 INFO rally.task.runner [-] Task 2be5f54d-1a89-4cb7-bd31-666cc6824fbd | ITER: 66 START
2019-11-22 01:56:49.483 26321 INFO rally.task.runner [-] Task 2be5f54d-1a89-4cb7-bd31-666cc6824fbd | ITER: 49 END: OK
2019-11-22 01:56:49.486 26321 INFO rally.task.runner [-] Task 2be5f54d-1a89-4cb7-bd31-666cc6824fbd | ITER: 67 START
2019-11-22 01:56:49.786 26325 INFO rally.task.runner [-] Task 2be5f54d-1a89-4cb7-bd31-666cc6824fbd | ITER: 41 END: OK
2019-11-22 01:56:49.790 26325 INFO rally.task.runner [-] Task 2be5f54d-1a89-4cb7-bd31-666cc6824fbd | ITER: 68 START
2019-11-22 01:56:49.810 26281 INFO rally.task.runner [-] Task 2be5f54d-1a89-4cb7-bd31-666cc6824fbd | ITER: 40 END: OK
2019-11-22 01:56:49.814 26281 INFO rally.task.runner [-] Task 2be5f54d-1a89-4cb7-bd31-666cc6824fbd | ITER: 69 START
2019-11-22 01:56:49.910 26315 INFO rally.task.runner [-] Task 2be5f54d-1a89-4cb7-bd31-666cc6824fbd | ITER: 53 END: OK
2019-11-22 01:56:49.914 26315 INFO rally.task.runner [-] Task 2be5f54d-1a89-4cb7-bd31-666cc6824fbd | ITER: 70 START
2019-11-22 01:56:49.997 26280 INFO rally.task.runner [-] Task 2be5f54d-1a89-4cb7-bd31-666cc6824fbd | ITER: 46 END: OK
2019-11-22 01:56:50.001 26280 INFO rally.task.runner [-] Task 2be5f54d-1a89-4cb7-bd31-666cc6824fbd | ITER: 71 START
2019-11-22 01:56:50.124 26309 INFO rally.task.runner [-] Task 2be5f54d-1a89-4cb7-bd31-666cc6824fbd | ITER: 56 END: OK
2019-11-22 01:56:50.128 26309 INFO rally.task.runner [-] Task 2be5f54d-1a89-4cb7-bd31-666cc6824fbd | ITER: 72 START
2019-11-22 01:56:50.155 26318 INFO rally.task.runner [-] Task 2be5f54d-1a89-4cb7-bd31-666cc6824fbd | ITER: 48 END: OK
2019-11-22 01:56:50.159 26318 INFO rally.task.runner [-] Task 2be5f54d-1a89-4cb7-bd31-666cc6824fbd | ITER: 73 START
2019-11-22 01:56:50.416 26312 INFO rally.task.runner [-] Task 2be5f54d-1a89-4cb7-bd31-666cc6824fbd | ITER: 55 END: OK
2019-11-22 01:56:50.419 26286 INFO rally.task.runner [-] Task 2be5f54d-1a89-4cb7-bd31-666cc6824fbd | ITER: 54 END: OK
2019-11-22 01:56:50.420 26312 INFO rally.task.runner [-] Task 2be5f54d-1a89-4cb7-bd31-666cc6824fbd | ITER: 74 START
2019-11-22 01:56:50.423 26286 INFO rally.task.runner [-] Task 2be5f54d-1a89-4cb7-bd31-666cc6824fbd | ITER: 75 START
2019-11-22 01:56:50.475 26299 INFO rally.task.runner [-] Task 2be5f54d-1a89-4cb7-bd31-666cc6824fbd | ITER: 62 END: OK
2019-11-22 01:56:50.478 26299 INFO rally.task.runner [-] Task 2be5f54d-1a89-4cb7-bd31-666cc6824fbd | ITER: 76 START
2019-11-22 01:56:50.614 26283 INFO rally.task.runner [-] Task 2be5f54d-1a89-4cb7-bd31-666cc6824fbd | ITER: 65 END: OK
2019-11-22 01:56:50.618 26283 INFO rally.task.runner [-] Task 2be5f54d-1a89-4cb7-bd31-666cc6824fbd | ITER: 77 START
2019-11-22 01:56:50.651 26305 INFO rally.task.runner [-] Task 2be5f54d-1a89-4cb7-bd31-666cc6824fbd | ITER: 59 END: OK
2019-11-22 01:56:50.654 26283 INFO rally.task.runner [-] Task 2be5f54d-1a89-4cb7-bd31-666cc6824fbd | ITER: 52 END: OK
2019-11-22 01:56:50.656 26305 INFO rally.task.runner [-] Task 2be5f54d-1a89-4cb7-bd31-666cc6824fbd | ITER: 78 START
2019-11-22 01:56:50.658 26283 INFO rally.task.runner [-] Task 2be5f54d-1a89-4cb7-bd31-666cc6824fbd | ITER: 79 START
2019-11-22 01:56:50.680 26282 INFO rally.task.runner [-] Task 2be5f54d-1a89-4cb7-bd31-666cc6824fbd | ITER: 57 END: OK
2019-11-22 01:56:50.684 26282 INFO rally.task.runner [-] Task 2be5f54d-1a89-4cb7-bd31-666cc6824fbd | ITER: 80 START
2019-11-22 01:56:50.893 26289 INFO rally.task.runner [-] Task 2be5f54d-1a89-4cb7-bd31-666cc6824fbd | ITER: 60 END: OK
2019-11-22 01:56:50.896 26289 INFO rally.task.runner [-] Task 2be5f54d-1a89-4cb7-bd31-666cc6824fbd | ITER: 81 START
2019-11-22 01:56:51.046 26321 INFO rally.task.runner [-] Task 2be5f54d-1a89-4cb7-bd31-666cc6824fbd | ITER: 67 END: OK
2019-11-22 01:56:51.050 26321 INFO rally.task.runner [-] Task 2be5f54d-1a89-4cb7-bd31-666cc6824fbd | ITER: 82 START
2019-11-22 01:56:51.194 26325 INFO rally.task.runner [-] Task 2be5f54d-1a89-4cb7-bd31-666cc6824fbd | ITER: 68 END: OK
2019-11-22 01:56:51.197 26293 INFO rally.task.runner [-] Task 2be5f54d-1a89-4cb7-bd31-666cc6824fbd | ITER: 58 END: OK
2019-11-22 01:56:51.198 26325 INFO rally.task.runner [-] Task 2be5f54d-1a89-4cb7-bd31-666cc6824fbd | ITER: 83 START
2019-11-22 01:56:51.201 26293 INFO rally.task.runner [-] Task 2be5f54d-1a89-4cb7-bd31-666cc6824fbd | ITER: 84 START
2019-11-22 01:56:51.239 26281 INFO rally.task.runner [-] Task 2be5f54d-1a89-4cb7-bd31-666cc6824fbd | ITER: 61 END: OK
2019-11-22 01:56:51.242 26281 INFO rally.task.runner [-] Task 2be5f54d-1a89-4cb7-bd31-666cc6824fbd | ITER: 85 START
2019-11-22 01:56:51.438 26322 INFO rally.task.runner [-] Task 2be5f54d-1a89-4cb7-bd31-666cc6824fbd | ITER: 64 END: OK
2019-11-22 01:56:51.442 26322 INFO rally.task.runner [-] Task 2be5f54d-1a89-4cb7-bd31-666cc6824fbd | ITER: 86 START
2019-11-22 01:56:51.561 26281 INFO rally.task.runner [-] Task 2be5f54d-1a89-4cb7-bd31-666cc6824fbd | ITER: 69 END: OK
2019-11-22 01:56:51.565 26281 INFO rally.task.runner [-] Task 2be5f54d-1a89-4cb7-bd31-666cc6824fbd | ITER: 87 START
2019-11-22 01:56:51.627 26286 INFO rally.task.runner [-] Task 2be5f54d-1a89-4cb7-bd31-666cc6824fbd | ITER: 75 END: OK
2019-11-22 01:56:51.631 26286 INFO rally.task.runner [-] Task 2be5f54d-1a89-4cb7-bd31-666cc6824fbd | ITER: 88 START
2019-11-22 01:56:51.652 26309 INFO rally.task.runner [-] Task 2be5f54d-1a89-4cb7-bd31-666cc6824fbd | ITER: 72 END: OK
2019-11-22 01:56:51.656 26309 INFO rally.task.runner [-] Task 2be5f54d-1a89-4cb7-bd31-666cc6824fbd | ITER: 89 START
2019-11-22 01:56:51.866 26282 INFO rally.task.runner [-] Task 2be5f54d-1a89-4cb7-bd31-666cc6824fbd | ITER: 66 END: OK
2019-11-22 01:56:51.873 26282 INFO rally.task.runner [-] Task 2be5f54d-1a89-4cb7-bd31-666cc6824fbd | ITER: 90 START
2019-11-22 01:56:51.946 26280 INFO rally.task.runner [-] Task 2be5f54d-1a89-4cb7-bd31-666cc6824fbd | ITER: 71 END: OK
2019-11-22 01:56:51.950 26280 INFO rally.task.runner [-] Task 2be5f54d-1a89-4cb7-bd31-666cc6824fbd | ITER: 91 START
2019-11-22 01:56:51.959 26283 INFO rally.task.runner [-] Task 2be5f54d-1a89-4cb7-bd31-666cc6824fbd | ITER: 79 END: OK
2019-11-22 01:56:51.963 26283 INFO rally.task.runner [-] Task 2be5f54d-1a89-4cb7-bd31-666cc6824fbd | ITER: 92 START
2019-11-22 01:56:51.994 26289 INFO rally.task.runner [-] Task 2be5f54d-1a89-4cb7-bd31-666cc6824fbd | ITER: 81 END: OK
2019-11-22 01:56:51.998 26289 INFO rally.task.runner [-] Task 2be5f54d-1a89-4cb7-bd31-666cc6824fbd | ITER: 93 START
2019-11-22 01:56:52.039 26315 INFO rally.task.runner [-] Task 2be5f54d-1a89-4cb7-bd31-666cc6824fbd | ITER: 70 END: OK
2019-11-22 01:56:52.042 26315 INFO rally.task.runner [-] Task 2be5f54d-1a89-4cb7-bd31-666cc6824fbd | ITER: 94 START
2019-11-22 01:56:52.294 26280 INFO rally.task.runner [-] Task 2be5f54d-1a89-4cb7-bd31-666cc6824fbd | ITER: 63 END: OK
2019-11-22 01:56:52.297 26280 INFO rally.task.runner [-] Task 2be5f54d-1a89-4cb7-bd31-666cc6824fbd | ITER: 95 START
2019-11-22 01:56:52.528 26299 INFO rally.task.runner [-] Task 2be5f54d-1a89-4cb7-bd31-666cc6824fbd | ITER: 76 END: OK
2019-11-22 01:56:52.529 26282 INFO rally.task.runner [-] Task 2be5f54d-1a89-4cb7-bd31-666cc6824fbd | ITER: 80 END: OK
2019-11-22 01:56:52.529 26293 INFO rally.task.runner [-] Task 2be5f54d-1a89-4cb7-bd31-666cc6824fbd | ITER: 84 END: OK
2019-11-22 01:56:52.532 26299 INFO rally.task.runner [-] Task 2be5f54d-1a89-4cb7-bd31-666cc6824fbd | ITER: 96 START
2019-11-22 01:56:52.532 26282 INFO rally.task.runner [-] Task 2be5f54d-1a89-4cb7-bd31-666cc6824fbd | ITER: 97 START
2019-11-22 01:56:52.533 26293 INFO rally.task.runner [-] Task 2be5f54d-1a89-4cb7-bd31-666cc6824fbd | ITER: 98 START
2019-11-22 01:56:52.564 26318 INFO rally.task.runner [-] Task 2be5f54d-1a89-4cb7-bd31-666cc6824fbd | ITER: 73 END: OK
2019-11-22 01:56:52.568 26318 INFO rally.task.runner [-] Task 2be5f54d-1a89-4cb7-bd31-666cc6824fbd | ITER: 99 START
2019-11-22 01:56:52.666 26312 INFO rally.task.runner [-] Task 2be5f54d-1a89-4cb7-bd31-666cc6824fbd | ITER: 74 END: OK
2019-11-22 01:56:52.669 26312 INFO rally.task.runner [-] Task 2be5f54d-1a89-4cb7-bd31-666cc6824fbd | ITER: 100 START
2019-11-22 01:56:52.737 26281 INFO rally.task.runner [-] Task 2be5f54d-1a89-4cb7-bd31-666cc6824fbd | ITER: 87 END: OK
2019-11-22 01:56:52.738 26305 INFO rally.task.runner [-] Task 2be5f54d-1a89-4cb7-bd31-666cc6824fbd | ITER: 78 END: OK
2019-11-22 01:56:53.076 26309 INFO rally.task.runner [-] Task 2be5f54d-1a89-4cb7-bd31-666cc6824fbd | ITER: 89 END: OK
2019-11-22 01:56:53.131 26325 INFO rally.task.runner [-] Task 2be5f54d-1a89-4cb7-bd31-666cc6824fbd | ITER: 83 END: OK
2019-11-22 01:56:53.150 26281 INFO rally.task.runner [-] Task 2be5f54d-1a89-4cb7-bd31-666cc6824fbd | ITER: 85 END: OK
2019-11-22 01:56:53.187 26283 INFO rally.task.runner [-] Task 2be5f54d-1a89-4cb7-bd31-666cc6824fbd | ITER: 77 END: OK
2019-11-22 01:56:53.317 26321 INFO rally.task.runner [-] Task 2be5f54d-1a89-4cb7-bd31-666cc6824fbd | ITER: 82 END: OK
2019-11-22 01:56:53.328 26322 INFO rally.task.runner [-] Task 2be5f54d-1a89-4cb7-bd31-666cc6824fbd | ITER: 86 END: OK
2019-11-22 01:56:53.352 26282 INFO rally.task.runner [-] Task 2be5f54d-1a89-4cb7-bd31-666cc6824fbd | ITER: 90 END: OK
2019-11-22 01:56:53.505 26280 INFO rally.task.runner [-] Task 2be5f54d-1a89-4cb7-bd31-666cc6824fbd | ITER: 95 END: OK
2019-11-22 01:56:53.515 26280 INFO rally.task.runner [-] Task 2be5f54d-1a89-4cb7-bd31-666cc6824fbd | ITER: 91 END: OK
2019-11-22 01:56:53.519 26315 INFO rally.task.runner [-] Task 2be5f54d-1a89-4cb7-bd31-666cc6824fbd | ITER: 94 END: OK
2019-11-22 01:56:53.721 26289 INFO rally.task.runner [-] Task 2be5f54d-1a89-4cb7-bd31-666cc6824fbd | ITER: 93 END: OK
2019-11-22 01:56:53.725 26299 INFO rally.task.runner [-] Task 2be5f54d-1a89-4cb7-bd31-666cc6824fbd | ITER: 96 END: OK
2019-11-22 01:56:53.737 26312 INFO rally.task.runner [-] Task 2be5f54d-1a89-4cb7-bd31-666cc6824fbd | ITER: 100 END: OK
2019-11-22 01:56:53.773 26286 INFO rally.task.runner [-] Task 2be5f54d-1a89-4cb7-bd31-666cc6824fbd | ITER: 88 END: OK
2019-11-22 01:56:53.834 26293 INFO rally.task.runner [-] Task 2be5f54d-1a89-4cb7-bd31-666cc6824fbd | ITER: 98 END: OK
2019-11-22 01:56:53.852 26318 INFO rally.task.runner [-] Task 2be5f54d-1a89-4cb7-bd31-666cc6824fbd | ITER: 99 END: OK
2019-11-22 01:56:53.883 26282 INFO rally.task.runner [-] Task 2be5f54d-1a89-4cb7-bd31-666cc6824fbd | ITER: 97 END: OK
2019-11-22 01:56:53.958 26283 INFO rally.task.runner [-] Task 2be5f54d-1a89-4cb7-bd31-666cc6824fbd | ITER: 92 END: OK
2019-11-22 01:56:53.984 26156 INFO rally.task.context [-] Task 2be5f54d-1a89-4cb7-bd31-666cc6824fbd | Context cleanup@openstack cleanup() started
2019-11-22 01:56:53.987 26156 RALLYDEBUG rally_openstack.cleanup.manager [-] Cleaning up neutron vip objects
2019-11-22 01:56:54.371 26156 RALLYDEBUG rally_openstack.cleanup.manager [-] Cleaning up neutron health_monitor objects
2019-11-22 01:56:54.760 26156 RALLYDEBUG rally_openstack.cleanup.manager [-] Cleaning up neutron pool objects
2019-11-22 01:56:55.141 26156 RALLYDEBUG rally_openstack.cleanup.manager [-] Cleaning up neutron loadbalancer objects
2019-11-22 01:56:55.525 26156 RALLYDEBUG rally_openstack.cleanup.manager [-] Cleaning up neutron floatingip objects
2019-11-22 01:56:55.936 26156 RALLYDEBUG rally_openstack.cleanup.manager [-] Cleaning up neutron trunk objects
2019-11-22 01:56:56.332 26156 RALLYDEBUG rally_openstack.cleanup.manager [-] Cleaning up neutron port objects
2019-11-22 01:56:56.994 26156 RALLYDEBUG rally_openstack.cleanup.manager [-] Cleaning up neutron subnet objects
2019-11-22 01:56:57.407 26156 RALLYDEBUG rally_openstack.cleanup.manager [-] Cleaning up neutron network objects
2019-11-22 01:56:58.108 26156 RALLYDEBUG rally_openstack.cleanup.manager [-] Deleting neutron.network object s_rally_85ea9b29_Vp1o3UPq (057060fd-b8ef-466a-b3d4-6a84db540067)
2019-11-22 01:56:58.109 26156 RALLYDEBUG rally_openstack.cleanup.manager [-] Deleting neutron.network object s_rally_85ea9b29_V5jOPK94 (257eb584-5215-4ee9-8f5d-68e4773beac2)
2019-11-22 01:56:58.123 26156 RALLYDEBUG rally_openstack.cleanup.manager [-] Deleting neutron.network object s_rally_85ea9b29_XbUZGtfL (1ee6f8ae-cbf1-4c21-b9ee-33e254afdff4)
2019-11-22 01:56:58.125 26156 RALLYDEBUG rally_openstack.cleanup.manager [-] Deleting neutron.network object s_rally_85ea9b29_tvNIvPlp (0d05de62-753e-4a60-9206-6cadd3f35f77)
2019-11-22 01:56:58.132 26156 RALLYDEBUG rally_openstack.cleanup.manager [-] Deleting neutron.network object s_rally_85ea9b29_QEDcVRAC (2e6e8728-5617-4702-82e2-61d092e762fc)
2019-11-22 01:56:58.132 26156 RALLYDEBUG rally_openstack.cleanup.manager [-] Deleting neutron.network object s_rally_85ea9b29_BK6k1h6T (28991145-52f0-4134-8341-10b60a7d7fe1)
2019-11-22 01:56:58.140 26156 RALLYDEBUG rally_openstack.cleanup.manager [-] Deleting neutron.network object s_rally_85ea9b29_VcfuKXQG (019076ab-9d8e-4617-a8ce-dc9ed2122805)
2019-11-22 01:56:58.146 26156 RALLYDEBUG rally_openstack.cleanup.manager [-] Deleting neutron.network object s_rally_85ea9b29_aiE8SWEs (34037c15-9299-492e-9f33-ac809432d350)
2019-11-22 01:56:58.148 26156 RALLYDEBUG rally_openstack.cleanup.manager [-] Deleting neutron.network object s_rally_85ea9b29_Gp0fdEqX (08936a79-ce12-451a-a4c8-ad4738164bab)
2019-11-22 01:56:58.150 26156 RALLYDEBUG rally_openstack.cleanup.manager [-] Deleting neutron.network object s_rally_85ea9b29_zjvW8vlc (26b95d79-cee7-4bdd-a5c8-f25f1ab4f173)
2019-11-22 01:56:58.150 26156 RALLYDEBUG rally_openstack.cleanup.manager [-] Deleting neutron.network object s_rally_85ea9b29_4mdivgoU (32ae9a4f-51c0-4224-9457-02c782873815)
2019-11-22 01:56:58.153 26156 RALLYDEBUG rally_openstack.cleanup.manager [-] Deleting neutron.network object s_rally_85ea9b29_7KSaKtCP (1555b6a2-e11e-4962-98f5-0bcef0a8a492)
2019-11-22 01:56:58.157 26156 RALLYDEBUG rally_openstack.cleanup.manager [-] Deleting neutron.network object s_rally_85ea9b29_1VE4vNGg (13b3cfe8-a992-4670-9fdd-57829e32eb6f)
2019-11-22 01:56:58.171 26156 RALLYDEBUG rally_openstack.cleanup.manager [-] Deleting neutron.network object s_rally_85ea9b29_FtMiPmAu (10d6fbf2-78b3-479b-b51a-6feabc079bdc)
2019-11-22 01:56:58.172 26156 RALLYDEBUG rally_openstack.cleanup.manager [-] Deleting neutron.network object s_rally_85ea9b29_aQTcOo9Q (1e7ffd28-0535-461a-b1ab-81bd2fe1710c)
2019-11-22 01:56:58.185 26156 RALLYDEBUG rally_openstack.cleanup.manager [-] Deleting neutron.network object s_rally_85ea9b29_QdmSV5kP (18077bb2-2d62-4cc6-ae43-2f8770ac1c5c)
2019-11-22 01:56:58.187 26156 RALLYDEBUG rally_openstack.cleanup.manager [-] Deleting neutron.network object s_rally_85ea9b29_KUevOgL0 (087dc029-d019-4831-a709-22da5e8eadb2)
2019-11-22 01:56:58.196 26156 RALLYDEBUG rally_openstack.cleanup.manager [-] Deleting neutron.network object s_rally_85ea9b29_HpdwIVLm (25fa2797-e211-4a71-9593-ba23fedfd5d6)
2019-11-22 01:56:58.219 26156 RALLYDEBUG rally_openstack.cleanup.manager [-] Deleting neutron.network object s_rally_85ea9b29_cojihh0K (10037b77-4562-4f02-84c9-4305ac64f3b8)
2019-11-22 01:56:58.219 26156 RALLYDEBUG rally_openstack.cleanup.manager [-] Deleting neutron.network object s_rally_85ea9b29_ZuoDYOhl (0a4fee9e-0bf0-4bc1-8b53-4bc3de52d316)
2019-11-22 01:57:00.553 26156 RALLYDEBUG rally_openstack.cleanup.manager [-] Deleting neutron.network object s_rally_85ea9b29_lzHI1WEP (389b1dd6-3e1d-48e1-b3c7-6e4eea4eeac6)
2019-11-22 01:57:00.732 26156 RALLYDEBUG rally_openstack.cleanup.manager [-] Deleting neutron.network object s_rally_85ea9b29_DlwDw6sI (39370542-f9d8-4378-9bd0-e2553bd323d9)
2019-11-22 01:57:00.741 26156 RALLYDEBUG rally_openstack.cleanup.manager [-] Deleting neutron.network object s_rally_85ea9b29_ISX8an0y (39a34a1f-1629-4e7a-bd55-2df92b98a113)
2019-11-22 01:57:00.863 26156 RALLYDEBUG rally_openstack.cleanup.manager [-] Deleting neutron.network object s_rally_85ea9b29_cSqimMyH (39e94845-a8de-41b2-8ba5-7387abec4108)
2019-11-22 01:57:00.924 26156 RALLYDEBUG rally_openstack.cleanup.manager [-] Deleting neutron.network object s_rally_85ea9b29_eQafSWO4 (3d983dda-e050-432b-9206-74511d673271)
2019-11-22 01:57:00.980 26156 RALLYDEBUG rally_openstack.cleanup.manager [-] Deleting neutron.network object s_rally_85ea9b29_YPpijTnw (402ba74c-a6af-49f6-b6ac-df80965889e4)
2019-11-22 01:57:01.152 26156 RALLYDEBUG rally_openstack.cleanup.manager [-] Deleting neutron.network object s_rally_85ea9b29_i9f6lR3L (411e7bbd-a284-4137-9f43-7b0c76751577)
2019-11-22 01:57:01.267 26156 RALLYDEBUG rally_openstack.cleanup.manager [-] Deleting neutron.network object s_rally_85ea9b29_tIVreKHc (42eb04d6-f177-4982-98a7-dad02d093184)
2019-11-22 01:57:01.275 26156 RALLYDEBUG rally_openstack.cleanup.manager [-] Deleting neutron.network object s_rally_85ea9b29_aVPTCv0Z (4434d2c8-0bfa-4bca-9a60-e3b3dcb11629)
2019-11-22 01:57:01.284 26156 RALLYDEBUG rally_openstack.cleanup.manager [-] Deleting neutron.network object s_rally_85ea9b29_Y0pEtWnX (4e1b1133-2df9-4043-bb76-f905629b54a5)
2019-11-22 01:57:01.519 26156 RALLYDEBUG rally_openstack.cleanup.manager [-] Deleting neutron.network object s_rally_85ea9b29_HHCAfYaO (4e9f1643-69cf-4c5b-8c3b-270dd5a50d56)
2019-11-22 01:57:01.550 26156 RALLYDEBUG rally_openstack.cleanup.manager [-] Deleting neutron.network object s_rally_85ea9b29_bbWDKdPE (4ee01d0d-f07a-445c-9865-0926725a3c16)
2019-11-22 01:57:01.630 26156 RALLYDEBUG rally_openstack.cleanup.manager [-] Deleting neutron.network object s_rally_85ea9b29_j8Vy1yUc (4fa7b9e6-e0e2-4f19-8160-adde31b282a2)
2019-11-22 01:57:01.670 26156 RALLYDEBUG rally_openstack.cleanup.manager [-] Deleting neutron.network object s_rally_85ea9b29_HgxCT9ie (540fcf6f-e7e5-45f0-bf05-52bc2da707ae)
2019-11-22 01:57:01.678 26156 RALLYDEBUG rally_openstack.cleanup.manager [-] Deleting neutron.network object s_rally_85ea9b29_1UVU7BlB (54caaa99-891e-4d0b-a2cf-e56227f78a82)
2019-11-22 01:57:01.753 26156 RALLYDEBUG rally_openstack.cleanup.manager [-] Deleting neutron.network object s_rally_85ea9b29_gzFOy17z (54e29ca1-3e23-402f-9313-9da6e6e80272)
2019-11-22 01:57:01.792 26156 RALLYDEBUG rally_openstack.cleanup.manager [-] Deleting neutron.network object s_rally_85ea9b29_LmTOWbhy (553860c1-ca6b-4b0d-b3c2-45def8602ac4)
2019-11-22 01:57:01.814 26156 RALLYDEBUG rally_openstack.cleanup.manager [-] Deleting neutron.network object s_rally_85ea9b29_u9a5TJKE (57797b1d-7fb6-4289-ba4a-afe6877d0988)
2019-11-22 01:57:01.857 26156 RALLYDEBUG rally_openstack.cleanup.manager [-] Deleting neutron.network object s_rally_85ea9b29_Bh6SQAp5 (60ae4b4d-7ce0-4797-a6d3-df96930cf2a3)
2019-11-22 01:57:02.057 26156 RALLYDEBUG rally_openstack.cleanup.manager [-] Deleting neutron.network object s_rally_85ea9b29_Be9zmSxh (6414bae7-50d5-4d1c-af15-644e09cfaa49)
2019-11-22 01:57:02.662 26156 RALLYDEBUG rally_openstack.cleanup.manager [-] Deleting neutron.network object s_rally_85ea9b29_HZilyZ31 (6cb358b2-ccfc-4ecd-a1a2-5a497431cbd3)
2019-11-22 01:57:02.702 26156 RALLYDEBUG rally_openstack.cleanup.manager [-] Deleting neutron.network object s_rally_85ea9b29_4ijFQOCt (6da7d1c1-f4a6-45e0-acdf-1a8a68204f9e)
2019-11-22 01:57:02.907 26156 RALLYDEBUG rally_openstack.cleanup.manager [-] Deleting neutron.network object s_rally_85ea9b29_QOrBIjPx (6dd0b04b-1d2f-4e8f-b3e2-ab4e891cd705)
2019-11-22 01:57:03.182 26156 RALLYDEBUG rally_openstack.cleanup.manager [-] Deleting neutron.network object s_rally_85ea9b29_926bvkWM (6e273651-395b-494b-9074-1d6dde08aeb0)
2019-11-22 01:57:03.341 26156 RALLYDEBUG rally_openstack.cleanup.manager [-] Deleting neutron.network object s_rally_85ea9b29_FcIiUosw (6f2e442f-1871-490e-8132-6b001e208f57)
2019-11-22 01:57:03.536 26156 RALLYDEBUG rally_openstack.cleanup.manager [-] Deleting neutron.network object s_rally_85ea9b29_KODelkKv (71298e7c-c155-41be-a21d-efb332ccfe38)
2019-11-22 01:57:03.609 26156 RALLYDEBUG rally_openstack.cleanup.manager [-] Deleting neutron.network object s_rally_85ea9b29_9sGujKM5 (759f0b9a-f2a0-4e79-9fcd-4488ceff3e06)
2019-11-22 01:57:03.749 26156 RALLYDEBUG rally_openstack.cleanup.manager [-] Deleting neutron.network object s_rally_85ea9b29_nuTFOsy4 (7987c3c9-b294-4090-b140-c69ad36a0e61)
2019-11-22 01:57:03.861 26156 RALLYDEBUG rally_openstack.cleanup.manager [-] Deleting neutron.network object s_rally_85ea9b29_jnrdmZ5W (7a44af49-aa3b-4784-82db-e39976e740c0)
2019-11-22 01:57:03.919 26156 RALLYDEBUG rally_openstack.cleanup.manager [-] Deleting neutron.network object s_rally_85ea9b29_myIRwmdt (7bafcb5a-77a3-4404-abba-f2b1ef209dc0)
2019-11-22 01:57:03.952 26156 RALLYDEBUG rally_openstack.cleanup.manager [-] Deleting neutron.network object s_rally_85ea9b29_izUDm830 (82eb6338-e581-472e-8869-302c2a2386fd)
2019-11-22 01:57:04.040 26156 RALLYDEBUG rally_openstack.cleanup.manager [-] Deleting neutron.network object s_rally_85ea9b29_i5pEROC8 (8475fd6a-dadd-4d5f-ac68-be185652ec9c)
2019-11-22 01:57:04.576 26156 RALLYDEBUG rally_openstack.cleanup.manager [-] Deleting neutron.network object s_rally_85ea9b29_N574fYI2 (868082a4-7936-4ae5-88fa-0933de93d320)
2019-11-22 01:57:04.626 26156 RALLYDEBUG rally_openstack.cleanup.manager [-] Deleting neutron.network object s_rally_85ea9b29_BfXQKvR9 (88b248f1-e891-4faf-839b-cea1b9f7d276)
2019-11-22 01:57:04.668 26156 RALLYDEBUG rally_openstack.cleanup.manager [-] Deleting neutron.network object s_rally_85ea9b29_L9AwStsa (8bba8c45-5765-4fab-952f-dbe1aed24e12)
2019-11-22 01:57:04.685 26156 RALLYDEBUG rally_openstack.cleanup.manager [-] Deleting neutron.network object s_rally_85ea9b29_t4NTPXgY (8fa5a335-7ac8-4706-ab59-d031cf217d22)
2019-11-22 01:57:04.694 26156 RALLYDEBUG rally_openstack.cleanup.manager [-] Deleting neutron.network object s_rally_85ea9b29_PEd5gqXZ (961ff735-7f94-42d8-bd3b-11c79cc2e037)
2019-11-22 01:57:04.749 26156 RALLYDEBUG rally_openstack.cleanup.manager [-] Deleting neutron.network object s_rally_85ea9b29_IhzUwDIW (9e630559-fc1f-4527-aa19-996a76391361)
2019-11-22 01:57:04.811 26156 RALLYDEBUG rally_openstack.cleanup.manager [-] Deleting neutron.network object s_rally_85ea9b29_jI5GTWgd (9e7b0866-f8f5-4cb5-8e48-1bac7b4bfef5)
2019-11-22 01:57:04.823 26156 RALLYDEBUG rally_openstack.cleanup.manager [-] Deleting neutron.network object s_rally_85ea9b29_35Mf0stj (a191073e-dede-4f77-b302-1173e5b264f0)
2019-11-22 01:57:04.840 26156 RALLYDEBUG rally_openstack.cleanup.manager [-] Deleting neutron.network object s_rally_85ea9b29_VU5GlEqS (a240ef3a-d298-443b-8e8c-66df3960e1f6)
2019-11-22 01:57:05.072 26156 RALLYDEBUG rally_openstack.cleanup.manager [-] Deleting neutron.network object s_rally_85ea9b29_633f3t8q (a66a52dd-8f5c-4700-bfa6-37cb8865c9d0)
2019-11-22 01:57:05.121 26156 RALLYDEBUG rally_openstack.cleanup.manager [-] Deleting neutron.network object s_rally_85ea9b29_jOrmEqht (a7e888fe-0138-45dc-94f7-feca21d5a475)
2019-11-22 01:57:05.530 26156 RALLYDEBUG rally_openstack.cleanup.manager [-] Deleting neutron.network object s_rally_85ea9b29_eJWONCHX (a8265d33-358d-498b-b36b-beb38e5c4dde)
2019-11-22 01:57:05.611 26156 RALLYDEBUG rally_openstack.cleanup.manager [-] Deleting neutron.network object s_rally_85ea9b29_CP87HPiq (a8bfae6e-94a5-4518-8a47-b7f94e0a15fd)
2019-11-22 01:57:05.660 26156 RALLYDEBUG rally_openstack.cleanup.manager [-] Deleting neutron.network object s_rally_85ea9b29_iUvHcJXx (ad001a79-5b84-4bda-9f8d-7b55b0aa04a7)
2019-11-22 01:57:05.725 26156 RALLYDEBUG rally_openstack.cleanup.manager [-] Deleting neutron.network object s_rally_85ea9b29_pQhwfdvK (af7b19cc-ad1d-41bb-8701-271e6f11ea46)
2019-11-22 01:57:06.117 26156 RALLYDEBUG rally_openstack.cleanup.manager [-] Deleting neutron.network object s_rally_85ea9b29_GdGuTdHi (b05f722b-aa32-44c7-ad12-a8cbebc4e2fe)
2019-11-22 01:57:06.181 26156 RALLYDEBUG rally_openstack.cleanup.manager [-] Deleting neutron.network object s_rally_85ea9b29_OcF5cIR3 (b22f17ac-5165-4e1c-8284-6b6ac16cc20a)
2019-11-22 01:57:06.249 26156 RALLYDEBUG rally_openstack.cleanup.manager [-] Deleting neutron.network object s_rally_85ea9b29_pQph2aNg (b5402a1b-1df6-4dbe-ab26-9eeaba0ada83)
2019-11-22 01:57:06.385 26156 RALLYDEBUG rally_openstack.cleanup.manager [-] Deleting neutron.network object s_rally_85ea9b29_vZ4o2wCj (b6d0d320-fe53-4c55-9811-f7f737ce2b53)
2019-11-22 01:57:06.554 26156 RALLYDEBUG rally_openstack.cleanup.manager [-] Deleting neutron.network object s_rally_85ea9b29_OlaS9Ufs (b8d17b31-85e9-4e53-aeb7-fff2360a581c)
2019-11-22 01:57:06.943 26156 RALLYDEBUG rally_openstack.cleanup.manager [-] Deleting neutron.network object s_rally_85ea9b29_7v21tw40 (b9375bbc-0f63-4b31-9655-1a774f1ca2f0)
2019-11-22 01:57:06.987 26156 RALLYDEBUG rally_openstack.cleanup.manager [-] Deleting neutron.network object s_rally_85ea9b29_qXzCBF3f (bad656c3-9e40-4765-925e-42b3fdc9c6a4)
2019-11-22 01:57:07.108 26156 RALLYDEBUG rally_openstack.cleanup.manager [-] Deleting neutron.network object s_rally_85ea9b29_OUPuoLmm (bfee73c4-4bbf-4c7d-85ac-2f73ec3e79be)
2019-11-22 01:57:07.135 26156 RALLYDEBUG rally_openstack.cleanup.manager [-] Deleting neutron.network object s_rally_85ea9b29_o0ANUldE (c2260c15-c2ef-479a-b809-5f687e747a41)
2019-11-22 01:57:07.150 26156 RALLYDEBUG rally_openstack.cleanup.manager [-] Deleting neutron.network object s_rally_85ea9b29_AxKnDGxs (c697598a-8746-41ae-ba41-6b6cbf54fcf3)
2019-11-22 01:57:07.491 26156 RALLYDEBUG rally_openstack.cleanup.manager [-] Deleting neutron.network object s_rally_85ea9b29_UMeLWfyW (c6deab1b-6408-4a1d-a76f-e7b8d164e3f6)
2019-11-22 01:57:07.595 26156 RALLYDEBUG rally_openstack.cleanup.manager [-] Deleting neutron.network object s_rally_85ea9b29_ZggvOVHW (c7541cdb-2dbd-4737-ae43-0f7686e896bb)
2019-11-22 01:57:07.643 26156 RALLYDEBUG rally_openstack.cleanup.manager [-] Deleting neutron.network object s_rally_85ea9b29_ZlRjOd55 (cc70a9a8-bd15-4b1b-895c-795b1aecad87)
2019-11-22 01:57:07.698 26156 RALLYDEBUG rally_openstack.cleanup.manager [-] Deleting neutron.network object s_rally_85ea9b29_F6K4CqWQ (ce2256a5-1085-40b7-a095-41004e05d4bb)
2019-11-22 01:57:07.714 26156 RALLYDEBUG rally_openstack.cleanup.manager [-] Deleting neutron.network object s_rally_85ea9b29_xIiBgaDQ (ce66bdf4-fc82-41bc-95dc-1ddf6b079f7b)
2019-11-22 01:57:07.787 26156 RALLYDEBUG rally_openstack.cleanup.manager [-] Deleting neutron.network object s_rally_85ea9b29_zKNoqLmE (d063f647-1c9a-4594-a081-a749c2f1b758)
2019-11-22 01:57:07.886 26156 RALLYDEBUG rally_openstack.cleanup.manager [-] Deleting neutron.network object s_rally_85ea9b29_qoLQckfW (d61e310c-8217-4a43-840f-2e37ddc47aef)
2019-11-22 01:57:08.043 26156 RALLYDEBUG rally_openstack.cleanup.manager [-] Deleting neutron.network object s_rally_85ea9b29_Rq2Oygqb (d63282ef-1d12-4efe-babc-057a94baa165)
2019-11-22 01:57:08.140 26156 RALLYDEBUG rally_openstack.cleanup.manager [-] Deleting neutron.network object s_rally_85ea9b29_mH7ckGCt (d985e5bc-f341-4b3f-99da-e0d614f05607)
2019-11-22 01:57:08.271 26156 RALLYDEBUG rally_openstack.cleanup.manager [-] Deleting neutron.network object s_rally_85ea9b29_bBhJcYdl (dee6bd57-6a3a-4869-b6d7-7ab63d3f658e)
2019-11-22 01:57:08.363 26156 RALLYDEBUG rally_openstack.cleanup.manager [-] Deleting neutron.network object s_rally_85ea9b29_cTOAYd8J (e09dac9e-ec98-4e1b-8a5a-212b073ad5ae)
2019-11-22 01:57:08.454 26156 RALLYDEBUG rally_openstack.cleanup.manager [-] Deleting neutron.network object s_rally_85ea9b29_iBLQ9AxM (e2af08ae-4ec3-43c4-a585-7c7f8bd5ceaf)
2019-11-22 01:57:08.550 26156 RALLYDEBUG rally_openstack.cleanup.manager [-] Deleting neutron.network object s_rally_85ea9b29_AxRBri7b (e77438d2-ee23-4ea9-a497-24f7ae356591)
2019-11-22 01:57:08.816 26156 RALLYDEBUG rally_openstack.cleanup.manager [-] Deleting neutron.network object s_rally_85ea9b29_BYInWE5L (e7deab27-3f25-4ddf-a62c-f34bef31ee74)
2019-11-22 01:57:09.058 26156 RALLYDEBUG rally_openstack.cleanup.manager [-] Deleting neutron.network object s_rally_85ea9b29_aneO0dVS (ea6feb0a-fa19-4afd-93cc-eb621db4e6ff)
2019-11-22 01:57:09.076 26156 RALLYDEBUG rally_openstack.cleanup.manager [-] Deleting neutron.network object s_rally_85ea9b29_wA5TBYog (ef37bb11-4d8f-4d23-9f03-040712a0a7e9)
2019-11-22 01:57:09.152 26156 RALLYDEBUG rally_openstack.cleanup.manager [-] Deleting neutron.network object s_rally_85ea9b29_VEaFPB5T (efb5c3bf-8db7-4dd8-840d-04ff66a20788)
2019-11-22 01:57:09.535 26156 RALLYDEBUG rally_openstack.cleanup.manager [-] Deleting neutron.network object s_rally_85ea9b29_Urcu17XF (efe5e6c6-a9fb-4ac6-ada0-618f590930e8)
2019-11-22 01:57:09.560 26156 RALLYDEBUG rally_openstack.cleanup.manager [-] Deleting neutron.network object s_rally_85ea9b29_VBxeLpOl (f1673541-de15-4803-8014-97dab395e4fb)
