2019-11-22 02:12:17.513 26156 RALLYDEBUG rally_openstack.cleanup.manager [-] Deleting neutron.port object s_rally_47b71ef0_1kPqpa3U (4e69e07d-4c17-446c-838a-8e1feab481c5)
2019-11-22 02:12:17.519 26156 RALLYDEBUG rally_openstack.cleanup.manager [-] Deleting neutron.port object s_rally_47b71ef0_wCHdAJIy (4e94adcc-829d-4e71-8eb8-d93374f8f8a6)
2019-11-22 02:12:17.796 26156 RALLYDEBUG rally_openstack.cleanup.manager [-] Deleting neutron.port object s_rally_47b71ef0_HlQjUnZl (53186802-4fcc-4488-87c7-8dc64b7140d5)
2019-11-22 02:12:18.014 26156 RALLYDEBUG rally_openstack.cleanup.manager [-] Deleting neutron.port object s_rally_47b71ef0_QS3wpDkt (5450232c-20b9-467c-beb7-40d9ba913ef9)
2019-11-22 02:12:18.042 26156 RALLYDEBUG rally_openstack.cleanup.manager [-] Deleting neutron.port object s_rally_47b71ef0_9om7bieH (547908d8-e17a-4052-867d-905cae4771ad)
2019-11-22 02:12:18.136 26156 RALLYDEBUG rally_openstack.cleanup.manager [-] Deleting neutron.port object s_rally_47b71ef0_X4w1TIjY (58539a34-9218-478d-a699-aafc7f44a79b)
2019-11-22 02:12:18.479 26156 RALLYDEBUG rally_openstack.cleanup.manager [-] Deleting neutron.port object s_rally_47b71ef0_3gFvi2f6 (594fae44-de49-4756-ade3-7e8d60404714)
2019-11-22 02:12:18.685 26156 RALLYDEBUG rally_openstack.cleanup.manager [-] Deleting neutron.port object s_rally_47b71ef0_B5TrWtzC (5c35f630-a3a7-42c0-a711-e4f34ebee5a7)
2019-11-22 02:12:18.834 26156 RALLYDEBUG rally_openstack.cleanup.manager [-] Deleting neutron.port object s_rally_47b71ef0_5T4VnSgm (5cf3d001-52e8-46ee-ba4e-e38106c9bdd6)
2019-11-22 02:12:18.918 26156 RALLYDEBUG rally_openstack.cleanup.manager [-] Deleting neutron.port object s_rally_47b71ef0_14WM1jLQ (5f625d2e-457a-4153-b77e-6f2f48b90ff4)
2019-11-22 02:12:18.949 26156 RALLYDEBUG rally_openstack.cleanup.manager [-] Deleting neutron.port object s_rally_47b71ef0_khWEIUAK (61862d8d-744d-4690-9184-3c925b35e4a1)
2019-11-22 02:12:19.121 26156 RALLYDEBUG rally_openstack.cleanup.manager [-] Deleting neutron.port object s_rally_47b71ef0_ndj9ZV3V (63f45111-ffa5-4582-857a-984cb8fa05bf)
2019-11-22 02:12:19.154 26156 RALLYDEBUG rally_openstack.cleanup.manager [-] Deleting neutron.port object s_rally_47b71ef0_SzqSfYW7 (65e8e5b1-32ae-4a68-a0e4-7b281b081a69)
2019-11-22 02:12:19.179 26156 RALLYDEBUG rally_openstack.cleanup.manager [-] Deleting neutron.port object s_rally_47b71ef0_xXbNtWe8 (66dbb843-63c4-416c-b107-f003b80988e6)
2019-11-22 02:12:19.339 26156 RALLYDEBUG rally_openstack.cleanup.manager [-] Deleting neutron.port object s_rally_47b71ef0_4I3ZtcE2 (6769100e-d892-46e6-8ee0-6f74a34bedf7)
2019-11-22 02:12:19.361 26156 RALLYDEBUG rally_openstack.cleanup.manager [-] Deleting neutron.port object s_rally_47b71ef0_2YOcpjJK (698c0b22-32b3-48c1-a7bf-2e4b7ad6d36a)
2019-11-22 02:12:19.369 26156 RALLYDEBUG rally_openstack.cleanup.manager [-] Deleting neutron.port object s_rally_47b71ef0_AvuOZ0lo (6d93d23a-fa72-46b3-b409-15e887b79074)
2019-11-22 02:12:19.415 26156 RALLYDEBUG rally_openstack.cleanup.manager [-] Deleting neutron.port object s_rally_47b71ef0_ldMzrYjn (6e336e71-2ac6-47d1-9897-572e310d1c53)
2019-11-22 02:12:19.430 26156 RALLYDEBUG rally_openstack.cleanup.manager [-] Deleting neutron.port object s_rally_47b71ef0_E36FLhh1 (6ed17440-9302-4942-8c8a-14531468994d)
2019-11-22 02:12:19.550 26156 RALLYDEBUG rally_openstack.cleanup.manager [-] Deleting neutron.port object s_rally_47b71ef0_xyjOMIei (6ef43449-b613-40f0-83a3-15e5ade56f65)
2019-11-22 02:12:19.574 26156 RALLYDEBUG rally_openstack.cleanup.manager [-] Deleting neutron.port object s_rally_47b71ef0_5pBHxHkL (72351804-e4a8-4910-bce1-7ba4e9e1aa4f)
2019-11-22 02:12:19.614 26156 RALLYDEBUG rally_openstack.cleanup.manager [-] Deleting neutron.port object s_rally_47b71ef0_jWmmmpJy (73e2ed0e-0d1d-4395-8b20-ee193aa18e24)
2019-11-22 02:12:19.722 26156 RALLYDEBUG rally_openstack.cleanup.manager [-] Deleting neutron.port object s_rally_47b71ef0_4G5LttSo (743eac5a-aed9-4dcd-b699-a73a225b21eb)
2019-11-22 02:12:19.848 26156 RALLYDEBUG rally_openstack.cleanup.manager [-] Deleting neutron.port object s_rally_47b71ef0_THvW2bHV (76c849f5-2c67-458a-af73-08da0c6dfb46)
2019-11-22 02:12:19.851 26156 RALLYDEBUG rally_openstack.cleanup.manager [-] Deleting neutron.port object s_rally_47b71ef0_BHiSBRE9 (7626dc9c-7586-44a0-ba74-1b5526406b40)
2019-11-22 02:12:19.973 26156 RALLYDEBUG rally_openstack.cleanup.manager [-] Deleting neutron.port object s_rally_47b71ef0_M7r1tuB5 (79c6290e-708a-471d-90a7-8f3df7f4a4fd)
2019-11-22 02:12:20.484 26156 RALLYDEBUG rally_openstack.cleanup.manager [-] Deleting neutron.port object s_rally_47b71ef0_AziqrkqK (79fe6e48-16bf-45a2-8c8a-9308f5be5258)
2019-11-22 02:12:20.550 26156 RALLYDEBUG rally_openstack.cleanup.manager [-] Deleting neutron.port object s_rally_47b71ef0_URoV0qPa (7a53d165-1921-43ff-ab79-f85e5b9b6470)
2019-11-22 02:12:20.656 26156 RALLYDEBUG rally_openstack.cleanup.manager [-] Deleting neutron.port object s_rally_47b71ef0_Voafwgoj (7ada4af3-f1be-4480-9461-5e8b06d2048a)
2019-11-22 02:12:20.805 26156 RALLYDEBUG rally_openstack.cleanup.manager [-] Deleting neutron.port object s_rally_47b71ef0_PnHq57js (803aa943-c67e-4ef6-b263-f1b292eaf938)
2019-11-22 02:12:21.005 26156 RALLYDEBUG rally_openstack.cleanup.manager [-] Deleting neutron.port object s_rally_47b71ef0_61jXv9tY (8059a2fe-6394-40e3-983c-d4b60358a5da)
2019-11-22 02:12:21.041 26156 RALLYDEBUG rally_openstack.cleanup.manager [-] Deleting neutron.port object s_rally_47b71ef0_QklvtBXI (818f9cbf-9ba8-44c5-861a-514055fb6a4e)
2019-11-22 02:12:21.127 26156 RALLYDEBUG rally_openstack.cleanup.manager [-] Deleting neutron.port object s_rally_47b71ef0_f3kLvoVu (834a7852-a9ab-4692-a676-69e32350d3cf)
2019-11-22 02:12:21.341 26156 RALLYDEBUG rally_openstack.cleanup.manager [-] Deleting neutron.port object s_rally_47b71ef0_RjgZJ94F (84dce61c-c1aa-498d-9225-6ea5c1a745ac)
2019-11-22 02:12:21.444 26156 RALLYDEBUG rally_openstack.cleanup.manager [-] Deleting neutron.port object s_rally_47b71ef0_2TEEbUyz (85a8c3be-f300-4785-b5ff-a2d3c485d2ba)
2019-11-22 02:12:21.504 26156 RALLYDEBUG rally_openstack.cleanup.manager [-] Deleting neutron.port object s_rally_47b71ef0_PqmuSo4Y (861b3497-e478-4edc-8bba-829213ae397d)
2019-11-22 02:12:21.579 26156 RALLYDEBUG rally_openstack.cleanup.manager [-] Deleting neutron.port object s_rally_47b71ef0_qR6SqtZn (863c84b7-8769-4cd1-b262-0e5aa2c183fa)
2019-11-22 02:12:21.600 26156 RALLYDEBUG rally_openstack.cleanup.manager [-] Deleting neutron.port object s_rally_47b71ef0_xLjOnFum (870ec7cb-010c-477e-9508-ff19095c8a40)
2019-11-22 02:12:21.602 26156 RALLYDEBUG rally_openstack.cleanup.manager [-] Deleting neutron.port object s_rally_47b71ef0_qkahbMbL (89a7d41b-50f3-4ba8-9901-7c4dd6ac7959)
2019-11-22 02:12:21.696 26156 RALLYDEBUG rally_openstack.cleanup.manager [-] Deleting neutron.port object s_rally_47b71ef0_iUOmPAGg (8a61208c-95a2-4ad3-8057-b809fc54eafa)
2019-11-22 02:12:21.716 26156 RALLYDEBUG rally_openstack.cleanup.manager [-] Deleting neutron.port object s_rally_47b71ef0_YAg439jK (8a661c88-53ad-4f39-afe9-b03e911de334)
2019-11-22 02:12:21.943 26156 RALLYDEBUG rally_openstack.cleanup.manager [-] Deleting neutron.port object s_rally_47b71ef0_8SBVgrRg (8a8540a8-c5fe-4381-9a0e-a6c0e7ab0448)
2019-11-22 02:12:21.966 26156 RALLYDEBUG rally_openstack.cleanup.manager [-] Deleting neutron.port object s_rally_47b71ef0_1lXImjNa (8afe1855-91bb-446f-9bb3-70275a2f6b9c)
2019-11-22 02:12:21.992 26156 RALLYDEBUG rally_openstack.cleanup.manager [-] Deleting neutron.port object s_rally_47b71ef0_HT9jKaNn (8b3e93f1-34d4-4c89-b1cf-1097d87f98c2)
2019-11-22 02:12:22.002 26156 RALLYDEBUG rally_openstack.cleanup.manager [-] Deleting neutron.port object s_rally_47b71ef0_emRhQlci (8b951329-a242-4e2c-9cd1-fbc9797d77d9)
2019-11-22 02:12:22.323 26156 RALLYDEBUG rally_openstack.cleanup.manager [-] Deleting neutron.port object s_rally_47b71ef0_Cfk0iwQC (8ba7d135-f43c-4b0a-a6c9-e145cd9a497e)
2019-11-22 02:12:22.340 26156 RALLYDEBUG rally_openstack.cleanup.manager [-] Deleting neutron.port object s_rally_47b71ef0_lT6y0stx (8c87a814-2a3e-4130-89de-c407d6fb6741)
2019-11-22 02:12:22.438 26156 RALLYDEBUG rally_openstack.cleanup.manager [-] Deleting neutron.port object s_rally_47b71ef0_2XA9RVvX (8df03262-0321-4e08-8cc3-83cc2b055064)
2019-11-22 02:12:22.607 26156 RALLYDEBUG rally_openstack.cleanup.manager [-] Deleting neutron.port object s_rally_47b71ef0_atF3spqX (8f62bb35-0991-41c8-ad71-5fdb360386c8)
2019-11-22 02:12:22.880 26156 RALLYDEBUG rally_openstack.cleanup.manager [-] Deleting neutron.port object s_rally_47b71ef0_KhqbX8Jt (90c6e467-6181-4e7a-87ee-450cd7875be9)
2019-11-22 02:12:22.978 26156 RALLYDEBUG rally_openstack.cleanup.manager [-] Deleting neutron.port object s_rally_47b71ef0_DjbjMbOU (91aa536f-27e4-435b-99c4-be15c4e987f1)
2019-11-22 02:12:23.264 26156 RALLYDEBUG rally_openstack.cleanup.manager [-] Deleting neutron.port object s_rally_47b71ef0_8ypTVgc7 (92571787-8c50-4634-ad5f-a4515a177e5c)
2019-11-22 02:12:23.302 26156 RALLYDEBUG rally_openstack.cleanup.manager [-] Deleting neutron.port object s_rally_47b71ef0_BLMOg6AR (92c87d99-1132-46c4-848c-81e6c6d048a0)
2019-11-22 02:12:23.392 26156 RALLYDEBUG rally_openstack.cleanup.manager [-] Deleting neutron.port object s_rally_47b71ef0_pHnMfi9K (95722632-164b-4e8b-99a1-d924d4bb2935)
2019-11-22 02:12:23.532 26156 RALLYDEBUG rally_openstack.cleanup.manager [-] Deleting neutron.port object s_rally_47b71ef0_jYS1uHqA (9c096b94-eddb-48b3-84a0-98b95a19dd1f)
2019-11-22 02:12:23.602 26156 RALLYDEBUG rally_openstack.cleanup.manager [-] Deleting neutron.port object s_rally_47b71ef0_O2eUvp7p (9e299368-c70c-4bb2-b30d-15dbc76335a1)
2019-11-22 02:12:23.728 26156 RALLYDEBUG rally_openstack.cleanup.manager [-] Deleting neutron.port object s_rally_47b71ef0_XMvP5Era (9e34f408-fd3b-4f77-9ca7-9255da24bbda)
2019-11-22 02:12:23.765 26156 RALLYDEBUG rally_openstack.cleanup.manager [-] Deleting neutron.port object s_rally_47b71ef0_54K30WC1 (9ea7e0e2-9c95-4a9a-8eb7-571835eb465e)
2019-11-22 02:12:23.872 26156 RALLYDEBUG rally_openstack.cleanup.manager [-] Deleting neutron.port object s_rally_47b71ef0_1ikDaREr (a0466ace-1bac-4c61-87a0-fb0018fff75c)
2019-11-22 02:12:23.901 26156 RALLYDEBUG rally_openstack.cleanup.manager [-] Deleting neutron.port object s_rally_47b71ef0_yLz1TXWq (a07a5b4a-26ee-4363-8fac-d3e721fd3136)
2019-11-22 02:12:23.922 26156 RALLYDEBUG rally_openstack.cleanup.manager [-] Deleting neutron.port object s_rally_47b71ef0_2clySPMf (a2926156-c06d-4221-abf5-9bb99cb8126a)
2019-11-22 02:12:23.931 26156 RALLYDEBUG rally_openstack.cleanup.manager [-] Deleting neutron.port object s_rally_47b71ef0_lc8oOodW (a2da9f32-9509-4fc0-8df8-4da5879a2908)
2019-11-22 02:12:24.105 26156 RALLYDEBUG rally_openstack.cleanup.manager [-] Deleting neutron.port object s_rally_47b71ef0_drj5SCHo (a45e7bd8-4615-44fd-8cb2-19aa3a4e9c33)
2019-11-22 02:12:24.135 26156 RALLYDEBUG rally_openstack.cleanup.manager [-] Deleting neutron.port object s_rally_47b71ef0_3ejbHwVN (a692b64c-87ad-4325-9a35-9ebf767add17)
2019-11-22 02:12:24.244 26156 RALLYDEBUG rally_openstack.cleanup.manager [-] Deleting neutron.port object s_rally_47b71ef0_horgVHYW (a8195be0-bd0e-494a-b379-2366626bfdd3)
2019-11-22 02:12:24.276 26156 RALLYDEBUG rally_openstack.cleanup.manager [-] Deleting neutron.port object s_rally_47b71ef0_txSmkeco (a96811ca-9f01-4ac5-80e9-6b499e3de617)
2019-11-22 02:12:24.292 26156 RALLYDEBUG rally_openstack.cleanup.manager [-] Deleting neutron.port object s_rally_47b71ef0_Xx05zqcf (aad56ce4-1ad4-4b62-b9c6-2be20e95666c)
2019-11-22 02:12:24.376 26156 RALLYDEBUG rally_openstack.cleanup.manager [-] Deleting neutron.port object s_rally_47b71ef0_RmViFRz6 (aaf53b2e-dcb3-4ee4-b9d2-80597fbe1976)
2019-11-22 02:12:24.670 26156 RALLYDEBUG rally_openstack.cleanup.manager [-] Deleting neutron.port object s_rally_47b71ef0_jLwk6jd2 (ab40b36f-d32c-445b-87c3-258ed81cc16f)
2019-11-22 02:12:24.837 26156 RALLYDEBUG rally_openstack.cleanup.manager [-] Deleting neutron.port object s_rally_47b71ef0_eOsIGPVV (ac5a9cfb-0f1e-40aa-8cb8-c780fcd77bf3)
2019-11-22 02:12:25.166 26156 RALLYDEBUG rally_openstack.cleanup.manager [-] Deleting neutron.port object s_rally_47b71ef0_n56os5MI (ac916f4c-0ba9-49fb-a342-62c011ed2849)
2019-11-22 02:12:25.244 26156 RALLYDEBUG rally_openstack.cleanup.manager [-] Deleting neutron.port object s_rally_47b71ef0_PHyGlNui (b0f5a020-7d43-45a4-8c83-50a372ea5a4e)
2019-11-22 02:12:25.252 26156 RALLYDEBUG rally_openstack.cleanup.manager [-] Deleting neutron.port object s_rally_47b71ef0_lPhQJooj (b0f7f9eb-4e2c-45e0-a27b-cda2eec744d1)
2019-11-22 02:12:25.312 26156 RALLYDEBUG rally_openstack.cleanup.manager [-] Deleting neutron.port object s_rally_47b71ef0_OW1qtx2I (b67a2ee7-e371-4282-8081-2e769734081c)
2019-11-22 02:12:25.406 26156 RALLYDEBUG rally_openstack.cleanup.manager [-] Deleting neutron.port object s_rally_47b71ef0_VcamsxOF (b72d390e-607a-4552-acb4-c97f5eae5610)
2019-11-22 02:12:26.027 26156 RALLYDEBUG rally_openstack.cleanup.manager [-] Deleting neutron.port object s_rally_47b71ef0_j6MzXAii (b957a01c-6ef7-4b82-a8a3-af76770b2399)
2019-11-22 02:12:26.048 26156 RALLYDEBUG rally_openstack.cleanup.manager [-] Deleting neutron.port object s_rally_47b71ef0_xxr6NQK4 (bb07b71b-b70e-42ad-9709-920e48561a1b)
2019-11-22 02:12:26.077 26156 RALLYDEBUG rally_openstack.cleanup.manager [-] Deleting neutron.port object s_rally_47b71ef0_5dfH8lDy (bb6d96c1-1b9e-4ffd-b579-d5822b78aa99)
2019-11-22 02:12:26.095 26156 RALLYDEBUG rally_openstack.cleanup.manager [-] Deleting neutron.port object s_rally_47b71ef0_A2qRkT91 (bc929f5b-34de-4f5d-acdf-9bff67502ecd)
2019-11-22 02:12:26.138 26156 RALLYDEBUG rally_openstack.cleanup.manager [-] Deleting neutron.port object s_rally_47b71ef0_so1QCdw2 (bd37b9e4-eee6-4646-b03e-5cd3aa05d7aa)
2019-11-22 02:12:26.233 26156 RALLYDEBUG rally_openstack.cleanup.manager [-] Deleting neutron.port object s_rally_47b71ef0_D25xRsAx (be7ff5d7-f617-4d67-a69b-e0651d42bac7)
2019-11-22 02:12:26.253 26156 RALLYDEBUG rally_openstack.cleanup.manager [-] Deleting neutron.port object s_rally_47b71ef0_HwmtyjBm (bef82ee0-1d71-4de3-9fa0-0ac628360c10)
2019-11-22 02:12:26.278 26156 RALLYDEBUG rally_openstack.cleanup.manager [-] Deleting neutron.port object s_rally_47b71ef0_aEQKPCcZ (bf6c26c1-ac07-452a-8d73-6977c1eb9ccd)
2019-11-22 02:12:26.296 26156 RALLYDEBUG rally_openstack.cleanup.manager [-] Deleting neutron.port object s_rally_47b71ef0_JCBs3NdW (bfb6d624-f656-4f21-950e-ea57004df9b4)
2019-11-22 02:12:26.378 26156 RALLYDEBUG rally_openstack.cleanup.manager [-] Deleting neutron.port object s_rally_47b71ef0_7qhxJvsz (c3c65a34-f923-459e-b187-045eeb580a64)
2019-11-22 02:12:26.393 26156 RALLYDEBUG rally_openstack.cleanup.manager [-] Deleting neutron.port object s_rally_47b71ef0_tJmXENLA (c644626c-1d68-43b1-b288-a314f0398835)
2019-11-22 02:12:26.487 26156 RALLYDEBUG rally_openstack.cleanup.manager [-] Deleting neutron.port object s_rally_47b71ef0_rS3xpu4Z (c6b62082-55b1-4eed-82cc-1f850691d81d)
2019-11-22 02:12:26.657 26156 RALLYDEBUG rally_openstack.cleanup.manager [-] Deleting neutron.port object s_rally_47b71ef0_73QCl452 (c7c3fc4c-529d-4762-b9cd-22c590da7c6f)
2019-11-22 02:12:26.855 26156 RALLYDEBUG rally_openstack.cleanup.manager [-] Deleting neutron.port object s_rally_47b71ef0_ODpO69w2 (c9a54021-f808-481a-b8b8-fd10750b2d94)
2019-11-22 02:12:26.948 26156 RALLYDEBUG rally_openstack.cleanup.manager [-] Deleting neutron.port object s_rally_47b71ef0_wlOJGkmD (c9a69009-6059-4540-90d2-b04f1916cebf)
2019-11-22 02:12:27.013 26156 RALLYDEBUG rally_openstack.cleanup.manager [-] Deleting neutron.port object s_rally_47b71ef0_6mMquOgW (cb088012-7240-45d8-af4e-fe81e73360f6)
2019-11-22 02:12:27.066 26156 RALLYDEBUG rally_openstack.cleanup.manager [-] Deleting neutron.port object s_rally_47b71ef0_yfc0NvUA (cb0a9601-3cee-444c-b99d-e3e833bc3c96)
2019-11-22 02:12:27.120 26156 RALLYDEBUG rally_openstack.cleanup.manager [-] Deleting neutron.port object s_rally_47b71ef0_COhh3R9A (cc149982-a995-4414-a4d8-02b10db131be)
2019-11-22 02:12:27.142 26156 RALLYDEBUG rally_openstack.cleanup.manager [-] Deleting neutron.port object s_rally_47b71ef0_zl39rRff (cc2b4e1a-d476-45e9-878c-e57bc6415b4f)
2019-11-22 02:12:27.187 26156 RALLYDEBUG rally_openstack.cleanup.manager [-] Deleting neutron.port object s_rally_47b71ef0_K9CUK1kl (cd35caed-f825-4948-9800-0495fe72e15c)
2019-11-22 02:12:28.026 26156 RALLYDEBUG rally_openstack.cleanup.manager [-] Deleting neutron.port object s_rally_47b71ef0_m3QnTDYd (d2197ecd-c731-49d6-8e80-aaa2d35f115d)
2019-11-22 02:12:28.040 26156 RALLYDEBUG rally_openstack.cleanup.manager [-] Deleting neutron.port object s_rally_47b71ef0_ODPe3g4Y (d244ecfa-4fe3-4d7b-8e34-214c932bc074)
2019-11-22 02:12:28.061 26156 RALLYDEBUG rally_openstack.cleanup.manager [-] Deleting neutron.port object s_rally_47b71ef0_ffNOruoj (d3e7d7e6-cfa9-4e52-8e5c-3cb3e54d1b43)
2019-11-22 02:12:28.121 26156 RALLYDEBUG rally_openstack.cleanup.manager [-] Deleting neutron.port object s_rally_47b71ef0_cxdLEisz (d44e8843-f02c-48a6-8a9f-2217681d0a50)
2019-11-22 02:12:28.172 26156 RALLYDEBUG rally_openstack.cleanup.manager [-] Deleting neutron.port object s_rally_47b71ef0_30gHAbIL (d4d6a342-877f-4f6e-ae7d-8f44647291d6)
2019-11-22 02:12:28.263 26156 RALLYDEBUG rally_openstack.cleanup.manager [-] Deleting neutron.port object s_rally_47b71ef0_wEHabLYV (d5f2f731-1aaa-4cfe-bece-a368a8c6351c)
2019-11-22 02:12:28.467 26156 RALLYDEBUG rally_openstack.cleanup.manager [-] Deleting neutron.port object s_rally_47b71ef0_2eeWNpvs (d77b0d47-d3ea-4843-a2ef-4cb5ae1a6484)
2019-11-22 02:12:28.483 26156 RALLYDEBUG rally_openstack.cleanup.manager [-] Deleting neutron.port object s_rally_47b71ef0_ah8hG08k (d7ab8a47-0dc3-4577-9985-45c4a834b2d8)
2019-11-22 02:12:28.604 26156 RALLYDEBUG rally_openstack.cleanup.manager [-] Deleting neutron.port object s_rally_47b71ef0_BJzDx8w4 (d8756ba4-148e-49ea-bd49-5f67c991791b)
2019-11-22 02:12:28.713 26156 RALLYDEBUG rally_openstack.cleanup.manager [-] Deleting neutron.port object s_rally_47b71ef0_4a3PAwoF (ddd50698-a83f-47f3-9cc3-17c56f7fec24)
2019-11-22 02:12:28.821 26156 RALLYDEBUG rally_openstack.cleanup.manager [-] Deleting neutron.port object s_rally_47b71ef0_Inz6HwWc (df3c38e2-e34f-4d0b-ad25-9b21ff1e4eec)
2019-11-22 02:12:28.832 26156 RALLYDEBUG rally_openstack.cleanup.manager [-] Deleting neutron.port object s_rally_47b71ef0_Aa7PZSbi (df9275d5-e738-4412-be41-4f8b28a21413)
2019-11-22 02:12:28.857 26156 RALLYDEBUG rally_openstack.cleanup.manager [-] Deleting neutron.port object s_rally_47b71ef0_1Tw5FOhC (e034a2e5-f108-43fc-8a62-75648fdac6a4)
2019-11-22 02:12:28.876 26156 RALLYDEBUG rally_openstack.cleanup.manager [-] Deleting neutron.port object s_rally_47b71ef0_ldwLQuqF (e1649691-db7a-4706-94d3-3c6482455e0f)
2019-11-22 02:12:28.940 26156 RALLYDEBUG rally_openstack.cleanup.manager [-] Deleting neutron.port object s_rally_47b71ef0_sbgDbLzJ (e2f5ae25-a278-4976-b607-bd3862da7a4a)
2019-11-22 02:12:28.977 26156 RALLYDEBUG rally_openstack.cleanup.manager [-] Deleting neutron.port object s_rally_47b71ef0_lG0eLKHG (e34084a9-bdfc-49a1-b94c-e30140beb403)
2019-11-22 02:12:29.020 26156 RALLYDEBUG rally_openstack.cleanup.manager [-] Deleting neutron.port object s_rally_47b71ef0_jS4kgArC (e3fece55-632f-4848-9268-e4998ceb111b)
2019-11-22 02:12:29.147 26156 RALLYDEBUG rally_openstack.cleanup.manager [-] Deleting neutron.port object s_rally_47b71ef0_uSeSh28Q (e46dd438-7b28-41a8-824d-52691d88d1aa)
2019-11-22 02:12:29.187 26156 RALLYDEBUG rally_openstack.cleanup.manager [-] Deleting neutron.port object s_rally_47b71ef0_yau9snTy (e9dc036b-da08-40ad-95b2-cfc87765b1c4)
2019-11-22 02:12:29.340 26156 RALLYDEBUG rally_openstack.cleanup.manager [-] Deleting neutron.port object s_rally_47b71ef0_SpqZN4il (ea952301-3a3b-4526-ad8c-61fc26a319e9)
2019-11-22 02:12:29.870 26156 RALLYDEBUG rally_openstack.cleanup.manager [-] Deleting neutron.port object s_rally_47b71ef0_VDLcufm8 (ec5ad2fe-ac50-4f36-a941-75a6b6455fd5)
2019-11-22 02:12:29.962 26156 RALLYDEBUG rally_openstack.cleanup.manager [-] Deleting neutron.port object s_rally_47b71ef0_XFDnERIE (ecbcdb69-1be9-40a0-9c8c-83f2159c7dda)
2019-11-22 02:12:30.091 26156 RALLYDEBUG rally_openstack.cleanup.manager [-] Deleting neutron.port object s_rally_47b71ef0_4nCOFc54 (ed1442f0-0e95-43e2-80b2-3ffe63ba60aa)
2019-11-22 02:12:30.152 26156 RALLYDEBUG rally_openstack.cleanup.manager [-] Deleting neutron.port object s_rally_47b71ef0_fc1LRE9N (ed5ae5f3-b3b8-44a1-881d-0b6bd6753ec1)
2019-11-22 02:12:30.263 26156 RALLYDEBUG rally_openstack.cleanup.manager [-] Deleting neutron.port object s_rally_47b71ef0_rYZaT5gZ (ee91ff6e-3806-46d3-9ca0-cf349dbeb01d)
2019-11-22 02:12:30.305 26156 RALLYDEBUG rally_openstack.cleanup.manager [-] Deleting neutron.port object s_rally_47b71ef0_GzmmFlR6 (eefb7eb6-ef75-477e-9ffa-0434e75ac7da)
2019-11-22 02:12:30.472 26156 RALLYDEBUG rally_openstack.cleanup.manager [-] Deleting neutron.port object s_rally_47b71ef0_I6yYVE32 (efe040b2-14e7-467b-b284-452727ac0a0f)
2019-11-22 02:12:30.732 26156 RALLYDEBUG rally_openstack.cleanup.manager [-] Deleting neutron.port object s_rally_47b71ef0_cr5WXEXF (f22cf447-c35d-4e76-875d-48b6cb2b2c94)
2019-11-22 02:12:30.837 26156 RALLYDEBUG rally_openstack.cleanup.manager [-] Deleting neutron.port object s_rally_47b71ef0_wFVrwF4r (f26e0299-96d4-44f7-be2e-d74f987b2245)
2019-11-22 02:12:30.876 26156 RALLYDEBUG rally_openstack.cleanup.manager [-] Deleting neutron.port object s_rally_47b71ef0_OLSeHpP0 (f29b011a-7951-4263-9cfe-4de243db9534)
2019-11-22 02:12:31.025 26156 RALLYDEBUG rally_openstack.cleanup.manager [-] Deleting neutron.port object s_rally_47b71ef0_39znT4yT (f41a5ce0-b776-4760-a7db-22e2db3332ff)
2019-11-22 02:12:31.092 26156 RALLYDEBUG rally_openstack.cleanup.manager [-] Deleting neutron.port object s_rally_47b71ef0_GAGU0HNp (f60df297-be5e-4498-a088-90a59a7eddde)
2019-11-22 02:12:31.107 26156 RALLYDEBUG rally_openstack.cleanup.manager [-] Deleting neutron.port object s_rally_47b71ef0_Q4yGknFc (f6446fe1-3768-4306-888c-b2cad17e353d)
2019-11-22 02:12:31.175 26156 RALLYDEBUG rally_openstack.cleanup.manager [-] Deleting neutron.port object s_rally_47b71ef0_r8Xp2rDQ (f7294d3c-79e2-47cb-9198-df52f23c7958)
2019-11-22 02:12:31.225 26156 RALLYDEBUG rally_openstack.cleanup.manager [-] Deleting neutron.port object s_rally_47b71ef0_IZveSHDu (f7ce3e2c-cf16-4e5d-ac69-560ce3d6f84f)
2019-11-22 02:12:31.253 26156 RALLYDEBUG rally_openstack.cleanup.manager [-] Deleting neutron.port object s_rally_47b71ef0_GsvQvfGe (f86049a1-afbc-4a48-82c1-18e8ec6e4c78)
2019-11-22 02:12:31.315 26156 RALLYDEBUG rally_openstack.cleanup.manager [-] Deleting neutron.port object s_rally_47b71ef0_Z1ZPfmMk (f863a329-b22f-4b86-a7a4-aaabcdeacc4c)
2019-11-22 02:12:31.342 26156 RALLYDEBUG rally_openstack.cleanup.manager [-] Deleting neutron.port object s_rally_47b71ef0_kiOrwKuG (f971f7cc-bd30-47eb-be6d-6af62a386581)
2019-11-22 02:12:31.392 26156 RALLYDEBUG rally_openstack.cleanup.manager [-] Deleting neutron.port object s_rally_47b71ef0_vG7ZDQR6 (f9d95589-0739-470f-b935-96389955e2b9)
2019-11-22 02:12:31.406 26156 RALLYDEBUG rally_openstack.cleanup.manager [-] Deleting neutron.port object s_rally_47b71ef0_Xa6e82Sa (fa15ea75-0f6d-420b-85ee-107970a1e3da)
2019-11-22 02:12:31.689 26156 RALLYDEBUG rally_openstack.cleanup.manager [-] Deleting neutron.port object s_rally_47b71ef0_KNvw2nd3 (faf045d1-73b0-4b92-a481-e76a58860a18)
2019-11-22 02:12:31.757 26156 RALLYDEBUG rally_openstack.cleanup.manager [-] Deleting neutron.port object s_rally_47b71ef0_aOQ94ysY (fb2a599b-2cf9-4731-a6fd-8461b7e6eeff)
2019-11-22 02:12:31.926 26156 RALLYDEBUG rally_openstack.cleanup.manager [-] Deleting neutron.port object s_rally_47b71ef0_Ru2I7Lon (fb377c5c-d36c-4eaf-92d8-11af6c07e348)
2019-11-22 02:12:32.004 26156 RALLYDEBUG rally_openstack.cleanup.manager [-] Deleting neutron.port object s_rally_47b71ef0_acLl1UyP (fc12d5f8-6047-442e-8162-1eb7907dc41b)
2019-11-22 02:12:32.076 26156 RALLYDEBUG rally_openstack.cleanup.manager [-] Deleting neutron.port object s_rally_47b71ef0_AaG7LgJZ (fd05869c-1625-4579-ac4c-15b7ef9a7ea4)
2019-11-22 02:12:33.942 26156 RALLYDEBUG rally_openstack.cleanup.manager [-] Cleaning up neutron subnet objects
2019-11-22 02:12:34.348 26156 RALLYDEBUG rally_openstack.cleanup.manager [-] Cleaning up neutron network objects
2019-11-22 02:12:34.893 26156 RALLYDEBUG rally_openstack.cleanup.manager [-] Deleting neutron.network object s_rally_47b71ef0_tMXVQwc3 (021d92c3-e1c0-4fc5-b17f-c3bd003659d9)
2019-11-22 02:12:34.912 26156 RALLYDEBUG rally_openstack.cleanup.manager [-] Deleting neutron.network object s_rally_47b71ef0_5WeH6qrw (026a0d02-e26d-4ea1-ae24-d3658772642e)
2019-11-22 02:12:34.922 26156 RALLYDEBUG rally_openstack.cleanup.manager [-] Deleting neutron.network object s_rally_47b71ef0_GHshtfNO (082424fa-08d0-4349-b7fb-95a861f76ac8)
2019-11-22 02:12:34.930 26156 RALLYDEBUG rally_openstack.cleanup.manager [-] Deleting neutron.network object s_rally_47b71ef0_XVDQaKxh (18ca8348-72ca-472b-9288-46d114c4ccf6)
2019-11-22 02:12:34.931 26156 RALLYDEBUG rally_openstack.cleanup.manager [-] Deleting neutron.network object s_rally_47b71ef0_6Hy7XVtk (06982e38-3a40-4ddf-80e2-490a236dcb9e)
2019-11-22 02:12:34.943 26156 RALLYDEBUG rally_openstack.cleanup.manager [-] Deleting neutron.network object s_rally_47b71ef0_9R6ld1it (1be8d5be-c857-4ff0-89ee-131f3aa34294)
2019-11-22 02:12:34.951 26156 RALLYDEBUG rally_openstack.cleanup.manager [-] Deleting neutron.network object s_rally_47b71ef0_PXtCW5I5 (2563875b-82b7-43bb-83ed-fb0865a62157)
2019-11-22 02:12:34.963 26156 RALLYDEBUG rally_openstack.cleanup.manager [-] Deleting neutron.network object s_rally_47b71ef0_hhKr97rG (2670a749-b7ba-475e-86db-5878ec051dd4)
2019-11-22 02:12:34.977 26156 RALLYDEBUG rally_openstack.cleanup.manager [-] Deleting neutron.network object s_rally_47b71ef0_1yEHF9HS (39bb921c-667d-49b1-b0a4-dddb7d6aa072)
2019-11-22 02:12:35.056 26156 RALLYDEBUG rally_openstack.cleanup.manager [-] Deleting neutron.network object s_rally_47b71ef0_YwW1tgnA (4d02623d-b7a9-4766-b2b4-8ea59891f54f)
2019-11-22 02:12:35.069 26156 RALLYDEBUG rally_openstack.cleanup.manager [-] Deleting neutron.network object s_rally_47b71ef0_FYneib1O (4546ecaf-c5a8-42bf-99c3-d8f1d0d62942)
2019-11-22 02:12:35.074 26156 RALLYDEBUG rally_openstack.cleanup.manager [-] Deleting neutron.network object s_rally_47b71ef0_tu4Fm5tP (473a76ee-4f09-4cde-9335-6a106956c65e)
2019-11-22 02:12:35.066 26156 RALLYDEBUG rally_openstack.cleanup.manager [-] Deleting neutron.network object s_rally_47b71ef0_hSvxbFl4 (41bfd424-dcca-4fc5-8730-92d60acf4135)
2019-11-22 02:12:35.089 26156 RALLYDEBUG rally_openstack.cleanup.manager [-] Deleting neutron.network object s_rally_47b71ef0_shlL2JEZ (53933e7c-4bae-401b-aa31-8afc7709bbbf)
2019-11-22 02:12:35.117 26156 RALLYDEBUG rally_openstack.cleanup.manager [-] Deleting neutron.network object s_rally_47b71ef0_hSJ9SrZL (655ce95a-c7f8-451c-8bbb-ba54afe2c7f0)
2019-11-22 02:12:35.128 26156 RALLYDEBUG rally_openstack.cleanup.manager [-] Deleting neutron.network object s_rally_47b71ef0_SaxjryeA (794b6ef3-abe6-493a-93ba-1a49637e3b00)
2019-11-22 02:12:35.130 26156 RALLYDEBUG rally_openstack.cleanup.manager [-] Deleting neutron.network object s_rally_47b71ef0_9WntI33g (6facd1ce-e698-4ea1-a926-e56cb0672a1d)
2019-11-22 02:12:35.148 26156 RALLYDEBUG rally_openstack.cleanup.manager [-] Deleting neutron.network object s_rally_47b71ef0_vnjyv4MH (7bf38977-930c-4799-a83f-ae340ad5dde0)
2019-11-22 02:12:35.174 26156 RALLYDEBUG rally_openstack.cleanup.manager [-] Deleting neutron.network object s_rally_47b71ef0_3PUlP38L (883f114c-380e-4147-891d-cc498f6124c4)
2019-11-22 02:12:35.173 26156 RALLYDEBUG rally_openstack.cleanup.manager [-] Deleting neutron.network object s_rally_47b71ef0_yEZ2ts3R (7475fdb9-30aa-4ddb-b01e-c50c2650ecac)
2019-11-22 02:12:37.371 26156 RALLYDEBUG rally_openstack.cleanup.manager [-] Deleting neutron.network object s_rally_47b71ef0_sCMr4C9Y (9c3f6cf1-d8d1-4390-8f4b-fc4b62b1cf46)
2019-11-22 02:12:37.753 26156 RALLYDEBUG rally_openstack.cleanup.manager [-] Deleting neutron.network object s_rally_47b71ef0_IfBylXhG (a0d50208-8ffc-4685-920b-d5a0dfdcc419)
2019-11-22 02:12:37.867 26156 RALLYDEBUG rally_openstack.cleanup.manager [-] Deleting neutron.network object s_rally_47b71ef0_oO6ugYbK (a0ef97f2-1396-44b4-b612-0401581b3fbf)
2019-11-22 02:12:37.924 26156 RALLYDEBUG rally_openstack.cleanup.manager [-] Deleting neutron.network object s_rally_47b71ef0_Jbwitwcx (a94b296f-2da9-40aa-9681-2cc088bf57d2)
2019-11-22 02:12:37.926 26156 RALLYDEBUG rally_openstack.cleanup.manager [-] Deleting neutron.network object s_rally_47b71ef0_61ylPcyS (ae181428-1dcc-43bc-813c-66bcd5c9e4a2)
2019-11-22 02:12:37.956 26156 RALLYDEBUG rally_openstack.cleanup.manager [-] Deleting neutron.network object s_rally_47b71ef0_uHffKjSU (b85d3beb-bf0c-4013-bd32-bac23f899f72)
2019-11-22 02:12:38.021 26156 RALLYDEBUG rally_openstack.cleanup.manager [-] Deleting neutron.network object s_rally_47b71ef0_yktld5Dt (ba75912a-03ae-44d7-8f25-d65a2c391c54)
2019-11-22 02:12:38.038 26156 RALLYDEBUG rally_openstack.cleanup.manager [-] Deleting neutron.network object s_rally_47b71ef0_jOdhlxoP (c5b70c81-6cfb-446b-ba22-d4cb63604bda)
2019-11-22 02:12:38.038 26156 RALLYDEBUG rally_openstack.cleanup.manager [-] Deleting neutron.network object s_rally_47b71ef0_o8v992bF (bc2ac764-3e15-4280-8318-e8c290e6d623)
2019-11-22 02:12:38.161 26156 RALLYDEBUG rally_openstack.cleanup.manager [-] Deleting neutron.network object s_rally_47b71ef0_EG4hnxMC (c63eb419-187d-4479-a8ef-d8717219a83f)
2019-11-22 02:12:38.385 26156 RALLYDEBUG rally_openstack.cleanup.manager [-] Deleting neutron.network object s_rally_47b71ef0_YoXWV99D (c6f8a779-6a21-404c-a8ab-fec909663714)
2019-11-22 02:12:38.403 26156 RALLYDEBUG rally_openstack.cleanup.manager [-] Deleting neutron.network object s_rally_47b71ef0_IXpMheXM (d16f67b8-338d-488c-bc56-3c40ae217e18)
2019-11-22 02:12:38.414 26156 RALLYDEBUG rally_openstack.cleanup.manager [-] Deleting neutron.network object s_rally_47b71ef0_in3XZubk (daae0bdf-3462-45a8-a81c-bcfcb34d50a5)
2019-11-22 02:12:38.461 26156 RALLYDEBUG rally_openstack.cleanup.manager [-] Deleting neutron.network object s_rally_47b71ef0_KuDVBTOl (dc162306-cc3a-4988-85c0-13e3795aea8b)
2019-11-22 02:12:38.583 26156 RALLYDEBUG rally_openstack.cleanup.manager [-] Deleting neutron.network object s_rally_47b71ef0_zE00c9uN (dea7c17a-f1f4-4db3-9828-f7d6c582b27b)
2019-11-22 02:12:38.736 26156 RALLYDEBUG rally_openstack.cleanup.manager [-] Deleting neutron.network object s_rally_47b71ef0_prS9nBJg (e61a2098-591f-41b6-a05c-96c6c77b80d2)
2019-11-22 02:12:38.772 26156 RALLYDEBUG rally_openstack.cleanup.manager [-] Deleting neutron.network object s_rally_47b71ef0_QCkCeJUH (e660519d-28fb-4e4b-bb07-2533e7b73329)
2019-11-22 02:12:38.783 26156 RALLYDEBUG rally_openstack.cleanup.manager [-] Deleting neutron.network object s_rally_47b71ef0_IK2E0lfl (e7a5132a-8ad3-4dce-b6a5-4ae4108db412)
2019-11-22 02:12:38.790 26156 RALLYDEBUG rally_openstack.cleanup.manager [-] Deleting neutron.network object s_rally_47b71ef0_wBHudFHF (f4398267-8f88-4988-9232-61165ce56e96)
2019-11-22 02:12:38.800 26156 RALLYDEBUG rally_openstack.cleanup.manager [-] Deleting neutron.network object s_rally_47b71ef0_YPPoqNX0 (f832a227-97e8-464a-950d-ee23c15855a4)
2019-11-22 02:12:42.167 26156 RALLYDEBUG rally_openstack.cleanup.manager [-] Cleaning up neutron router objects
2019-11-22 02:12:42.611 26156 RALLYDEBUG rally_openstack.cleanup.manager [-] Cleaning up neutron security_group objects
2019-11-22 02:12:43.028 26156 INFO rally.task.context [-] Task 2be5f54d-1a89-4cb7-bd31-666cc6824fbd | Context cleanup@openstack cleanup() finished in 35.05 sec
2019-11-22 02:12:43.028 26156 INFO rally.task.context [-] Task 2be5f54d-1a89-4cb7-bd31-666cc6824fbd | Context quotas@openstack cleanup() started
2019-11-22 02:12:43.108 26156 INFO rally.task.context [-] Task 2be5f54d-1a89-4cb7-bd31-666cc6824fbd | Context quotas@openstack cleanup() finished in 79.36 msec
2019-11-22 02:12:43.108 26156 INFO rally.task.context [-] Task 2be5f54d-1a89-4cb7-bd31-666cc6824fbd | Context users@openstack cleanup() started
2019-11-22 02:12:45.829 26156 INFO rally.task.context [-] Task 2be5f54d-1a89-4cb7-bd31-666cc6824fbd | Context users@openstack cleanup() finished in 2.72 sec
2019-11-22 02:12:47.472 26156 INFO rally.task.engine [-] Load duration is: 28.01134
2019-11-22 02:12:47.473 26156 INFO rally.task.engine [-] Full runner duration is: 28.060884
2019-11-22 02:12:47.473 26156 INFO rally.task.engine [-] Full duration is: 68.710822
2019-11-22 02:12:47.774 26156 INFO rally.task.engine [-] Running workload: position = 2 config = { "version": 2, "title": "A cropped version of a bigger task.", "description": "Auto-generated task from a single workload (uuid=087632c0-9927-4c34-9814-fc5ac8fbc790)", "subtasks": [ { "title": "NeutronNetworks.create_and_delete_ports", "description": "Create and delete a port.", "scenario": { "NeutronNetworks.create_and_delete_ports": { "network_create_args": {}, "port_create_args": {}, "ports_per_network": 5 } }, "contexts": { "users": { "tenants": 1, "users_per_tenant": 1 }, "quotas": { "neutron": { "network": -1, "port": -1 } } }, "runner": { "constant": { "times": 40, "concurrency": 20 } }, "hooks": [], "sla": { "failure_rate": { "max": 0 } } } ] }
2019-11-22 02:12:47.806 26156 RALLYDEBUG rally_openstack.contexts.keystone.users [-] Creating 1 tenants using 20 threads
2019-11-22 02:12:48.735 26156 RALLYDEBUG rally_openstack.contexts.keystone.users [-] Creating 1 users using 20 threads
2019-11-22 02:12:50.154 26156 INFO rally.task.context [-] Task 2be5f54d-1a89-4cb7-bd31-666cc6824fbd | Context users@openstack setup() finished in 2.35 sec
2019-11-22 02:12:50.680 26156 INFO rally.task.context [-] Task 2be5f54d-1a89-4cb7-bd31-666cc6824fbd | Context quotas@openstack setup() finished in 0.53 sec
2019-11-22 02:12:50.681 26156 INFO rally.task.context [-] Task 2be5f54d-1a89-4cb7-bd31-666cc6824fbd | Context cleanup@openstack setup() finished in 0.02 msec
2019-11-22 02:12:50.690 26156 RALLYDEBUG rally.task.runner [-] Starting the constant runner (task UUID: 2be5f54d-1a89-4cb7-bd31-666cc6824fbd). timeout: 0 concurrency: 20 concurrency_per_worker: 1 times: 40 concurrency_overhead: 4 processes_to_start: 16 max_cpu_used: 16
2019-11-22 02:12:50.705 30622 RALLYDEBUG rally.task.runner [-] Starting a worker. concurrency: 2 args: {"network_create_args": {}, "port_create_args": {}, "ports_per_network": 5} times: 40 method_name: run timeout: 0 duration: None cls:
2019-11-22 02:12:50.707 30623 RALLYDEBUG rally.task.runner [-] Starting a worker. concurrency: 2 args: {"network_create_args": {}, "port_create_args": {}, "ports_per_network": 5} times: 40 method_name: run timeout: 0 duration: None cls:
2019-11-22 02:12:50.711 30624 RALLYDEBUG rally.task.runner [-] Starting a worker. concurrency: 2 args: {"network_create_args": {}, "port_create_args": {}, "ports_per_network": 5} times: 40 method_name: run timeout: 0 duration: None cls:
2019-11-22 02:12:50.714 30625 RALLYDEBUG rally.task.runner [-] Starting a worker. concurrency: 2 args: {"network_create_args": {}, "port_create_args": {}, "ports_per_network": 5} times: 40 method_name: run timeout: 0 duration: None cls:
2019-11-22 02:12:50.716 30622 INFO rally.task.runner [-] Task 2be5f54d-1a89-4cb7-bd31-666cc6824fbd | ITER: 1 START
2019-11-22 02:12:50.718 30623 INFO rally.task.runner [-] Task 2be5f54d-1a89-4cb7-bd31-666cc6824fbd | ITER: 2 START
2019-11-22 02:12:50.718 30626 RALLYDEBUG rally.task.runner [-] Starting a worker. concurrency: 1 args: {"network_create_args": {}, "port_create_args": {}, "ports_per_network": 5} times: 40 method_name: run timeout: 0 duration: None cls:
2019-11-22 02:12:50.718 30622 WARNING rally_openstack.scenarios.neutron.utils [-] Running this scenario without either the 'network' or 'existing_network' context is deprecated
2019-11-22 02:12:50.720 30623 WARNING rally_openstack.scenarios.neutron.utils [-] Running this scenario without either the 'network' or 'existing_network' context is deprecated
2019-11-22 02:12:50.721 30624 INFO rally.task.runner [-] Task 2be5f54d-1a89-4cb7-bd31-666cc6824fbd | ITER: 4 START
2019-11-22 02:12:50.722 30625 INFO rally.task.runner [-] Task 2be5f54d-1a89-4cb7-bd31-666cc6824fbd | ITER: 6 START
2019-11-22 02:12:50.722 30622 INFO rally.task.runner [-] Task 2be5f54d-1a89-4cb7-bd31-666cc6824fbd | ITER: 3 START
2019-11-22 02:12:50.724 30624 WARNING rally_openstack.scenarios.neutron.utils [-] Running this scenario without either the 'network' or 'existing_network' context is deprecated
2019-11-22 02:12:50.724 30631 RALLYDEBUG rally.task.runner [-] Starting a worker. concurrency: 1 args: {"network_create_args": {}, "port_create_args": {}, "ports_per_network": 5} times: 40 method_name: run timeout: 0 duration: None cls:
2019-11-22 02:12:50.725 30623 INFO rally.task.runner [-] Task 2be5f54d-1a89-4cb7-bd31-666cc6824fbd | ITER: 5 START
2019-11-22 02:12:50.725 30625 WARNING rally_openstack.scenarios.neutron.utils [-] Running this scenario without either the 'network' or 'existing_network' context is deprecated
2019-11-22 02:12:50.726 30626 INFO rally.task.runner [-] Task 2be5f54d-1a89-4cb7-bd31-666cc6824fbd | ITER: 8 START
2019-11-22 02:12:50.727 30626 WARNING rally_openstack.scenarios.neutron.utils [-] Running this scenario without either the 'network' or 'existing_network' context is deprecated
2019-11-22 02:12:50.727 30635 RALLYDEBUG rally.task.runner [-] Starting a worker. concurrency: 1 args: {"network_create_args": {}, "port_create_args": {}, "ports_per_network": 5} times: 40 method_name: run timeout: 0 duration: None cls:
2019-11-22 02:12:50.729 30639 RALLYDEBUG rally.task.runner [-] Starting a worker. concurrency: 1 args: {"network_create_args": {}, "port_create_args": {}, "ports_per_network": 5} times: 40 method_name: run timeout: 0 duration: None cls:
2019-11-22 02:12:50.733 30631 INFO rally.task.runner [-] Task 2be5f54d-1a89-4cb7-bd31-666cc6824fbd | ITER: 10 START
2019-11-22 02:12:50.733 30635 INFO rally.task.runner [-] Task 2be5f54d-1a89-4cb7-bd31-666cc6824fbd | ITER: 11 START
2019-11-22 02:12:50.734 30631 WARNING rally_openstack.scenarios.neutron.utils [-] Running this scenario without either the 'network' or 'existing_network' context is deprecated
2019-11-22 02:12:50.734 30635 WARNING rally_openstack.scenarios.neutron.utils [-] Running this scenario without either the 'network' or 'existing_network' context is deprecated
2019-11-22 02:12:50.735 30643 RALLYDEBUG rally.task.runner [-] Starting a worker. concurrency: 1 args: {"network_create_args": {}, "port_create_args": {}, "ports_per_network": 5} times: 40 method_name: run timeout: 0 duration: None cls:
2019-11-22 02:12:50.736 30623 WARNING rally_openstack.scenarios.neutron.utils [-] Running this scenario without either the 'network' or 'existing_network' context is deprecated
2019-11-22 02:12:50.731 30622 WARNING rally_openstack.scenarios.neutron.utils [-] Running this scenario without either the 'network' or 'existing_network' context is deprecated
2019-11-22 02:12:50.737 30624 INFO rally.task.runner [-] Task 2be5f54d-1a89-4cb7-bd31-666cc6824fbd | ITER: 7 START
2019-11-22 02:12:50.737 30644 RALLYDEBUG rally.task.runner [-] Starting a worker. concurrency: 1 args: {"network_create_args": {}, "port_create_args": {}, "ports_per_network": 5} times: 40 method_name: run timeout: 0 duration: None cls:
2019-11-22 02:12:50.738 30639 INFO rally.task.runner [-] Task 2be5f54d-1a89-4cb7-bd31-666cc6824fbd | ITER: 12 START
2019-11-22 02:12:50.740 30639 WARNING rally_openstack.scenarios.neutron.utils [-] Running this scenario without either the 'network' or 'existing_network' context is deprecated
2019-11-22 02:12:50.740 30624 WARNING rally_openstack.scenarios.neutron.utils [-] Running this scenario without either the 'network' or 'existing_network' context is deprecated
2019-11-22 02:12:50.742 30625 INFO rally.task.runner [-] Task 2be5f54d-1a89-4cb7-bd31-666cc6824fbd | ITER: 9 START
2019-11-22 02:12:50.743 30643 INFO rally.task.runner [-] Task 2be5f54d-1a89-4cb7-bd31-666cc6824fbd | ITER: 13 START
2019-11-22 02:12:50.743 30625 WARNING rally_openstack.scenarios.neutron.utils [-] Running this scenario without either the 'network' or 'existing_network' context is deprecated
2019-11-22 02:12:50.744 30644 INFO rally.task.runner [-] Task 2be5f54d-1a89-4cb7-bd31-666cc6824fbd | ITER: 14 START
2019-11-22 02:12:50.744 30643 WARNING rally_openstack.scenarios.neutron.utils [-] Running this scenario without either the 'network' or 'existing_network' context is deprecated
2019-11-22 02:12:50.745 30644 WARNING rally_openstack.scenarios.neutron.utils [-] Running this scenario without either the 'network' or 'existing_network' context is deprecated
2019-11-22 02:12:50.747 30652 RALLYDEBUG rally.task.runner [-] Starting a worker. concurrency: 1 args: {"network_create_args": {}, "port_create_args": {}, "ports_per_network": 5} times: 40 method_name: run timeout: 0 duration: None cls:
2019-11-22 02:12:50.754 30652 INFO rally.task.runner [-] Task 2be5f54d-1a89-4cb7-bd31-666cc6824fbd | ITER: 15 START
2019-11-22 02:12:50.756 30652 WARNING rally_openstack.scenarios.neutron.utils [-] Running this scenario without either the 'network' or 'existing_network' context is deprecated
2019-11-22 02:12:50.756 30657 RALLYDEBUG rally.task.runner [-] Starting a worker. concurrency: 1 args: {"network_create_args": {}, "port_create_args": {}, "ports_per_network": 5} times: 40 method_name: run timeout: 0 duration: None cls:
2019-11-22 02:12:50.763 30657 INFO rally.task.runner [-] Task 2be5f54d-1a89-4cb7-bd31-666cc6824fbd | ITER: 16 START
2019-11-22 02:12:50.764 30657 WARNING rally_openstack.scenarios.neutron.utils [-] Running this scenario without either the 'network' or 'existing_network' context is deprecated
2019-11-22 02:12:50.771 30662 RALLYDEBUG rally.task.runner [-] Starting a worker. concurrency: 1 args: {"network_create_args": {}, "port_create_args": {}, "ports_per_network": 5} times: 40 method_name: run timeout: 0 duration: None cls:
2019-11-22 02:12:50.776 30663 RALLYDEBUG rally.task.runner [-] Starting a worker. concurrency: 1 args: {"network_create_args": {}, "port_create_args": {}, "ports_per_network": 5} times: 40 method_name: run timeout: 0 duration: None cls:
2019-11-22 02:12:50.777 30662 INFO rally.task.runner [-] Task 2be5f54d-1a89-4cb7-bd31-666cc6824fbd | ITER: 17 START
2019-11-22 02:12:50.778 30664 RALLYDEBUG rally.task.runner [-] Starting a worker. concurrency: 1 args: {"network_create_args": {}, "port_create_args": {}, "ports_per_network": 5} times: 40 method_name: run timeout: 0 duration: None cls:
2019-11-22 02:12:50.778 30662 WARNING rally_openstack.scenarios.neutron.utils [-] Running this scenario without either the 'network' or 'existing_network' context is deprecated
2019-11-22 02:12:50.781 30663 INFO rally.task.runner [-] Task 2be5f54d-1a89-4cb7-bd31-666cc6824fbd | ITER: 18 START
2019-11-22 02:12:50.781 30665 RALLYDEBUG rally.task.runner [-] Starting a worker. concurrency: 1 args: {"network_create_args": {}, "port_create_args": {}, "ports_per_network": 5} times: 40 method_name: run timeout: 0 duration: None cls:
2019-11-22 02:12:50.782 30663 WARNING rally_openstack.scenarios.neutron.utils [-] Running this scenario without either the 'network' or 'existing_network' context is deprecated
2019-11-22 02:12:50.783 30664 INFO rally.task.runner [-] Task 2be5f54d-1a89-4cb7-bd31-666cc6824fbd | ITER: 19 START
2019-11-22 02:12:50.784 30664 WARNING rally_openstack.scenarios.neutron.utils [-] Running this scenario without either the 'network' or 'existing_network' context is deprecated
2019-11-22 02:12:50.786 30665 INFO rally.task.runner [-] Task 2be5f54d-1a89-4cb7-bd31-666cc6824fbd | ITER: 20 START
2019-11-22 02:12:50.787 30665 WARNING rally_openstack.scenarios.neutron.utils [-] Running this scenario without either the 'network' or 'existing_network' context is deprecated
2019-11-22 02:13:00.980 30635 INFO rally.task.runner [-] Task 2be5f54d-1a89-4cb7-bd31-666cc6824fbd | ITER: 11 END: OK
2019-11-22 02:13:00.985 30635 INFO rally.task.runner [-] Task 2be5f54d-1a89-4cb7-bd31-666cc6824fbd | ITER: 21 START
2019-11-22 02:13:00.985 30635 WARNING rally_openstack.scenarios.neutron.utils [-] Running this scenario without either the 'network' or 'existing_network' context is deprecated
2019-11-22 02:13:02.138 30625 INFO rally.task.runner [-] Task 2be5f54d-1a89-4cb7-bd31-666cc6824fbd | ITER: 9 END: OK
2019-11-22 02:13:02.142 30625 INFO rally.task.runner [-] Task 2be5f54d-1a89-4cb7-bd31-666cc6824fbd | ITER: 22 START
2019-11-22 02:13:02.143 30625 WARNING rally_openstack.scenarios.neutron.utils [-] Running this scenario without either the 'network' or 'existing_network' context is deprecated
2019-11-22 02:13:02.376 30652 INFO rally.task.runner [-] Task 2be5f54d-1a89-4cb7-bd31-666cc6824fbd | ITER: 15 END: OK
2019-11-22 02:13:02.380 30652 INFO rally.task.runner [-] Task 2be5f54d-1a89-4cb7-bd31-666cc6824fbd | ITER: 23 START
2019-11-22 02:13:02.381 30652 WARNING rally_openstack.scenarios.neutron.utils [-] Running this scenario without either the 'network' or 'existing_network' context is deprecated
2019-11-22 02:13:03.107 30624 INFO rally.task.runner [-] Task 2be5f54d-1a89-4cb7-bd31-666cc6824fbd | ITER: 7 END: OK
2019-11-22 02:13:03.112 30624 INFO rally.task.runner [-] Task 2be5f54d-1a89-4cb7-bd31-666cc6824fbd | ITER: 24 START
2019-11-22 02:13:03.113 30624 WARNING rally_openstack.scenarios.neutron.utils [-] Running this scenario without either the 'network' or 'existing_network' context is deprecated
2019-11-22 02:13:03.347 30626 INFO rally.task.runner [-] Task 2be5f54d-1a89-4cb7-bd31-666cc6824fbd | ITER: 8 END: OK
2019-11-22 02:13:03.352 30626 INFO rally.task.runner [-] Task 2be5f54d-1a89-4cb7-bd31-666cc6824fbd | ITER: 25 START
2019-11-22 02:13:03.352 30626 WARNING rally_openstack.scenarios.neutron.utils [-] Running this scenario without either the 'network' or 'existing_network' context is deprecated
2019-11-22 02:13:03.658 30622 INFO rally.task.runner [-] Task 2be5f54d-1a89-4cb7-bd31-666cc6824fbd | ITER: 1 END: OK
2019-11-22 02:13:03.663 30622 INFO rally.task.runner [-] Task 2be5f54d-1a89-4cb7-bd31-666cc6824fbd | ITER: 26 START
2019-11-22 02:13:03.663 30622 WARNING rally_openstack.scenarios.neutron.utils [-] Running this scenario without either the 'network' or 'existing_network' context is deprecated
2019-11-22 02:13:03.696 30657 INFO rally.task.runner [-] Task 2be5f54d-1a89-4cb7-bd31-666cc6824fbd | ITER: 16 END: OK
2019-11-22 02:13:03.701 30657 INFO rally.task.runner [-] Task 2be5f54d-1a89-4cb7-bd31-666cc6824fbd | ITER: 27 START
2019-11-22 02:13:03.702 30657 WARNING rally_openstack.scenarios.neutron.utils [-] Running this scenario without either the 'network' or 'existing_network' context is deprecated
2019-11-22 02:13:03.856 30623 INFO rally.task.runner [-] Task 2be5f54d-1a89-4cb7-bd31-666cc6824fbd | ITER: 2 END: OK
2019-11-22 02:13:03.861 30623 INFO rally.task.runner [-] Task 2be5f54d-1a89-4cb7-bd31-666cc6824fbd | ITER: 28 START
2019-11-22 02:13:03.862 30623 WARNING rally_openstack.scenarios.neutron.utils [-] Running this scenario without either the 'network' or 'existing_network' context is deprecated
2019-11-22 02:13:04.832 30625 INFO rally.task.runner [-] Task 2be5f54d-1a89-4cb7-bd31-666cc6824fbd | ITER: 6 END: OK
2019-11-22 02:13:04.836 30625 INFO rally.task.runner [-] Task 2be5f54d-1a89-4cb7-bd31-666cc6824fbd | ITER: 29 START
2019-11-22 02:13:04.837 30625 WARNING rally_openstack.scenarios.neutron.utils [-] Running this scenario without either the 'network' or 'existing_network' context is deprecated
2019-11-22 02:13:04.840 30622 INFO rally.task.runner [-] Task 2be5f54d-1a89-4cb7-bd31-666cc6824fbd | ITER: 3 END: OK
2019-11-22 02:13:04.846 30622 INFO rally.task.runner [-] Task 2be5f54d-1a89-4cb7-bd31-666cc6824fbd | ITER: 30 START
2019-11-22 02:13:04.846 30622 WARNING rally_openstack.scenarios.neutron.utils [-] Running this scenario without either the 'network' or 'existing_network' context is deprecated
2019-11-22 02:13:04.890 30663 INFO rally.task.runner [-] Task 2be5f54d-1a89-4cb7-bd31-666cc6824fbd | ITER: 18 END: OK
2019-11-22 02:13:04.895 30663 INFO rally.task.runner [-] Task 2be5f54d-1a89-4cb7-bd31-666cc6824fbd | ITER: 31 START
2019-11-22 02:13:04.896 30663 WARNING rally_openstack.scenarios.neutron.utils [-] Running this scenario without either the 'network' or 'existing_network' context is deprecated
2019-11-22 02:13:05.470 30623 INFO rally.task.runner [-] Task 2be5f54d-1a89-4cb7-bd31-666cc6824fbd | ITER: 5 END: OK
2019-11-22 02:13:05.474 30623 INFO rally.task.runner [-] Task 2be5f54d-1a89-4cb7-bd31-666cc6824fbd | ITER: 32 START
2019-11-22 02:13:05.475 30623 WARNING rally_openstack.scenarios.neutron.utils [-] Running this scenario without either the 'network' or 'existing_network' context is deprecated
2019-11-22 02:13:05.624 30643 INFO rally.task.runner [-] Task 2be5f54d-1a89-4cb7-bd31-666cc6824fbd | ITER: 13 END: OK
2019-11-22 02:13:05.629 30643 INFO rally.task.runner [-] Task 2be5f54d-1a89-4cb7-bd31-666cc6824fbd | ITER: 33 START
2019-11-22 02:13:05.630 30643 WARNING rally_openstack.scenarios.neutron.utils [-] Running this scenario without either the 'network' or 'existing_network' context is deprecated
2019-11-22 02:13:05.676 30639 INFO rally.task.runner [-] Task 2be5f54d-1a89-4cb7-bd31-666cc6824fbd | ITER: 12 END: OK
2019-11-22 02:13:05.681 30639 INFO rally.task.runner [-] Task 2be5f54d-1a89-4cb7-bd31-666cc6824fbd | ITER: 34 START
2019-11-22 02:13:05.681 30639 WARNING rally_openstack.scenarios.neutron.utils [-] Running this scenario without either the 'network' or 'existing_network' context is deprecated
2019-11-22 02:13:05.798 30664 INFO rally.task.runner [-] Task 2be5f54d-1a89-4cb7-bd31-666cc6824fbd | ITER: 19 END: OK
2019-11-22 02:13:05.804 30664 INFO rally.task.runner [-] Task 2be5f54d-1a89-4cb7-bd31-666cc6824fbd | ITER: 35 START
2019-11-22 02:13:05.804 30664 WARNING rally_openstack.scenarios.neutron.utils [-] Running this scenario without either the 'network' or 'existing_network' context is deprecated
