2019-11-22 02:13:06.146 30631 INFO rally.task.runner [-] Task 2be5f54d-1a89-4cb7-bd31-666cc6824fbd | ITER: 10 END: OK
2019-11-22 02:13:06.151 30631 INFO rally.task.runner [-] Task 2be5f54d-1a89-4cb7-bd31-666cc6824fbd | ITER: 36 START
2019-11-22 02:13:06.152 30631 WARNING rally_openstack.scenarios.neutron.utils [-] Running this scenario without either the 'network' or 'existing_network' context is deprecated
2019-11-22 02:13:06.365 30624 INFO rally.task.runner [-] Task 2be5f54d-1a89-4cb7-bd31-666cc6824fbd | ITER: 4 END: OK
2019-11-22 02:13:06.370 30624 INFO rally.task.runner [-] Task 2be5f54d-1a89-4cb7-bd31-666cc6824fbd | ITER: 37 START
2019-11-22 02:13:06.371 30624 WARNING rally_openstack.scenarios.neutron.utils [-] Running this scenario without either the 'network' or 'existing_network' context is deprecated
2019-11-22 02:13:06.491 30644 INFO rally.task.runner [-] Task 2be5f54d-1a89-4cb7-bd31-666cc6824fbd | ITER: 14 END: OK
2019-11-22 02:13:06.497 30644 INFO rally.task.runner [-] Task 2be5f54d-1a89-4cb7-bd31-666cc6824fbd | ITER: 38 START
2019-11-22 02:13:06.498 30644 WARNING rally_openstack.scenarios.neutron.utils [-] Running this scenario without either the 'network' or 'existing_network' context is deprecated
2019-11-22 02:13:07.772 30662 INFO rally.task.runner [-] Task 2be5f54d-1a89-4cb7-bd31-666cc6824fbd | ITER: 17 END: OK
2019-11-22 02:13:07.777 30662 INFO rally.task.runner [-] Task 2be5f54d-1a89-4cb7-bd31-666cc6824fbd | ITER: 39 START
2019-11-22 02:13:07.778 30662 WARNING rally_openstack.scenarios.neutron.utils [-] Running this scenario without either the 'network' or 'existing_network' context is deprecated
2019-11-22 02:13:08.620 30665 INFO rally.task.runner [-] Task 2be5f54d-1a89-4cb7-bd31-666cc6824fbd | ITER: 20 END: OK
2019-11-22 02:13:08.625 30665 INFO rally.task.runner [-] Task 2be5f54d-1a89-4cb7-bd31-666cc6824fbd | ITER: 40 START
2019-11-22 02:13:08.625 30665 WARNING rally_openstack.scenarios.neutron.utils [-] Running this scenario without either the 'network' or 'existing_network' context is deprecated
2019-11-22 02:13:13.414 30635 INFO rally.task.runner [-] Task 2be5f54d-1a89-4cb7-bd31-666cc6824fbd | ITER: 21 END: OK
2019-11-22 02:13:14.243 30624 INFO rally.task.runner [-] Task 2be5f54d-1a89-4cb7-bd31-666cc6824fbd | ITER: 24 END: OK
2019-11-22 02:13:15.200 30625 INFO rally.task.runner [-] Task 2be5f54d-1a89-4cb7-bd31-666cc6824fbd | ITER: 22 END: OK
2019-11-22 02:13:15.682 30657 INFO rally.task.runner [-] Task 2be5f54d-1a89-4cb7-bd31-666cc6824fbd | ITER: 27 END: OK
2019-11-22 02:13:15.778 30663 INFO rally.task.runner [-] Task 2be5f54d-1a89-4cb7-bd31-666cc6824fbd | ITER: 31 END: OK
2019-11-22 02:13:15.931 30622 INFO rally.task.runner [-] Task 2be5f54d-1a89-4cb7-bd31-666cc6824fbd | ITER: 26 END: OK
2019-11-22 02:13:16.110 30626 INFO rally.task.runner [-] Task 2be5f54d-1a89-4cb7-bd31-666cc6824fbd | ITER: 25 END: OK
2019-11-22 02:13:16.359 30639 INFO rally.task.runner [-] Task 2be5f54d-1a89-4cb7-bd31-666cc6824fbd | ITER: 34 END: OK
2019-11-22 02:13:16.880 30643 INFO rally.task.runner [-] Task 2be5f54d-1a89-4cb7-bd31-666cc6824fbd | ITER: 33 END: OK
2019-11-22 02:13:16.987 30625 INFO rally.task.runner [-] Task 2be5f54d-1a89-4cb7-bd31-666cc6824fbd | ITER: 29 END: OK
2019-11-22 02:13:17.064 30623 INFO rally.task.runner [-] Task 2be5f54d-1a89-4cb7-bd31-666cc6824fbd | ITER: 28 END: OK
2019-11-22 02:13:17.433 30652 INFO rally.task.runner [-] Task 2be5f54d-1a89-4cb7-bd31-666cc6824fbd | ITER: 23 END: OK
2019-11-22 02:13:17.436 30662 INFO rally.task.runner [-] Task 2be5f54d-1a89-4cb7-bd31-666cc6824fbd | ITER: 39 END: OK
2019-11-22 02:13:17.506 30622 INFO rally.task.runner [-] Task 2be5f54d-1a89-4cb7-bd31-666cc6824fbd | ITER: 30 END: OK
2019-11-22 02:13:17.528 30624 INFO rally.task.runner [-] Task 2be5f54d-1a89-4cb7-bd31-666cc6824fbd | ITER: 37 END: OK
2019-11-22 02:13:17.930 30623 INFO rally.task.runner [-] Task 2be5f54d-1a89-4cb7-bd31-666cc6824fbd | ITER: 32 END: OK
2019-11-22 02:13:18.146 30631 INFO rally.task.runner [-] Task 2be5f54d-1a89-4cb7-bd31-666cc6824fbd | ITER: 36 END: OK
2019-11-22 02:13:18.763 30665 INFO rally.task.runner [-] Task 2be5f54d-1a89-4cb7-bd31-666cc6824fbd | ITER: 40 END: OK
2019-11-22 02:13:19.312 30664 INFO rally.task.runner [-] Task 2be5f54d-1a89-4cb7-bd31-666cc6824fbd | ITER: 35 END: OK
2019-11-22 02:13:19.441 30644 INFO rally.task.runner [-] Task 2be5f54d-1a89-4cb7-bd31-666cc6824fbd | ITER: 38 END: OK
2019-11-22 02:13:19.462 26156 INFO rally.task.context [-] Task 2be5f54d-1a89-4cb7-bd31-666cc6824fbd | Context cleanup@openstack cleanup() started
2019-11-22 02:13:19.464 26156 RALLYDEBUG rally_openstack.cleanup.manager [-] Cleaning up neutron vip objects
2019-11-22 02:13:19.864 26156 RALLYDEBUG rally_openstack.cleanup.manager [-] Cleaning up neutron health_monitor objects
2019-11-22 02:13:20.277 26156 RALLYDEBUG rally_openstack.cleanup.manager [-] Cleaning up neutron pool objects
2019-11-22 02:13:20.659 26156 RALLYDEBUG rally_openstack.cleanup.manager [-] Cleaning up neutron loadbalancer objects
2019-11-22 02:13:21.054 26156 RALLYDEBUG rally_openstack.cleanup.manager [-] Cleaning up neutron floatingip objects
2019-11-22 02:13:21.485 26156 RALLYDEBUG rally_openstack.cleanup.manager [-] Cleaning up neutron trunk objects
2019-11-22 02:13:21.894 26156 RALLYDEBUG rally_openstack.cleanup.manager [-] Cleaning up neutron port objects
2019-11-22 02:13:22.312 26156 RALLYDEBUG rally_openstack.cleanup.manager [-] Cleaning up neutron subnet objects
2019-11-22 02:13:22.711 26156 RALLYDEBUG rally_openstack.cleanup.manager [-] Cleaning up neutron network objects
2019-11-22 02:13:23.320 26156 RALLYDEBUG rally_openstack.cleanup.manager [-] Deleting neutron.network object s_rally_087632c0_sNokfUy3 (349d531e-7997-4c7e-8f44-0e0189be631b)
2019-11-22 02:13:23.332 26156 RALLYDEBUG rally_openstack.cleanup.manager [-] Deleting neutron.network object s_rally_087632c0_YssHjeBR (5b7b4bac-f10e-45ab-a181-728392fb0ad3)
2019-11-22 02:13:23.334 26156 RALLYDEBUG rally_openstack.cleanup.manager [-] Deleting neutron.network object s_rally_087632c0_ToOoHZxV (522f02f7-5ef4-4ec1-ab22-a3d893e341b9)
2019-11-22 02:13:23.340 26156 RALLYDEBUG rally_openstack.cleanup.manager [-] Deleting neutron.network object s_rally_087632c0_d6Pe7w1O (1441c016-4ba8-4064-a04e-2e02e9cde852)
2019-11-22 02:13:23.346 26156 RALLYDEBUG rally_openstack.cleanup.manager [-] Deleting neutron.network object s_rally_087632c0_MSgAUGKg (2d6e7ed6-25b0-4d8a-829e-0ff2f3adf5f5)
2019-11-22 02:13:23.347 26156 RALLYDEBUG rally_openstack.cleanup.manager [-] Deleting neutron.network object s_rally_087632c0_IA4cuNIC (39db71d5-85ff-4e47-8c4e-12e1583e6151)
2019-11-22 02:13:23.352 26156 RALLYDEBUG rally_openstack.cleanup.manager [-] Deleting neutron.network object s_rally_087632c0_2mFAZ7Su (100bee1d-aa40-441d-8f11-bff5d364fa75)
2019-11-22 02:13:23.352 26156 RALLYDEBUG rally_openstack.cleanup.manager [-] Deleting neutron.network object s_rally_087632c0_Ne3YhO04 (1210c055-d44b-4ec2-933c-344d8a85c919)
2019-11-22 02:13:23.356 26156 RALLYDEBUG rally_openstack.cleanup.manager [-] Deleting neutron.network object s_rally_087632c0_WIJi4cMv (62e89710-b85f-4974-bec9-4f69d3e45db5)
2019-11-22 02:13:23.347 26156 RALLYDEBUG rally_openstack.cleanup.manager [-] Deleting neutron.network object s_rally_087632c0_W2b7x0to (58eaebdc-e569-44fc-ba37-69b9a23c1f3e)
2019-11-22 02:13:23.357 26156 RALLYDEBUG rally_openstack.cleanup.manager [-] Deleting neutron.network object s_rally_087632c0_kjJdU33t (67cc4f99-fa53-4674-84b0-ab43b19e2712)
2019-11-22 02:13:23.358 26156 RALLYDEBUG rally_openstack.cleanup.manager [-] Deleting neutron.network object s_rally_087632c0_4AZlbkAt (09335c06-cdc0-4021-a0d9-583586a6f9e2)
2019-11-22 02:13:23.360 26156 RALLYDEBUG rally_openstack.cleanup.manager [-] Deleting neutron.network object s_rally_087632c0_ACRG54tp (112d28ea-5dc5-4d57-b1b2-8f34b9a76af5)
2019-11-22 02:13:23.361 26156 RALLYDEBUG rally_openstack.cleanup.manager [-] Deleting neutron.network object s_rally_087632c0_sAfUhXXQ (5d77f848-12ed-4569-a4a5-abce02c833fa)
2019-11-22 02:13:23.361 26156 RALLYDEBUG rally_openstack.cleanup.manager [-] Deleting neutron.network object s_rally_087632c0_ebP8zOvl (6d01a84b-9dd7-4431-8ff3-6c6932b4b157)
2019-11-22 02:13:23.377 26156 RALLYDEBUG rally_openstack.cleanup.manager [-] Deleting neutron.network object s_rally_087632c0_rqLadpmF (19a2925d-f9d6-4350-8a07-f9057747d0b9)
2019-11-22 02:13:23.378 26156 RALLYDEBUG rally_openstack.cleanup.manager [-] Deleting neutron.network object s_rally_087632c0_X97b2VqI (0bd11633-3687-49a1-9ace-6de8f7d87ace)
2019-11-22 02:13:23.382 26156 RALLYDEBUG rally_openstack.cleanup.manager [-] Deleting neutron.network object s_rally_087632c0_MLKNqNPx (0958402b-f2de-4cf8-8dfe-1ea446ecce7f)
2019-11-22 02:13:23.414 26156 RALLYDEBUG rally_openstack.cleanup.manager [-] Deleting neutron.network object s_rally_087632c0_uyhQ7bPY (4cae71f7-19bb-4047-8f94-8536a16e876b)
2019-11-22 02:13:23.414 26156 RALLYDEBUG rally_openstack.cleanup.manager [-] Deleting neutron.network object s_rally_087632c0_IYdvPxRg (3661d1ce-9ed6-4794-a5b8-cf3d055fb613)
2019-11-22 02:13:25.618 26156 RALLYDEBUG rally_openstack.cleanup.manager [-] Deleting neutron.network object s_rally_087632c0_Sq7nXqrn (6fa1c02e-acf5-4dd4-8a3c-643eda415596)
2019-11-22 02:13:25.799 26156 RALLYDEBUG rally_openstack.cleanup.manager [-] Deleting neutron.network object s_rally_087632c0_FpeD3DU6 (775fd870-4cba-4de2-85db-470b541e611a)
2019-11-22 02:13:26.176 26156 RALLYDEBUG rally_openstack.cleanup.manager [-] Deleting neutron.network object s_rally_087632c0_XoTlVNVH (7c15ce26-66c2-474c-ac87-c4e3eb8e7a51)
2019-11-22 02:13:26.202 26156 RALLYDEBUG rally_openstack.cleanup.manager [-] Deleting neutron.network object s_rally_087632c0_qEZdj1T8 (7dc3a7fa-da62-40d3-8660-dc1767745e05)
2019-11-22 02:13:26.421 26156 RALLYDEBUG rally_openstack.cleanup.manager [-] Deleting neutron.network object s_rally_087632c0_swJl4ntZ (82d7065d-ad46-4945-b898-3c4227c6554e)
2019-11-22 02:13:26.430 26156 RALLYDEBUG rally_openstack.cleanup.manager [-] Deleting neutron.network object s_rally_087632c0_87spyvTn (83ef9032-4d3d-48dc-a592-97ed68bf0c3f)
2019-11-22 02:13:26.502 26156 RALLYDEBUG rally_openstack.cleanup.manager [-] Deleting neutron.network object s_rally_087632c0_4peVhuOi (89f94431-1496-4187-8808-ee1ab69fd5f9)
2019-11-22 02:13:26.584 26156 RALLYDEBUG rally_openstack.cleanup.manager [-] Deleting neutron.network object s_rally_087632c0_B5tsuugb (8dd8cc28-37ff-490a-8d1d-e1790e44debe)
2019-11-22 02:13:26.604 26156 RALLYDEBUG rally_openstack.cleanup.manager [-] Deleting neutron.network object s_rally_087632c0_48q00KhG (91bde643-6e7d-4062-b883-b5885f96d1bf)
2019-11-22 02:13:26.604 26156 RALLYDEBUG rally_openstack.cleanup.manager [-] Deleting neutron.network object s_rally_087632c0_wGyVZ96e (91b28545-1d21-49d6-b1b6-8178344ccac7)
2019-11-22 02:13:26.638 26156 RALLYDEBUG rally_openstack.cleanup.manager [-] Deleting neutron.network object s_rally_087632c0_xKYaPKcR (92062208-1fb2-4f6b-ae15-032b193a61f5)
2019-11-22 02:13:26.689 26156 RALLYDEBUG rally_openstack.cleanup.manager [-] Deleting neutron.network object s_rally_087632c0_CNtdx3C6 (be9fdb74-f487-47c8-8efc-e9bd7db6f7c1)
2019-11-22 02:13:26.709 26156 RALLYDEBUG rally_openstack.cleanup.manager [-] Deleting neutron.network object s_rally_087632c0_QtEhoHMB (cb824f9f-015c-4790-94e0-0d89c9d52108)
2019-11-22 02:13:26.718 26156 RALLYDEBUG rally_openstack.cleanup.manager [-] Deleting neutron.network object s_rally_087632c0_Jzy2RUaF (d2ac7850-daa2-42ac-b419-ee056f7c37d6)
2019-11-22 02:13:26.736 26156 RALLYDEBUG rally_openstack.cleanup.manager [-] Deleting neutron.network object s_rally_087632c0_IQAp5j2a (d318a0de-77e6-4ecf-bd41-1de80c4079de)
2019-11-22 02:13:26.792 26156 RALLYDEBUG rally_openstack.cleanup.manager [-] Deleting neutron.network object s_rally_087632c0_sqhj9FxR (d4573d31-5a2e-4c1a-ab2c-469e6f3afe6b)
2019-11-22 02:13:26.910 26156 RALLYDEBUG rally_openstack.cleanup.manager [-] Deleting neutron.network object s_rally_087632c0_lB3tH7g4 (ded80d95-f821-4a0a-8fee-f4ca2186dafc)
2019-11-22 02:13:26.921 26156 RALLYDEBUG rally_openstack.cleanup.manager [-] Deleting neutron.network object s_rally_087632c0_0Ngmsihd (ed323b50-b2b6-4c34-a082-551fbab706ab)
2019-11-22 02:13:27.006 26156 RALLYDEBUG rally_openstack.cleanup.manager [-] Deleting neutron.network object s_rally_087632c0_ZQBvTfUB (f505c704-f04d-44ae-b885-202650efc4e7)
2019-11-22 02:13:27.093 26156 RALLYDEBUG rally_openstack.cleanup.manager [-] Deleting neutron.network object s_rally_087632c0_scE1Y3Dy (f514267b-27b7-43da-ae2c-2660349dd83d)
2019-11-22 02:13:29.923 26156 RALLYDEBUG rally_openstack.cleanup.manager [-] Cleaning up neutron router objects
2019-11-22 02:13:30.351 26156 RALLYDEBUG rally_openstack.cleanup.manager [-] Cleaning up neutron security_group objects
2019-11-22 02:13:30.778 26156 INFO rally.task.context [-] Task 2be5f54d-1a89-4cb7-bd31-666cc6824fbd | Context cleanup@openstack cleanup() finished in 11.32 sec
2019-11-22 02:13:30.778 26156 INFO rally.task.context [-] Task 2be5f54d-1a89-4cb7-bd31-666cc6824fbd | Context quotas@openstack cleanup() started
2019-11-22 02:13:30.799 26156 INFO rally.task.context [-] Task 2be5f54d-1a89-4cb7-bd31-666cc6824fbd | Context quotas@openstack cleanup() finished in 20.84 msec
2019-11-22 02:13:30.800 26156 INFO rally.task.context [-] Task 2be5f54d-1a89-4cb7-bd31-666cc6824fbd | Context users@openstack cleanup() started
2019-11-22 02:13:33.432 26156 INFO rally.task.context [-] Task 2be5f54d-1a89-4cb7-bd31-666cc6824fbd | Context users@openstack cleanup() finished in 2.63 sec
2019-11-22 02:13:33.989 26156 INFO rally.task.engine [-] Load duration is: 28.723244
2019-11-22 02:13:33.989 26156 INFO rally.task.engine [-] Full runner duration is: 28.773081
2019-11-22 02:13:33.989 26156 INFO rally.task.engine [-] Full duration is: 45.633567
2019-11-22 02:13:34.400 26156 INFO rally.task.engine [-] Running workload: position = 0 config = { "version": 2, "title": "A cropped version of a bigger task.", "description": "Auto-generated task from a single workload (uuid=1b1275d8-2e58-498c-93ff-ede834eb2804)", "subtasks": [ { "title": "Quotas.neutron_update", "description": "Update quotas for neutron.", "scenario": { "Quotas.neutron_update": { "max_quota": 1024 } }, "contexts": { "users": { "tenants": 20, "users_per_tenant": 1 } }, "runner": { "constant": { "times": 40, "concurrency": 20 } }, "hooks": [], "sla": { "failure_rate": { "max": 0 } } } ] }
2019-11-22 02:13:34.427 26156 RALLYDEBUG rally_openstack.contexts.keystone.users [-] Creating 20 tenants using 20 threads
2019-11-22 02:13:37.081 26156 RALLYDEBUG rally_openstack.contexts.keystone.users [-] Creating 20 users using 20 threads
2019-11-22 02:13:40.764 26156 INFO rally.task.context [-] Task 2be5f54d-1a89-4cb7-bd31-666cc6824fbd | Context users@openstack setup() finished in 6.34 sec
2019-11-22 02:13:40.764 26156 INFO rally.task.context [-] Task 2be5f54d-1a89-4cb7-bd31-666cc6824fbd | Context admin_cleanup@openstack setup() finished in 0.00 msec
2019-11-22 02:13:40.773 26156 RALLYDEBUG rally.task.runner [-] Starting the constant runner (task UUID: 2be5f54d-1a89-4cb7-bd31-666cc6824fbd). timeout: 0 concurrency: 20 concurrency_per_worker: 1 times: 40 concurrency_overhead: 4 processes_to_start: 16 max_cpu_used: 16
2019-11-22 02:13:40.788 31012 RALLYDEBUG rally.task.runner [-] Starting a worker. concurrency: 2 args: {"max_quota": 1024} times: 40 method_name: run timeout: 0 duration: None cls:
2019-11-22 02:13:40.791 31013 RALLYDEBUG rally.task.runner [-] Starting a worker. concurrency: 2 args: {"max_quota": 1024} times: 40 method_name: run timeout: 0 duration: None cls:
2019-11-22 02:13:40.795 31014 RALLYDEBUG rally.task.runner [-] Starting a worker. concurrency: 2 args: {"max_quota": 1024} times: 40 method_name: run timeout: 0 duration: None cls:
2019-11-22 02:13:40.798 31015 RALLYDEBUG rally.task.runner [-] Starting a worker. concurrency: 2 args: {"max_quota": 1024} times: 40 method_name: run timeout: 0 duration: None cls:
2019-11-22 02:13:40.802 31016 RALLYDEBUG rally.task.runner [-] Starting a worker. concurrency: 1 args: {"max_quota": 1024} times: 40 method_name: run timeout: 0 duration: None cls:
2019-11-22 02:13:40.805 31012 INFO rally.task.runner [-] Task 2be5f54d-1a89-4cb7-bd31-666cc6824fbd | ITER: 1 START
2019-11-22 02:13:40.805 31017 RALLYDEBUG rally.task.runner [-] Starting a worker. concurrency: 1 args: {"max_quota": 1024} times: 40 method_name: run timeout: 0 duration: None cls:
2019-11-22 02:13:40.807 31013 INFO rally.task.runner [-] Task 2be5f54d-1a89-4cb7-bd31-666cc6824fbd | ITER: 2 START
2019-11-22 02:13:40.810 31021 RALLYDEBUG rally.task.runner [-] Starting a worker. concurrency: 1 args: {"max_quota": 1024} times: 40 method_name: run timeout: 0 duration: None cls:
2019-11-22 02:13:40.811 31015 INFO rally.task.runner [-] Task 2be5f54d-1a89-4cb7-bd31-666cc6824fbd | ITER: 5 START
2019-11-22 02:13:40.813 31016 INFO rally.task.runner [-] Task 2be5f54d-1a89-4cb7-bd31-666cc6824fbd | ITER: 7 START
2019-11-22 02:13:40.817 31017 INFO rally.task.runner [-] Task 2be5f54d-1a89-4cb7-bd31-666cc6824fbd | ITER: 9 START
2019-11-22 02:13:40.816 31023 RALLYDEBUG rally.task.runner [-] Starting a worker. concurrency: 1 args: {"max_quota": 1024} times: 40 method_name: run timeout: 0 duration: None cls:
2019-11-22 02:13:40.819 31014 INFO rally.task.runner [-] Task 2be5f54d-1a89-4cb7-bd31-666cc6824fbd | ITER: 3 START
2019-11-22 02:13:40.821 31030 RALLYDEBUG rally.task.runner [-] Starting a worker. concurrency: 1 args: {"max_quota": 1024} times: 40 method_name: run timeout: 0 duration: None cls:
2019-11-22 02:13:40.822 31021 INFO rally.task.runner [-] Task 2be5f54d-1a89-4cb7-bd31-666cc6824fbd | ITER: 11 START
2019-11-22 02:13:40.822 31027 RALLYDEBUG rally.task.runner [-] Starting a worker. concurrency: 1 args: {"max_quota": 1024} times: 40 method_name: run timeout: 0 duration: None cls:
2019-11-22 02:13:40.825 31013 INFO rally.task.runner [-] Task 2be5f54d-1a89-4cb7-bd31-666cc6824fbd | ITER: 6 START
2019-11-22 02:13:40.820 31014 INFO rally.task.runner [-] Task 2be5f54d-1a89-4cb7-bd31-666cc6824fbd | ITER: 8 START
2019-11-22 02:13:40.829 31012 INFO rally.task.runner [-] Task 2be5f54d-1a89-4cb7-bd31-666cc6824fbd | ITER: 4 START
2019-11-22 02:13:40.829 31035 RALLYDEBUG rally.task.runner [-] Starting a worker. concurrency: 1 args: {"max_quota": 1024} times: 40 method_name: run timeout: 0 duration: None cls:
2019-11-22 02:13:40.833 31030 INFO rally.task.runner [-] Task 2be5f54d-1a89-4cb7-bd31-666cc6824fbd | ITER: 13 START
2019-11-22 02:13:40.834 31023 INFO rally.task.runner [-] Task 2be5f54d-1a89-4cb7-bd31-666cc6824fbd | ITER: 12 START
2019-11-22 02:13:40.836 31040 RALLYDEBUG rally.task.runner [-] Starting a worker. concurrency: 1 args: {"max_quota": 1024} times: 40 method_name: run timeout: 0 duration: None cls:
2019-11-22 02:13:40.841 31027 INFO rally.task.runner [-] Task 2be5f54d-1a89-4cb7-bd31-666cc6824fbd | ITER: 14 START
2019-11-22 02:13:40.842 31035 INFO rally.task.runner [-] Task 2be5f54d-1a89-4cb7-bd31-666cc6824fbd | ITER: 15 START
2019-11-22 02:13:40.844 31015 INFO rally.task.runner [-] Task 2be5f54d-1a89-4cb7-bd31-666cc6824fbd | ITER: 10 START
2019-11-22 02:13:40.845 31047 RALLYDEBUG rally.task.runner [-] Starting a worker. concurrency: 1 args: {"max_quota": 1024} times: 40 method_name: run timeout: 0 duration: None cls:
2019-11-22 02:13:40.848 31040 INFO rally.task.runner [-] Task 2be5f54d-1a89-4cb7-bd31-666cc6824fbd | ITER: 16 START
2019-11-22 02:13:40.853 31051 RALLYDEBUG rally.task.runner [-] Starting a worker. concurrency: 1 args: {"max_quota": 1024} times: 40 method_name: run timeout: 0 duration: None cls:
2019-11-22 02:13:40.857 31047 INFO rally.task.runner [-] Task 2be5f54d-1a89-4cb7-bd31-666cc6824fbd | ITER: 17 START
2019-11-22 02:13:40.858 31054 RALLYDEBUG rally.task.runner [-] Starting a worker. concurrency: 1 args: {"max_quota": 1024} times: 40 method_name: run timeout: 0 duration: None cls:
2019-11-22 02:13:40.863 31057 RALLYDEBUG rally.task.runner [-] Starting a worker. concurrency: 1 args: {"max_quota": 1024} times: 40 method_name: run timeout: 0 duration: None cls:
2019-11-22 02:13:40.865 31051 INFO rally.task.runner [-] Task 2be5f54d-1a89-4cb7-bd31-666cc6824fbd | ITER: 18 START
2019-11-22 02:13:40.866 31054 INFO rally.task.runner [-] Task 2be5f54d-1a89-4cb7-bd31-666cc6824fbd | ITER: 19 START
2019-11-22 02:13:40.872 31057 INFO rally.task.runner [-] Task 2be5f54d-1a89-4cb7-bd31-666cc6824fbd | ITER: 20 START
2019-11-22 02:13:41.412 31023 INFO rally.task.runner [-] Task 2be5f54d-1a89-4cb7-bd31-666cc6824fbd | ITER: 12 END: OK
2019-11-22 02:13:41.420 31023 INFO rally.task.runner [-] Task 2be5f54d-1a89-4cb7-bd31-666cc6824fbd | ITER: 21 START
2019-11-22 02:13:41.459 31014 INFO rally.task.runner [-] Task 2be5f54d-1a89-4cb7-bd31-666cc6824fbd | ITER: 3 END: OK
2019-11-22 02:13:41.473 31014 INFO rally.task.runner [-] Task 2be5f54d-1a89-4cb7-bd31-666cc6824fbd | ITER: 22 START
2019-11-22 02:13:41.481 31014 INFO rally.task.runner [-] Task 2be5f54d-1a89-4cb7-bd31-666cc6824fbd | ITER: 8 END: OK
2019-11-22 02:13:41.493 31014 INFO rally.task.runner [-] Task 2be5f54d-1a89-4cb7-bd31-666cc6824fbd | ITER: 23 START
2019-11-22 02:13:41.508 31016 INFO rally.task.runner [-] Task 2be5f54d-1a89-4cb7-bd31-666cc6824fbd | ITER: 7 END: OK
2019-11-22 02:13:41.514 31016 INFO rally.task.runner [-] Task 2be5f54d-1a89-4cb7-bd31-666cc6824fbd | ITER: 24 START
2019-11-22 02:13:41.536 31030 INFO rally.task.runner [-] Task 2be5f54d-1a89-4cb7-bd31-666cc6824fbd | ITER: 13 END: OK
2019-11-22 02:13:41.544 31030 INFO rally.task.runner [-] Task 2be5f54d-1a89-4cb7-bd31-666cc6824fbd | ITER: 25 START
2019-11-22 02:13:41.547 31021 INFO rally.task.runner [-] Task 2be5f54d-1a89-4cb7-bd31-666cc6824fbd | ITER: 11 END: OK
2019-11-22 02:13:41.553 31017 INFO rally.task.runner [-] Task 2be5f54d-1a89-4cb7-bd31-666cc6824fbd | ITER: 9 END: OK
2019-11-22 02:13:41.553 31021 INFO rally.task.runner [-] Task 2be5f54d-1a89-4cb7-bd31-666cc6824fbd | ITER: 26 START
2019-11-22 02:13:41.559 31017 INFO rally.task.runner [-] Task 2be5f54d-1a89-4cb7-bd31-666cc6824fbd | ITER: 27 START
2019-11-22 02:13:41.626 31015 INFO rally.task.runner [-] Task 2be5f54d-1a89-4cb7-bd31-666cc6824fbd | ITER: 5 END: OK
2019-11-22 02:13:41.635 31015 INFO rally.task.runner [-] Task 2be5f54d-1a89-4cb7-bd31-666cc6824fbd | ITER: 28 START
2019-11-22 02:13:41.645 31012 INFO rally.task.runner [-] Task 2be5f54d-1a89-4cb7-bd31-666cc6824fbd | ITER: 1 END: OK
2019-11-22 02:13:41.653 31012 INFO rally.task.runner [-] Task 2be5f54d-1a89-4cb7-bd31-666cc6824fbd | ITER: 29 START
2019-11-22 02:13:41.709 31013 INFO rally.task.runner [-] Task 2be5f54d-1a89-4cb7-bd31-666cc6824fbd | ITER: 2 END: OK
2019-11-22 02:13:41.717 31013 INFO rally.task.runner [-] Task 2be5f54d-1a89-4cb7-bd31-666cc6824fbd | ITER: 30 START
2019-11-22 02:13:41.782 31040 INFO rally.task.runner [-] Task 2be5f54d-1a89-4cb7-bd31-666cc6824fbd | ITER: 16 END: OK
2019-11-22 02:13:41.790 31040 INFO rally.task.runner [-] Task 2be5f54d-1a89-4cb7-bd31-666cc6824fbd | ITER: 31 START
2019-11-22 02:13:41.904 31047 INFO rally.task.runner [-] Task 2be5f54d-1a89-4cb7-bd31-666cc6824fbd | ITER: 17 END: OK
2019-11-22 02:13:41.914 31047 INFO rally.task.runner [-] Task 2be5f54d-1a89-4cb7-bd31-666cc6824fbd | ITER: 32 START
2019-11-22 02:13:41.981 31015 INFO rally.task.runner [-] Task 2be5f54d-1a89-4cb7-bd31-666cc6824fbd | ITER: 10 END: OK
2019-11-22 02:13:41.989 31015 INFO rally.task.runner [-] Task 2be5f54d-1a89-4cb7-bd31-666cc6824fbd | ITER: 33 START
2019-11-22 02:13:42.004 31035 INFO rally.task.runner [-] Task 2be5f54d-1a89-4cb7-bd31-666cc6824fbd | ITER: 15 END: OK
2019-11-22 02:13:42.012 31035 INFO rally.task.runner [-] Task 2be5f54d-1a89-4cb7-bd31-666cc6824fbd | ITER: 34 START
2019-11-22 02:13:42.050 31027 INFO rally.task.runner [-] Task 2be5f54d-1a89-4cb7-bd31-666cc6824fbd | ITER: 14 END: OK
2019-11-22 02:13:42.058 31027 INFO rally.task.runner [-] Task 2be5f54d-1a89-4cb7-bd31-666cc6824fbd | ITER: 35 START
2019-11-22 02:13:42.090 31014 INFO rally.task.runner [-] Task 2be5f54d-1a89-4cb7-bd31-666cc6824fbd | ITER: 22 END: OK
2019-11-22 02:13:42.098 31014 INFO rally.task.runner [-] Task 2be5f54d-1a89-4cb7-bd31-666cc6824fbd | ITER: 36 START
2019-11-22 02:13:42.128 31012 INFO rally.task.runner [-] Task 2be5f54d-1a89-4cb7-bd31-666cc6824fbd | ITER: 4 END: OK
2019-11-22 02:13:42.136 31012 INFO rally.task.runner [-] Task 2be5f54d-1a89-4cb7-bd31-666cc6824fbd | ITER: 37 START
2019-11-22 02:13:42.173 31013 INFO rally.task.runner [-] Task 2be5f54d-1a89-4cb7-bd31-666cc6824fbd | ITER: 6 END: OK
2019-11-22 02:13:42.181 31013 INFO rally.task.runner [-] Task 2be5f54d-1a89-4cb7-bd31-666cc6824fbd | ITER: 38 START
2019-11-22 02:13:42.286 31057 INFO rally.task.runner [-] Task 2be5f54d-1a89-4cb7-bd31-666cc6824fbd | ITER: 20 END: OK
2019-11-22 02:13:42.295 31057 INFO rally.task.runner [-] Task 2be5f54d-1a89-4cb7-bd31-666cc6824fbd | ITER: 39 START
2019-11-22 02:13:42.350 31016 INFO rally.task.runner [-] Task 2be5f54d-1a89-4cb7-bd31-666cc6824fbd | ITER: 24 END: OK
2019-11-22 02:13:42.363 31016 INFO rally.task.runner [-] Task 2be5f54d-1a89-4cb7-bd31-666cc6824fbd | ITER: 40 START
2019-11-22 02:13:42.396 31012 INFO rally.task.runner [-] Task 2be5f54d-1a89-4cb7-bd31-666cc6824fbd | ITER: 29 END: OK
2019-11-22 02:13:42.431 31023 INFO rally.task.runner [-] Task 2be5f54d-1a89-4cb7-bd31-666cc6824fbd | ITER: 21 END: OK
2019-11-22 02:13:42.521 31021 INFO rally.task.runner [-] Task 2be5f54d-1a89-4cb7-bd31-666cc6824fbd | ITER: 26 END: OK
2019-11-22 02:13:42.570 31017 INFO rally.task.runner [-] Task 2be5f54d-1a89-4cb7-bd31-666cc6824fbd | ITER: 27 END: OK
2019-11-22 02:13:42.577 31051 INFO rally.task.runner [-] Task 2be5f54d-1a89-4cb7-bd31-666cc6824fbd | ITER: 18 END: OK
2019-11-22 02:13:42.635 31015 INFO rally.task.runner [-] Task 2be5f54d-1a89-4cb7-bd31-666cc6824fbd | ITER: 28 END: OK
2019-11-22 02:13:42.656 31040 INFO rally.task.runner [-] Task 2be5f54d-1a89-4cb7-bd31-666cc6824fbd | ITER: 31 END: OK
2019-11-22 02:13:42.690 31054 INFO rally.task.runner [-] Task 2be5f54d-1a89-4cb7-bd31-666cc6824fbd | ITER: 19 END: OK
2019-11-22 02:13:42.792 31030 INFO rally.task.runner [-] Task 2be5f54d-1a89-4cb7-bd31-666cc6824fbd | ITER: 25 END: OK
2019-11-22 02:13:42.796 31015 INFO rally.task.runner [-] Task 2be5f54d-1a89-4cb7-bd31-666cc6824fbd | ITER: 33 END: OK
2019-11-22 02:13:42.828 31013 INFO rally.task.runner [-] Task 2be5f54d-1a89-4cb7-bd31-666cc6824fbd | ITER: 30 END: OK
2019-11-22 02:13:42.861 31057 INFO rally.task.runner [-] Task 2be5f54d-1a89-4cb7-bd31-666cc6824fbd | ITER: 39 END: OK
2019-11-22 02:13:42.861 31027 INFO rally.task.runner [-] Task 2be5f54d-1a89-4cb7-bd31-666cc6824fbd | ITER: 35 END: OK
2019-11-22 02:13:42.926 31014 INFO rally.task.runner [-] Task 2be5f54d-1a89-4cb7-bd31-666cc6824fbd | ITER: 36 END: OK
2019-11-22 02:13:43.044 31014 INFO rally.task.runner [-] Task 2be5f54d-1a89-4cb7-bd31-666cc6824fbd | ITER: 23 END: OK
2019-11-22 02:13:43.056 31016 INFO rally.task.runner [-] Task 2be5f54d-1a89-4cb7-bd31-666cc6824fbd | ITER: 40 END: OK
2019-11-22 02:13:43.070 31035 INFO rally.task.runner [-] Task 2be5f54d-1a89-4cb7-bd31-666cc6824fbd | ITER: 34 END: OK
2019-11-22 02:13:43.242 31013 INFO rally.task.runner [-] Task 2be5f54d-1a89-4cb7-bd31-666cc6824fbd | ITER: 38 END: OK
2019-11-22 02:13:43.279 31012 INFO rally.task.runner [-] Task 2be5f54d-1a89-4cb7-bd31-666cc6824fbd | ITER: 37 END: OK
2019-11-22 02:13:43.371 31047 INFO rally.task.runner [-] Task 2be5f54d-1a89-4cb7-bd31-666cc6824fbd | ITER: 32 END: OK
2019-11-22 02:13:43.396 26156 INFO rally.task.context [-] Task 2be5f54d-1a89-4cb7-bd31-666cc6824fbd | Context admin_cleanup@openstack cleanup() started
2019-11-22 02:13:43.399 26156 RALLYDEBUG rally_openstack.cleanup.manager [-] Cleaning up neutron quota objects
2019-11-22 02:13:45.028 26156 INFO rally.task.context [-] Task 2be5f54d-1a89-4cb7-bd31-666cc6824fbd | Context admin_cleanup@openstack cleanup() finished in 1.63 sec
2019-11-22 02:13:45.029 26156 INFO rally.task.context [-] Task 2be5f54d-1a89-4cb7-bd31-666cc6824fbd | Context users@openstack cleanup() started
2019-11-22 02:14:07.152 26156 INFO rally.task.context [-] Task 2be5f54d-1a89-4cb7-bd31-666cc6824fbd | Context users@openstack cleanup() finished in 22.12 sec
2019-11-22 02:14:08.729 26156 INFO rally.task.engine [-] Load duration is: 2.563554
2019-11-22 02:14:08.730 26156 INFO rally.task.engine [-] Full runner duration is: 2.623403
2019-11-22 02:14:08.730 26156 INFO rally.task.engine [-] Full duration is: 32.729803
2019-11-22 02:14:09.053 26156 INFO rally.task.engine [-] Running workload: position = 0 config = { "version": 2, "title": "A cropped version of a bigger task.", "description": "Auto-generated task from a single workload (uuid=212d789b-300c-4c18-8adb-4389f0ad7207)", "subtasks": [ { "title": "NeutronTrunks.create_and_list_trunk_subports", "description": "", "scenario": { "NeutronTrunks.create_and_list_trunk_subports": { "subport_count": 125 } }, "contexts": { "users": { "tenants": 1, "users_per_tenant": 1 }, "quotas": { "neutron": { "network": -1, "port": 1000 } } }, "runner": { "constant": { "times": 4, "concurrency": 4 } }, "hooks": [], "sla": { "failure_rate": { "max": 0 } } } ] }
2019-11-22 02:14:09.098 26156 RALLYDEBUG rally_openstack.contexts.keystone.users [-] Creating 1 tenants using 20 threads
2019-11-22 02:14:10.090 26156 RALLYDEBUG rally_openstack.contexts.keystone.users [-] Creating 1 users using 20 threads
2019-11-22 02:14:11.451 26156 INFO rally.task.context [-] Task 2be5f54d-1a89-4cb7-bd31-666cc6824fbd | Context users@openstack setup() finished in 2.35 sec
2019-11-22 02:14:11.994 26156 INFO rally.task.context [-] Task 2be5f54d-1a89-4cb7-bd31-666cc6824fbd | Context quotas@openstack setup() finished in 0.54 sec
2019-11-22 02:14:11.995 26156 INFO rally.task.context [-] Task 2be5f54d-1a89-4cb7-bd31-666cc6824fbd | Context cleanup@openstack setup() finished in 0.01 msec
2019-11-22 02:14:12.006 26156 RALLYDEBUG rally.task.runner [-] Starting the constant runner (task UUID: 2be5f54d-1a89-4cb7-bd31-666cc6824fbd). timeout: 0 concurrency: 4 concurrency_per_worker: 1 times: 4 concurrency_overhead: 0 processes_to_start: 4 max_cpu_used: 16
2019-11-22 02:14:12.022 31202 RALLYDEBUG rally.task.runner [-] Starting a worker. concurrency: 1 args: {"subport_count": 125} times: 4 method_name: run timeout: 0 duration: None cls:
2019-11-22 02:14:12.024 31203 RALLYDEBUG rally.task.runner [-] Starting a worker. concurrency: 1 args: {"subport_count": 125} times: 4 method_name: run timeout: 0 duration: None cls:
2019-11-22 02:14:12.027 31204 RALLYDEBUG rally.task.runner [-] Starting a worker. concurrency: 1 args: {"subport_count": 125} times: 4 method_name: run timeout: 0 duration: None cls:
2019-11-22 02:14:12.029 31202 INFO rally.task.runner [-] Task 2be5f54d-1a89-4cb7-bd31-666cc6824fbd | ITER: 1 START
2019-11-22 02:14:12.031 31203 INFO rally.task.runner [-] Task 2be5f54d-1a89-4cb7-bd31-666cc6824fbd | ITER: 2 START
2019-11-22 02:14:12.031 31205 RALLYDEBUG rally.task.runner [-] Starting a worker. concurrency: 1 args: {"subport_count": 125} times: 4 method_name: run timeout: 0 duration: None cls:
2019-11-22 02:14:12.034 31204 INFO rally.task.runner [-] Task 2be5f54d-1a89-4cb7-bd31-666cc6824fbd | ITER: 3 START
2019-11-22 02:14:12.038 31205 INFO rally.task.runner [-] Task 2be5f54d-1a89-4cb7-bd31-666cc6824fbd | ITER: 4 START
2019-11-22 02:15:58.727 31202 WARNING rally.task.atomic [-] 'optional_action_timer' is deprecated since rally v0.10.0.Please use action_timer instead, we have improved atomic actions, now do not need to explicitly close original action.
2019-11-22 02:15:58.817 31202 WARNING rally.task.atomic [-] 'optional_action_timer' is deprecated since rally v0.10.0.Please use action_timer instead, we have improved atomic actions, now do not need to explicitly close original action.
2019-11-22 02:15:59.285 31202 INFO rally.task.runner [-] Task 2be5f54d-1a89-4cb7-bd31-666cc6824fbd | ITER: 1 END: OK
2019-11-22 02:16:00.342 31205 WARNING rally.task.atomic [-] 'optional_action_timer' is deprecated since rally v0.10.0.Please use action_timer instead, we have improved atomic actions, now do not need to explicitly close original action.
2019-11-22 02:16:00.387 31205 WARNING rally.task.atomic [-] 'optional_action_timer' is deprecated since rally v0.10.0.Please use action_timer instead, we have improved atomic actions, now do not need to explicitly close original action.
2019-11-22 02:16:01.179 31205 INFO rally.task.runner [-] Task 2be5f54d-1a89-4cb7-bd31-666cc6824fbd | ITER: 4 END: OK
2019-11-22 02:16:01.372 31203 WARNING rally.task.atomic [-] 'optional_action_timer' is deprecated since rally v0.10.0.Please use action_timer instead, we have improved atomic actions, now do not need to explicitly close original action.
2019-11-22 02:16:01.407 31203 WARNING rally.task.atomic [-] 'optional_action_timer' is deprecated since rally v0.10.0.Please use action_timer instead, we have improved atomic actions, now do not need to explicitly close original action.
2019-11-22 02:16:01.913 31203 INFO rally.task.runner [-] Task 2be5f54d-1a89-4cb7-bd31-666cc6824fbd | ITER: 2 END: OK
2019-11-22 02:16:01.960 31204 WARNING rally.task.atomic [-] 'optional_action_timer' is deprecated since rally v0.10.0.Please use action_timer instead, we have improved atomic actions, now do not need to explicitly close original action.
2019-11-22 02:16:01.997 31204 WARNING rally.task.atomic [-] 'optional_action_timer' is deprecated since rally v0.10.0.Please use action_timer instead, we have improved atomic actions, now do not need to explicitly close original action.
2019-11-22 02:16:02.556 31204 INFO rally.task.runner [-] Task 2be5f54d-1a89-4cb7-bd31-666cc6824fbd | ITER: 3 END: OK
2019-11-22 02:16:02.585 26156 INFO rally.task.context [-] Task 2be5f54d-1a89-4cb7-bd31-666cc6824fbd | Context cleanup@openstack cleanup() started
2019-11-22 02:16:02.588 26156 RALLYDEBUG rally_openstack.cleanup.manager [-] Cleaning up neutron vip objects
2019-11-22 02:16:03.014 26156 RALLYDEBUG rally_openstack.cleanup.manager [-] Cleaning up neutron health_monitor objects
2019-11-22 02:16:03.417 26156 RALLYDEBUG rally_openstack.cleanup.manager [-] Cleaning up neutron pool objects
2019-11-22 02:16:03.817 26156 RALLYDEBUG rally_openstack.cleanup.manager [-] Cleaning up neutron loadbalancer objects
2019-11-22 02:16:04.231 26156 RALLYDEBUG rally_openstack.cleanup.manager [-] Cleaning up neutron floatingip objects
2019-11-22 02:16:04.684 26156 RALLYDEBUG rally_openstack.cleanup.manager [-] Cleaning up neutron trunk objects
2019-11-22 02:16:05.104 26156 RALLYDEBUG rally_openstack.cleanup.manager [-] Cleaning up neutron port objects
2019-11-22 02:16:06.631 26156 RALLYDEBUG rally_openstack.cleanup.manager [-] Deleting neutron.port object s_rally_212d789b_BCFqZLZa (07d9facc-c35d-4683-93f6-9778f645d9ed)
2019-11-22 02:16:06.632 26156 RALLYDEBUG rally_openstack.cleanup.manager [-] Deleting neutron.port object s_rally_212d789b_3pY7tFTY (049ba1d6-80c8-4d5a-aa8d-06248b9ca758)
2019-11-22 02:16:06.635 26156 RALLYDEBUG rally_openstack.cleanup.manager [-] Deleting neutron.port object s_rally_212d789b_VYtA6mKz (04add64b-1839-4d1d-b5c9-9593c3493b70)
2019-11-22 02:16:06.639 26156 RALLYDEBUG rally_openstack.cleanup.manager [-] Deleting neutron.port object s_rally_212d789b_tQmoFDO4 (07260e44-fa6b-4129-a0ec-82ba3e7508a8)
2019-11-22 02:16:06.643 26156 RALLYDEBUG rally_openstack.cleanup.manager [-] Deleting neutron.port object s_rally_212d789b_9hDgyQ9Q (07f146d1-7eff-4ddf-9f24-c0b3d3f73452)
2019-11-22 02:16:06.646 26156 RALLYDEBUG rally_openstack.cleanup.manager [-] Deleting neutron.port object s_rally_212d789b_fb1bgHRu (002fef18-011c-4465-a0e5-2856c8d7754f)
2019-11-22 02:16:06.651 26156 RALLYDEBUG rally_openstack.cleanup.manager [-] Deleting neutron.port object s_rally_212d789b_UErk6fMm (09a1bd0d-97fb-4464-83f1-9db2790870dc)
2019-11-22 02:16:06.653 26156 RALLYDEBUG rally_openstack.cleanup.manager [-] Deleting neutron.port object s_rally_212d789b_XteteVUs (0553db9e-b23b-4a3b-9409-01393cc57d80)
2019-11-22 02:16:06.653 26156 RALLYDEBUG rally_openstack.cleanup.manager [-] Deleting neutron.port object s_rally_212d789b_GJrpTe8X (06f8b4e7-5240-4edc-8526-2275bc332268)
2019-11-22 02:16:06.663 26156 RALLYDEBUG rally_openstack.cleanup.manager [-] Deleting neutron.port object s_rally_212d789b_Bt2zY2L6 (03baa206-9c1b-49b5-a88f-e0d90eefc72b)
2019-11-22 02:16:06.666 26156 RALLYDEBUG rally_openstack.cleanup.manager [-] Deleting neutron.port object s_rally_212d789b_kokYz77U (03ebf1d7-b2d7-4f76-bfe1-0bd8589700ac)
2019-11-22 02:16:06.667 26156 RALLYDEBUG rally_openstack.cleanup.manager [-] Deleting neutron.port object s_rally_212d789b_UCuq3U0r (04e81b70-1ec5-42a2-ab38-bd0c1a9ddbb9)
2019-11-22 02:16:06.677 26156 RALLYDEBUG rally_openstack.cleanup.manager [-] Deleting neutron.port object s_rally_212d789b_D2DVF8rh (008e4891-dc35-433d-aa3d-5aac57281878)
2019-11-22 02:16:06.681 26156 RALLYDEBUG rally_openstack.cleanup.manager [-] Deleting neutron.port object s_rally_212d789b_yL2GGZwx (055ade1a-c913-4b51-920a-cfa260e7b101)
2019-11-22 02:16:06.684 26156 RALLYDEBUG rally_openstack.cleanup.manager [-] Deleting neutron.port object s_rally_212d789b_pSTxSBED (05774985-b5d6-469f-891c-2e3ffeab6724)
2019-11-22 02:16:06.691 26156 RALLYDEBUG rally_openstack.cleanup.manager [-] Deleting neutron.port object s_rally_212d789b_9XOJnNGN (086b1b84-51ac-4b3d-a968-875161017bff)
2019-11-22 02:16:06.694 26156 RALLYDEBUG rally_openstack.cleanup.manager [-] Deleting neutron.port object s_rally_212d789b_4od0WnQk (098cd9b5-933b-4554-b12a-c36dc75b8ef8)
2019-11-22 02:16:06.695 26156 RALLYDEBUG rally_openstack.cleanup.manager [-] Deleting neutron.port object s_rally_212d789b_S73UBECl (093ba8a2-0206-43a9-b710-074732dfbe9c)
2019-11-22 02:16:06.697 26156 RALLYDEBUG rally_openstack.cleanup.manager [-] Deleting neutron.port object s_rally_212d789b_cvXn3ng0 (03f5313d-bf0b-4eb9-8ef9-7454e6185413)
2019-11-22 02:16:06.702 26156 RALLYDEBUG rally_openstack.cleanup.manager [-] Deleting neutron.port object s_rally_212d789b_VpnWUdeG (00b3e753-5823-4ffa-ba8f-c18857a6649e)
2019-11-22 02:16:08.806 26156 RALLYDEBUG rally_openstack.cleanup.manager [-] Deleting neutron.port object s_rally_212d789b_AuAD6yiv (0a0240d1-e8ab-4e82-834e-2e6ef039981f)
2019-11-22 02:16:09.167 26156 RALLYDEBUG rally_openstack.cleanup.manager [-] Deleting neutron.port object s_rally_212d789b_eYvRxI0p (0a70d860-c045-4f8f-8c9b-105e69597556)
2019-11-22 02:16:09.175 26156 RALLYDEBUG rally_openstack.cleanup.manager [-] Deleting neutron.port object s_rally_212d789b_BYYqNG2u (0a80f44d-7b13-4219-b3b8-bb553a776a82)
2019-11-22 02:16:09.222 26156 RALLYDEBUG rally_openstack.cleanup.manager [-] Deleting neutron.port object s_rally_212d789b_A3cGHL47 (0b29c817-37af-4127-9348-3992581e1251)
2019-11-22 02:16:09.470 26156 RALLYDEBUG rally_openstack.cleanup.manager [-] Deleting neutron.port object s_rally_212d789b_cpWIH5nu (0b6804a5-7395-4671-b119-dc1b35aa7e8f)
2019-11-22 02:16:09.533 26156 RALLYDEBUG rally_openstack.cleanup.manager [-] Deleting neutron.port object s_rally_212d789b_YfSPTjPB (0be5fc91-c49d-4a2f-a2d0-d0a7e1bef0b3)
2019-11-22 02:16:09.569 26156 RALLYDEBUG rally_openstack.cleanup.manager [-] Deleting neutron.port object s_rally_212d789b_4KyoMnpk (0bfd03c9-5f54-4d75-a93a-1bcb9cef6cf0)
2019-11-22 02:16:09.588 26156 RALLYDEBUG rally_openstack.cleanup.manager [-] Deleting neutron.port object s_rally_212d789b_5CGy6R1O (0c12e2ca-dd63-458f-9fb8-2f70811f6c8b)
2019-11-22 02:16:09.602 26156 RALLYDEBUG rally_openstack.cleanup.manager [-] Deleting neutron.port object s_rally_212d789b_x3cBBNUG (0c3e6844-c369-40d7-99bd-82cf16a85e80)
2019-11-22 02:16:09.638 26156 RALLYDEBUG rally_openstack.cleanup.manager [-] Deleting neutron.port object s_rally_212d789b_6q5yihOY (0c98c545-3a88-4fed-97f9-d49c7e01ee2e)
2019-11-22 02:16:09.695 26156 RALLYDEBUG rally_openstack.cleanup.manager [-] Deleting neutron.port object s_rally_212d789b_zYE86sln (0dc595ef-4306-45e9-b184-7344ccf58619)
2019-11-22 02:16:09.754 26156 RALLYDEBUG rally_openstack.cleanup.manager [-] Deleting neutron.port object s_rally_212d789b_7UKDiWIG (0dfac65c-fc06-48a9-9728-24cb11a0f515)
2019-11-22 02:16:09.763 26156 RALLYDEBUG rally_openstack.cleanup.manager [-] Deleting neutron.port object s_rally_212d789b_kUTtr4aF (0ea34dfd-d205-4cee-b3e5-356366c62bce)
2019-11-22 02:16:09.789 26156 RALLYDEBUG rally_openstack.cleanup.manager [-] Deleting neutron.port object s_rally_212d789b_EmNOJZtn (0faa2ec7-e07c-4a83-991e-e979527b12c7)
2019-11-22 02:16:09.961 26156 RALLYDEBUG rally_openstack.cleanup.manager [-] Deleting neutron.port object s_rally_212d789b_5IawzjHH (11e4cc25-bc33-4f4e-8883-85f8f2063434)
2019-11-22 02:16:10.148 26156 RALLYDEBUG rally_openstack.cleanup.manager [-] Deleting neutron.port object s_rally_212d789b_cFxEVERC (128e0e0c-7c16-48fa-a87e-1aff1484a1fc)
2019-11-22 02:16:10.150 26156 RALLYDEBUG rally_openstack.cleanup.manager [-] Deleting neutron.port object s_rally_212d789b_ZywC1cTz (11f647fa-0baf-437b-bf54-7a3fdbd8d6ec)
2019-11-22 02:16:10.239 26156 RALLYDEBUG rally_openstack.cleanup.manager [-] Deleting neutron.port object s_rally_212d789b_fVIxtmIp (131c21e1-befa-400f-808b-bbb566c0fae3)
2019-11-22 02:16:10.332 26156 RALLYDEBUG rally_openstack.cleanup.manager [-] Deleting neutron.port object s_rally_212d789b_o1lMmqDi (135457ba-6821-4bac-b3e1-3ec9c006fd0d)
2019-11-22 02:16:10.341 26156 RALLYDEBUG rally_openstack.cleanup.manager [-] Deleting neutron.port object s_rally_212d789b_U7lUuhCi (13d60315-bdfe-405f-830f-8c9080a909f0)
2019-11-22 02:16:11.098 26156 RALLYDEBUG rally_openstack.cleanup.manager [-] Deleting neutron.port object s_rally_212d789b_eatZhdqe (14005230-3841-4f85-a9c0-1e431429fafa)
2019-11-22 02:16:11.170 26156 RALLYDEBUG rally_openstack.cleanup.manager [-] Deleting neutron.port object s_rally_212d789b_ro1CxeG4 (14840c47-ba1b-45a6-90ca-7e181c833f14)
2019-11-22 02:16:11.290 26156 RALLYDEBUG rally_openstack.cleanup.manager [-] Deleting neutron.port object s_rally_212d789b_2sAM7yPw (14ea69f5-11c9-4db5-8e4e-68b891d07e9f)
2019-11-22 02:16:11.592 26156 RALLYDEBUG rally_openstack.cleanup.manager [-] Deleting neutron.port object s_rally_212d789b_YsRKv7ao (160967fa-7412-4118-930c-af1e2b8f30cc)
2019-11-22 02:16:11.690 26156 RALLYDEBUG rally_openstack.cleanup.manager [-] Deleting neutron.port object s_rally_212d789b_aSQBd7a1 (169357fa-6ab6-499e-9d1a-28ac712be4c3)
2019-11-22 02:16:11.948 26156 RALLYDEBUG rally_openstack.cleanup.manager [-] Deleting neutron.port object s_rally_212d789b_e2TNU28w (179e52fe-ac66-4248-acbf-70f81fc6f8f9)
2019-11-22 02:16:11.962 26156 RALLYDEBUG rally_openstack.cleanup.manager [-] Deleting neutron.port object s_rally_212d789b_wntSOkBw (1888bb24-2a56-4117-841f-1fbb393a97c7)
2019-11-22 02:16:11.974 26156 RALLYDEBUG rally_openstack.cleanup.manager [-] Deleting neutron.port object s_rally_212d789b_mJL2ZMvB (18e12317-c5ab-4d1d-922e-1826a9461490)
2019-11-22 02:16:12.042 26156 RALLYDEBUG rally_openstack.cleanup.manager [-] Deleting neutron.port object s_rally_212d789b_oVGT6OYn (196ea699-b492-4deb-a84c-ccb552f8fc04)
2019-11-22 02:16:12.191 26156 RALLYDEBUG rally_openstack.cleanup.manager [-] Deleting neutron.port object s_rally_212d789b_4I4Sba5R (19b845da-daa3-48ef-91f7-962fd616e4fc)
2019-11-22 02:16:12.457 26156 RALLYDEBUG rally_openstack.cleanup.manager [-] Deleting neutron.port object s_rally_212d789b_zKqL5Qb3 (19c60146-00ac-4d15-8809-057179e294b8)
2019-11-22 02:16:12.501 26156 RALLYDEBUG rally_openstack.cleanup.manager [-] Deleting neutron.port object s_rally_212d789b_rXBxHMtD (19ce0e23-b3f7-4e03-a894-0422af607350)
2019-11-22 02:16:12.533 26156 RALLYDEBUG rally_openstack.cleanup.manager [-] Deleting neutron.port object s_rally_212d789b_lu04frQJ (1abad8eb-608b-4056-a1eb-17166640ed8d)
2019-11-22 02:16:12.594 26156 RALLYDEBUG rally_openstack.cleanup.manager [-] Deleting neutron.port object s_rally_212d789b_R7T9Em2K (1ad1deba-40b5-4bc8-8005-ae3cb918d6bf)
2019-11-22 02:16:12.619 26156 RALLYDEBUG rally_openstack.cleanup.manager [-] Deleting neutron.port object s_rally_212d789b_8wyyIkOK (1b9e8e5e-435c-45a8-bcc2-450734f485b6)
2019-11-22 02:16:12.620 26156 RALLYDEBUG rally_openstack.cleanup.manager [-] Deleting neutron.port object s_rally_212d789b_4XL95l3k (1b1acbb4-9930-4cbb-8477-40b1a23ac3ce)
2019-11-22 02:16:12.622 26156 RALLYDEBUG rally_openstack.cleanup.manager [-] Deleting neutron.port object s_rally_212d789b_cszaXmRM (1bb0d53c-a1da-4f5e-9978-3edeabf27b96)
2019-11-22 02:16:12.758 26156 RALLYDEBUG rally_openstack.cleanup.manager [-] Deleting neutron.port object s_rally_212d789b_cHazpX6T (1c1b7e2c-f03f-46bb-9019-41003ed32ee6)
2019-11-22 02:16:12.763 26156 RALLYDEBUG rally_openstack.cleanup.manager [-] Deleting neutron.port object s_rally_212d789b_GlqY6hDH (1c25fff7-ec52-483f-b07c-ce1d1d19ed54)
2019-11-22 02:16:12.963 26156 RALLYDEBUG rally_openstack.cleanup.manager [-] Deleting neutron.port object s_rally_212d789b_9NxSbpFz (1c4513df-0c31-472f-ae63-288bc270bfac)
2019-11-22 02:16:13.041 26156 RALLYDEBUG rally_openstack.cleanup.manager [-] Deleting neutron.port object s_rally_212d789b_ruk7kH96 (1c85d90c-4c14-4f5a-9dbe-0d59e2faad20)
2019-11-22 02:16:13.079 26156 RALLYDEBUG rally_openstack.cleanup.manager [-] Deleting neutron.port object s_rally_212d789b_mqwZfPBW (1cf632dd-6eee-424f-b722-88f6fe5d06c6)
2019-11-22 02:16:13.318 26156 RALLYDEBUG rally_openstack.cleanup.manager [-] Deleting neutron.port object s_rally_212d789b_bpWIbHe9 (1d8d2430-6926-4112-bfee-9a209f6c4d89)
2019-11-22 02:16:13.531 26156 RALLYDEBUG rally_openstack.cleanup.manager [-] Deleting neutron.port object s_rally_212d789b_Qed7mfrS (1dad395c-0ba0-43bc-83a5-b551154733e4)
2019-11-22 02:16:13.936 26156 RALLYDEBUG rally_openstack.cleanup.manager [-] Deleting neutron.port object s_rally_212d789b_GYOPc9ro (1e0cef88-cc27-4be1-ad0f-9e41b99fa35a)
2019-11-22 02:16:14.040 26156 RALLYDEBUG rally_openstack.cleanup.manager [-] Deleting neutron.port object s_rally_212d789b_v22FY2TL (1e99028f-f6c6-475b-9481-94a785094771)
2019-11-22 02:16:14.451 26156 RALLYDEBUG rally_openstack.cleanup.manager [-] Deleting neutron.port object s_rally_212d789b_uTeeiRu8 (1ed1cca8-075e-4b29-afa6-580945fbeb64)
2019-11-22 02:16:14.468 26156 RALLYDEBUG rally_openstack.cleanup.manager [-] Deleting neutron.port object s_rally_212d789b_2L00itKi (1f9a55c1-1a4f-4a3d-a74d-4175a68f0d8c)
2019-11-22 02:16:14.617 26156 RALLYDEBUG rally_openstack.cleanup.manager [-] Deleting neutron.port object s_rally_212d789b_EULz4JDv (20c9d469-4047-4bc5-aa70-570016cdd283)
2019-11-22 02:16:14.675 26156 RALLYDEBUG rally_openstack.cleanup.manager [-] Deleting neutron.port object s_rally_212d789b_yuIers35 (2106602f-ccc6-409f-8657-95bee37729e7)
2019-11-22 02:16:14.997 26156 RALLYDEBUG rally_openstack.cleanup.manager [-] Deleting neutron.port object s_rally_212d789b_rEWW5OvT (21a9bb5d-b2d2-4554-8859-c753baaf6d93)
2019-11-22 02:16:15.012 26156 RALLYDEBUG rally_openstack.cleanup.manager [-] Deleting neutron.port object s_rally_212d789b_1lUm3Upt (21fbcb56-4180-4a58-8868-08d72d01002f)
2019-11-22 02:16:15.112 26156 RALLYDEBUG rally_openstack.cleanup.manager [-] Deleting neutron.port object s_rally_212d789b_ZclWxXak (22812fe5-0b3b-47eb-9f76-2cd44fda3db4)
2019-11-22 02:16:15.147 26156 RALLYDEBUG rally_openstack.cleanup.manager [-] Deleting neutron.port object s_rally_212d789b_PW37QAFG (2294f08f-26c3-46ca-8cd9-897260c26ccb)
2019-11-22 02:16:15.171 26156 RALLYDEBUG rally_openstack.cleanup.manager [-] Deleting neutron.port object s_rally_212d789b_9X9zswiW (231a88e7-dd4d-445d-a8fc-ef45760e2437)
2019-11-22 02:16:15.212 26156 RALLYDEBUG rally_openstack.cleanup.manager [-] Deleting neutron.port object s_rally_212d789b_u5vpIsDw (23623c29-f9fd-4570-ac50-b740a49eb18d)
2019-11-22 02:16:15.235 26156 RALLYDEBUG rally_openstack.cleanup.manager [-] Deleting neutron.port object s_rally_212d789b_ziJHCnfj (23ddab47-f103-43af-905e-afb6a72c5fa6)
2019-11-22 02:16:15.294 26156 RALLYDEBUG rally_openstack.cleanup.manager [-] Deleting neutron.port object s_rally_212d789b_YDNCF2cJ (23ecd5be-9817-43d3-b330-0a702f20db8e)
2019-11-22 02:16:15.359 26156 RALLYDEBUG rally_openstack.cleanup.manager [-] Deleting neutron.port object s_rally_212d789b_sR25lHqS (2403ce7c-10b2-4445-b047-bef0b863eecf)
2019-11-22 02:16:15.419 26156 RALLYDEBUG rally_openstack.cleanup.manager [-] Deleting neutron.port object s_rally_212d789b_Wc9dw4H5 (243a9f8f-e519-49b5-af5e-0bdad1ba7a3b)
2019-11-22 02:16:15.458 26156 RALLYDEBUG rally_openstack.cleanup.manager [-] Deleting neutron.port object s_rally_212d789b_EpawyutS (24882fb3-aef4-4510-b6e5-1800958a01c7)
2019-11-22 02:16:15.769 26156 RALLYDEBUG rally_openstack.cleanup.manager [-] Deleting neutron.port object s_rally_212d789b_hYf7f1EC (2541c7df-0ee8-4dc1-a6ce-5b27d4228ab4)
2019-11-22 02:16:15.794 26156 RALLYDEBUG rally_openstack.cleanup.manager [-] Deleting neutron.port object s_rally_212d789b_EjSz76hy (257b4646-e5a2-44c0-8793-685a0c9083ba)
2019-11-22 02:16:15.844 26156 RALLYDEBUG rally_openstack.cleanup.manager [-] Deleting neutron.port object s_rally_212d789b_nEBKnNub (2606478c-a905-4e0a-82ed-4a64850957c4)
2019-11-22 02:16:15.925 26156 RALLYDEBUG rally_openstack.cleanup.manager [-] Deleting neutron.port object s_rally_212d789b_rjre0fnS (260c6679-85cb-4f61-bd1a-9380cb99b831)
2019-11-22 02:16:15.962 26156 RALLYDEBUG rally_openstack.cleanup.manager [-] Deleting neutron.port object s_rally_212d789b_RIJVgtUl (26e86fdb-ec4c-4c91-9268-462262faad5a)
2019-11-22 02:16:16.334 26156 RALLYDEBUG rally_openstack.cleanup.manager [-] Deleting neutron.port object s_rally_212d789b_dJnnMRpw (29390739-acce-42b7-8e2c-5c70bf383a11)
2019-11-22 02:16:16.469 26156 RALLYDEBUG rally_openstack.cleanup.manager [-] Deleting neutron.port object s_rally_212d789b_EnWgXGUr (2a69822c-516c-43cb-a483-5e9f4581e111)
2019-11-22 02:16:16.843 26156 RALLYDEBUG rally_openstack.cleanup.manager [-] Deleting neutron.port object s_rally_212d789b_1z7PZMRG (2af5de39-e940-4921-a5e1-51c2ddd6b10a)
