2019-11-22 02:11:19.348 26156 RALLYDEBUG rally_openstack.cleanup.manager [-] Deleting neutron.port object s_rally_8d0e0587_nUpDCgtq (d0040c92-33f3-40b0-a4ad-c0c98d54cb47)
2019-11-22 02:11:19.351 26156 RALLYDEBUG rally_openstack.cleanup.manager [-] Deleting neutron.port object s_rally_8d0e0587_HlJBIGcX (d057683a-ab17-474d-be43-5942f8cc702a)
2019-11-22 02:11:19.644 26156 RALLYDEBUG rally_openstack.cleanup.manager [-] Deleting neutron.port object s_rally_8d0e0587_uphXyzUO (d0f20b53-11fc-4687-8791-e91679eaa10e)
2019-11-22 02:11:19.667 26156 RALLYDEBUG rally_openstack.cleanup.manager [-] Deleting neutron.port object s_rally_8d0e0587_iySSFU2X (d101f957-bcc7-42c6-8da4-5f34b6c3f54b)
2019-11-22 02:11:19.668 26156 RALLYDEBUG rally_openstack.cleanup.manager [-] Deleting neutron.port object s_rally_8d0e0587_eTYHMmoT (d12a894e-696c-4199-8e4b-b0811528d241)
2019-11-22 02:11:19.745 26156 RALLYDEBUG rally_openstack.cleanup.manager [-] Deleting neutron.port object s_rally_8d0e0587_FaT6tUP6 (d1a02bd3-38cf-429a-8218-188b0d7aa4e6)
2019-11-22 02:11:19.875 26156 RALLYDEBUG rally_openstack.cleanup.manager [-] Deleting neutron.port object s_rally_8d0e0587_gFfoVHRA (d2667f5b-2f95-43cd-9797-ef2e54299f12)
2019-11-22 02:11:20.009 26156 RALLYDEBUG rally_openstack.cleanup.manager [-] Deleting neutron.port object s_rally_8d0e0587_RJHmEfhy (d2beb9c1-daa9-4555-ada2-169cc34a130e)
2019-11-22 02:11:20.076 26156 RALLYDEBUG rally_openstack.cleanup.manager [-] Deleting neutron.port object s_rally_8d0e0587_OJeFwzHO (d30da9c9-1f41-4a97-9d4a-77337df9e108)
2019-11-22 02:11:20.320 26156 RALLYDEBUG rally_openstack.cleanup.manager [-] Deleting neutron.port object s_rally_8d0e0587_ZIr3NpC2 (d42cbe1c-e63c-4417-a905-bc5540e0a293)
2019-11-22 02:11:20.396 26156 RALLYDEBUG rally_openstack.cleanup.manager [-] Deleting neutron.port object s_rally_8d0e0587_lL1LzWho (d6881d8b-6b0d-4934-8e59-cefa8ae14e63)
2019-11-22 02:11:20.398 26156 RALLYDEBUG rally_openstack.cleanup.manager [-] Deleting neutron.port object s_rally_8d0e0587_IVjrVQ9Q (d4e469d6-8b6a-46a0-8a57-82eef20f3732)
2019-11-22 02:11:20.499 26156 RALLYDEBUG rally_openstack.cleanup.manager [-] Deleting neutron.port object s_rally_8d0e0587_ThhGmOlw (d7b5e7c7-18bd-47d2-9bc5-9c56f1c27327)
2019-11-22 02:11:20.591 26156 RALLYDEBUG rally_openstack.cleanup.manager [-] Deleting neutron.port object s_rally_8d0e0587_FVCg1cMS (d82e157a-a9aa-4fcd-bbad-bf1a16f3b35b)
2019-11-22 02:11:20.716 26156 RALLYDEBUG rally_openstack.cleanup.manager [-] Deleting neutron.port object s_rally_8d0e0587_hDtSgWXd (da5b8978-3fd0-446a-a5ee-7fbfd74e21ff)
2019-11-22 02:11:20.779 26156 RALLYDEBUG rally_openstack.cleanup.manager [-] Deleting neutron.port object s_rally_8d0e0587_GXN5vQwF (dae002bb-feb4-4783-8503-1be70cfdb9c9)
2019-11-22 02:11:21.067 26156 RALLYDEBUG rally_openstack.cleanup.manager [-] Deleting neutron.port object s_rally_8d0e0587_ohZu0NPQ (dceae5cc-4d7e-4ad5-866c-6d7b03bb373a)
2019-11-22 02:11:21.134 26156 RALLYDEBUG rally_openstack.cleanup.manager [-] Deleting neutron.port object s_rally_8d0e0587_LDtBAJJu (dd1216df-4180-4d27-ba8c-7424bb95028c)
2019-11-22 02:11:21.427 26156 RALLYDEBUG rally_openstack.cleanup.manager [-] Deleting neutron.port object s_rally_8d0e0587_EM34PWcr (dd1bed70-84af-400d-85ee-804aa40e0876)
2019-11-22 02:11:21.549 26156 RALLYDEBUG rally_openstack.cleanup.manager [-] Deleting neutron.port object s_rally_8d0e0587_DJeDUBaP (dd6bcbf1-a492-4983-b517-f56c87ca0930)
2019-11-22 02:11:21.577 26156 RALLYDEBUG rally_openstack.cleanup.manager [-] Deleting neutron.port object s_rally_8d0e0587_w0h3xE41 (de30f7a2-0005-4a97-b91e-9d3543492cd9)
2019-11-22 02:11:21.591 26156 RALLYDEBUG rally_openstack.cleanup.manager [-] Deleting neutron.port object s_rally_8d0e0587_ueWXU1oe (df0164b7-72bc-408e-9870-1f13fad4bc85)
2019-11-22 02:11:21.828 26156 RALLYDEBUG rally_openstack.cleanup.manager [-] Deleting neutron.port object s_rally_8d0e0587_DpsAHA1D (df80f05d-b74c-4005-b459-da83fe3c0d42)
2019-11-22 02:11:21.908 26156 RALLYDEBUG rally_openstack.cleanup.manager [-] Deleting neutron.port object s_rally_8d0e0587_DgljG5a8 (dfc984be-59ae-4ce8-93e9-a9ea0bf222b4)
2019-11-22 02:11:21.955 26156 RALLYDEBUG rally_openstack.cleanup.manager [-] Deleting neutron.port object s_rally_8d0e0587_OnqaOoIL (e15b5523-80f4-4311-9a08-668adad4e6f9)
2019-11-22 02:11:22.000 26156 RALLYDEBUG rally_openstack.cleanup.manager [-] Deleting neutron.port object s_rally_8d0e0587_f8davWxu (e1ac572c-c3d3-4672-b158-df23fa403f3a)
2019-11-22 02:11:22.001 26156 RALLYDEBUG rally_openstack.cleanup.manager [-] Deleting neutron.port object s_rally_8d0e0587_oXeY8lOD (e22dca0a-5916-427c-80a8-ac1fb223c5dc)
2019-11-22 02:11:22.079 26156 RALLYDEBUG rally_openstack.cleanup.manager [-] Deleting neutron.port object s_rally_8d0e0587_eAU4XgPc (e2407897-2587-444b-85bf-7c21869c03ae)
2019-11-22 02:11:22.131 26156 RALLYDEBUG rally_openstack.cleanup.manager [-] Deleting neutron.port object s_rally_8d0e0587_9EXGpZW0 (e314777b-bab6-4ec5-9d3f-ad0be3cbf673)
2019-11-22 02:11:22.362 26156 RALLYDEBUG rally_openstack.cleanup.manager [-] Deleting neutron.port object s_rally_8d0e0587_raJrcbT2 (e3280264-55cf-4d16-ac08-110fc16d6a11)
2019-11-22 02:11:22.422 26156 RALLYDEBUG rally_openstack.cleanup.manager [-] Deleting neutron.port object s_rally_8d0e0587_zhoGrBls (e4f79924-86d8-4fa3-9a31-fa7c13e0eec5)
2019-11-22 02:11:22.438 26156 RALLYDEBUG rally_openstack.cleanup.manager [-] Deleting neutron.port object s_rally_8d0e0587_lvtNT5lw (e6451574-cf3b-41e4-8a94-99ec32a72f4f)
2019-11-22 02:11:22.518 26156 RALLYDEBUG rally_openstack.cleanup.manager [-] Deleting neutron.port object s_rally_8d0e0587_FwJLDxli (e7e356f3-1501-4562-9344-49def4d7e31b)
2019-11-22 02:11:22.547 26156 RALLYDEBUG rally_openstack.cleanup.manager [-] Deleting neutron.port object s_rally_8d0e0587_SInTNssy (e7e65093-0505-4ac4-9348-399b8999eda3)
2019-11-22 02:11:22.614 26156 RALLYDEBUG rally_openstack.cleanup.manager [-] Deleting neutron.port object s_rally_8d0e0587_13O78Xgv (e86321ef-ad2b-4d32-9af8-f4bafecedca3)
2019-11-22 02:11:22.901 26156 RALLYDEBUG rally_openstack.cleanup.manager [-] Deleting neutron.port object s_rally_8d0e0587_YtkSOHm5 (e98a92a7-d167-4f2c-a6de-81b06d31a176)
2019-11-22 02:11:22.907 26156 RALLYDEBUG rally_openstack.cleanup.manager [-] Deleting neutron.port object s_rally_8d0e0587_b6n7moka (e9cc35e6-1c76-45de-8324-7409b1bd4b5c)
2019-11-22 02:11:23.127 26156 RALLYDEBUG rally_openstack.cleanup.manager [-] Deleting neutron.port object s_rally_8d0e0587_4507XB3V (ea494885-2aaa-408b-bcdf-9e39aa8ecf89)
2019-11-22 02:11:23.338 26156 RALLYDEBUG rally_openstack.cleanup.manager [-] Deleting neutron.port object s_rally_8d0e0587_ojNWlvtN (eb222e10-8a3b-4846-82dc-5944aa146350)
2019-11-22 02:11:23.523 26156 RALLYDEBUG rally_openstack.cleanup.manager [-] Deleting neutron.port object s_rally_8d0e0587_1IEP2eXv (eb691069-5e27-4d54-8e3c-e00723cbcfbf)
2019-11-22 02:11:23.621 26156 RALLYDEBUG rally_openstack.cleanup.manager [-] Deleting neutron.port object s_rally_8d0e0587_ReFvMxlA (eb8d9c45-da6d-4ff5-a624-f231ada551e2)
2019-11-22 02:11:23.819 26156 RALLYDEBUG rally_openstack.cleanup.manager [-] Deleting neutron.port object s_rally_8d0e0587_sz2gnz0K (ece0a527-74ce-4fbf-8b80-5d114338eabb)
2019-11-22 02:11:23.883 26156 RALLYDEBUG rally_openstack.cleanup.manager [-] Deleting neutron.port object s_rally_8d0e0587_pN0Z6dsb (ed8adcab-e3e8-4820-b6cb-1288c6838b08)
2019-11-22 02:11:24.013 26156 RALLYDEBUG rally_openstack.cleanup.manager [-] Deleting neutron.port object s_rally_8d0e0587_99Pd9e3q (ede0b9e2-d9f7-4fea-8a64-829eb2b31d91)
2019-11-22 02:11:24.092 26156 RALLYDEBUG rally_openstack.cleanup.manager [-] Deleting neutron.port object s_rally_8d0e0587_TGv6PnMT (ee8d65aa-67e8-4174-88ad-7f6d893e8100)
2019-11-22 02:11:24.139 26156 RALLYDEBUG rally_openstack.cleanup.manager [-] Deleting neutron.port object s_rally_8d0e0587_Pds0f2QT (eeb6b98a-fced-416c-ba29-c68cd522fc6e)
2019-11-22 02:11:24.220 26156 RALLYDEBUG rally_openstack.cleanup.manager [-] Deleting neutron.port object s_rally_8d0e0587_nz18azn1 (efd1824a-6958-4a9e-9d48-f3c4dd979d2f)
2019-11-22 02:11:24.272 26156 RALLYDEBUG rally_openstack.cleanup.manager [-] Deleting neutron.port object s_rally_8d0e0587_RDmCK9dO (f15900df-c786-4d36-bc4f-a42ab7866bb0)
2019-11-22 02:11:24.333 26156 RALLYDEBUG rally_openstack.cleanup.manager [-] Deleting neutron.port object s_rally_8d0e0587_rbH4vTTw (f16574e9-f55c-4fe3-946b-f8db6ce3f2fd)
2019-11-22 02:11:24.417 26156 RALLYDEBUG rally_openstack.cleanup.manager [-] Deleting neutron.port object s_rally_8d0e0587_EU5dfssb (f1915f7a-c52b-41b5-bc2b-2ea77b477881)
2019-11-22 02:11:24.570 26156 RALLYDEBUG rally_openstack.cleanup.manager [-] Deleting neutron.port object s_rally_8d0e0587_HhiDzlgX (f31264ca-23e6-44c6-bd44-15b8f2e77b4f)
2019-11-22 02:11:24.578 26156 RALLYDEBUG rally_openstack.cleanup.manager [-] Deleting neutron.port object s_rally_8d0e0587_eCcPkx5V (f31b625b-f80f-416e-8d0c-453f82915048)
2019-11-22 02:11:24.602 26156 RALLYDEBUG rally_openstack.cleanup.manager [-] Deleting neutron.port object s_rally_8d0e0587_YDtKpjcU (f461f386-238b-46bc-bfcd-a41e95539c3e)
2019-11-22 02:11:24.705 26156 RALLYDEBUG rally_openstack.cleanup.manager [-] Deleting neutron.port object s_rally_8d0e0587_BAoHlM1q (f555381c-bea9-4a07-acc9-f0decfb059ef)
2019-11-22 02:11:24.735 26156 RALLYDEBUG rally_openstack.cleanup.manager [-] Deleting neutron.port object s_rally_8d0e0587_LbCryhjt (f6d19dca-589e-44dd-ba5e-b78d34c00bb5)
2019-11-22 02:11:24.874 26156 RALLYDEBUG rally_openstack.cleanup.manager [-] Deleting neutron.port object s_rally_8d0e0587_q4xP5oeQ (f6fb1e91-3856-4c66-bba5-8ea22d0641f4)
2019-11-22 02:11:24.955 26156 RALLYDEBUG rally_openstack.cleanup.manager [-] Deleting neutron.port object s_rally_8d0e0587_MnWFPpcG (f85e0e37-8e59-4554-a05b-6ac1cc8123ab)
2019-11-22 02:11:25.182 26156 RALLYDEBUG rally_openstack.cleanup.manager [-] Deleting neutron.port object s_rally_8d0e0587_7DKsyhEF (f8f67b0d-45ea-42e9-b864-ab1472d561f3)
2019-11-22 02:11:25.221 26156 RALLYDEBUG rally_openstack.cleanup.manager [-] Deleting neutron.port object s_rally_8d0e0587_gWENFHH4 (f9120d68-acdb-448c-a571-dfb42c50f747)
2019-11-22 02:11:25.414 26156 RALLYDEBUG rally_openstack.cleanup.manager [-] Deleting neutron.port object s_rally_8d0e0587_lzNBUtLd (fa748aa4-fe47-483d-9d30-31a1ce0b5883)
2019-11-22 02:11:25.429 26156 RALLYDEBUG rally_openstack.cleanup.manager [-] Deleting neutron.port object s_rally_8d0e0587_Zyzzqbpn (faa6925a-6a3c-4eb8-bc13-bd294676dd26)
2019-11-22 02:11:25.652 26156 RALLYDEBUG rally_openstack.cleanup.manager [-] Deleting neutron.port object s_rally_8d0e0587_hjkgrx7g (fb6f69ac-6b1f-41a7-a8e6-b24e03ee48e8)
2019-11-22 02:11:25.758 26156 RALLYDEBUG rally_openstack.cleanup.manager [-] Deleting neutron.port object s_rally_8d0e0587_JzpqjYIO (fb9d9416-d8be-4fc9-b55a-3dd8334b0098)
2019-11-22 02:11:26.043 26156 RALLYDEBUG rally_openstack.cleanup.manager [-] Deleting neutron.port object s_rally_8d0e0587_js4wsbxN (fbf91125-7909-4da3-9570-4ee3fe31ae18)
2019-11-22 02:11:26.141 26156 RALLYDEBUG rally_openstack.cleanup.manager [-] Deleting neutron.port object s_rally_8d0e0587_AhOq6cxv (fc16e906-238c-43df-83cf-be674bff1867)
2019-11-22 02:11:26.241 26156 RALLYDEBUG rally_openstack.cleanup.manager [-] Deleting neutron.port object s_rally_8d0e0587_oPRwhADB (fd387d5e-0ddb-423f-9256-0ddbba40ef48)
2019-11-22 02:11:26.354 26156 RALLYDEBUG rally_openstack.cleanup.manager [-] Deleting neutron.port object s_rally_8d0e0587_l2JdrhT6 (fe0792fe-0ef9-4b32-87a6-048382c7fd77)
2019-11-22 02:11:26.357 26156 RALLYDEBUG rally_openstack.cleanup.manager [-] Deleting neutron.port object s_rally_8d0e0587_2VBJWVYs (fd7a564a-d62e-40fb-a669-9d730d7e8d71)
2019-11-22 02:11:28.269 26156 RALLYDEBUG rally_openstack.cleanup.manager [-] Cleaning up neutron subnet objects
2019-11-22 02:11:28.678 26156 RALLYDEBUG rally_openstack.cleanup.manager [-] Cleaning up neutron network objects
2019-11-22 02:11:29.176 26156 RALLYDEBUG rally_openstack.cleanup.manager [-] Deleting neutron.network object s_rally_8d0e0587_KqrMLyri (286af4d1-c433-4219-8bb7-41563eedcdfe)
2019-11-22 02:11:29.185 26156 RALLYDEBUG rally_openstack.cleanup.manager [-] Deleting neutron.network object s_rally_8d0e0587_vlNrQhOt (2d07eab7-b981-4dd2-953e-e5f64f26e653)
2019-11-22 02:11:29.203 26156 RALLYDEBUG rally_openstack.cleanup.manager [-] Deleting neutron.network object s_rally_8d0e0587_USl7q3qe (4b454237-0413-4343-be39-fc5641c7cf0d)
2019-11-22 02:11:29.203 26156 RALLYDEBUG rally_openstack.cleanup.manager [-] Deleting neutron.network object s_rally_8d0e0587_dfAxNyk3 (a4e14d12-f86f-4a45-ba53-458b0d0be576)
2019-11-22 02:11:29.205 26156 RALLYDEBUG rally_openstack.cleanup.manager [-] Deleting neutron.network object s_rally_8d0e0587_yAMLAu1p (a011d313-b147-4171-b5ac-424272ce7e3e)
2019-11-22 02:11:29.213 26156 RALLYDEBUG rally_openstack.cleanup.manager [-] Deleting neutron.network object s_rally_8d0e0587_IgNjrM3z (d986fbaa-ebfc-4fe4-b6d1-cdd2635d4b73)
2019-11-22 02:11:29.223 26156 RALLYDEBUG rally_openstack.cleanup.manager [-] Deleting neutron.network object s_rally_8d0e0587_a1T2gZxb (f2be3b08-b75a-4fe4-8249-e09cf123cea3)
2019-11-22 02:11:29.231 26156 RALLYDEBUG rally_openstack.cleanup.manager [-] Deleting neutron.network object s_rally_8d0e0587_HJBPWUbR (f9130407-d009-4406-9c2d-97d67e876dc8)
2019-11-22 02:11:32.283 26156 RALLYDEBUG rally_openstack.cleanup.manager [-] Cleaning up neutron router objects
2019-11-22 02:11:32.708 26156 RALLYDEBUG rally_openstack.cleanup.manager [-] Cleaning up neutron security_group objects
2019-11-22 02:11:33.125 26156 INFO rally.task.context [-] Task 2be5f54d-1a89-4cb7-bd31-666cc6824fbd | Context cleanup@openstack cleanup() finished in 52.67 sec
2019-11-22 02:11:33.125 26156 INFO rally.task.context [-] Task 2be5f54d-1a89-4cb7-bd31-666cc6824fbd | Context quotas@openstack cleanup() started
2019-11-22 02:11:33.196 26156 INFO rally.task.context [-] Task 2be5f54d-1a89-4cb7-bd31-666cc6824fbd | Context quotas@openstack cleanup() finished in 70.94 msec
2019-11-22 02:11:33.197 26156 INFO rally.task.context [-] Task 2be5f54d-1a89-4cb7-bd31-666cc6824fbd | Context users@openstack cleanup() started
2019-11-22 02:11:35.904 26156 INFO rally.task.context [-] Task 2be5f54d-1a89-4cb7-bd31-666cc6824fbd | Context users@openstack cleanup() finished in 2.71 sec
2019-11-22 02:11:36.800 26156 INFO rally.task.engine [-] Load duration is: 57.28611
2019-11-22 02:11:36.800 26156 INFO rally.task.engine [-] Full runner duration is: 57.332912
2019-11-22 02:11:36.801 26156 INFO rally.task.engine [-] Full duration is: 115.625662
2019-11-22 02:11:37.096 26156 INFO rally.task.engine [-] Running workload: position = 1 config = { "version": 2, "title": "A cropped version of a bigger task.", "description": "Auto-generated task from a single workload (uuid=47b71ef0-3598-4e06-9863-777947cc947d)", "subtasks": [ { "title": "NeutronNetworks.create_and_update_ports", "description": "Create and update a given number of ports.", "scenario": { "NeutronNetworks.create_and_update_ports": { "network_create_args": {}, "port_create_args": {}, "ports_per_network": 5, "port_update_args": { "admin_state_up": false, "device_id": "dummy_id", "device_owner": "dummy_owner", "name": "_port_updated" } } }, "contexts": { "users": { "tenants": 1, "users_per_tenant": 1 }, "quotas": { "neutron": { "network": -1, "port": -1 } } }, "runner": { "constant": { "times": 40, "concurrency": 20 } }, "hooks": [], "sla": { "failure_rate": { "max": 0 } } } ] }
2019-11-22 02:11:37.124 26156 RALLYDEBUG rally_openstack.contexts.keystone.users [-] Creating 1 tenants using 20 threads
2019-11-22 02:11:38.067 26156 RALLYDEBUG rally_openstack.contexts.keystone.users [-] Creating 1 users using 20 threads
2019-11-22 02:11:39.433 26156 INFO rally.task.context [-] Task 2be5f54d-1a89-4cb7-bd31-666cc6824fbd | Context users@openstack setup() finished in 2.31 sec
2019-11-22 02:11:39.907 26156 INFO rally.task.context [-] Task 2be5f54d-1a89-4cb7-bd31-666cc6824fbd | Context quotas@openstack setup() finished in 0.47 sec
2019-11-22 02:11:39.908 26156 INFO rally.task.context [-] Task 2be5f54d-1a89-4cb7-bd31-666cc6824fbd | Context cleanup@openstack setup() finished in 0.01 msec
2019-11-22 02:11:39.918 26156 RALLYDEBUG rally.task.runner [-] Starting the constant runner (task UUID: 2be5f54d-1a89-4cb7-bd31-666cc6824fbd). timeout: 0 concurrency: 20 concurrency_per_worker: 1 times: 40 concurrency_overhead: 4 processes_to_start: 16 max_cpu_used: 16
2019-11-22 02:11:39.933 30232 RALLYDEBUG rally.task.runner [-] Starting a worker. concurrency: 2 args: {"network_create_args": {}, "port_create_args": {}, "ports_per_network": 5, "port_update_args": {"admin_state_up": false, "device_id": "dummy_id", "device_owner": "dummy_owner", "name": "_port_updated"}} times: 40 method_name: run timeout: 0 duration: None cls:
2019-11-22 02:11:39.937 30233 RALLYDEBUG rally.task.runner [-] Starting a worker. concurrency: 2 args: {"network_create_args": {}, "port_create_args": {}, "ports_per_network": 5, "port_update_args": {"admin_state_up": false, "device_id": "dummy_id", "device_owner": "dummy_owner", "name": "_port_updated"}} times: 40 method_name: run timeout: 0 duration: None cls:
2019-11-22 02:11:39.940 30234 RALLYDEBUG rally.task.runner [-] Starting a worker. concurrency: 2 args: {"network_create_args": {}, "port_create_args": {}, "ports_per_network": 5, "port_update_args": {"admin_state_up": false, "device_id": "dummy_id", "device_owner": "dummy_owner", "name": "_port_updated"}} times: 40 method_name: run timeout: 0 duration: None cls:
2019-11-22 02:11:39.941 30232 INFO rally.task.runner [-] Task 2be5f54d-1a89-4cb7-bd31-666cc6824fbd | ITER: 1 START
2019-11-22 02:11:39.943 30235 RALLYDEBUG rally.task.runner [-] Starting a worker. concurrency: 2 args: {"network_create_args": {}, "port_create_args": {}, "ports_per_network": 5, "port_update_args": {"admin_state_up": false, "device_id": "dummy_id", "device_owner": "dummy_owner", "name": "_port_updated"}} times: 40 method_name: run timeout: 0 duration: None cls:
2019-11-22 02:11:39.946 30232 WARNING rally_openstack.scenarios.neutron.utils [-] Running this scenario without either the 'network' or 'existing_network' context is deprecated
2019-11-22 02:11:39.947 30236 RALLYDEBUG rally.task.runner [-] Starting a worker. concurrency: 1 args: {"network_create_args": {}, "port_create_args": {}, "ports_per_network": 5, "port_update_args": {"admin_state_up": false, "device_id": "dummy_id", "device_owner": "dummy_owner", "name": "_port_updated"}} times: 40 method_name: run timeout: 0 duration: None cls:
2019-11-22 02:11:39.949 30233 INFO rally.task.runner [-] Task 2be5f54d-1a89-4cb7-bd31-666cc6824fbd | ITER: 2 START
2019-11-22 02:11:39.950 30234 INFO rally.task.runner [-] Task 2be5f54d-1a89-4cb7-bd31-666cc6824fbd | ITER: 4 START
2019-11-22 02:11:39.951 30239 RALLYDEBUG rally.task.runner [-] Starting a worker. concurrency: 1 args: {"network_create_args": {}, "port_create_args": {}, "ports_per_network": 5, "port_update_args": {"admin_state_up": false, "device_id": "dummy_id", "device_owner": "dummy_owner", "name": "_port_updated"}} times: 40 method_name: run timeout: 0 duration: None cls:
2019-11-22 02:11:39.951 30233 INFO rally.task.runner [-] Task 2be5f54d-1a89-4cb7-bd31-666cc6824fbd | ITER: 5 START
2019-11-22 02:11:39.952 30233 WARNING rally_openstack.scenarios.neutron.utils [-] Running this scenario without either the 'network' or 'existing_network' context is deprecated
2019-11-22 02:11:39.954 30235 INFO rally.task.runner [-] Task 2be5f54d-1a89-4cb7-bd31-666cc6824fbd | ITER: 6 START
2019-11-22 02:11:39.955 30236 INFO rally.task.runner [-] Task 2be5f54d-1a89-4cb7-bd31-666cc6824fbd | ITER: 9 START
2019-11-22 02:11:39.955 30234 WARNING rally_openstack.scenarios.neutron.utils [-] Running this scenario without either the 'network' or 'existing_network' context is deprecated
2019-11-22 02:11:39.953 30233 WARNING rally_openstack.scenarios.neutron.utils [-] Running this scenario without either the 'network' or 'existing_network' context is deprecated
2019-11-22 02:11:39.956 30235 WARNING rally_openstack.scenarios.neutron.utils [-] Running this scenario without either the 'network' or 'existing_network' context is deprecated
2019-11-22 02:11:39.956 30236 WARNING rally_openstack.scenarios.neutron.utils [-] Running this scenario without either the 'network' or 'existing_network' context is deprecated
2019-11-22 02:11:39.956 30243 RALLYDEBUG rally.task.runner [-] Starting a worker. concurrency: 1 args: {"network_create_args": {}, "port_create_args": {}, "ports_per_network": 5, "port_update_args": {"admin_state_up": false, "device_id": "dummy_id", "device_owner": "dummy_owner", "name": "_port_updated"}} times: 40 method_name: run timeout: 0 duration: None cls:
2019-11-22 02:11:39.958 30239 INFO rally.task.runner [-] Task 2be5f54d-1a89-4cb7-bd31-666cc6824fbd | ITER: 10 START
2019-11-22 02:11:39.958 30249 RALLYDEBUG rally.task.runner [-] Starting a worker. concurrency: 1 args: {"network_create_args": {}, "port_create_args": {}, "ports_per_network": 5, "port_update_args": {"admin_state_up": false, "device_id": "dummy_id", "device_owner": "dummy_owner", "name": "_port_updated"}} times: 40 method_name: run timeout: 0 duration: None cls:
2019-11-22 02:11:39.960 30239 WARNING rally_openstack.scenarios.neutron.utils [-] Running this scenario without either the 'network' or 'existing_network' context is deprecated
2019-11-22 02:11:39.963 30243 INFO rally.task.runner [-] Task 2be5f54d-1a89-4cb7-bd31-666cc6824fbd | ITER: 11 START
2019-11-22 02:11:39.964 30243 WARNING rally_openstack.scenarios.neutron.utils [-] Running this scenario without either the 'network' or 'existing_network' context is deprecated
2019-11-22 02:11:39.964 30255 RALLYDEBUG rally.task.runner [-] Starting a worker. concurrency: 1 args: {"network_create_args": {}, "port_create_args": {}, "ports_per_network": 5, "port_update_args": {"admin_state_up": false, "device_id": "dummy_id", "device_owner": "dummy_owner", "name": "_port_updated"}} times: 40 method_name: run timeout: 0 duration: None cls:
2019-11-22 02:11:39.966 30232 INFO rally.task.runner [-] Task 2be5f54d-1a89-4cb7-bd31-666cc6824fbd | ITER: 3 START
2019-11-22 02:11:39.968 30249 INFO rally.task.runner [-] Task 2be5f54d-1a89-4cb7-bd31-666cc6824fbd | ITER: 12 START
2019-11-22 02:11:39.969 30235 INFO rally.task.runner [-] Task 2be5f54d-1a89-4cb7-bd31-666cc6824fbd | ITER: 8 START
2019-11-22 02:11:39.966 30232 WARNING rally_openstack.scenarios.neutron.utils [-] Running this scenario without either the 'network' or 'existing_network' context is deprecated
2019-11-22 02:11:39.969 30249 WARNING rally_openstack.scenarios.neutron.utils [-] Running this scenario without either the 'network' or 'existing_network' context is deprecated
2019-11-22 02:11:39.970 30255 INFO rally.task.runner [-] Task 2be5f54d-1a89-4cb7-bd31-666cc6824fbd | ITER: 13 START
2019-11-22 02:11:39.972 30255 WARNING rally_openstack.scenarios.neutron.utils [-] Running this scenario without either the 'network' or 'existing_network' context is deprecated
2019-11-22 02:11:39.969 30234 INFO rally.task.runner [-] Task 2be5f54d-1a89-4cb7-bd31-666cc6824fbd | ITER: 7 START
2019-11-22 02:11:39.972 30260 RALLYDEBUG rally.task.runner [-] Starting a worker. concurrency: 1 args: {"network_create_args": {}, "port_create_args": {}, "ports_per_network": 5, "port_update_args": {"admin_state_up": false, "device_id": "dummy_id", "device_owner": "dummy_owner", "name": "_port_updated"}} times: 40 method_name: run timeout: 0 duration: None cls:
2019-11-22 02:11:39.970 30235 WARNING rally_openstack.scenarios.neutron.utils [-] Running this scenario without either the 'network' or 'existing_network' context is deprecated
2019-11-22 02:11:39.973 30234 WARNING rally_openstack.scenarios.neutron.utils [-] Running this scenario without either the 'network' or 'existing_network' context is deprecated
2019-11-22 02:11:39.980 30260 INFO rally.task.runner [-] Task 2be5f54d-1a89-4cb7-bd31-666cc6824fbd | ITER: 14 START
2019-11-22 02:11:39.982 30260 WARNING rally_openstack.scenarios.neutron.utils [-] Running this scenario without either the 'network' or 'existing_network' context is deprecated
2019-11-22 02:11:39.986 30266 RALLYDEBUG rally.task.runner [-] Starting a worker. concurrency: 1 args: {"network_create_args": {}, "port_create_args": {}, "ports_per_network": 5, "port_update_args": {"admin_state_up": false, "device_id": "dummy_id", "device_owner": "dummy_owner", "name": "_port_updated"}} times: 40 method_name: run timeout: 0 duration: None cls:
2019-11-22 02:11:39.992 30266 INFO rally.task.runner [-] Task 2be5f54d-1a89-4cb7-bd31-666cc6824fbd | ITER: 15 START
2019-11-22 02:11:39.994 30266 WARNING rally_openstack.scenarios.neutron.utils [-] Running this scenario without either the 'network' or 'existing_network' context is deprecated
2019-11-22 02:11:39.995 30267 RALLYDEBUG rally.task.runner [-] Starting a worker. concurrency: 1 args: {"network_create_args": {}, "port_create_args": {}, "ports_per_network": 5, "port_update_args": {"admin_state_up": false, "device_id": "dummy_id", "device_owner": "dummy_owner", "name": "_port_updated"}} times: 40 method_name: run timeout: 0 duration: None cls:
2019-11-22 02:11:39.999 30270 RALLYDEBUG rally.task.runner [-] Starting a worker. concurrency: 1 args: {"network_create_args": {}, "port_create_args": {}, "ports_per_network": 5, "port_update_args": {"admin_state_up": false, "device_id": "dummy_id", "device_owner": "dummy_owner", "name": "_port_updated"}} times: 40 method_name: run timeout: 0 duration: None cls:
2019-11-22 02:11:40.000 30267 INFO rally.task.runner [-] Task 2be5f54d-1a89-4cb7-bd31-666cc6824fbd | ITER: 16 START
2019-11-22 02:11:40.001 30267 WARNING rally_openstack.scenarios.neutron.utils [-] Running this scenario without either the 'network' or 'existing_network' context is deprecated
2019-11-22 02:11:40.005 30270 INFO rally.task.runner [-] Task 2be5f54d-1a89-4cb7-bd31-666cc6824fbd | ITER: 17 START
2019-11-22 02:11:40.004 30271 RALLYDEBUG rally.task.runner [-] Starting a worker. concurrency: 1 args: {"network_create_args": {}, "port_create_args": {}, "ports_per_network": 5, "port_update_args": {"admin_state_up": false, "device_id": "dummy_id", "device_owner": "dummy_owner", "name": "_port_updated"}} times: 40 method_name: run timeout: 0 duration: None cls:
2019-11-22 02:11:40.006 30270 WARNING rally_openstack.scenarios.neutron.utils [-] Running this scenario without either the 'network' or 'existing_network' context is deprecated
2019-11-22 02:11:40.008 30274 RALLYDEBUG rally.task.runner [-] Starting a worker. concurrency: 1 args: {"network_create_args": {}, "port_create_args": {}, "ports_per_network": 5, "port_update_args": {"admin_state_up": false, "device_id": "dummy_id", "device_owner": "dummy_owner", "name": "_port_updated"}} times: 40 method_name: run timeout: 0 duration: None cls:
2019-11-22 02:11:40.010 30271 INFO rally.task.runner [-] Task 2be5f54d-1a89-4cb7-bd31-666cc6824fbd | ITER: 18 START
2019-11-22 02:11:40.011 30271 WARNING rally_openstack.scenarios.neutron.utils [-] Running this scenario without either the 'network' or 'existing_network' context is deprecated
2019-11-22 02:11:40.011 30277 RALLYDEBUG rally.task.runner [-] Starting a worker. concurrency: 1 args: {"network_create_args": {}, "port_create_args": {}, "ports_per_network": 5, "port_update_args": {"admin_state_up": false, "device_id": "dummy_id", "device_owner": "dummy_owner", "name": "_port_updated"}} times: 40 method_name: run timeout: 0 duration: None cls:
2019-11-22 02:11:40.014 30274 INFO rally.task.runner [-] Task 2be5f54d-1a89-4cb7-bd31-666cc6824fbd | ITER: 19 START
2019-11-22 02:11:40.015 30274 WARNING rally_openstack.scenarios.neutron.utils [-] Running this scenario without either the 'network' or 'existing_network' context is deprecated
2019-11-22 02:11:40.017 30277 INFO rally.task.runner [-] Task 2be5f54d-1a89-4cb7-bd31-666cc6824fbd | ITER: 20 START
2019-11-22 02:11:40.018 30277 WARNING rally_openstack.scenarios.neutron.utils [-] Running this scenario without either the 'network' or 'existing_network' context is deprecated
2019-11-22 02:11:49.657 30274 INFO rally.task.runner [-] Task 2be5f54d-1a89-4cb7-bd31-666cc6824fbd | ITER: 19 END: OK
2019-11-22 02:11:49.663 30274 INFO rally.task.runner [-] Task 2be5f54d-1a89-4cb7-bd31-666cc6824fbd | ITER: 21 START
2019-11-22 02:11:49.663 30274 WARNING rally_openstack.scenarios.neutron.utils [-] Running this scenario without either the 'network' or 'existing_network' context is deprecated
2019-11-22 02:11:50.602 30267 INFO rally.task.runner [-] Task 2be5f54d-1a89-4cb7-bd31-666cc6824fbd | ITER: 16 END: OK
2019-11-22 02:11:50.607 30267 INFO rally.task.runner [-] Task 2be5f54d-1a89-4cb7-bd31-666cc6824fbd | ITER: 22 START
2019-11-22 02:11:50.608 30267 WARNING rally_openstack.scenarios.neutron.utils [-] Running this scenario without either the 'network' or 'existing_network' context is deprecated
2019-11-22 02:11:51.571 30243 INFO rally.task.runner [-] Task 2be5f54d-1a89-4cb7-bd31-666cc6824fbd | ITER: 11 END: OK
2019-11-22 02:11:51.577 30243 INFO rally.task.runner [-] Task 2be5f54d-1a89-4cb7-bd31-666cc6824fbd | ITER: 23 START
2019-11-22 02:11:51.577 30243 WARNING rally_openstack.scenarios.neutron.utils [-] Running this scenario without either the 'network' or 'existing_network' context is deprecated
2019-11-22 02:11:51.723 30271 INFO rally.task.runner [-] Task 2be5f54d-1a89-4cb7-bd31-666cc6824fbd | ITER: 18 END: OK
2019-11-22 02:11:51.729 30271 INFO rally.task.runner [-] Task 2be5f54d-1a89-4cb7-bd31-666cc6824fbd | ITER: 24 START
2019-11-22 02:11:51.730 30271 WARNING rally_openstack.scenarios.neutron.utils [-] Running this scenario without either the 'network' or 'existing_network' context is deprecated
2019-11-22 02:11:52.023 30235 INFO rally.task.runner [-] Task 2be5f54d-1a89-4cb7-bd31-666cc6824fbd | ITER: 8 END: OK
2019-11-22 02:11:52.028 30235 INFO rally.task.runner [-] Task 2be5f54d-1a89-4cb7-bd31-666cc6824fbd | ITER: 25 START
2019-11-22 02:11:52.029 30235 WARNING rally_openstack.scenarios.neutron.utils [-] Running this scenario without either the 'network' or 'existing_network' context is deprecated
2019-11-22 02:11:52.177 30255 INFO rally.task.runner [-] Task 2be5f54d-1a89-4cb7-bd31-666cc6824fbd | ITER: 13 END: OK
2019-11-22 02:11:52.181 30255 INFO rally.task.runner [-] Task 2be5f54d-1a89-4cb7-bd31-666cc6824fbd | ITER: 26 START
2019-11-22 02:11:52.182 30255 WARNING rally_openstack.scenarios.neutron.utils [-] Running this scenario without either the 'network' or 'existing_network' context is deprecated
2019-11-22 02:11:52.628 30235 INFO rally.task.runner [-] Task 2be5f54d-1a89-4cb7-bd31-666cc6824fbd | ITER: 6 END: OK
2019-11-22 02:11:52.632 30235 INFO rally.task.runner [-] Task 2be5f54d-1a89-4cb7-bd31-666cc6824fbd | ITER: 27 START
2019-11-22 02:11:52.633 30235 WARNING rally_openstack.scenarios.neutron.utils [-] Running this scenario without either the 'network' or 'existing_network' context is deprecated
2019-11-22 02:11:52.640 30233 INFO rally.task.runner [-] Task 2be5f54d-1a89-4cb7-bd31-666cc6824fbd | ITER: 2 END: OK
2019-11-22 02:11:52.644 30233 INFO rally.task.runner [-] Task 2be5f54d-1a89-4cb7-bd31-666cc6824fbd | ITER: 28 START
2019-11-22 02:11:52.645 30233 WARNING rally_openstack.scenarios.neutron.utils [-] Running this scenario without either the 'network' or 'existing_network' context is deprecated
2019-11-22 02:11:53.153 30239 INFO rally.task.runner [-] Task 2be5f54d-1a89-4cb7-bd31-666cc6824fbd | ITER: 10 END: OK
2019-11-22 02:11:53.158 30239 INFO rally.task.runner [-] Task 2be5f54d-1a89-4cb7-bd31-666cc6824fbd | ITER: 29 START
2019-11-22 02:11:53.159 30239 WARNING rally_openstack.scenarios.neutron.utils [-] Running this scenario without either the 'network' or 'existing_network' context is deprecated
2019-11-22 02:11:53.432 30236 INFO rally.task.runner [-] Task 2be5f54d-1a89-4cb7-bd31-666cc6824fbd | ITER: 9 END: OK
2019-11-22 02:11:53.438 30236 INFO rally.task.runner [-] Task 2be5f54d-1a89-4cb7-bd31-666cc6824fbd | ITER: 30 START
2019-11-22 02:11:53.439 30236 WARNING rally_openstack.scenarios.neutron.utils [-] Running this scenario without either the 'network' or 'existing_network' context is deprecated
2019-11-22 02:11:54.002 30234 INFO rally.task.runner [-] Task 2be5f54d-1a89-4cb7-bd31-666cc6824fbd | ITER: 7 END: OK
2019-11-22 02:11:54.008 30234 INFO rally.task.runner [-] Task 2be5f54d-1a89-4cb7-bd31-666cc6824fbd | ITER: 31 START
2019-11-22 02:11:54.008 30234 WARNING rally_openstack.scenarios.neutron.utils [-] Running this scenario without either the 'network' or 'existing_network' context is deprecated
2019-11-22 02:11:54.543 30260 INFO rally.task.runner [-] Task 2be5f54d-1a89-4cb7-bd31-666cc6824fbd | ITER: 14 END: OK
2019-11-22 02:11:54.549 30260 INFO rally.task.runner [-] Task 2be5f54d-1a89-4cb7-bd31-666cc6824fbd | ITER: 32 START
2019-11-22 02:11:54.549 30260 WARNING rally_openstack.scenarios.neutron.utils [-] Running this scenario without either the 'network' or 'existing_network' context is deprecated
2019-11-22 02:11:54.564 30249 INFO rally.task.runner [-] Task 2be5f54d-1a89-4cb7-bd31-666cc6824fbd | ITER: 12 END: OK
2019-11-22 02:11:54.569 30249 INFO rally.task.runner [-] Task 2be5f54d-1a89-4cb7-bd31-666cc6824fbd | ITER: 33 START
2019-11-22 02:11:54.570 30249 WARNING rally_openstack.scenarios.neutron.utils [-] Running this scenario without either the 'network' or 'existing_network' context is deprecated
2019-11-22 02:11:54.683 30277 INFO rally.task.runner [-] Task 2be5f54d-1a89-4cb7-bd31-666cc6824fbd | ITER: 20 END: OK
2019-11-22 02:11:54.688 30277 INFO rally.task.runner [-] Task 2be5f54d-1a89-4cb7-bd31-666cc6824fbd | ITER: 34 START
2019-11-22 02:11:54.689 30277 WARNING rally_openstack.scenarios.neutron.utils [-] Running this scenario without either the 'network' or 'existing_network' context is deprecated
2019-11-22 02:11:54.850 30232 INFO rally.task.runner [-] Task 2be5f54d-1a89-4cb7-bd31-666cc6824fbd | ITER: 3 END: OK
2019-11-22 02:11:54.855 30232 INFO rally.task.runner [-] Task 2be5f54d-1a89-4cb7-bd31-666cc6824fbd | ITER: 35 START
2019-11-22 02:11:54.856 30232 WARNING rally_openstack.scenarios.neutron.utils [-] Running this scenario without either the 'network' or 'existing_network' context is deprecated
2019-11-22 02:11:54.881 30270 INFO rally.task.runner [-] Task 2be5f54d-1a89-4cb7-bd31-666cc6824fbd | ITER: 17 END: OK
2019-11-22 02:11:54.886 30270 INFO rally.task.runner [-] Task 2be5f54d-1a89-4cb7-bd31-666cc6824fbd | ITER: 36 START
2019-11-22 02:11:54.887 30270 WARNING rally_openstack.scenarios.neutron.utils [-] Running this scenario without either the 'network' or 'existing_network' context is deprecated
2019-11-22 02:11:55.103 30232 INFO rally.task.runner [-] Task 2be5f54d-1a89-4cb7-bd31-666cc6824fbd | ITER: 1 END: OK
2019-11-22 02:11:55.108 30232 INFO rally.task.runner [-] Task 2be5f54d-1a89-4cb7-bd31-666cc6824fbd | ITER: 37 START
2019-11-22 02:11:55.109 30232 WARNING rally_openstack.scenarios.neutron.utils [-] Running this scenario without either the 'network' or 'existing_network' context is deprecated
2019-11-22 02:11:55.122 30266 INFO rally.task.runner [-] Task 2be5f54d-1a89-4cb7-bd31-666cc6824fbd | ITER: 15 END: OK
2019-11-22 02:11:55.127 30266 INFO rally.task.runner [-] Task 2be5f54d-1a89-4cb7-bd31-666cc6824fbd | ITER: 38 START
2019-11-22 02:11:55.127 30266 WARNING rally_openstack.scenarios.neutron.utils [-] Running this scenario without either the 'network' or 'existing_network' context is deprecated
2019-11-22 02:11:55.447 30233 INFO rally.task.runner [-] Task 2be5f54d-1a89-4cb7-bd31-666cc6824fbd | ITER: 5 END: OK
2019-11-22 02:11:55.451 30233 INFO rally.task.runner [-] Task 2be5f54d-1a89-4cb7-bd31-666cc6824fbd | ITER: 39 START
2019-11-22 02:11:55.452 30233 WARNING rally_openstack.scenarios.neutron.utils [-] Running this scenario without either the 'network' or 'existing_network' context is deprecated
2019-11-22 02:11:56.121 30234 INFO rally.task.runner [-] Task 2be5f54d-1a89-4cb7-bd31-666cc6824fbd | ITER: 4 END: OK
2019-11-22 02:11:56.126 30234 INFO rally.task.runner [-] Task 2be5f54d-1a89-4cb7-bd31-666cc6824fbd | ITER: 40 START
2019-11-22 02:11:56.127 30234 WARNING rally_openstack.scenarios.neutron.utils [-] Running this scenario without either the 'network' or 'existing_network' context is deprecated
2019-11-22 02:11:59.700 30274 INFO rally.task.runner [-] Task 2be5f54d-1a89-4cb7-bd31-666cc6824fbd | ITER: 21 END: OK
2019-11-22 02:12:01.318 30243 INFO rally.task.runner [-] Task 2be5f54d-1a89-4cb7-bd31-666cc6824fbd | ITER: 23 END: OK
2019-11-22 02:12:02.175 30235 INFO rally.task.runner [-] Task 2be5f54d-1a89-4cb7-bd31-666cc6824fbd | ITER: 25 END: OK
2019-11-22 02:12:04.231 30260 INFO rally.task.runner [-] Task 2be5f54d-1a89-4cb7-bd31-666cc6824fbd | ITER: 32 END: OK
2019-11-22 02:12:04.540 30236 INFO rally.task.runner [-] Task 2be5f54d-1a89-4cb7-bd31-666cc6824fbd | ITER: 30 END: OK
2019-11-22 02:12:04.557 30271 INFO rally.task.runner [-] Task 2be5f54d-1a89-4cb7-bd31-666cc6824fbd | ITER: 24 END: OK
2019-11-22 02:12:04.681 30267 INFO rally.task.runner [-] Task 2be5f54d-1a89-4cb7-bd31-666cc6824fbd | ITER: 22 END: OK
2019-11-22 02:12:04.745 30233 INFO rally.task.runner [-] Task 2be5f54d-1a89-4cb7-bd31-666cc6824fbd | ITER: 28 END: OK
2019-11-22 02:12:05.173 30235 INFO rally.task.runner [-] Task 2be5f54d-1a89-4cb7-bd31-666cc6824fbd | ITER: 27 END: OK
2019-11-22 02:12:05.279 30234 INFO rally.task.runner [-] Task 2be5f54d-1a89-4cb7-bd31-666cc6824fbd | ITER: 31 END: OK
2019-11-22 02:12:05.482 30239 INFO rally.task.runner [-] Task 2be5f54d-1a89-4cb7-bd31-666cc6824fbd | ITER: 29 END: OK
2019-11-22 02:12:05.728 30233 INFO rally.task.runner [-] Task 2be5f54d-1a89-4cb7-bd31-666cc6824fbd | ITER: 39 END: OK
2019-11-22 02:12:05.827 30232 INFO rally.task.runner [-] Task 2be5f54d-1a89-4cb7-bd31-666cc6824fbd | ITER: 37 END: OK
2019-11-22 02:12:06.011 30266 INFO rally.task.runner [-] Task 2be5f54d-1a89-4cb7-bd31-666cc6824fbd | ITER: 38 END: OK
2019-11-22 02:12:06.180 30232 INFO rally.task.runner [-] Task 2be5f54d-1a89-4cb7-bd31-666cc6824fbd | ITER: 35 END: OK
2019-11-22 02:12:06.224 30270 INFO rally.task.runner [-] Task 2be5f54d-1a89-4cb7-bd31-666cc6824fbd | ITER: 36 END: OK
2019-11-22 02:12:06.296 30277 INFO rally.task.runner [-] Task 2be5f54d-1a89-4cb7-bd31-666cc6824fbd | ITER: 34 END: OK
2019-11-22 02:12:06.452 30255 INFO rally.task.runner [-] Task 2be5f54d-1a89-4cb7-bd31-666cc6824fbd | ITER: 26 END: OK
2019-11-22 02:12:06.612 30249 INFO rally.task.runner [-] Task 2be5f54d-1a89-4cb7-bd31-666cc6824fbd | ITER: 33 END: OK
2019-11-22 02:12:07.954 30234 INFO rally.task.runner [-] Task 2be5f54d-1a89-4cb7-bd31-666cc6824fbd | ITER: 40 END: OK
2019-11-22 02:12:07.979 26156 INFO rally.task.context [-] Task 2be5f54d-1a89-4cb7-bd31-666cc6824fbd | Context cleanup@openstack cleanup() started
2019-11-22 02:12:07.982 26156 RALLYDEBUG rally_openstack.cleanup.manager [-] Cleaning up neutron vip objects
2019-11-22 02:12:08.372 26156 RALLYDEBUG rally_openstack.cleanup.manager [-] Cleaning up neutron health_monitor objects
2019-11-22 02:12:08.759 26156 RALLYDEBUG rally_openstack.cleanup.manager [-] Cleaning up neutron pool objects
2019-11-22 02:12:09.160 26156 RALLYDEBUG rally_openstack.cleanup.manager [-] Cleaning up neutron loadbalancer objects
2019-11-22 02:12:09.558 26156 RALLYDEBUG rally_openstack.cleanup.manager [-] Cleaning up neutron floatingip objects
2019-11-22 02:12:09.983 26156 RALLYDEBUG rally_openstack.cleanup.manager [-] Cleaning up neutron trunk objects
2019-11-22 02:12:10.394 26156 RALLYDEBUG rally_openstack.cleanup.manager [-] Cleaning up neutron port objects
2019-11-22 02:12:11.264 26156 RALLYDEBUG rally_openstack.cleanup.manager [-] Deleting neutron.port object s_rally_47b71ef0_LMksAEdl (02f49bae-95f2-44bf-a1f7-eb9658e885b4)
2019-11-22 02:12:11.268 26156 RALLYDEBUG rally_openstack.cleanup.manager [-] Deleting neutron.port object s_rally_47b71ef0_Fk37rToY (1538f1a6-5e1e-4876-b076-6695eaa93d44)
2019-11-22 02:12:11.272 26156 RALLYDEBUG rally_openstack.cleanup.manager [-] Deleting neutron.port object s_rally_47b71ef0_JxozhnUz (03aa8e1d-ddbd-4561-9f16-9143465ed311)
2019-11-22 02:12:11.273 26156 RALLYDEBUG rally_openstack.cleanup.manager [-] Deleting neutron.port object s_rally_47b71ef0_7XkOupkO (141dae68-ab6c-43dc-aaff-e1190211a61b)
2019-11-22 02:12:11.275 26156 RALLYDEBUG rally_openstack.cleanup.manager [-] Deleting neutron.port object s_rally_47b71ef0_cGUNR5vR (14e137aa-1bb5-421f-8e23-cfd721552295)
2019-11-22 02:12:11.282 26156 RALLYDEBUG rally_openstack.cleanup.manager [-] Deleting neutron.port object s_rally_47b71ef0_HrTlp13h (14d555c3-3102-4101-8d7e-2d45b9f84ffe)
2019-11-22 02:12:11.282 26156 RALLYDEBUG rally_openstack.cleanup.manager [-] Deleting neutron.port object s_rally_47b71ef0_olhMHljR (1123b452-54c7-4f8b-9044-983c7a6f0eab)
2019-11-22 02:12:11.290 26156 RALLYDEBUG rally_openstack.cleanup.manager [-] Deleting neutron.port object s_rally_47b71ef0_erIu7eSJ (0aa5a70b-696e-4de6-b95b-485a5a78c8a5)
2019-11-22 02:12:11.298 26156 RALLYDEBUG rally_openstack.cleanup.manager [-] Deleting neutron.port object s_rally_47b71ef0_RB5MRc3m (144b3711-8de0-4107-a4ab-c7d66dbca1c5)
2019-11-22 02:12:11.302 26156 RALLYDEBUG rally_openstack.cleanup.manager [-] Deleting neutron.port object s_rally_47b71ef0_UEpy5H0p (0142ca81-386b-4f65-8624-1ccd30d4bb09)
2019-11-22 02:12:11.307 26156 RALLYDEBUG rally_openstack.cleanup.manager [-] Deleting neutron.port object s_rally_47b71ef0_FvBapVyu (121e10cc-9460-4a51-918f-9ad2a9d2b816)
2019-11-22 02:12:11.309 26156 RALLYDEBUG rally_openstack.cleanup.manager [-] Deleting neutron.port object s_rally_47b71ef0_Dhq4irif (062748de-9783-4f9b-8693-94360e27e95f)
2019-11-22 02:12:11.309 26156 RALLYDEBUG rally_openstack.cleanup.manager [-] Deleting neutron.port object s_rally_47b71ef0_g3L3JPHj (17c9497c-4baa-4de5-bd01-cef68c1c7c01)
2019-11-22 02:12:11.316 26156 RALLYDEBUG rally_openstack.cleanup.manager [-] Deleting neutron.port object s_rally_47b71ef0_n1Njvwij (17b09e27-3f3d-4e9c-b8b5-83f27e7bfb4d)
2019-11-22 02:12:11.321 26156 RALLYDEBUG rally_openstack.cleanup.manager [-] Deleting neutron.port object s_rally_47b71ef0_aYSLMt2d (0df164dc-4d78-46dd-9416-11ac6e45e4ae)
2019-11-22 02:12:11.322 26156 RALLYDEBUG rally_openstack.cleanup.manager [-] Deleting neutron.port object s_rally_47b71ef0_jr0Q3suI (136a5a34-8141-4731-99ba-14e01630345a)
2019-11-22 02:12:11.321 26156 RALLYDEBUG rally_openstack.cleanup.manager [-] Deleting neutron.port object s_rally_47b71ef0_TC8NdjcW (15691d31-3bdd-4682-b7f9-d017b5ca15b7)
2019-11-22 02:12:11.322 26156 RALLYDEBUG rally_openstack.cleanup.manager [-] Deleting neutron.port object s_rally_47b71ef0_veJMBHyW (12a629d3-bbe4-40c0-b58d-0bd43c0ba8c5)
2019-11-22 02:12:11.331 26156 RALLYDEBUG rally_openstack.cleanup.manager [-] Deleting neutron.port object s_rally_47b71ef0_ikiVHkIS (0a93bae6-1540-4b73-a0bf-312b37c08dc6)
2019-11-22 02:12:11.339 26156 RALLYDEBUG rally_openstack.cleanup.manager [-] Deleting neutron.port object s_rally_47b71ef0_key6Nys0 (0fd0cb25-cf41-4f9d-8312-cb5def9d23ae)
2019-11-22 02:12:13.495 26156 RALLYDEBUG rally_openstack.cleanup.manager [-] Deleting neutron.port object s_rally_47b71ef0_vIEMRV4E (1a371e78-62ca-43fe-b6d3-f353bf74d531)
2019-11-22 02:12:13.511 26156 RALLYDEBUG rally_openstack.cleanup.manager [-] Deleting neutron.port object s_rally_47b71ef0_1xV55Dqg (1bcd4542-b38a-4013-8015-897e8554f82b)
2019-11-22 02:12:13.728 26156 RALLYDEBUG rally_openstack.cleanup.manager [-] Deleting neutron.port object s_rally_47b71ef0_CUXLxmzo (1bdff0e6-d77a-42b1-a073-da592a6d4afb)
2019-11-22 02:12:13.829 26156 RALLYDEBUG rally_openstack.cleanup.manager [-] Deleting neutron.port object s_rally_47b71ef0_YzXqWTnS (1c08c12b-720a-4256-871e-9d71ea000eed)
2019-11-22 02:12:13.884 26156 RALLYDEBUG rally_openstack.cleanup.manager [-] Deleting neutron.port object s_rally_47b71ef0_S1Vw3ik9 (1cc845eb-a960-4668-aa5d-04d99997b77b)
2019-11-22 02:12:13.892 26156 RALLYDEBUG rally_openstack.cleanup.manager [-] Deleting neutron.port object s_rally_47b71ef0_0c9jDKoK (1cc8df50-6437-409f-98e3-103c0c9d59f0)
2019-11-22 02:12:13.981 26156 RALLYDEBUG rally_openstack.cleanup.manager [-] Deleting neutron.port object s_rally_47b71ef0_jU9LGAuq (1ddf1028-c1ae-4c97-a92c-a0f46ffcbca9)
2019-11-22 02:12:14.047 26156 RALLYDEBUG rally_openstack.cleanup.manager [-] Deleting neutron.port object s_rally_47b71ef0_Sx4yijgo (1f446420-3900-49c7-b60d-f5c2ea995cfe)
2019-11-22 02:12:14.062 26156 RALLYDEBUG rally_openstack.cleanup.manager [-] Deleting neutron.port object s_rally_47b71ef0_mhShCStM (1f70b930-1e25-4eb3-a8a6-186ee2109b47)
2019-11-22 02:12:14.140 26156 RALLYDEBUG rally_openstack.cleanup.manager [-] Deleting neutron.port object s_rally_47b71ef0_FNw7jfFg (206af962-b265-4a7a-8109-49bb5947cc03)
2019-11-22 02:12:14.158 26156 RALLYDEBUG rally_openstack.cleanup.manager [-] Deleting neutron.port object s_rally_47b71ef0_kip2n2oW (22b835db-f9e3-4d8b-bb8b-080bd2114b72)
2019-11-22 02:12:14.159 26156 RALLYDEBUG rally_openstack.cleanup.manager [-] Deleting neutron.port object s_rally_47b71ef0_6FHLhsAg (2279f682-d95d-4c8a-b262-138760084ed9)
2019-11-22 02:12:14.168 26156 RALLYDEBUG rally_openstack.cleanup.manager [-] Deleting neutron.port object s_rally_47b71ef0_CH4jacyo (2354b987-13a0-465a-96d4-b34565c54411)
2019-11-22 02:12:14.196 26156 RALLYDEBUG rally_openstack.cleanup.manager [-] Deleting neutron.port object s_rally_47b71ef0_9VnFUQlW (24fee537-cde8-4153-bf8c-168d3f24ebae)
2019-11-22 02:12:14.211 26156 RALLYDEBUG rally_openstack.cleanup.manager [-] Deleting neutron.port object s_rally_47b71ef0_WMK4cBdM (26881547-840b-4efb-918e-6d0816b52b4f)
2019-11-22 02:12:14.240 26156 RALLYDEBUG rally_openstack.cleanup.manager [-] Deleting neutron.port object s_rally_47b71ef0_BxDIxtGR (2a281e4e-1ad9-4c9a-ad43-bc3c0d93bac5)
2019-11-22 02:12:14.247 26156 RALLYDEBUG rally_openstack.cleanup.manager [-] Deleting neutron.port object s_rally_47b71ef0_8AHAuuQp (27626c1d-303b-4650-ad44-54810d2c8a3c)
2019-11-22 02:12:14.281 26156 RALLYDEBUG rally_openstack.cleanup.manager [-] Deleting neutron.port object s_rally_47b71ef0_N2PhvCyk (2c5ade47-ab75-4f5c-bec7-7cad4f94ca34)
2019-11-22 02:12:14.289 26156 RALLYDEBUG rally_openstack.cleanup.manager [-] Deleting neutron.port object s_rally_47b71ef0_RejoXe7A (2c74db5a-b9bb-4a36-ac48-472294fe2e2d)
2019-11-22 02:12:14.424 26156 RALLYDEBUG rally_openstack.cleanup.manager [-] Deleting neutron.port object s_rally_47b71ef0_4ul9fZOu (2e4b7c52-b995-484a-9d57-72920a282d5f)
2019-11-22 02:12:15.305 26156 RALLYDEBUG rally_openstack.cleanup.manager [-] Deleting neutron.port object s_rally_47b71ef0_E2SodJ7o (3006d199-6482-445a-bc39-247bfeff2b2f)
2019-11-22 02:12:15.321 26156 RALLYDEBUG rally_openstack.cleanup.manager [-] Deleting neutron.port object s_rally_47b71ef0_Umkcg9SH (3443d135-b4c5-4811-a2d0-882592608c53)
2019-11-22 02:12:15.613 26156 RALLYDEBUG rally_openstack.cleanup.manager [-] Deleting neutron.port object s_rally_47b71ef0_J2RAC1rb (34acc4d2-ae6d-43b0-bf10-cc7117d17764)
2019-11-22 02:12:15.843 26156 RALLYDEBUG rally_openstack.cleanup.manager [-] Deleting neutron.port object s_rally_47b71ef0_ZPpJ9EB1 (34cbb5d5-f88b-44ec-9c5f-94a1f14f3c18)
2019-11-22 02:12:15.917 26156 RALLYDEBUG rally_openstack.cleanup.manager [-] Deleting neutron.port object s_rally_47b71ef0_etKZ1jwa (351f4c46-33db-492b-a4e2-a8ebb6ee0901)
2019-11-22 02:12:16.260 26156 RALLYDEBUG rally_openstack.cleanup.manager [-] Deleting neutron.port object s_rally_47b71ef0_B0jQdqCa (3794ee5c-9e10-4724-9f31-6e21fa429dda)
2019-11-22 02:12:16.420 26156 RALLYDEBUG rally_openstack.cleanup.manager [-] Deleting neutron.port object s_rally_47b71ef0_ducBgrDi (37e024bb-ea2c-4fee-9bc4-92122a3a6986)
2019-11-22 02:12:16.438 26156 RALLYDEBUG rally_openstack.cleanup.manager [-] Deleting neutron.port object s_rally_47b71ef0_6nbGqVrf (3aa09758-85e6-4851-b921-85b02e815025)
2019-11-22 02:12:16.443 26156 RALLYDEBUG rally_openstack.cleanup.manager [-] Deleting neutron.port object s_rally_47b71ef0_aeGmWSRK (3d353efb-3dd9-45e2-a237-03cd211ab4ed)
2019-11-22 02:12:16.534 26156 RALLYDEBUG rally_openstack.cleanup.manager [-] Deleting neutron.port object s_rally_47b71ef0_OAPhWYcg (3ebe0fce-23cb-49be-8c06-79b274ecee3b)
2019-11-22 02:12:16.564 26156 RALLYDEBUG rally_openstack.cleanup.manager [-] Deleting neutron.port object s_rally_47b71ef0_TgubHrwm (418adba1-9aa4-418f-99de-d437a5f9fb4b)
2019-11-22 02:12:16.595 26156 RALLYDEBUG rally_openstack.cleanup.manager [-] Deleting neutron.port object s_rally_47b71ef0_t0DEQK7v (419177a2-c897-4345-83a2-a3edb98eaca4)
2019-11-22 02:12:16.618 26156 RALLYDEBUG rally_openstack.cleanup.manager [-] Deleting neutron.port object s_rally_47b71ef0_jCCFCeJ2 (4196341f-12c7-47e7-bf11-9f520e7f3ba5)
2019-11-22 02:12:16.711 26156 RALLYDEBUG rally_openstack.cleanup.manager [-] Deleting neutron.port object s_rally_47b71ef0_84YloPSI (48bd32e9-eddc-4e65-b840-1e410d8fb19c)
2019-11-22 02:12:16.731 26156 RALLYDEBUG rally_openstack.cleanup.manager [-] Deleting neutron.port object s_rally_47b71ef0_VTjWUm77 (4a818af8-a780-4bab-9979-8e326cd95caf)
2019-11-22 02:12:16.755 26156 RALLYDEBUG rally_openstack.cleanup.manager [-] Deleting neutron.port object s_rally_47b71ef0_jRTB6nf8 (4adb9346-2596-4fa0-b8f0-67f39e314cb1)
2019-11-22 02:12:17.049 26156 RALLYDEBUG rally_openstack.cleanup.manager [-] Deleting neutron.port object s_rally_47b71ef0_1DuLM0D0 (4d734850-3f52-4a5d-baf7-c5fe80efdc0b)
2019-11-22 02:12:17.138 26156 RALLYDEBUG rally_openstack.cleanup.manager [-] Deleting neutron.port object s_rally_47b71ef0_jffJV6RU (4dbc6012-70f0-4e3a-9f09-9ec7a463b385)
2019-11-22 02:12:17.177 26156 RALLYDEBUG rally_openstack.cleanup.manager [-] Deleting neutron.port object s_rally_47b71ef0_0IiiENqW (4dc7188d-1b4e-4eae-a3b8-b48e8fb6a1a2)
2019-11-22 02:12:17.185 26156 RALLYDEBUG rally_openstack.cleanup.manager [-] Deleting neutron.port object s_rally_47b71ef0_AtzNrYVV (4e31538f-0583-4bb6-bf1e-b99382001484)
