2019-11-21 23:54:13.382 8 RALLYDEBUG rally.api [-] INFO logs from urllib3 and requests module are hide.
2019-11-21 23:54:13.383 8 RALLYDEBUG rally.api [-] urllib3 insecure warnings are hidden.
2019-11-21 23:54:13.383 8 RALLYDEBUG rally.api [-] ERROR log from boto module is hide.
2019-11-21 23:54:15.183 8 ERROR rally.cli.cliutils [-] Unexpected exception in CLI: DBRecordNotFound: Record for uuid or name is opnfv-rally not found in table envs
2019-11-21 23:54:15.183 8 ERROR rally.cli.cliutils
Traceback (most recent call last):
2019-11-21 23:54:15.183 8 ERROR rally.cli.cliutils
File "/usr/lib/python2.7/site-packages/rally/cli/cliutils.py", line 674, in run
2019-11-21 23:54:15.183 8 ERROR rally.cli.cliutils ret = fn(*fn_args, **fn_kwargs)
2019-11-21 23:54:15.183 8 ERROR rally.cli.cliutils File "", line 2, in destroy
2019-11-21 23:54:15.183 8 ERROR rally.cli.cliutils
File "/usr/lib/python2.7/site-packages/rally/cli/envutils.py", line 68, in default_from_global
2019-11-21 23:54:15.183 8 ERROR rally.cli.cliutils return f(*args, **kwargs)
2019-11-21 23:54:15.183 8 ERROR rally.cli.cliutils File "", line 2, in destroy
2019-11-21 23:54:15.183 8 ERROR rally.cli.cliutils
File "/usr/lib/python2.7/site-packages/rally/plugins/__init__.py", line 51, in ensure_plugins_are_loaded
2019-11-21 23:54:15.183 8 ERROR rally.cli.cliutils return f(*args, **kwargs)
2019-11-21 23:54:15.183 8 ERROR rally.cli.cliutils
File "/usr/lib/python2.7/site-packages/rally/cli/commands/deployment.py", line 157, in destroy
2019-11-21 23:54:15.183 8 ERROR rally.cli.cliutils api.deployment.destroy(deployment=deployment)
2019-11-21 23:54:15.183 8 ERROR rally.cli.cliutils
File "/usr/lib/python2.7/site-packages/rally/api.py", line 115, in destroy
2019-11-21 23:54:15.183 8 ERROR rally.cli.cliutils deploy = objects.Deployment.get(deployment)
2019-11-21 23:54:15.183 8 ERROR rally.cli.cliutils
File "/usr/lib/python2.7/site-packages/rally/common/objects/deploy.py", line 124, in get
2019-11-21 23:54:15.183 8 ERROR rally.cli.cliutils return Deployment(env_mgr.EnvManager.get(deploy))
2019-11-21 23:54:15.183 8 ERROR rally.cli.cliutils
File "/usr/lib/python2.7/site-packages/rally/env/env_mgr.py", line 212, in get
2019-11-21 23:54:15.183 8 ERROR rally.cli.cliutils return cls(db.env_get(uuid_or_name))
2019-11-21 23:54:15.183 8 ERROR rally.cli.cliutils
File "/usr/lib/python2.7/site-packages/rally/common/db/api.py", line 135, in wrapper
2019-11-21 23:54:15.183 8 ERROR rally.cli.cliutils result = f(session, *args, **kwargs)
2019-11-21 23:54:15.183 8 ERROR rally.cli.cliutils
File "/usr/lib/python2.7/site-packages/rally/common/db/api.py", line 521, in env_get
2019-11-21 23:54:15.183 8 ERROR rally.cli.cliutils criteria="uuid or name is %s" % uuid_or_name, table="envs")
2019-11-21 23:54:15.183 8 ERROR rally.cli.cliutils DBRecordNotFound: Record for uuid or name is opnfv-rally not found in table envs
2019-11-21 23:54:15.183 8 ERROR rally.cli.cliutils
2019-11-21 23:54:16.039 10 RALLYDEBUG rally.api [-] INFO logs from urllib3 and requests module are hide.
2019-11-21 23:54:16.040 10 RALLYDEBUG rally.api [-] urllib3 insecure warnings are hidden.
2019-11-21 23:54:16.040 10 RALLYDEBUG rally.api [-] ERROR log from boto module is hide.
2019-11-21 23:54:18.947 12 RALLYDEBUG rally.api [-] INFO logs from urllib3 and requests module are hide.
2019-11-21 23:54:18.947 12 RALLYDEBUG rally.api [-] urllib3 insecure warnings are hidden.
2019-11-21 23:54:18.947 12 RALLYDEBUG rally.api [-] ERROR log from boto module is hide.
2019-11-21 23:54:22.304 15 RALLYDEBUG rally.api [-] INFO logs from urllib3 and requests module are hide.
2019-11-21 23:54:22.305 15 RALLYDEBUG rally.api [-] urllib3 insecure warnings are hidden.
2019-11-21 23:54:22.305 15 RALLYDEBUG rally.api [-] ERROR log from boto module is hide.
2019-11-21 23:54:23.397 17 RALLYDEBUG rally.api [-] INFO logs from urllib3 and requests module are hide.
2019-11-21 23:54:23.398 17 RALLYDEBUG rally.api [-] urllib3 insecure warnings are hidden.
2019-11-21 23:54:23.398 17 RALLYDEBUG rally.api [-] ERROR log from boto module is hide.
2019-11-21 23:54:25.059 17 INFO rally.task.engine [-] Task 838223b6-bdad-4ea4-8ddc-0cc925a4f1fc | Starting: Task validation.
2019-11-21 23:54:25.107 17 INFO rally.task.engine [-] Task 838223b6-bdad-4ea4-8ddc-0cc925a4f1fc | Starting: Task validation of syntax.
2019-11-21 23:54:25.192 17 INFO rally.task.engine [-] Task 838223b6-bdad-4ea4-8ddc-0cc925a4f1fc | Completed: Task validation of syntax.
2019-11-21 23:54:25.192 17 INFO rally.task.engine [-] Task 838223b6-bdad-4ea4-8ddc-0cc925a4f1fc | Starting: Task validation of required platforms.
2019-11-21 23:54:25.234 17 INFO rally.task.engine [-] Task 838223b6-bdad-4ea4-8ddc-0cc925a4f1fc | Completed: Task validation of required platforms.
2019-11-21 23:54:25.234 17 INFO rally.task.engine [-] Task 838223b6-bdad-4ea4-8ddc-0cc925a4f1fc | Starting: Task validation of semantic.
2019-11-21 23:54:25.234 17 INFO rally.task.engine [-] Check health of the environment '863f856b-ab57-4912-9f06-2911753c60db'.
2019-11-21 23:54:26.108 17 INFO rally.task.engine [-] Platform existing@openstack (available: True): OK!
2019-11-21 23:54:26.129 17 RALLYDEBUG rally_openstack.contexts.keystone.users [-] Creating 1 tenants using 20 threads
2019-11-21 23:54:26.980 17 RALLYDEBUG rally_openstack.contexts.keystone.users [-] Creating 1 users using 20 threads
2019-11-21 23:54:28.341 17 INFO rally.task.context [-] Task 838223b6-bdad-4ea4-8ddc-0cc925a4f1fc | Context users@openstack setup() finished in 2.21 sec
2019-11-21 23:54:28.403 17 INFO rally.task.context [-] Task 838223b6-bdad-4ea4-8ddc-0cc925a4f1fc | Context users@openstack cleanup() started
2019-11-21 23:54:31.397 17 INFO rally.task.context [-] Task 838223b6-bdad-4ea4-8ddc-0cc925a4f1fc | Context users@openstack cleanup() finished in 2.99 sec
2019-11-21 23:54:31.398 17 INFO rally.task.engine [-] Task 838223b6-bdad-4ea4-8ddc-0cc925a4f1fc | Completed: Task validation of semantic.
2019-11-21 23:54:31.398 17 INFO rally.task.engine [-] Task 838223b6-bdad-4ea4-8ddc-0cc925a4f1fc | Completed: Task validation.
2019-11-21 23:54:31.398 17 INFO rally.api [-] Task 838223b6-bdad-4ea4-8ddc-0cc925a4f1fc input file is valid.
2019-11-21 23:54:31.399 17 INFO rally.api [-] Run Task 838223b6-bdad-4ea4-8ddc-0cc925a4f1fc against Deployment 863f856b-ab57-4912-9f06-2911753c60db
2019-11-21 23:54:31.399 17 INFO rally.task.engine [-] Task 838223b6-bdad-4ea4-8ddc-0cc925a4f1fc | Starting: Running task.
2019-11-21 23:54:31.557 17 INFO rally.task.engine [-] Running workload: position = 0 config = { "version": 2, "title": "A cropped version of a bigger task.", "description": "Auto-generated task from a single workload (uuid=cfd4cce4-182a-4b2a-9213-66f59fa77bde)", "subtasks": [ { "title": "Authenticate.keystone", "description": "Check Keystone Client.", "scenario": { "Authenticate.keystone": {} }, "contexts": { "users": { "tenants": 3, "users_per_tenant": 2 } }, "runner": { "constant": { "concurrency": 4, "times": 10 } }, "hooks": [], "sla": { "failure_rate": { "max": 0 } } } ] }
2019-11-21 23:54:31.582 17 RALLYDEBUG rally_openstack.contexts.keystone.users [-] Creating 3 tenants using 20 threads
2019-11-21 23:54:32.562 17 RALLYDEBUG rally_openstack.contexts.keystone.users [-] Creating 6 users using 20 threads
2019-11-21 23:54:34.247 17 INFO rally.task.context [-] Task 838223b6-bdad-4ea4-8ddc-0cc925a4f1fc | Context users@openstack setup() finished in 2.66 sec
2019-11-21 23:54:34.253 17 RALLYDEBUG rally.task.runner [-] Starting the constant runner (task UUID: 838223b6-bdad-4ea4-8ddc-0cc925a4f1fc). timeout: 0 concurrency: 4 concurrency_per_worker: 1 times: 10 concurrency_overhead: 0 processes_to_start: 4 max_cpu_used: 16
2019-11-21 23:54:34.354 141 RALLYDEBUG rally.task.runner [-] Starting a worker. concurrency: 1 args: {} times: 10 method_name: run timeout: 0 duration: None cls:
2019-11-21 23:54:34.357 142 RALLYDEBUG rally.task.runner [-] Starting a worker. concurrency: 1 args: {} times: 10 method_name: run timeout: 0 duration: None cls:
2019-11-21 23:54:34.360 143 RALLYDEBUG rally.task.runner [-] Starting a worker. concurrency: 1 args: {} times: 10 method_name: run timeout: 0 duration: None cls:
2019-11-21 23:54:34.361 141 INFO rally.task.runner [-] Task 838223b6-bdad-4ea4-8ddc-0cc925a4f1fc | ITER: 1 START
2019-11-21 23:54:34.363 144 RALLYDEBUG rally.task.runner [-] Starting a worker. concurrency: 1 args: {} times: 10 method_name: run timeout: 0 duration: None cls:
2019-11-21 23:54:34.364 142 INFO rally.task.runner [-] Task 838223b6-bdad-4ea4-8ddc-0cc925a4f1fc | ITER: 2 START
2019-11-21 23:54:34.367 143 INFO rally.task.runner [-] Task 838223b6-bdad-4ea4-8ddc-0cc925a4f1fc | ITER: 3 START
2019-11-21 23:54:34.370 144 INFO rally.task.runner [-] Task 838223b6-bdad-4ea4-8ddc-0cc925a4f1fc | ITER: 4 START
2019-11-21 23:54:35.095 142 INFO rally.task.runner [-] Task 838223b6-bdad-4ea4-8ddc-0cc925a4f1fc | ITER: 2 END: OK
2019-11-21 23:54:35.099 143 INFO rally.task.runner [-] Task 838223b6-bdad-4ea4-8ddc-0cc925a4f1fc | ITER: 3 END: OK
2019-11-21 23:54:35.100 142 INFO rally.task.runner [-] Task 838223b6-bdad-4ea4-8ddc-0cc925a4f1fc | ITER: 5 START
2019-11-21 23:54:35.102 144 INFO rally.task.runner [-] Task 838223b6-bdad-4ea4-8ddc-0cc925a4f1fc | ITER: 4 END: OK
2019-11-21 23:54:35.104 143 INFO rally.task.runner [-] Task 838223b6-bdad-4ea4-8ddc-0cc925a4f1fc | ITER: 6 START
2019-11-21 23:54:35.106 141 INFO rally.task.runner [-] Task 838223b6-bdad-4ea4-8ddc-0cc925a4f1fc | ITER: 1 END: OK
2019-11-21 23:54:35.106 144 INFO rally.task.runner [-] Task 838223b6-bdad-4ea4-8ddc-0cc925a4f1fc | ITER: 7 START
2019-11-21 23:54:35.110 141 INFO rally.task.runner [-] Task 838223b6-bdad-4ea4-8ddc-0cc925a4f1fc | ITER: 8 START
2019-11-21 23:54:35.741 142 INFO rally.task.runner [-] Task 838223b6-bdad-4ea4-8ddc-0cc925a4f1fc | ITER: 5 END: OK
2019-11-21 23:54:35.746 142 INFO rally.task.runner [-] Task 838223b6-bdad-4ea4-8ddc-0cc925a4f1fc | ITER: 9 START
2019-11-21 23:54:35.762 141 INFO rally.task.runner [-] Task 838223b6-bdad-4ea4-8ddc-0cc925a4f1fc | ITER: 8 END: OK
2019-11-21 23:54:35.766 141 INFO rally.task.runner [-] Task 838223b6-bdad-4ea4-8ddc-0cc925a4f1fc | ITER: 10 START
2019-11-21 23:54:35.820 144 INFO rally.task.runner [-] Task 838223b6-bdad-4ea4-8ddc-0cc925a4f1fc | ITER: 7 END: OK
2019-11-21 23:54:35.937 143 INFO rally.task.runner [-] Task 838223b6-bdad-4ea4-8ddc-0cc925a4f1fc | ITER: 6 END: OK
2019-11-21 23:54:36.381 142 INFO rally.task.runner [-] Task 838223b6-bdad-4ea4-8ddc-0cc925a4f1fc | ITER: 9 END: OK
2019-11-21 23:54:36.411 141 INFO rally.task.runner [-] Task 838223b6-bdad-4ea4-8ddc-0cc925a4f1fc | ITER: 10 END: OK
2019-11-21 23:54:36.433 17 INFO rally.task.context [-] Task 838223b6-bdad-4ea4-8ddc-0cc925a4f1fc | Context users@openstack cleanup() started
2019-11-21 23:54:41.001 17 INFO rally.task.context [-] Task 838223b6-bdad-4ea4-8ddc-0cc925a4f1fc | Context users@openstack cleanup() finished in 4.57 sec
2019-11-21 23:54:41.651 17 INFO rally.task.engine [-] Load duration is: 2.049125
2019-11-21 23:54:41.652 17 INFO rally.task.engine [-] Full runner duration is: 2.179803
2019-11-21 23:54:41.652 17 INFO rally.task.engine [-] Full duration is: 9.423363
2019-11-21 23:54:42.102 17 INFO rally.task.engine [-] Running workload: position = 0 config = { "version": 2, "title": "A cropped version of a bigger task.", "description": "Auto-generated task from a single workload (uuid=705d37c6-d84c-4658-914e-0cd23a1e4ddd)", "subtasks": [ { "title": "Authenticate.validate_cinder", "description": "Check Cinder Client to ensure validation of token.", "scenario": { "Authenticate.validate_cinder": { "repetitions": 2 } }, "contexts": { "users": { "tenants": 3, "users_per_tenant": 2 } }, "runner": { "constant": { "concurrency": 4, "times": 10 } }, "hooks": [], "sla": { "failure_rate": { "max": 0 } } } ] }
2019-11-21 23:54:42.132 17 RALLYDEBUG rally_openstack.contexts.keystone.users [-] Creating 3 tenants using 20 threads
2019-11-21 23:54:43.192 17 RALLYDEBUG rally_openstack.contexts.keystone.users [-] Creating 6 users using 20 threads
2019-11-21 23:54:44.833 17 INFO rally.task.context [-] Task 838223b6-bdad-4ea4-8ddc-0cc925a4f1fc | Context users@openstack setup() finished in 2.70 sec
2019-11-21 23:54:44.843 17 RALLYDEBUG rally.task.runner [-] Starting the constant runner (task UUID: 838223b6-bdad-4ea4-8ddc-0cc925a4f1fc). timeout: 0 concurrency: 4 concurrency_per_worker: 1 times: 10 concurrency_overhead: 0 processes_to_start: 4 max_cpu_used: 16
2019-11-21 23:54:44.856 245 RALLYDEBUG rally.task.runner [-] Starting a worker. concurrency: 1 args: {"repetitions": 2} times: 10 method_name: run timeout: 0 duration: None cls:
2019-11-21 23:54:44.859 246 RALLYDEBUG rally.task.runner [-] Starting a worker. concurrency: 1 args: {"repetitions": 2} times: 10 method_name: run timeout: 0 duration: None cls:
2019-11-21 23:54:44.862 247 RALLYDEBUG rally.task.runner [-] Starting a worker. concurrency: 1 args: {"repetitions": 2} times: 10 method_name: run timeout: 0 duration: None cls:
2019-11-21 23:54:44.864 245 INFO rally.task.runner [-] Task 838223b6-bdad-4ea4-8ddc-0cc925a4f1fc | ITER: 1 START
2019-11-21 23:54:44.866 248 RALLYDEBUG rally.task.runner [-] Starting a worker. concurrency: 1 args: {"repetitions": 2} times: 10 method_name: run timeout: 0 duration: None cls:
2019-11-21 23:54:44.867 246 INFO rally.task.runner [-] Task 838223b6-bdad-4ea4-8ddc-0cc925a4f1fc | ITER: 2 START
2019-11-21 23:54:44.870 247 INFO rally.task.runner [-] Task 838223b6-bdad-4ea4-8ddc-0cc925a4f1fc | ITER: 3 START
2019-11-21 23:54:44.873 248 INFO rally.task.runner [-] Task 838223b6-bdad-4ea4-8ddc-0cc925a4f1fc | ITER: 4 START
2019-11-21 23:54:45.537 246 INFO rally.task.runner [-] Task 838223b6-bdad-4ea4-8ddc-0cc925a4f1fc | ITER: 2 END: OK
2019-11-21 23:54:45.538 245 INFO rally.task.runner [-] Task 838223b6-bdad-4ea4-8ddc-0cc925a4f1fc | ITER: 1 END: OK
2019-11-21 23:54:45.540 246 INFO rally.task.runner [-] Task 838223b6-bdad-4ea4-8ddc-0cc925a4f1fc | ITER: 5 START
2019-11-21 23:54:45.542 245 INFO rally.task.runner [-] Task 838223b6-bdad-4ea4-8ddc-0cc925a4f1fc | ITER: 6 START
2019-11-21 23:54:45.552 247 INFO rally.task.runner [-] Task 838223b6-bdad-4ea4-8ddc-0cc925a4f1fc | ITER: 3 END: OK
2019-11-21 23:54:45.557 247 INFO rally.task.runner [-] Task 838223b6-bdad-4ea4-8ddc-0cc925a4f1fc | ITER: 7 START
2019-11-21 23:54:45.563 248 INFO rally.task.runner [-] Task 838223b6-bdad-4ea4-8ddc-0cc925a4f1fc | ITER: 4 END: OK
2019-11-21 23:54:45.566 248 INFO rally.task.runner [-] Task 838223b6-bdad-4ea4-8ddc-0cc925a4f1fc | ITER: 8 START
2019-11-21 23:54:45.960 245 INFO rally.task.runner [-] Task 838223b6-bdad-4ea4-8ddc-0cc925a4f1fc | ITER: 6 END: OK
2019-11-21 23:54:45.961 247 INFO rally.task.runner [-] Task 838223b6-bdad-4ea4-8ddc-0cc925a4f1fc | ITER: 7 END: OK
2019-11-21 23:54:45.965 245 INFO rally.task.runner [-] Task 838223b6-bdad-4ea4-8ddc-0cc925a4f1fc | ITER: 9 START
2019-11-21 23:54:45.966 247 INFO rally.task.runner [-] Task 838223b6-bdad-4ea4-8ddc-0cc925a4f1fc | ITER: 10 START
2019-11-21 23:54:46.052 246 INFO rally.task.runner [-] Task 838223b6-bdad-4ea4-8ddc-0cc925a4f1fc | ITER: 5 END: OK
2019-11-21 23:54:46.072 248 INFO rally.task.runner [-] Task 838223b6-bdad-4ea4-8ddc-0cc925a4f1fc | ITER: 8 END: OK
2019-11-21 23:54:46.438 245 INFO rally.task.runner [-] Task 838223b6-bdad-4ea4-8ddc-0cc925a4f1fc | ITER: 9 END: OK
2019-11-21 23:54:46.596 247 INFO rally.task.runner [-] Task 838223b6-bdad-4ea4-8ddc-0cc925a4f1fc | ITER: 10 END: OK
2019-11-21 23:54:46.619 17 INFO rally.task.context [-] Task 838223b6-bdad-4ea4-8ddc-0cc925a4f1fc | Context users@openstack cleanup() started
2019-11-21 23:54:51.000 17 INFO rally.task.context [-] Task 838223b6-bdad-4ea4-8ddc-0cc925a4f1fc | Context users@openstack cleanup() finished in 4.38 sec
2019-11-21 23:54:52.207 17 INFO rally.task.engine [-] Load duration is: 1.73096
2019-11-21 23:54:52.208 17 INFO rally.task.engine [-] Full runner duration is: 1.777471
2019-11-21 23:54:52.208 17 INFO rally.task.engine [-] Full duration is: 8.872565
2019-11-21 23:54:52.557 17 INFO rally.task.engine [-] Running workload: position = 0 config = { "version": 2, "title": "A cropped version of a bigger task.", "description": "Auto-generated task from a single workload (uuid=af4e8655-bec9-43f9-84ea-2b6e65776b5c)", "subtasks": [ { "title": "Authenticate.validate_glance", "description": "Check Glance Client to ensure validation of token.", "scenario": { "Authenticate.validate_glance": { "repetitions": 2 } }, "contexts": { "users": { "tenants": 3, "users_per_tenant": 2 } }, "runner": { "constant": { "concurrency": 4, "times": 10 } }, "hooks": [], "sla": { "failure_rate": { "max": 0 } } } ] }
2019-11-21 23:54:52.585 17 RALLYDEBUG rally_openstack.contexts.keystone.users [-] Creating 3 tenants using 20 threads
2019-11-21 23:54:53.711 17 RALLYDEBUG rally_openstack.contexts.keystone.users [-] Creating 6 users using 20 threads
2019-11-21 23:54:55.571 17 INFO rally.task.context [-] Task 838223b6-bdad-4ea4-8ddc-0cc925a4f1fc | Context users@openstack setup() finished in 2.99 sec
2019-11-21 23:54:55.581 17 RALLYDEBUG rally.task.runner [-] Starting the constant runner (task UUID: 838223b6-bdad-4ea4-8ddc-0cc925a4f1fc). timeout: 0 concurrency: 4 concurrency_per_worker: 1 times: 10 concurrency_overhead: 0 processes_to_start: 4 max_cpu_used: 16
2019-11-21 23:54:55.595 349 RALLYDEBUG rally.task.runner [-] Starting a worker. concurrency: 1 args: {"repetitions": 2} times: 10 method_name: run timeout: 0 duration: None cls:
2019-11-21 23:54:55.598 350 RALLYDEBUG rally.task.runner [-] Starting a worker. concurrency: 1 args: {"repetitions": 2} times: 10 method_name: run timeout: 0 duration: None cls:
2019-11-21 23:54:55.601 351 RALLYDEBUG rally.task.runner [-] Starting a worker. concurrency: 1 args: {"repetitions": 2} times: 10 method_name: run timeout: 0 duration: None cls:
2019-11-21 23:54:55.602 349 INFO rally.task.runner [-] Task 838223b6-bdad-4ea4-8ddc-0cc925a4f1fc | ITER: 1 START
2019-11-21 23:54:55.605 352 RALLYDEBUG rally.task.runner [-] Starting a worker. concurrency: 1 args: {"repetitions": 2} times: 10 method_name: run timeout: 0 duration: None cls:
2019-11-21 23:54:55.606 350 INFO rally.task.runner [-] Task 838223b6-bdad-4ea4-8ddc-0cc925a4f1fc | ITER: 2 START
2019-11-21 23:54:55.609 351 INFO rally.task.runner [-] Task 838223b6-bdad-4ea4-8ddc-0cc925a4f1fc | ITER: 3 START
2019-11-21 23:54:55.612 352 INFO rally.task.runner [-] Task 838223b6-bdad-4ea4-8ddc-0cc925a4f1fc | ITER: 4 START
2019-11-21 23:54:56.436 350 INFO rally.task.runner [-] Task 838223b6-bdad-4ea4-8ddc-0cc925a4f1fc | ITER: 2 END: OK
2019-11-21 23:54:56.441 349 INFO rally.task.runner [-] Task 838223b6-bdad-4ea4-8ddc-0cc925a4f1fc | ITER: 1 END: OK
2019-11-21 23:54:56.442 350 INFO rally.task.runner [-] Task 838223b6-bdad-4ea4-8ddc-0cc925a4f1fc | ITER: 5 START
2019-11-21 23:54:56.446 349 INFO rally.task.runner [-] Task 838223b6-bdad-4ea4-8ddc-0cc925a4f1fc | ITER: 6 START
2019-11-21 23:54:56.451 352 INFO rally.task.runner [-] Task 838223b6-bdad-4ea4-8ddc-0cc925a4f1fc | ITER: 4 END: OK
2019-11-21 23:54:56.457 352 INFO rally.task.runner [-] Task 838223b6-bdad-4ea4-8ddc-0cc925a4f1fc | ITER: 7 START
2019-11-21 23:54:56.462 351 INFO rally.task.runner [-] Task 838223b6-bdad-4ea4-8ddc-0cc925a4f1fc | ITER: 3 END: OK
2019-11-21 23:54:56.467 351 INFO rally.task.runner [-] Task 838223b6-bdad-4ea4-8ddc-0cc925a4f1fc | ITER: 8 START
2019-11-21 23:54:57.062 352 INFO rally.task.runner [-] Task 838223b6-bdad-4ea4-8ddc-0cc925a4f1fc | ITER: 7 END: OK
2019-11-21 23:54:57.066 352 INFO rally.task.runner [-] Task 838223b6-bdad-4ea4-8ddc-0cc925a4f1fc | ITER: 9 START
2019-11-21 23:54:57.117 350 INFO rally.task.runner [-] Task 838223b6-bdad-4ea4-8ddc-0cc925a4f1fc | ITER: 5 END: OK
2019-11-21 23:54:57.117 349 INFO rally.task.runner [-] Task 838223b6-bdad-4ea4-8ddc-0cc925a4f1fc | ITER: 6 END: OK
2019-11-21 23:54:57.122 350 INFO rally.task.runner [-] Task 838223b6-bdad-4ea4-8ddc-0cc925a4f1fc | ITER: 10 START
2019-11-21 23:54:57.144 351 INFO rally.task.runner [-] Task 838223b6-bdad-4ea4-8ddc-0cc925a4f1fc | ITER: 8 END: OK
2019-11-21 23:54:57.651 352 INFO rally.task.runner [-] Task 838223b6-bdad-4ea4-8ddc-0cc925a4f1fc | ITER: 9 END: OK
2019-11-21 23:54:57.668 350 INFO rally.task.runner [-] Task 838223b6-bdad-4ea4-8ddc-0cc925a4f1fc | ITER: 10 END: OK
2019-11-21 23:54:57.690 17 INFO rally.task.context [-] Task 838223b6-bdad-4ea4-8ddc-0cc925a4f1fc | Context users@openstack cleanup() started
2019-11-21 23:55:02.048 17 INFO rally.task.context [-] Task 838223b6-bdad-4ea4-8ddc-0cc925a4f1fc | Context users@openstack cleanup() finished in 4.36 sec
2019-11-21 23:55:02.642 17 INFO rally.task.engine [-] Load duration is: 2.064126
2019-11-21 23:55:02.642 17 INFO rally.task.engine [-] Full runner duration is: 2.108637
2019-11-21 23:55:02.643 17 INFO rally.task.engine [-] Full duration is: 9.46721
2019-11-21 23:55:03.270 17 INFO rally.task.engine [-] Running workload: position = 0 config = { "version": 2, "title": "A cropped version of a bigger task.", "description": "Auto-generated task from a single workload (uuid=3ee27e2b-1aed-41c0-8c00-2bfe8e143c73)", "subtasks": [ { "title": "Authenticate.validate_heat", "description": "Check Heat Client to ensure validation of token.", "scenario": { "Authenticate.validate_heat": { "repetitions": 2 } }, "contexts": { "users": { "tenants": 3, "users_per_tenant": 2 } }, "runner": { "constant": { "concurrency": 4, "times": 10 } }, "hooks": [], "sla": { "failure_rate": { "max": 0 } } } ] }
2019-11-21 23:55:03.296 17 RALLYDEBUG rally_openstack.contexts.keystone.users [-] Creating 3 tenants using 20 threads
2019-11-21 23:55:04.301 17 RALLYDEBUG rally_openstack.contexts.keystone.users [-] Creating 6 users using 20 threads
2019-11-21 23:55:05.999 17 INFO rally.task.context [-] Task 838223b6-bdad-4ea4-8ddc-0cc925a4f1fc | Context users@openstack setup() finished in 2.70 sec
2019-11-21 23:55:06.005 17 RALLYDEBUG rally.task.runner [-] Starting the constant runner (task UUID: 838223b6-bdad-4ea4-8ddc-0cc925a4f1fc). timeout: 0 concurrency: 4 concurrency_per_worker: 1 times: 10 concurrency_overhead: 0 processes_to_start: 4 max_cpu_used: 16
2019-11-21 23:55:06.017 453 RALLYDEBUG rally.task.runner [-] Starting a worker. concurrency: 1 args: {"repetitions": 2} times: 10 method_name: run timeout: 0 duration: None cls:
2019-11-21 23:55:06.020 454 RALLYDEBUG rally.task.runner [-] Starting a worker. concurrency: 1 args: {"repetitions": 2} times: 10 method_name: run timeout: 0 duration: None cls:
2019-11-21 23:55:06.022 455 RALLYDEBUG rally.task.runner [-] Starting a worker. concurrency: 1 args: {"repetitions": 2} times: 10 method_name: run timeout: 0 duration: None cls:
2019-11-21 23:55:06.024 456 RALLYDEBUG rally.task.runner [-] Starting a worker. concurrency: 1 args: {"repetitions": 2} times: 10 method_name: run timeout: 0 duration: None cls:
2019-11-21 23:55:06.025 453 INFO rally.task.runner [-] Task 838223b6-bdad-4ea4-8ddc-0cc925a4f1fc | ITER: 1 START
2019-11-21 23:55:06.028 454 INFO rally.task.runner [-] Task 838223b6-bdad-4ea4-8ddc-0cc925a4f1fc | ITER: 2 START
2019-11-21 23:55:06.029 455 INFO rally.task.runner [-] Task 838223b6-bdad-4ea4-8ddc-0cc925a4f1fc | ITER: 3 START
2019-11-21 23:55:06.032 456 INFO rally.task.runner [-] Task 838223b6-bdad-4ea4-8ddc-0cc925a4f1fc | ITER: 4 START
2019-11-21 23:55:06.948 455 INFO rally.task.runner [-] Task 838223b6-bdad-4ea4-8ddc-0cc925a4f1fc | ITER: 3 END: OK
2019-11-21 23:55:06.954 455 INFO rally.task.runner [-] Task 838223b6-bdad-4ea4-8ddc-0cc925a4f1fc | ITER: 5 START
2019-11-21 23:55:07.010 456 INFO rally.task.runner [-] Task 838223b6-bdad-4ea4-8ddc-0cc925a4f1fc | ITER: 4 END: OK
2019-11-21 23:55:07.014 456 INFO rally.task.runner [-] Task 838223b6-bdad-4ea4-8ddc-0cc925a4f1fc | ITER: 6 START
2019-11-21 23:55:07.036 454 INFO rally.task.runner [-] Task 838223b6-bdad-4ea4-8ddc-0cc925a4f1fc | ITER: 2 END: OK
2019-11-21 23:55:07.041 454 INFO rally.task.runner [-] Task 838223b6-bdad-4ea4-8ddc-0cc925a4f1fc | ITER: 7 START
2019-11-21 23:55:07.152 453 INFO rally.task.runner [-] Task 838223b6-bdad-4ea4-8ddc-0cc925a4f1fc | ITER: 1 END: OK
2019-11-21 23:55:07.157 453 INFO rally.task.runner [-] Task 838223b6-bdad-4ea4-8ddc-0cc925a4f1fc | ITER: 8 START
2019-11-21 23:55:07.517 456 INFO rally.task.runner [-] Task 838223b6-bdad-4ea4-8ddc-0cc925a4f1fc | ITER: 6 END: OK
2019-11-21 23:55:07.521 456 INFO rally.task.runner [-] Task 838223b6-bdad-4ea4-8ddc-0cc925a4f1fc | ITER: 9 START
2019-11-21 23:55:07.741 453 INFO rally.task.runner [-] Task 838223b6-bdad-4ea4-8ddc-0cc925a4f1fc | ITER: 8 END: OK
2019-11-21 23:55:07.746 453 INFO rally.task.runner [-] Task 838223b6-bdad-4ea4-8ddc-0cc925a4f1fc | ITER: 10 START
2019-11-21 23:55:07.810 455 INFO rally.task.runner [-] Task 838223b6-bdad-4ea4-8ddc-0cc925a4f1fc | ITER: 5 END: OK
2019-11-21 23:55:07.870 454 INFO rally.task.runner [-] Task 838223b6-bdad-4ea4-8ddc-0cc925a4f1fc | ITER: 7 END: OK
2019-11-21 23:55:08.330 453 INFO rally.task.runner [-] Task 838223b6-bdad-4ea4-8ddc-0cc925a4f1fc | ITER: 10 END: OK
2019-11-21 23:55:08.597 456 INFO rally.task.runner [-] Task 838223b6-bdad-4ea4-8ddc-0cc925a4f1fc | ITER: 9 END: OK
2019-11-21 23:55:08.624 17 INFO rally.task.context [-] Task 838223b6-bdad-4ea4-8ddc-0cc925a4f1fc | Context users@openstack cleanup() started
2019-11-21 23:55:13.019 17 INFO rally.task.context [-] Task 838223b6-bdad-4ea4-8ddc-0cc925a4f1fc | Context users@openstack cleanup() finished in 4.40 sec
2019-11-21 23:55:13.382 17 INFO rally.task.engine [-] Load duration is: 2.570975
2019-11-21 23:55:13.383 17 INFO rally.task.engine [-] Full runner duration is: 2.618253
2019-11-21 23:55:13.383 17 INFO rally.task.engine [-] Full duration is: 9.726234
2019-11-21 23:55:13.936 17 INFO rally.task.engine [-] Running workload: position = 0 config = { "version": 2, "title": "A cropped version of a bigger task.", "description": "Auto-generated task from a single workload (uuid=3fb6f852-6913-4c95-9e1d-f5ca59f5e2ca)", "subtasks": [ { "title": "Authenticate.validate_neutron", "description": "Check Neutron Client to ensure validation of token.", "scenario": { "Authenticate.validate_neutron": { "repetitions": 2 } }, "contexts": { "users": { "tenants": 3, "users_per_tenant": 2 } }, "runner": { "constant": { "concurrency": 4, "times": 10 } }, "hooks": [], "sla": { "failure_rate": { "max": 0 } } } ] }
2019-11-21 23:55:13.962 17 RALLYDEBUG rally_openstack.contexts.keystone.users [-] Creating 3 tenants using 20 threads
2019-11-21 23:55:15.047 17 RALLYDEBUG rally_openstack.contexts.keystone.users [-] Creating 6 users using 20 threads
2019-11-21 23:55:16.784 17 INFO rally.task.context [-] Task 838223b6-bdad-4ea4-8ddc-0cc925a4f1fc | Context users@openstack setup() finished in 2.82 sec
2019-11-21 23:55:16.793 17 RALLYDEBUG rally.task.runner [-] Starting the constant runner (task UUID: 838223b6-bdad-4ea4-8ddc-0cc925a4f1fc). timeout: 0 concurrency: 4 concurrency_per_worker: 1 times: 10 concurrency_overhead: 0 processes_to_start: 4 max_cpu_used: 16
2019-11-21 23:55:16.806 557 RALLYDEBUG rally.task.runner [-] Starting a worker. concurrency: 1 args: {"repetitions": 2} times: 10 method_name: run timeout: 0 duration: None cls:
2019-11-21 23:55:16.809 558 RALLYDEBUG rally.task.runner [-] Starting a worker. concurrency: 1 args: {"repetitions": 2} times: 10 method_name: run timeout: 0 duration: None cls:
2019-11-21 23:55:16.812 559 RALLYDEBUG rally.task.runner [-] Starting a worker. concurrency: 1 args: {"repetitions": 2} times: 10 method_name: run timeout: 0 duration: None cls:
2019-11-21 23:55:16.813 557 INFO rally.task.runner [-] Task 838223b6-bdad-4ea4-8ddc-0cc925a4f1fc | ITER: 1 START
2019-11-21 23:55:16.815 560 RALLYDEBUG rally.task.runner [-] Starting a worker. concurrency: 1 args: {"repetitions": 2} times: 10 method_name: run timeout: 0 duration: None cls:
2019-11-21 23:55:16.817 558 INFO rally.task.runner [-] Task 838223b6-bdad-4ea4-8ddc-0cc925a4f1fc | ITER: 2 START
2019-11-21 23:55:16.819 559 INFO rally.task.runner [-] Task 838223b6-bdad-4ea4-8ddc-0cc925a4f1fc | ITER: 3 START
2019-11-21 23:55:16.822 560 INFO rally.task.runner [-] Task 838223b6-bdad-4ea4-8ddc-0cc925a4f1fc | ITER: 4 START
2019-11-21 23:55:17.558 560 INFO rally.task.runner [-] Task 838223b6-bdad-4ea4-8ddc-0cc925a4f1fc | ITER: 4 END: OK
2019-11-21 23:55:17.564 560 INFO rally.task.runner [-] Task 838223b6-bdad-4ea4-8ddc-0cc925a4f1fc | ITER: 5 START
2019-11-21 23:55:17.632 558 INFO rally.task.runner [-] Task 838223b6-bdad-4ea4-8ddc-0cc925a4f1fc | ITER: 2 END: OK
2019-11-21 23:55:17.637 558 INFO rally.task.runner [-] Task 838223b6-bdad-4ea4-8ddc-0cc925a4f1fc | ITER: 6 START
2019-11-21 23:55:17.690 557 INFO rally.task.runner [-] Task 838223b6-bdad-4ea4-8ddc-0cc925a4f1fc | ITER: 1 END: OK
2019-11-21 23:55:17.695 557 INFO rally.task.runner [-] Task 838223b6-bdad-4ea4-8ddc-0cc925a4f1fc | ITER: 7 START
2019-11-21 23:55:17.727 559 INFO rally.task.runner [-] Task 838223b6-bdad-4ea4-8ddc-0cc925a4f1fc | ITER: 3 END: OK
2019-11-21 23:55:17.732 559 INFO rally.task.runner [-] Task 838223b6-bdad-4ea4-8ddc-0cc925a4f1fc | ITER: 8 START
2019-11-21 23:55:18.409 559 INFO rally.task.runner [-] Task 838223b6-bdad-4ea4-8ddc-0cc925a4f1fc | ITER: 8 END: OK
2019-11-21 23:55:18.414 559 INFO rally.task.runner [-] Task 838223b6-bdad-4ea4-8ddc-0cc925a4f1fc | ITER: 9 START
2019-11-21 23:55:18.421 557 INFO rally.task.runner [-] Task 838223b6-bdad-4ea4-8ddc-0cc925a4f1fc | ITER: 7 END: OK
2019-11-21 23:55:18.426 557 INFO rally.task.runner [-] Task 838223b6-bdad-4ea4-8ddc-0cc925a4f1fc | ITER: 10 START
2019-11-21 23:55:18.601 558 INFO rally.task.runner [-] Task 838223b6-bdad-4ea4-8ddc-0cc925a4f1fc | ITER: 6 END: OK
2019-11-21 23:55:18.607 560 INFO rally.task.runner [-] Task 838223b6-bdad-4ea4-8ddc-0cc925a4f1fc | ITER: 5 END: OK
2019-11-21 23:55:19.075 559 INFO rally.task.runner [-] Task 838223b6-bdad-4ea4-8ddc-0cc925a4f1fc | ITER: 9 END: OK
2019-11-21 23:55:19.283 557 INFO rally.task.runner [-] Task 838223b6-bdad-4ea4-8ddc-0cc925a4f1fc | ITER: 10 END: OK
2019-11-21 23:55:19.304 17 INFO rally.task.context [-] Task 838223b6-bdad-4ea4-8ddc-0cc925a4f1fc | Context users@openstack cleanup() started
2019-11-21 23:55:23.494 17 INFO rally.task.context [-] Task 838223b6-bdad-4ea4-8ddc-0cc925a4f1fc | Context users@openstack cleanup() finished in 4.19 sec
2019-11-21 23:55:24.033 17 INFO rally.task.engine [-] Load duration is: 2.468729
2019-11-21 23:55:24.034 17 INFO rally.task.engine [-] Full runner duration is: 2.511673
2019-11-21 23:55:24.034 17 INFO rally.task.engine [-] Full duration is: 9.535605
2019-11-21 23:55:24.588 17 INFO rally.task.engine [-] Running workload: position = 0 config = { "version": 2, "title": "A cropped version of a bigger task.", "description": "Auto-generated task from a single workload (uuid=0bfb635c-3796-4e43-8b8e-f1aa2489db4c)", "subtasks": [ { "title": "Authenticate.validate_nova", "description": "Check Nova Client to ensure validation of token.", "scenario": { "Authenticate.validate_nova": { "repetitions": 2 } }, "contexts": { "users": { "tenants": 3, "users_per_tenant": 2 } }, "runner": { "constant": { "concurrency": 4, "times": 10 } }, "hooks": [], "sla": { "failure_rate": { "max": 0 } } } ] }
2019-11-21 23:55:24.615 17 RALLYDEBUG rally_openstack.contexts.keystone.users [-] Creating 3 tenants using 20 threads
2019-11-21 23:55:25.693 17 RALLYDEBUG rally_openstack.contexts.keystone.users [-] Creating 6 users using 20 threads
2019-11-21 23:55:27.445 17 INFO rally.task.context [-] Task 838223b6-bdad-4ea4-8ddc-0cc925a4f1fc | Context users@openstack setup() finished in 2.83 sec
2019-11-21 23:55:27.454 17 RALLYDEBUG rally.task.runner [-] Starting the constant runner (task UUID: 838223b6-bdad-4ea4-8ddc-0cc925a4f1fc). timeout: 0 concurrency: 4 concurrency_per_worker: 1 times: 10 concurrency_overhead: 0 processes_to_start: 4 max_cpu_used: 16
2019-11-21 23:55:27.468 661 RALLYDEBUG rally.task.runner [-] Starting a worker. concurrency: 1 args: {"repetitions": 2} times: 10 method_name: run timeout: 0 duration: None cls:
2019-11-21 23:55:27.471 662 RALLYDEBUG rally.task.runner [-] Starting a worker. concurrency: 1 args: {"repetitions": 2} times: 10 method_name: run timeout: 0 duration: None cls:
2019-11-21 23:55:27.474 663 RALLYDEBUG rally.task.runner [-] Starting a worker. concurrency: 1 args: {"repetitions": 2} times: 10 method_name: run timeout: 0 duration: None cls:
2019-11-21 23:55:27.475 661 INFO rally.task.runner [-] Task 838223b6-bdad-4ea4-8ddc-0cc925a4f1fc | ITER: 1 START
2019-11-21 23:55:27.477 664 RALLYDEBUG rally.task.runner [-] Starting a worker. concurrency: 1 args: {"repetitions": 2} times: 10 method_name: run timeout: 0 duration: None cls:
2019-11-21 23:55:27.478 662 INFO rally.task.runner [-] Task 838223b6-bdad-4ea4-8ddc-0cc925a4f1fc | ITER: 2 START
2019-11-21 23:55:27.481 663 INFO rally.task.runner [-] Task 838223b6-bdad-4ea4-8ddc-0cc925a4f1fc | ITER: 3 START
2019-11-21 23:55:27.484 664 INFO rally.task.runner [-] Task 838223b6-bdad-4ea4-8ddc-0cc925a4f1fc | ITER: 4 START
2019-11-21 23:55:27.954 664 DEBUG novaclient.v2.client [-] REQ: curl -g -i --cacert "/etc/ssl/certs/mcp_os_cacert" -X GET http://10.167.4.35:8774/v2.1/flavors/detail -H "Accept: application/json" -H "User-Agent: python-novaclient" -H "X-Auth-Token: {SHA1}99b3cd39e874e3f6f0cfd509815f475e277a0ded" _http_log_request /usr/lib/python2.7/site-packages/keystoneauth1/session.py:448
2019-11-21 23:55:27.954 661 DEBUG novaclient.v2.client [-] REQ: curl -g -i --cacert "/etc/ssl/certs/mcp_os_cacert" -X GET http://10.167.4.35:8774/v2.1/flavors/detail -H "Accept: application/json" -H "User-Agent: python-novaclient" -H "X-Auth-Token: {SHA1}9be2e3e8ecb2df534d1e45674dee0b837a82716d" _http_log_request /usr/lib/python2.7/site-packages/keystoneauth1/session.py:448
2019-11-21 23:55:27.967 662 DEBUG novaclient.v2.client [-] REQ: curl -g -i --cacert "/etc/ssl/certs/mcp_os_cacert" -X GET http://10.167.4.35:8774/v2.1/flavors/detail -H "Accept: application/json" -H "User-Agent: python-novaclient" -H "X-Auth-Token: {SHA1}33026a5a94a98ceb5173e0d09a077e2fb47003d8" _http_log_request /usr/lib/python2.7/site-packages/keystoneauth1/session.py:448
2019-11-21 23:55:28.083 663 DEBUG novaclient.v2.client [-] REQ: curl -g -i --cacert "/etc/ssl/certs/mcp_os_cacert" -X GET http://10.167.4.35:8774/v2.1/flavors/detail -H "Accept: application/json" -H "User-Agent: python-novaclient" -H "X-Auth-Token: {SHA1}bc1ed55a2a925f9ba8ffd1a25eeb0912062c8fb5" _http_log_request /usr/lib/python2.7/site-packages/keystoneauth1/session.py:448
2019-11-21 23:55:28.086 664 DEBUG novaclient.v2.client [-] RESP: [200] Connection: close Content-Length: 1014 Content-Type: application/json Date: Thu, 21 Nov 2019 23:55:28 GMT Openstack-Api-Version: compute 2.1 Vary: OpenStack-API-Version, X-OpenStack-Nova-API-Version X-Compute-Request-Id: req-14a02e33-8991-4ea3-8635-47edfda2634f X-Openstack-Nova-Api-Version: 2.1 X-Openstack-Request-Id: req-14a02e33-8991-4ea3-8635-47edfda2634f _http_log_response /usr/lib/python2.7/site-packages/keystoneauth1/session.py:479
2019-11-21 23:55:28.088 664 DEBUG novaclient.v2.client [-] RESP BODY: {"flavors": [{"name": "rally_full-flavor_alt_c40ff306-ae41-4c19-b5c3-14d429d988ca", "links": [{"href": "http://10.167.4.35:8774/v2.1/flavors/420fb20a-325d-4a2f-baf0-ed0e2583a7cd", "rel": "self"}, {"href": "http://10.167.4.35:8774/flavors/420fb20a-325d-4a2f-baf0-ed0e2583a7cd", "rel": "bookmark"}], "ram": 1024, "OS-FLV-DISABLED:disabled": false, "vcpus": 1, "swap": "", "os-flavor-access:is_public": true, "rxtx_factor": 1.0, "OS-FLV-EXT-DATA:ephemeral": 0, "disk": 1, "id": "420fb20a-325d-4a2f-baf0-ed0e2583a7cd"}, {"name": "rally_full-flavor_c40ff306-ae41-4c19-b5c3-14d429d988ca", "links": [{"href": "http://10.167.4.35:8774/v2.1/flavors/6a6521a6-aa3a-45fb-83f5-fe1e7f2191fe", "rel": "self"}, {"href": "http://10.167.4.35:8774/flavors/6a6521a6-aa3a-45fb-83f5-fe1e7f2191fe", "rel": "bookmark"}], "ram": 512, "OS-FLV-DISABLED:disabled": false, "vcpus": 1, "swap": "", "os-flavor-access:is_public": true, "rxtx_factor": 1.0, "OS-FLV-EXT-DATA:ephemeral": 0, "disk": 1, "id": "6a6521a6-aa3a-45fb-83f5-fe1e7f2191fe"}]} _http_log_response /usr/lib/python2.7/site-packages/keystoneauth1/session.py:511
2019-11-21 23:55:28.088 664 DEBUG novaclient.v2.client [-] GET call to compute for http://10.167.4.35:8774/v2.1/flavors/detail used request id req-14a02e33-8991-4ea3-8635-47edfda2634f request /usr/lib/python2.7/site-packages/keystoneauth1/session.py:844
2019-11-21 23:55:28.090 664 DEBUG novaclient.v2.client [-] REQ: curl -g -i --cacert "/etc/ssl/certs/mcp_os_cacert" -X GET http://10.167.4.35:8774/v2.1/flavors/detail -H "Accept: application/json" -H "User-Agent: python-novaclient" -H "X-Auth-Token: {SHA1}99b3cd39e874e3f6f0cfd509815f475e277a0ded" _http_log_request /usr/lib/python2.7/site-packages/keystoneauth1/session.py:448
2019-11-21 23:55:28.093 661 DEBUG novaclient.v2.client [-] RESP: [200] Connection: close Content-Length: 1014 Content-Type: application/json Date: Thu, 21 Nov 2019 23:55:28 GMT Openstack-Api-Version: compute 2.1 Vary: OpenStack-API-Version, X-OpenStack-Nova-API-Version X-Compute-Request-Id: req-4af9d710-6048-40c4-afc1-082904bf094d X-Openstack-Nova-Api-Version: 2.1 X-Openstack-Request-Id: req-4af9d710-6048-40c4-afc1-082904bf094d _http_log_response /usr/lib/python2.7/site-packages/keystoneauth1/session.py:479
2019-11-21 23:55:28.094 661 DEBUG novaclient.v2.client [-] RESP BODY: {"flavors": [{"name": "rally_full-flavor_alt_c40ff306-ae41-4c19-b5c3-14d429d988ca", "links": [{"href": "http://10.167.4.35:8774/v2.1/flavors/420fb20a-325d-4a2f-baf0-ed0e2583a7cd", "rel": "self"}, {"href": "http://10.167.4.35:8774/flavors/420fb20a-325d-4a2f-baf0-ed0e2583a7cd", "rel": "bookmark"}], "ram": 1024, "OS-FLV-DISABLED:disabled": false, "vcpus": 1, "swap": "", "os-flavor-access:is_public": true, "rxtx_factor": 1.0, "OS-FLV-EXT-DATA:ephemeral": 0, "disk": 1, "id": "420fb20a-325d-4a2f-baf0-ed0e2583a7cd"}, {"name": "rally_full-flavor_c40ff306-ae41-4c19-b5c3-14d429d988ca", "links": [{"href": "http://10.167.4.35:8774/v2.1/flavors/6a6521a6-aa3a-45fb-83f5-fe1e7f2191fe", "rel": "self"}, {"href": "http://10.167.4.35:8774/flavors/6a6521a6-aa3a-45fb-83f5-fe1e7f2191fe", "rel": "bookmark"}], "ram": 512, "OS-FLV-DISABLED:disabled": false, "vcpus": 1, "swap": "", "os-flavor-access:is_public": true, "rxtx_factor": 1.0, "OS-FLV-EXT-DATA:ephemeral": 0, "disk": 1, "id": "6a6521a6-aa3a-45fb-83f5-fe1e7f2191fe"}]} _http_log_response /usr/lib/python2.7/site-packages/keystoneauth1/session.py:511
2019-11-21 23:55:28.094 661 DEBUG novaclient.v2.client [-] GET call to compute for http://10.167.4.35:8774/v2.1/flavors/detail used request id req-4af9d710-6048-40c4-afc1-082904bf094d request /usr/lib/python2.7/site-packages/keystoneauth1/session.py:844
2019-11-21 23:55:28.095 661 DEBUG novaclient.v2.client [-] REQ: curl -g -i --cacert "/etc/ssl/certs/mcp_os_cacert" -X GET http://10.167.4.35:8774/v2.1/flavors/detail -H "Accept: application/json" -H "User-Agent: python-novaclient" -H "X-Auth-Token: {SHA1}9be2e3e8ecb2df534d1e45674dee0b837a82716d" _http_log_request /usr/lib/python2.7/site-packages/keystoneauth1/session.py:448
2019-11-21 23:55:28.103 662 DEBUG novaclient.v2.client [-] RESP: [200] Connection: close Content-Length: 1014 Content-Type: application/json Date: Thu, 21 Nov 2019 23:55:28 GMT Openstack-Api-Version: compute 2.1 Vary: OpenStack-API-Version, X-OpenStack-Nova-API-Version X-Compute-Request-Id: req-2787e1e8-4e2e-4e06-98a0-f0510d6888a2 X-Openstack-Nova-Api-Version: 2.1 X-Openstack-Request-Id: req-2787e1e8-4e2e-4e06-98a0-f0510d6888a2 _http_log_response /usr/lib/python2.7/site-packages/keystoneauth1/session.py:479
2019-11-21 23:55:28.104 662 DEBUG novaclient.v2.client [-] RESP BODY: {"flavors": [{"name": "rally_full-flavor_alt_c40ff306-ae41-4c19-b5c3-14d429d988ca", "links": [{"href": "http://10.167.4.35:8774/v2.1/flavors/420fb20a-325d-4a2f-baf0-ed0e2583a7cd", "rel": "self"}, {"href": "http://10.167.4.35:8774/flavors/420fb20a-325d-4a2f-baf0-ed0e2583a7cd", "rel": "bookmark"}], "ram": 1024, "OS-FLV-DISABLED:disabled": false, "vcpus": 1, "swap": "", "os-flavor-access:is_public": true, "rxtx_factor": 1.0, "OS-FLV-EXT-DATA:ephemeral": 0, "disk": 1, "id": "420fb20a-325d-4a2f-baf0-ed0e2583a7cd"}, {"name": "rally_full-flavor_c40ff306-ae41-4c19-b5c3-14d429d988ca", "links": [{"href": "http://10.167.4.35:8774/v2.1/flavors/6a6521a6-aa3a-45fb-83f5-fe1e7f2191fe", "rel": "self"}, {"href": "http://10.167.4.35:8774/flavors/6a6521a6-aa3a-45fb-83f5-fe1e7f2191fe", "rel": "bookmark"}], "ram": 512, "OS-FLV-DISABLED:disabled": false, "vcpus": 1, "swap": "", "os-flavor-access:is_public": true, "rxtx_factor": 1.0, "OS-FLV-EXT-DATA:ephemeral": 0, "disk": 1, "id": "6a6521a6-aa3a-45fb-83f5-fe1e7f2191fe"}]} _http_log_response /usr/lib/python2.7/site-packages/keystoneauth1/session.py:511
2019-11-21 23:55:28.104 662 DEBUG novaclient.v2.client [-] GET call to compute for http://10.167.4.35:8774/v2.1/flavors/detail used request id req-2787e1e8-4e2e-4e06-98a0-f0510d6888a2 request /usr/lib/python2.7/site-packages/keystoneauth1/session.py:844
2019-11-21 23:55:28.105 662 DEBUG novaclient.v2.client [-] REQ: curl -g -i --cacert "/etc/ssl/certs/mcp_os_cacert" -X GET http://10.167.4.35:8774/v2.1/flavors/detail -H "Accept: application/json" -H "User-Agent: python-novaclient" -H "X-Auth-Token: {SHA1}33026a5a94a98ceb5173e0d09a077e2fb47003d8" _http_log_request /usr/lib/python2.7/site-packages/keystoneauth1/session.py:448
2019-11-21 23:55:28.113 664 DEBUG novaclient.v2.client [-] RESP: [200] Connection: close Content-Length: 1014 Content-Type: application/json Date: Thu, 21 Nov 2019 23:55:28 GMT Openstack-Api-Version: compute 2.1 Vary: OpenStack-API-Version, X-OpenStack-Nova-API-Version X-Compute-Request-Id: req-cc4a1493-c655-4d76-85dd-1335bad1854c X-Openstack-Nova-Api-Version: 2.1 X-Openstack-Request-Id: req-cc4a1493-c655-4d76-85dd-1335bad1854c _http_log_response /usr/lib/python2.7/site-packages/keystoneauth1/session.py:479
2019-11-21 23:55:28.113 664 DEBUG novaclient.v2.client [-] RESP BODY: {"flavors": [{"name": "rally_full-flavor_alt_c40ff306-ae41-4c19-b5c3-14d429d988ca", "links": [{"href": "http://10.167.4.35:8774/v2.1/flavors/420fb20a-325d-4a2f-baf0-ed0e2583a7cd", "rel": "self"}, {"href": "http://10.167.4.35:8774/flavors/420fb20a-325d-4a2f-baf0-ed0e2583a7cd", "rel": "bookmark"}], "ram": 1024, "OS-FLV-DISABLED:disabled": false, "vcpus": 1, "swap": "", "os-flavor-access:is_public": true, "rxtx_factor": 1.0, "OS-FLV-EXT-DATA:ephemeral": 0, "disk": 1, "id": "420fb20a-325d-4a2f-baf0-ed0e2583a7cd"}, {"name": "rally_full-flavor_c40ff306-ae41-4c19-b5c3-14d429d988ca", "links": [{"href": "http://10.167.4.35:8774/v2.1/flavors/6a6521a6-aa3a-45fb-83f5-fe1e7f2191fe", "rel": "self"}, {"href": "http://10.167.4.35:8774/flavors/6a6521a6-aa3a-45fb-83f5-fe1e7f2191fe", "rel": "bookmark"}], "ram": 512, "OS-FLV-DISABLED:disabled": false, "vcpus": 1, "swap": "", "os-flavor-access:is_public": true, "rxtx_factor": 1.0, "OS-FLV-EXT-DATA:ephemeral": 0, "disk": 1, "id": "6a6521a6-aa3a-45fb-83f5-fe1e7f2191fe"}]} _http_log_response /usr/lib/python2.7/site-packages/keystoneauth1/session.py:511
2019-11-21 23:55:28.113 664 DEBUG novaclient.v2.client [-] GET call to compute for http://10.167.4.35:8774/v2.1/flavors/detail used request id req-cc4a1493-c655-4d76-85dd-1335bad1854c request /usr/lib/python2.7/site-packages/keystoneauth1/session.py:844
2019-11-21 23:55:28.114 664 INFO rally.task.runner [-] Task 838223b6-bdad-4ea4-8ddc-0cc925a4f1fc | ITER: 4 END: OK
2019-11-21 23:55:28.116 661 DEBUG novaclient.v2.client [-] RESP: [200] Connection: close Content-Length: 1014 Content-Type: application/json Date: Thu, 21 Nov 2019 23:55:28 GMT Openstack-Api-Version: compute 2.1 Vary: OpenStack-API-Version, X-OpenStack-Nova-API-Version X-Compute-Request-Id: req-fc01b5ee-6cf2-4451-bb61-d11adfe842ed X-Openstack-Nova-Api-Version: 2.1 X-Openstack-Request-Id: req-fc01b5ee-6cf2-4451-bb61-d11adfe842ed _http_log_response /usr/lib/python2.7/site-packages/keystoneauth1/session.py:479
2019-11-21 23:55:28.116 661 DEBUG novaclient.v2.client [-] RESP BODY: {"flavors": [{"name": "rally_full-flavor_alt_c40ff306-ae41-4c19-b5c3-14d429d988ca", "links": [{"href": "http://10.167.4.35:8774/v2.1/flavors/420fb20a-325d-4a2f-baf0-ed0e2583a7cd", "rel": "self"}, {"href": "http://10.167.4.35:8774/flavors/420fb20a-325d-4a2f-baf0-ed0e2583a7cd", "rel": "bookmark"}], "ram": 1024, "OS-FLV-DISABLED:disabled": false, "vcpus": 1, "swap": "", "os-flavor-access:is_public": true, "rxtx_factor": 1.0, "OS-FLV-EXT-DATA:ephemeral": 0, "disk": 1, "id": "420fb20a-325d-4a2f-baf0-ed0e2583a7cd"}, {"name": "rally_full-flavor_c40ff306-ae41-4c19-b5c3-14d429d988ca", "links": [{"href": "http://10.167.4.35:8774/v2.1/flavors/6a6521a6-aa3a-45fb-83f5-fe1e7f2191fe", "rel": "self"}, {"href": "http://10.167.4.35:8774/flavors/6a6521a6-aa3a-45fb-83f5-fe1e7f2191fe", "rel": "bookmark"}], "ram": 512, "OS-FLV-DISABLED:disabled": false, "vcpus": 1, "swap": "", "os-flavor-access:is_public": true, "rxtx_factor": 1.0, "OS-FLV-EXT-DATA:ephemeral": 0, "disk": 1, "id": "6a6521a6-aa3a-45fb-83f5-fe1e7f2191fe"}]} _http_log_response /usr/lib/python2.7/site-packages/keystoneauth1/session.py:511
2019-11-21 23:55:28.117 661 DEBUG novaclient.v2.client [-] GET call to compute for http://10.167.4.35:8774/v2.1/flavors/detail used request id req-fc01b5ee-6cf2-4451-bb61-d11adfe842ed request /usr/lib/python2.7/site-packages/keystoneauth1/session.py:844
2019-11-21 23:55:28.118 661 INFO rally.task.runner [-] Task 838223b6-bdad-4ea4-8ddc-0cc925a4f1fc | ITER: 1 END: OK
2019-11-21 23:55:28.118 664 INFO rally.task.runner [-] Task 838223b6-bdad-4ea4-8ddc-0cc925a4f1fc | ITER: 5 START
2019-11-21 23:55:28.123 661 INFO rally.task.runner [-] Task 838223b6-bdad-4ea4-8ddc-0cc925a4f1fc | ITER: 6 START
2019-11-21 23:55:28.132 662 DEBUG novaclient.v2.client [-] RESP: [200] Connection: close Content-Length: 1014 Content-Type: application/json Date: Thu, 21 Nov 2019 23:55:28 GMT Openstack-Api-Version: compute 2.1 Vary: OpenStack-API-Version, X-OpenStack-Nova-API-Version X-Compute-Request-Id: req-7ffafefe-a3de-46fc-a644-a874f7b2733c X-Openstack-Nova-Api-Version: 2.1 X-Openstack-Request-Id: req-7ffafefe-a3de-46fc-a644-a874f7b2733c _http_log_response /usr/lib/python2.7/site-packages/keystoneauth1/session.py:479
2019-11-21 23:55:28.133 662 DEBUG novaclient.v2.client [-] RESP BODY: {"flavors": [{"name": "rally_full-flavor_alt_c40ff306-ae41-4c19-b5c3-14d429d988ca", "links": [{"href": "http://10.167.4.35:8774/v2.1/flavors/420fb20a-325d-4a2f-baf0-ed0e2583a7cd", "rel": "self"}, {"href": "http://10.167.4.35:8774/flavors/420fb20a-325d-4a2f-baf0-ed0e2583a7cd", "rel": "bookmark"}], "ram": 1024, "OS-FLV-DISABLED:disabled": false, "vcpus": 1, "swap": "", "os-flavor-access:is_public": true, "rxtx_factor": 1.0, "OS-FLV-EXT-DATA:ephemeral": 0, "disk": 1, "id": "420fb20a-325d-4a2f-baf0-ed0e2583a7cd"}, {"name": "rally_full-flavor_c40ff306-ae41-4c19-b5c3-14d429d988ca", "links": [{"href": "http://10.167.4.35:8774/v2.1/flavors/6a6521a6-aa3a-45fb-83f5-fe1e7f2191fe", "rel": "self"}, {"href": "http://10.167.4.35:8774/flavors/6a6521a6-aa3a-45fb-83f5-fe1e7f2191fe", "rel": "bookmark"}], "ram": 512, "OS-FLV-DISABLED:disabled": false, "vcpus": 1, "swap": "", "os-flavor-access:is_public": true, "rxtx_factor": 1.0, "OS-FLV-EXT-DATA:ephemeral": 0, "disk": 1, "id": "6a6521a6-aa3a-45fb-83f5-fe1e7f2191fe"}]} _http_log_response /usr/lib/python2.7/site-packages/keystoneauth1/session.py:511
2019-11-21 23:55:28.133 662 DEBUG novaclient.v2.client [-] GET call to compute for http://10.167.4.35:8774/v2.1/flavors/detail used request id req-7ffafefe-a3de-46fc-a644-a874f7b2733c request /usr/lib/python2.7/site-packages/keystoneauth1/session.py:844
2019-11-21 23:55:28.134 662 INFO rally.task.runner [-] Task 838223b6-bdad-4ea4-8ddc-0cc925a4f1fc | ITER: 2 END: OK
2019-11-21 23:55:28.138 662 INFO rally.task.runner [-] Task 838223b6-bdad-4ea4-8ddc-0cc925a4f1fc | ITER: 7 START
2019-11-21 23:55:28.240 663 DEBUG novaclient.v2.client [-] RESP: [200] Connection: close Content-Length: 1014 Content-Type: application/json Date: Thu, 21 Nov 2019 23:55:28 GMT Openstack-Api-Version: compute 2.1 Vary: OpenStack-API-Version, X-OpenStack-Nova-API-Version X-Compute-Request-Id: req-feb0cde0-d57a-4733-af58-a70f8cf2a7c9 X-Openstack-Nova-Api-Version: 2.1 X-Openstack-Request-Id: req-feb0cde0-d57a-4733-af58-a70f8cf2a7c9 _http_log_response /usr/lib/python2.7/site-packages/keystoneauth1/session.py:479
2019-11-21 23:55:28.241 663 DEBUG novaclient.v2.client [-] RESP BODY: {"flavors": [{"name": "rally_full-flavor_alt_c40ff306-ae41-4c19-b5c3-14d429d988ca", "links": [{"href": "http://10.167.4.35:8774/v2.1/flavors/420fb20a-325d-4a2f-baf0-ed0e2583a7cd", "rel": "self"}, {"href": "http://10.167.4.35:8774/flavors/420fb20a-325d-4a2f-baf0-ed0e2583a7cd", "rel": "bookmark"}], "ram": 1024, "OS-FLV-DISABLED:disabled": false, "vcpus": 1, "swap": "", "os-flavor-access:is_public": true, "rxtx_factor": 1.0, "OS-FLV-EXT-DATA:ephemeral": 0, "disk": 1, "id": "420fb20a-325d-4a2f-baf0-ed0e2583a7cd"}, {"name": "rally_full-flavor_c40ff306-ae41-4c19-b5c3-14d429d988ca", "links": [{"href": "http://10.167.4.35:8774/v2.1/flavors/6a6521a6-aa3a-45fb-83f5-fe1e7f2191fe", "rel": "self"}, {"href": "http://10.167.4.35:8774/flavors/6a6521a6-aa3a-45fb-83f5-fe1e7f2191fe", "rel": "bookmark"}], "ram": 512, "OS-FLV-DISABLED:disabled": false, "vcpus": 1, "swap": "", "os-flavor-access:is_public": true, "rxtx_factor": 1.0, "OS-FLV-EXT-DATA:ephemeral": 0, "disk": 1, "id": "6a6521a6-aa3a-45fb-83f5-fe1e7f2191fe"}]} _http_log_response /usr/lib/python2.7/site-packages/keystoneauth1/session.py:511
2019-11-21 23:55:28.241 663 DEBUG novaclient.v2.client [-] GET call to compute for http://10.167.4.35:8774/v2.1/flavors/detail used request id req-feb0cde0-d57a-4733-af58-a70f8cf2a7c9 request /usr/lib/python2.7/site-packages/keystoneauth1/session.py:844
