2019-11-21 13:18:21.931 20672 RALLYDEBUG rally.task.runner [-] Starting a worker. concurrency: 1 args: {"network_create_args": {}, "subnet_create_args": {}, "subnet_cidr_start": "1.1.0.0/30", "subnets_per_network": 2} times: 40 method_name: run timeout: 0 duration: None cls:
2019-11-21 13:18:21.934 20679 RALLYDEBUG rally.task.runner [-] Starting a worker. concurrency: 1 args: {"network_create_args": {}, "subnet_create_args": {}, "subnet_cidr_start": "1.1.0.0/30", "subnets_per_network": 2} times: 40 method_name: run timeout: 0 duration: None cls:
2019-11-21 13:18:21.936 20667 INFO rally.task.runner [-] Task 911b0877-876e-4644-9be4-1c53679a121c | ITER: 6 START
2019-11-21 13:18:21.935 20675 RALLYDEBUG rally.task.runner [-] Starting a worker. concurrency: 1 args: {"network_create_args": {}, "subnet_create_args": {}, "subnet_cidr_start": "1.1.0.0/30", "subnets_per_network": 2} times: 40 method_name: run timeout: 0 duration: None cls:
2019-11-21 13:18:21.936 20665 INFO rally.task.runner [-] Task 911b0877-876e-4644-9be4-1c53679a121c | ITER: 5 START
2019-11-21 13:18:21.936 20670 INFO rally.task.runner [-] Task 911b0877-876e-4644-9be4-1c53679a121c | ITER: 8 START
2019-11-21 13:18:21.937 20667 WARNING rally_openstack.scenarios.neutron.utils [-] Running this scenario without either the 'network' or 'existing_network' context is deprecated
2019-11-21 13:18:21.937 20665 WARNING rally_openstack.scenarios.neutron.utils [-] Running this scenario without either the 'network' or 'existing_network' context is deprecated
2019-11-21 13:18:21.938 20670 WARNING rally_openstack.scenarios.neutron.utils [-] Running this scenario without either the 'network' or 'existing_network' context is deprecated
2019-11-21 13:18:21.937 20680 RALLYDEBUG rally.task.runner [-] Starting a worker. concurrency: 1 args: {"network_create_args": {}, "subnet_create_args": {}, "subnet_cidr_start": "1.1.0.0/30", "subnets_per_network": 2} times: 40 method_name: run timeout: 0 duration: None cls:
2019-11-21 13:18:21.938 20682 RALLYDEBUG rally.task.runner [-] Starting a worker. concurrency: 1 args: {"network_create_args": {}, "subnet_create_args": {}, "subnet_cidr_start": "1.1.0.0/30", "subnets_per_network": 2} times: 40 method_name: run timeout: 0 duration: None cls:
2019-11-21 13:18:21.940 20672 INFO rally.task.runner [-] Task 911b0877-876e-4644-9be4-1c53679a121c | ITER: 10 START
2019-11-21 13:18:21.942 20672 WARNING rally_openstack.scenarios.neutron.utils [-] Running this scenario without either the 'network' or 'existing_network' context is deprecated
2019-11-21 13:18:21.942 20679 INFO rally.task.runner [-] Task 911b0877-876e-4644-9be4-1c53679a121c | ITER: 11 START
2019-11-21 13:18:21.943 20679 WARNING rally_openstack.scenarios.neutron.utils [-] Running this scenario without either the 'network' or 'existing_network' context is deprecated
2019-11-21 13:18:21.945 20682 INFO rally.task.runner [-] Task 911b0877-876e-4644-9be4-1c53679a121c | ITER: 14 START
2019-11-21 13:18:21.946 20680 INFO rally.task.runner [-] Task 911b0877-876e-4644-9be4-1c53679a121c | ITER: 13 START
2019-11-21 13:18:21.947 20682 WARNING rally_openstack.scenarios.neutron.utils [-] Running this scenario without either the 'network' or 'existing_network' context is deprecated
2019-11-21 13:18:21.947 20680 WARNING rally_openstack.scenarios.neutron.utils [-] Running this scenario without either the 'network' or 'existing_network' context is deprecated
2019-11-21 13:18:21.945 20687 RALLYDEBUG rally.task.runner [-] Starting a worker. concurrency: 1 args: {"network_create_args": {}, "subnet_create_args": {}, "subnet_cidr_start": "1.1.0.0/30", "subnets_per_network": 2} times: 40 method_name: run timeout: 0 duration: None cls:
2019-11-21 13:18:21.951 20667 INFO rally.task.runner [-] Task 911b0877-876e-4644-9be4-1c53679a121c | ITER: 9 START
2019-11-21 13:18:21.952 20667 WARNING rally_openstack.scenarios.neutron.utils [-] Running this scenario without either the 'network' or 'existing_network' context is deprecated
2019-11-21 13:18:21.953 20675 INFO rally.task.runner [-] Task 911b0877-876e-4644-9be4-1c53679a121c | ITER: 12 START
2019-11-21 13:18:21.953 20690 RALLYDEBUG rally.task.runner [-] Starting a worker. concurrency: 1 args: {"network_create_args": {}, "subnet_create_args": {}, "subnet_cidr_start": "1.1.0.0/30", "subnets_per_network": 2} times: 40 method_name: run timeout: 0 duration: None cls:
2019-11-21 13:18:21.955 20675 WARNING rally_openstack.scenarios.neutron.utils [-] Running this scenario without either the 'network' or 'existing_network' context is deprecated
2019-11-21 13:18:21.958 20666 INFO rally.task.runner [-] Task 911b0877-876e-4644-9be4-1c53679a121c | ITER: 7 START
2019-11-21 13:18:21.958 20666 WARNING rally_openstack.scenarios.neutron.utils [-] Running this scenario without either the 'network' or 'existing_network' context is deprecated
2019-11-21 13:18:21.958 20700 RALLYDEBUG rally.task.runner [-] Starting a worker. concurrency: 1 args: {"network_create_args": {}, "subnet_create_args": {}, "subnet_cidr_start": "1.1.0.0/30", "subnets_per_network": 2} times: 40 method_name: run timeout: 0 duration: None cls:
2019-11-21 13:18:21.959 20697 RALLYDEBUG rally.task.runner [-] Starting a worker. concurrency: 1 args: {"network_create_args": {}, "subnet_create_args": {}, "subnet_cidr_start": "1.1.0.0/30", "subnets_per_network": 2} times: 40 method_name: run timeout: 0 duration: None cls:
2019-11-21 13:18:21.960 20690 INFO rally.task.runner [-] Task 911b0877-876e-4644-9be4-1c53679a121c | ITER: 16 START
2019-11-21 13:18:21.962 20690 WARNING rally_openstack.scenarios.neutron.utils [-] Running this scenario without either the 'network' or 'existing_network' context is deprecated
2019-11-21 13:18:21.962 20702 RALLYDEBUG rally.task.runner [-] Starting a worker. concurrency: 1 args: {"network_create_args": {}, "subnet_create_args": {}, "subnet_cidr_start": "1.1.0.0/30", "subnets_per_network": 2} times: 40 method_name: run timeout: 0 duration: None cls:
2019-11-21 13:18:21.964 20700 INFO rally.task.runner [-] Task 911b0877-876e-4644-9be4-1c53679a121c | ITER: 17 START
2019-11-21 13:18:21.964 20700 WARNING rally_openstack.scenarios.neutron.utils [-] Running this scenario without either the 'network' or 'existing_network' context is deprecated
2019-11-21 13:18:21.968 20702 INFO rally.task.runner [-] Task 911b0877-876e-4644-9be4-1c53679a121c | ITER: 19 START
2019-11-21 13:18:21.968 20697 INFO rally.task.runner [-] Task 911b0877-876e-4644-9be4-1c53679a121c | ITER: 18 START
2019-11-21 13:18:21.969 20697 WARNING rally_openstack.scenarios.neutron.utils [-] Running this scenario without either the 'network' or 'existing_network' context is deprecated
2019-11-21 13:18:21.969 20702 WARNING rally_openstack.scenarios.neutron.utils [-] Running this scenario without either the 'network' or 'existing_network' context is deprecated
2019-11-21 13:18:21.975 20687 INFO rally.task.runner [-] Task 911b0877-876e-4644-9be4-1c53679a121c | ITER: 15 START
2019-11-21 13:18:21.976 20687 WARNING rally_openstack.scenarios.neutron.utils [-] Running this scenario without either the 'network' or 'existing_network' context is deprecated
2019-11-21 13:18:21.979 20703 RALLYDEBUG rally.task.runner [-] Starting a worker. concurrency: 1 args: {"network_create_args": {}, "subnet_create_args": {}, "subnet_cidr_start": "1.1.0.0/30", "subnets_per_network": 2} times: 40 method_name: run timeout: 0 duration: None cls:
2019-11-21 13:18:21.985 20703 INFO rally.task.runner [-] Task 911b0877-876e-4644-9be4-1c53679a121c | ITER: 20 START
2019-11-21 13:18:21.986 20703 WARNING rally_openstack.scenarios.neutron.utils [-] Running this scenario without either the 'network' or 'existing_network' context is deprecated
2019-11-21 13:18:22.841 20670 RALLYDEBUG rally_openstack.wrappers.network [-] CIDR generated: 1.1.4.96/30
2019-11-21 13:18:22.867 20667 RALLYDEBUG rally_openstack.wrappers.network [-] CIDR generated: 1.1.4.100/30
2019-11-21 13:18:22.889 20664 RALLYDEBUG rally_openstack.wrappers.network [-] CIDR generated: 1.1.4.104/30
2019-11-21 13:18:22.889 20667 RALLYDEBUG rally_openstack.wrappers.network [-] CIDR generated: 1.1.4.108/30
2019-11-21 13:18:22.901 20666 RALLYDEBUG rally_openstack.wrappers.network [-] CIDR generated: 1.1.4.112/30
2019-11-21 13:18:22.965 20665 RALLYDEBUG rally_openstack.wrappers.network [-] CIDR generated: 1.1.4.116/30
2019-11-21 13:18:23.027 20700 RALLYDEBUG rally_openstack.wrappers.network [-] CIDR generated: 1.1.4.120/30
2019-11-21 13:18:23.067 20690 RALLYDEBUG rally_openstack.wrappers.network [-] CIDR generated: 1.1.4.124/30
2019-11-21 13:18:23.087 20680 RALLYDEBUG rally_openstack.wrappers.network [-] CIDR generated: 1.1.4.128/30
2019-11-21 13:18:23.447 20682 RALLYDEBUG rally_openstack.wrappers.network [-] CIDR generated: 1.1.4.132/30
2019-11-21 13:18:23.451 20703 RALLYDEBUG rally_openstack.wrappers.network [-] CIDR generated: 1.1.4.136/30
2019-11-21 13:18:23.457 20665 RALLYDEBUG rally_openstack.wrappers.network [-] CIDR generated: 1.1.4.140/30
2019-11-21 13:18:23.487 20679 RALLYDEBUG rally_openstack.wrappers.network [-] CIDR generated: 1.1.4.144/30
2019-11-21 13:18:23.498 20664 RALLYDEBUG rally_openstack.wrappers.network [-] CIDR generated: 1.1.4.148/30
2019-11-21 13:18:23.613 20702 RALLYDEBUG rally_openstack.wrappers.network [-] CIDR generated: 1.1.4.152/30
2019-11-21 13:18:23.806 20670 RALLYDEBUG rally_openstack.wrappers.network [-] CIDR generated: 1.1.4.156/30
2019-11-21 13:18:23.854 20690 RALLYDEBUG rally_openstack.wrappers.network [-] CIDR generated: 1.1.4.160/30
2019-11-21 13:18:24.313 20672 RALLYDEBUG rally_openstack.wrappers.network [-] CIDR generated: 1.1.4.164/30
2019-11-21 13:18:24.316 20697 RALLYDEBUG rally_openstack.wrappers.network [-] CIDR generated: 1.1.4.168/30
2019-11-21 13:18:24.340 20666 RALLYDEBUG rally_openstack.wrappers.network [-] CIDR generated: 1.1.4.172/30
2019-11-21 13:18:24.735 20687 RALLYDEBUG rally_openstack.wrappers.network [-] CIDR generated: 1.1.4.176/30
2019-11-21 13:18:24.742 20667 RALLYDEBUG rally_openstack.wrappers.network [-] CIDR generated: 1.1.4.180/30
2019-11-21 13:18:24.858 20675 RALLYDEBUG rally_openstack.wrappers.network [-] CIDR generated: 1.1.4.184/30
2019-11-21 13:18:24.861 20680 RALLYDEBUG rally_openstack.wrappers.network [-] CIDR generated: 1.1.4.188/30
2019-11-21 13:18:25.650 20664 RALLYDEBUG rally_openstack.wrappers.network [-] CIDR generated: 1.1.4.192/30
2019-11-21 13:18:25.864 20665 RALLYDEBUG rally_openstack.wrappers.network [-] CIDR generated: 1.1.4.196/30
2019-11-21 13:18:26.096 20666 RALLYDEBUG rally_openstack.wrappers.network [-] CIDR generated: 1.1.4.200/30
2019-11-21 13:18:26.137 20679 RALLYDEBUG rally_openstack.wrappers.network [-] CIDR generated: 1.1.4.204/30
2019-11-21 13:18:26.235 20703 RALLYDEBUG rally_openstack.wrappers.network [-] CIDR generated: 1.1.4.208/30
2019-11-21 13:18:26.373 20667 RALLYDEBUG rally_openstack.wrappers.network [-] CIDR generated: 1.1.4.212/30
2019-11-21 13:18:26.545 20682 RALLYDEBUG rally_openstack.wrappers.network [-] CIDR generated: 1.1.4.216/30
2019-11-21 13:18:26.648 20702 RALLYDEBUG rally_openstack.wrappers.network [-] CIDR generated: 1.1.4.220/30
2019-11-21 13:18:26.805 20697 RALLYDEBUG rally_openstack.wrappers.network [-] CIDR generated: 1.1.4.224/30
2019-11-21 13:18:26.852 20700 RALLYDEBUG rally_openstack.wrappers.network [-] CIDR generated: 1.1.4.228/30
2019-11-21 13:18:27.097 20664 RALLYDEBUG rally_openstack.wrappers.network [-] CIDR generated: 1.1.4.232/30
2019-11-21 13:18:27.154 20672 RALLYDEBUG rally_openstack.wrappers.network [-] CIDR generated: 1.1.4.236/30
2019-11-21 13:18:27.426 20665 RALLYDEBUG rally_openstack.wrappers.network [-] CIDR generated: 1.1.4.240/30
2019-11-21 13:18:28.451 20666 RALLYDEBUG rally_openstack.wrappers.network [-] CIDR generated: 1.1.4.244/30
2019-11-21 13:18:28.684 20687 RALLYDEBUG rally_openstack.wrappers.network [-] CIDR generated: 1.1.4.248/30
2019-11-21 13:18:28.953 20675 RALLYDEBUG rally_openstack.wrappers.network [-] CIDR generated: 1.1.4.252/30
2019-11-21 13:18:32.238 20703 INFO rally.task.runner [-] Task 911b0877-876e-4644-9be4-1c53679a121c | ITER: 20 END: OK
2019-11-21 13:18:32.243 20703 INFO rally.task.runner [-] Task 911b0877-876e-4644-9be4-1c53679a121c | ITER: 21 START
2019-11-21 13:18:32.244 20703 WARNING rally_openstack.scenarios.neutron.utils [-] Running this scenario without either the 'network' or 'existing_network' context is deprecated
2019-11-21 13:18:32.496 20670 INFO rally.task.runner [-] Task 911b0877-876e-4644-9be4-1c53679a121c | ITER: 8 END: OK
2019-11-21 13:18:32.500 20670 INFO rally.task.runner [-] Task 911b0877-876e-4644-9be4-1c53679a121c | ITER: 22 START
2019-11-21 13:18:32.501 20670 WARNING rally_openstack.scenarios.neutron.utils [-] Running this scenario without either the 'network' or 'existing_network' context is deprecated
2019-11-21 13:18:32.620 20667 INFO rally.task.runner [-] Task 911b0877-876e-4644-9be4-1c53679a121c | ITER: 9 END: OK
2019-11-21 13:18:32.624 20667 INFO rally.task.runner [-] Task 911b0877-876e-4644-9be4-1c53679a121c | ITER: 23 START
2019-11-21 13:18:32.625 20667 WARNING rally_openstack.scenarios.neutron.utils [-] Running this scenario without either the 'network' or 'existing_network' context is deprecated
2019-11-21 13:18:32.726 20675 INFO rally.task.runner [-] Task 911b0877-876e-4644-9be4-1c53679a121c | ITER: 12 END: OK
2019-11-21 13:18:32.730 20675 INFO rally.task.runner [-] Task 911b0877-876e-4644-9be4-1c53679a121c | ITER: 24 START
2019-11-21 13:18:32.731 20675 WARNING rally_openstack.scenarios.neutron.utils [-] Running this scenario without either the 'network' or 'existing_network' context is deprecated
2019-11-21 13:18:32.897 20702 INFO rally.task.runner [-] Task 911b0877-876e-4644-9be4-1c53679a121c | ITER: 19 END: OK
2019-11-21 13:18:32.902 20702 INFO rally.task.runner [-] Task 911b0877-876e-4644-9be4-1c53679a121c | ITER: 25 START
2019-11-21 13:18:32.903 20702 WARNING rally_openstack.scenarios.neutron.utils [-] Running this scenario without either the 'network' or 'existing_network' context is deprecated
2019-11-21 13:18:32.947 20664 INFO rally.task.runner [-] Task 911b0877-876e-4644-9be4-1c53679a121c | ITER: 2 END: OK
2019-11-21 13:18:32.952 20664 INFO rally.task.runner [-] Task 911b0877-876e-4644-9be4-1c53679a121c | ITER: 26 START
2019-11-21 13:18:32.953 20664 WARNING rally_openstack.scenarios.neutron.utils [-] Running this scenario without either the 'network' or 'existing_network' context is deprecated
2019-11-21 13:18:33.235 20665 INFO rally.task.runner [-] Task 911b0877-876e-4644-9be4-1c53679a121c | ITER: 3 END: OK
2019-11-21 13:18:33.240 20665 INFO rally.task.runner [-] Task 911b0877-876e-4644-9be4-1c53679a121c | ITER: 27 START
2019-11-21 13:18:33.241 20665 WARNING rally_openstack.scenarios.neutron.utils [-] Running this scenario without either the 'network' or 'existing_network' context is deprecated
2019-11-21 13:18:33.403 20666 INFO rally.task.runner [-] Task 911b0877-876e-4644-9be4-1c53679a121c | ITER: 4 END: OK
2019-11-21 13:18:33.409 20666 INFO rally.task.runner [-] Task 911b0877-876e-4644-9be4-1c53679a121c | ITER: 28 START
2019-11-21 13:18:33.410 20666 WARNING rally_openstack.scenarios.neutron.utils [-] Running this scenario without either the 'network' or 'existing_network' context is deprecated
2019-11-21 13:18:33.568 20670 RALLYDEBUG rally_openstack.wrappers.network [-] CIDR generated: 1.1.5.0/30
2019-11-21 13:18:33.616 20679 INFO rally.task.runner [-] Task 911b0877-876e-4644-9be4-1c53679a121c | ITER: 11 END: OK
2019-11-21 13:18:33.620 20679 INFO rally.task.runner [-] Task 911b0877-876e-4644-9be4-1c53679a121c | ITER: 29 START
2019-11-21 13:18:33.621 20679 WARNING rally_openstack.scenarios.neutron.utils [-] Running this scenario without either the 'network' or 'existing_network' context is deprecated
2019-11-21 13:18:33.639 20667 RALLYDEBUG rally_openstack.wrappers.network [-] CIDR generated: 1.1.5.4/30
2019-11-21 13:18:33.707 20675 RALLYDEBUG rally_openstack.wrappers.network [-] CIDR generated: 1.1.5.8/30
2019-11-21 13:18:33.779 20664 RALLYDEBUG rally_openstack.wrappers.network [-] CIDR generated: 1.1.5.12/30
2019-11-21 13:18:34.039 20703 RALLYDEBUG rally_openstack.wrappers.network [-] CIDR generated: 1.1.5.16/30
2019-11-21 13:18:34.491 20690 INFO rally.task.runner [-] Task 911b0877-876e-4644-9be4-1c53679a121c | ITER: 16 END: OK
2019-11-21 13:18:34.495 20690 INFO rally.task.runner [-] Task 911b0877-876e-4644-9be4-1c53679a121c | ITER: 30 START
2019-11-21 13:18:34.496 20690 WARNING rally_openstack.scenarios.neutron.utils [-] Running this scenario without either the 'network' or 'existing_network' context is deprecated
2019-11-21 13:18:34.623 20665 RALLYDEBUG rally_openstack.wrappers.network [-] CIDR generated: 1.1.5.20/30
2019-11-21 13:18:34.814 20679 RALLYDEBUG rally_openstack.wrappers.network [-] CIDR generated: 1.1.5.24/30
2019-11-21 13:18:34.860 20666 RALLYDEBUG rally_openstack.wrappers.network [-] CIDR generated: 1.1.5.28/30
2019-11-21 13:18:35.291 20687 INFO rally.task.runner [-] Task 911b0877-876e-4644-9be4-1c53679a121c | ITER: 15 END: OK
2019-11-21 13:18:35.296 20687 INFO rally.task.runner [-] Task 911b0877-876e-4644-9be4-1c53679a121c | ITER: 31 START
2019-11-21 13:18:35.297 20687 WARNING rally_openstack.scenarios.neutron.utils [-] Running this scenario without either the 'network' or 'existing_network' context is deprecated
2019-11-21 13:18:35.335 20682 INFO rally.task.runner [-] Task 911b0877-876e-4644-9be4-1c53679a121c | ITER: 14 END: OK
2019-11-21 13:18:35.340 20682 INFO rally.task.runner [-] Task 911b0877-876e-4644-9be4-1c53679a121c | ITER: 32 START
2019-11-21 13:18:35.340 20682 WARNING rally_openstack.scenarios.neutron.utils [-] Running this scenario without either the 'network' or 'existing_network' context is deprecated
2019-11-21 13:18:35.393 20664 INFO rally.task.runner [-] Task 911b0877-876e-4644-9be4-1c53679a121c | ITER: 1 END: OK
2019-11-21 13:18:35.398 20664 INFO rally.task.runner [-] Task 911b0877-876e-4644-9be4-1c53679a121c | ITER: 33 START
2019-11-21 13:18:35.399 20664 WARNING rally_openstack.scenarios.neutron.utils [-] Running this scenario without either the 'network' or 'existing_network' context is deprecated
2019-11-21 13:18:35.681 20690 RALLYDEBUG rally_openstack.wrappers.network [-] CIDR generated: 1.1.5.32/30
2019-11-21 13:18:35.735 20667 RALLYDEBUG rally_openstack.wrappers.network [-] CIDR generated: 1.1.5.36/30
2019-11-21 13:18:35.812 20680 INFO rally.task.runner [-] Task 911b0877-876e-4644-9be4-1c53679a121c | ITER: 13 END: OK
2019-11-21 13:18:35.817 20680 INFO rally.task.runner [-] Task 911b0877-876e-4644-9be4-1c53679a121c | ITER: 34 START
2019-11-21 13:18:35.818 20680 WARNING rally_openstack.scenarios.neutron.utils [-] Running this scenario without either the 'network' or 'existing_network' context is deprecated
2019-11-21 13:18:35.862 20702 RALLYDEBUG rally_openstack.wrappers.network [-] CIDR generated: 1.1.5.40/30
2019-11-21 13:18:35.956 20697 INFO rally.task.runner [-] Task 911b0877-876e-4644-9be4-1c53679a121c | ITER: 18 END: OK
2019-11-21 13:18:35.961 20697 INFO rally.task.runner [-] Task 911b0877-876e-4644-9be4-1c53679a121c | ITER: 35 START
2019-11-21 13:18:35.961 20697 WARNING rally_openstack.scenarios.neutron.utils [-] Running this scenario without either the 'network' or 'existing_network' context is deprecated
2019-11-21 13:18:36.112 20687 RALLYDEBUG rally_openstack.wrappers.network [-] CIDR generated: 1.1.5.44/30
2019-11-21 13:18:36.174 20664 RALLYDEBUG rally_openstack.wrappers.network [-] CIDR generated: 1.1.5.48/30
2019-11-21 13:18:36.211 20675 RALLYDEBUG rally_openstack.wrappers.network [-] CIDR generated: 1.1.5.52/30
2019-11-21 13:18:36.802 20666 RALLYDEBUG rally_openstack.wrappers.network [-] CIDR generated: 1.1.5.56/30
2019-11-21 13:18:36.967 20697 RALLYDEBUG rally_openstack.wrappers.network [-] CIDR generated: 1.1.5.60/30
2019-11-21 13:18:37.195 20680 RALLYDEBUG rally_openstack.wrappers.network [-] CIDR generated: 1.1.5.64/30
2019-11-21 13:18:37.688 20672 INFO rally.task.runner [-] Task 911b0877-876e-4644-9be4-1c53679a121c | ITER: 10 END: OK
2019-11-21 13:18:37.693 20672 INFO rally.task.runner [-] Task 911b0877-876e-4644-9be4-1c53679a121c | ITER: 36 START
2019-11-21 13:18:37.693 20672 WARNING rally_openstack.scenarios.neutron.utils [-] Running this scenario without either the 'network' or 'existing_network' context is deprecated
2019-11-21 13:18:37.796 20682 RALLYDEBUG rally_openstack.wrappers.network [-] CIDR generated: 1.1.5.68/30
2019-11-21 13:18:37.889 20702 RALLYDEBUG rally_openstack.wrappers.network [-] CIDR generated: 1.1.5.72/30
2019-11-21 13:18:37.911 20687 RALLYDEBUG rally_openstack.wrappers.network [-] CIDR generated: 1.1.5.76/30
2019-11-21 13:18:38.365 20664 RALLYDEBUG rally_openstack.wrappers.network [-] CIDR generated: 1.1.5.80/30
2019-11-21 13:18:38.573 20672 RALLYDEBUG rally_openstack.wrappers.network [-] CIDR generated: 1.1.5.84/30
2019-11-21 13:18:38.679 20666 INFO rally.task.runner [-] Task 911b0877-876e-4644-9be4-1c53679a121c | ITER: 7 END: OK
2019-11-21 13:18:38.684 20666 INFO rally.task.runner [-] Task 911b0877-876e-4644-9be4-1c53679a121c | ITER: 37 START
2019-11-21 13:18:38.684 20666 WARNING rally_openstack.scenarios.neutron.utils [-] Running this scenario without either the 'network' or 'existing_network' context is deprecated
2019-11-21 13:18:38.776 20703 RALLYDEBUG rally_openstack.wrappers.network [-] CIDR generated: 1.1.5.88/30
2019-11-21 13:18:38.995 20664 RALLYDEBUG rally_openstack.wrappers.network [-] CIDR generated: 1.1.5.92/30
2019-11-21 13:18:39.287 20682 RALLYDEBUG rally_openstack.wrappers.network [-] CIDR generated: 1.1.5.96/30
2019-11-21 13:18:39.476 20690 RALLYDEBUG rally_openstack.wrappers.network [-] CIDR generated: 1.1.5.100/30
2019-11-21 13:18:40.095 20670 RALLYDEBUG rally_openstack.wrappers.network [-] CIDR generated: 1.1.5.104/30
2019-11-21 13:18:40.103 20666 RALLYDEBUG rally_openstack.wrappers.network [-] CIDR generated: 1.1.5.108/30
2019-11-21 13:18:40.433 20675 INFO rally.task.runner [-] Task 911b0877-876e-4644-9be4-1c53679a121c | ITER: 24 END: OK
2019-11-21 13:18:40.437 20675 INFO rally.task.runner [-] Task 911b0877-876e-4644-9be4-1c53679a121c | ITER: 38 START
2019-11-21 13:18:40.438 20675 WARNING rally_openstack.scenarios.neutron.utils [-] Running this scenario without either the 'network' or 'existing_network' context is deprecated
2019-11-21 13:18:40.744 20680 RALLYDEBUG rally_openstack.wrappers.network [-] CIDR generated: 1.1.5.112/30
2019-11-21 13:18:40.786 20672 RALLYDEBUG rally_openstack.wrappers.network [-] CIDR generated: 1.1.5.116/30
2019-11-21 13:18:41.385 20665 RALLYDEBUG rally_openstack.wrappers.network [-] CIDR generated: 1.1.5.120/30
2019-11-21 13:18:41.833 20675 RALLYDEBUG rally_openstack.wrappers.network [-] CIDR generated: 1.1.5.124/30
2019-11-21 13:18:42.394 20664 INFO rally.task.runner [-] Task 911b0877-876e-4644-9be4-1c53679a121c | ITER: 33 END: OK
2019-11-21 13:18:42.398 20664 INFO rally.task.runner [-] Task 911b0877-876e-4644-9be4-1c53679a121c | ITER: 39 START
2019-11-21 13:18:42.399 20664 WARNING rally_openstack.scenarios.neutron.utils [-] Running this scenario without either the 'network' or 'existing_network' context is deprecated
2019-11-21 13:18:42.445 20666 RALLYDEBUG rally_openstack.wrappers.network [-] CIDR generated: 1.1.5.128/30
2019-11-21 13:18:43.015 20667 INFO rally.task.runner [-] Task 911b0877-876e-4644-9be4-1c53679a121c | ITER: 6 END: OK
2019-11-21 13:18:43.019 20667 INFO rally.task.runner [-] Task 911b0877-876e-4644-9be4-1c53679a121c | ITER: 40 START
2019-11-21 13:18:43.020 20667 WARNING rally_openstack.scenarios.neutron.utils [-] Running this scenario without either the 'network' or 'existing_network' context is deprecated
2019-11-21 13:18:43.082 20664 RALLYDEBUG rally_openstack.wrappers.network [-] CIDR generated: 1.1.5.132/30
2019-11-21 13:18:43.667 20700 INFO rally.task.runner [-] Task 911b0877-876e-4644-9be4-1c53679a121c | ITER: 17 END: OK
2019-11-21 13:18:43.669 20667 RALLYDEBUG rally_openstack.wrappers.network [-] CIDR generated: 1.1.5.136/30
2019-11-21 13:18:43.701 20679 RALLYDEBUG rally_openstack.wrappers.network [-] CIDR generated: 1.1.5.140/30
2019-11-21 13:18:44.289 20664 RALLYDEBUG rally_openstack.wrappers.network [-] CIDR generated: 1.1.5.144/30
2019-11-21 13:18:44.479 20667 RALLYDEBUG rally_openstack.wrappers.network [-] CIDR generated: 1.1.5.148/30
2019-11-21 13:18:44.802 20703 INFO rally.task.runner [-] Task 911b0877-876e-4644-9be4-1c53679a121c | ITER: 21 END: OK
2019-11-21 13:18:45.667 20690 INFO rally.task.runner [-] Task 911b0877-876e-4644-9be4-1c53679a121c | ITER: 30 END: OK
2019-11-21 13:18:45.678 20667 INFO rally.task.runner [-] Task 911b0877-876e-4644-9be4-1c53679a121c | ITER: 23 END: OK
2019-11-21 13:18:46.712 20667 INFO rally.task.runner [-] Task 911b0877-876e-4644-9be4-1c53679a121c | ITER: 40 END: OK
2019-11-21 13:18:46.785 20679 INFO rally.task.runner [-] Task 911b0877-876e-4644-9be4-1c53679a121c | ITER: 29 END: OK
2019-11-21 13:18:48.032 20697 RALLYDEBUG rally_openstack.wrappers.network [-] CIDR generated: 1.1.5.152/30
2019-11-21 13:18:48.158 20675 RALLYDEBUG rally_openstack.wrappers.network [-] CIDR generated: 1.1.5.156/30
2019-11-21 13:18:48.635 20665 INFO rally.task.runner [-] Task 911b0877-876e-4644-9be4-1c53679a121c | ITER: 5 END: OK
2019-11-21 13:18:48.654 20665 INFO rally.task.runner [-] Task 911b0877-876e-4644-9be4-1c53679a121c | ITER: 27 END: OK
2019-11-21 13:18:50.054 20680 INFO rally.task.runner [-] Task 911b0877-876e-4644-9be4-1c53679a121c | ITER: 34 END: OK
2019-11-21 13:18:50.719 20697 INFO rally.task.runner [-] Task 911b0877-876e-4644-9be4-1c53679a121c | ITER: 35 END: OK
2019-11-21 13:18:50.905 20666 INFO rally.task.runner [-] Task 911b0877-876e-4644-9be4-1c53679a121c | ITER: 28 END: OK
2019-11-21 13:18:51.630 20670 INFO rally.task.runner [-] Task 911b0877-876e-4644-9be4-1c53679a121c | ITER: 22 END: OK
2019-11-21 13:18:52.938 20666 INFO rally.task.runner [-] Task 911b0877-876e-4644-9be4-1c53679a121c | ITER: 37 END: OK
2019-11-21 13:18:54.663 20664 INFO rally.task.runner [-] Task 911b0877-876e-4644-9be4-1c53679a121c | ITER: 39 END: OK
2019-11-21 13:18:55.063 20687 INFO rally.task.runner [-] Task 911b0877-876e-4644-9be4-1c53679a121c | ITER: 31 END: OK
2019-11-21 13:18:55.454 20682 INFO rally.task.runner [-] Task 911b0877-876e-4644-9be4-1c53679a121c | ITER: 32 END: OK
2019-11-21 13:18:55.473 20664 INFO rally.task.runner [-] Task 911b0877-876e-4644-9be4-1c53679a121c | ITER: 26 END: OK
2019-11-21 13:18:56.508 20675 INFO rally.task.runner [-] Task 911b0877-876e-4644-9be4-1c53679a121c | ITER: 38 END: OK
2019-11-21 13:18:56.976 20672 INFO rally.task.runner [-] Task 911b0877-876e-4644-9be4-1c53679a121c | ITER: 36 END: OK
2019-11-21 13:18:56.984 20702 INFO rally.task.runner [-] Task 911b0877-876e-4644-9be4-1c53679a121c | ITER: 25 END: OK
2019-11-21 13:18:57.013 18470 INFO rally.task.context [-] Task 911b0877-876e-4644-9be4-1c53679a121c | Context cleanup@openstack cleanup() started
2019-11-21 13:18:57.016 18470 RALLYDEBUG rally_openstack.cleanup.manager [-] Cleaning up neutron vip objects
2019-11-21 13:18:57.421 18470 RALLYDEBUG rally_openstack.cleanup.manager [-] Cleaning up neutron health_monitor objects
2019-11-21 13:18:57.831 18470 RALLYDEBUG rally_openstack.cleanup.manager [-] Cleaning up neutron pool objects
2019-11-21 13:18:58.248 18470 RALLYDEBUG rally_openstack.cleanup.manager [-] Cleaning up neutron loadbalancer objects
2019-11-21 13:18:58.651 18470 RALLYDEBUG rally_openstack.cleanup.manager [-] Cleaning up neutron floatingip objects
2019-11-21 13:18:59.118 18470 RALLYDEBUG rally_openstack.cleanup.manager [-] Cleaning up neutron trunk objects
2019-11-21 13:18:59.519 18470 RALLYDEBUG rally_openstack.cleanup.manager [-] Cleaning up neutron port objects
2019-11-21 13:19:00.040 18470 RALLYDEBUG rally_openstack.cleanup.manager [-] Cleaning up neutron subnet objects
2019-11-21 13:19:00.471 18470 RALLYDEBUG rally_openstack.cleanup.manager [-] Cleaning up neutron network objects
2019-11-21 13:19:01.023 18470 RALLYDEBUG rally_openstack.cleanup.manager [-] Deleting neutron.network object s_rally_7c75e7c6_kx778MSC (047b273d-6a79-4d49-90ff-d18b62b43bc7)
2019-11-21 13:19:01.040 18470 RALLYDEBUG rally_openstack.cleanup.manager [-] Deleting neutron.network object s_rally_7c75e7c6_Wcjdqnkq (05d4989d-4f8e-4ca9-9245-dfaba84ba7a1)
2019-11-21 13:19:01.044 18470 RALLYDEBUG rally_openstack.cleanup.manager [-] Deleting neutron.network object s_rally_7c75e7c6_mJPHFwol (1bf0070b-bbfb-40a7-b968-2ba68bfeac0e)
2019-11-21 13:19:01.046 18470 RALLYDEBUG rally_openstack.cleanup.manager [-] Deleting neutron.network object s_rally_7c75e7c6_QHIImS3k (1d2cfdaa-9487-440e-852e-e19622a8ba63)
2019-11-21 13:19:01.058 18470 RALLYDEBUG rally_openstack.cleanup.manager [-] Deleting neutron.network object s_rally_7c75e7c6_KRQT27Db (1d7fb6ae-c9d4-4243-b99b-093ba79f50b6)
2019-11-21 13:19:01.067 18470 RALLYDEBUG rally_openstack.cleanup.manager [-] Deleting neutron.network object s_rally_7c75e7c6_p6AGigj2 (229d294e-9c1f-4f4c-94b4-ab735f3ed120)
2019-11-21 13:19:01.077 18470 RALLYDEBUG rally_openstack.cleanup.manager [-] Deleting neutron.network object s_rally_7c75e7c6_WJimRt7S (2b3c0f6c-7512-44b3-b4a1-5d3fe849f70a)
2019-11-21 13:19:01.078 18470 RALLYDEBUG rally_openstack.cleanup.manager [-] Deleting neutron.network object s_rally_7c75e7c6_dS5vhq3a (2b5ebddf-f193-4d0b-a276-f21540547018)
2019-11-21 13:19:01.100 18470 RALLYDEBUG rally_openstack.cleanup.manager [-] Deleting neutron.network object s_rally_7c75e7c6_z7V04AYD (2cb6dc5e-c7e6-41ce-8e58-1f2b8ba08f60)
2019-11-21 13:19:01.112 18470 RALLYDEBUG rally_openstack.cleanup.manager [-] Deleting neutron.network object s_rally_7c75e7c6_VLWkIyZK (37d97695-e908-4fdf-ac0e-bba15a86448d)
2019-11-21 13:19:01.140 18470 RALLYDEBUG rally_openstack.cleanup.manager [-] Deleting neutron.network object s_rally_7c75e7c6_X8Vyv4Pg (3aa004da-561c-4a0e-98a0-8f1e26fc038e)
2019-11-21 13:19:01.148 18470 RALLYDEBUG rally_openstack.cleanup.manager [-] Deleting neutron.network object s_rally_7c75e7c6_yARgnbdc (393ba303-0ebf-411c-aa9d-232279bbc33e)
2019-11-21 13:19:01.191 18470 RALLYDEBUG rally_openstack.cleanup.manager [-] Deleting neutron.network object s_rally_7c75e7c6_iWP1vfDi (3ecaed6e-2c4b-4066-8c6b-93f5c690307c)
2019-11-21 13:19:01.214 18470 RALLYDEBUG rally_openstack.cleanup.manager [-] Deleting neutron.network object s_rally_7c75e7c6_zJXfn3uC (5cd47e6b-3bc1-41ae-8363-2ccaf171519a)
2019-11-21 13:19:01.219 18470 RALLYDEBUG rally_openstack.cleanup.manager [-] Deleting neutron.network object s_rally_7c75e7c6_9rvYQPkH (464c226e-16ad-42a1-9ab9-cf851c06f651)
2019-11-21 13:19:01.223 18470 RALLYDEBUG rally_openstack.cleanup.manager [-] Deleting neutron.network object s_rally_7c75e7c6_Hud1FCZS (55772ab3-eb80-46f2-83f8-b5ea47007847)
2019-11-21 13:19:01.225 18470 RALLYDEBUG rally_openstack.cleanup.manager [-] Deleting neutron.network object s_rally_7c75e7c6_SKsN37eL (5b65e431-bc69-4976-a442-07b837a8fa61)
2019-11-21 13:19:01.236 18470 RALLYDEBUG rally_openstack.cleanup.manager [-] Deleting neutron.network object s_rally_7c75e7c6_aPOq56M9 (42a12a62-e50f-4ae2-bbfd-b703b5600beb)
2019-11-21 13:19:01.242 18470 RALLYDEBUG rally_openstack.cleanup.manager [-] Deleting neutron.network object s_rally_7c75e7c6_pE9bXF4x (39423b33-5044-4d6b-962e-8675be37d35f)
2019-11-21 13:19:01.262 18470 RALLYDEBUG rally_openstack.cleanup.manager [-] Deleting neutron.network object s_rally_7c75e7c6_3odhmFln (576d1626-348a-4b17-8eb2-6c6a3b4d80bb)
2019-11-21 13:19:03.359 18470 RALLYDEBUG rally_openstack.cleanup.manager [-] Deleting neutron.network object s_rally_7c75e7c6_j8H0Ynla (605ef255-65db-473f-aa70-b3434c180ded)
2019-11-21 13:19:03.691 18470 RALLYDEBUG rally_openstack.cleanup.manager [-] Deleting neutron.network object s_rally_7c75e7c6_qd0AZ2v6 (654a292b-ec40-4436-8e28-dbd986f61689)
2019-11-21 13:19:03.979 18470 RALLYDEBUG rally_openstack.cleanup.manager [-] Deleting neutron.network object s_rally_7c75e7c6_ap1YHHl8 (7147c462-994c-4e01-9f08-6205f3dfb3f3)
2019-11-21 13:19:04.143 18470 RALLYDEBUG rally_openstack.cleanup.manager [-] Deleting neutron.network object s_rally_7c75e7c6_VJVblnTf (76cd7bcc-f67a-4f5a-8386-ca2257d738b6)
2019-11-21 13:19:04.183 18470 RALLYDEBUG rally_openstack.cleanup.manager [-] Deleting neutron.network object s_rally_7c75e7c6_mN56cmC0 (8035a9e8-504a-4717-805b-ef54d6bb4b9f)
2019-11-21 13:19:04.199 18470 RALLYDEBUG rally_openstack.cleanup.manager [-] Deleting neutron.network object s_rally_7c75e7c6_AqEQbHoa (80a8c650-609a-44af-904a-76328696907d)
2019-11-21 13:19:04.500 18470 RALLYDEBUG rally_openstack.cleanup.manager [-] Deleting neutron.network object s_rally_7c75e7c6_DRmQdG8r (85b3a6bc-2c81-43d7-a036-92a4e9e58acf)
2019-11-21 13:19:04.578 18470 RALLYDEBUG rally_openstack.cleanup.manager [-] Deleting neutron.network object s_rally_7c75e7c6_67fWnjlX (8817461d-97ba-4e79-a020-d3bd768cce94)
2019-11-21 13:19:04.637 18470 RALLYDEBUG rally_openstack.cleanup.manager [-] Deleting neutron.network object s_rally_7c75e7c6_9JzX6zPt (8f9c7545-d10b-4da1-9b77-3f5d88fa5bf4)
2019-11-21 13:19:04.645 18470 RALLYDEBUG rally_openstack.cleanup.manager [-] Deleting neutron.network object s_rally_7c75e7c6_HaV3N7ub (9d33eb6b-0b9b-402e-a9ca-af934e03186d)
2019-11-21 13:19:04.697 18470 RALLYDEBUG rally_openstack.cleanup.manager [-] Deleting neutron.network object s_rally_7c75e7c6_OQo82mZw (9e9a7ee8-47dd-47b5-b015-5d54f754947b)
2019-11-21 13:19:04.905 18470 RALLYDEBUG rally_openstack.cleanup.manager [-] Deleting neutron.network object s_rally_7c75e7c6_29j6rBPT (9f441fe2-d6e4-4c5b-bc62-cdec52cfd958)
2019-11-21 13:19:05.295 18470 RALLYDEBUG rally_openstack.cleanup.manager [-] Deleting neutron.network object s_rally_7c75e7c6_m3D1cNzt (b5b5ca8e-2fda-47a0-8320-6b9350c8895c)
2019-11-21 13:19:05.324 18470 RALLYDEBUG rally_openstack.cleanup.manager [-] Deleting neutron.network object s_rally_7c75e7c6_1OJIqwd5 (c05c6d26-0997-4f79-93bd-c7d206041ab1)
2019-11-21 13:19:05.426 18470 RALLYDEBUG rally_openstack.cleanup.manager [-] Deleting neutron.network object s_rally_7c75e7c6_g8R8JgbB (c9255957-1da8-4c14-a598-7f447279940b)
2019-11-21 13:19:05.609 18470 RALLYDEBUG rally_openstack.cleanup.manager [-] Deleting neutron.network object s_rally_7c75e7c6_L3HuUdWR (c9b6c2ae-4360-4d61-989b-a3ef9941d548)
2019-11-21 13:19:05.625 18470 RALLYDEBUG rally_openstack.cleanup.manager [-] Deleting neutron.network object s_rally_7c75e7c6_aIn8Ithe (ca726afc-3d1e-4276-a563-e57dd807830e)
2019-11-21 13:19:05.716 18470 RALLYDEBUG rally_openstack.cleanup.manager [-] Deleting neutron.network object s_rally_7c75e7c6_nF6hm3QO (ca8be128-562d-4f94-a9a1-4164f7c34b31)
2019-11-21 13:19:06.109 18470 RALLYDEBUG rally_openstack.cleanup.manager [-] Deleting neutron.network object s_rally_7c75e7c6_cayrzch3 (dbbdb16b-79c8-4687-8ab0-efba6f40110e)
2019-11-21 13:19:06.255 18470 RALLYDEBUG rally_openstack.cleanup.manager [-] Deleting neutron.network object s_rally_7c75e7c6_EJCB9mYE (f05073e2-74e5-45d9-8c87-d1890e73198d)
2019-11-21 13:19:10.039 18470 RALLYDEBUG rally_openstack.cleanup.manager [-] Cleaning up neutron router objects
2019-11-21 13:19:10.482 18470 RALLYDEBUG rally_openstack.cleanup.manager [-] Cleaning up neutron security_group objects
2019-11-21 13:19:10.904 18470 INFO rally.task.context [-] Task 911b0877-876e-4644-9be4-1c53679a121c | Context cleanup@openstack cleanup() finished in 13.89 sec
2019-11-21 13:19:10.904 18470 INFO rally.task.context [-] Task 911b0877-876e-4644-9be4-1c53679a121c | Context quotas@openstack cleanup() started
2019-11-21 13:19:10.984 18470 INFO rally.task.context [-] Task 911b0877-876e-4644-9be4-1c53679a121c | Context quotas@openstack cleanup() finished in 79.76 msec
2019-11-21 13:19:10.985 18470 INFO rally.task.context [-] Task 911b0877-876e-4644-9be4-1c53679a121c | Context users@openstack cleanup() started
2019-11-21 13:19:13.664 18470 INFO rally.task.context [-] Task 911b0877-876e-4644-9be4-1c53679a121c | Context users@openstack cleanup() finished in 2.68 sec
2019-11-21 13:19:15.264 18470 INFO rally.task.engine [-] Load duration is: 35.061988
2019-11-21 13:19:15.264 18470 INFO rally.task.engine [-] Full runner duration is: 35.114132
2019-11-21 13:19:15.265 18470 INFO rally.task.engine [-] Full duration is: 54.670767
2019-11-21 13:19:15.668 18470 INFO rally.task.engine [-] Running workload: position = 0 config = { "version": 2, "title": "A cropped version of a bigger task.", "description": "Auto-generated task from a single workload (uuid=9afbc3c7-7017-45e2-b01f-6e065b00cff4)", "subtasks": [ { "title": "NeutronNetworks.create_and_list_routers", "description": "Create and a given number of routers and list all routers.", "scenario": { "NeutronNetworks.create_and_list_routers": { "network_create_args": null, "subnet_create_args": null, "subnet_cidr_start": "1.1.0.0/30", "subnets_per_network": 2, "router_create_args": null } }, "contexts": { "users": { "tenants": 1, "users_per_tenant": 1 }, "quotas": { "neutron": { "network": -1, "subnet": -1, "router": -1 } } }, "runner": { "constant": { "times": 40, "concurrency": 20 } }, "hooks": [], "sla": { "failure_rate": { "max": 0 } } } ] }
2019-11-21 13:19:15.698 18470 RALLYDEBUG rally_openstack.contexts.keystone.users [-] Creating 1 tenants using 20 threads
2019-11-21 13:19:16.593 18470 RALLYDEBUG rally_openstack.contexts.keystone.users [-] Creating 1 users using 20 threads
2019-11-21 13:19:17.943 18470 INFO rally.task.context [-] Task 911b0877-876e-4644-9be4-1c53679a121c | Context users@openstack setup() finished in 2.24 sec
2019-11-21 13:19:18.449 18470 INFO rally.task.context [-] Task 911b0877-876e-4644-9be4-1c53679a121c | Context quotas@openstack setup() finished in 0.51 sec
2019-11-21 13:19:18.450 18470 INFO rally.task.context [-] Task 911b0877-876e-4644-9be4-1c53679a121c | Context cleanup@openstack setup() finished in 0.01 msec
2019-11-21 13:19:18.459 18470 RALLYDEBUG rally.task.runner [-] Starting the constant runner (task UUID: 911b0877-876e-4644-9be4-1c53679a121c). timeout: 0 concurrency: 20 concurrency_per_worker: 1 times: 40 concurrency_overhead: 4 processes_to_start: 16 max_cpu_used: 16
2019-11-21 13:19:18.474 21054 RALLYDEBUG rally.task.runner [-] Starting a worker. concurrency: 2 args: {"network_create_args": null, "subnet_create_args": null, "subnet_cidr_start": "1.1.0.0/30", "subnets_per_network": 2, "router_create_args": null} times: 40 method_name: run timeout: 0 duration: None cls:
2019-11-21 13:19:18.478 21055 RALLYDEBUG rally.task.runner [-] Starting a worker. concurrency: 2 args: {"network_create_args": null, "subnet_create_args": null, "subnet_cidr_start": "1.1.0.0/30", "subnets_per_network": 2, "router_create_args": null} times: 40 method_name: run timeout: 0 duration: None cls:
2019-11-21 13:19:18.481 21056 RALLYDEBUG rally.task.runner [-] Starting a worker. concurrency: 2 args: {"network_create_args": null, "subnet_create_args": null, "subnet_cidr_start": "1.1.0.0/30", "subnets_per_network": 2, "router_create_args": null} times: 40 method_name: run timeout: 0 duration: None cls:
2019-11-21 13:19:18.485 21054 INFO rally.task.runner [-] Task 911b0877-876e-4644-9be4-1c53679a121c | ITER: 1 START
2019-11-21 13:19:18.486 21055 INFO rally.task.runner [-] Task 911b0877-876e-4644-9be4-1c53679a121c | ITER: 2 START
2019-11-21 13:19:18.485 21057 RALLYDEBUG rally.task.runner [-] Starting a worker. concurrency: 2 args: {"network_create_args": null, "subnet_create_args": null, "subnet_cidr_start": "1.1.0.0/30", "subnets_per_network": 2, "router_create_args": null} times: 40 method_name: run timeout: 0 duration: None cls:
2019-11-21 13:19:18.488 21056 INFO rally.task.runner [-] Task 911b0877-876e-4644-9be4-1c53679a121c | ITER: 4 START
2019-11-21 13:19:18.486 21054 INFO rally.task.runner [-] Task 911b0877-876e-4644-9be4-1c53679a121c | ITER: 3 START
2019-11-21 13:19:18.489 21059 RALLYDEBUG rally.task.runner [-] Starting a worker. concurrency: 1 args: {"network_create_args": null, "subnet_create_args": null, "subnet_cidr_start": "1.1.0.0/30", "subnets_per_network": 2, "router_create_args": null} times: 40 method_name: run timeout: 0 duration: None cls:
2019-11-21 13:19:18.496 21059 INFO rally.task.runner [-] Task 911b0877-876e-4644-9be4-1c53679a121c | ITER: 8 START
2019-11-21 13:19:18.496 21057 INFO rally.task.runner [-] Task 911b0877-876e-4644-9be4-1c53679a121c | ITER: 7 START
2019-11-21 13:19:18.496 21063 RALLYDEBUG rally.task.runner [-] Starting a worker. concurrency: 1 args: {"network_create_args": null, "subnet_create_args": null, "subnet_cidr_start": "1.1.0.0/30", "subnets_per_network": 2, "router_create_args": null} times: 40 method_name: run timeout: 0 duration: None cls:
2019-11-21 13:19:18.497 21067 RALLYDEBUG rally.task.runner [-] Starting a worker. concurrency: 1 args: {"network_create_args": null, "subnet_create_args": null, "subnet_cidr_start": "1.1.0.0/30", "subnets_per_network": 2, "router_create_args": null} times: 40 method_name: run timeout: 0 duration: None cls:
2019-11-21 13:19:18.501 21070 RALLYDEBUG rally.task.runner [-] Starting a worker. concurrency: 1 args: {"network_create_args": null, "subnet_create_args": null, "subnet_cidr_start": "1.1.0.0/30", "subnets_per_network": 2, "router_create_args": null} times: 40 method_name: run timeout: 0 duration: None cls:
2019-11-21 13:19:18.504 21067 INFO rally.task.runner [-] Task 911b0877-876e-4644-9be4-1c53679a121c | ITER: 11 START
2019-11-21 13:19:18.505 21063 INFO rally.task.runner [-] Task 911b0877-876e-4644-9be4-1c53679a121c | ITER: 10 START
2019-11-21 13:19:18.505 21057 INFO rally.task.runner [-] Task 911b0877-876e-4644-9be4-1c53679a121c | ITER: 9 START
2019-11-21 13:19:18.507 21056 INFO rally.task.runner [-] Task 911b0877-876e-4644-9be4-1c53679a121c | ITER: 6 START
2019-11-21 13:19:18.507 21074 RALLYDEBUG rally.task.runner [-] Starting a worker. concurrency: 1 args: {"network_create_args": null, "subnet_create_args": null, "subnet_cidr_start": "1.1.0.0/30", "subnets_per_network": 2, "router_create_args": null} times: 40 method_name: run timeout: 0 duration: None cls:
2019-11-21 13:19:18.508 21070 INFO rally.task.runner [-] Task 911b0877-876e-4644-9be4-1c53679a121c | ITER: 12 START
2019-11-21 13:19:18.510 21076 RALLYDEBUG rally.task.runner [-] Starting a worker. concurrency: 1 args: {"network_create_args": null, "subnet_create_args": null, "subnet_cidr_start": "1.1.0.0/30", "subnets_per_network": 2, "router_create_args": null} times: 40 method_name: run timeout: 0 duration: None cls:
2019-11-21 13:19:18.512 21055 INFO rally.task.runner [-] Task 911b0877-876e-4644-9be4-1c53679a121c | ITER: 5 START
2019-11-21 13:19:18.517 21076 INFO rally.task.runner [-] Task 911b0877-876e-4644-9be4-1c53679a121c | ITER: 14 START
2019-11-21 13:19:18.517 21074 INFO rally.task.runner [-] Task 911b0877-876e-4644-9be4-1c53679a121c | ITER: 13 START
2019-11-21 13:19:18.518 21083 RALLYDEBUG rally.task.runner [-] Starting a worker. concurrency: 1 args: {"network_create_args": null, "subnet_create_args": null, "subnet_cidr_start": "1.1.0.0/30", "subnets_per_network": 2, "router_create_args": null} times: 40 method_name: run timeout: 0 duration: None cls:
2019-11-21 13:19:18.526 21083 INFO rally.task.runner [-] Task 911b0877-876e-4644-9be4-1c53679a121c | ITER: 15 START
2019-11-21 13:19:18.527 21089 RALLYDEBUG rally.task.runner [-] Starting a worker. concurrency: 1 args: {"network_create_args": null, "subnet_create_args": null, "subnet_cidr_start": "1.1.0.0/30", "subnets_per_network": 2, "router_create_args": null} times: 40 method_name: run timeout: 0 duration: None cls:
2019-11-21 13:19:18.535 21089 INFO rally.task.runner [-] Task 911b0877-876e-4644-9be4-1c53679a121c | ITER: 16 START
2019-11-21 13:19:18.541 21092 RALLYDEBUG rally.task.runner [-] Starting a worker. concurrency: 1 args: {"network_create_args": null, "subnet_create_args": null, "subnet_cidr_start": "1.1.0.0/30", "subnets_per_network": 2, "router_create_args": null} times: 40 method_name: run timeout: 0 duration: None cls:
2019-11-21 13:19:18.545 21095 RALLYDEBUG rally.task.runner [-] Starting a worker. concurrency: 1 args: {"network_create_args": null, "subnet_create_args": null, "subnet_cidr_start": "1.1.0.0/30", "subnets_per_network": 2, "router_create_args": null} times: 40 method_name: run timeout: 0 duration: None cls:
2019-11-21 13:19:18.549 21092 INFO rally.task.runner [-] Task 911b0877-876e-4644-9be4-1c53679a121c | ITER: 17 START
2019-11-21 13:19:18.549 21096 RALLYDEBUG rally.task.runner [-] Starting a worker. concurrency: 1 args: {"network_create_args": null, "subnet_create_args": null, "subnet_cidr_start": "1.1.0.0/30", "subnets_per_network": 2, "router_create_args": null} times: 40 method_name: run timeout: 0 duration: None cls:
2019-11-21 13:19:18.550 21095 INFO rally.task.runner [-] Task 911b0877-876e-4644-9be4-1c53679a121c | ITER: 18 START
2019-11-21 13:19:18.554 21098 RALLYDEBUG rally.task.runner [-] Starting a worker. concurrency: 1 args: {"network_create_args": null, "subnet_create_args": null, "subnet_cidr_start": "1.1.0.0/30", "subnets_per_network": 2, "router_create_args": null} times: 40 method_name: run timeout: 0 duration: None cls:
2019-11-21 13:19:18.554 21096 INFO rally.task.runner [-] Task 911b0877-876e-4644-9be4-1c53679a121c | ITER: 19 START
2019-11-21 13:19:18.558 21098 INFO rally.task.runner [-] Task 911b0877-876e-4644-9be4-1c53679a121c | ITER: 20 START
2019-11-21 13:19:19.687 21055 RALLYDEBUG rally_openstack.wrappers.network [-] CIDR generated: 1.1.5.160/30
2019-11-21 13:19:19.785 21092 RALLYDEBUG rally_openstack.wrappers.network [-] CIDR generated: 1.1.5.164/30
2019-11-21 13:19:19.855 21074 RALLYDEBUG rally_openstack.wrappers.network [-] CIDR generated: 1.1.5.168/30
2019-11-21 13:19:19.928 21083 RALLYDEBUG rally_openstack.wrappers.network [-] CIDR generated: 1.1.5.172/30
2019-11-21 13:19:19.962 21095 RALLYDEBUG rally_openstack.wrappers.network [-] CIDR generated: 1.1.5.176/30
2019-11-21 13:19:19.981 21056 RALLYDEBUG rally_openstack.wrappers.network [-] CIDR generated: 1.1.5.180/30
2019-11-21 13:19:20.007 21059 RALLYDEBUG rally_openstack.wrappers.network [-] CIDR generated: 1.1.5.184/30
2019-11-21 13:19:20.039 21063 RALLYDEBUG rally_openstack.wrappers.network [-] CIDR generated: 1.1.5.188/30
2019-11-21 13:19:20.046 21098 RALLYDEBUG rally_openstack.wrappers.network [-] CIDR generated: 1.1.5.192/30
2019-11-21 13:19:20.052 21076 RALLYDEBUG rally_openstack.wrappers.network [-] CIDR generated: 1.1.5.196/30
2019-11-21 13:19:20.053 21054 RALLYDEBUG rally_openstack.wrappers.network [-] CIDR generated: 1.1.5.200/30
2019-11-21 13:19:20.146 21057 RALLYDEBUG rally_openstack.wrappers.network [-] CIDR generated: 1.1.5.204/30
2019-11-21 13:19:20.158 21055 RALLYDEBUG rally_openstack.wrappers.network [-] CIDR generated: 1.1.5.208/30
2019-11-21 13:19:20.162 21054 RALLYDEBUG rally_openstack.wrappers.network [-] CIDR generated: 1.1.5.212/30
2019-11-21 13:19:20.186 21089 RALLYDEBUG rally_openstack.wrappers.network [-] CIDR generated: 1.1.5.216/30
2019-11-21 13:19:20.232 21056 RALLYDEBUG rally_openstack.wrappers.network [-] CIDR generated: 1.1.5.220/30
2019-11-21 13:19:20.447 21067 RALLYDEBUG rally_openstack.wrappers.network [-] CIDR generated: 1.1.5.224/30
2019-11-21 13:19:20.521 21057 RALLYDEBUG rally_openstack.wrappers.network [-] CIDR generated: 1.1.5.228/30
2019-11-21 13:19:21.034 21096 RALLYDEBUG rally_openstack.wrappers.network [-] CIDR generated: 1.1.5.232/30
2019-11-21 13:19:21.108 21070 RALLYDEBUG rally_openstack.wrappers.network [-] CIDR generated: 1.1.5.236/30
2019-11-21 13:19:21.367 21063 RALLYDEBUG rally_openstack.wrappers.network [-] CIDR generated: 1.1.5.240/30
2019-11-21 13:19:21.690 21095 RALLYDEBUG rally_openstack.wrappers.network [-] CIDR generated: 1.1.5.244/30
2019-11-21 13:19:21.706 21092 RALLYDEBUG rally_openstack.wrappers.network [-] CIDR generated: 1.1.5.248/30
2019-11-21 13:19:21.747 21067 RALLYDEBUG rally_openstack.wrappers.network [-] CIDR generated: 1.1.5.252/30
2019-11-21 13:19:21.765 21054 RALLYDEBUG rally_openstack.wrappers.network [-] CIDR generated: 1.1.6.0/30
2019-11-21 13:19:21.997 21054 RALLYDEBUG rally_openstack.wrappers.network [-] CIDR generated: 1.1.6.4/30
2019-11-21 13:19:22.008 21055 RALLYDEBUG rally_openstack.wrappers.network [-] CIDR generated: 1.1.6.8/30
2019-11-21 13:19:22.465 21083 RALLYDEBUG rally_openstack.wrappers.network [-] CIDR generated: 1.1.6.12/30
2019-11-21 13:19:22.942 21055 RALLYDEBUG rally_openstack.wrappers.network [-] CIDR generated: 1.1.6.16/30
2019-11-21 13:19:23.036 21056 RALLYDEBUG rally_openstack.wrappers.network [-] CIDR generated: 1.1.6.20/30
2019-11-21 13:19:23.098 21098 RALLYDEBUG rally_openstack.wrappers.network [-] CIDR generated: 1.1.6.24/30
2019-11-21 13:19:23.213 21070 RALLYDEBUG rally_openstack.wrappers.network [-] CIDR generated: 1.1.6.28/30
2019-11-21 13:19:23.252 21057 RALLYDEBUG rally_openstack.wrappers.network [-] CIDR generated: 1.1.6.32/30
2019-11-21 13:19:23.398 21074 RALLYDEBUG rally_openstack.wrappers.network [-] CIDR generated: 1.1.6.36/30
2019-11-21 13:19:23.487 21076 RALLYDEBUG rally_openstack.wrappers.network [-] CIDR generated: 1.1.6.40/30
2019-11-21 13:19:23.551 21089 RALLYDEBUG rally_openstack.wrappers.network [-] CIDR generated: 1.1.6.44/30
2019-11-21 13:19:24.399 21057 RALLYDEBUG rally_openstack.wrappers.network [-] CIDR generated: 1.1.6.48/30
2019-11-21 13:19:24.652 21059 RALLYDEBUG rally_openstack.wrappers.network [-] CIDR generated: 1.1.6.52/30
2019-11-21 13:19:24.802 21096 RALLYDEBUG rally_openstack.wrappers.network [-] CIDR generated: 1.1.6.56/30
2019-11-21 13:19:25.977 21056 RALLYDEBUG rally_openstack.wrappers.network [-] CIDR generated: 1.1.6.60/30
2019-11-21 13:19:32.109 21092 INFO rally.task.runner [-] Task 911b0877-876e-4644-9be4-1c53679a121c | ITER: 17 END: OK
2019-11-21 13:19:32.114 21092 INFO rally.task.runner [-] Task 911b0877-876e-4644-9be4-1c53679a121c | ITER: 21 START
2019-11-21 13:19:32.786 21092 RALLYDEBUG rally_openstack.wrappers.network [-] CIDR generated: 1.1.6.64/30
