2019-11-21 13:27:24.005 18470 RALLYDEBUG rally_openstack.cleanup.manager [-] Deleting neutron.port object s_rally_dfbdad0d_Ck0THeuZ (ce8d6d1c-5509-4c96-9709-b407175e06d0)
2019-11-21 13:27:24.014 18470 RALLYDEBUG rally_openstack.cleanup.manager [-] Deleting neutron.port object s_rally_dfbdad0d_cH7O8TqB (cea9594e-b6f5-43be-b5bf-71e786ae7fc1)
2019-11-21 13:27:24.142 18470 RALLYDEBUG rally_openstack.cleanup.manager [-] Deleting neutron.port object s_rally_dfbdad0d_ThSfPrn6 (d009aba3-d7e1-4d83-af98-bed4cfc1a07a)
2019-11-21 13:27:24.393 18470 RALLYDEBUG rally_openstack.cleanup.manager [-] Deleting neutron.port object s_rally_dfbdad0d_oeuaPhDV (d043034f-a271-444d-9f5c-05a06e298d5e)
2019-11-21 13:27:24.624 18470 RALLYDEBUG rally_openstack.cleanup.manager [-] Deleting neutron.port object s_rally_dfbdad0d_aHgBFUpe (d07f6c8a-67ac-4dcc-b883-9bfc1fd64d4c)
2019-11-21 13:27:24.755 18470 RALLYDEBUG rally_openstack.cleanup.manager [-] Deleting neutron.port object s_rally_dfbdad0d_Rv8vmefv (d2bc40fc-97da-4860-bb8f-19ff7c50fb96)
2019-11-21 13:27:24.762 18470 RALLYDEBUG rally_openstack.cleanup.manager [-] Deleting neutron.port object s_rally_dfbdad0d_ggvOSwE8 (d1cd1af3-de3b-4ccb-ae05-2b0d4c30a44d)
2019-11-21 13:27:24.803 18470 RALLYDEBUG rally_openstack.cleanup.manager [-] Deleting neutron.port object s_rally_dfbdad0d_8vtRbF5J (d3ad5c71-3f46-4412-b6ea-73293102ae54)
2019-11-21 13:27:24.918 18470 RALLYDEBUG rally_openstack.cleanup.manager [-] Deleting neutron.port object s_rally_dfbdad0d_zdTFt2wE (d44675f0-2bcb-487e-ad36-6d3027918283)
2019-11-21 13:27:25.179 18470 RALLYDEBUG rally_openstack.cleanup.manager [-] Deleting neutron.port object s_rally_dfbdad0d_7BWwtUGl (d5abfb1b-1a9b-47ff-8621-6682245295d3)
2019-11-21 13:27:25.314 18470 RALLYDEBUG rally_openstack.cleanup.manager [-] Deleting neutron.port object s_rally_dfbdad0d_T8XPFUVT (d6215f6f-d91d-46cc-a0b2-a6e7dfe1bd23)
2019-11-21 13:27:25.510 18470 RALLYDEBUG rally_openstack.cleanup.manager [-] Deleting neutron.port object s_rally_dfbdad0d_gPYVfexx (d675945e-c079-4a45-bebf-697dcb56f5fc)
2019-11-21 13:27:25.541 18470 RALLYDEBUG rally_openstack.cleanup.manager [-] Deleting neutron.port object s_rally_dfbdad0d_Koua9yck (d72044fb-a45d-4372-8a09-a66ba38e3026)
2019-11-21 13:27:25.703 18470 RALLYDEBUG rally_openstack.cleanup.manager [-] Deleting neutron.port object s_rally_dfbdad0d_y492YIIs (d73b1916-fbe4-4fdf-9832-01734d06df2b)
2019-11-21 13:27:25.987 18470 RALLYDEBUG rally_openstack.cleanup.manager [-] Deleting neutron.port object s_rally_dfbdad0d_upuGHTc4 (d7e1fe2d-84ae-4f16-91e1-8c30964a814b)
2019-11-21 13:27:26.033 18470 RALLYDEBUG rally_openstack.cleanup.manager [-] Deleting neutron.port object s_rally_dfbdad0d_nnwHi2yI (d9039759-9b92-4ea1-a863-e25ae960fbb3)
2019-11-21 13:27:26.078 18470 RALLYDEBUG rally_openstack.cleanup.manager [-] Deleting neutron.port object s_rally_dfbdad0d_JbtuHTXf (d9bb48f1-cfb8-4712-b75c-00e3a6011a12)
2019-11-21 13:27:26.307 18470 RALLYDEBUG rally_openstack.cleanup.manager [-] Deleting neutron.port object s_rally_dfbdad0d_8VYUZXTz (d9da733a-6963-4efb-ba1c-ea6f30f83464)
2019-11-21 13:27:26.446 18470 RALLYDEBUG rally_openstack.cleanup.manager [-] Deleting neutron.port object s_rally_dfbdad0d_w4fRT1Qk (daccf525-e041-4345-ad5a-1a4f2e9b904e)
2019-11-21 13:27:26.631 18470 RALLYDEBUG rally_openstack.cleanup.manager [-] Deleting neutron.port object s_rally_dfbdad0d_d5MXBMLg (daf0e427-211e-4bf7-bda2-6cc8e7caff78)
2019-11-21 13:27:26.634 18470 RALLYDEBUG rally_openstack.cleanup.manager [-] Deleting neutron.port object s_rally_dfbdad0d_FgZJrFl8 (dc504256-4bf3-48af-84d0-4c6fb4783c98)
2019-11-21 13:27:26.659 18470 RALLYDEBUG rally_openstack.cleanup.manager [-] Deleting neutron.port object s_rally_dfbdad0d_884UwYSO (dcf28c3d-2732-4aec-a01f-82f9d890c88a)
2019-11-21 13:27:26.745 18470 RALLYDEBUG rally_openstack.cleanup.manager [-] Deleting neutron.port object s_rally_dfbdad0d_pP6YzcIl (dd23b56d-63ba-43fe-bb9e-42c8a3ad5622)
2019-11-21 13:27:26.851 18470 RALLYDEBUG rally_openstack.cleanup.manager [-] Deleting neutron.port object s_rally_dfbdad0d_thcKT5AQ (dd250cbf-9759-46b3-b46d-60bfec51f7d6)
2019-11-21 13:27:26.905 18470 RALLYDEBUG rally_openstack.cleanup.manager [-] Deleting neutron.port object s_rally_dfbdad0d_5RsJR0iK (dd4ee141-755b-4dbf-9d46-8de54ea2d426)
2019-11-21 13:27:26.962 18470 RALLYDEBUG rally_openstack.cleanup.manager [-] Deleting neutron.port object s_rally_dfbdad0d_HpfaTq3P (dd79aac1-37e1-42e5-86a2-907ca5a1d384)
2019-11-21 13:27:27.083 18470 RALLYDEBUG rally_openstack.cleanup.manager [-] Deleting neutron.port object s_rally_dfbdad0d_XTLeONEp (df6a9cd5-29c7-4e34-90db-e2761ea5139c)
2019-11-21 13:27:27.135 18470 RALLYDEBUG rally_openstack.cleanup.manager [-] Deleting neutron.port object s_rally_dfbdad0d_Exq4a4NS (dfa1a314-6503-48f3-9ea5-0957b18ddd18)
2019-11-21 13:27:27.358 18470 RALLYDEBUG rally_openstack.cleanup.manager [-] Deleting neutron.port object s_rally_dfbdad0d_ZgX71bBR (e069f3f8-853f-493e-9df7-f718bf51dab0)
2019-11-21 13:27:27.420 18470 RALLYDEBUG rally_openstack.cleanup.manager [-] Deleting neutron.port object s_rally_dfbdad0d_nCZnMcnZ (e097213f-2a01-4efd-804f-efb88af8139b)
2019-11-21 13:27:27.499 18470 RALLYDEBUG rally_openstack.cleanup.manager [-] Deleting neutron.port object s_rally_dfbdad0d_NNajNUna (e1460dbe-9ba1-4f47-88a2-08005a82ab55)
2019-11-21 13:27:27.558 18470 RALLYDEBUG rally_openstack.cleanup.manager [-] Deleting neutron.port object s_rally_dfbdad0d_H096Sn5g (e1dbb47c-73b2-4bbd-9b39-627935c23dca)
2019-11-21 13:27:27.673 18470 RALLYDEBUG rally_openstack.cleanup.manager [-] Deleting neutron.port object s_rally_dfbdad0d_qyn02Xe0 (e1e8d0e5-5a44-47b5-934f-9c1bf5785b59)
2019-11-21 13:27:27.685 18470 RALLYDEBUG rally_openstack.cleanup.manager [-] Deleting neutron.port object s_rally_dfbdad0d_eULi7iXm (e27b961d-08ae-43ef-beda-6883ea3f1efd)
2019-11-21 13:27:27.881 18470 RALLYDEBUG rally_openstack.cleanup.manager [-] Deleting neutron.port object s_rally_dfbdad0d_UgsMgo9f (e294eb42-44b4-4c39-a711-5ecd000bc584)
2019-11-21 13:27:27.893 18470 RALLYDEBUG rally_openstack.cleanup.manager [-] Deleting neutron.port object s_rally_dfbdad0d_NUydPWlx (e31a67f2-e8b3-49ad-9d2b-a96b9ae72fd6)
2019-11-21 13:27:27.941 18470 RALLYDEBUG rally_openstack.cleanup.manager [-] Deleting neutron.port object s_rally_dfbdad0d_U4DE2niy (e46de4ee-f6f0-41f2-9bea-99197b46cd3a)
2019-11-21 13:27:28.322 18470 RALLYDEBUG rally_openstack.cleanup.manager [-] Deleting neutron.port object s_rally_dfbdad0d_h33HYFxt (e4a167ac-2ac1-4f62-b168-46f0164dae16)
2019-11-21 13:27:28.525 18470 RALLYDEBUG rally_openstack.cleanup.manager [-] Deleting neutron.port object s_rally_dfbdad0d_d2boFMPJ (e5a29623-8c31-4332-a6d2-f1e7fb9f81fd)
2019-11-21 13:27:28.574 18470 RALLYDEBUG rally_openstack.cleanup.manager [-] Deleting neutron.port object s_rally_dfbdad0d_9hT5dtew (e662f19e-58e4-4b04-80b6-f8d8731ecd28)
2019-11-21 13:27:29.035 18470 RALLYDEBUG rally_openstack.cleanup.manager [-] Deleting neutron.port object s_rally_dfbdad0d_dwiLQm36 (e707e12b-37b4-4bb0-bb6f-21883c8a5b8c)
2019-11-21 13:27:29.050 18470 RALLYDEBUG rally_openstack.cleanup.manager [-] Deleting neutron.port object s_rally_dfbdad0d_UTqOB7S7 (e7624a4c-f8a3-4155-a543-0bc1ea255bdb)
2019-11-21 13:27:29.167 18470 RALLYDEBUG rally_openstack.cleanup.manager [-] Deleting neutron.port object s_rally_dfbdad0d_QHyRjH4t (e7988117-45bd-4163-b300-936394c03bb1)
2019-11-21 13:27:29.180 18470 RALLYDEBUG rally_openstack.cleanup.manager [-] Deleting neutron.port object s_rally_dfbdad0d_9I5drZGE (e909ec54-a28b-4586-a771-1766b4bede21)
2019-11-21 13:27:29.334 18470 RALLYDEBUG rally_openstack.cleanup.manager [-] Deleting neutron.port object s_rally_dfbdad0d_ThOo0xVU (e97f3364-21b8-41e0-aaa0-f4822b51cc4b)
2019-11-21 13:27:29.335 18470 RALLYDEBUG rally_openstack.cleanup.manager [-] Deleting neutron.port object s_rally_dfbdad0d_U5yegL9x (ea8af6dc-d648-451e-9720-36e0133e30a6)
2019-11-21 13:27:29.403 18470 RALLYDEBUG rally_openstack.cleanup.manager [-] Deleting neutron.port object s_rally_dfbdad0d_dnAOrjFh (ec40a621-4500-4751-96b5-b4c3dfa7dab1)
2019-11-21 13:27:29.427 18470 RALLYDEBUG rally_openstack.cleanup.manager [-] Deleting neutron.port object s_rally_dfbdad0d_obhXawtj (ec93151a-9935-47de-bef7-f01df4518270)
2019-11-21 13:27:29.429 18470 RALLYDEBUG rally_openstack.cleanup.manager [-] Deleting neutron.port object s_rally_dfbdad0d_azRqfG2W (ecbe8973-9950-4537-94c0-3d06fce18365)
2019-11-21 13:27:29.555 18470 RALLYDEBUG rally_openstack.cleanup.manager [-] Deleting neutron.port object s_rally_dfbdad0d_k8UBUqrf (ed4fd909-64cc-4f8b-8f22-09af56faf138)
2019-11-21 13:27:29.684 18470 RALLYDEBUG rally_openstack.cleanup.manager [-] Deleting neutron.port object s_rally_dfbdad0d_oULuraYU (edd65e6c-2bb9-44ed-8a3d-c0e894fd89bd)
2019-11-21 13:27:29.760 18470 RALLYDEBUG rally_openstack.cleanup.manager [-] Deleting neutron.port object s_rally_dfbdad0d_ljW96L5W (eec02dd6-ca72-4e15-8bdc-1faeadb6c208)
2019-11-21 13:27:29.833 18470 RALLYDEBUG rally_openstack.cleanup.manager [-] Deleting neutron.port object s_rally_dfbdad0d_aBqyYbMC (ef373136-1ece-4938-b4df-b303559eeb84)
2019-11-21 13:27:29.898 18470 RALLYDEBUG rally_openstack.cleanup.manager [-] Deleting neutron.port object s_rally_dfbdad0d_EPbQCWND (ef4cd058-91f9-4b6a-876c-69426a2a7498)
2019-11-21 13:27:29.944 18470 RALLYDEBUG rally_openstack.cleanup.manager [-] Deleting neutron.port object s_rally_dfbdad0d_w7Elj8Xv (f04463c6-4517-4005-8d0b-40b49be89f5c)
2019-11-21 13:27:30.076 18470 RALLYDEBUG rally_openstack.cleanup.manager [-] Deleting neutron.port object s_rally_dfbdad0d_CBBZUDHB (f0b762fd-3f29-482d-8540-00f24c1c9075)
2019-11-21 13:27:30.159 18470 RALLYDEBUG rally_openstack.cleanup.manager [-] Deleting neutron.port object s_rally_dfbdad0d_pmmiiNws (f0b8e446-3c43-4121-99ab-f976e71fdd06)
2019-11-21 13:27:30.405 18470 RALLYDEBUG rally_openstack.cleanup.manager [-] Deleting neutron.port object s_rally_dfbdad0d_lmBVFbmS (f0ca34a9-3633-4a19-b3a9-de2d65f27984)
2019-11-21 13:27:30.438 18470 RALLYDEBUG rally_openstack.cleanup.manager [-] Deleting neutron.port object s_rally_dfbdad0d_8fgAA1UC (f26d38ef-ed70-4021-a54f-85cd25c0e308)
2019-11-21 13:27:30.775 18470 RALLYDEBUG rally_openstack.cleanup.manager [-] Deleting neutron.port object s_rally_dfbdad0d_rRrqD3AA (f2c8b792-caa7-43ab-a71a-abcd2d9ce5c2)
2019-11-21 13:27:31.264 18470 RALLYDEBUG rally_openstack.cleanup.manager [-] Deleting neutron.port object s_rally_dfbdad0d_JJz9rxbo (f31dfdc9-b9a3-4648-9355-42bd2c650004)
2019-11-21 13:27:31.305 18470 RALLYDEBUG rally_openstack.cleanup.manager [-] Deleting neutron.port object s_rally_dfbdad0d_VyVE70Uc (f3c40012-3edd-4a0c-849a-4afda53a40ac)
2019-11-21 13:27:31.396 18470 RALLYDEBUG rally_openstack.cleanup.manager [-] Deleting neutron.port object s_rally_dfbdad0d_8Ra8BlCd (f88660b4-7f62-46c6-8a26-1f092c0abcc8)
2019-11-21 13:27:31.522 18470 RALLYDEBUG rally_openstack.cleanup.manager [-] Deleting neutron.port object s_rally_dfbdad0d_ytOyoojO (f9604381-aaa0-4100-8482-a2d8b21cc2c5)
2019-11-21 13:27:31.537 18470 RALLYDEBUG rally_openstack.cleanup.manager [-] Deleting neutron.port object s_rally_dfbdad0d_Ad2sk6T7 (f981fe4b-7baf-4ebc-b59b-6535ba2a7d9b)
2019-11-21 13:27:31.573 18470 RALLYDEBUG rally_openstack.cleanup.manager [-] Deleting neutron.port object s_rally_dfbdad0d_Xk1rmclF (fa751868-c0af-4083-887a-fbe37122f6d4)
2019-11-21 13:27:31.991 18470 RALLYDEBUG rally_openstack.cleanup.manager [-] Deleting neutron.port object s_rally_dfbdad0d_DRBYgDzB (fc93cb6f-322e-46e9-bd69-6c6bb39e48a7)
2019-11-21 13:27:32.007 18470 RALLYDEBUG rally_openstack.cleanup.manager [-] Deleting neutron.port object s_rally_dfbdad0d_44hxXLAl (fd151472-38de-4f96-86b4-f6fddad5ed24)
2019-11-21 13:27:32.017 18470 RALLYDEBUG rally_openstack.cleanup.manager [-] Deleting neutron.port object s_rally_dfbdad0d_BKwSf6fj (fdafac25-b0a2-468e-9949-879c70db60ea)
2019-11-21 13:27:32.028 18470 RALLYDEBUG rally_openstack.cleanup.manager [-] Deleting neutron.port object s_rally_dfbdad0d_nou9FJ5v (ffe2ed88-71c7-4b26-857c-378984acd1db)
2019-11-21 13:27:34.037 18470 RALLYDEBUG rally_openstack.cleanup.manager [-] Cleaning up neutron subnet objects
2019-11-21 13:27:34.465 18470 RALLYDEBUG rally_openstack.cleanup.manager [-] Cleaning up neutron network objects
2019-11-21 13:27:35.279 18470 RALLYDEBUG rally_openstack.cleanup.manager [-] Deleting neutron.network object s_rally_dfbdad0d_JKYGPy3Q (3a1bf084-c89f-4906-a302-e5e3ee278aa2)
2019-11-21 13:27:35.289 18470 RALLYDEBUG rally_openstack.cleanup.manager [-] Deleting neutron.network object s_rally_dfbdad0d_2ciML7N0 (47d64257-5977-4adc-b888-61897fb6087f)
2019-11-21 13:27:35.309 18470 RALLYDEBUG rally_openstack.cleanup.manager [-] Deleting neutron.network object s_rally_dfbdad0d_jtTYQxom (4ced15cd-042f-4db0-9a18-f53c6ad14a9b)
2019-11-21 13:27:35.314 18470 RALLYDEBUG rally_openstack.cleanup.manager [-] Deleting neutron.network object s_rally_dfbdad0d_qwtTeXgp (7527ba34-e620-4db4-836d-9df3c8ffa5f6)
2019-11-21 13:27:35.326 18470 RALLYDEBUG rally_openstack.cleanup.manager [-] Deleting neutron.network object s_rally_dfbdad0d_zEzbAszm (6d22a2ea-417b-4aa3-ad47-144c0490cc82)
2019-11-21 13:27:35.333 18470 RALLYDEBUG rally_openstack.cleanup.manager [-] Deleting neutron.network object s_rally_dfbdad0d_wcfLwk6M (bc44e2d1-dca3-4dbe-a8db-58538a47b068)
2019-11-21 13:27:35.334 18470 RALLYDEBUG rally_openstack.cleanup.manager [-] Deleting neutron.network object s_rally_dfbdad0d_TccFxDJ3 (a97cf2bd-4d1c-44a2-9383-9644a2c86ba8)
2019-11-21 13:27:35.339 18470 RALLYDEBUG rally_openstack.cleanup.manager [-] Deleting neutron.network object s_rally_dfbdad0d_ew8iupA3 (d2639616-380d-4741-89c4-963d50b2eb2f)
2019-11-21 13:27:38.337 18470 RALLYDEBUG rally_openstack.cleanup.manager [-] Cleaning up neutron router objects
2019-11-21 13:27:38.764 18470 RALLYDEBUG rally_openstack.cleanup.manager [-] Cleaning up neutron security_group objects
2019-11-21 13:27:39.200 18470 INFO rally.task.context [-] Task 911b0877-876e-4644-9be4-1c53679a121c | Context cleanup@openstack cleanup() finished in 55.67 sec
2019-11-21 13:27:39.200 18470 INFO rally.task.context [-] Task 911b0877-876e-4644-9be4-1c53679a121c | Context quotas@openstack cleanup() started
2019-11-21 13:27:39.276 18470 INFO rally.task.context [-] Task 911b0877-876e-4644-9be4-1c53679a121c | Context quotas@openstack cleanup() finished in 76.13 msec
2019-11-21 13:27:39.277 18470 INFO rally.task.context [-] Task 911b0877-876e-4644-9be4-1c53679a121c | Context users@openstack cleanup() started
2019-11-21 13:27:41.957 18470 INFO rally.task.context [-] Task 911b0877-876e-4644-9be4-1c53679a121c | Context users@openstack cleanup() finished in 2.68 sec
2019-11-21 13:27:43.015 18470 INFO rally.task.engine [-] Load duration is: 62.121894
2019-11-21 13:27:43.015 18470 INFO rally.task.engine [-] Full runner duration is: 62.176972
2019-11-21 13:27:43.016 18470 INFO rally.task.engine [-] Full duration is: 123.508844
2019-11-21 13:27:43.302 18470 INFO rally.task.engine [-] Running workload: position = 1 config = { "version": 2, "title": "A cropped version of a bigger task.", "description": "Auto-generated task from a single workload (uuid=d0761a84-26f0-4b48-a7c7-6a1c3fd57a54)", "subtasks": [ { "title": "NeutronNetworks.create_and_update_ports", "description": "Create and update a given number of ports.", "scenario": { "NeutronNetworks.create_and_update_ports": { "network_create_args": {}, "port_create_args": {}, "ports_per_network": 5, "port_update_args": { "admin_state_up": false, "device_id": "dummy_id", "device_owner": "dummy_owner", "name": "_port_updated" } } }, "contexts": { "users": { "tenants": 1, "users_per_tenant": 1 }, "quotas": { "neutron": { "network": -1, "port": -1 } } }, "runner": { "constant": { "times": 40, "concurrency": 20 } }, "hooks": [], "sla": { "failure_rate": { "max": 0 } } } ] }
2019-11-21 13:27:43.329 18470 RALLYDEBUG rally_openstack.contexts.keystone.users [-] Creating 1 tenants using 20 threads
2019-11-21 13:27:44.211 18470 RALLYDEBUG rally_openstack.contexts.keystone.users [-] Creating 1 users using 20 threads
2019-11-21 13:27:45.572 18470 INFO rally.task.context [-] Task 911b0877-876e-4644-9be4-1c53679a121c | Context users@openstack setup() finished in 2.24 sec
2019-11-21 13:27:46.077 18470 INFO rally.task.context [-] Task 911b0877-876e-4644-9be4-1c53679a121c | Context quotas@openstack setup() finished in 0.50 sec
2019-11-21 13:27:46.078 18470 INFO rally.task.context [-] Task 911b0877-876e-4644-9be4-1c53679a121c | Context cleanup@openstack setup() finished in 0.01 msec
2019-11-21 13:27:46.088 18470 RALLYDEBUG rally.task.runner [-] Starting the constant runner (task UUID: 911b0877-876e-4644-9be4-1c53679a121c). timeout: 0 concurrency: 20 concurrency_per_worker: 1 times: 40 concurrency_overhead: 4 processes_to_start: 16 max_cpu_used: 16
2019-11-21 13:27:46.103 22546 RALLYDEBUG rally.task.runner [-] Starting a worker. concurrency: 2 args: {"network_create_args": {}, "port_create_args": {}, "ports_per_network": 5, "port_update_args": {"admin_state_up": false, "device_id": "dummy_id", "device_owner": "dummy_owner", "name": "_port_updated"}} times: 40 method_name: run timeout: 0 duration: None cls:
2019-11-21 13:27:46.107 22547 RALLYDEBUG rally.task.runner [-] Starting a worker. concurrency: 2 args: {"network_create_args": {}, "port_create_args": {}, "ports_per_network": 5, "port_update_args": {"admin_state_up": false, "device_id": "dummy_id", "device_owner": "dummy_owner", "name": "_port_updated"}} times: 40 method_name: run timeout: 0 duration: None cls:
2019-11-21 13:27:46.110 22548 RALLYDEBUG rally.task.runner [-] Starting a worker. concurrency: 2 args: {"network_create_args": {}, "port_create_args": {}, "ports_per_network": 5, "port_update_args": {"admin_state_up": false, "device_id": "dummy_id", "device_owner": "dummy_owner", "name": "_port_updated"}} times: 40 method_name: run timeout: 0 duration: None cls:
2019-11-21 13:27:46.114 22546 INFO rally.task.runner [-] Task 911b0877-876e-4644-9be4-1c53679a121c | ITER: 1 START
2019-11-21 13:27:46.114 22549 RALLYDEBUG rally.task.runner [-] Starting a worker. concurrency: 2 args: {"network_create_args": {}, "port_create_args": {}, "ports_per_network": 5, "port_update_args": {"admin_state_up": false, "device_id": "dummy_id", "device_owner": "dummy_owner", "name": "_port_updated"}} times: 40 method_name: run timeout: 0 duration: None cls:
2019-11-21 13:27:46.116 22546 WARNING rally_openstack.scenarios.neutron.utils [-] Running this scenario without either the 'network' or 'existing_network' context is deprecated
2019-11-21 13:27:46.117 22551 RALLYDEBUG rally.task.runner [-] Starting a worker. concurrency: 1 args: {"network_create_args": {}, "port_create_args": {}, "ports_per_network": 5, "port_update_args": {"admin_state_up": false, "device_id": "dummy_id", "device_owner": "dummy_owner", "name": "_port_updated"}} times: 40 method_name: run timeout: 0 duration: None cls:
2019-11-21 13:27:46.118 22547 INFO rally.task.runner [-] Task 911b0877-876e-4644-9be4-1c53679a121c | ITER: 2 START
2019-11-21 13:27:46.118 22548 INFO rally.task.runner [-] Task 911b0877-876e-4644-9be4-1c53679a121c | ITER: 4 START
2019-11-21 13:27:46.120 22547 INFO rally.task.runner [-] Task 911b0877-876e-4644-9be4-1c53679a121c | ITER: 5 START
2019-11-21 13:27:46.121 22547 WARNING rally_openstack.scenarios.neutron.utils [-] Running this scenario without either the 'network' or 'existing_network' context is deprecated
2019-11-21 13:27:46.123 22548 INFO rally.task.runner [-] Task 911b0877-876e-4644-9be4-1c53679a121c | ITER: 6 START
2019-11-21 13:27:46.123 22555 RALLYDEBUG rally.task.runner [-] Starting a worker. concurrency: 1 args: {"network_create_args": {}, "port_create_args": {}, "ports_per_network": 5, "port_update_args": {"admin_state_up": false, "device_id": "dummy_id", "device_owner": "dummy_owner", "name": "_port_updated"}} times: 40 method_name: run timeout: 0 duration: None cls:
2019-11-21 13:27:46.123 22548 WARNING rally_openstack.scenarios.neutron.utils [-] Running this scenario without either the 'network' or 'existing_network' context is deprecated
2019-11-21 13:27:46.125 22551 INFO rally.task.runner [-] Task 911b0877-876e-4644-9be4-1c53679a121c | ITER: 8 START
2019-11-21 13:27:46.126 22549 INFO rally.task.runner [-] Task 911b0877-876e-4644-9be4-1c53679a121c | ITER: 7 START
2019-11-21 13:27:46.127 22551 WARNING rally_openstack.scenarios.neutron.utils [-] Running this scenario without either the 'network' or 'existing_network' context is deprecated
2019-11-21 13:27:46.127 22549 WARNING rally_openstack.scenarios.neutron.utils [-] Running this scenario without either the 'network' or 'existing_network' context is deprecated
2019-11-21 13:27:46.128 22563 RALLYDEBUG rally.task.runner [-] Starting a worker. concurrency: 1 args: {"network_create_args": {}, "port_create_args": {}, "ports_per_network": 5, "port_update_args": {"admin_state_up": false, "device_id": "dummy_id", "device_owner": "dummy_owner", "name": "_port_updated"}} times: 40 method_name: run timeout: 0 duration: None cls:
2019-11-21 13:27:46.130 22555 INFO rally.task.runner [-] Task 911b0877-876e-4644-9be4-1c53679a121c | ITER: 10 START
2019-11-21 13:27:46.131 22555 WARNING rally_openstack.scenarios.neutron.utils [-] Running this scenario without either the 'network' or 'existing_network' context is deprecated
2019-11-21 13:27:46.117 22546 INFO rally.task.runner [-] Task 911b0877-876e-4644-9be4-1c53679a121c | ITER: 3 START
2019-11-21 13:27:46.133 22546 WARNING rally_openstack.scenarios.neutron.utils [-] Running this scenario without either the 'network' or 'existing_network' context is deprecated
2019-11-21 13:27:46.122 22547 WARNING rally_openstack.scenarios.neutron.utils [-] Running this scenario without either the 'network' or 'existing_network' context is deprecated
2019-11-21 13:27:46.135 22563 INFO rally.task.runner [-] Task 911b0877-876e-4644-9be4-1c53679a121c | ITER: 11 START
2019-11-21 13:27:46.136 22563 WARNING rally_openstack.scenarios.neutron.utils [-] Running this scenario without either the 'network' or 'existing_network' context is deprecated
2019-11-21 13:27:46.124 22548 WARNING rally_openstack.scenarios.neutron.utils [-] Running this scenario without either the 'network' or 'existing_network' context is deprecated
2019-11-21 13:27:46.136 22569 RALLYDEBUG rally.task.runner [-] Starting a worker. concurrency: 1 args: {"network_create_args": {}, "port_create_args": {}, "ports_per_network": 5, "port_update_args": {"admin_state_up": false, "device_id": "dummy_id", "device_owner": "dummy_owner", "name": "_port_updated"}} times: 40 method_name: run timeout: 0 duration: None cls:
2019-11-21 13:27:46.143 22569 INFO rally.task.runner [-] Task 911b0877-876e-4644-9be4-1c53679a121c | ITER: 12 START
2019-11-21 13:27:46.142 22549 INFO rally.task.runner [-] Task 911b0877-876e-4644-9be4-1c53679a121c | ITER: 9 START
2019-11-21 13:27:46.144 22549 WARNING rally_openstack.scenarios.neutron.utils [-] Running this scenario without either the 'network' or 'existing_network' context is deprecated
2019-11-21 13:27:46.145 22569 WARNING rally_openstack.scenarios.neutron.utils [-] Running this scenario without either the 'network' or 'existing_network' context is deprecated
2019-11-21 13:27:46.146 22572 RALLYDEBUG rally.task.runner [-] Starting a worker. concurrency: 1 args: {"network_create_args": {}, "port_create_args": {}, "ports_per_network": 5, "port_update_args": {"admin_state_up": false, "device_id": "dummy_id", "device_owner": "dummy_owner", "name": "_port_updated"}} times: 40 method_name: run timeout: 0 duration: None cls:
2019-11-21 13:27:46.154 22572 INFO rally.task.runner [-] Task 911b0877-876e-4644-9be4-1c53679a121c | ITER: 13 START
2019-11-21 13:27:46.155 22572 WARNING rally_openstack.scenarios.neutron.utils [-] Running this scenario without either the 'network' or 'existing_network' context is deprecated
2019-11-21 13:27:46.156 22575 RALLYDEBUG rally.task.runner [-] Starting a worker. concurrency: 1 args: {"network_create_args": {}, "port_create_args": {}, "ports_per_network": 5, "port_update_args": {"admin_state_up": false, "device_id": "dummy_id", "device_owner": "dummy_owner", "name": "_port_updated"}} times: 40 method_name: run timeout: 0 duration: None cls:
2019-11-21 13:27:46.161 22578 RALLYDEBUG rally.task.runner [-] Starting a worker. concurrency: 1 args: {"network_create_args": {}, "port_create_args": {}, "ports_per_network": 5, "port_update_args": {"admin_state_up": false, "device_id": "dummy_id", "device_owner": "dummy_owner", "name": "_port_updated"}} times: 40 method_name: run timeout: 0 duration: None cls:
2019-11-21 13:27:46.163 22575 INFO rally.task.runner [-] Task 911b0877-876e-4644-9be4-1c53679a121c | ITER: 14 START
2019-11-21 13:27:46.164 22575 WARNING rally_openstack.scenarios.neutron.utils [-] Running this scenario without either the 'network' or 'existing_network' context is deprecated
2019-11-21 13:27:46.165 22579 RALLYDEBUG rally.task.runner [-] Starting a worker. concurrency: 1 args: {"network_create_args": {}, "port_create_args": {}, "ports_per_network": 5, "port_update_args": {"admin_state_up": false, "device_id": "dummy_id", "device_owner": "dummy_owner", "name": "_port_updated"}} times: 40 method_name: run timeout: 0 duration: None cls:
2019-11-21 13:27:46.168 22578 INFO rally.task.runner [-] Task 911b0877-876e-4644-9be4-1c53679a121c | ITER: 15 START
2019-11-21 13:27:46.169 22578 WARNING rally_openstack.scenarios.neutron.utils [-] Running this scenario without either the 'network' or 'existing_network' context is deprecated
2019-11-21 13:27:46.171 22579 INFO rally.task.runner [-] Task 911b0877-876e-4644-9be4-1c53679a121c | ITER: 16 START
2019-11-21 13:27:46.171 22582 RALLYDEBUG rally.task.runner [-] Starting a worker. concurrency: 1 args: {"network_create_args": {}, "port_create_args": {}, "ports_per_network": 5, "port_update_args": {"admin_state_up": false, "device_id": "dummy_id", "device_owner": "dummy_owner", "name": "_port_updated"}} times: 40 method_name: run timeout: 0 duration: None cls:
2019-11-21 13:27:46.172 22579 WARNING rally_openstack.scenarios.neutron.utils [-] Running this scenario without either the 'network' or 'existing_network' context is deprecated
2019-11-21 13:27:46.175 22585 RALLYDEBUG rally.task.runner [-] Starting a worker. concurrency: 1 args: {"network_create_args": {}, "port_create_args": {}, "ports_per_network": 5, "port_update_args": {"admin_state_up": false, "device_id": "dummy_id", "device_owner": "dummy_owner", "name": "_port_updated"}} times: 40 method_name: run timeout: 0 duration: None cls:
2019-11-21 13:27:46.178 22582 INFO rally.task.runner [-] Task 911b0877-876e-4644-9be4-1c53679a121c | ITER: 17 START
2019-11-21 13:27:46.179 22582 WARNING rally_openstack.scenarios.neutron.utils [-] Running this scenario without either the 'network' or 'existing_network' context is deprecated
2019-11-21 13:27:46.178 22588 RALLYDEBUG rally.task.runner [-] Starting a worker. concurrency: 1 args: {"network_create_args": {}, "port_create_args": {}, "ports_per_network": 5, "port_update_args": {"admin_state_up": false, "device_id": "dummy_id", "device_owner": "dummy_owner", "name": "_port_updated"}} times: 40 method_name: run timeout: 0 duration: None cls:
2019-11-21 13:27:46.181 22585 INFO rally.task.runner [-] Task 911b0877-876e-4644-9be4-1c53679a121c | ITER: 18 START
2019-11-21 13:27:46.182 22585 WARNING rally_openstack.scenarios.neutron.utils [-] Running this scenario without either the 'network' or 'existing_network' context is deprecated
2019-11-21 13:27:46.184 22588 INFO rally.task.runner [-] Task 911b0877-876e-4644-9be4-1c53679a121c | ITER: 19 START
2019-11-21 13:27:46.184 22591 RALLYDEBUG rally.task.runner [-] Starting a worker. concurrency: 1 args: {"network_create_args": {}, "port_create_args": {}, "ports_per_network": 5, "port_update_args": {"admin_state_up": false, "device_id": "dummy_id", "device_owner": "dummy_owner", "name": "_port_updated"}} times: 40 method_name: run timeout: 0 duration: None cls:
2019-11-21 13:27:46.185 22588 WARNING rally_openstack.scenarios.neutron.utils [-] Running this scenario without either the 'network' or 'existing_network' context is deprecated
2019-11-21 13:27:46.189 22591 INFO rally.task.runner [-] Task 911b0877-876e-4644-9be4-1c53679a121c | ITER: 20 START
2019-11-21 13:27:46.190 22591 WARNING rally_openstack.scenarios.neutron.utils [-] Running this scenario without either the 'network' or 'existing_network' context is deprecated
2019-11-21 13:27:56.663 22548 INFO rally.task.runner [-] Task 911b0877-876e-4644-9be4-1c53679a121c | ITER: 4 END: OK
2019-11-21 13:27:56.668 22548 INFO rally.task.runner [-] Task 911b0877-876e-4644-9be4-1c53679a121c | ITER: 21 START
2019-11-21 13:27:56.669 22548 WARNING rally_openstack.scenarios.neutron.utils [-] Running this scenario without either the 'network' or 'existing_network' context is deprecated
2019-11-21 13:27:56.994 22569 INFO rally.task.runner [-] Task 911b0877-876e-4644-9be4-1c53679a121c | ITER: 12 END: OK
2019-11-21 13:27:56.998 22569 INFO rally.task.runner [-] Task 911b0877-876e-4644-9be4-1c53679a121c | ITER: 22 START
2019-11-21 13:27:56.999 22569 WARNING rally_openstack.scenarios.neutron.utils [-] Running this scenario without either the 'network' or 'existing_network' context is deprecated
2019-11-21 13:27:57.922 22547 INFO rally.task.runner [-] Task 911b0877-876e-4644-9be4-1c53679a121c | ITER: 5 END: OK
2019-11-21 13:27:57.928 22547 INFO rally.task.runner [-] Task 911b0877-876e-4644-9be4-1c53679a121c | ITER: 23 START
2019-11-21 13:27:57.928 22547 WARNING rally_openstack.scenarios.neutron.utils [-] Running this scenario without either the 'network' or 'existing_network' context is deprecated
2019-11-21 13:27:59.425 22546 INFO rally.task.runner [-] Task 911b0877-876e-4644-9be4-1c53679a121c | ITER: 1 END: OK
2019-11-21 13:27:59.430 22546 INFO rally.task.runner [-] Task 911b0877-876e-4644-9be4-1c53679a121c | ITER: 24 START
2019-11-21 13:27:59.431 22546 WARNING rally_openstack.scenarios.neutron.utils [-] Running this scenario without either the 'network' or 'existing_network' context is deprecated
2019-11-21 13:27:59.489 22575 INFO rally.task.runner [-] Task 911b0877-876e-4644-9be4-1c53679a121c | ITER: 14 END: OK
2019-11-21 13:27:59.494 22575 INFO rally.task.runner [-] Task 911b0877-876e-4644-9be4-1c53679a121c | ITER: 25 START
2019-11-21 13:27:59.494 22575 WARNING rally_openstack.scenarios.neutron.utils [-] Running this scenario without either the 'network' or 'existing_network' context is deprecated
2019-11-21 13:27:59.881 22555 INFO rally.task.runner [-] Task 911b0877-876e-4644-9be4-1c53679a121c | ITER: 10 END: OK
2019-11-21 13:27:59.883 22555 INFO rally.task.runner [-] Task 911b0877-876e-4644-9be4-1c53679a121c | ITER: 26 START
2019-11-21 13:27:59.884 22555 WARNING rally_openstack.scenarios.neutron.utils [-] Running this scenario without either the 'network' or 'existing_network' context is deprecated
2019-11-21 13:28:00.013 22582 INFO rally.task.runner [-] Task 911b0877-876e-4644-9be4-1c53679a121c | ITER: 17 END: OK
2019-11-21 13:28:00.018 22582 INFO rally.task.runner [-] Task 911b0877-876e-4644-9be4-1c53679a121c | ITER: 27 START
2019-11-21 13:28:00.018 22582 WARNING rally_openstack.scenarios.neutron.utils [-] Running this scenario without either the 'network' or 'existing_network' context is deprecated
2019-11-21 13:28:00.615 22549 INFO rally.task.runner [-] Task 911b0877-876e-4644-9be4-1c53679a121c | ITER: 7 END: OK
2019-11-21 13:28:00.619 22549 INFO rally.task.runner [-] Task 911b0877-876e-4644-9be4-1c53679a121c | ITER: 28 START
2019-11-21 13:28:00.619 22549 WARNING rally_openstack.scenarios.neutron.utils [-] Running this scenario without either the 'network' or 'existing_network' context is deprecated
2019-11-21 13:28:00.846 22585 INFO rally.task.runner [-] Task 911b0877-876e-4644-9be4-1c53679a121c | ITER: 18 END: OK
2019-11-21 13:28:00.851 22585 INFO rally.task.runner [-] Task 911b0877-876e-4644-9be4-1c53679a121c | ITER: 29 START
2019-11-21 13:28:00.851 22585 WARNING rally_openstack.scenarios.neutron.utils [-] Running this scenario without either the 'network' or 'existing_network' context is deprecated
2019-11-21 13:28:01.264 22588 INFO rally.task.runner [-] Task 911b0877-876e-4644-9be4-1c53679a121c | ITER: 19 END: OK
2019-11-21 13:28:01.269 22588 INFO rally.task.runner [-] Task 911b0877-876e-4644-9be4-1c53679a121c | ITER: 30 START
2019-11-21 13:28:01.269 22588 WARNING rally_openstack.scenarios.neutron.utils [-] Running this scenario without either the 'network' or 'existing_network' context is deprecated
2019-11-21 13:28:01.332 22547 INFO rally.task.runner [-] Task 911b0877-876e-4644-9be4-1c53679a121c | ITER: 2 END: OK
2019-11-21 13:28:01.336 22547 INFO rally.task.runner [-] Task 911b0877-876e-4644-9be4-1c53679a121c | ITER: 31 START
2019-11-21 13:28:01.336 22547 WARNING rally_openstack.scenarios.neutron.utils [-] Running this scenario without either the 'network' or 'existing_network' context is deprecated
2019-11-21 13:28:01.626 22551 INFO rally.task.runner [-] Task 911b0877-876e-4644-9be4-1c53679a121c | ITER: 8 END: OK
2019-11-21 13:28:01.629 22551 INFO rally.task.runner [-] Task 911b0877-876e-4644-9be4-1c53679a121c | ITER: 32 START
2019-11-21 13:28:01.630 22551 WARNING rally_openstack.scenarios.neutron.utils [-] Running this scenario without either the 'network' or 'existing_network' context is deprecated
2019-11-21 13:28:01.668 22563 INFO rally.task.runner [-] Task 911b0877-876e-4644-9be4-1c53679a121c | ITER: 11 END: OK
2019-11-21 13:28:01.673 22563 INFO rally.task.runner [-] Task 911b0877-876e-4644-9be4-1c53679a121c | ITER: 33 START
2019-11-21 13:28:01.674 22563 WARNING rally_openstack.scenarios.neutron.utils [-] Running this scenario without either the 'network' or 'existing_network' context is deprecated
2019-11-21 13:28:01.784 22572 INFO rally.task.runner [-] Task 911b0877-876e-4644-9be4-1c53679a121c | ITER: 13 END: OK
2019-11-21 13:28:01.786 22548 INFO rally.task.runner [-] Task 911b0877-876e-4644-9be4-1c53679a121c | ITER: 6 END: OK
2019-11-21 13:28:01.788 22572 INFO rally.task.runner [-] Task 911b0877-876e-4644-9be4-1c53679a121c | ITER: 34 START
2019-11-21 13:28:01.788 22572 WARNING rally_openstack.scenarios.neutron.utils [-] Running this scenario without either the 'network' or 'existing_network' context is deprecated
2019-11-21 13:28:01.790 22548 INFO rally.task.runner [-] Task 911b0877-876e-4644-9be4-1c53679a121c | ITER: 35 START
2019-11-21 13:28:01.791 22548 WARNING rally_openstack.scenarios.neutron.utils [-] Running this scenario without either the 'network' or 'existing_network' context is deprecated
2019-11-21 13:28:02.154 22578 INFO rally.task.runner [-] Task 911b0877-876e-4644-9be4-1c53679a121c | ITER: 15 END: OK
2019-11-21 13:28:02.157 22578 INFO rally.task.runner [-] Task 911b0877-876e-4644-9be4-1c53679a121c | ITER: 36 START
2019-11-21 13:28:02.158 22578 WARNING rally_openstack.scenarios.neutron.utils [-] Running this scenario without either the 'network' or 'existing_network' context is deprecated
2019-11-21 13:28:02.563 22579 INFO rally.task.runner [-] Task 911b0877-876e-4644-9be4-1c53679a121c | ITER: 16 END: OK
2019-11-21 13:28:02.568 22579 INFO rally.task.runner [-] Task 911b0877-876e-4644-9be4-1c53679a121c | ITER: 37 START
2019-11-21 13:28:02.568 22579 WARNING rally_openstack.scenarios.neutron.utils [-] Running this scenario without either the 'network' or 'existing_network' context is deprecated
2019-11-21 13:28:02.667 22549 INFO rally.task.runner [-] Task 911b0877-876e-4644-9be4-1c53679a121c | ITER: 9 END: OK
2019-11-21 13:28:02.672 22549 INFO rally.task.runner [-] Task 911b0877-876e-4644-9be4-1c53679a121c | ITER: 38 START
2019-11-21 13:28:02.673 22549 WARNING rally_openstack.scenarios.neutron.utils [-] Running this scenario without either the 'network' or 'existing_network' context is deprecated
2019-11-21 13:28:03.345 22591 INFO rally.task.runner [-] Task 911b0877-876e-4644-9be4-1c53679a121c | ITER: 20 END: OK
2019-11-21 13:28:03.350 22591 INFO rally.task.runner [-] Task 911b0877-876e-4644-9be4-1c53679a121c | ITER: 39 START
2019-11-21 13:28:03.351 22591 WARNING rally_openstack.scenarios.neutron.utils [-] Running this scenario without either the 'network' or 'existing_network' context is deprecated
2019-11-21 13:28:05.980 22546 INFO rally.task.runner [-] Task 911b0877-876e-4644-9be4-1c53679a121c | ITER: 3 END: OK
2019-11-21 13:28:05.985 22546 INFO rally.task.runner [-] Task 911b0877-876e-4644-9be4-1c53679a121c | ITER: 40 START
2019-11-21 13:28:05.985 22546 WARNING rally_openstack.scenarios.neutron.utils [-] Running this scenario without either the 'network' or 'existing_network' context is deprecated
2019-11-21 13:28:08.356 22569 INFO rally.task.runner [-] Task 911b0877-876e-4644-9be4-1c53679a121c | ITER: 22 END: OK
2019-11-21 13:28:09.842 22548 INFO rally.task.runner [-] Task 911b0877-876e-4644-9be4-1c53679a121c | ITER: 21 END: OK
2019-11-21 13:28:11.379 22579 INFO rally.task.runner [-] Task 911b0877-876e-4644-9be4-1c53679a121c | ITER: 37 END: OK
2019-11-21 13:28:12.117 22549 INFO rally.task.runner [-] Task 911b0877-876e-4644-9be4-1c53679a121c | ITER: 38 END: OK
2019-11-21 13:28:12.488 22585 INFO rally.task.runner [-] Task 911b0877-876e-4644-9be4-1c53679a121c | ITER: 29 END: OK
2019-11-21 13:28:12.510 22575 INFO rally.task.runner [-] Task 911b0877-876e-4644-9be4-1c53679a121c | ITER: 25 END: OK
2019-11-21 13:28:12.683 22572 INFO rally.task.runner [-] Task 911b0877-876e-4644-9be4-1c53679a121c | ITER: 34 END: OK
2019-11-21 13:28:12.703 22588 INFO rally.task.runner [-] Task 911b0877-876e-4644-9be4-1c53679a121c | ITER: 30 END: OK
2019-11-21 13:28:13.037 22549 INFO rally.task.runner [-] Task 911b0877-876e-4644-9be4-1c53679a121c | ITER: 28 END: OK
2019-11-21 13:28:13.485 22555 INFO rally.task.runner [-] Task 911b0877-876e-4644-9be4-1c53679a121c | ITER: 26 END: OK
2019-11-21 13:28:13.520 22548 INFO rally.task.runner [-] Task 911b0877-876e-4644-9be4-1c53679a121c | ITER: 35 END: OK
2019-11-21 13:28:13.982 22547 INFO rally.task.runner [-] Task 911b0877-876e-4644-9be4-1c53679a121c | ITER: 31 END: OK
2019-11-21 13:28:14.298 22578 INFO rally.task.runner [-] Task 911b0877-876e-4644-9be4-1c53679a121c | ITER: 36 END: OK
2019-11-21 13:28:14.416 22591 INFO rally.task.runner [-] Task 911b0877-876e-4644-9be4-1c53679a121c | ITER: 39 END: OK
2019-11-21 13:28:15.371 22563 INFO rally.task.runner [-] Task 911b0877-876e-4644-9be4-1c53679a121c | ITER: 33 END: OK
2019-11-21 13:28:15.397 22547 INFO rally.task.runner [-] Task 911b0877-876e-4644-9be4-1c53679a121c | ITER: 23 END: OK
2019-11-21 13:28:16.182 22582 INFO rally.task.runner [-] Task 911b0877-876e-4644-9be4-1c53679a121c | ITER: 27 END: OK
2019-11-21 13:28:16.475 22551 INFO rally.task.runner [-] Task 911b0877-876e-4644-9be4-1c53679a121c | ITER: 32 END: OK
2019-11-21 13:28:16.724 22546 INFO rally.task.runner [-] Task 911b0877-876e-4644-9be4-1c53679a121c | ITER: 24 END: OK
2019-11-21 13:28:17.040 22546 INFO rally.task.runner [-] Task 911b0877-876e-4644-9be4-1c53679a121c | ITER: 40 END: OK
2019-11-21 13:28:17.064 18470 INFO rally.task.context [-] Task 911b0877-876e-4644-9be4-1c53679a121c | Context cleanup@openstack cleanup() started
2019-11-21 13:28:17.069 18470 RALLYDEBUG rally_openstack.cleanup.manager [-] Cleaning up neutron vip objects
2019-11-21 13:28:17.483 18470 RALLYDEBUG rally_openstack.cleanup.manager [-] Cleaning up neutron health_monitor objects
2019-11-21 13:28:17.871 18470 RALLYDEBUG rally_openstack.cleanup.manager [-] Cleaning up neutron pool objects
2019-11-21 13:28:18.270 18470 RALLYDEBUG rally_openstack.cleanup.manager [-] Cleaning up neutron loadbalancer objects
2019-11-21 13:28:18.662 18470 RALLYDEBUG rally_openstack.cleanup.manager [-] Cleaning up neutron floatingip objects
2019-11-21 13:28:19.075 18470 RALLYDEBUG rally_openstack.cleanup.manager [-] Cleaning up neutron trunk objects
2019-11-21 13:28:19.483 18470 RALLYDEBUG rally_openstack.cleanup.manager [-] Cleaning up neutron port objects
2019-11-21 13:28:20.299 18470 RALLYDEBUG rally_openstack.cleanup.manager [-] Deleting neutron.port object s_rally_d0761a84_CyHE5kdG (02e6f554-bd11-400c-9b2d-d3ec0591d24b)
2019-11-21 13:28:20.307 18470 RALLYDEBUG rally_openstack.cleanup.manager [-] Deleting neutron.port object s_rally_d0761a84_OLtMqb6P (140be56f-c6a9-4dfc-897f-31b5db4106c1)
2019-11-21 13:28:20.314 18470 RALLYDEBUG rally_openstack.cleanup.manager [-] Deleting neutron.port object s_rally_d0761a84_oKx6HoGl (1233be13-048e-4601-8727-f33ab36b0070)
2019-11-21 13:28:20.314 18470 RALLYDEBUG rally_openstack.cleanup.manager [-] Deleting neutron.port object s_rally_d0761a84_Tir2aXCd (0e70b227-4ff0-46a8-8f0d-54900140e873)
2019-11-21 13:28:20.327 18470 RALLYDEBUG rally_openstack.cleanup.manager [-] Deleting neutron.port object s_rally_d0761a84_dR0qHKgT (121c35d0-d8d4-4278-8c9c-788630f30101)
2019-11-21 13:28:20.357 18470 RALLYDEBUG rally_openstack.cleanup.manager [-] Deleting neutron.port object s_rally_d0761a84_8e03OkrT (073af380-082f-44e5-b559-f302d4436f1d)
2019-11-21 13:28:20.363 18470 RALLYDEBUG rally_openstack.cleanup.manager [-] Deleting neutron.port object s_rally_d0761a84_A3hMObfu (179c8260-c8dc-45b6-af68-1578a7c571a4)
2019-11-21 13:28:20.363 18470 RALLYDEBUG rally_openstack.cleanup.manager [-] Deleting neutron.port object s_rally_d0761a84_V1ewd6kS (060c95c2-4aba-47ea-a305-a6284a29363f)
2019-11-21 13:28:20.364 18470 RALLYDEBUG rally_openstack.cleanup.manager [-] Deleting neutron.port object s_rally_d0761a84_63MFt4Pb (07da789b-ef17-429f-8b91-a878c8a2ed62)
2019-11-21 13:28:20.369 18470 RALLYDEBUG rally_openstack.cleanup.manager [-] Deleting neutron.port object s_rally_d0761a84_uwf8uAdW (02816bc3-93c9-4196-993b-7540a2a7710a)
2019-11-21 13:28:20.369 18470 RALLYDEBUG rally_openstack.cleanup.manager [-] Deleting neutron.port object s_rally_d0761a84_wqdU1Xca (199dbb46-db6a-4129-a475-3cd393bcd030)
2019-11-21 13:28:20.371 18470 RALLYDEBUG rally_openstack.cleanup.manager [-] Deleting neutron.port object s_rally_d0761a84_XIOnlEGe (13191a6e-3bc6-45c1-9e48-aef401852232)
2019-11-21 13:28:20.372 18470 RALLYDEBUG rally_openstack.cleanup.manager [-] Deleting neutron.port object s_rally_d0761a84_I2owD1Gi (1789d7ee-17d8-49c9-ae39-6209b9c66446)
2019-11-21 13:28:20.372 18470 RALLYDEBUG rally_openstack.cleanup.manager [-] Deleting neutron.port object s_rally_d0761a84_GQechBAq (0905e234-5d12-4131-bd8c-a6e6380c318c)
2019-11-21 13:28:20.383 18470 RALLYDEBUG rally_openstack.cleanup.manager [-] Deleting neutron.port object s_rally_d0761a84_dvy7Ybo6 (1d2a9d7c-8268-40dc-8c3b-b0471d3c9821)
2019-11-21 13:28:20.387 18470 RALLYDEBUG rally_openstack.cleanup.manager [-] Deleting neutron.port object s_rally_d0761a84_sUJyjvIC (1c35ec30-1e1d-4478-9b64-639c55cf7399)
2019-11-21 13:28:20.391 18470 RALLYDEBUG rally_openstack.cleanup.manager [-] Deleting neutron.port object s_rally_d0761a84_mHdHdGH3 (117c6767-31a3-43ba-9d5e-8eef1789d4b1)
2019-11-21 13:28:20.400 18470 RALLYDEBUG rally_openstack.cleanup.manager [-] Deleting neutron.port object s_rally_d0761a84_fwxKCoq8 (0559bbff-0d27-4bca-b880-9bed71da4605)
2019-11-21 13:28:20.424 18470 RALLYDEBUG rally_openstack.cleanup.manager [-] Deleting neutron.port object s_rally_d0761a84_YSyUHZCS (09fdb516-448d-4e82-9682-9ac03a7da3a8)
2019-11-21 13:28:20.425 18470 RALLYDEBUG rally_openstack.cleanup.manager [-] Deleting neutron.port object s_rally_d0761a84_7COW392O (19f4d6c5-03c5-46ff-b78f-be8f7ff7e30d)
2019-11-21 13:28:22.601 18470 RALLYDEBUG rally_openstack.cleanup.manager [-] Deleting neutron.port object s_rally_d0761a84_tvy2K0TK (1d7f6f53-ac55-4e7c-a018-53333934710d)
2019-11-21 13:28:23.061 18470 RALLYDEBUG rally_openstack.cleanup.manager [-] Deleting neutron.port object s_rally_d0761a84_dPEj2RAF (1ea8de8c-43e9-4480-a60a-7ed57ba24017)
2019-11-21 13:28:23.119 18470 RALLYDEBUG rally_openstack.cleanup.manager [-] Deleting neutron.port object s_rally_d0761a84_yOhVsbkc (213c3be8-85ba-4e19-afe0-8eef71390e6e)
2019-11-21 13:28:23.128 18470 RALLYDEBUG rally_openstack.cleanup.manager [-] Deleting neutron.port object s_rally_d0761a84_AKWogS9p (21f552f9-f588-4fe4-86f3-9a094f811e12)
2019-11-21 13:28:23.368 18470 RALLYDEBUG rally_openstack.cleanup.manager [-] Deleting neutron.port object s_rally_d0761a84_jOXIq1Bw (21fd74cb-bc0f-4d61-88f9-30acd5e7947d)
2019-11-21 13:28:23.388 18470 RALLYDEBUG rally_openstack.cleanup.manager [-] Deleting neutron.port object s_rally_d0761a84_5D7NEe9x (22d47923-3e8b-448b-8c9c-1ddae2138186)
2019-11-21 13:28:23.472 18470 RALLYDEBUG rally_openstack.cleanup.manager [-] Deleting neutron.port object s_rally_d0761a84_qeSqJ205 (2716f296-cecb-4964-b390-7d8ee1379ba0)
2019-11-21 13:28:23.481 18470 RALLYDEBUG rally_openstack.cleanup.manager [-] Deleting neutron.port object s_rally_d0761a84_9PNZSA4y (29151b54-38b7-4745-98fa-e4224c443fc6)
2019-11-21 13:28:23.496 18470 RALLYDEBUG rally_openstack.cleanup.manager [-] Deleting neutron.port object s_rally_d0761a84_DQSgz7Pf (2a83150c-e783-4ca4-bc45-efe817b40a54)
2019-11-21 13:28:23.554 18470 RALLYDEBUG rally_openstack.cleanup.manager [-] Deleting neutron.port object s_rally_d0761a84_y1UnPkfy (2af9b970-a647-46ba-8b7f-344c48d222e0)
2019-11-21 13:28:23.653 18470 RALLYDEBUG rally_openstack.cleanup.manager [-] Deleting neutron.port object s_rally_d0761a84_XCQrJ5VK (2b48f19f-d485-42d8-8ce3-3512722195a5)
2019-11-21 13:28:23.662 18470 RALLYDEBUG rally_openstack.cleanup.manager [-] Deleting neutron.port object s_rally_d0761a84_T4jzYHRk (2d0d8b9a-b343-4ecb-8acd-0b16bc2d8c32)
2019-11-21 13:28:23.725 18470 RALLYDEBUG rally_openstack.cleanup.manager [-] Deleting neutron.port object s_rally_d0761a84_DpVqxD0E (2d1567a9-a2d5-4ef2-b802-248f67b56248)
2019-11-21 13:28:23.738 18470 RALLYDEBUG rally_openstack.cleanup.manager [-] Deleting neutron.port object s_rally_d0761a84_vJ9kSlNp (2df5f172-8763-44c3-bc20-8bf90d408bf1)
2019-11-21 13:28:23.787 18470 RALLYDEBUG rally_openstack.cleanup.manager [-] Deleting neutron.port object s_rally_d0761a84_3suz5gdt (2f23bf66-a386-4a09-8640-3f10b2f605c9)
2019-11-21 13:28:23.817 18470 RALLYDEBUG rally_openstack.cleanup.manager [-] Deleting neutron.port object s_rally_d0761a84_gNQ4gG6l (2f2566df-b82b-45ee-ac39-3c0ad91e013d)
2019-11-21 13:28:23.822 18470 RALLYDEBUG rally_openstack.cleanup.manager [-] Deleting neutron.port object s_rally_d0761a84_gW17XTP8 (31ffd1a3-4338-4f54-938f-11c9694c79e7)
2019-11-21 13:28:23.823 18470 RALLYDEBUG rally_openstack.cleanup.manager [-] Deleting neutron.port object s_rally_d0761a84_pvKwdGvn (32282319-46ea-4613-9830-fb632598cced)
2019-11-21 13:28:23.823 18470 RALLYDEBUG rally_openstack.cleanup.manager [-] Deleting neutron.port object s_rally_d0761a84_YSp7LE5r (31d44162-7c90-4090-b100-718f742acbbf)
2019-11-21 13:28:23.844 18470 RALLYDEBUG rally_openstack.cleanup.manager [-] Deleting neutron.port object s_rally_d0761a84_Xm0HWQ8T (371be38d-7cba-41c0-b862-d290de66c423)
2019-11-21 13:28:24.701 18470 RALLYDEBUG rally_openstack.cleanup.manager [-] Deleting neutron.port object s_rally_d0761a84_71klLEtt (38c1a37e-2df3-4447-8dce-39ddbe7a0858)
2019-11-21 13:28:24.970 18470 RALLYDEBUG rally_openstack.cleanup.manager [-] Deleting neutron.port object s_rally_d0761a84_wuPbUxDa (3903c59e-9406-49ca-b8bf-2aba72b76aa9)
2019-11-21 13:28:25.212 18470 RALLYDEBUG rally_openstack.cleanup.manager [-] Deleting neutron.port object s_rally_d0761a84_BVKIkI40 (390e46eb-efef-4c52-bc7e-7b3a96d93919)
2019-11-21 13:28:25.362 18470 RALLYDEBUG rally_openstack.cleanup.manager [-] Deleting neutron.port object s_rally_d0761a84_fpUdEZoT (3922774b-a7c1-4086-94fe-856174fb4e53)
2019-11-21 13:28:25.378 18470 RALLYDEBUG rally_openstack.cleanup.manager [-] Deleting neutron.port object s_rally_d0761a84_Eiw9y1dI (39499550-f139-40fb-bbff-daed4f5503c1)
2019-11-21 13:28:25.721 18470 RALLYDEBUG rally_openstack.cleanup.manager [-] Deleting neutron.port object s_rally_d0761a84_M63czPwI (3a2e69db-f732-4346-af06-38cd7d95ee5e)
2019-11-21 13:28:25.777 18470 RALLYDEBUG rally_openstack.cleanup.manager [-] Deleting neutron.port object s_rally_d0761a84_MD1dEIBL (3aadefb1-c86b-48f1-be54-cb4a900ccf5c)
2019-11-21 13:28:25.818 18470 RALLYDEBUG rally_openstack.cleanup.manager [-] Deleting neutron.port object s_rally_d0761a84_swCUOAii (3b014574-b798-4a71-b69e-9fee3d1aa289)
2019-11-21 13:28:25.960 18470 RALLYDEBUG rally_openstack.cleanup.manager [-] Deleting neutron.port object s_rally_d0761a84_nhuhxbC6 (3c43fef1-dcb9-40ab-a5ea-7bc81eb4bb7e)
2019-11-21 13:28:26.016 18470 RALLYDEBUG rally_openstack.cleanup.manager [-] Deleting neutron.port object s_rally_d0761a84_YjnHmIOJ (3eb35762-6000-4b7a-b536-57073c3e4204)
2019-11-21 13:28:26.184 18470 RALLYDEBUG rally_openstack.cleanup.manager [-] Deleting neutron.port object s_rally_d0761a84_85FqSEfW (3f17bd49-0fe2-4d90-a169-5b716907fefa)
2019-11-21 13:28:26.298 18470 RALLYDEBUG rally_openstack.cleanup.manager [-] Deleting neutron.port object s_rally_d0761a84_RAhnwuxW (3f978196-394b-420f-99e3-c273c80f5f3b)
2019-11-21 13:28:26.330 18470 RALLYDEBUG rally_openstack.cleanup.manager [-] Deleting neutron.port object s_rally_d0761a84_wF3XLpMf (4055a507-98fa-448f-88ad-f74825d6c7b0)
2019-11-21 13:28:26.438 18470 RALLYDEBUG rally_openstack.cleanup.manager [-] Deleting neutron.port object s_rally_d0761a84_AHuZ65gx (417f687b-deb7-4fcb-9047-8452d39ebfa7)
2019-11-21 13:28:26.790 18470 RALLYDEBUG rally_openstack.cleanup.manager [-] Deleting neutron.port object s_rally_d0761a84_RHusD5Z9 (424772f0-e654-4266-a561-01009d035b90)
2019-11-21 13:28:26.806 18470 RALLYDEBUG rally_openstack.cleanup.manager [-] Deleting neutron.port object s_rally_d0761a84_z0zQRwi5 (43d3a6e9-9e9f-45a1-83e2-a264e83dd51a)
2019-11-21 13:28:26.827 18470 RALLYDEBUG rally_openstack.cleanup.manager [-] Deleting neutron.port object s_rally_d0761a84_T618Sk9L (443152ab-d6f0-4fbc-a6f8-6c33e31e50b2)
2019-11-21 13:28:26.868 18470 RALLYDEBUG rally_openstack.cleanup.manager [-] Deleting neutron.port object s_rally_d0761a84_6a339MCz (470045ff-1f0c-40aa-9148-876fedcaa194)
