2019-11-21 13:28:26.881 18470 RALLYDEBUG rally_openstack.cleanup.manager [-] Deleting neutron.port object s_rally_d0761a84_cToRhqlO (472a6b96-6596-4154-bccd-8225c1390a5b)
2019-11-21 13:28:27.304 18470 RALLYDEBUG rally_openstack.cleanup.manager [-] Deleting neutron.port object s_rally_d0761a84_0q7VcWJa (478cc981-23c9-4b53-aa0a-efb9231f18de)
2019-11-21 13:28:27.546 18470 RALLYDEBUG rally_openstack.cleanup.manager [-] Deleting neutron.port object s_rally_d0761a84_ky07gqeg (4959ce04-42f0-4a01-8318-51c2ac6c8c37)
2019-11-21 13:28:27.711 18470 RALLYDEBUG rally_openstack.cleanup.manager [-] Deleting neutron.port object s_rally_d0761a84_bJgCucAu (497ed7a6-9e5a-4a5c-9cfa-ea1d15c0b0a7)
2019-11-21 13:28:27.891 18470 RALLYDEBUG rally_openstack.cleanup.manager [-] Deleting neutron.port object s_rally_d0761a84_IxH5tMck (4ad290ed-1fed-4dc4-b2f8-5b515b4b7df9)
2019-11-21 13:28:27.968 18470 RALLYDEBUG rally_openstack.cleanup.manager [-] Deleting neutron.port object s_rally_d0761a84_WBc0wpJM (4c80480b-f893-4b38-9745-13beb1d16f1c)
2019-11-21 13:28:27.972 18470 RALLYDEBUG rally_openstack.cleanup.manager [-] Deleting neutron.port object s_rally_d0761a84_G9JBQIYD (4fbd0dd8-3d5b-4a4a-8930-652ce1d3008e)
2019-11-21 13:28:27.974 18470 RALLYDEBUG rally_openstack.cleanup.manager [-] Deleting neutron.port object s_rally_d0761a84_EFKUJt0N (500336d2-5a6c-41a4-a787-177466d1c22a)
2019-11-21 13:28:28.037 18470 RALLYDEBUG rally_openstack.cleanup.manager [-] Deleting neutron.port object s_rally_d0761a84_Cwbescgr (507d862f-0791-45ed-87d6-03d39efa5eb2)
2019-11-21 13:28:28.234 18470 RALLYDEBUG rally_openstack.cleanup.manager [-] Deleting neutron.port object s_rally_d0761a84_qI49MSAh (54241928-d319-49e3-a115-c3ebce359251)
2019-11-21 13:28:28.284 18470 RALLYDEBUG rally_openstack.cleanup.manager [-] Deleting neutron.port object s_rally_d0761a84_fuwl3eZN (54acd033-ef58-4686-b864-66715ae69c49)
2019-11-21 13:28:28.306 18470 RALLYDEBUG rally_openstack.cleanup.manager [-] Deleting neutron.port object s_rally_d0761a84_uu0foaxS (54c2d851-bee7-48da-ba89-552253dc7942)
2019-11-21 13:28:28.480 18470 RALLYDEBUG rally_openstack.cleanup.manager [-] Deleting neutron.port object s_rally_d0761a84_L5oZoTi9 (576c71b0-7689-4be1-baf4-e6f509616406)
2019-11-21 13:28:28.539 18470 RALLYDEBUG rally_openstack.cleanup.manager [-] Deleting neutron.port object s_rally_d0761a84_ciMcA5N6 (5ae533ed-5fb8-4fe6-9f25-c72f02a77116)
2019-11-21 13:28:28.539 18470 RALLYDEBUG rally_openstack.cleanup.manager [-] Deleting neutron.port object s_rally_d0761a84_3OtxkTQc (5c8402cd-8ccd-4a9c-91a7-8724203263ab)
2019-11-21 13:28:28.664 18470 RALLYDEBUG rally_openstack.cleanup.manager [-] Deleting neutron.port object s_rally_d0761a84_sUBBuOOQ (5d097dc1-4fcb-4b1b-b7b0-b6d0f84fd76a)
2019-11-21 13:28:28.848 18470 RALLYDEBUG rally_openstack.cleanup.manager [-] Deleting neutron.port object s_rally_d0761a84_KTjyodgb (5d8861a8-f5bc-4ada-9100-5b906a436b54)
2019-11-21 13:28:28.851 18470 RALLYDEBUG rally_openstack.cleanup.manager [-] Deleting neutron.port object s_rally_d0761a84_bobzhHgk (5eb26cc1-3858-4cfa-8f8a-8f28210867f8)
2019-11-21 13:28:28.917 18470 RALLYDEBUG rally_openstack.cleanup.manager [-] Deleting neutron.port object s_rally_d0761a84_Td3Bnca1 (60d04369-2e99-4387-b2c5-efcbeee4e2e6)
2019-11-21 13:28:29.020 18470 RALLYDEBUG rally_openstack.cleanup.manager [-] Deleting neutron.port object s_rally_d0761a84_C9TBpUtY (611c1837-01d7-4d80-830a-ec7ecad4ab7c)
2019-11-21 13:28:29.165 18470 RALLYDEBUG rally_openstack.cleanup.manager [-] Deleting neutron.port object s_rally_d0761a84_pGZLKwit (61290b69-3c6b-44fd-93bf-cee1c184ba55)
2019-11-21 13:28:29.458 18470 RALLYDEBUG rally_openstack.cleanup.manager [-] Deleting neutron.port object s_rally_d0761a84_4mqVchVB (622e4640-3278-4f0f-b652-65774f2fda50)
2019-11-21 13:28:29.496 18470 RALLYDEBUG rally_openstack.cleanup.manager [-] Deleting neutron.port object s_rally_d0761a84_7pfq1i3n (63b21bf6-18db-48d9-84a9-6bc57d85ae6c)
2019-11-21 13:28:29.595 18470 RALLYDEBUG rally_openstack.cleanup.manager [-] Deleting neutron.port object s_rally_d0761a84_Z3jZG2mP (63b4c767-0c81-4883-aa3b-b1bd53d83800)
2019-11-21 13:28:29.895 18470 RALLYDEBUG rally_openstack.cleanup.manager [-] Deleting neutron.port object s_rally_d0761a84_1MV5AFXj (6453d564-050d-4b0f-a6bd-3378d9d8e921)
2019-11-21 13:28:30.100 18470 RALLYDEBUG rally_openstack.cleanup.manager [-] Deleting neutron.port object s_rally_d0761a84_eNylx1LZ (64f32332-3508-4e24-86bf-4d5e54f165fa)
2019-11-21 13:28:30.164 18470 RALLYDEBUG rally_openstack.cleanup.manager [-] Deleting neutron.port object s_rally_d0761a84_uquedzSE (660996d9-27ec-431b-8e7f-a646c71a2e9c)
2019-11-21 13:28:30.304 18470 RALLYDEBUG rally_openstack.cleanup.manager [-] Deleting neutron.port object s_rally_d0761a84_Etl77NeM (662aa5e0-95f8-4acd-84e6-35233cfa752b)
2019-11-21 13:28:30.432 18470 RALLYDEBUG rally_openstack.cleanup.manager [-] Deleting neutron.port object s_rally_d0761a84_rCm8TMCx (6913ef36-6601-41fb-b7cc-b6b07abf4efd)
2019-11-21 13:28:30.490 18470 RALLYDEBUG rally_openstack.cleanup.manager [-] Deleting neutron.port object s_rally_d0761a84_koIMWQx9 (693be947-2e7a-41fb-95c4-4a4dfb0a4f84)
2019-11-21 13:28:30.505 18470 RALLYDEBUG rally_openstack.cleanup.manager [-] Deleting neutron.port object s_rally_d0761a84_SuSlaToU (6b4791ff-865c-45f5-9cb7-9a8050fe6a6f)
2019-11-21 13:28:30.654 18470 RALLYDEBUG rally_openstack.cleanup.manager [-] Deleting neutron.port object s_rally_d0761a84_C8Q3Vssy (6c33abd4-30d8-4643-8c93-08b1d77004e2)
2019-11-21 13:28:30.683 18470 RALLYDEBUG rally_openstack.cleanup.manager [-] Deleting neutron.port object s_rally_d0761a84_PFzCaGmc (6ce46c72-bd48-4dd4-9f51-5d25ffcd64a4)
2019-11-21 13:28:30.708 18470 RALLYDEBUG rally_openstack.cleanup.manager [-] Deleting neutron.port object s_rally_d0761a84_O9FWxpKI (6cfa3968-61ad-49cc-b093-a56cb29f16fb)
2019-11-21 13:28:30.963 18470 RALLYDEBUG rally_openstack.cleanup.manager [-] Deleting neutron.port object s_rally_d0761a84_Vbv8K69g (6eecc5ef-5f8e-41eb-84c6-c702d471825d)
2019-11-21 13:28:31.066 18470 RALLYDEBUG rally_openstack.cleanup.manager [-] Deleting neutron.port object s_rally_d0761a84_ZW2JaP5o (6fff5143-9d05-408a-a72a-dc4f38ffad24)
2019-11-21 13:28:31.140 18470 RALLYDEBUG rally_openstack.cleanup.manager [-] Deleting neutron.port object s_rally_d0761a84_7rJ7x5Db (739eebac-4021-46a4-ad5d-fd18e7dc5053)
2019-11-21 13:28:31.287 18470 RALLYDEBUG rally_openstack.cleanup.manager [-] Deleting neutron.port object s_rally_d0761a84_7qm8K6EZ (73b1597c-5342-4b3b-8c51-086c84c33c08)
2019-11-21 13:28:31.391 18470 RALLYDEBUG rally_openstack.cleanup.manager [-] Deleting neutron.port object s_rally_d0761a84_uwk2OVaS (75ae8067-a854-49d6-971d-fe23d8d91932)
2019-11-21 13:28:31.406 18470 RALLYDEBUG rally_openstack.cleanup.manager [-] Deleting neutron.port object s_rally_d0761a84_Jo31SYvO (7634d84c-4677-4edc-8b8f-af5e6587ad3e)
2019-11-21 13:28:31.425 18470 RALLYDEBUG rally_openstack.cleanup.manager [-] Deleting neutron.port object s_rally_d0761a84_yqyA5fS5 (76c900be-1abe-45d3-8597-f8429de4a9ab)
2019-11-21 13:28:31.670 18470 RALLYDEBUG rally_openstack.cleanup.manager [-] Deleting neutron.port object s_rally_d0761a84_KntARg5m (7754dc54-7a13-4f39-bf41-d0f787a43dca)
2019-11-21 13:28:31.701 18470 RALLYDEBUG rally_openstack.cleanup.manager [-] Deleting neutron.port object s_rally_d0761a84_wKrMA9Fo (77d510a6-da72-49db-b7f4-be4c4a26a80c)
2019-11-21 13:28:31.806 18470 RALLYDEBUG rally_openstack.cleanup.manager [-] Deleting neutron.port object s_rally_d0761a84_NL4sE4x8 (79f6518f-7a46-42ea-b2ec-831aa29c95c4)
2019-11-21 13:28:31.816 18470 RALLYDEBUG rally_openstack.cleanup.manager [-] Deleting neutron.port object s_rally_d0761a84_4LuZcaPn (7b1047e5-7f6c-46fa-9419-a845cc47caf1)
2019-11-21 13:28:31.923 18470 RALLYDEBUG rally_openstack.cleanup.manager [-] Deleting neutron.port object s_rally_d0761a84_HGV0xvH5 (822181fa-0606-49ab-ace2-4c335aab365f)
2019-11-21 13:28:32.086 18470 RALLYDEBUG rally_openstack.cleanup.manager [-] Deleting neutron.port object s_rally_d0761a84_MO30XC8D (82475173-6a46-4050-bd8d-2781919520c5)
2019-11-21 13:28:32.331 18470 RALLYDEBUG rally_openstack.cleanup.manager [-] Deleting neutron.port object s_rally_d0761a84_fhVJRhwM (8309d4ad-98c3-4789-bffb-2e6dd2423169)
2019-11-21 13:28:32.368 18470 RALLYDEBUG rally_openstack.cleanup.manager [-] Deleting neutron.port object s_rally_d0761a84_4ZQWDMgM (871609ae-b31d-46b3-8781-5897d18a68ec)
2019-11-21 13:28:32.597 18470 RALLYDEBUG rally_openstack.cleanup.manager [-] Deleting neutron.port object s_rally_d0761a84_eiPbRgvt (89ecb849-4657-4efe-a206-bbab92ef1ceb)
2019-11-21 13:28:32.597 18470 RALLYDEBUG rally_openstack.cleanup.manager [-] Deleting neutron.port object s_rally_d0761a84_Y9S6i37N (8d119167-76b6-4668-8506-a7c5310ef1c1)
2019-11-21 13:28:32.634 18470 RALLYDEBUG rally_openstack.cleanup.manager [-] Deleting neutron.port object s_rally_d0761a84_sXG0RJMx (8e344e5d-5f9c-46da-a305-c07c93ecf44f)
2019-11-21 13:28:32.722 18470 RALLYDEBUG rally_openstack.cleanup.manager [-] Deleting neutron.port object s_rally_d0761a84_wLXiammx (8e41ab3f-353b-4250-92af-5315b86c7b30)
2019-11-21 13:28:33.026 18470 RALLYDEBUG rally_openstack.cleanup.manager [-] Deleting neutron.port object s_rally_d0761a84_2kifNJze (8eff2ac8-a485-40b6-beb9-0ee14c7f75fd)
2019-11-21 13:28:33.183 18470 RALLYDEBUG rally_openstack.cleanup.manager [-] Deleting neutron.port object s_rally_d0761a84_TouU9i7o (8fbef6ae-ce81-45c6-8426-8f868689d4cd)
2019-11-21 13:28:33.219 18470 RALLYDEBUG rally_openstack.cleanup.manager [-] Deleting neutron.port object s_rally_d0761a84_jVLRYI9E (93e36bcd-2c26-4816-b5d4-ec8d3b7f11ac)
2019-11-21 13:28:33.259 18470 RALLYDEBUG rally_openstack.cleanup.manager [-] Deleting neutron.port object s_rally_d0761a84_01xSUEOc (94e090d5-3b4e-4346-8881-e94835e9838b)
2019-11-21 13:28:33.345 18470 RALLYDEBUG rally_openstack.cleanup.manager [-] Deleting neutron.port object s_rally_d0761a84_YMCo04xU (954aa0fe-cd10-4a3a-8374-7f9a3ba7ccac)
2019-11-21 13:28:33.390 18470 RALLYDEBUG rally_openstack.cleanup.manager [-] Deleting neutron.port object s_rally_d0761a84_T51M7L44 (957b075e-eaff-4375-ac95-a4f863d72548)
2019-11-21 13:28:33.464 18470 RALLYDEBUG rally_openstack.cleanup.manager [-] Deleting neutron.port object s_rally_d0761a84_qzNwEvLt (95b8f9de-b1b5-42f8-9ff1-b719bcf5e489)
2019-11-21 13:28:33.683 18470 RALLYDEBUG rally_openstack.cleanup.manager [-] Deleting neutron.port object s_rally_d0761a84_Px63eQYQ (96cd5f1d-7a29-4f1b-8da6-7bd89ff17b45)
2019-11-21 13:28:33.697 18470 RALLYDEBUG rally_openstack.cleanup.manager [-] Deleting neutron.port object s_rally_d0761a84_WGmEiZNk (98a60d9e-eb93-457f-a8a7-2743d364aa27)
2019-11-21 13:28:33.788 18470 RALLYDEBUG rally_openstack.cleanup.manager [-] Deleting neutron.port object s_rally_d0761a84_UUXYPnMQ (98e46163-61c6-4cfb-8cfe-1e8e37860436)
2019-11-21 13:28:33.991 18470 RALLYDEBUG rally_openstack.cleanup.manager [-] Deleting neutron.port object s_rally_d0761a84_sdbidbaM (9984738a-b3d8-415d-ac57-65c51bf82a62)
2019-11-21 13:28:34.050 18470 RALLYDEBUG rally_openstack.cleanup.manager [-] Deleting neutron.port object s_rally_d0761a84_c05W6dvj (9a2100cb-6cdf-4f28-b0f1-c7372e434a29)
2019-11-21 13:28:34.176 18470 RALLYDEBUG rally_openstack.cleanup.manager [-] Deleting neutron.port object s_rally_d0761a84_Km7gi4Hd (9b185cfd-e19e-4625-9383-6b90fc9c9fef)
2019-11-21 13:28:34.488 18470 RALLYDEBUG rally_openstack.cleanup.manager [-] Deleting neutron.port object s_rally_d0761a84_uiZwpJRh (9b988bdd-4693-49bf-a9de-e5b5d3a04f52)
2019-11-21 13:28:34.521 18470 RALLYDEBUG rally_openstack.cleanup.manager [-] Deleting neutron.port object s_rally_d0761a84_Qqxc0OzS (9c0cd223-e286-4e93-af65-a5aff6658b8a)
2019-11-21 13:28:34.668 18470 RALLYDEBUG rally_openstack.cleanup.manager [-] Deleting neutron.port object s_rally_d0761a84_TQLkc5ww (9c9cd0e2-42e3-4cd7-8c0f-3fd8820ebad5)
2019-11-21 13:28:34.822 18470 RALLYDEBUG rally_openstack.cleanup.manager [-] Deleting neutron.port object s_rally_d0761a84_ak7f1p1u (9d6c157c-04a4-49a2-b14d-cbdb5bbcebd8)
2019-11-21 13:28:34.830 18470 RALLYDEBUG rally_openstack.cleanup.manager [-] Deleting neutron.port object s_rally_d0761a84_ZKAchwYX (9e66f623-41ae-4145-bef7-9488d65902a9)
2019-11-21 13:28:34.913 18470 RALLYDEBUG rally_openstack.cleanup.manager [-] Deleting neutron.port object s_rally_d0761a84_yKHwgJGK (a4562826-f293-4972-8b88-5a3ad26a6a29)
2019-11-21 13:28:34.951 18470 RALLYDEBUG rally_openstack.cleanup.manager [-] Deleting neutron.port object s_rally_d0761a84_WV70osAf (a465c2ca-1970-4c71-ba95-dbf30f220ff5)
2019-11-21 13:28:35.193 18470 RALLYDEBUG rally_openstack.cleanup.manager [-] Deleting neutron.port object s_rally_d0761a84_OQMyYRsa (a48ca9b5-32aa-4e53-a55a-3aa597ad9df2)
2019-11-21 13:28:35.312 18470 RALLYDEBUG rally_openstack.cleanup.manager [-] Deleting neutron.port object s_rally_d0761a84_T6qttsnU (a5010b7c-4c4e-418d-9f65-2b85b3dcabf5)
2019-11-21 13:28:35.410 18470 RALLYDEBUG rally_openstack.cleanup.manager [-] Deleting neutron.port object s_rally_d0761a84_ydOd80AO (a723a5c3-a780-48db-90fb-1ef4de3b41fa)
2019-11-21 13:28:35.530 18470 RALLYDEBUG rally_openstack.cleanup.manager [-] Deleting neutron.port object s_rally_d0761a84_N9bbnHez (a962fc23-df05-4c59-844e-0e23cc685633)
2019-11-21 13:28:35.761 18470 RALLYDEBUG rally_openstack.cleanup.manager [-] Deleting neutron.port object s_rally_d0761a84_oxs12Zd0 (aa0c995e-2806-463f-8ff9-ef1335a8ccab)
2019-11-21 13:28:35.857 18470 RALLYDEBUG rally_openstack.cleanup.manager [-] Deleting neutron.port object s_rally_d0761a84_erdO598R (ac29d93e-f3b8-42a6-b660-f391ca0cba9d)
2019-11-21 13:28:35.882 18470 RALLYDEBUG rally_openstack.cleanup.manager [-] Deleting neutron.port object s_rally_d0761a84_UmFjqcij (ac3f5012-8b91-407b-8cb6-b986129c5398)
2019-11-21 13:28:35.946 18470 RALLYDEBUG rally_openstack.cleanup.manager [-] Deleting neutron.port object s_rally_d0761a84_2l1iXOy1 (ada85119-4371-4b79-9fed-6357ab28f140)
2019-11-21 13:28:35.988 18470 RALLYDEBUG rally_openstack.cleanup.manager [-] Deleting neutron.port object s_rally_d0761a84_kFZacOaH (ade92345-f923-4dc5-b966-61d954294ca7)
2019-11-21 13:28:36.195 18470 RALLYDEBUG rally_openstack.cleanup.manager [-] Deleting neutron.port object s_rally_d0761a84_aUy9Dw6i (b0380122-4781-4dae-8c0a-dc57403de357)
2019-11-21 13:28:36.487 18470 RALLYDEBUG rally_openstack.cleanup.manager [-] Deleting neutron.port object s_rally_d0761a84_6dghGEOU (b0d457ff-3672-4fd2-ab47-4cbf6b58e952)
2019-11-21 13:28:36.503 18470 RALLYDEBUG rally_openstack.cleanup.manager [-] Deleting neutron.port object s_rally_d0761a84_92rYa0dc (b1736e1d-0639-4a1a-9d97-5663b0cef35e)
2019-11-21 13:28:36.518 18470 RALLYDEBUG rally_openstack.cleanup.manager [-] Deleting neutron.port object s_rally_d0761a84_TBjijl1q (b29c1375-e1f7-4336-b8fe-2c97b46ce08e)
2019-11-21 13:28:36.598 18470 RALLYDEBUG rally_openstack.cleanup.manager [-] Deleting neutron.port object s_rally_d0761a84_23Trl2Rd (b29ecf97-f5d7-44a7-b0c8-ba6f19341e28)
2019-11-21 13:28:36.673 18470 RALLYDEBUG rally_openstack.cleanup.manager [-] Deleting neutron.port object s_rally_d0761a84_RhOHUE7A (b327af62-685b-4ac8-be8f-3916ae571534)
2019-11-21 13:28:36.716 18470 RALLYDEBUG rally_openstack.cleanup.manager [-] Deleting neutron.port object s_rally_d0761a84_8HoaQbdu (b3facd5e-b3a9-45c4-a5df-5997b30002d7)
2019-11-21 13:28:36.824 18470 RALLYDEBUG rally_openstack.cleanup.manager [-] Deleting neutron.port object s_rally_d0761a84_uloIu54s (b4428e9f-03ed-492c-96ad-f890c93ec3f7)
2019-11-21 13:28:36.832 18470 RALLYDEBUG rally_openstack.cleanup.manager [-] Deleting neutron.port object s_rally_d0761a84_DugTPQ88 (b5588f3f-7a48-4810-a0a8-dd314134a28e)
2019-11-21 13:28:37.078 18470 RALLYDEBUG rally_openstack.cleanup.manager [-] Deleting neutron.port object s_rally_d0761a84_6UzUWpt4 (b91915fb-78ee-4b71-b0d9-8b9f8794c2e9)
2019-11-21 13:28:37.098 18470 RALLYDEBUG rally_openstack.cleanup.manager [-] Deleting neutron.port object s_rally_d0761a84_dKt933vT (bafe8f85-6d90-4a6a-b00c-98f0ac7e1001)
2019-11-21 13:28:37.150 18470 RALLYDEBUG rally_openstack.cleanup.manager [-] Deleting neutron.port object s_rally_d0761a84_b0IqfCfh (bc91d3f4-2e16-47ce-8c8b-34187b6ca0e2)
2019-11-21 13:28:37.208 18470 RALLYDEBUG rally_openstack.cleanup.manager [-] Deleting neutron.port object s_rally_d0761a84_Vl1js5DV (be828b27-8c7d-4d59-b2cf-59134a16c477)
2019-11-21 13:28:37.253 18470 RALLYDEBUG rally_openstack.cleanup.manager [-] Deleting neutron.port object s_rally_d0761a84_slSVmSeU (bfcad519-40e3-4c40-acda-cabddb9dfc4a)
2019-11-21 13:28:37.481 18470 RALLYDEBUG rally_openstack.cleanup.manager [-] Deleting neutron.port object s_rally_d0761a84_Nc2qNDM7 (c1c91976-0aa5-4845-a5aa-5e67b36b842f)
2019-11-21 13:28:37.635 18470 RALLYDEBUG rally_openstack.cleanup.manager [-] Deleting neutron.port object s_rally_d0761a84_g0U9icD3 (c4d4a106-cd0d-4916-9f13-2d36b7fcbaf2)
2019-11-21 13:28:37.889 18470 RALLYDEBUG rally_openstack.cleanup.manager [-] Deleting neutron.port object s_rally_d0761a84_IJ4V1gAf (c54feb78-0e4a-418d-8b4d-b0a99fbb570d)
2019-11-21 13:28:38.226 18470 RALLYDEBUG rally_openstack.cleanup.manager [-] Deleting neutron.port object s_rally_d0761a84_fZchgkjg (c6219fe5-d189-42d0-8d3f-7b2b06ec4229)
2019-11-21 13:28:38.258 18470 RALLYDEBUG rally_openstack.cleanup.manager [-] Deleting neutron.port object s_rally_d0761a84_WFVb51ya (c682b8ea-d0ac-4554-9741-b44762b1a63b)
2019-11-21 13:28:38.383 18470 RALLYDEBUG rally_openstack.cleanup.manager [-] Deleting neutron.port object s_rally_d0761a84_qoonigQT (c83d27ec-d43a-43d0-815d-241272cccd46)
2019-11-21 13:28:38.739 18470 RALLYDEBUG rally_openstack.cleanup.manager [-] Deleting neutron.port object s_rally_d0761a84_LQmI8oCF (c9ddde32-c87f-486b-b5f1-eca3d99b93b0)
2019-11-21 13:28:38.762 18470 RALLYDEBUG rally_openstack.cleanup.manager [-] Deleting neutron.port object s_rally_d0761a84_ETHmqmna (cb0e4fde-95b5-47e9-81c4-ac5843f03191)
2019-11-21 13:28:38.876 18470 RALLYDEBUG rally_openstack.cleanup.manager [-] Deleting neutron.port object s_rally_d0761a84_9zGhhALW (cbc733c6-5b4d-4658-87a6-0d2be6c934d3)
2019-11-21 13:28:38.877 18470 RALLYDEBUG rally_openstack.cleanup.manager [-] Deleting neutron.port object s_rally_d0761a84_Cxz75qBU (cc1c94f7-84ad-4af7-9605-cada6aca5784)
2019-11-21 13:28:38.897 18470 RALLYDEBUG rally_openstack.cleanup.manager [-] Deleting neutron.port object s_rally_d0761a84_xnDxyydk (cc6bc6eb-07b0-4739-b024-46ac6dde6d50)
2019-11-21 13:28:39.014 18470 RALLYDEBUG rally_openstack.cleanup.manager [-] Deleting neutron.port object s_rally_d0761a84_9EBvVImY (cd399a51-1f1a-460b-b2df-b6791911973f)
2019-11-21 13:28:39.090 18470 RALLYDEBUG rally_openstack.cleanup.manager [-] Deleting neutron.port object s_rally_d0761a84_goid2IZ1 (ce9bc3ac-4167-4510-8a66-a4b733c8ae6c)
2019-11-21 13:28:39.098 18470 RALLYDEBUG rally_openstack.cleanup.manager [-] Deleting neutron.port object s_rally_d0761a84_4HB6rVTE (d0bc1e3f-4db4-4540-bef1-2666b5a87bb5)
2019-11-21 13:28:39.154 18470 RALLYDEBUG rally_openstack.cleanup.manager [-] Deleting neutron.port object s_rally_d0761a84_61wLvG3Q (d171acbb-4aeb-44e6-96b6-851c60c90f27)
2019-11-21 13:28:39.216 18470 RALLYDEBUG rally_openstack.cleanup.manager [-] Deleting neutron.port object s_rally_d0761a84_wuNDJTDa (d29f80c4-95f3-4236-b0d6-50dd4e9abb04)
2019-11-21 13:28:39.272 18470 RALLYDEBUG rally_openstack.cleanup.manager [-] Deleting neutron.port object s_rally_d0761a84_n9e7GYKW (d393eab7-0f90-4996-9e37-0a821a4bb4a0)
2019-11-21 13:28:39.513 18470 RALLYDEBUG rally_openstack.cleanup.manager [-] Deleting neutron.port object s_rally_d0761a84_jTUsyvV0 (d586ab72-d99f-40a1-8542-59efb77a0b50)
2019-11-21 13:28:39.776 18470 RALLYDEBUG rally_openstack.cleanup.manager [-] Deleting neutron.port object s_rally_d0761a84_tPIbuDUS (d6af0fd2-52a6-4907-8075-43f65e419948)
2019-11-21 13:28:39.850 18470 RALLYDEBUG rally_openstack.cleanup.manager [-] Deleting neutron.port object s_rally_d0761a84_WrPh7mm0 (d84dbbc7-a684-4d45-aa28-49f94e2a0c7f)
2019-11-21 13:28:39.880 18470 RALLYDEBUG rally_openstack.cleanup.manager [-] Deleting neutron.port object s_rally_d0761a84_xVWGwWyh (dd544cb9-084e-4fd9-9b20-d00963b46bab)
2019-11-21 13:28:40.004 18470 RALLYDEBUG rally_openstack.cleanup.manager [-] Deleting neutron.port object s_rally_d0761a84_c9q0YIbU (df7893a2-6a48-4cbd-8d94-69f6e3c2576a)
2019-11-21 13:28:40.080 18470 RALLYDEBUG rally_openstack.cleanup.manager [-] Deleting neutron.port object s_rally_d0761a84_0Sow7VK8 (e0f9d82b-bf30-4c4e-9b39-bc950106bc35)
2019-11-21 13:28:40.097 18470 RALLYDEBUG rally_openstack.cleanup.manager [-] Deleting neutron.port object s_rally_d0761a84_o6m5oZxU (e25e2f0f-59a1-4911-aaac-4e05c1eb5254)
2019-11-21 13:28:40.337 18470 RALLYDEBUG rally_openstack.cleanup.manager [-] Deleting neutron.port object s_rally_d0761a84_cXe0VlLO (e44e7f7d-09ee-4c74-a537-6ef1ecbe9874)
2019-11-21 13:28:40.592 18470 RALLYDEBUG rally_openstack.cleanup.manager [-] Deleting neutron.port object s_rally_d0761a84_4LZ0Nup0 (e47858de-6f1e-449e-9eb6-41b23aab963a)
2019-11-21 13:28:40.942 18470 RALLYDEBUG rally_openstack.cleanup.manager [-] Deleting neutron.port object s_rally_d0761a84_et030xCD (e49a5c1b-6321-4361-8e62-856b4fcad927)
2019-11-21 13:28:41.328 18470 RALLYDEBUG rally_openstack.cleanup.manager [-] Deleting neutron.port object s_rally_d0761a84_SZ6TFDf8 (e58f1b54-168f-49f4-b0a3-4ae206e5ffc2)
2019-11-21 13:28:41.412 18470 RALLYDEBUG rally_openstack.cleanup.manager [-] Deleting neutron.port object s_rally_d0761a84_THLcQ85S (e665b7fd-84d1-4ce3-b4bd-a81c37dec173)
2019-11-21 13:28:41.477 18470 RALLYDEBUG rally_openstack.cleanup.manager [-] Deleting neutron.port object s_rally_d0761a84_4UkZWKiK (e762c9df-92fc-4981-9f21-a9c388a7ed1b)
2019-11-21 13:28:41.491 18470 RALLYDEBUG rally_openstack.cleanup.manager [-] Deleting neutron.port object s_rally_d0761a84_NVitxg5T (e9a5ba67-562f-40e7-bf28-35d3c49b580f)
2019-11-21 13:28:41.509 18470 RALLYDEBUG rally_openstack.cleanup.manager [-] Deleting neutron.port object s_rally_d0761a84_u9eCKzfI (eca5703a-b51d-4035-ab97-701e28309293)
2019-11-21 13:28:41.595 18470 RALLYDEBUG rally_openstack.cleanup.manager [-] Deleting neutron.port object s_rally_d0761a84_bH4IGmpF (ee5e26d1-0105-4695-954a-b147c0a8ab32)
2019-11-21 13:28:41.710 18470 RALLYDEBUG rally_openstack.cleanup.manager [-] Deleting neutron.port object s_rally_d0761a84_RwUIewog (efca1380-aae1-4f0c-87bf-55e7f24328c6)
2019-11-21 13:28:41.789 18470 RALLYDEBUG rally_openstack.cleanup.manager [-] Deleting neutron.port object s_rally_d0761a84_axMkP8Jv (f000edba-d84d-4d55-b392-43a2c6b3ef63)
2019-11-21 13:28:41.858 18470 RALLYDEBUG rally_openstack.cleanup.manager [-] Deleting neutron.port object s_rally_d0761a84_2KtQ0Fko (f091781a-41ea-4ffb-92cd-2479d2aad19c)
2019-11-21 13:28:41.917 18470 RALLYDEBUG rally_openstack.cleanup.manager [-] Deleting neutron.port object s_rally_d0761a84_6TbqEOUU (f1a32e6f-ff3b-4977-ae0b-2c9701d5333f)
2019-11-21 13:28:41.954 18470 RALLYDEBUG rally_openstack.cleanup.manager [-] Deleting neutron.port object s_rally_d0761a84_DeMLZLlY (f28e0acd-fb1b-416f-adfe-79b8e3731a70)
2019-11-21 13:28:41.971 18470 RALLYDEBUG rally_openstack.cleanup.manager [-] Deleting neutron.port object s_rally_d0761a84_QbQU2SFl (f5303988-2dee-480b-a95e-db0ce6a4e2ab)
2019-11-21 13:28:42.035 18470 RALLYDEBUG rally_openstack.cleanup.manager [-] Deleting neutron.port object s_rally_d0761a84_iBS9pA3E (f5308d20-7734-450f-8ff1-ded9e5d7a433)
2019-11-21 13:28:42.064 18470 RALLYDEBUG rally_openstack.cleanup.manager [-] Deleting neutron.port object s_rally_d0761a84_aZ7ZGaKp (f576bc7d-e339-48ea-a1a0-175f0fd1a899)
2019-11-21 13:28:42.126 18470 RALLYDEBUG rally_openstack.cleanup.manager [-] Deleting neutron.port object s_rally_d0761a84_1AWtx0bt (f71ba497-4594-4728-8c86-34fc6c9748b7)
2019-11-21 13:28:42.173 18470 RALLYDEBUG rally_openstack.cleanup.manager [-] Deleting neutron.port object s_rally_d0761a84_zrtmvkNv (fc8b7a9a-98b5-4886-9642-8122e4ef9852)
2019-11-21 13:28:42.177 18470 RALLYDEBUG rally_openstack.cleanup.manager [-] Deleting neutron.port object s_rally_d0761a84_SV8B4qyZ (fcb8b1d8-ef4d-4811-a404-2e1b4728f1eb)
2019-11-21 13:28:42.242 18470 RALLYDEBUG rally_openstack.cleanup.manager [-] Deleting neutron.port object s_rally_d0761a84_9iDsdsRD (fd1b9fab-5730-4ded-a22e-489437a90ede)
2019-11-21 13:28:42.497 18470 RALLYDEBUG rally_openstack.cleanup.manager [-] Deleting neutron.port object s_rally_d0761a84_y2UKBwy5 (fff15aee-361e-4630-b759-91098f22c4d2)
2019-11-21 13:28:44.734 18470 RALLYDEBUG rally_openstack.cleanup.manager [-] Cleaning up neutron subnet objects
2019-11-21 13:28:45.428 18470 RALLYDEBUG rally_openstack.cleanup.manager [-] Cleaning up neutron network objects
2019-11-21 13:28:45.956 18470 RALLYDEBUG rally_openstack.cleanup.manager [-] Deleting neutron.network object s_rally_d0761a84_BAd9RPeD (002b32b7-9714-46e2-abca-d84d179252c4)
2019-11-21 13:28:45.975 18470 RALLYDEBUG rally_openstack.cleanup.manager [-] Deleting neutron.network object s_rally_d0761a84_KbV8Du0W (099eaabc-0466-498e-b2f7-d0c1037b33e5)
2019-11-21 13:28:45.976 18470 RALLYDEBUG rally_openstack.cleanup.manager [-] Deleting neutron.network object s_rally_d0761a84_RTXeWVWF (07e1781e-717b-4047-b13d-868b4dbf1ae9)
2019-11-21 13:28:45.978 18470 RALLYDEBUG rally_openstack.cleanup.manager [-] Deleting neutron.network object s_rally_d0761a84_oH6OFFVg (0bfbfca7-78dc-49ba-ab71-f9dfc91720de)
2019-11-21 13:28:45.991 18470 RALLYDEBUG rally_openstack.cleanup.manager [-] Deleting neutron.network object s_rally_d0761a84_LPZ14oDG (1246e1bf-3d3b-4dd8-8a39-91d8fe5d214e)
2019-11-21 13:28:46.022 18470 RALLYDEBUG rally_openstack.cleanup.manager [-] Deleting neutron.network object s_rally_d0761a84_Id35ITII (1eb41850-9ee1-4052-8397-b2451c79e007)
2019-11-21 13:28:46.052 18470 RALLYDEBUG rally_openstack.cleanup.manager [-] Deleting neutron.network object s_rally_d0761a84_equyPNUs (32e85df7-3414-4cb2-b4fa-6c32852484aa)
2019-11-21 13:28:46.060 18470 RALLYDEBUG rally_openstack.cleanup.manager [-] Deleting neutron.network object s_rally_d0761a84_ZMRNp1rF (3542ae29-844d-44cd-8d3f-1b61b446fda3)
2019-11-21 13:28:46.069 18470 RALLYDEBUG rally_openstack.cleanup.manager [-] Deleting neutron.network object s_rally_d0761a84_drFVferv (49e00808-2e78-4a02-be4e-b9a506a47eb8)
2019-11-21 13:28:46.089 18470 RALLYDEBUG rally_openstack.cleanup.manager [-] Deleting neutron.network object s_rally_d0761a84_qjmjz9Ff (35e11cff-85ca-418f-ac02-0530d3213f2f)
2019-11-21 13:28:46.097 18470 RALLYDEBUG rally_openstack.cleanup.manager [-] Deleting neutron.network object s_rally_d0761a84_zaKgfhhJ (52aab6b4-26f7-49a7-8421-7222c324c1d7)
2019-11-21 13:28:46.116 18470 RALLYDEBUG rally_openstack.cleanup.manager [-] Deleting neutron.network object s_rally_d0761a84_E75mL4JU (5119c910-749f-4503-92a0-127af8f86d5c)
2019-11-21 13:28:46.145 18470 RALLYDEBUG rally_openstack.cleanup.manager [-] Deleting neutron.network object s_rally_d0761a84_p7DCMVSl (719ebbf9-984c-4b9f-9e6f-727d3361048b)
2019-11-21 13:28:46.147 18470 RALLYDEBUG rally_openstack.cleanup.manager [-] Deleting neutron.network object s_rally_d0761a84_ihcvRVKP (556b1426-0695-414d-a6dc-e53cc0149d04)
2019-11-21 13:28:46.147 18470 RALLYDEBUG rally_openstack.cleanup.manager [-] Deleting neutron.network object s_rally_d0761a84_mKxhJpS4 (65178a61-299b-4a8e-b0bc-b8a636a607ba)
2019-11-21 13:28:46.158 18470 RALLYDEBUG rally_openstack.cleanup.manager [-] Deleting neutron.network object s_rally_d0761a84_XNiMoRSq (6c4cdae4-c7ab-48de-830b-6d953d9aab72)
2019-11-21 13:28:46.158 18470 RALLYDEBUG rally_openstack.cleanup.manager [-] Deleting neutron.network object s_rally_d0761a84_CE5Nxu3o (205e2e2a-4c55-485f-be0e-3e6a9fb12dab)
2019-11-21 13:28:46.161 18470 RALLYDEBUG rally_openstack.cleanup.manager [-] Deleting neutron.network object s_rally_d0761a84_LzP9dCse (6b0b262d-6ef5-476c-9413-a80ea8c9b212)
2019-11-21 13:28:46.161 18470 RALLYDEBUG rally_openstack.cleanup.manager [-] Deleting neutron.network object s_rally_d0761a84_FXQqxrbn (6c69da0b-5d6b-4abe-889c-8daf7a96a76e)
2019-11-21 13:28:46.163 18470 RALLYDEBUG rally_openstack.cleanup.manager [-] Deleting neutron.network object s_rally_d0761a84_Rfp8OJDL (7734ce13-2ac9-4382-a256-04b0a38c55ba)
2019-11-21 13:28:48.377 18470 RALLYDEBUG rally_openstack.cleanup.manager [-] Deleting neutron.network object s_rally_d0761a84_5BDBV01T (7cd68a1a-528d-4a36-95cd-773484571c33)
2019-11-21 13:28:49.060 18470 RALLYDEBUG rally_openstack.cleanup.manager [-] Deleting neutron.network object s_rally_d0761a84_lbAadZve (8a8b2a10-5e56-4798-a764-e003bf2e2732)
2019-11-21 13:28:49.217 18470 RALLYDEBUG rally_openstack.cleanup.manager [-] Deleting neutron.network object s_rally_d0761a84_HFeTg7lF (945aecb4-c4b1-4743-8635-3b64bc361767)
2019-11-21 13:28:49.224 18470 RALLYDEBUG rally_openstack.cleanup.manager [-] Deleting neutron.network object s_rally_d0761a84_Vfdy0edM (947dbcf5-19d3-498f-9c8e-85dfd087c66b)
2019-11-21 13:28:49.253 18470 RALLYDEBUG rally_openstack.cleanup.manager [-] Deleting neutron.network object s_rally_d0761a84_7IMtIpD8 (9ea93485-b974-40d5-8175-5c5770ddc22c)
2019-11-21 13:28:49.322 18470 RALLYDEBUG rally_openstack.cleanup.manager [-] Deleting neutron.network object s_rally_d0761a84_dJcCSqsX (a375d022-421a-40f5-9ee1-35f1ebc3728b)
2019-11-21 13:28:49.323 18470 RALLYDEBUG rally_openstack.cleanup.manager [-] Deleting neutron.network object s_rally_d0761a84_Q9MSUmvq (afcb7e70-4e36-417f-852f-c53aff55b988)
2019-11-21 13:28:49.416 18470 RALLYDEBUG rally_openstack.cleanup.manager [-] Deleting neutron.network object s_rally_d0761a84_uiVRLFnG (b6afb146-99cc-4787-8d72-b90288b2b3db)
2019-11-21 13:28:49.502 18470 RALLYDEBUG rally_openstack.cleanup.manager [-] Deleting neutron.network object s_rally_d0761a84_d5oUdkbJ (bbdbfafa-b928-45a7-8ef5-4cfb7cfb5104)
2019-11-21 13:28:49.512 18470 RALLYDEBUG rally_openstack.cleanup.manager [-] Deleting neutron.network object s_rally_d0761a84_L0VWDFHT (bfa1b933-1614-4b64-ab53-b84820ea4813)
2019-11-21 13:28:49.726 18470 RALLYDEBUG rally_openstack.cleanup.manager [-] Deleting neutron.network object s_rally_d0761a84_0FB0TYrb (bfb91826-3e20-4361-95cd-c7ab2f70342e)
2019-11-21 13:28:49.741 18470 RALLYDEBUG rally_openstack.cleanup.manager [-] Deleting neutron.network object s_rally_d0761a84_APylwO8o (c60f22ff-2c60-428e-ac39-26eef6b88923)
2019-11-21 13:28:49.753 18470 RALLYDEBUG rally_openstack.cleanup.manager [-] Deleting neutron.network object s_rally_d0761a84_2dcwQGMS (cbc42ddf-3967-483e-8254-2b152e02d7ad)
2019-11-21 13:28:49.800 18470 RALLYDEBUG rally_openstack.cleanup.manager [-] Deleting neutron.network object s_rally_d0761a84_InfXrN9C (cf803326-4284-4a9f-b89e-d58fc8f8dfdd)
2019-11-21 13:28:49.822 18470 RALLYDEBUG rally_openstack.cleanup.manager [-] Deleting neutron.network object s_rally_d0761a84_fP1Rus2A (d3098782-4330-4d88-a98a-f59edf373479)
2019-11-21 13:28:49.834 18470 RALLYDEBUG rally_openstack.cleanup.manager [-] Deleting neutron.network object s_rally_d0761a84_sVwqJryd (dd27755a-c9b4-44b9-a25d-c132bb533ee8)
2019-11-21 13:28:49.844 18470 RALLYDEBUG rally_openstack.cleanup.manager [-] Deleting neutron.network object s_rally_d0761a84_enjDCChx (dee2f368-cfd6-4394-88f1-d96630ff2f58)
2019-11-21 13:28:49.857 18470 RALLYDEBUG rally_openstack.cleanup.manager [-] Deleting neutron.network object s_rally_d0761a84_GvaCNg3l (e7dea818-a9d9-4543-88e6-57e573b31c4a)
2019-11-21 13:28:49.907 18470 RALLYDEBUG rally_openstack.cleanup.manager [-] Deleting neutron.network object s_rally_d0761a84_1Q9Da13Y (f22e0fad-a92e-4665-b7df-9474a6ff1bc4)
2019-11-21 13:28:49.930 18470 RALLYDEBUG rally_openstack.cleanup.manager [-] Deleting neutron.network object s_rally_d0761a84_LOXP8n9e (f937dd2a-7844-44bf-a871-ee9271416711)
2019-11-21 13:28:53.923 18470 RALLYDEBUG rally_openstack.cleanup.manager [-] Cleaning up neutron router objects
2019-11-21 13:28:54.337 18470 RALLYDEBUG rally_openstack.cleanup.manager [-] Cleaning up neutron security_group objects
2019-11-21 13:28:54.750 18470 INFO rally.task.context [-] Task 911b0877-876e-4644-9be4-1c53679a121c | Context cleanup@openstack cleanup() finished in 37.69 sec
2019-11-21 13:28:54.750 18470 INFO rally.task.context [-] Task 911b0877-876e-4644-9be4-1c53679a121c | Context quotas@openstack cleanup() started
2019-11-21 13:28:54.829 18470 INFO rally.task.context [-] Task 911b0877-876e-4644-9be4-1c53679a121c | Context quotas@openstack cleanup() finished in 79.17 msec
2019-11-21 13:28:54.830 18470 INFO rally.task.context [-] Task 911b0877-876e-4644-9be4-1c53679a121c | Context users@openstack cleanup() started
2019-11-21 13:28:57.510 18470 INFO rally.task.context [-] Task 911b0877-876e-4644-9be4-1c53679a121c | Context users@openstack cleanup() finished in 2.68 sec
2019-11-21 13:28:57.648 18470 INFO rally.task.engine [-] Load duration is: 30.92399
2019-11-21 13:28:57.648 18470 INFO rally.task.engine [-] Full runner duration is: 30.976045
2019-11-21 13:28:57.649 18470 INFO rally.task.engine [-] Full duration is: 74.187095
2019-11-21 13:28:57.943 18470 INFO rally.task.engine [-] Running workload: position = 2 config = { "version": 2, "title": "A cropped version of a bigger task.", "description": "Auto-generated task from a single workload (uuid=e55976c4-3780-4c6c-a45a-b050e60e3e72)", "subtasks": [ { "title": "NeutronNetworks.create_and_delete_ports", "description": "Create and delete a port.", "scenario": { "NeutronNetworks.create_and_delete_ports": { "network_create_args": {}, "port_create_args": {}, "ports_per_network": 5 } }, "contexts": { "users": { "tenants": 1, "users_per_tenant": 1 }, "quotas": { "neutron": { "network": -1, "port": -1 } } }, "runner": { "constant": { "times": 40, "concurrency": 20 } }, "hooks": [], "sla": { "failure_rate": { "max": 0 } } } ] }
2019-11-21 13:28:57.974 18470 RALLYDEBUG rally_openstack.contexts.keystone.users [-] Creating 1 tenants using 20 threads
2019-11-21 13:28:58.873 18470 RALLYDEBUG rally_openstack.contexts.keystone.users [-] Creating 1 users using 20 threads
2019-11-21 13:29:00.366 18470 INFO rally.task.context [-] Task 911b0877-876e-4644-9be4-1c53679a121c | Context users@openstack setup() finished in 2.39 sec
2019-11-21 13:29:00.882 18470 INFO rally.task.context [-] Task 911b0877-876e-4644-9be4-1c53679a121c | Context quotas@openstack setup() finished in 0.52 sec
2019-11-21 13:29:00.883 18470 INFO rally.task.context [-] Task 911b0877-876e-4644-9be4-1c53679a121c | Context cleanup@openstack setup() finished in 0.01 msec
2019-11-21 13:29:00.893 18470 RALLYDEBUG rally.task.runner [-] Starting the constant runner (task UUID: 911b0877-876e-4644-9be4-1c53679a121c). timeout: 0 concurrency: 20 concurrency_per_worker: 1 times: 40 concurrency_overhead: 4 processes_to_start: 16 max_cpu_used: 16
2019-11-21 13:29:00.908 22936 RALLYDEBUG rally.task.runner [-] Starting a worker. concurrency: 2 args: {"network_create_args": {}, "port_create_args": {}, "ports_per_network": 5} times: 40 method_name: run timeout: 0 duration: None cls:
2019-11-21 13:29:00.912 22937 RALLYDEBUG rally.task.runner [-] Starting a worker. concurrency: 2 args: {"network_create_args": {}, "port_create_args": {}, "ports_per_network": 5} times: 40 method_name: run timeout: 0 duration: None cls:
2019-11-21 13:29:00.915 22938 RALLYDEBUG rally.task.runner [-] Starting a worker. concurrency: 2 args: {"network_create_args": {}, "port_create_args": {}, "ports_per_network": 5} times: 40 method_name: run timeout: 0 duration: None cls:
2019-11-21 13:29:00.917 22936 INFO rally.task.runner [-] Task 911b0877-876e-4644-9be4-1c53679a121c | ITER: 1 START
2019-11-21 13:29:00.919 22936 WARNING rally_openstack.scenarios.neutron.utils [-] Running this scenario without either the 'network' or 'existing_network' context is deprecated
2019-11-21 13:29:00.919 22939 RALLYDEBUG rally.task.runner [-] Starting a worker. concurrency: 2 args: {"network_create_args": {}, "port_create_args": {}, "ports_per_network": 5} times: 40 method_name: run timeout: 0 duration: None cls:
2019-11-21 13:29:00.922 22937 INFO rally.task.runner [-] Task 911b0877-876e-4644-9be4-1c53679a121c | ITER: 2 START
2019-11-21 13:29:00.922 22941 RALLYDEBUG rally.task.runner [-] Starting a worker. concurrency: 1 args: {"network_create_args": {}, "port_create_args": {}, "ports_per_network": 5} times: 40 method_name: run timeout: 0 duration: None cls:
2019-11-21 13:29:00.925 22937 WARNING rally_openstack.scenarios.neutron.utils [-] Running this scenario without either the 'network' or 'existing_network' context is deprecated
2019-11-21 13:29:00.925 22938 INFO rally.task.runner [-] Task 911b0877-876e-4644-9be4-1c53679a121c | ITER: 4 START
2019-11-21 13:29:00.927 22938 WARNING rally_openstack.scenarios.neutron.utils [-] Running this scenario without either the 'network' or 'existing_network' context is deprecated
2019-11-21 13:29:00.926 22944 RALLYDEBUG rally.task.runner [-] Starting a worker. concurrency: 1 args: {"network_create_args": {}, "port_create_args": {}, "ports_per_network": 5} times: 40 method_name: run timeout: 0 duration: None cls:
2019-11-21 13:29:00.928 22937 INFO rally.task.runner [-] Task 911b0877-876e-4644-9be4-1c53679a121c | ITER: 5 START
2019-11-21 13:29:00.930 22936 INFO rally.task.runner [-] Task 911b0877-876e-4644-9be4-1c53679a121c | ITER: 3 START
2019-11-21 13:29:00.930 22941 INFO rally.task.runner [-] Task 911b0877-876e-4644-9be4-1c53679a121c | ITER: 8 START
2019-11-21 13:29:00.931 22939 INFO rally.task.runner [-] Task 911b0877-876e-4644-9be4-1c53679a121c | ITER: 7 START
2019-11-21 13:29:00.931 22950 RALLYDEBUG rally.task.runner [-] Starting a worker. concurrency: 1 args: {"network_create_args": {}, "port_create_args": {}, "ports_per_network": 5} times: 40 method_name: run timeout: 0 duration: None cls:
2019-11-21 13:29:00.932 22941 WARNING rally_openstack.scenarios.neutron.utils [-] Running this scenario without either the 'network' or 'existing_network' context is deprecated
2019-11-21 13:29:00.932 22939 WARNING rally_openstack.scenarios.neutron.utils [-] Running this scenario without either the 'network' or 'existing_network' context is deprecated
2019-11-21 13:29:00.933 22944 INFO rally.task.runner [-] Task 911b0877-876e-4644-9be4-1c53679a121c | ITER: 10 START
2019-11-21 13:29:00.934 22944 WARNING rally_openstack.scenarios.neutron.utils [-] Running this scenario without either the 'network' or 'existing_network' context is deprecated
2019-11-21 13:29:00.935 22953 RALLYDEBUG rally.task.runner [-] Starting a worker. concurrency: 1 args: {"network_create_args": {}, "port_create_args": {}, "ports_per_network": 5} times: 40 method_name: run timeout: 0 duration: None cls:
2019-11-21 13:29:00.929 22937 WARNING rally_openstack.scenarios.neutron.utils [-] Running this scenario without either the 'network' or 'existing_network' context is deprecated
2019-11-21 13:29:00.934 22939 INFO rally.task.runner [-] Task 911b0877-876e-4644-9be4-1c53679a121c | ITER: 9 START
2019-11-21 13:29:00.939 22950 INFO rally.task.runner [-] Task 911b0877-876e-4644-9be4-1c53679a121c | ITER: 11 START
2019-11-21 13:29:00.938 22936 WARNING rally_openstack.scenarios.neutron.utils [-] Running this scenario without either the 'network' or 'existing_network' context is deprecated
2019-11-21 13:29:00.939 22939 WARNING rally_openstack.scenarios.neutron.utils [-] Running this scenario without either the 'network' or 'existing_network' context is deprecated
2019-11-21 13:29:00.940 22950 WARNING rally_openstack.scenarios.neutron.utils [-] Running this scenario without either the 'network' or 'existing_network' context is deprecated
2019-11-21 13:29:00.942 22953 INFO rally.task.runner [-] Task 911b0877-876e-4644-9be4-1c53679a121c | ITER: 12 START
2019-11-21 13:29:00.943 22953 WARNING rally_openstack.scenarios.neutron.utils [-] Running this scenario without either the 'network' or 'existing_network' context is deprecated
2019-11-21 13:29:00.943 22960 RALLYDEBUG rally.task.runner [-] Starting a worker. concurrency: 1 args: {"network_create_args": {}, "port_create_args": {}, "ports_per_network": 5} times: 40 method_name: run timeout: 0 duration: None cls:
2019-11-21 13:29:00.946 22938 INFO rally.task.runner [-] Task 911b0877-876e-4644-9be4-1c53679a121c | ITER: 6 START
2019-11-21 13:29:00.947 22938 WARNING rally_openstack.scenarios.neutron.utils [-] Running this scenario without either the 'network' or 'existing_network' context is deprecated
2019-11-21 13:29:00.950 22960 INFO rally.task.runner [-] Task 911b0877-876e-4644-9be4-1c53679a121c | ITER: 13 START
2019-11-21 13:29:00.951 22960 WARNING rally_openstack.scenarios.neutron.utils [-] Running this scenario without either the 'network' or 'existing_network' context is deprecated
2019-11-21 13:29:00.952 22965 RALLYDEBUG rally.task.runner [-] Starting a worker. concurrency: 1 args: {"network_create_args": {}, "port_create_args": {}, "ports_per_network": 5} times: 40 method_name: run timeout: 0 duration: None cls:
2019-11-21 13:29:00.959 22965 INFO rally.task.runner [-] Task 911b0877-876e-4644-9be4-1c53679a121c | ITER: 14 START
2019-11-21 13:29:00.961 22965 WARNING rally_openstack.scenarios.neutron.utils [-] Running this scenario without either the 'network' or 'existing_network' context is deprecated
2019-11-21 13:29:00.965 22969 RALLYDEBUG rally.task.runner [-] Starting a worker. concurrency: 1 args: {"network_create_args": {}, "port_create_args": {}, "ports_per_network": 5} times: 40 method_name: run timeout: 0 duration: None cls:
2019-11-21 13:29:00.971 22969 INFO rally.task.runner [-] Task 911b0877-876e-4644-9be4-1c53679a121c | ITER: 15 START
2019-11-21 13:29:00.972 22969 WARNING rally_openstack.scenarios.neutron.utils [-] Running this scenario without either the 'network' or 'existing_network' context is deprecated
2019-11-21 13:29:00.974 22971 RALLYDEBUG rally.task.runner [-] Starting a worker. concurrency: 1 args: {"network_create_args": {}, "port_create_args": {}, "ports_per_network": 5} times: 40 method_name: run timeout: 0 duration: None cls:
2019-11-21 13:29:00.980 22971 INFO rally.task.runner [-] Task 911b0877-876e-4644-9be4-1c53679a121c | ITER: 16 START
2019-11-21 13:29:00.980 22974 RALLYDEBUG rally.task.runner [-] Starting a worker. concurrency: 1 args: {"network_create_args": {}, "port_create_args": {}, "ports_per_network": 5} times: 40 method_name: run timeout: 0 duration: None cls:
2019-11-21 13:29:00.981 22971 WARNING rally_openstack.scenarios.neutron.utils [-] Running this scenario without either the 'network' or 'existing_network' context is deprecated
2019-11-21 13:29:00.985 22975 RALLYDEBUG rally.task.runner [-] Starting a worker. concurrency: 1 args: {"network_create_args": {}, "port_create_args": {}, "ports_per_network": 5} times: 40 method_name: run timeout: 0 duration: None cls:
2019-11-21 13:29:00.985 22974 INFO rally.task.runner [-] Task 911b0877-876e-4644-9be4-1c53679a121c | ITER: 17 START
2019-11-21 13:29:00.986 22974 WARNING rally_openstack.scenarios.neutron.utils [-] Running this scenario without either the 'network' or 'existing_network' context is deprecated
2019-11-21 13:29:00.990 22975 INFO rally.task.runner [-] Task 911b0877-876e-4644-9be4-1c53679a121c | ITER: 18 START
2019-11-21 13:29:00.990 22978 RALLYDEBUG rally.task.runner [-] Starting a worker. concurrency: 1 args: {"network_create_args": {}, "port_create_args": {}, "ports_per_network": 5} times: 40 method_name: run timeout: 0 duration: None cls:
2019-11-21 13:29:00.991 22975 WARNING rally_openstack.scenarios.neutron.utils [-] Running this scenario without either the 'network' or 'existing_network' context is deprecated
2019-11-21 13:29:00.993 22981 RALLYDEBUG rally.task.runner [-] Starting a worker. concurrency: 1 args: {"network_create_args": {}, "port_create_args": {}, "ports_per_network": 5} times: 40 method_name: run timeout: 0 duration: None cls:
2019-11-21 13:29:00.996 22978 INFO rally.task.runner [-] Task 911b0877-876e-4644-9be4-1c53679a121c | ITER: 19 START
2019-11-21 13:29:00.997 22978 WARNING rally_openstack.scenarios.neutron.utils [-] Running this scenario without either the 'network' or 'existing_network' context is deprecated
2019-11-21 13:29:00.998 22981 INFO rally.task.runner [-] Task 911b0877-876e-4644-9be4-1c53679a121c | ITER: 20 START
2019-11-21 13:29:00.999 22981 WARNING rally_openstack.scenarios.neutron.utils [-] Running this scenario without either the 'network' or 'existing_network' context is deprecated
2019-11-21 13:29:11.737 22938 INFO rally.task.runner [-] Task 911b0877-876e-4644-9be4-1c53679a121c | ITER: 6 END: OK
2019-11-21 13:29:11.741 22938 INFO rally.task.runner [-] Task 911b0877-876e-4644-9be4-1c53679a121c | ITER: 21 START
2019-11-21 13:29:11.742 22938 WARNING rally_openstack.scenarios.neutron.utils [-] Running this scenario without either the 'network' or 'existing_network' context is deprecated
2019-11-21 13:29:12.654 22944 INFO rally.task.runner [-] Task 911b0877-876e-4644-9be4-1c53679a121c | ITER: 10 END: OK
2019-11-21 13:29:12.659 22944 INFO rally.task.runner [-] Task 911b0877-876e-4644-9be4-1c53679a121c | ITER: 22 START
2019-11-21 13:29:12.660 22944 WARNING rally_openstack.scenarios.neutron.utils [-] Running this scenario without either the 'network' or 'existing_network' context is deprecated
2019-11-21 13:29:13.522 22975 INFO rally.task.runner [-] Task 911b0877-876e-4644-9be4-1c53679a121c | ITER: 18 END: OK
2019-11-21 13:29:13.527 22975 INFO rally.task.runner [-] Task 911b0877-876e-4644-9be4-1c53679a121c | ITER: 23 START
2019-11-21 13:29:13.527 22975 WARNING rally_openstack.scenarios.neutron.utils [-] Running this scenario without either the 'network' or 'existing_network' context is deprecated
2019-11-21 13:29:14.136 22960 INFO rally.task.runner [-] Task 911b0877-876e-4644-9be4-1c53679a121c | ITER: 13 END: OK
2019-11-21 13:29:14.139 22938 INFO rally.task.runner [-] Task 911b0877-876e-4644-9be4-1c53679a121c | ITER: 4 END: OK
2019-11-21 13:29:14.141 22960 INFO rally.task.runner [-] Task 911b0877-876e-4644-9be4-1c53679a121c | ITER: 24 START
2019-11-21 13:29:14.142 22960 WARNING rally_openstack.scenarios.neutron.utils [-] Running this scenario without either the 'network' or 'existing_network' context is deprecated
2019-11-21 13:29:14.143 22938 INFO rally.task.runner [-] Task 911b0877-876e-4644-9be4-1c53679a121c | ITER: 25 START
2019-11-21 13:29:14.144 22938 WARNING rally_openstack.scenarios.neutron.utils [-] Running this scenario without either the 'network' or 'existing_network' context is deprecated
2019-11-21 13:29:14.620 22953 INFO rally.task.runner [-] Task 911b0877-876e-4644-9be4-1c53679a121c | ITER: 12 END: OK
2019-11-21 13:29:14.625 22953 INFO rally.task.runner [-] Task 911b0877-876e-4644-9be4-1c53679a121c | ITER: 26 START
2019-11-21 13:29:14.626 22953 WARNING rally_openstack.scenarios.neutron.utils [-] Running this scenario without either the 'network' or 'existing_network' context is deprecated
2019-11-21 13:29:15.311 22939 INFO rally.task.runner [-] Task 911b0877-876e-4644-9be4-1c53679a121c | ITER: 9 END: OK
2019-11-21 13:29:15.315 22939 INFO rally.task.runner [-] Task 911b0877-876e-4644-9be4-1c53679a121c | ITER: 27 START
2019-11-21 13:29:15.316 22939 WARNING rally_openstack.scenarios.neutron.utils [-] Running this scenario without either the 'network' or 'existing_network' context is deprecated
2019-11-21 13:29:16.099 22981 INFO rally.task.runner [-] Task 911b0877-876e-4644-9be4-1c53679a121c | ITER: 20 END: OK
2019-11-21 13:29:16.104 22981 INFO rally.task.runner [-] Task 911b0877-876e-4644-9be4-1c53679a121c | ITER: 28 START
2019-11-21 13:29:16.104 22981 WARNING rally_openstack.scenarios.neutron.utils [-] Running this scenario without either the 'network' or 'existing_network' context is deprecated
2019-11-21 13:29:16.109 22971 INFO rally.task.runner [-] Task 911b0877-876e-4644-9be4-1c53679a121c | ITER: 16 END: OK
2019-11-21 13:29:16.114 22971 INFO rally.task.runner [-] Task 911b0877-876e-4644-9be4-1c53679a121c | ITER: 29 START
2019-11-21 13:29:16.115 22971 WARNING rally_openstack.scenarios.neutron.utils [-] Running this scenario without either the 'network' or 'existing_network' context is deprecated
2019-11-21 13:29:16.162 22941 INFO rally.task.runner [-] Task 911b0877-876e-4644-9be4-1c53679a121c | ITER: 8 END: OK
2019-11-21 13:29:16.166 22941 INFO rally.task.runner [-] Task 911b0877-876e-4644-9be4-1c53679a121c | ITER: 30 START
2019-11-21 13:29:16.167 22941 WARNING rally_openstack.scenarios.neutron.utils [-] Running this scenario without either the 'network' or 'existing_network' context is deprecated
2019-11-21 13:29:16.241 22978 INFO rally.task.runner [-] Task 911b0877-876e-4644-9be4-1c53679a121c | ITER: 19 END: OK
2019-11-21 13:29:16.245 22978 INFO rally.task.runner [-] Task 911b0877-876e-4644-9be4-1c53679a121c | ITER: 31 START
2019-11-21 13:29:16.246 22978 WARNING rally_openstack.scenarios.neutron.utils [-] Running this scenario without either the 'network' or 'existing_network' context is deprecated
2019-11-21 13:29:16.688 22936 INFO rally.task.runner [-] Task 911b0877-876e-4644-9be4-1c53679a121c | ITER: 1 END: OK
2019-11-21 13:29:16.692 22936 INFO rally.task.runner [-] Task 911b0877-876e-4644-9be4-1c53679a121c | ITER: 32 START
2019-11-21 13:29:16.693 22936 WARNING rally_openstack.scenarios.neutron.utils [-] Running this scenario without either the 'network' or 'existing_network' context is deprecated
2019-11-21 13:29:17.259 22974 INFO rally.task.runner [-] Task 911b0877-876e-4644-9be4-1c53679a121c | ITER: 17 END: OK
2019-11-21 13:29:17.264 22974 INFO rally.task.runner [-] Task 911b0877-876e-4644-9be4-1c53679a121c | ITER: 33 START
2019-11-21 13:29:17.264 22974 WARNING rally_openstack.scenarios.neutron.utils [-] Running this scenario without either the 'network' or 'existing_network' context is deprecated
2019-11-21 13:29:17.890 22969 INFO rally.task.runner [-] Task 911b0877-876e-4644-9be4-1c53679a121c | ITER: 15 END: OK
2019-11-21 13:29:17.894 22969 INFO rally.task.runner [-] Task 911b0877-876e-4644-9be4-1c53679a121c | ITER: 34 START
2019-11-21 13:29:17.895 22969 WARNING rally_openstack.scenarios.neutron.utils [-] Running this scenario without either the 'network' or 'existing_network' context is deprecated
2019-11-21 13:29:18.083 22937 INFO rally.task.runner [-] Task 911b0877-876e-4644-9be4-1c53679a121c | ITER: 5 END: OK
