2019-11-21 13:29:18.088 22937 INFO rally.task.runner [-] Task 911b0877-876e-4644-9be4-1c53679a121c | ITER: 35 START
2019-11-21 13:29:18.089 22937 WARNING rally_openstack.scenarios.neutron.utils [-] Running this scenario without either the 'network' or 'existing_network' context is deprecated
2019-11-21 13:29:18.901 22936 INFO rally.task.runner [-] Task 911b0877-876e-4644-9be4-1c53679a121c | ITER: 3 END: OK
2019-11-21 13:29:18.905 22936 INFO rally.task.runner [-] Task 911b0877-876e-4644-9be4-1c53679a121c | ITER: 36 START
2019-11-21 13:29:18.906 22936 WARNING rally_openstack.scenarios.neutron.utils [-] Running this scenario without either the 'network' or 'existing_network' context is deprecated
2019-11-21 13:29:19.591 22950 INFO rally.task.runner [-] Task 911b0877-876e-4644-9be4-1c53679a121c | ITER: 11 END: OK
2019-11-21 13:29:19.596 22950 INFO rally.task.runner [-] Task 911b0877-876e-4644-9be4-1c53679a121c | ITER: 37 START
2019-11-21 13:29:19.596 22950 WARNING rally_openstack.scenarios.neutron.utils [-] Running this scenario without either the 'network' or 'existing_network' context is deprecated
2019-11-21 13:29:19.712 22965 INFO rally.task.runner [-] Task 911b0877-876e-4644-9be4-1c53679a121c | ITER: 14 END: OK
2019-11-21 13:29:19.717 22965 INFO rally.task.runner [-] Task 911b0877-876e-4644-9be4-1c53679a121c | ITER: 38 START
2019-11-21 13:29:19.718 22965 WARNING rally_openstack.scenarios.neutron.utils [-] Running this scenario without either the 'network' or 'existing_network' context is deprecated
2019-11-21 13:29:20.136 22939 INFO rally.task.runner [-] Task 911b0877-876e-4644-9be4-1c53679a121c | ITER: 7 END: OK
2019-11-21 13:29:20.140 22939 INFO rally.task.runner [-] Task 911b0877-876e-4644-9be4-1c53679a121c | ITER: 39 START
2019-11-21 13:29:20.141 22939 WARNING rally_openstack.scenarios.neutron.utils [-] Running this scenario without either the 'network' or 'existing_network' context is deprecated
2019-11-21 13:29:21.028 22944 INFO rally.task.runner [-] Task 911b0877-876e-4644-9be4-1c53679a121c | ITER: 22 END: OK
2019-11-21 13:29:21.032 22944 INFO rally.task.runner [-] Task 911b0877-876e-4644-9be4-1c53679a121c | ITER: 40 START
2019-11-21 13:29:21.032 22944 WARNING rally_openstack.scenarios.neutron.utils [-] Running this scenario without either the 'network' or 'existing_network' context is deprecated
2019-11-21 13:29:22.011 22937 INFO rally.task.runner [-] Task 911b0877-876e-4644-9be4-1c53679a121c | ITER: 2 END: OK
2019-11-21 13:29:26.917 22938 INFO rally.task.runner [-] Task 911b0877-876e-4644-9be4-1c53679a121c | ITER: 25 END: OK
2019-11-21 13:29:27.591 22975 INFO rally.task.runner [-] Task 911b0877-876e-4644-9be4-1c53679a121c | ITER: 23 END: OK
2019-11-21 13:29:29.551 22960 INFO rally.task.runner [-] Task 911b0877-876e-4644-9be4-1c53679a121c | ITER: 24 END: OK
2019-11-21 13:29:29.559 22971 INFO rally.task.runner [-] Task 911b0877-876e-4644-9be4-1c53679a121c | ITER: 29 END: OK
2019-11-21 13:29:29.656 22939 INFO rally.task.runner [-] Task 911b0877-876e-4644-9be4-1c53679a121c | ITER: 27 END: OK
2019-11-21 13:29:30.549 22978 INFO rally.task.runner [-] Task 911b0877-876e-4644-9be4-1c53679a121c | ITER: 31 END: OK
2019-11-21 13:29:30.556 22938 INFO rally.task.runner [-] Task 911b0877-876e-4644-9be4-1c53679a121c | ITER: 21 END: OK
2019-11-21 13:29:30.887 22936 INFO rally.task.runner [-] Task 911b0877-876e-4644-9be4-1c53679a121c | ITER: 36 END: OK
2019-11-21 13:29:30.891 22937 INFO rally.task.runner [-] Task 911b0877-876e-4644-9be4-1c53679a121c | ITER: 35 END: OK
2019-11-21 13:29:31.023 22936 INFO rally.task.runner [-] Task 911b0877-876e-4644-9be4-1c53679a121c | ITER: 32 END: OK
2019-11-21 13:29:31.251 22953 INFO rally.task.runner [-] Task 911b0877-876e-4644-9be4-1c53679a121c | ITER: 26 END: OK
2019-11-21 13:29:31.295 22969 INFO rally.task.runner [-] Task 911b0877-876e-4644-9be4-1c53679a121c | ITER: 34 END: OK
2019-11-21 13:29:31.414 22965 INFO rally.task.runner [-] Task 911b0877-876e-4644-9be4-1c53679a121c | ITER: 38 END: OK
2019-11-21 13:29:31.880 22939 INFO rally.task.runner [-] Task 911b0877-876e-4644-9be4-1c53679a121c | ITER: 39 END: OK
2019-11-21 13:29:31.915 22941 INFO rally.task.runner [-] Task 911b0877-876e-4644-9be4-1c53679a121c | ITER: 30 END: OK
2019-11-21 13:29:31.971 22950 INFO rally.task.runner [-] Task 911b0877-876e-4644-9be4-1c53679a121c | ITER: 37 END: OK
2019-11-21 13:29:32.030 22944 INFO rally.task.runner [-] Task 911b0877-876e-4644-9be4-1c53679a121c | ITER: 40 END: OK
2019-11-21 13:29:32.625 22981 INFO rally.task.runner [-] Task 911b0877-876e-4644-9be4-1c53679a121c | ITER: 28 END: OK
2019-11-21 13:29:32.948 22974 INFO rally.task.runner [-] Task 911b0877-876e-4644-9be4-1c53679a121c | ITER: 33 END: OK
2019-11-21 13:29:32.973 18470 INFO rally.task.context [-] Task 911b0877-876e-4644-9be4-1c53679a121c | Context cleanup@openstack cleanup() started
2019-11-21 13:29:32.976 18470 RALLYDEBUG rally_openstack.cleanup.manager [-] Cleaning up neutron vip objects
2019-11-21 13:29:33.367 18470 RALLYDEBUG rally_openstack.cleanup.manager [-] Cleaning up neutron health_monitor objects
2019-11-21 13:29:33.745 18470 RALLYDEBUG rally_openstack.cleanup.manager [-] Cleaning up neutron pool objects
2019-11-21 13:29:34.137 18470 RALLYDEBUG rally_openstack.cleanup.manager [-] Cleaning up neutron loadbalancer objects
2019-11-21 13:29:34.517 18470 RALLYDEBUG rally_openstack.cleanup.manager [-] Cleaning up neutron floatingip objects
2019-11-21 13:29:34.941 18470 RALLYDEBUG rally_openstack.cleanup.manager [-] Cleaning up neutron trunk objects
2019-11-21 13:29:35.339 18470 RALLYDEBUG rally_openstack.cleanup.manager [-] Cleaning up neutron port objects
2019-11-21 13:29:35.766 18470 RALLYDEBUG rally_openstack.cleanup.manager [-] Cleaning up neutron subnet objects
2019-11-21 13:29:36.167 18470 RALLYDEBUG rally_openstack.cleanup.manager [-] Cleaning up neutron network objects
2019-11-21 13:29:36.823 18470 RALLYDEBUG rally_openstack.cleanup.manager [-] Deleting neutron.network object s_rally_e55976c4_MWk89NbN (3dae70d0-032d-43d8-b5cb-012c60d7145c)
2019-11-21 13:29:36.825 18470 RALLYDEBUG rally_openstack.cleanup.manager [-] Deleting neutron.network object s_rally_e55976c4_Opm9dOU5 (0ca8f75c-6550-4df6-ac53-d10639e474e7)
2019-11-21 13:29:36.830 18470 RALLYDEBUG rally_openstack.cleanup.manager [-] Deleting neutron.network object s_rally_e55976c4_vIoArHST (1689cb4a-8a3b-4293-8fea-d5c2220cd65a)
2019-11-21 13:29:36.841 18470 RALLYDEBUG rally_openstack.cleanup.manager [-] Deleting neutron.network object s_rally_e55976c4_MmRCI42P (033c8edb-97cc-44ed-b384-43005f0a1350)
2019-11-21 13:29:36.843 18470 RALLYDEBUG rally_openstack.cleanup.manager [-] Deleting neutron.network object s_rally_e55976c4_fR0h0sXL (0d5e956e-6039-422f-8606-8acf38517f97)
2019-11-21 13:29:36.849 18470 RALLYDEBUG rally_openstack.cleanup.manager [-] Deleting neutron.network object s_rally_e55976c4_g5pGhnaV (217e58d3-2e4e-4893-9b2f-a4949edef888)
2019-11-21 13:29:36.850 18470 RALLYDEBUG rally_openstack.cleanup.manager [-] Deleting neutron.network object s_rally_e55976c4_IbPjDz6b (51266135-732a-4e50-8c28-a15bc80848a9)
2019-11-21 13:29:36.852 18470 RALLYDEBUG rally_openstack.cleanup.manager [-] Deleting neutron.network object s_rally_e55976c4_joeUxZe3 (261c73fb-d940-45af-bcf9-cee4cecb9226)
2019-11-21 13:29:36.853 18470 RALLYDEBUG rally_openstack.cleanup.manager [-] Deleting neutron.network object s_rally_e55976c4_MpvCQFuK (2d224a99-fdc9-48a7-8ea6-fc871f04cdfd)
2019-11-21 13:29:36.859 18470 RALLYDEBUG rally_openstack.cleanup.manager [-] Deleting neutron.network object s_rally_e55976c4_4UJj9yGF (36c42d35-6feb-410e-aa71-0f5772f0767c)
2019-11-21 13:29:36.860 18470 RALLYDEBUG rally_openstack.cleanup.manager [-] Deleting neutron.network object s_rally_e55976c4_Qp7xL9dP (3a1a5b62-a587-4be6-8cb7-f20716c7770b)
2019-11-21 13:29:36.867 18470 RALLYDEBUG rally_openstack.cleanup.manager [-] Deleting neutron.network object s_rally_e55976c4_lntkkhXn (0603515a-d33a-4668-ac7d-cdcb73d13d48)
2019-11-21 13:29:36.875 18470 RALLYDEBUG rally_openstack.cleanup.manager [-] Deleting neutron.network object s_rally_e55976c4_5oTAU3NA (4532f907-5e88-480d-a776-4fa2ace65d36)
2019-11-21 13:29:36.884 18470 RALLYDEBUG rally_openstack.cleanup.manager [-] Deleting neutron.network object s_rally_e55976c4_8jEe4nFX (6ac60c76-beae-412e-91dc-28dec2589c11)
2019-11-21 13:29:36.886 18470 RALLYDEBUG rally_openstack.cleanup.manager [-] Deleting neutron.network object s_rally_e55976c4_qRg9KkdA (0c41ea08-c27b-4660-b2f7-3ba4719f798a)
2019-11-21 13:29:36.886 18470 RALLYDEBUG rally_openstack.cleanup.manager [-] Deleting neutron.network object s_rally_e55976c4_KwAIbbhz (61764a61-7ee2-4afa-b903-b0b91d4c9326)
2019-11-21 13:29:36.891 18470 RALLYDEBUG rally_openstack.cleanup.manager [-] Deleting neutron.network object s_rally_e55976c4_t7UMUyw2 (6f2a4f48-82ab-46a7-a6af-7a12ce0ab30e)
2019-11-21 13:29:36.898 18470 RALLYDEBUG rally_openstack.cleanup.manager [-] Deleting neutron.network object s_rally_e55976c4_AH8HyOFw (6443bf5e-45c9-4289-b89f-8a6d1ca8f3a4)
2019-11-21 13:29:36.911 18470 RALLYDEBUG rally_openstack.cleanup.manager [-] Deleting neutron.network object s_rally_e55976c4_8LIyWSZq (07e096a0-19b6-4a6b-a045-ca01e64ecae7)
2019-11-21 13:29:36.947 18470 RALLYDEBUG rally_openstack.cleanup.manager [-] Deleting neutron.network object s_rally_e55976c4_gE5YHIUc (0678f5c5-8e5c-42e5-af65-da0831faeeab)
2019-11-21 13:29:39.430 18470 RALLYDEBUG rally_openstack.cleanup.manager [-] Deleting neutron.network object s_rally_e55976c4_yZ8hqLjN (7004080b-83f4-4808-9d17-1a0084038cd0)
2019-11-21 13:29:39.746 18470 RALLYDEBUG rally_openstack.cleanup.manager [-] Deleting neutron.network object s_rally_e55976c4_Vu8DFLMy (721f663d-e5ba-4619-a615-16053d5edb93)
2019-11-21 13:29:39.922 18470 RALLYDEBUG rally_openstack.cleanup.manager [-] Deleting neutron.network object s_rally_e55976c4_mHAAbWa2 (85b85102-920e-4229-9ee9-e83140a33813)
2019-11-21 13:29:39.955 18470 RALLYDEBUG rally_openstack.cleanup.manager [-] Deleting neutron.network object s_rally_e55976c4_4KGsGnxR (8a4d463e-c89c-4160-8fd9-a8134b1d05c8)
2019-11-21 13:29:39.964 18470 RALLYDEBUG rally_openstack.cleanup.manager [-] Deleting neutron.network object s_rally_e55976c4_X7uPZrnl (93fc6332-00b1-478e-bdf7-3a969a933d00)
2019-11-21 13:29:40.002 18470 RALLYDEBUG rally_openstack.cleanup.manager [-] Deleting neutron.network object s_rally_e55976c4_Vxknv9JD (9b5a8e80-8c07-47f1-a765-5a45f3a110d9)
2019-11-21 13:29:40.184 18470 RALLYDEBUG rally_openstack.cleanup.manager [-] Deleting neutron.network object s_rally_e55976c4_iTunTuRc (a56713ff-ca08-4d6d-88e8-de17a5335274)
2019-11-21 13:29:40.351 18470 RALLYDEBUG rally_openstack.cleanup.manager [-] Deleting neutron.network object s_rally_e55976c4_BopLiyyg (a91cc5c8-1dfa-431d-8999-e7a79055d219)
2019-11-21 13:29:40.400 18470 RALLYDEBUG rally_openstack.cleanup.manager [-] Deleting neutron.network object s_rally_e55976c4_JtS1Bdym (bcd59e76-3ac3-4150-8b81-33324f4f62bd)
2019-11-21 13:29:40.403 18470 RALLYDEBUG rally_openstack.cleanup.manager [-] Deleting neutron.network object s_rally_e55976c4_zvsXDd5Z (c04b592a-58e9-4395-89d9-c07ead1413d6)
2019-11-21 13:29:40.454 18470 RALLYDEBUG rally_openstack.cleanup.manager [-] Deleting neutron.network object s_rally_e55976c4_RG8aXnJ6 (c382e1e7-835d-44ba-90be-278b679f0dee)
2019-11-21 13:29:40.488 18470 RALLYDEBUG rally_openstack.cleanup.manager [-] Deleting neutron.network object s_rally_e55976c4_FEqwHYuq (cd2de4a2-15ff-4c8b-ba45-c1b6a1373b77)
2019-11-21 13:29:40.529 18470 RALLYDEBUG rally_openstack.cleanup.manager [-] Deleting neutron.network object s_rally_e55976c4_CzIPnMF7 (cdb7fa9a-6495-4216-9959-11c723fcf2ec)
2019-11-21 13:29:40.625 18470 RALLYDEBUG rally_openstack.cleanup.manager [-] Deleting neutron.network object s_rally_e55976c4_zB7JhKil (d2d3032c-819d-4cc5-9160-dfbc24a0e385)
2019-11-21 13:29:40.701 18470 RALLYDEBUG rally_openstack.cleanup.manager [-] Deleting neutron.network object s_rally_e55976c4_ZJVpGRgM (dff7f98d-d93b-4b7e-901d-73c6d78f1b5c)
2019-11-21 13:29:40.736 18470 RALLYDEBUG rally_openstack.cleanup.manager [-] Deleting neutron.network object s_rally_e55976c4_vszsOhD2 (e60e506a-c608-4634-baa0-75a2cb777ecb)
2019-11-21 13:29:40.766 18470 RALLYDEBUG rally_openstack.cleanup.manager [-] Deleting neutron.network object s_rally_e55976c4_WlMkA4QL (e91db8f6-036a-4e8e-9687-7f5b068f032f)
2019-11-21 13:29:40.780 18470 RALLYDEBUG rally_openstack.cleanup.manager [-] Deleting neutron.network object s_rally_e55976c4_KawONutA (f621b225-c710-4b1e-a107-e7101e320d7f)
2019-11-21 13:29:40.949 18470 RALLYDEBUG rally_openstack.cleanup.manager [-] Deleting neutron.network object s_rally_e55976c4_E6ag9qZt (f7633177-2d02-48d1-a14c-3ef97ad82a1b)
2019-11-21 13:29:40.989 18470 RALLYDEBUG rally_openstack.cleanup.manager [-] Deleting neutron.network object s_rally_e55976c4_HdRKtqrU (fe50f66f-cc19-44d5-a274-8f372e926961)
2019-11-21 13:29:44.752 18470 RALLYDEBUG rally_openstack.cleanup.manager [-] Cleaning up neutron router objects
2019-11-21 13:29:45.170 18470 RALLYDEBUG rally_openstack.cleanup.manager [-] Cleaning up neutron security_group objects
2019-11-21 13:29:45.608 18470 INFO rally.task.context [-] Task 911b0877-876e-4644-9be4-1c53679a121c | Context cleanup@openstack cleanup() finished in 12.63 sec
2019-11-21 13:29:45.608 18470 INFO rally.task.context [-] Task 911b0877-876e-4644-9be4-1c53679a121c | Context quotas@openstack cleanup() started
2019-11-21 13:29:45.684 18470 INFO rally.task.context [-] Task 911b0877-876e-4644-9be4-1c53679a121c | Context quotas@openstack cleanup() finished in 75.78 msec
2019-11-21 13:29:45.689 18470 INFO rally.task.context [-] Task 911b0877-876e-4644-9be4-1c53679a121c | Context users@openstack cleanup() started
2019-11-21 13:29:48.350 18470 INFO rally.task.context [-] Task 911b0877-876e-4644-9be4-1c53679a121c | Context users@openstack cleanup() finished in 2.66 sec
2019-11-21 13:29:50.169 18470 INFO rally.task.engine [-] Load duration is: 32.029327
2019-11-21 13:29:50.170 18470 INFO rally.task.engine [-] Full runner duration is: 32.080397
2019-11-21 13:29:50.170 18470 INFO rally.task.engine [-] Full duration is: 50.384584
2019-11-21 13:29:50.574 18470 INFO rally.task.engine [-] Running workload: position = 0 config = { "version": 2, "title": "A cropped version of a bigger task.", "description": "Auto-generated task from a single workload (uuid=bb33e55f-5515-4235-8a30-a154ec7a7805)", "subtasks": [ { "title": "Quotas.neutron_update", "description": "Update quotas for neutron.", "scenario": { "Quotas.neutron_update": { "max_quota": 1024 } }, "contexts": { "users": { "tenants": 20, "users_per_tenant": 1 } }, "runner": { "constant": { "times": 40, "concurrency": 20 } }, "hooks": [], "sla": { "failure_rate": { "max": 0 } } } ] }
2019-11-21 13:29:50.604 18470 RALLYDEBUG rally_openstack.contexts.keystone.users [-] Creating 20 tenants using 20 threads
2019-11-21 13:29:53.388 18470 RALLYDEBUG rally_openstack.contexts.keystone.users [-] Creating 20 users using 20 threads
2019-11-21 13:29:56.800 18470 INFO rally.task.context [-] Task 911b0877-876e-4644-9be4-1c53679a121c | Context users@openstack setup() finished in 6.20 sec
2019-11-21 13:29:56.801 18470 INFO rally.task.context [-] Task 911b0877-876e-4644-9be4-1c53679a121c | Context admin_cleanup@openstack setup() finished in 0.02 msec
2019-11-21 13:29:56.810 18470 RALLYDEBUG rally.task.runner [-] Starting the constant runner (task UUID: 911b0877-876e-4644-9be4-1c53679a121c). timeout: 0 concurrency: 20 concurrency_per_worker: 1 times: 40 concurrency_overhead: 4 processes_to_start: 16 max_cpu_used: 16
2019-11-21 13:29:56.825 23326 RALLYDEBUG rally.task.runner [-] Starting a worker. concurrency: 2 args: {"max_quota": 1024} times: 40 method_name: run timeout: 0 duration: None cls:
2019-11-21 13:29:56.829 23327 RALLYDEBUG rally.task.runner [-] Starting a worker. concurrency: 2 args: {"max_quota": 1024} times: 40 method_name: run timeout: 0 duration: None cls:
2019-11-21 13:29:56.831 23328 RALLYDEBUG rally.task.runner [-] Starting a worker. concurrency: 2 args: {"max_quota": 1024} times: 40 method_name: run timeout: 0 duration: None cls:
2019-11-21 13:29:56.836 23329 RALLYDEBUG rally.task.runner [-] Starting a worker. concurrency: 2 args: {"max_quota": 1024} times: 40 method_name: run timeout: 0 duration: None cls:
2019-11-21 13:29:56.839 23326 INFO rally.task.runner [-] Task 911b0877-876e-4644-9be4-1c53679a121c | ITER: 1 START
2019-11-21 13:29:56.840 23330 RALLYDEBUG rally.task.runner [-] Starting a worker. concurrency: 1 args: {"max_quota": 1024} times: 40 method_name: run timeout: 0 duration: None cls:
2019-11-21 13:29:56.842 23327 INFO rally.task.runner [-] Task 911b0877-876e-4644-9be4-1c53679a121c | ITER: 2 START
2019-11-21 13:29:56.843 23328 INFO rally.task.runner [-] Task 911b0877-876e-4644-9be4-1c53679a121c | ITER: 3 START
2019-11-21 13:29:56.845 23331 RALLYDEBUG rally.task.runner [-] Starting a worker. concurrency: 1 args: {"max_quota": 1024} times: 40 method_name: run timeout: 0 duration: None cls:
2019-11-21 13:29:56.848 23329 INFO rally.task.runner [-] Task 911b0877-876e-4644-9be4-1c53679a121c | ITER: 5 START
2019-11-21 13:29:56.848 23335 RALLYDEBUG rally.task.runner [-] Starting a worker. concurrency: 1 args: {"max_quota": 1024} times: 40 method_name: run timeout: 0 duration: None cls:
2019-11-21 13:29:56.851 23330 INFO rally.task.runner [-] Task 911b0877-876e-4644-9be4-1c53679a121c | ITER: 8 START
2019-11-21 13:29:56.857 23331 INFO rally.task.runner [-] Task 911b0877-876e-4644-9be4-1c53679a121c | ITER: 9 START
2019-11-21 13:29:56.860 23335 INFO rally.task.runner [-] Task 911b0877-876e-4644-9be4-1c53679a121c | ITER: 11 START
2019-11-21 13:29:56.859 23341 RALLYDEBUG rally.task.runner [-] Starting a worker. concurrency: 1 args: {"max_quota": 1024} times: 40 method_name: run timeout: 0 duration: None cls:
2019-11-21 13:29:56.862 23326 INFO rally.task.runner [-] Task 911b0877-876e-4644-9be4-1c53679a121c | ITER: 4 START
2019-11-21 13:29:56.867 23346 RALLYDEBUG rally.task.runner [-] Starting a worker. concurrency: 1 args: {"max_quota": 1024} times: 40 method_name: run timeout: 0 duration: None cls:
2019-11-21 13:29:56.868 23327 INFO rally.task.runner [-] Task 911b0877-876e-4644-9be4-1c53679a121c | ITER: 6 START
2019-11-21 13:29:56.870 23328 INFO rally.task.runner [-] Task 911b0877-876e-4644-9be4-1c53679a121c | ITER: 7 START
2019-11-21 13:29:56.871 23350 RALLYDEBUG rally.task.runner [-] Starting a worker. concurrency: 1 args: {"max_quota": 1024} times: 40 method_name: run timeout: 0 duration: None cls:
2019-11-21 13:29:56.872 23329 INFO rally.task.runner [-] Task 911b0877-876e-4644-9be4-1c53679a121c | ITER: 10 START
2019-11-21 13:29:56.873 23341 INFO rally.task.runner [-] Task 911b0877-876e-4644-9be4-1c53679a121c | ITER: 12 START
2019-11-21 13:29:56.880 23352 RALLYDEBUG rally.task.runner [-] Starting a worker. concurrency: 1 args: {"max_quota": 1024} times: 40 method_name: run timeout: 0 duration: None cls:
2019-11-21 13:29:56.881 23346 INFO rally.task.runner [-] Task 911b0877-876e-4644-9be4-1c53679a121c | ITER: 13 START
2019-11-21 13:29:56.881 23350 INFO rally.task.runner [-] Task 911b0877-876e-4644-9be4-1c53679a121c | ITER: 14 START
2019-11-21 13:29:56.882 23357 RALLYDEBUG rally.task.runner [-] Starting a worker. concurrency: 1 args: {"max_quota": 1024} times: 40 method_name: run timeout: 0 duration: None cls:
2019-11-21 13:29:56.890 23352 INFO rally.task.runner [-] Task 911b0877-876e-4644-9be4-1c53679a121c | ITER: 15 START
2019-11-21 13:29:56.891 23362 RALLYDEBUG rally.task.runner [-] Starting a worker. concurrency: 1 args: {"max_quota": 1024} times: 40 method_name: run timeout: 0 duration: None cls:
2019-11-21 13:29:56.892 23357 INFO rally.task.runner [-] Task 911b0877-876e-4644-9be4-1c53679a121c | ITER: 16 START
2019-11-21 13:29:56.897 23363 RALLYDEBUG rally.task.runner [-] Starting a worker. concurrency: 1 args: {"max_quota": 1024} times: 40 method_name: run timeout: 0 duration: None cls:
2019-11-21 13:29:56.901 23362 INFO rally.task.runner [-] Task 911b0877-876e-4644-9be4-1c53679a121c | ITER: 17 START
2019-11-21 13:29:56.905 23368 RALLYDEBUG rally.task.runner [-] Starting a worker. concurrency: 1 args: {"max_quota": 1024} times: 40 method_name: run timeout: 0 duration: None cls:
2019-11-21 13:29:56.907 23363 INFO rally.task.runner [-] Task 911b0877-876e-4644-9be4-1c53679a121c | ITER: 18 START
2019-11-21 13:29:56.908 23371 RALLYDEBUG rally.task.runner [-] Starting a worker. concurrency: 1 args: {"max_quota": 1024} times: 40 method_name: run timeout: 0 duration: None cls:
2019-11-21 13:29:56.913 23368 INFO rally.task.runner [-] Task 911b0877-876e-4644-9be4-1c53679a121c | ITER: 19 START
2019-11-21 13:29:56.916 23371 INFO rally.task.runner [-] Task 911b0877-876e-4644-9be4-1c53679a121c | ITER: 20 START
2019-11-21 13:29:57.468 23341 INFO rally.task.runner [-] Task 911b0877-876e-4644-9be4-1c53679a121c | ITER: 12 END: OK
2019-11-21 13:29:57.476 23341 INFO rally.task.runner [-] Task 911b0877-876e-4644-9be4-1c53679a121c | ITER: 21 START
2019-11-21 13:29:57.565 23331 INFO rally.task.runner [-] Task 911b0877-876e-4644-9be4-1c53679a121c | ITER: 9 END: OK
2019-11-21 13:29:57.573 23331 INFO rally.task.runner [-] Task 911b0877-876e-4644-9be4-1c53679a121c | ITER: 22 START
2019-11-21 13:29:57.575 23327 INFO rally.task.runner [-] Task 911b0877-876e-4644-9be4-1c53679a121c | ITER: 2 END: OK
2019-11-21 13:29:57.583 23327 INFO rally.task.runner [-] Task 911b0877-876e-4644-9be4-1c53679a121c | ITER: 23 START
2019-11-21 13:29:57.598 23329 INFO rally.task.runner [-] Task 911b0877-876e-4644-9be4-1c53679a121c | ITER: 5 END: OK
2019-11-21 13:29:57.605 23350 INFO rally.task.runner [-] Task 911b0877-876e-4644-9be4-1c53679a121c | ITER: 14 END: OK
2019-11-21 13:29:57.606 23329 INFO rally.task.runner [-] Task 911b0877-876e-4644-9be4-1c53679a121c | ITER: 24 START
2019-11-21 13:29:57.607 23328 INFO rally.task.runner [-] Task 911b0877-876e-4644-9be4-1c53679a121c | ITER: 3 END: OK
2019-11-21 13:29:57.614 23328 INFO rally.task.runner [-] Task 911b0877-876e-4644-9be4-1c53679a121c | ITER: 26 START
2019-11-21 13:29:57.614 23335 INFO rally.task.runner [-] Task 911b0877-876e-4644-9be4-1c53679a121c | ITER: 11 END: OK
2019-11-21 13:29:57.615 23350 INFO rally.task.runner [-] Task 911b0877-876e-4644-9be4-1c53679a121c | ITER: 25 START
2019-11-21 13:29:57.621 23335 INFO rally.task.runner [-] Task 911b0877-876e-4644-9be4-1c53679a121c | ITER: 27 START
2019-11-21 13:29:57.653 23326 INFO rally.task.runner [-] Task 911b0877-876e-4644-9be4-1c53679a121c | ITER: 4 END: OK
2019-11-21 13:29:57.660 23326 INFO rally.task.runner [-] Task 911b0877-876e-4644-9be4-1c53679a121c | ITER: 28 START
2019-11-21 13:29:57.737 23329 INFO rally.task.runner [-] Task 911b0877-876e-4644-9be4-1c53679a121c | ITER: 10 END: OK
2019-11-21 13:29:57.745 23329 INFO rally.task.runner [-] Task 911b0877-876e-4644-9be4-1c53679a121c | ITER: 29 START
2019-11-21 13:29:57.772 23327 INFO rally.task.runner [-] Task 911b0877-876e-4644-9be4-1c53679a121c | ITER: 6 END: OK
2019-11-21 13:29:57.777 23352 INFO rally.task.runner [-] Task 911b0877-876e-4644-9be4-1c53679a121c | ITER: 15 END: OK
2019-11-21 13:29:57.780 23327 INFO rally.task.runner [-] Task 911b0877-876e-4644-9be4-1c53679a121c | ITER: 30 START
2019-11-21 13:29:57.785 23352 INFO rally.task.runner [-] Task 911b0877-876e-4644-9be4-1c53679a121c | ITER: 31 START
2019-11-21 13:29:57.811 23326 INFO rally.task.runner [-] Task 911b0877-876e-4644-9be4-1c53679a121c | ITER: 1 END: OK
2019-11-21 13:29:57.819 23326 INFO rally.task.runner [-] Task 911b0877-876e-4644-9be4-1c53679a121c | ITER: 32 START
2019-11-21 13:29:57.831 23368 INFO rally.task.runner [-] Task 911b0877-876e-4644-9be4-1c53679a121c | ITER: 19 END: OK
2019-11-21 13:29:57.839 23368 INFO rally.task.runner [-] Task 911b0877-876e-4644-9be4-1c53679a121c | ITER: 33 START
2019-11-21 13:29:57.867 23330 INFO rally.task.runner [-] Task 911b0877-876e-4644-9be4-1c53679a121c | ITER: 8 END: OK
2019-11-21 13:29:57.874 23330 INFO rally.task.runner [-] Task 911b0877-876e-4644-9be4-1c53679a121c | ITER: 34 START
2019-11-21 13:29:57.888 23328 INFO rally.task.runner [-] Task 911b0877-876e-4644-9be4-1c53679a121c | ITER: 7 END: OK
2019-11-21 13:29:57.896 23328 INFO rally.task.runner [-] Task 911b0877-876e-4644-9be4-1c53679a121c | ITER: 35 START
2019-11-21 13:29:58.003 23357 INFO rally.task.runner [-] Task 911b0877-876e-4644-9be4-1c53679a121c | ITER: 16 END: OK
2019-11-21 13:29:58.011 23357 INFO rally.task.runner [-] Task 911b0877-876e-4644-9be4-1c53679a121c | ITER: 36 START
2019-11-21 13:29:58.146 23363 INFO rally.task.runner [-] Task 911b0877-876e-4644-9be4-1c53679a121c | ITER: 18 END: OK
2019-11-21 13:29:58.154 23363 INFO rally.task.runner [-] Task 911b0877-876e-4644-9be4-1c53679a121c | ITER: 37 START
2019-11-21 13:29:58.218 23341 INFO rally.task.runner [-] Task 911b0877-876e-4644-9be4-1c53679a121c | ITER: 21 END: OK
2019-11-21 13:29:58.227 23341 INFO rally.task.runner [-] Task 911b0877-876e-4644-9be4-1c53679a121c | ITER: 38 START
2019-11-21 13:29:58.241 23328 INFO rally.task.runner [-] Task 911b0877-876e-4644-9be4-1c53679a121c | ITER: 26 END: OK
2019-11-21 13:29:58.249 23328 INFO rally.task.runner [-] Task 911b0877-876e-4644-9be4-1c53679a121c | ITER: 39 START
2019-11-21 13:29:58.301 23362 INFO rally.task.runner [-] Task 911b0877-876e-4644-9be4-1c53679a121c | ITER: 17 END: OK
2019-11-21 13:29:58.309 23362 INFO rally.task.runner [-] Task 911b0877-876e-4644-9be4-1c53679a121c | ITER: 40 START
2019-11-21 13:29:58.340 23346 INFO rally.task.runner [-] Task 911b0877-876e-4644-9be4-1c53679a121c | ITER: 13 END: OK
2019-11-21 13:29:58.349 23371 INFO rally.task.runner [-] Task 911b0877-876e-4644-9be4-1c53679a121c | ITER: 20 END: OK
2019-11-21 13:29:58.403 23331 INFO rally.task.runner [-] Task 911b0877-876e-4644-9be4-1c53679a121c | ITER: 22 END: OK
2019-11-21 13:29:58.507 23352 INFO rally.task.runner [-] Task 911b0877-876e-4644-9be4-1c53679a121c | ITER: 31 END: OK
2019-11-21 13:29:58.552 23327 INFO rally.task.runner [-] Task 911b0877-876e-4644-9be4-1c53679a121c | ITER: 23 END: OK
2019-11-21 13:29:58.594 23368 INFO rally.task.runner [-] Task 911b0877-876e-4644-9be4-1c53679a121c | ITER: 33 END: OK
2019-11-21 13:29:58.640 23327 INFO rally.task.runner [-] Task 911b0877-876e-4644-9be4-1c53679a121c | ITER: 30 END: OK
2019-11-21 13:29:58.675 23335 INFO rally.task.runner [-] Task 911b0877-876e-4644-9be4-1c53679a121c | ITER: 27 END: OK
2019-11-21 13:29:58.684 23329 INFO rally.task.runner [-] Task 911b0877-876e-4644-9be4-1c53679a121c | ITER: 24 END: OK
2019-11-21 13:29:58.752 23326 INFO rally.task.runner [-] Task 911b0877-876e-4644-9be4-1c53679a121c | ITER: 32 END: OK
2019-11-21 13:29:58.758 23330 INFO rally.task.runner [-] Task 911b0877-876e-4644-9be4-1c53679a121c | ITER: 34 END: OK
2019-11-21 13:29:58.921 23326 INFO rally.task.runner [-] Task 911b0877-876e-4644-9be4-1c53679a121c | ITER: 28 END: OK
2019-11-21 13:29:58.963 23328 INFO rally.task.runner [-] Task 911b0877-876e-4644-9be4-1c53679a121c | ITER: 39 END: OK
2019-11-21 13:29:58.974 23363 INFO rally.task.runner [-] Task 911b0877-876e-4644-9be4-1c53679a121c | ITER: 37 END: OK
2019-11-21 13:29:59.064 23350 INFO rally.task.runner [-] Task 911b0877-876e-4644-9be4-1c53679a121c | ITER: 25 END: OK
2019-11-21 13:29:59.175 23328 INFO rally.task.runner [-] Task 911b0877-876e-4644-9be4-1c53679a121c | ITER: 35 END: OK
2019-11-21 13:29:59.218 23329 INFO rally.task.runner [-] Task 911b0877-876e-4644-9be4-1c53679a121c | ITER: 29 END: OK
2019-11-21 13:29:59.229 23357 INFO rally.task.runner [-] Task 911b0877-876e-4644-9be4-1c53679a121c | ITER: 36 END: OK
2019-11-21 13:29:59.420 23341 INFO rally.task.runner [-] Task 911b0877-876e-4644-9be4-1c53679a121c | ITER: 38 END: OK
2019-11-21 13:29:59.493 23362 INFO rally.task.runner [-] Task 911b0877-876e-4644-9be4-1c53679a121c | ITER: 40 END: OK
2019-11-21 13:29:59.513 18470 INFO rally.task.context [-] Task 911b0877-876e-4644-9be4-1c53679a121c | Context admin_cleanup@openstack cleanup() started
2019-11-21 13:29:59.517 18470 RALLYDEBUG rally_openstack.cleanup.manager [-] Cleaning up neutron quota objects
2019-11-21 13:30:01.166 18470 INFO rally.task.context [-] Task 911b0877-876e-4644-9be4-1c53679a121c | Context admin_cleanup@openstack cleanup() finished in 1.65 sec
2019-11-21 13:30:01.166 18470 INFO rally.task.context [-] Task 911b0877-876e-4644-9be4-1c53679a121c | Context users@openstack cleanup() started
2019-11-21 13:30:23.761 18470 INFO rally.task.context [-] Task 911b0877-876e-4644-9be4-1c53679a121c | Context users@openstack cleanup() finished in 22.59 sec
2019-11-21 13:30:24.842 18470 INFO rally.task.engine [-] Load duration is: 2.652581
2019-11-21 13:30:24.843 18470 INFO rally.task.engine [-] Full runner duration is: 2.703796
2019-11-21 13:30:24.843 18470 INFO rally.task.engine [-] Full duration is: 33.161813
2019-11-21 13:30:25.179 18470 INFO rally.task.engine [-] Running workload: position = 0 config = { "version": 2, "title": "A cropped version of a bigger task.", "description": "Auto-generated task from a single workload (uuid=34c0b957-30c9-4106-b1b9-df19a53685e8)", "subtasks": [ { "title": "NeutronTrunks.create_and_list_trunk_subports", "description": "", "scenario": { "NeutronTrunks.create_and_list_trunk_subports": { "subport_count": 125 } }, "contexts": { "users": { "tenants": 1, "users_per_tenant": 1 }, "quotas": { "neutron": { "network": -1, "port": 1000 } } }, "runner": { "constant": { "times": 4, "concurrency": 4 } }, "hooks": [], "sla": { "failure_rate": { "max": 0 } } } ] }
2019-11-21 13:30:25.207 18470 RALLYDEBUG rally_openstack.contexts.keystone.users [-] Creating 1 tenants using 20 threads
2019-11-21 13:30:26.182 18470 RALLYDEBUG rally_openstack.contexts.keystone.users [-] Creating 1 users using 20 threads
2019-11-21 13:30:27.597 18470 INFO rally.task.context [-] Task 911b0877-876e-4644-9be4-1c53679a121c | Context users@openstack setup() finished in 2.39 sec
2019-11-21 13:30:28.065 18470 INFO rally.task.context [-] Task 911b0877-876e-4644-9be4-1c53679a121c | Context quotas@openstack setup() finished in 0.47 sec
2019-11-21 13:30:28.065 18470 INFO rally.task.context [-] Task 911b0877-876e-4644-9be4-1c53679a121c | Context cleanup@openstack setup() finished in 0.01 msec
2019-11-21 13:30:28.080 18470 RALLYDEBUG rally.task.runner [-] Starting the constant runner (task UUID: 911b0877-876e-4644-9be4-1c53679a121c). timeout: 0 concurrency: 4 concurrency_per_worker: 1 times: 4 concurrency_overhead: 0 processes_to_start: 4 max_cpu_used: 16
2019-11-21 13:30:28.096 23516 RALLYDEBUG rally.task.runner [-] Starting a worker. concurrency: 1 args: {"subport_count": 125} times: 4 method_name: run timeout: 0 duration: None cls:
2019-11-21 13:30:28.099 23517 RALLYDEBUG rally.task.runner [-] Starting a worker. concurrency: 1 args: {"subport_count": 125} times: 4 method_name: run timeout: 0 duration: None cls:
2019-11-21 13:30:28.102 23518 RALLYDEBUG rally.task.runner [-] Starting a worker. concurrency: 1 args: {"subport_count": 125} times: 4 method_name: run timeout: 0 duration: None cls:
2019-11-21 13:30:28.103 23516 INFO rally.task.runner [-] Task 911b0877-876e-4644-9be4-1c53679a121c | ITER: 1 START
2019-11-21 13:30:28.107 23517 INFO rally.task.runner [-] Task 911b0877-876e-4644-9be4-1c53679a121c | ITER: 2 START
2019-11-21 13:30:28.106 23519 RALLYDEBUG rally.task.runner [-] Starting a worker. concurrency: 1 args: {"subport_count": 125} times: 4 method_name: run timeout: 0 duration: None cls:
2019-11-21 13:30:28.109 23518 INFO rally.task.runner [-] Task 911b0877-876e-4644-9be4-1c53679a121c | ITER: 3 START
2019-11-21 13:30:28.114 23519 INFO rally.task.runner [-] Task 911b0877-876e-4644-9be4-1c53679a121c | ITER: 4 START
2019-11-21 13:32:19.657 23516 WARNING rally.task.atomic [-] 'optional_action_timer' is deprecated since rally v0.10.0.Please use action_timer instead, we have improved atomic actions, now do not need to explicitly close original action.
2019-11-21 13:32:19.697 23516 WARNING rally.task.atomic [-] 'optional_action_timer' is deprecated since rally v0.10.0.Please use action_timer instead, we have improved atomic actions, now do not need to explicitly close original action.
2019-11-21 13:32:19.712 23517 WARNING rally.task.atomic [-] 'optional_action_timer' is deprecated since rally v0.10.0.Please use action_timer instead, we have improved atomic actions, now do not need to explicitly close original action.
2019-11-21 13:32:19.748 23517 WARNING rally.task.atomic [-] 'optional_action_timer' is deprecated since rally v0.10.0.Please use action_timer instead, we have improved atomic actions, now do not need to explicitly close original action.
2019-11-21 13:32:20.335 23517 INFO rally.task.runner [-] Task 911b0877-876e-4644-9be4-1c53679a121c | ITER: 2 END: OK
2019-11-21 13:32:20.378 23516 INFO rally.task.runner [-] Task 911b0877-876e-4644-9be4-1c53679a121c | ITER: 1 END: OK
2019-11-21 13:32:21.704 23519 WARNING rally.task.atomic [-] 'optional_action_timer' is deprecated since rally v0.10.0.Please use action_timer instead, we have improved atomic actions, now do not need to explicitly close original action.
2019-11-21 13:32:21.739 23519 WARNING rally.task.atomic [-] 'optional_action_timer' is deprecated since rally v0.10.0.Please use action_timer instead, we have improved atomic actions, now do not need to explicitly close original action.
2019-11-21 13:32:22.575 23519 INFO rally.task.runner [-] Task 911b0877-876e-4644-9be4-1c53679a121c | ITER: 4 END: OK
2019-11-21 13:32:23.482 23518 WARNING rally.task.atomic [-] 'optional_action_timer' is deprecated since rally v0.10.0.Please use action_timer instead, we have improved atomic actions, now do not need to explicitly close original action.
2019-11-21 13:32:23.522 23518 WARNING rally.task.atomic [-] 'optional_action_timer' is deprecated since rally v0.10.0.Please use action_timer instead, we have improved atomic actions, now do not need to explicitly close original action.
2019-11-21 13:32:24.631 23518 INFO rally.task.runner [-] Task 911b0877-876e-4644-9be4-1c53679a121c | ITER: 3 END: OK
2019-11-21 13:32:24.659 18470 INFO rally.task.context [-] Task 911b0877-876e-4644-9be4-1c53679a121c | Context cleanup@openstack cleanup() started
2019-11-21 13:32:24.664 18470 RALLYDEBUG rally_openstack.cleanup.manager [-] Cleaning up neutron vip objects
2019-11-21 13:32:25.089 18470 RALLYDEBUG rally_openstack.cleanup.manager [-] Cleaning up neutron health_monitor objects
2019-11-21 13:32:25.486 18470 RALLYDEBUG rally_openstack.cleanup.manager [-] Cleaning up neutron pool objects
2019-11-21 13:32:25.880 18470 RALLYDEBUG rally_openstack.cleanup.manager [-] Cleaning up neutron loadbalancer objects
2019-11-21 13:32:26.271 18470 RALLYDEBUG rally_openstack.cleanup.manager [-] Cleaning up neutron floatingip objects
2019-11-21 13:32:26.705 18470 RALLYDEBUG rally_openstack.cleanup.manager [-] Cleaning up neutron trunk objects
2019-11-21 13:32:27.137 18470 RALLYDEBUG rally_openstack.cleanup.manager [-] Cleaning up neutron port objects
2019-11-21 13:32:28.725 18470 RALLYDEBUG rally_openstack.cleanup.manager [-] Deleting neutron.port object s_rally_34c0b957_xuGod1HP (09883825-5893-47cf-a1d2-0b84052bb284)
2019-11-21 13:32:28.726 18470 RALLYDEBUG rally_openstack.cleanup.manager [-] Deleting neutron.port object s_rally_34c0b957_ZXIcKS5m (00c02d35-bec0-4dd9-aa25-eec035519b1e)
2019-11-21 13:32:28.728 18470 RALLYDEBUG rally_openstack.cleanup.manager [-] Deleting neutron.port object s_rally_34c0b957_plqEmij4 (07f0ad16-3d2f-412b-896b-00c8ca48d25b)
2019-11-21 13:32:28.734 18470 RALLYDEBUG rally_openstack.cleanup.manager [-] Deleting neutron.port object s_rally_34c0b957_vmN4vjqp (095bf087-cb44-4629-980f-08d64d0f00eb)
2019-11-21 13:32:28.735 18470 RALLYDEBUG rally_openstack.cleanup.manager [-] Deleting neutron.port object s_rally_34c0b957_syInUfwT (0418ac3b-4c05-467d-93b9-0d08342ac93e)
2019-11-21 13:32:28.741 18470 RALLYDEBUG rally_openstack.cleanup.manager [-] Deleting neutron.port object s_rally_34c0b957_NzLkDsd8 (0898e89e-f0d6-466f-8e20-b236c1a79c75)
2019-11-21 13:32:28.742 18470 RALLYDEBUG rally_openstack.cleanup.manager [-] Deleting neutron.port object s_rally_34c0b957_dweLW5g8 (0a15f9da-d2c7-44d3-bd00-831b487429ab)
2019-11-21 13:32:28.763 18470 RALLYDEBUG rally_openstack.cleanup.manager [-] Deleting neutron.port object s_rally_34c0b957_pcQXTGc6 (07b88b7c-55f3-4509-a820-356f7f2abc12)
2019-11-21 13:32:28.772 18470 RALLYDEBUG rally_openstack.cleanup.manager [-] Deleting neutron.port object s_rally_34c0b957_Xwsu6jMm (02df8c6d-c2ab-41bd-95fe-215d9205fdb4)
2019-11-21 13:32:28.772 18470 RALLYDEBUG rally_openstack.cleanup.manager [-] Deleting neutron.port object s_rally_34c0b957_17XxvEV6 (03bf247f-70fa-4fbd-ab89-e7cd2d3f9be1)
2019-11-21 13:32:28.774 18470 RALLYDEBUG rally_openstack.cleanup.manager [-] Deleting neutron.port object s_rally_34c0b957_UYqejEVr (0a090057-76ab-4098-b804-07ea6bd2b491)
2019-11-21 13:32:28.781 18470 RALLYDEBUG rally_openstack.cleanup.manager [-] Deleting neutron.port object s_rally_34c0b957_zxNkxxHd (055952b8-d19b-4181-a739-3b42b3185816)
2019-11-21 13:32:28.784 18470 RALLYDEBUG rally_openstack.cleanup.manager [-] Deleting neutron.port object s_rally_34c0b957_xRNyBujH (09f38ec9-c4d9-4c10-a993-2e06bd3e40a8)
2019-11-21 13:32:28.786 18470 RALLYDEBUG rally_openstack.cleanup.manager [-] Deleting neutron.port object s_rally_34c0b957_GOm1LSqe (02dcfc84-c76a-4da2-a8a1-fa60573a8912)
2019-11-21 13:32:28.788 18470 RALLYDEBUG rally_openstack.cleanup.manager [-] Deleting neutron.port object s_rally_34c0b957_cgdRdnKa (0a2d374b-a899-475d-9130-0a5ff409dc90)
2019-11-21 13:32:28.795 18470 RALLYDEBUG rally_openstack.cleanup.manager [-] Deleting neutron.port object s_rally_34c0b957_jZPwP9q6 (0ac2501c-2ca0-478f-ba8e-7153276111c6)
2019-11-21 13:32:28.800 18470 RALLYDEBUG rally_openstack.cleanup.manager [-] Deleting neutron.port object s_rally_34c0b957_eiAEFodf (09047ba7-63a2-4b26-97f3-c561c0aa8655)
2019-11-21 13:32:28.806 18470 RALLYDEBUG rally_openstack.cleanup.manager [-] Deleting neutron.port object s_rally_34c0b957_X6t2WO7y (0395a241-31f7-46fb-9ef4-f385bfd08a24)
2019-11-21 13:32:28.812 18470 RALLYDEBUG rally_openstack.cleanup.manager [-] Deleting neutron.port object s_rally_34c0b957_yKLvKFmy (0a070482-efc8-4457-a40c-36da93c99fa0)
2019-11-21 13:32:28.827 18470 RALLYDEBUG rally_openstack.cleanup.manager [-] Deleting neutron.port object s_rally_34c0b957_fP35RxgN (00544495-dd11-4487-af60-8a51c5a86fd8)
2019-11-21 13:32:31.141 18470 RALLYDEBUG rally_openstack.cleanup.manager [-] Deleting neutron.port object s_rally_34c0b957_Mrt7PYDA (0b2828f5-ffa1-47a5-a979-a06284d9bb8e)
2019-11-21 13:32:31.319 18470 RALLYDEBUG rally_openstack.cleanup.manager [-] Deleting neutron.port object s_rally_34c0b957_dd7iH3Jb (0b674990-7859-4e9d-96d1-4bb340e68ed6)
2019-11-21 13:32:31.513 18470 RALLYDEBUG rally_openstack.cleanup.manager [-] Deleting neutron.port object s_rally_34c0b957_cJNMcIzk (0b6ba498-db15-48c2-9f9d-e5c56c0cf342)
2019-11-21 13:32:31.703 18470 RALLYDEBUG rally_openstack.cleanup.manager [-] Deleting neutron.port object s_rally_34c0b957_Zf0HC4aT (0c79df63-4dee-46ca-95c7-cc4659fcd0b5)
2019-11-21 13:32:31.712 18470 RALLYDEBUG rally_openstack.cleanup.manager [-] Deleting neutron.port object s_rally_34c0b957_RNw0fO06 (0dc7215c-6ced-45e7-915a-b76a4b5a1bfa)
2019-11-21 13:32:31.722 18470 RALLYDEBUG rally_openstack.cleanup.manager [-] Deleting neutron.port object s_rally_34c0b957_1EXJNp6o (0f0627b1-471b-4528-abb2-9cb974db70c1)
2019-11-21 13:32:31.751 18470 RALLYDEBUG rally_openstack.cleanup.manager [-] Deleting neutron.port object s_rally_34c0b957_mhDHgkeQ (0f379708-6de1-4df7-b2cd-93c6cfb33bcc)
2019-11-21 13:32:31.785 18470 RALLYDEBUG rally_openstack.cleanup.manager [-] Deleting neutron.port object s_rally_34c0b957_VuIX6GYf (0fe85983-8806-49c3-8de1-3a2c970e4344)
2019-11-21 13:32:31.785 18470 RALLYDEBUG rally_openstack.cleanup.manager [-] Deleting neutron.port object s_rally_34c0b957_ObDtff8R (0fe32c4a-9a20-4d1b-8b8c-2f2689e8732d)
2019-11-21 13:32:31.966 18470 RALLYDEBUG rally_openstack.cleanup.manager [-] Deleting neutron.port object s_rally_34c0b957_FKVU9Lv7 (105989ed-c5b0-4e92-bdf5-dc3255f985c4)
2019-11-21 13:32:31.970 18470 RALLYDEBUG rally_openstack.cleanup.manager [-] Deleting neutron.port object s_rally_34c0b957_hjZVCpno (1092912a-cc0a-450a-861c-68dd83cced59)
2019-11-21 13:32:32.016 18470 RALLYDEBUG rally_openstack.cleanup.manager [-] Deleting neutron.port object s_rally_34c0b957_nJZNKVMk (10d78c67-05ae-4077-a67b-83b48e307871)
2019-11-21 13:32:32.199 18470 RALLYDEBUG rally_openstack.cleanup.manager [-] Deleting neutron.port object s_rally_34c0b957_EVLMo0Pn (124f8bc0-87b3-487f-bfd4-b363cdcb31d1)
2019-11-21 13:32:32.352 18470 RALLYDEBUG rally_openstack.cleanup.manager [-] Deleting neutron.port object s_rally_34c0b957_L9e9Ftab (124fac01-2252-4301-a0df-805923fe0cfe)
2019-11-21 13:32:32.353 18470 RALLYDEBUG rally_openstack.cleanup.manager [-] Deleting neutron.port object s_rally_34c0b957_ZkvP0uHg (12b9d90a-83e9-4a30-a274-5b483183b11f)
2019-11-21 13:32:32.486 18470 RALLYDEBUG rally_openstack.cleanup.manager [-] Deleting neutron.port object s_rally_34c0b957_WwOxaxVU (132be213-d288-4d4e-9b89-b6e6b1b83844)
2019-11-21 13:32:32.521 18470 RALLYDEBUG rally_openstack.cleanup.manager [-] Deleting neutron.port object s_rally_34c0b957_IvemiTFL (135a527a-a4e4-4291-b7da-3859cca523f7)
2019-11-21 13:32:32.698 18470 RALLYDEBUG rally_openstack.cleanup.manager [-] Deleting neutron.port object s_rally_34c0b957_7wvJpQEd (13c33640-45d0-4c00-83a0-b593ab732ed1)
2019-11-21 13:32:32.739 18470 RALLYDEBUG rally_openstack.cleanup.manager [-] Deleting neutron.port object s_rally_34c0b957_CQKONUYW (13d1a558-4329-4f19-a686-f533018249ba)
2019-11-21 13:32:32.807 18470 RALLYDEBUG rally_openstack.cleanup.manager [-] Deleting neutron.port object s_rally_34c0b957_Kstb2CR3 (1422c658-ba6b-4ac2-ba59-d0aac3cf98cf)
2019-11-21 13:32:33.433 18470 RALLYDEBUG rally_openstack.cleanup.manager [-] Deleting neutron.port object s_rally_34c0b957_UCAy4zIl (14456549-c529-42ef-8ea7-a18ee0cd2662)
2019-11-21 13:32:33.473 18470 RALLYDEBUG rally_openstack.cleanup.manager [-] Deleting neutron.port object s_rally_34c0b957_xNZYR0vQ (149a05d9-9a33-4290-8811-36fcd11c34f4)
2019-11-21 13:32:33.498 18470 RALLYDEBUG rally_openstack.cleanup.manager [-] Deleting neutron.port object s_rally_34c0b957_DrGzF7ym (1592b1e9-3ed7-4acd-b36f-bdaa12439a2e)
2019-11-21 13:32:33.814 18470 RALLYDEBUG rally_openstack.cleanup.manager [-] Deleting neutron.port object s_rally_34c0b957_TlXDE3ZY (15965db6-6cb7-4df8-8b86-4e5fc4cf062d)
2019-11-21 13:32:33.949 18470 RALLYDEBUG rally_openstack.cleanup.manager [-] Deleting neutron.port object s_rally_34c0b957_7hBUX822 (1677ec18-e667-44be-9828-5274a6df4fcd)
2019-11-21 13:32:34.230 18470 RALLYDEBUG rally_openstack.cleanup.manager [-] Deleting neutron.port object s_rally_34c0b957_TJu1tShu (17edf63b-fcbe-4554-a78b-36f7361e2c59)
2019-11-21 13:32:34.304 18470 RALLYDEBUG rally_openstack.cleanup.manager [-] Deleting neutron.port object s_rally_34c0b957_vNMHjYSO (1806064f-072c-437a-81c6-3f8f7606e360)
2019-11-21 13:32:34.425 18470 RALLYDEBUG rally_openstack.cleanup.manager [-] Deleting neutron.port object s_rally_34c0b957_BI6iZtsT (1a6f3136-6185-4b92-bf2f-16fbc8aa287b)
2019-11-21 13:32:34.443 18470 RALLYDEBUG rally_openstack.cleanup.manager [-] Deleting neutron.port object s_rally_34c0b957_0j8m9ojw (1ba36e27-bd84-4cd1-96b6-18d21395d247)
2019-11-21 13:32:34.538 18470 RALLYDEBUG rally_openstack.cleanup.manager [-] Deleting neutron.port object s_rally_34c0b957_H85UgPHS (1ba96568-f3a9-42ba-9441-a35982563fab)
2019-11-21 13:32:34.632 18470 RALLYDEBUG rally_openstack.cleanup.manager [-] Deleting neutron.port object s_rally_34c0b957_uSK0AGXd (1bfe70bc-e79b-4b60-8169-2a6de831dfcc)
2019-11-21 13:32:34.709 18470 RALLYDEBUG rally_openstack.cleanup.manager [-] Deleting neutron.port object s_rally_34c0b957_uCDZuzOq (1cc32c83-0b84-4d3e-af60-73512ba9d61b)
2019-11-21 13:32:34.820 18470 RALLYDEBUG rally_openstack.cleanup.manager [-] Deleting neutron.port object s_rally_34c0b957_z8E4M08H (1d72a191-94f2-4068-ac11-c938609972ca)
2019-11-21 13:32:34.873 18470 RALLYDEBUG rally_openstack.cleanup.manager [-] Deleting neutron.port object s_rally_34c0b957_4I3yCl5a (1e9ae8ea-255b-4992-b348-2a68689b0d9f)
2019-11-21 13:32:35.087 18470 RALLYDEBUG rally_openstack.cleanup.manager [-] Deleting neutron.port object s_rally_34c0b957_9I3znvym (1ec90d6f-46cc-435f-b4ad-64d92095afeb)
2019-11-21 13:32:35.124 18470 RALLYDEBUG rally_openstack.cleanup.manager [-] Deleting neutron.port object s_rally_34c0b957_aoIinswr (1f1445cc-d17f-478c-bc0e-ee03196b79f9)
2019-11-21 13:32:35.174 18470 RALLYDEBUG rally_openstack.cleanup.manager [-] Deleting neutron.port object s_rally_34c0b957_Wu96Eo5R (20782f85-157a-4dbf-a929-2fb989594a0f)
2019-11-21 13:32:35.213 18470 RALLYDEBUG rally_openstack.cleanup.manager [-] Deleting neutron.port object s_rally_34c0b957_nCKfX6vF (20cd1a2d-2ace-4cea-9fc3-73e2d5b70350)
2019-11-21 13:32:35.391 18470 RALLYDEBUG rally_openstack.cleanup.manager [-] Deleting neutron.port object s_rally_34c0b957_nB8RsGmO (20f2b480-41de-407c-a181-e442cd1d5471)
2019-11-21 13:32:35.499 18470 RALLYDEBUG rally_openstack.cleanup.manager [-] Deleting neutron.port object s_rally_34c0b957_CJ3831Uo (217f6fce-ca9b-4880-b9f1-7907affa05dd)
2019-11-21 13:32:35.558 18470 RALLYDEBUG rally_openstack.cleanup.manager [-] Deleting neutron.port object s_rally_34c0b957_SYFJ7ZqW (219a8322-df7e-4a27-b473-4468807f6aa5)
2019-11-21 13:32:35.793 18470 RALLYDEBUG rally_openstack.cleanup.manager [-] Deleting neutron.port object s_rally_34c0b957_LviLP51i (21f187be-4fd4-4222-9e37-6e4039f7968c)
2019-11-21 13:32:35.989 18470 RALLYDEBUG rally_openstack.cleanup.manager [-] Deleting neutron.port object s_rally_34c0b957_lTJbHRbf (227bc7a5-ec41-4013-8487-36652df517cf)
2019-11-21 13:32:36.357 18470 RALLYDEBUG rally_openstack.cleanup.manager [-] Deleting neutron.port object s_rally_34c0b957_zE8CC8Oq (22fb5e7e-c61f-4342-abd6-7deb3a8b2097)
2019-11-21 13:32:36.427 18470 RALLYDEBUG rally_openstack.cleanup.manager [-] Deleting neutron.port object s_rally_34c0b957_6EpLr26G (232156a9-da2b-422a-b1d2-2b0521320a49)
2019-11-21 13:32:36.535 18470 RALLYDEBUG rally_openstack.cleanup.manager [-] Deleting neutron.port object s_rally_34c0b957_D5EKY6re (234c3fa8-b72e-4f67-953e-02a6b499815c)
2019-11-21 13:32:36.662 18470 RALLYDEBUG rally_openstack.cleanup.manager [-] Deleting neutron.port object s_rally_34c0b957_YYIcYELz (23cf24da-7843-4068-842e-9321d0e04040)
2019-11-21 13:32:36.679 18470 RALLYDEBUG rally_openstack.cleanup.manager [-] Deleting neutron.port object s_rally_34c0b957_TIFYD2as (2454f428-3691-4c0a-b94c-b02132c4bfc5)
2019-11-21 13:32:36.680 18470 RALLYDEBUG rally_openstack.cleanup.manager [-] Deleting neutron.port object s_rally_34c0b957_r0A1E50O (248bf82a-b8fa-4e53-b438-d9ad3eeb7b19)
2019-11-21 13:32:36.900 18470 RALLYDEBUG rally_openstack.cleanup.manager [-] Deleting neutron.port object s_rally_34c0b957_QvdatoO4 (24d96c2f-4e43-4a9d-adb1-8af409c9adf2)
2019-11-21 13:32:37.071 18470 RALLYDEBUG rally_openstack.cleanup.manager [-] Deleting neutron.port object s_rally_34c0b957_UyKiErEF (24f4415f-065f-47a1-9a72-9b1a65143c7a)
2019-11-21 13:32:37.114 18470 RALLYDEBUG rally_openstack.cleanup.manager [-] Deleting neutron.port object s_rally_34c0b957_pPMUZwN9 (2576fe5f-c186-45dc-8815-ae52bb507cb0)
2019-11-21 13:32:37.115 18470 RALLYDEBUG rally_openstack.cleanup.manager [-] Deleting neutron.port object s_rally_34c0b957_dS0immkv (25b804f6-e8ef-44f1-a228-3d7944147d54)
2019-11-21 13:32:37.250 18470 RALLYDEBUG rally_openstack.cleanup.manager [-] Deleting neutron.port object s_rally_34c0b957_sKhj53pt (275550b2-d856-420b-97b3-84fa8901a626)
2019-11-21 13:32:37.272 18470 RALLYDEBUG rally_openstack.cleanup.manager [-] Deleting neutron.port object s_rally_34c0b957_s4E2eofe (2849126c-48e2-4fab-b251-715f9202b2c8)
2019-11-21 13:32:37.393 18470 RALLYDEBUG rally_openstack.cleanup.manager [-] Deleting neutron.port object s_rally_34c0b957_2rMST5df (296aa5c6-02f7-467b-864e-3c49d68288c4)
2019-11-21 13:32:37.422 18470 RALLYDEBUG rally_openstack.cleanup.manager [-] Deleting neutron.port object s_rally_34c0b957_BoL2YIm3 (2984e439-a0f6-4746-a376-583fe5b3bfc7)
2019-11-21 13:32:37.431 18470 RALLYDEBUG rally_openstack.cleanup.manager [-] Deleting neutron.port object s_rally_34c0b957_k3EaTskT (2b04f879-8acf-4333-9591-bd8b3bc916b3)
2019-11-21 13:32:37.530 18470 RALLYDEBUG rally_openstack.cleanup.manager [-] Deleting neutron.port object s_rally_34c0b957_uA1sJZdV (2b05f053-9b5e-4d4d-a1f1-404218110945)
2019-11-21 13:32:37.534 18470 RALLYDEBUG rally_openstack.cleanup.manager [-] Deleting neutron.port object s_rally_34c0b957_8B428HCA (2b070dfe-8600-402f-8be9-9a85f31a753c)
2019-11-21 13:32:37.901 18470 RALLYDEBUG rally_openstack.cleanup.manager [-] Deleting neutron.port object s_rally_34c0b957_IHA2ldUx (2b1a9b1c-29b2-43f1-97c5-e6ddb50bc570)
2019-11-21 13:32:38.133 18470 RALLYDEBUG rally_openstack.cleanup.manager [-] Deleting neutron.port object s_rally_34c0b957_TixFDjBT (2b78c35c-e2e7-4987-b595-a4a974929924)
2019-11-21 13:32:38.209 18470 RALLYDEBUG rally_openstack.cleanup.manager [-] Deleting neutron.port object s_rally_34c0b957_HAMt8ABd (2ba0d7ff-0224-4af5-be7e-280e3412ea84)
2019-11-21 13:32:38.570 18470 RALLYDEBUG rally_openstack.cleanup.manager [-] Deleting neutron.port object s_rally_34c0b957_C5TMO0fq (2ba229c6-7aee-4074-a32b-8d8a8cb75493)
2019-11-21 13:32:38.899 18470 RALLYDEBUG rally_openstack.cleanup.manager [-] Deleting neutron.port object s_rally_34c0b957_xq2EDSFw (2c814dba-098a-40fc-9c6b-7ac5f9fc0e36)
2019-11-21 13:32:39.240 18470 RALLYDEBUG rally_openstack.cleanup.manager [-] Deleting neutron.port object s_rally_34c0b957_cysNVNGc (2ca0e037-437b-48a3-9d25-c30e4d652ccb)
2019-11-21 13:32:39.281 18470 RALLYDEBUG rally_openstack.cleanup.manager [-] Deleting neutron.port object s_rally_34c0b957_aX4aOSn3 (2d359fe4-313b-4a62-8cc9-57bd97262ca4)
2019-11-21 13:32:39.574 18470 RALLYDEBUG rally_openstack.cleanup.manager [-] Deleting neutron.port object s_rally_34c0b957_2qqEXBln (2d4d139e-e664-43a9-bc6b-8b5a8071f133)
