2019-11-21 13:12:28.679 18461 RALLYDEBUG rally.api [-] INFO logs from urllib3 and requests module are hide.
2019-11-21 13:12:28.679 18461 RALLYDEBUG rally.api [-] urllib3 insecure warnings are hidden.
2019-11-21 13:12:28.679 18461 RALLYDEBUG rally.api [-] ERROR log from boto module is hide.
2019-11-21 13:12:31.290 18463 RALLYDEBUG rally.api [-] INFO logs from urllib3 and requests module are hide.
2019-11-21 13:12:31.291 18463 RALLYDEBUG rally.api [-] urllib3 insecure warnings are hidden.
2019-11-21 13:12:31.291 18463 RALLYDEBUG rally.api [-] ERROR log from boto module is hide.
2019-11-21 13:12:33.881 18465 RALLYDEBUG rally.api [-] INFO logs from urllib3 and requests module are hide.
2019-11-21 13:12:33.881 18465 RALLYDEBUG rally.api [-] urllib3 insecure warnings are hidden.
2019-11-21 13:12:33.881 18465 RALLYDEBUG rally.api [-] ERROR log from boto module is hide.
2019-11-21 13:12:37.487 18468 RALLYDEBUG rally.api [-] INFO logs from urllib3 and requests module are hide.
2019-11-21 13:12:37.488 18468 RALLYDEBUG rally.api [-] urllib3 insecure warnings are hidden.
2019-11-21 13:12:37.488 18468 RALLYDEBUG rally.api [-] ERROR log from boto module is hide.
2019-11-21 13:12:38.894 18470 RALLYDEBUG rally.api [-] INFO logs from urllib3 and requests module are hide.
2019-11-21 13:12:38.894 18470 RALLYDEBUG rally.api [-] urllib3 insecure warnings are hidden.
2019-11-21 13:12:38.894 18470 RALLYDEBUG rally.api [-] ERROR log from boto module is hide.
2019-11-21 13:12:40.293 18470 INFO rally.common.plugin.discover [-] Loading plugins from directories /root/.rally/plugins/*
2019-11-21 13:12:40.294 18470 INFO rally.common.plugin.discover [-] Loaded module with plugins: /root/.rally/plugins/__init__.py
2019-11-21 13:12:40.297 18470 INFO rally.common.plugin.discover [-] Loaded module with plugins: /root/.rally/plugins/trunk_scenario.py
2019-11-21 13:12:40.542 18470 INFO rally.task.engine [-] Task 911b0877-876e-4644-9be4-1c53679a121c | Starting: Task validation.
2019-11-21 13:12:40.590 18470 INFO rally.task.engine [-] Task 911b0877-876e-4644-9be4-1c53679a121c | Starting: Task validation of syntax.
2019-11-21 13:12:40.845 18470 INFO rally.task.engine [-] Task 911b0877-876e-4644-9be4-1c53679a121c | Completed: Task validation of syntax.
2019-11-21 13:12:40.845 18470 INFO rally.task.engine [-] Task 911b0877-876e-4644-9be4-1c53679a121c | Starting: Task validation of required platforms.
2019-11-21 13:12:40.920 18470 INFO rally.task.engine [-] Task 911b0877-876e-4644-9be4-1c53679a121c | Completed: Task validation of required platforms.
2019-11-21 13:12:40.920 18470 INFO rally.task.engine [-] Task 911b0877-876e-4644-9be4-1c53679a121c | Starting: Task validation of semantic.
2019-11-21 13:12:40.921 18470 INFO rally.task.engine [-] Check health of the environment '9bf5ad3e-c547-46f2-a4ab-83c6b0e67625'.
2019-11-21 13:12:41.814 18470 INFO rally.task.engine [-] Platform existing@openstack (available: True): OK!
2019-11-21 13:12:41.836 18470 RALLYDEBUG rally_openstack.contexts.keystone.users [-] Creating 1 tenants using 20 threads
2019-11-21 13:12:42.682 18470 RALLYDEBUG rally_openstack.contexts.keystone.users [-] Creating 1 users using 20 threads
2019-11-21 13:12:44.032 18470 INFO rally.task.context [-] Task 911b0877-876e-4644-9be4-1c53679a121c | Context users@openstack setup() finished in 2.20 sec
2019-11-21 13:12:48.560 18470 INFO rally.task.context [-] Task 911b0877-876e-4644-9be4-1c53679a121c | Context users@openstack cleanup() started
2019-11-21 13:12:51.449 18470 INFO rally.task.context [-] Task 911b0877-876e-4644-9be4-1c53679a121c | Context users@openstack cleanup() finished in 2.89 sec
2019-11-21 13:12:51.450 18470 INFO rally.task.engine [-] Task 911b0877-876e-4644-9be4-1c53679a121c | Completed: Task validation of semantic.
2019-11-21 13:12:51.450 18470 INFO rally.task.engine [-] Task 911b0877-876e-4644-9be4-1c53679a121c | Completed: Task validation.
2019-11-21 13:12:51.451 18470 INFO rally.api [-] Task 911b0877-876e-4644-9be4-1c53679a121c input file is valid.
2019-11-21 13:12:51.451 18470 INFO rally.api [-] Run Task 911b0877-876e-4644-9be4-1c53679a121c against Deployment 9bf5ad3e-c547-46f2-a4ab-83c6b0e67625
2019-11-21 13:12:51.451 18470 INFO rally.task.engine [-] Task 911b0877-876e-4644-9be4-1c53679a121c | Starting: Running task.
2019-11-21 13:12:51.603 18470 INFO rally.task.engine [-] Running workload: position = 0 config = { "version": 2, "title": "A cropped version of a bigger task.", "description": "Auto-generated task from a single workload (uuid=705dedba-817c-417b-a7f1-015692fcf476)", "subtasks": [ { "title": "NeutronNetworks.create_and_list_networks", "description": "Check performance of list_networks action and ensure > network quotas are not exceeded", "scenario": { "NeutronNetworks.create_and_list_networks": {} }, "contexts": { "users": { "tenants": 1, "users_per_tenant": 1 }, "quotas": { "neutron": { "network": 119 } } }, "runner": { "constant": { "times": 100, "concurrency": 20 } }, "hooks": [], "sla": { "max_avg_duration_per_atomic": { "neutron.list_networks": 15 }, "failure_rate": { "max": 0 } } } ] }
2019-11-21 13:12:51.630 18470 RALLYDEBUG rally_openstack.contexts.keystone.users [-] Creating 1 tenants using 20 threads
2019-11-21 13:12:52.516 18470 RALLYDEBUG rally_openstack.contexts.keystone.users [-] Creating 1 users using 20 threads
2019-11-21 13:12:53.895 18470 INFO rally.task.context [-] Task 911b0877-876e-4644-9be4-1c53679a121c | Context users@openstack setup() finished in 2.26 sec
2019-11-21 13:12:54.398 18470 INFO rally.task.context [-] Task 911b0877-876e-4644-9be4-1c53679a121c | Context quotas@openstack setup() finished in 0.50 sec
2019-11-21 13:12:54.399 18470 INFO rally.task.context [-] Task 911b0877-876e-4644-9be4-1c53679a121c | Context cleanup@openstack setup() finished in 0.01 msec
2019-11-21 13:12:54.408 18470 RALLYDEBUG rally.task.runner [-] Starting the constant runner (task UUID: 911b0877-876e-4644-9be4-1c53679a121c). timeout: 0 concurrency: 20 concurrency_per_worker: 1 times: 100 concurrency_overhead: 4 processes_to_start: 16 max_cpu_used: 16
2019-11-21 13:12:54.421 18594 RALLYDEBUG rally.task.runner [-] Starting a worker. concurrency: 2 args: {} times: 100 method_name: run timeout: 0 duration: None cls:
2019-11-21 13:12:54.424 18595 RALLYDEBUG rally.task.runner [-] Starting a worker. concurrency: 2 args: {} times: 100 method_name: run timeout: 0 duration: None cls:
2019-11-21 13:12:54.427 18596 RALLYDEBUG rally.task.runner [-] Starting a worker. concurrency: 2 args: {} times: 100 method_name: run timeout: 0 duration: None cls:
2019-11-21 13:12:54.428 18594 INFO rally.task.runner [-] Task 911b0877-876e-4644-9be4-1c53679a121c | ITER: 1 START
2019-11-21 13:12:54.430 18597 RALLYDEBUG rally.task.runner [-] Starting a worker. concurrency: 2 args: {} times: 100 method_name: run timeout: 0 duration: None cls:
2019-11-21 13:12:54.433 18600 RALLYDEBUG rally.task.runner [-] Starting a worker. concurrency: 1 args: {} times: 100 method_name: run timeout: 0 duration: None cls:
2019-11-21 13:12:54.439 18600 INFO rally.task.runner [-] Task 911b0877-876e-4644-9be4-1c53679a121c | ITER: 8 START
2019-11-21 13:12:54.438 18603 RALLYDEBUG rally.task.runner [-] Starting a worker. concurrency: 1 args: {} times: 100 method_name: run timeout: 0 duration: None cls:
2019-11-21 13:12:54.439 18596 INFO rally.task.runner [-] Task 911b0877-876e-4644-9be4-1c53679a121c | ITER: 4 START
2019-11-21 13:12:54.439 18595 INFO rally.task.runner [-] Task 911b0877-876e-4644-9be4-1c53679a121c | ITER: 2 START
2019-11-21 13:12:54.440 18606 RALLYDEBUG rally.task.runner [-] Starting a worker. concurrency: 1 args: {} times: 100 method_name: run timeout: 0 duration: None cls:
2019-11-21 13:12:54.440 18596 INFO rally.task.runner [-] Task 911b0877-876e-4644-9be4-1c53679a121c | ITER: 7 START
2019-11-21 13:12:54.440 18595 INFO rally.task.runner [-] Task 911b0877-876e-4644-9be4-1c53679a121c | ITER: 5 START
2019-11-21 13:12:54.445 18597 INFO rally.task.runner [-] Task 911b0877-876e-4644-9be4-1c53679a121c | ITER: 6 START
2019-11-21 13:12:54.445 18613 RALLYDEBUG rally.task.runner [-] Starting a worker. concurrency: 1 args: {} times: 100 method_name: run timeout: 0 duration: None cls:
2019-11-21 13:12:54.446 18603 INFO rally.task.runner [-] Task 911b0877-876e-4644-9be4-1c53679a121c | ITER: 10 START
2019-11-21 13:12:54.447 18606 INFO rally.task.runner [-] Task 911b0877-876e-4644-9be4-1c53679a121c | ITER: 11 START
2019-11-21 13:12:54.447 18594 INFO rally.task.runner [-] Task 911b0877-876e-4644-9be4-1c53679a121c | ITER: 3 START
2019-11-21 13:12:54.451 18613 INFO rally.task.runner [-] Task 911b0877-876e-4644-9be4-1c53679a121c | ITER: 12 START
2019-11-21 13:12:54.449 18597 INFO rally.task.runner [-] Task 911b0877-876e-4644-9be4-1c53679a121c | ITER: 9 START
2019-11-21 13:12:54.452 18620 RALLYDEBUG rally.task.runner [-] Starting a worker. concurrency: 1 args: {} times: 100 method_name: run timeout: 0 duration: None cls:
2019-11-21 13:12:54.458 18620 INFO rally.task.runner [-] Task 911b0877-876e-4644-9be4-1c53679a121c | ITER: 13 START
2019-11-21 13:12:54.459 18623 RALLYDEBUG rally.task.runner [-] Starting a worker. concurrency: 1 args: {} times: 100 method_name: run timeout: 0 duration: None cls:
2019-11-21 13:12:54.462 18625 RALLYDEBUG rally.task.runner [-] Starting a worker. concurrency: 1 args: {} times: 100 method_name: run timeout: 0 duration: None cls:
2019-11-21 13:12:54.467 18623 INFO rally.task.runner [-] Task 911b0877-876e-4644-9be4-1c53679a121c | ITER: 14 START
2019-11-21 13:12:54.468 18625 INFO rally.task.runner [-] Task 911b0877-876e-4644-9be4-1c53679a121c | ITER: 15 START
2019-11-21 13:12:54.469 18627 RALLYDEBUG rally.task.runner [-] Starting a worker. concurrency: 1 args: {} times: 100 method_name: run timeout: 0 duration: None cls:
2019-11-21 13:12:54.476 18627 INFO rally.task.runner [-] Task 911b0877-876e-4644-9be4-1c53679a121c | ITER: 16 START
2019-11-21 13:12:54.476 18632 RALLYDEBUG rally.task.runner [-] Starting a worker. concurrency: 1 args: {} times: 100 method_name: run timeout: 0 duration: None cls:
2019-11-21 13:12:54.480 18633 RALLYDEBUG rally.task.runner [-] Starting a worker. concurrency: 1 args: {} times: 100 method_name: run timeout: 0 duration: None cls:
2019-11-21 13:12:54.482 18632 INFO rally.task.runner [-] Task 911b0877-876e-4644-9be4-1c53679a121c | ITER: 17 START
2019-11-21 13:12:54.482 18636 RALLYDEBUG rally.task.runner [-] Starting a worker. concurrency: 1 args: {} times: 100 method_name: run timeout: 0 duration: None cls:
2019-11-21 13:12:54.487 18636 INFO rally.task.runner [-] Task 911b0877-876e-4644-9be4-1c53679a121c | ITER: 19 START
2019-11-21 13:12:54.487 18633 INFO rally.task.runner [-] Task 911b0877-876e-4644-9be4-1c53679a121c | ITER: 18 START
2019-11-21 13:12:54.489 18639 RALLYDEBUG rally.task.runner [-] Starting a worker. concurrency: 1 args: {} times: 100 method_name: run timeout: 0 duration: None cls:
2019-11-21 13:12:54.493 18639 INFO rally.task.runner [-] Task 911b0877-876e-4644-9be4-1c53679a121c | ITER: 20 START
2019-11-21 13:12:55.788 18595 INFO rally.task.runner [-] Task 911b0877-876e-4644-9be4-1c53679a121c | ITER: 2 END: OK
2019-11-21 13:12:55.793 18595 INFO rally.task.runner [-] Task 911b0877-876e-4644-9be4-1c53679a121c | ITER: 21 START
2019-11-21 13:12:55.838 18603 INFO rally.task.runner [-] Task 911b0877-876e-4644-9be4-1c53679a121c | ITER: 10 END: OK
2019-11-21 13:12:55.842 18603 INFO rally.task.runner [-] Task 911b0877-876e-4644-9be4-1c53679a121c | ITER: 22 START
2019-11-21 13:12:55.862 18613 INFO rally.task.runner [-] Task 911b0877-876e-4644-9be4-1c53679a121c | ITER: 12 END: OK
2019-11-21 13:12:55.866 18613 INFO rally.task.runner [-] Task 911b0877-876e-4644-9be4-1c53679a121c | ITER: 23 START
2019-11-21 13:12:55.876 18597 INFO rally.task.runner [-] Task 911b0877-876e-4644-9be4-1c53679a121c | ITER: 9 END: OK
2019-11-21 13:12:55.880 18597 INFO rally.task.runner [-] Task 911b0877-876e-4644-9be4-1c53679a121c | ITER: 24 START
2019-11-21 13:12:56.003 18597 INFO rally.task.runner [-] Task 911b0877-876e-4644-9be4-1c53679a121c | ITER: 6 END: OK
2019-11-21 13:12:56.005 18596 INFO rally.task.runner [-] Task 911b0877-876e-4644-9be4-1c53679a121c | ITER: 7 END: OK
2019-11-21 13:12:56.006 18606 INFO rally.task.runner [-] Task 911b0877-876e-4644-9be4-1c53679a121c | ITER: 11 END: OK
2019-11-21 13:12:56.007 18597 INFO rally.task.runner [-] Task 911b0877-876e-4644-9be4-1c53679a121c | ITER: 25 START
2019-11-21 13:12:56.010 18606 INFO rally.task.runner [-] Task 911b0877-876e-4644-9be4-1c53679a121c | ITER: 26 START
2019-11-21 13:12:56.012 18596 INFO rally.task.runner [-] Task 911b0877-876e-4644-9be4-1c53679a121c | ITER: 27 START
2019-11-21 13:12:56.030 18600 INFO rally.task.runner [-] Task 911b0877-876e-4644-9be4-1c53679a121c | ITER: 8 END: OK
2019-11-21 13:12:56.035 18600 INFO rally.task.runner [-] Task 911b0877-876e-4644-9be4-1c53679a121c | ITER: 28 START
2019-11-21 13:12:56.099 18594 INFO rally.task.runner [-] Task 911b0877-876e-4644-9be4-1c53679a121c | ITER: 1 END: OK
2019-11-21 13:12:56.103 18594 INFO rally.task.runner [-] Task 911b0877-876e-4644-9be4-1c53679a121c | ITER: 29 START
2019-11-21 13:12:56.196 18625 INFO rally.task.runner [-] Task 911b0877-876e-4644-9be4-1c53679a121c | ITER: 15 END: OK
2019-11-21 13:12:56.200 18625 INFO rally.task.runner [-] Task 911b0877-876e-4644-9be4-1c53679a121c | ITER: 30 START
2019-11-21 13:12:56.252 18595 INFO rally.task.runner [-] Task 911b0877-876e-4644-9be4-1c53679a121c | ITER: 5 END: OK
2019-11-21 13:12:56.256 18595 INFO rally.task.runner [-] Task 911b0877-876e-4644-9be4-1c53679a121c | ITER: 31 START
2019-11-21 13:12:56.343 18620 INFO rally.task.runner [-] Task 911b0877-876e-4644-9be4-1c53679a121c | ITER: 13 END: OK
2019-11-21 13:12:56.347 18620 INFO rally.task.runner [-] Task 911b0877-876e-4644-9be4-1c53679a121c | ITER: 32 START
2019-11-21 13:12:56.370 18596 INFO rally.task.runner [-] Task 911b0877-876e-4644-9be4-1c53679a121c | ITER: 4 END: OK
2019-11-21 13:12:56.373 18596 INFO rally.task.runner [-] Task 911b0877-876e-4644-9be4-1c53679a121c | ITER: 33 START
2019-11-21 13:12:56.492 18623 INFO rally.task.runner [-] Task 911b0877-876e-4644-9be4-1c53679a121c | ITER: 14 END: OK
2019-11-21 13:12:56.496 18623 INFO rally.task.runner [-] Task 911b0877-876e-4644-9be4-1c53679a121c | ITER: 34 START
2019-11-21 13:12:56.510 18632 INFO rally.task.runner [-] Task 911b0877-876e-4644-9be4-1c53679a121c | ITER: 17 END: OK
2019-11-21 13:12:56.514 18632 INFO rally.task.runner [-] Task 911b0877-876e-4644-9be4-1c53679a121c | ITER: 35 START
2019-11-21 13:12:56.597 18636 INFO rally.task.runner [-] Task 911b0877-876e-4644-9be4-1c53679a121c | ITER: 19 END: OK
2019-11-21 13:12:56.597 18594 INFO rally.task.runner [-] Task 911b0877-876e-4644-9be4-1c53679a121c | ITER: 3 END: OK
2019-11-21 13:12:56.600 18636 INFO rally.task.runner [-] Task 911b0877-876e-4644-9be4-1c53679a121c | ITER: 36 START
2019-11-21 13:12:56.600 18594 INFO rally.task.runner [-] Task 911b0877-876e-4644-9be4-1c53679a121c | ITER: 37 START
2019-11-21 13:12:56.807 18627 INFO rally.task.runner [-] Task 911b0877-876e-4644-9be4-1c53679a121c | ITER: 16 END: OK
2019-11-21 13:12:56.811 18627 INFO rally.task.runner [-] Task 911b0877-876e-4644-9be4-1c53679a121c | ITER: 38 START
2019-11-21 13:12:57.257 18595 INFO rally.task.runner [-] Task 911b0877-876e-4644-9be4-1c53679a121c | ITER: 21 END: OK
2019-11-21 13:12:57.261 18595 INFO rally.task.runner [-] Task 911b0877-876e-4644-9be4-1c53679a121c | ITER: 39 START
2019-11-21 13:12:57.305 18639 INFO rally.task.runner [-] Task 911b0877-876e-4644-9be4-1c53679a121c | ITER: 20 END: OK
2019-11-21 13:12:57.309 18639 INFO rally.task.runner [-] Task 911b0877-876e-4644-9be4-1c53679a121c | ITER: 40 START
2019-11-21 13:12:57.504 18596 INFO rally.task.runner [-] Task 911b0877-876e-4644-9be4-1c53679a121c | ITER: 27 END: OK
2019-11-21 13:12:57.508 18596 INFO rally.task.runner [-] Task 911b0877-876e-4644-9be4-1c53679a121c | ITER: 41 START
2019-11-21 13:12:57.522 18613 INFO rally.task.runner [-] Task 911b0877-876e-4644-9be4-1c53679a121c | ITER: 23 END: OK
2019-11-21 13:12:57.524 18597 INFO rally.task.runner [-] Task 911b0877-876e-4644-9be4-1c53679a121c | ITER: 24 END: OK
2019-11-21 13:12:57.526 18613 INFO rally.task.runner [-] Task 911b0877-876e-4644-9be4-1c53679a121c | ITER: 42 START
2019-11-21 13:12:57.527 18597 INFO rally.task.runner [-] Task 911b0877-876e-4644-9be4-1c53679a121c | ITER: 43 START
2019-11-21 13:12:57.570 18620 INFO rally.task.runner [-] Task 911b0877-876e-4644-9be4-1c53679a121c | ITER: 32 END: OK
2019-11-21 13:12:57.574 18620 INFO rally.task.runner [-] Task 911b0877-876e-4644-9be4-1c53679a121c | ITER: 44 START
2019-11-21 13:12:57.578 18625 INFO rally.task.runner [-] Task 911b0877-876e-4644-9be4-1c53679a121c | ITER: 30 END: OK
2019-11-21 13:12:57.579 18596 INFO rally.task.runner [-] Task 911b0877-876e-4644-9be4-1c53679a121c | ITER: 33 END: OK
2019-11-21 13:12:57.582 18625 INFO rally.task.runner [-] Task 911b0877-876e-4644-9be4-1c53679a121c | ITER: 45 START
2019-11-21 13:12:57.584 18596 INFO rally.task.runner [-] Task 911b0877-876e-4644-9be4-1c53679a121c | ITER: 46 START
2019-11-21 13:12:57.683 18597 INFO rally.task.runner [-] Task 911b0877-876e-4644-9be4-1c53679a121c | ITER: 25 END: OK
2019-11-21 13:12:57.686 18597 INFO rally.task.runner [-] Task 911b0877-876e-4644-9be4-1c53679a121c | ITER: 47 START
2019-11-21 13:12:57.688 18594 INFO rally.task.runner [-] Task 911b0877-876e-4644-9be4-1c53679a121c | ITER: 29 END: OK
2019-11-21 13:12:57.692 18594 INFO rally.task.runner [-] Task 911b0877-876e-4644-9be4-1c53679a121c | ITER: 48 START
2019-11-21 13:12:57.711 18603 INFO rally.task.runner [-] Task 911b0877-876e-4644-9be4-1c53679a121c | ITER: 22 END: OK
2019-11-21 13:12:57.715 18603 INFO rally.task.runner [-] Task 911b0877-876e-4644-9be4-1c53679a121c | ITER: 49 START
2019-11-21 13:12:57.831 18632 INFO rally.task.runner [-] Task 911b0877-876e-4644-9be4-1c53679a121c | ITER: 35 END: OK
2019-11-21 13:12:57.834 18632 INFO rally.task.runner [-] Task 911b0877-876e-4644-9be4-1c53679a121c | ITER: 50 START
2019-11-21 13:12:57.997 18600 INFO rally.task.runner [-] Task 911b0877-876e-4644-9be4-1c53679a121c | ITER: 28 END: OK
2019-11-21 13:12:58.000 18600 INFO rally.task.runner [-] Task 911b0877-876e-4644-9be4-1c53679a121c | ITER: 51 START
2019-11-21 13:12:58.075 18633 INFO rally.task.runner [-] Task 911b0877-876e-4644-9be4-1c53679a121c | ITER: 18 END: OK
2019-11-21 13:12:58.080 18633 INFO rally.task.runner [-] Task 911b0877-876e-4644-9be4-1c53679a121c | ITER: 52 START
2019-11-21 13:12:58.155 18595 INFO rally.task.runner [-] Task 911b0877-876e-4644-9be4-1c53679a121c | ITER: 31 END: OK
2019-11-21 13:12:58.159 18595 INFO rally.task.runner [-] Task 911b0877-876e-4644-9be4-1c53679a121c | ITER: 53 START
2019-11-21 13:12:58.240 18636 INFO rally.task.runner [-] Task 911b0877-876e-4644-9be4-1c53679a121c | ITER: 36 END: OK
2019-11-21 13:12:58.244 18636 INFO rally.task.runner [-] Task 911b0877-876e-4644-9be4-1c53679a121c | ITER: 54 START
2019-11-21 13:12:58.263 18623 INFO rally.task.runner [-] Task 911b0877-876e-4644-9be4-1c53679a121c | ITER: 34 END: OK
2019-11-21 13:12:58.267 18623 INFO rally.task.runner [-] Task 911b0877-876e-4644-9be4-1c53679a121c | ITER: 55 START
2019-11-21 13:12:58.470 18606 INFO rally.task.runner [-] Task 911b0877-876e-4644-9be4-1c53679a121c | ITER: 26 END: OK
2019-11-21 13:12:58.473 18606 INFO rally.task.runner [-] Task 911b0877-876e-4644-9be4-1c53679a121c | ITER: 56 START
2019-11-21 13:12:58.670 18594 INFO rally.task.runner [-] Task 911b0877-876e-4644-9be4-1c53679a121c | ITER: 37 END: OK
2019-11-21 13:12:58.674 18594 INFO rally.task.runner [-] Task 911b0877-876e-4644-9be4-1c53679a121c | ITER: 57 START
2019-11-21 13:12:58.771 18627 INFO rally.task.runner [-] Task 911b0877-876e-4644-9be4-1c53679a121c | ITER: 38 END: OK
2019-11-21 13:12:58.775 18627 INFO rally.task.runner [-] Task 911b0877-876e-4644-9be4-1c53679a121c | ITER: 58 START
2019-11-21 13:12:58.848 18594 INFO rally.task.runner [-] Task 911b0877-876e-4644-9be4-1c53679a121c | ITER: 48 END: OK
2019-11-21 13:12:58.851 18594 INFO rally.task.runner [-] Task 911b0877-876e-4644-9be4-1c53679a121c | ITER: 59 START
2019-11-21 13:12:59.123 18595 INFO rally.task.runner [-] Task 911b0877-876e-4644-9be4-1c53679a121c | ITER: 39 END: OK
2019-11-21 13:12:59.126 18595 INFO rally.task.runner [-] Task 911b0877-876e-4644-9be4-1c53679a121c | ITER: 60 START
2019-11-21 13:12:59.576 18625 INFO rally.task.runner [-] Task 911b0877-876e-4644-9be4-1c53679a121c | ITER: 45 END: OK
2019-11-21 13:12:59.579 18625 INFO rally.task.runner [-] Task 911b0877-876e-4644-9be4-1c53679a121c | ITER: 61 START
2019-11-21 13:12:59.646 18639 INFO rally.task.runner [-] Task 911b0877-876e-4644-9be4-1c53679a121c | ITER: 40 END: OK
2019-11-21 13:12:59.650 18639 INFO rally.task.runner [-] Task 911b0877-876e-4644-9be4-1c53679a121c | ITER: 62 START
2019-11-21 13:12:59.754 18597 INFO rally.task.runner [-] Task 911b0877-876e-4644-9be4-1c53679a121c | ITER: 43 END: OK
2019-11-21 13:12:59.757 18597 INFO rally.task.runner [-] Task 911b0877-876e-4644-9be4-1c53679a121c | ITER: 63 START
2019-11-21 13:13:00.174 18620 INFO rally.task.runner [-] Task 911b0877-876e-4644-9be4-1c53679a121c | ITER: 44 END: OK
2019-11-21 13:13:00.177 18620 INFO rally.task.runner [-] Task 911b0877-876e-4644-9be4-1c53679a121c | ITER: 64 START
2019-11-21 13:13:00.182 18596 INFO rally.task.runner [-] Task 911b0877-876e-4644-9be4-1c53679a121c | ITER: 41 END: OK
2019-11-21 13:13:00.185 18596 INFO rally.task.runner [-] Task 911b0877-876e-4644-9be4-1c53679a121c | ITER: 65 START
2019-11-21 13:13:00.279 18632 INFO rally.task.runner [-] Task 911b0877-876e-4644-9be4-1c53679a121c | ITER: 50 END: OK
2019-11-21 13:13:00.281 18632 INFO rally.task.runner [-] Task 911b0877-876e-4644-9be4-1c53679a121c | ITER: 66 START
2019-11-21 13:13:00.284 18596 INFO rally.task.runner [-] Task 911b0877-876e-4644-9be4-1c53679a121c | ITER: 46 END: OK
2019-11-21 13:13:00.286 18596 INFO rally.task.runner [-] Task 911b0877-876e-4644-9be4-1c53679a121c | ITER: 67 START
2019-11-21 13:13:00.407 18606 INFO rally.task.runner [-] Task 911b0877-876e-4644-9be4-1c53679a121c | ITER: 56 END: OK
2019-11-21 13:13:00.411 18606 INFO rally.task.runner [-] Task 911b0877-876e-4644-9be4-1c53679a121c | ITER: 68 START
2019-11-21 13:13:00.487 18597 INFO rally.task.runner [-] Task 911b0877-876e-4644-9be4-1c53679a121c | ITER: 47 END: OK
2019-11-21 13:13:00.489 18597 INFO rally.task.runner [-] Task 911b0877-876e-4644-9be4-1c53679a121c | ITER: 69 START
2019-11-21 13:13:00.582 18636 INFO rally.task.runner [-] Task 911b0877-876e-4644-9be4-1c53679a121c | ITER: 54 END: OK
2019-11-21 13:13:00.584 18636 INFO rally.task.runner [-] Task 911b0877-876e-4644-9be4-1c53679a121c | ITER: 70 START
2019-11-21 13:13:00.600 18627 INFO rally.task.runner [-] Task 911b0877-876e-4644-9be4-1c53679a121c | ITER: 58 END: OK
2019-11-21 13:13:00.604 18627 INFO rally.task.runner [-] Task 911b0877-876e-4644-9be4-1c53679a121c | ITER: 71 START
2019-11-21 13:13:00.668 18613 INFO rally.task.runner [-] Task 911b0877-876e-4644-9be4-1c53679a121c | ITER: 42 END: OK
2019-11-21 13:13:00.672 18613 INFO rally.task.runner [-] Task 911b0877-876e-4644-9be4-1c53679a121c | ITER: 72 START
2019-11-21 13:13:00.690 18603 INFO rally.task.runner [-] Task 911b0877-876e-4644-9be4-1c53679a121c | ITER: 49 END: OK
2019-11-21 13:13:00.694 18603 INFO rally.task.runner [-] Task 911b0877-876e-4644-9be4-1c53679a121c | ITER: 73 START
2019-11-21 13:13:00.699 18600 INFO rally.task.runner [-] Task 911b0877-876e-4644-9be4-1c53679a121c | ITER: 51 END: OK
2019-11-21 13:13:00.701 18600 INFO rally.task.runner [-] Task 911b0877-876e-4644-9be4-1c53679a121c | ITER: 74 START
2019-11-21 13:13:00.709 18594 INFO rally.task.runner [-] Task 911b0877-876e-4644-9be4-1c53679a121c | ITER: 57 END: OK
2019-11-21 13:13:00.713 18594 INFO rally.task.runner [-] Task 911b0877-876e-4644-9be4-1c53679a121c | ITER: 59 END: OK
2019-11-21 13:13:00.715 18594 INFO rally.task.runner [-] Task 911b0877-876e-4644-9be4-1c53679a121c | ITER: 75 START
2019-11-21 13:13:00.722 18594 INFO rally.task.runner [-] Task 911b0877-876e-4644-9be4-1c53679a121c | ITER: 76 START
2019-11-21 13:13:00.726 18623 INFO rally.task.runner [-] Task 911b0877-876e-4644-9be4-1c53679a121c | ITER: 55 END: OK
2019-11-21 13:13:00.729 18623 INFO rally.task.runner [-] Task 911b0877-876e-4644-9be4-1c53679a121c | ITER: 77 START
2019-11-21 13:13:00.913 18633 INFO rally.task.runner [-] Task 911b0877-876e-4644-9be4-1c53679a121c | ITER: 52 END: OK
2019-11-21 13:13:00.915 18633 INFO rally.task.runner [-] Task 911b0877-876e-4644-9be4-1c53679a121c | ITER: 78 START
2019-11-21 13:13:01.209 18595 INFO rally.task.runner [-] Task 911b0877-876e-4644-9be4-1c53679a121c | ITER: 60 END: OK
2019-11-21 13:13:01.212 18595 INFO rally.task.runner [-] Task 911b0877-876e-4644-9be4-1c53679a121c | ITER: 79 START
2019-11-21 13:13:01.563 18625 INFO rally.task.runner [-] Task 911b0877-876e-4644-9be4-1c53679a121c | ITER: 61 END: OK
2019-11-21 13:13:01.567 18625 INFO rally.task.runner [-] Task 911b0877-876e-4644-9be4-1c53679a121c | ITER: 80 START
2019-11-21 13:13:01.660 18620 INFO rally.task.runner [-] Task 911b0877-876e-4644-9be4-1c53679a121c | ITER: 64 END: OK
2019-11-21 13:13:01.660 18597 INFO rally.task.runner [-] Task 911b0877-876e-4644-9be4-1c53679a121c | ITER: 63 END: OK
2019-11-21 13:13:01.662 18620 INFO rally.task.runner [-] Task 911b0877-876e-4644-9be4-1c53679a121c | ITER: 81 START
2019-11-21 13:13:01.664 18597 INFO rally.task.runner [-] Task 911b0877-876e-4644-9be4-1c53679a121c | ITER: 82 START
2019-11-21 13:13:01.792 18636 INFO rally.task.runner [-] Task 911b0877-876e-4644-9be4-1c53679a121c | ITER: 70 END: OK
2019-11-21 13:13:01.795 18636 INFO rally.task.runner [-] Task 911b0877-876e-4644-9be4-1c53679a121c | ITER: 83 START
2019-11-21 13:13:01.892 18595 INFO rally.task.runner [-] Task 911b0877-876e-4644-9be4-1c53679a121c | ITER: 53 END: OK
2019-11-21 13:13:01.894 18595 INFO rally.task.runner [-] Task 911b0877-876e-4644-9be4-1c53679a121c | ITER: 84 START
2019-11-21 13:13:01.935 18596 INFO rally.task.runner [-] Task 911b0877-876e-4644-9be4-1c53679a121c | ITER: 67 END: OK
2019-11-21 13:13:01.938 18596 INFO rally.task.runner [-] Task 911b0877-876e-4644-9be4-1c53679a121c | ITER: 85 START
2019-11-21 13:13:01.982 18639 INFO rally.task.runner [-] Task 911b0877-876e-4644-9be4-1c53679a121c | ITER: 62 END: OK
2019-11-21 13:13:01.985 18639 INFO rally.task.runner [-] Task 911b0877-876e-4644-9be4-1c53679a121c | ITER: 86 START
2019-11-21 13:13:01.988 18596 INFO rally.task.runner [-] Task 911b0877-876e-4644-9be4-1c53679a121c | ITER: 65 END: OK
2019-11-21 13:13:01.990 18596 INFO rally.task.runner [-] Task 911b0877-876e-4644-9be4-1c53679a121c | ITER: 87 START
2019-11-21 13:13:02.050 18597 INFO rally.task.runner [-] Task 911b0877-876e-4644-9be4-1c53679a121c | ITER: 69 END: OK
2019-11-21 13:13:02.053 18597 INFO rally.task.runner [-] Task 911b0877-876e-4644-9be4-1c53679a121c | ITER: 88 START
2019-11-21 13:13:02.086 18606 INFO rally.task.runner [-] Task 911b0877-876e-4644-9be4-1c53679a121c | ITER: 68 END: OK
2019-11-21 13:13:02.089 18606 INFO rally.task.runner [-] Task 911b0877-876e-4644-9be4-1c53679a121c | ITER: 89 START
2019-11-21 13:13:02.328 18632 INFO rally.task.runner [-] Task 911b0877-876e-4644-9be4-1c53679a121c | ITER: 66 END: OK
2019-11-21 13:13:02.331 18632 INFO rally.task.runner [-] Task 911b0877-876e-4644-9be4-1c53679a121c | ITER: 90 START
2019-11-21 13:13:02.358 18594 INFO rally.task.runner [-] Task 911b0877-876e-4644-9be4-1c53679a121c | ITER: 76 END: OK
2019-11-21 13:13:02.361 18594 INFO rally.task.runner [-] Task 911b0877-876e-4644-9be4-1c53679a121c | ITER: 91 START
2019-11-21 13:13:02.660 18603 INFO rally.task.runner [-] Task 911b0877-876e-4644-9be4-1c53679a121c | ITER: 73 END: OK
2019-11-21 13:13:02.663 18603 INFO rally.task.runner [-] Task 911b0877-876e-4644-9be4-1c53679a121c | ITER: 92 START
2019-11-21 13:13:02.816 18627 INFO rally.task.runner [-] Task 911b0877-876e-4644-9be4-1c53679a121c | ITER: 71 END: OK
2019-11-21 13:13:02.819 18627 INFO rally.task.runner [-] Task 911b0877-876e-4644-9be4-1c53679a121c | ITER: 93 START
2019-11-21 13:13:02.828 18613 INFO rally.task.runner [-] Task 911b0877-876e-4644-9be4-1c53679a121c | ITER: 72 END: OK
2019-11-21 13:13:02.832 18613 INFO rally.task.runner [-] Task 911b0877-876e-4644-9be4-1c53679a121c | ITER: 94 START
2019-11-21 13:13:02.979 18597 INFO rally.task.runner [-] Task 911b0877-876e-4644-9be4-1c53679a121c | ITER: 82 END: OK
2019-11-21 13:13:02.983 18597 INFO rally.task.runner [-] Task 911b0877-876e-4644-9be4-1c53679a121c | ITER: 95 START
2019-11-21 13:13:03.216 18600 INFO rally.task.runner [-] Task 911b0877-876e-4644-9be4-1c53679a121c | ITER: 74 END: OK
2019-11-21 13:13:03.219 18600 INFO rally.task.runner [-] Task 911b0877-876e-4644-9be4-1c53679a121c | ITER: 96 START
2019-11-21 13:13:03.321 18633 INFO rally.task.runner [-] Task 911b0877-876e-4644-9be4-1c53679a121c | ITER: 78 END: OK
2019-11-21 13:13:03.325 18633 INFO rally.task.runner [-] Task 911b0877-876e-4644-9be4-1c53679a121c | ITER: 97 START
2019-11-21 13:13:03.328 18594 INFO rally.task.runner [-] Task 911b0877-876e-4644-9be4-1c53679a121c | ITER: 75 END: OK
2019-11-21 13:13:03.329 18623 INFO rally.task.runner [-] Task 911b0877-876e-4644-9be4-1c53679a121c | ITER: 77 END: OK
2019-11-21 13:13:03.332 18594 INFO rally.task.runner [-] Task 911b0877-876e-4644-9be4-1c53679a121c | ITER: 98 START
2019-11-21 13:13:03.333 18623 INFO rally.task.runner [-] Task 911b0877-876e-4644-9be4-1c53679a121c | ITER: 99 START
2019-11-21 13:13:03.464 18620 INFO rally.task.runner [-] Task 911b0877-876e-4644-9be4-1c53679a121c | ITER: 81 END: OK
2019-11-21 13:13:03.467 18620 INFO rally.task.runner [-] Task 911b0877-876e-4644-9be4-1c53679a121c | ITER: 100 START
2019-11-21 13:13:03.586 18595 INFO rally.task.runner [-] Task 911b0877-876e-4644-9be4-1c53679a121c | ITER: 79 END: OK
2019-11-21 13:13:03.715 18625 INFO rally.task.runner [-] Task 911b0877-876e-4644-9be4-1c53679a121c | ITER: 80 END: OK
2019-11-21 13:13:03.917 18597 INFO rally.task.runner [-] Task 911b0877-876e-4644-9be4-1c53679a121c | ITER: 88 END: OK
2019-11-21 13:13:03.931 18636 INFO rally.task.runner [-] Task 911b0877-876e-4644-9be4-1c53679a121c | ITER: 83 END: OK
2019-11-21 13:13:04.150 18597 INFO rally.task.runner [-] Task 911b0877-876e-4644-9be4-1c53679a121c | ITER: 95 END: OK
2019-11-21 13:13:04.183 18595 INFO rally.task.runner [-] Task 911b0877-876e-4644-9be4-1c53679a121c | ITER: 84 END: OK
2019-11-21 13:13:04.218 18606 INFO rally.task.runner [-] Task 911b0877-876e-4644-9be4-1c53679a121c | ITER: 89 END: OK
2019-11-21 13:13:04.223 18596 INFO rally.task.runner [-] Task 911b0877-876e-4644-9be4-1c53679a121c | ITER: 87 END: OK
2019-11-21 13:13:04.343 18639 INFO rally.task.runner [-] Task 911b0877-876e-4644-9be4-1c53679a121c | ITER: 86 END: OK
2019-11-21 13:13:04.346 18603 INFO rally.task.runner [-] Task 911b0877-876e-4644-9be4-1c53679a121c | ITER: 92 END: OK
2019-11-21 13:13:04.376 18627 INFO rally.task.runner [-] Task 911b0877-876e-4644-9be4-1c53679a121c | ITER: 93 END: OK
2019-11-21 13:13:04.556 18633 INFO rally.task.runner [-] Task 911b0877-876e-4644-9be4-1c53679a121c | ITER: 97 END: OK
2019-11-21 13:13:04.641 18623 INFO rally.task.runner [-] Task 911b0877-876e-4644-9be4-1c53679a121c | ITER: 99 END: OK
2019-11-21 13:13:04.689 18596 INFO rally.task.runner [-] Task 911b0877-876e-4644-9be4-1c53679a121c | ITER: 85 END: OK
2019-11-21 13:13:04.755 18600 INFO rally.task.runner [-] Task 911b0877-876e-4644-9be4-1c53679a121c | ITER: 96 END: OK
2019-11-21 13:13:04.796 18632 INFO rally.task.runner [-] Task 911b0877-876e-4644-9be4-1c53679a121c | ITER: 90 END: OK
2019-11-21 13:13:04.802 18620 INFO rally.task.runner [-] Task 911b0877-876e-4644-9be4-1c53679a121c | ITER: 100 END: OK
2019-11-21 13:13:04.812 18594 INFO rally.task.runner [-] Task 911b0877-876e-4644-9be4-1c53679a121c | ITER: 91 END: OK
2019-11-21 13:13:04.922 18594 INFO rally.task.runner [-] Task 911b0877-876e-4644-9be4-1c53679a121c | ITER: 98 END: OK
2019-11-21 13:13:05.025 18613 INFO rally.task.runner [-] Task 911b0877-876e-4644-9be4-1c53679a121c | ITER: 94 END: OK
2019-11-21 13:13:05.049 18470 INFO rally.task.context [-] Task 911b0877-876e-4644-9be4-1c53679a121c | Context cleanup@openstack cleanup() started
2019-11-21 13:13:05.053 18470 RALLYDEBUG rally_openstack.cleanup.manager [-] Cleaning up neutron vip objects
2019-11-21 13:13:05.433 18470 RALLYDEBUG rally_openstack.cleanup.manager [-] Cleaning up neutron health_monitor objects
2019-11-21 13:13:05.809 18470 RALLYDEBUG rally_openstack.cleanup.manager [-] Cleaning up neutron pool objects
2019-11-21 13:13:06.189 18470 RALLYDEBUG rally_openstack.cleanup.manager [-] Cleaning up neutron loadbalancer objects
2019-11-21 13:13:06.569 18470 RALLYDEBUG rally_openstack.cleanup.manager [-] Cleaning up neutron floatingip objects
2019-11-21 13:13:06.985 18470 RALLYDEBUG rally_openstack.cleanup.manager [-] Cleaning up neutron trunk objects
2019-11-21 13:13:07.384 18470 RALLYDEBUG rally_openstack.cleanup.manager [-] Cleaning up neutron port objects
2019-11-21 13:13:07.791 18470 RALLYDEBUG rally_openstack.cleanup.manager [-] Cleaning up neutron subnet objects
2019-11-21 13:13:08.198 18470 RALLYDEBUG rally_openstack.cleanup.manager [-] Cleaning up neutron network objects
2019-11-21 13:13:08.932 18470 RALLYDEBUG rally_openstack.cleanup.manager [-] Deleting neutron.network object s_rally_705dedba_PoXB7wOT (06435ddb-ca90-49ec-b6c2-b6e71706aa64)
2019-11-21 13:13:08.931 18470 RALLYDEBUG rally_openstack.cleanup.manager [-] Deleting neutron.network object s_rally_705dedba_rp80zOVW (0096d5d7-838d-4840-96ba-7d305f3a5d37)
2019-11-21 13:13:08.936 18470 RALLYDEBUG rally_openstack.cleanup.manager [-] Deleting neutron.network object s_rally_705dedba_wZDgi5pB (0ac574e7-3355-4f8f-950f-331ad5bf4a42)
2019-11-21 13:13:08.940 18470 RALLYDEBUG rally_openstack.cleanup.manager [-] Deleting neutron.network object s_rally_705dedba_v7Rb4H4k (171f97e9-6a3b-4ca1-9699-d707ece1593a)
2019-11-21 13:13:08.941 18470 RALLYDEBUG rally_openstack.cleanup.manager [-] Deleting neutron.network object s_rally_705dedba_eU5sTIVv (1c5bb8c6-c7ea-491b-a18a-6eee61d1c711)
2019-11-21 13:13:08.943 18470 RALLYDEBUG rally_openstack.cleanup.manager [-] Deleting neutron.network object s_rally_705dedba_caYD2og7 (208ddcac-08bd-44c9-a45d-2d3b70f63ef3)
2019-11-21 13:13:08.943 18470 RALLYDEBUG rally_openstack.cleanup.manager [-] Deleting neutron.network object s_rally_705dedba_SbuYSwbK (0984fad2-8b23-4fa9-b8cd-184d52938d23)
2019-11-21 13:13:08.946 18470 RALLYDEBUG rally_openstack.cleanup.manager [-] Deleting neutron.network object s_rally_705dedba_fwJc34Dq (06ab9127-a3a2-48be-b800-fe9360fef96a)
2019-11-21 13:13:08.949 18470 RALLYDEBUG rally_openstack.cleanup.manager [-] Deleting neutron.network object s_rally_705dedba_mqPhb3W4 (0ec9d49c-d227-4741-844e-7593b2fbb660)
2019-11-21 13:13:08.951 18470 RALLYDEBUG rally_openstack.cleanup.manager [-] Deleting neutron.network object s_rally_705dedba_aIsAy5xa (07f3035a-675e-4704-8f60-8be08501f85b)
2019-11-21 13:13:08.952 18470 RALLYDEBUG rally_openstack.cleanup.manager [-] Deleting neutron.network object s_rally_705dedba_jCUnh41b (0c4c86f8-920f-47b5-80d9-20082a15b511)
2019-11-21 13:13:08.958 18470 RALLYDEBUG rally_openstack.cleanup.manager [-] Deleting neutron.network object s_rally_705dedba_i0AB6Kl7 (0aff46e0-2c34-4471-8dd4-4bbf79bcbbee)
2019-11-21 13:13:08.966 18470 RALLYDEBUG rally_openstack.cleanup.manager [-] Deleting neutron.network object s_rally_705dedba_M8NUDeEG (06a46ae4-18ad-4ae2-b24c-1c4ba4942ed6)
2019-11-21 13:13:08.967 18470 RALLYDEBUG rally_openstack.cleanup.manager [-] Deleting neutron.network object s_rally_705dedba_qAa7d3hJ (0207b750-0aab-4179-82f2-a33a569cff2e)
2019-11-21 13:13:08.978 18470 RALLYDEBUG rally_openstack.cleanup.manager [-] Deleting neutron.network object s_rally_705dedba_VqykX76t (13da17fe-57ce-4b1c-a17e-cc89cd428f40)
2019-11-21 13:13:08.979 18470 RALLYDEBUG rally_openstack.cleanup.manager [-] Deleting neutron.network object s_rally_705dedba_vA0VLV58 (04668da3-8080-4eaa-9095-e91688655c4c)
2019-11-21 13:13:08.983 18470 RALLYDEBUG rally_openstack.cleanup.manager [-] Deleting neutron.network object s_rally_705dedba_JU3N4Mkx (105a6738-1755-49e4-a9b9-4e2d49c07316)
2019-11-21 13:13:08.986 18470 RALLYDEBUG rally_openstack.cleanup.manager [-] Deleting neutron.network object s_rally_705dedba_NgnovdHT (120ad965-dc9d-484d-bb84-bc3352f95156)
2019-11-21 13:13:08.988 18470 RALLYDEBUG rally_openstack.cleanup.manager [-] Deleting neutron.network object s_rally_705dedba_DzBE1zb8 (023fba41-940d-4e18-bb2e-e6fdfeffb269)
2019-11-21 13:13:09.022 18470 RALLYDEBUG rally_openstack.cleanup.manager [-] Deleting neutron.network object s_rally_705dedba_8Msl3wzF (0ac3f1f0-cc1c-497e-8398-cc3b7f249f19)
2019-11-21 13:13:11.365 18470 RALLYDEBUG rally_openstack.cleanup.manager [-] Deleting neutron.network object s_rally_705dedba_J4krGAoN (32e9206d-87b3-44f2-86c4-3dc3537859cb)
2019-11-21 13:13:11.601 18470 RALLYDEBUG rally_openstack.cleanup.manager [-] Deleting neutron.network object s_rally_705dedba_oEohJsir (349c33fa-6e6f-4424-9eff-e58c177aca7a)
2019-11-21 13:13:11.870 18470 RALLYDEBUG rally_openstack.cleanup.manager [-] Deleting neutron.network object s_rally_705dedba_KsDY0aBX (3bcdc5f1-763c-46af-9c10-9db61d488083)
2019-11-21 13:13:11.984 18470 RALLYDEBUG rally_openstack.cleanup.manager [-] Deleting neutron.network object s_rally_705dedba_b15whuMI (4741e9cc-1698-44e2-b084-c31dc450b841)
2019-11-21 13:13:12.019 18470 RALLYDEBUG rally_openstack.cleanup.manager [-] Deleting neutron.network object s_rally_705dedba_Zq1VHX09 (4ab9caa7-4d99-4013-b94f-cf81344f5b26)
2019-11-21 13:13:12.071 18470 RALLYDEBUG rally_openstack.cleanup.manager [-] Deleting neutron.network object s_rally_705dedba_pMXEyt1z (4c2df4d0-d7b1-4727-8467-99e6b8351cb9)
2019-11-21 13:13:12.112 18470 RALLYDEBUG rally_openstack.cleanup.manager [-] Deleting neutron.network object s_rally_705dedba_RecDB9WS (4df5cd4c-8964-40b6-8393-70dc283b960e)
2019-11-21 13:13:12.171 18470 RALLYDEBUG rally_openstack.cleanup.manager [-] Deleting neutron.network object s_rally_705dedba_K12OfbcE (508aae49-4a9e-4791-8def-15a4b07c68cb)
2019-11-21 13:13:12.182 18470 RALLYDEBUG rally_openstack.cleanup.manager [-] Deleting neutron.network object s_rally_705dedba_4kTT7FRC (57f68abb-5040-4ff2-95b8-e21668c0eb20)
2019-11-21 13:13:12.218 18470 RALLYDEBUG rally_openstack.cleanup.manager [-] Deleting neutron.network object s_rally_705dedba_lRcxJaJK (591b5ac8-2969-4747-a538-a15c77c5e968)
2019-11-21 13:13:12.242 18470 RALLYDEBUG rally_openstack.cleanup.manager [-] Deleting neutron.network object s_rally_705dedba_LkYOUt7W (5a3e2bf2-3335-4e47-a304-e553bcbb65d8)
2019-11-21 13:13:12.256 18470 RALLYDEBUG rally_openstack.cleanup.manager [-] Deleting neutron.network object s_rally_705dedba_tuicOmKo (5c8e32ef-4aa1-4a6f-b75a-9de9e261998f)
2019-11-21 13:13:12.434 18470 RALLYDEBUG rally_openstack.cleanup.manager [-] Deleting neutron.network object s_rally_705dedba_B2eflpYZ (5f29ec44-3e35-4ba6-a78e-f010a564f7ad)
2019-11-21 13:13:12.477 18470 RALLYDEBUG rally_openstack.cleanup.manager [-] Deleting neutron.network object s_rally_705dedba_QpbWemi2 (60e3e28a-94ca-4cf4-a4f1-e6817e111799)
2019-11-21 13:13:12.623 18470 RALLYDEBUG rally_openstack.cleanup.manager [-] Deleting neutron.network object s_rally_705dedba_t8AeqUla (613cdd91-7e37-4ad1-8d4c-76cc0aff75e3)
2019-11-21 13:13:12.710 18470 RALLYDEBUG rally_openstack.cleanup.manager [-] Deleting neutron.network object s_rally_705dedba_B23wclFp (654e0fae-bb3c-49db-a7a9-85f3943a03d6)
2019-11-21 13:13:12.781 18470 RALLYDEBUG rally_openstack.cleanup.manager [-] Deleting neutron.network object s_rally_705dedba_GW1ccsYs (6733af4b-2f93-4376-aa05-708019553cc6)
2019-11-21 13:13:12.801 18470 RALLYDEBUG rally_openstack.cleanup.manager [-] Deleting neutron.network object s_rally_705dedba_g8hBDpC7 (6b8a5c74-0de7-42ea-87f5-f8293b5376ea)
2019-11-21 13:13:12.863 18470 RALLYDEBUG rally_openstack.cleanup.manager [-] Deleting neutron.network object s_rally_705dedba_USpVlZhp (6ba87a44-a963-473c-b310-b2e0bd5c3a5f)
2019-11-21 13:13:12.913 18470 RALLYDEBUG rally_openstack.cleanup.manager [-] Deleting neutron.network object s_rally_705dedba_Y3YSpfaP (6d301065-cd98-4a01-b231-b60c6083ee26)
2019-11-21 13:13:13.611 18470 RALLYDEBUG rally_openstack.cleanup.manager [-] Deleting neutron.network object s_rally_705dedba_xX24O3hh (6d8c85e2-bfc3-4fd0-ad74-2338b1c8420c)
2019-11-21 13:13:13.756 18470 RALLYDEBUG rally_openstack.cleanup.manager [-] Deleting neutron.network object s_rally_705dedba_6qGo7qmO (70630367-9647-4062-afb3-9d462d066c1a)
2019-11-21 13:13:14.500 18470 RALLYDEBUG rally_openstack.cleanup.manager [-] Deleting neutron.network object s_rally_705dedba_GY7DXQxC (70b562c8-06b1-41c1-981a-410a8bf4d029)
2019-11-21 13:13:14.746 18470 RALLYDEBUG rally_openstack.cleanup.manager [-] Deleting neutron.network object s_rally_705dedba_Muf9yc2y (7194f522-7382-4293-9230-c3f587113976)
2019-11-21 13:13:14.836 18470 RALLYDEBUG rally_openstack.cleanup.manager [-] Deleting neutron.network object s_rally_705dedba_sZLmJsTl (72cf5529-d189-40cb-ad1d-dba08dbeaa34)
2019-11-21 13:13:14.941 18470 RALLYDEBUG rally_openstack.cleanup.manager [-] Deleting neutron.network object s_rally_705dedba_UEBT7kJS (73751252-5c4e-47db-8aa0-6a318d199f7a)
2019-11-21 13:13:14.973 18470 RALLYDEBUG rally_openstack.cleanup.manager [-] Deleting neutron.network object s_rally_705dedba_uGAMSANV (73927c0d-17e0-430b-b67e-234325187865)
2019-11-21 13:13:15.090 18470 RALLYDEBUG rally_openstack.cleanup.manager [-] Deleting neutron.network object s_rally_705dedba_XQKydAFS (73a657fe-5e76-4dfa-a46a-e0bf0fe584ee)
2019-11-21 13:13:15.101 18470 RALLYDEBUG rally_openstack.cleanup.manager [-] Deleting neutron.network object s_rally_705dedba_vw997Uhl (74071f15-4eaa-4475-9e39-10477258fc01)
2019-11-21 13:13:15.198 18470 RALLYDEBUG rally_openstack.cleanup.manager [-] Deleting neutron.network object s_rally_705dedba_GJuQmF8f (755fa2f6-2ae3-4d0d-954a-0a0970a3dbae)
2019-11-21 13:13:15.372 18470 RALLYDEBUG rally_openstack.cleanup.manager [-] Deleting neutron.network object s_rally_705dedba_IPz6VTIn (767d29c3-dd5b-4f0c-b425-bc40937a3ebd)
2019-11-21 13:13:15.463 18470 RALLYDEBUG rally_openstack.cleanup.manager [-] Deleting neutron.network object s_rally_705dedba_BxlMtKO9 (78ac5401-76de-47a0-a500-997c141c7b40)
2019-11-21 13:13:15.495 18470 RALLYDEBUG rally_openstack.cleanup.manager [-] Deleting neutron.network object s_rally_705dedba_kmoIwL0w (78b1db8e-7453-4fd9-af87-b8b56419a42a)
2019-11-21 13:13:15.495 18470 RALLYDEBUG rally_openstack.cleanup.manager [-] Deleting neutron.network object s_rally_705dedba_xCUFP2Xk (79218abc-1153-456a-b1cd-3df7dca332f9)
2019-11-21 13:13:15.614 18470 RALLYDEBUG rally_openstack.cleanup.manager [-] Deleting neutron.network object s_rally_705dedba_YfwwJVAV (7abb6ebf-8a83-42a2-bf1d-83dcba3248d4)
2019-11-21 13:13:15.845 18470 RALLYDEBUG rally_openstack.cleanup.manager [-] Deleting neutron.network object s_rally_705dedba_zbGwVfC2 (8625811a-f0cb-4c9d-a1d5-15a0c5d89502)
2019-11-21 13:13:15.870 18470 RALLYDEBUG rally_openstack.cleanup.manager [-] Deleting neutron.network object s_rally_705dedba_5iZV8OG0 (8a57636b-d3a0-43d2-8d8d-c0f154db0e12)
2019-11-21 13:13:15.924 18470 RALLYDEBUG rally_openstack.cleanup.manager [-] Deleting neutron.network object s_rally_705dedba_pOexYqNO (8c7e238c-e402-4532-adb7-91d56e4c331d)
2019-11-21 13:13:15.948 18470 RALLYDEBUG rally_openstack.cleanup.manager [-] Deleting neutron.network object s_rally_705dedba_bUIUp7Yj (8d119067-570f-484f-8c0b-3778f3d33c3d)
2019-11-21 13:13:15.992 18470 RALLYDEBUG rally_openstack.cleanup.manager [-] Deleting neutron.network object s_rally_705dedba_9g02vGyF (9469f703-07b6-49e8-b915-462fe842ed31)
2019-11-21 13:13:16.023 18470 RALLYDEBUG rally_openstack.cleanup.manager [-] Deleting neutron.network object s_rally_705dedba_iV2TQUBF (95dc749c-5d6c-47ce-85a9-08489f77d409)
2019-11-21 13:13:16.038 18470 RALLYDEBUG rally_openstack.cleanup.manager [-] Deleting neutron.network object s_rally_705dedba_FGvKn4BA (9bb95f9a-ebbe-4c04-801a-7307c6545a62)
2019-11-21 13:13:16.701 18470 RALLYDEBUG rally_openstack.cleanup.manager [-] Deleting neutron.network object s_rally_705dedba_BOCZZSE5 (a53e22f7-210e-4288-a177-287f3d843d2a)
2019-11-21 13:13:16.880 18470 RALLYDEBUG rally_openstack.cleanup.manager [-] Deleting neutron.network object s_rally_705dedba_Z1BQcLnN (abb8a339-7032-494e-ad9e-d26b91f97e58)
2019-11-21 13:13:17.374 18470 RALLYDEBUG rally_openstack.cleanup.manager [-] Deleting neutron.network object s_rally_705dedba_HGTCqCO1 (ae37e1d4-d3f2-43af-85e7-01e5239fda22)
2019-11-21 13:13:17.464 18470 RALLYDEBUG rally_openstack.cleanup.manager [-] Deleting neutron.network object s_rally_705dedba_xlmwlRaH (afe2bfb4-e930-458a-a010-1603e20836fd)
2019-11-21 13:13:17.934 18470 RALLYDEBUG rally_openstack.cleanup.manager [-] Deleting neutron.network object s_rally_705dedba_hpx7r1c3 (b10a8a72-9a9c-4c2f-88c5-117c20001916)
2019-11-21 13:13:18.072 18470 RALLYDEBUG rally_openstack.cleanup.manager [-] Deleting neutron.network object s_rally_705dedba_OmYWyoLX (b1db4a0c-0272-4d28-9ec2-a6a88e052442)
2019-11-21 13:13:18.093 18470 RALLYDEBUG rally_openstack.cleanup.manager [-] Deleting neutron.network object s_rally_705dedba_otwcSnyR (b593fa2a-85bd-4ee2-9a70-a439b8f11859)
2019-11-21 13:13:18.433 18470 RALLYDEBUG rally_openstack.cleanup.manager [-] Deleting neutron.network object s_rally_705dedba_heaELDj2 (b8433a16-1f3b-4e90-abc9-6b625c08121f)
2019-11-21 13:13:18.497 18470 RALLYDEBUG rally_openstack.cleanup.manager [-] Deleting neutron.network object s_rally_705dedba_aRoPc0BF (bbe7cfbb-b263-48f6-85ef-f8b4f316313d)
2019-11-21 13:13:18.706 18470 RALLYDEBUG rally_openstack.cleanup.manager [-] Deleting neutron.network object s_rally_705dedba_vMakm1zD (bdb01cf0-ff90-4c8e-b56f-993920d05d5b)
2019-11-21 13:13:18.777 18470 RALLYDEBUG rally_openstack.cleanup.manager [-] Deleting neutron.network object s_rally_705dedba_fLfeDPgV (be6c4085-31c5-4a27-ae2f-0eb8111fe366)
2019-11-21 13:13:18.839 18470 RALLYDEBUG rally_openstack.cleanup.manager [-] Deleting neutron.network object s_rally_705dedba_FHYNqTLe (bed9ae7b-155a-40d3-8008-7f747f7cd3e1)
2019-11-21 13:13:18.920 18470 RALLYDEBUG rally_openstack.cleanup.manager [-] Deleting neutron.network object s_rally_705dedba_S9PZYCSj (bfa4e45e-e938-402d-a00a-fabe670539bf)
2019-11-21 13:13:18.928 18470 RALLYDEBUG rally_openstack.cleanup.manager [-] Deleting neutron.network object s_rally_705dedba_w1V0J4Vk (c3c3c624-983b-481e-9748-088f0a94cad1)
2019-11-21 13:13:18.938 18470 RALLYDEBUG rally_openstack.cleanup.manager [-] Deleting neutron.network object s_rally_705dedba_cCla7ins (c98cd531-2548-495e-b226-1bbf9b6bfdcc)
2019-11-21 13:13:18.968 18470 RALLYDEBUG rally_openstack.cleanup.manager [-] Deleting neutron.network object s_rally_705dedba_9cBh1wWF (cb0b03d5-21df-4e40-9992-a679989981a8)
2019-11-21 13:13:18.992 18470 RALLYDEBUG rally_openstack.cleanup.manager [-] Deleting neutron.network object s_rally_705dedba_WKlpBBhh (cd31e50e-2b89-46ae-826c-54c9115356d8)
2019-11-21 13:13:19.061 18470 RALLYDEBUG rally_openstack.cleanup.manager [-] Deleting neutron.network object s_rally_705dedba_lfIFRKIu (cfa61cf0-5e77-4f6d-84f8-22d877145df8)
2019-11-21 13:13:19.147 18470 RALLYDEBUG rally_openstack.cleanup.manager [-] Deleting neutron.network object s_rally_705dedba_LSW0TTFK (d007ab3d-3d23-475a-b715-24635e27a33a)
2019-11-21 13:13:19.293 18470 RALLYDEBUG rally_openstack.cleanup.manager [-] Deleting neutron.network object s_rally_705dedba_2bRnPrzx (d0e39896-5aaf-475e-a514-b5c8ed474273)
2019-11-21 13:13:19.511 18470 RALLYDEBUG rally_openstack.cleanup.manager [-] Deleting neutron.network object s_rally_705dedba_koDZL5Ng (d694e961-27f3-4deb-b560-c497fe8a86c0)
2019-11-21 13:13:19.562 18470 RALLYDEBUG rally_openstack.cleanup.manager [-] Deleting neutron.network object s_rally_705dedba_QgV91IxZ (d6a0bcae-c853-4678-9e87-f8759abad462)
2019-11-21 13:13:19.571 18470 RALLYDEBUG rally_openstack.cleanup.manager [-] Deleting neutron.network object s_rally_705dedba_6j2O6hbe (db6559ac-f04e-4496-b59c-04738c9c15ba)
2019-11-21 13:13:19.674 18470 RALLYDEBUG rally_openstack.cleanup.manager [-] Deleting neutron.network object s_rally_705dedba_lPA3iiCz (dbc7ef2e-aaaf-4a8f-a559-ebb191bd3a6a)
2019-11-21 13:13:19.982 18470 RALLYDEBUG rally_openstack.cleanup.manager [-] Deleting neutron.network object s_rally_705dedba_uk1QUgKF (dc86620c-8fe4-4795-ad10-2f08e1ba2867)
2019-11-21 13:13:20.205 18470 RALLYDEBUG rally_openstack.cleanup.manager [-] Deleting neutron.network object s_rally_705dedba_FlzakjoV (e02da2a5-04c8-4df2-8666-7425e4c87b83)
2019-11-21 13:13:20.219 18470 RALLYDEBUG rally_openstack.cleanup.manager [-] Deleting neutron.network object s_rally_705dedba_UZknJk8K (e2dfec04-24c9-45b2-9de4-9ff5ab29eb47)
2019-11-21 13:13:20.787 18470 RALLYDEBUG rally_openstack.cleanup.manager [-] Deleting neutron.network object s_rally_705dedba_XZ0t08LN (e486fa11-7e39-4023-a0f1-95fe8ef3a51f)
2019-11-21 13:13:21.176 18470 RALLYDEBUG rally_openstack.cleanup.manager [-] Deleting neutron.network object s_rally_705dedba_Zj943MRM (eb335850-2010-4ebb-af9d-6353ce3cdd0b)
2019-11-21 13:13:21.469 18470 RALLYDEBUG rally_openstack.cleanup.manager [-] Deleting neutron.network object s_rally_705dedba_FuUsJhwJ (eb88e68f-46f7-4651-aa88-2960b69cec6c)
2019-11-21 13:13:21.613 18470 RALLYDEBUG rally_openstack.cleanup.manager [-] Deleting neutron.network object s_rally_705dedba_C4TtrAaP (ebbc3ea7-db9b-4d52-8910-d51a94e99958)
2019-11-21 13:13:21.789 18470 RALLYDEBUG rally_openstack.cleanup.manager [-] Deleting neutron.network object s_rally_705dedba_atTMx1Nt (edfe3373-5333-47d6-9207-dd42073ee1de)
2019-11-21 13:13:21.808 18470 RALLYDEBUG rally_openstack.cleanup.manager [-] Deleting neutron.network object s_rally_705dedba_jkCDWWxN (f0a497d3-e1e3-4811-98b0-ebe4f21d8708)
2019-11-21 13:13:21.842 18470 RALLYDEBUG rally_openstack.cleanup.manager [-] Deleting neutron.network object s_rally_705dedba_u6tDjRHV (f577e297-0ddf-40d5-b8d4-9d82f82b0f10)
