2019-11-21 11:51:06.963 8 RALLYDEBUG rally.api [-] INFO logs from urllib3 and requests module are hide.
2019-11-21 11:51:06.963 8 RALLYDEBUG rally.api [-] urllib3 insecure warnings are hidden.
2019-11-21 11:51:06.963 8 RALLYDEBUG rally.api [-] ERROR log from boto module is hide.
2019-11-21 11:51:08.534 8 ERROR rally.cli.cliutils [-] Unexpected exception in CLI: DBRecordNotFound: Record for uuid or name is opnfv-rally not found in table envs
2019-11-21 11:51:08.534 8 ERROR rally.cli.cliutils
Traceback (most recent call last):
2019-11-21 11:51:08.534 8 ERROR rally.cli.cliutils
File "/usr/lib/python2.7/site-packages/rally/cli/cliutils.py", line 674, in run
2019-11-21 11:51:08.534 8 ERROR rally.cli.cliutils ret = fn(*fn_args, **fn_kwargs)
2019-11-21 11:51:08.534 8 ERROR rally.cli.cliutils File "", line 2, in destroy
2019-11-21 11:51:08.534 8 ERROR rally.cli.cliutils
File "/usr/lib/python2.7/site-packages/rally/cli/envutils.py", line 68, in default_from_global
2019-11-21 11:51:08.534 8 ERROR rally.cli.cliutils return f(*args, **kwargs)
2019-11-21 11:51:08.534 8 ERROR rally.cli.cliutils File "", line 2, in destroy
2019-11-21 11:51:08.534 8 ERROR rally.cli.cliutils
File "/usr/lib/python2.7/site-packages/rally/plugins/__init__.py", line 51, in ensure_plugins_are_loaded
2019-11-21 11:51:08.534 8 ERROR rally.cli.cliutils return f(*args, **kwargs)
2019-11-21 11:51:08.534 8 ERROR rally.cli.cliutils
File "/usr/lib/python2.7/site-packages/rally/cli/commands/deployment.py", line 157, in destroy
2019-11-21 11:51:08.534 8 ERROR rally.cli.cliutils api.deployment.destroy(deployment=deployment)
2019-11-21 11:51:08.534 8 ERROR rally.cli.cliutils
File "/usr/lib/python2.7/site-packages/rally/api.py", line 115, in destroy
2019-11-21 11:51:08.534 8 ERROR rally.cli.cliutils deploy = objects.Deployment.get(deployment)
2019-11-21 11:51:08.534 8 ERROR rally.cli.cliutils
File "/usr/lib/python2.7/site-packages/rally/common/objects/deploy.py", line 124, in get
2019-11-21 11:51:08.534 8 ERROR rally.cli.cliutils return Deployment(env_mgr.EnvManager.get(deploy))
2019-11-21 11:51:08.534 8 ERROR rally.cli.cliutils
File "/usr/lib/python2.7/site-packages/rally/env/env_mgr.py", line 212, in get
2019-11-21 11:51:08.534 8 ERROR rally.cli.cliutils return cls(db.env_get(uuid_or_name))
2019-11-21 11:51:08.534 8 ERROR rally.cli.cliutils
File "/usr/lib/python2.7/site-packages/rally/common/db/api.py", line 135, in wrapper
2019-11-21 11:51:08.534 8 ERROR rally.cli.cliutils result = f(session, *args, **kwargs)
2019-11-21 11:51:08.534 8 ERROR rally.cli.cliutils
File "/usr/lib/python2.7/site-packages/rally/common/db/api.py", line 521, in env_get
2019-11-21 11:51:08.534 8 ERROR rally.cli.cliutils criteria="uuid or name is %s" % uuid_or_name, table="envs")
2019-11-21 11:51:08.534 8 ERROR rally.cli.cliutils DBRecordNotFound: Record for uuid or name is opnfv-rally not found in table envs
2019-11-21 11:51:08.534 8 ERROR rally.cli.cliutils
2019-11-21 11:51:09.386 10 RALLYDEBUG rally.api [-] INFO logs from urllib3 and requests module are hide.
2019-11-21 11:51:09.386 10 RALLYDEBUG rally.api [-] urllib3 insecure warnings are hidden.
2019-11-21 11:51:09.386 10 RALLYDEBUG rally.api [-] ERROR log from boto module is hide.
2019-11-21 11:51:12.406 12 RALLYDEBUG rally.api [-] INFO logs from urllib3 and requests module are hide.
2019-11-21 11:51:12.406 12 RALLYDEBUG rally.api [-] urllib3 insecure warnings are hidden.
2019-11-21 11:51:12.406 12 RALLYDEBUG rally.api [-] ERROR log from boto module is hide.
2019-11-21 11:51:15.941 15 RALLYDEBUG rally.api [-] INFO logs from urllib3 and requests module are hide.
2019-11-21 11:51:15.942 15 RALLYDEBUG rally.api [-] urllib3 insecure warnings are hidden.
2019-11-21 11:51:15.942 15 RALLYDEBUG rally.api [-] ERROR log from boto module is hide.
2019-11-21 11:51:17.084 17 RALLYDEBUG rally.api [-] INFO logs from urllib3 and requests module are hide.
2019-11-21 11:51:17.084 17 RALLYDEBUG rally.api [-] urllib3 insecure warnings are hidden.
2019-11-21 11:51:17.084 17 RALLYDEBUG rally.api [-] ERROR log from boto module is hide.
2019-11-21 11:51:18.735 17 INFO rally.task.engine [-] Task 79068f5c-0a91-47ff-b427-98e124edd840 | Starting: Task validation.
2019-11-21 11:51:18.787 17 INFO rally.task.engine [-] Task 79068f5c-0a91-47ff-b427-98e124edd840 | Starting: Task validation of syntax.
2019-11-21 11:51:18.885 17 INFO rally.task.engine [-] Task 79068f5c-0a91-47ff-b427-98e124edd840 | Completed: Task validation of syntax.
2019-11-21 11:51:18.885 17 INFO rally.task.engine [-] Task 79068f5c-0a91-47ff-b427-98e124edd840 | Starting: Task validation of required platforms.
2019-11-21 11:51:18.929 17 INFO rally.task.engine [-] Task 79068f5c-0a91-47ff-b427-98e124edd840 | Completed: Task validation of required platforms.
2019-11-21 11:51:18.929 17 INFO rally.task.engine [-] Task 79068f5c-0a91-47ff-b427-98e124edd840 | Starting: Task validation of semantic.
2019-11-21 11:51:18.930 17 INFO rally.task.engine [-] Check health of the environment '1d2bbc41-281c-4d63-8c1f-b091c46b4029'.
2019-11-21 11:51:19.803 17 INFO rally.task.engine [-] Platform existing@openstack (available: True): OK!
2019-11-21 11:51:19.822 17 RALLYDEBUG rally_openstack.contexts.keystone.users [-] Creating 1 tenants using 20 threads
2019-11-21 11:51:20.637 17 RALLYDEBUG rally_openstack.contexts.keystone.users [-] Creating 1 users using 20 threads
2019-11-21 11:51:21.966 17 INFO rally.task.context [-] Task 79068f5c-0a91-47ff-b427-98e124edd840 | Context users@openstack setup() finished in 2.14 sec
2019-11-21 11:51:22.027 17 INFO rally.task.context [-] Task 79068f5c-0a91-47ff-b427-98e124edd840 | Context users@openstack cleanup() started
2019-11-21 11:51:25.162 17 INFO rally.task.context [-] Task 79068f5c-0a91-47ff-b427-98e124edd840 | Context users@openstack cleanup() finished in 3.13 sec
2019-11-21 11:51:25.163 17 INFO rally.task.engine [-] Task 79068f5c-0a91-47ff-b427-98e124edd840 | Completed: Task validation of semantic.
2019-11-21 11:51:25.163 17 INFO rally.task.engine [-] Task 79068f5c-0a91-47ff-b427-98e124edd840 | Completed: Task validation.
2019-11-21 11:51:25.163 17 INFO rally.api [-] Task 79068f5c-0a91-47ff-b427-98e124edd840 input file is valid.
2019-11-21 11:51:25.164 17 INFO rally.api [-] Run Task 79068f5c-0a91-47ff-b427-98e124edd840 against Deployment 1d2bbc41-281c-4d63-8c1f-b091c46b4029
2019-11-21 11:51:25.164 17 INFO rally.task.engine [-] Task 79068f5c-0a91-47ff-b427-98e124edd840 | Starting: Running task.
2019-11-21 11:51:25.342 17 INFO rally.task.engine [-] Running workload: position = 0 config = { "version": 2, "title": "A cropped version of a bigger task.", "description": "Auto-generated task from a single workload (uuid=91f8706d-8823-44ad-b147-578b063422a4)", "subtasks": [ { "title": "Authenticate.keystone", "description": "Check Keystone Client.", "scenario": { "Authenticate.keystone": {} }, "contexts": { "users": { "tenants": 3, "users_per_tenant": 2 } }, "runner": { "constant": { "concurrency": 4, "times": 10 } }, "hooks": [], "sla": { "failure_rate": { "max": 0 } } } ] }
2019-11-21 11:51:25.368 17 RALLYDEBUG rally_openstack.contexts.keystone.users [-] Creating 3 tenants using 20 threads
2019-11-21 11:51:26.410 17 RALLYDEBUG rally_openstack.contexts.keystone.users [-] Creating 6 users using 20 threads
2019-11-21 11:51:27.974 17 INFO rally.task.context [-] Task 79068f5c-0a91-47ff-b427-98e124edd840 | Context users@openstack setup() finished in 2.61 sec
2019-11-21 11:51:27.983 17 RALLYDEBUG rally.task.runner [-] Starting the constant runner (task UUID: 79068f5c-0a91-47ff-b427-98e124edd840). timeout: 0 concurrency: 4 concurrency_per_worker: 1 times: 10 concurrency_overhead: 0 processes_to_start: 4 max_cpu_used: 16
2019-11-21 11:51:28.060 141 RALLYDEBUG rally.task.runner [-] Starting a worker. concurrency: 1 args: {} times: 10 method_name: run timeout: 0 duration: None cls:
2019-11-21 11:51:28.063 142 RALLYDEBUG rally.task.runner [-] Starting a worker. concurrency: 1 args: {} times: 10 method_name: run timeout: 0 duration: None cls:
2019-11-21 11:51:28.068 141 INFO rally.task.runner [-] Task 79068f5c-0a91-47ff-b427-98e124edd840 | ITER: 1 START
2019-11-21 11:51:28.067 143 RALLYDEBUG rally.task.runner [-] Starting a worker. concurrency: 1 args: {} times: 10 method_name: run timeout: 0 duration: None cls:
2019-11-21 11:51:28.070 144 RALLYDEBUG rally.task.runner [-] Starting a worker. concurrency: 1 args: {} times: 10 method_name: run timeout: 0 duration: None cls:
2019-11-21 11:51:28.071 142 INFO rally.task.runner [-] Task 79068f5c-0a91-47ff-b427-98e124edd840 | ITER: 2 START
2019-11-21 11:51:28.074 143 INFO rally.task.runner [-] Task 79068f5c-0a91-47ff-b427-98e124edd840 | ITER: 3 START
2019-11-21 11:51:28.076 144 INFO rally.task.runner [-] Task 79068f5c-0a91-47ff-b427-98e124edd840 | ITER: 4 START
2019-11-21 11:51:28.805 144 INFO rally.task.runner [-] Task 79068f5c-0a91-47ff-b427-98e124edd840 | ITER: 4 END: OK
2019-11-21 11:51:28.810 144 INFO rally.task.runner [-] Task 79068f5c-0a91-47ff-b427-98e124edd840 | ITER: 5 START
2019-11-21 11:51:28.812 142 INFO rally.task.runner [-] Task 79068f5c-0a91-47ff-b427-98e124edd840 | ITER: 2 END: OK
2019-11-21 11:51:28.816 142 INFO rally.task.runner [-] Task 79068f5c-0a91-47ff-b427-98e124edd840 | ITER: 6 START
2019-11-21 11:51:28.818 141 INFO rally.task.runner [-] Task 79068f5c-0a91-47ff-b427-98e124edd840 | ITER: 1 END: OK
2019-11-21 11:51:28.824 141 INFO rally.task.runner [-] Task 79068f5c-0a91-47ff-b427-98e124edd840 | ITER: 7 START
2019-11-21 11:51:28.829 143 INFO rally.task.runner [-] Task 79068f5c-0a91-47ff-b427-98e124edd840 | ITER: 3 END: OK
2019-11-21 11:51:28.834 143 INFO rally.task.runner [-] Task 79068f5c-0a91-47ff-b427-98e124edd840 | ITER: 8 START
2019-11-21 11:51:29.489 143 INFO rally.task.runner [-] Task 79068f5c-0a91-47ff-b427-98e124edd840 | ITER: 8 END: OK
2019-11-21 11:51:29.493 143 INFO rally.task.runner [-] Task 79068f5c-0a91-47ff-b427-98e124edd840 | ITER: 9 START
2019-11-21 11:51:29.532 141 INFO rally.task.runner [-] Task 79068f5c-0a91-47ff-b427-98e124edd840 | ITER: 7 END: OK
2019-11-21 11:51:29.536 141 INFO rally.task.runner [-] Task 79068f5c-0a91-47ff-b427-98e124edd840 | ITER: 10 START
2019-11-21 11:51:29.582 144 INFO rally.task.runner [-] Task 79068f5c-0a91-47ff-b427-98e124edd840 | ITER: 5 END: OK
2019-11-21 11:51:29.586 142 INFO rally.task.runner [-] Task 79068f5c-0a91-47ff-b427-98e124edd840 | ITER: 6 END: OK
2019-11-21 11:51:30.172 141 INFO rally.task.runner [-] Task 79068f5c-0a91-47ff-b427-98e124edd840 | ITER: 10 END: OK
2019-11-21 11:51:30.259 143 INFO rally.task.runner [-] Task 79068f5c-0a91-47ff-b427-98e124edd840 | ITER: 9 END: OK
2019-11-21 11:51:30.289 17 INFO rally.task.context [-] Task 79068f5c-0a91-47ff-b427-98e124edd840 | Context users@openstack cleanup() started
2019-11-21 11:51:35.143 17 INFO rally.task.context [-] Task 79068f5c-0a91-47ff-b427-98e124edd840 | Context users@openstack cleanup() finished in 4.85 sec
2019-11-21 11:51:35.432 17 INFO rally.task.engine [-] Load duration is: 2.190296
2019-11-21 11:51:35.433 17 INFO rally.task.engine [-] Full runner duration is: 2.30601
2019-11-21 11:51:35.433 17 INFO rally.task.engine [-] Full duration is: 9.778328
2019-11-21 11:51:35.710 17 INFO rally.task.engine [-] Running workload: position = 0 config = { "version": 2, "title": "A cropped version of a bigger task.", "description": "Auto-generated task from a single workload (uuid=3406e18f-fef0-45a2-bd4b-12ce2aa14b88)", "subtasks": [ { "title": "Authenticate.validate_cinder", "description": "Check Cinder Client to ensure validation of token.", "scenario": { "Authenticate.validate_cinder": { "repetitions": 2 } }, "contexts": { "users": { "tenants": 3, "users_per_tenant": 2 } }, "runner": { "constant": { "concurrency": 4, "times": 10 } }, "hooks": [], "sla": { "failure_rate": { "max": 0 } } } ] }
2019-11-21 11:51:35.736 17 RALLYDEBUG rally_openstack.contexts.keystone.users [-] Creating 3 tenants using 20 threads
2019-11-21 11:51:36.804 17 RALLYDEBUG rally_openstack.contexts.keystone.users [-] Creating 6 users using 20 threads
2019-11-21 11:51:38.472 17 INFO rally.task.context [-] Task 79068f5c-0a91-47ff-b427-98e124edd840 | Context users@openstack setup() finished in 2.74 sec
2019-11-21 11:51:38.482 17 RALLYDEBUG rally.task.runner [-] Starting the constant runner (task UUID: 79068f5c-0a91-47ff-b427-98e124edd840). timeout: 0 concurrency: 4 concurrency_per_worker: 1 times: 10 concurrency_overhead: 0 processes_to_start: 4 max_cpu_used: 16
2019-11-21 11:51:38.496 245 RALLYDEBUG rally.task.runner [-] Starting a worker. concurrency: 1 args: {"repetitions": 2} times: 10 method_name: run timeout: 0 duration: None cls:
2019-11-21 11:51:38.499 246 RALLYDEBUG rally.task.runner [-] Starting a worker. concurrency: 1 args: {"repetitions": 2} times: 10 method_name: run timeout: 0 duration: None cls:
2019-11-21 11:51:38.502 247 RALLYDEBUG rally.task.runner [-] Starting a worker. concurrency: 1 args: {"repetitions": 2} times: 10 method_name: run timeout: 0 duration: None cls:
2019-11-21 11:51:38.504 245 INFO rally.task.runner [-] Task 79068f5c-0a91-47ff-b427-98e124edd840 | ITER: 1 START
2019-11-21 11:51:38.505 248 RALLYDEBUG rally.task.runner [-] Starting a worker. concurrency: 1 args: {"repetitions": 2} times: 10 method_name: run timeout: 0 duration: None cls:
2019-11-21 11:51:38.506 246 INFO rally.task.runner [-] Task 79068f5c-0a91-47ff-b427-98e124edd840 | ITER: 2 START
2019-11-21 11:51:38.509 247 INFO rally.task.runner [-] Task 79068f5c-0a91-47ff-b427-98e124edd840 | ITER: 3 START
2019-11-21 11:51:38.512 248 INFO rally.task.runner [-] Task 79068f5c-0a91-47ff-b427-98e124edd840 | ITER: 4 START
2019-11-21 11:51:39.196 246 INFO rally.task.runner [-] Task 79068f5c-0a91-47ff-b427-98e124edd840 | ITER: 2 END: OK
2019-11-21 11:51:39.200 247 INFO rally.task.runner [-] Task 79068f5c-0a91-47ff-b427-98e124edd840 | ITER: 3 END: OK
2019-11-21 11:51:39.201 245 INFO rally.task.runner [-] Task 79068f5c-0a91-47ff-b427-98e124edd840 | ITER: 1 END: OK
2019-11-21 11:51:39.202 248 INFO rally.task.runner [-] Task 79068f5c-0a91-47ff-b427-98e124edd840 | ITER: 4 END: OK
2019-11-21 11:51:39.202 246 INFO rally.task.runner [-] Task 79068f5c-0a91-47ff-b427-98e124edd840 | ITER: 5 START
2019-11-21 11:51:39.206 247 INFO rally.task.runner [-] Task 79068f5c-0a91-47ff-b427-98e124edd840 | ITER: 6 START
2019-11-21 11:51:39.206 245 INFO rally.task.runner [-] Task 79068f5c-0a91-47ff-b427-98e124edd840 | ITER: 7 START
2019-11-21 11:51:39.207 248 INFO rally.task.runner [-] Task 79068f5c-0a91-47ff-b427-98e124edd840 | ITER: 8 START
2019-11-21 11:51:39.704 246 INFO rally.task.runner [-] Task 79068f5c-0a91-47ff-b427-98e124edd840 | ITER: 5 END: OK
2019-11-21 11:51:39.709 246 INFO rally.task.runner [-] Task 79068f5c-0a91-47ff-b427-98e124edd840 | ITER: 9 START
2019-11-21 11:51:39.768 245 INFO rally.task.runner [-] Task 79068f5c-0a91-47ff-b427-98e124edd840 | ITER: 7 END: OK
2019-11-21 11:51:39.773 245 INFO rally.task.runner [-] Task 79068f5c-0a91-47ff-b427-98e124edd840 | ITER: 10 START
2019-11-21 11:51:39.811 247 INFO rally.task.runner [-] Task 79068f5c-0a91-47ff-b427-98e124edd840 | ITER: 6 END: OK
2019-11-21 11:51:40.060 248 INFO rally.task.runner [-] Task 79068f5c-0a91-47ff-b427-98e124edd840 | ITER: 8 END: OK
2019-11-21 11:51:40.167 246 INFO rally.task.runner [-] Task 79068f5c-0a91-47ff-b427-98e124edd840 | ITER: 9 END: OK
2019-11-21 11:51:40.237 245 INFO rally.task.runner [-] Task 79068f5c-0a91-47ff-b427-98e124edd840 | ITER: 10 END: OK
2019-11-21 11:51:40.260 17 INFO rally.task.context [-] Task 79068f5c-0a91-47ff-b427-98e124edd840 | Context users@openstack cleanup() started
2019-11-21 11:51:44.873 17 INFO rally.task.context [-] Task 79068f5c-0a91-47ff-b427-98e124edd840 | Context users@openstack cleanup() finished in 4.61 sec
2019-11-21 11:51:45.805 17 INFO rally.task.engine [-] Load duration is: 1.731856
2019-11-21 11:51:45.806 17 INFO rally.task.engine [-] Full runner duration is: 1.777805
2019-11-21 11:51:45.806 17 INFO rally.task.engine [-] Full duration is: 9.139777
2019-11-21 11:51:46.112 17 INFO rally.task.engine [-] Running workload: position = 0 config = { "version": 2, "title": "A cropped version of a bigger task.", "description": "Auto-generated task from a single workload (uuid=77a83a2e-8dc2-4d1e-8513-478ef1742186)", "subtasks": [ { "title": "Authenticate.validate_glance", "description": "Check Glance Client to ensure validation of token.", "scenario": { "Authenticate.validate_glance": { "repetitions": 2 } }, "contexts": { "users": { "tenants": 3, "users_per_tenant": 2 } }, "runner": { "constant": { "concurrency": 4, "times": 10 } }, "hooks": [], "sla": { "failure_rate": { "max": 0 } } } ] }
2019-11-21 11:51:46.140 17 RALLYDEBUG rally_openstack.contexts.keystone.users [-] Creating 3 tenants using 20 threads
2019-11-21 11:51:47.143 17 RALLYDEBUG rally_openstack.contexts.keystone.users [-] Creating 6 users using 20 threads
2019-11-21 11:51:48.972 17 INFO rally.task.context [-] Task 79068f5c-0a91-47ff-b427-98e124edd840 | Context users@openstack setup() finished in 2.83 sec
2019-11-21 11:51:48.981 17 RALLYDEBUG rally.task.runner [-] Starting the constant runner (task UUID: 79068f5c-0a91-47ff-b427-98e124edd840). timeout: 0 concurrency: 4 concurrency_per_worker: 1 times: 10 concurrency_overhead: 0 processes_to_start: 4 max_cpu_used: 16
2019-11-21 11:51:48.995 349 RALLYDEBUG rally.task.runner [-] Starting a worker. concurrency: 1 args: {"repetitions": 2} times: 10 method_name: run timeout: 0 duration: None cls:
2019-11-21 11:51:48.998 350 RALLYDEBUG rally.task.runner [-] Starting a worker. concurrency: 1 args: {"repetitions": 2} times: 10 method_name: run timeout: 0 duration: None cls:
2019-11-21 11:51:49.001 351 RALLYDEBUG rally.task.runner [-] Starting a worker. concurrency: 1 args: {"repetitions": 2} times: 10 method_name: run timeout: 0 duration: None cls:
2019-11-21 11:51:49.002 349 INFO rally.task.runner [-] Task 79068f5c-0a91-47ff-b427-98e124edd840 | ITER: 1 START
2019-11-21 11:51:49.004 352 RALLYDEBUG rally.task.runner [-] Starting a worker. concurrency: 1 args: {"repetitions": 2} times: 10 method_name: run timeout: 0 duration: None cls:
2019-11-21 11:51:49.006 350 INFO rally.task.runner [-] Task 79068f5c-0a91-47ff-b427-98e124edd840 | ITER: 2 START
2019-11-21 11:51:49.008 351 INFO rally.task.runner [-] Task 79068f5c-0a91-47ff-b427-98e124edd840 | ITER: 3 START
2019-11-21 11:51:49.012 352 INFO rally.task.runner [-] Task 79068f5c-0a91-47ff-b427-98e124edd840 | ITER: 4 START
2019-11-21 11:51:49.692 350 INFO rally.task.runner [-] Task 79068f5c-0a91-47ff-b427-98e124edd840 | ITER: 2 END: OK
2019-11-21 11:51:49.697 350 INFO rally.task.runner [-] Task 79068f5c-0a91-47ff-b427-98e124edd840 | ITER: 5 START
2019-11-21 11:51:49.715 349 INFO rally.task.runner [-] Task 79068f5c-0a91-47ff-b427-98e124edd840 | ITER: 1 END: OK
2019-11-21 11:51:49.721 349 INFO rally.task.runner [-] Task 79068f5c-0a91-47ff-b427-98e124edd840 | ITER: 6 START
2019-11-21 11:51:49.772 351 INFO rally.task.runner [-] Task 79068f5c-0a91-47ff-b427-98e124edd840 | ITER: 3 END: OK
2019-11-21 11:51:49.777 351 INFO rally.task.runner [-] Task 79068f5c-0a91-47ff-b427-98e124edd840 | ITER: 7 START
2019-11-21 11:51:49.786 352 INFO rally.task.runner [-] Task 79068f5c-0a91-47ff-b427-98e124edd840 | ITER: 4 END: OK
2019-11-21 11:51:49.790 352 INFO rally.task.runner [-] Task 79068f5c-0a91-47ff-b427-98e124edd840 | ITER: 8 START
2019-11-21 11:51:50.364 349 INFO rally.task.runner [-] Task 79068f5c-0a91-47ff-b427-98e124edd840 | ITER: 6 END: OK
2019-11-21 11:51:50.369 349 INFO rally.task.runner [-] Task 79068f5c-0a91-47ff-b427-98e124edd840 | ITER: 9 START
2019-11-21 11:51:50.423 351 INFO rally.task.runner [-] Task 79068f5c-0a91-47ff-b427-98e124edd840 | ITER: 7 END: OK
2019-11-21 11:51:50.427 351 INFO rally.task.runner [-] Task 79068f5c-0a91-47ff-b427-98e124edd840 | ITER: 10 START
2019-11-21 11:51:50.434 350 INFO rally.task.runner [-] Task 79068f5c-0a91-47ff-b427-98e124edd840 | ITER: 5 END: OK
2019-11-21 11:51:50.435 352 INFO rally.task.runner [-] Task 79068f5c-0a91-47ff-b427-98e124edd840 | ITER: 8 END: OK
2019-11-21 11:51:50.951 349 INFO rally.task.runner [-] Task 79068f5c-0a91-47ff-b427-98e124edd840 | ITER: 9 END: OK
2019-11-21 11:51:50.996 351 INFO rally.task.runner [-] Task 79068f5c-0a91-47ff-b427-98e124edd840 | ITER: 10 END: OK
2019-11-21 11:51:51.023 17 INFO rally.task.context [-] Task 79068f5c-0a91-47ff-b427-98e124edd840 | Context users@openstack cleanup() started
2019-11-21 11:51:55.711 17 INFO rally.task.context [-] Task 79068f5c-0a91-47ff-b427-98e124edd840 | Context users@openstack cleanup() finished in 4.69 sec
2019-11-21 11:51:56.220 17 INFO rally.task.engine [-] Load duration is: 1.991826
2019-11-21 11:51:56.220 17 INFO rally.task.engine [-] Full runner duration is: 2.042549
2019-11-21 11:51:56.221 17 INFO rally.task.engine [-] Full duration is: 9.575496
2019-11-21 11:51:56.867 17 INFO rally.task.engine [-] Running workload: position = 0 config = { "version": 2, "title": "A cropped version of a bigger task.", "description": "Auto-generated task from a single workload (uuid=fd7b2e8d-ddec-4c05-a036-458f1120cba8)", "subtasks": [ { "title": "Authenticate.validate_heat", "description": "Check Heat Client to ensure validation of token.", "scenario": { "Authenticate.validate_heat": { "repetitions": 2 } }, "contexts": { "users": { "tenants": 3, "users_per_tenant": 2 } }, "runner": { "constant": { "concurrency": 4, "times": 10 } }, "hooks": [], "sla": { "failure_rate": { "max": 0 } } } ] }
2019-11-21 11:51:56.891 17 RALLYDEBUG rally_openstack.contexts.keystone.users [-] Creating 3 tenants using 20 threads
2019-11-21 11:51:57.971 17 RALLYDEBUG rally_openstack.contexts.keystone.users [-] Creating 6 users using 20 threads
2019-11-21 11:51:59.616 17 INFO rally.task.context [-] Task 79068f5c-0a91-47ff-b427-98e124edd840 | Context users@openstack setup() finished in 2.72 sec
2019-11-21 11:51:59.626 17 RALLYDEBUG rally.task.runner [-] Starting the constant runner (task UUID: 79068f5c-0a91-47ff-b427-98e124edd840). timeout: 0 concurrency: 4 concurrency_per_worker: 1 times: 10 concurrency_overhead: 0 processes_to_start: 4 max_cpu_used: 16
2019-11-21 11:51:59.640 453 RALLYDEBUG rally.task.runner [-] Starting a worker. concurrency: 1 args: {"repetitions": 2} times: 10 method_name: run timeout: 0 duration: None cls:
2019-11-21 11:51:59.642 454 RALLYDEBUG rally.task.runner [-] Starting a worker. concurrency: 1 args: {"repetitions": 2} times: 10 method_name: run timeout: 0 duration: None cls:
2019-11-21 11:51:59.646 455 RALLYDEBUG rally.task.runner [-] Starting a worker. concurrency: 1 args: {"repetitions": 2} times: 10 method_name: run timeout: 0 duration: None cls:
2019-11-21 11:51:59.648 453 INFO rally.task.runner [-] Task 79068f5c-0a91-47ff-b427-98e124edd840 | ITER: 1 START
2019-11-21 11:51:59.649 456 RALLYDEBUG rally.task.runner [-] Starting a worker. concurrency: 1 args: {"repetitions": 2} times: 10 method_name: run timeout: 0 duration: None cls:
2019-11-21 11:51:59.650 454 INFO rally.task.runner [-] Task 79068f5c-0a91-47ff-b427-98e124edd840 | ITER: 2 START
2019-11-21 11:51:59.654 455 INFO rally.task.runner [-] Task 79068f5c-0a91-47ff-b427-98e124edd840 | ITER: 3 START
2019-11-21 11:51:59.656 456 INFO rally.task.runner [-] Task 79068f5c-0a91-47ff-b427-98e124edd840 | ITER: 4 START
2019-11-21 11:52:00.994 453 INFO rally.task.runner [-] Task 79068f5c-0a91-47ff-b427-98e124edd840 | ITER: 1 END: OK
2019-11-21 11:52:00.999 453 INFO rally.task.runner [-] Task 79068f5c-0a91-47ff-b427-98e124edd840 | ITER: 5 START
2019-11-21 11:52:01.030 456 INFO rally.task.runner [-] Task 79068f5c-0a91-47ff-b427-98e124edd840 | ITER: 4 END: OK
2019-11-21 11:52:01.035 456 INFO rally.task.runner [-] Task 79068f5c-0a91-47ff-b427-98e124edd840 | ITER: 6 START
2019-11-21 11:52:01.806 454 INFO rally.task.runner [-] Task 79068f5c-0a91-47ff-b427-98e124edd840 | ITER: 2 END: OK
2019-11-21 11:52:01.811 454 INFO rally.task.runner [-] Task 79068f5c-0a91-47ff-b427-98e124edd840 | ITER: 7 START
2019-11-21 11:52:02.010 455 INFO rally.task.runner [-] Task 79068f5c-0a91-47ff-b427-98e124edd840 | ITER: 3 END: OK
2019-11-21 11:52:02.015 455 INFO rally.task.runner [-] Task 79068f5c-0a91-47ff-b427-98e124edd840 | ITER: 8 START
2019-11-21 11:52:02.047 453 INFO rally.task.runner [-] Task 79068f5c-0a91-47ff-b427-98e124edd840 | ITER: 5 END: OK
2019-11-21 11:52:02.051 453 INFO rally.task.runner [-] Task 79068f5c-0a91-47ff-b427-98e124edd840 | ITER: 9 START
2019-11-21 11:52:02.604 455 INFO rally.task.runner [-] Task 79068f5c-0a91-47ff-b427-98e124edd840 | ITER: 8 END: OK
2019-11-21 11:52:02.609 455 INFO rally.task.runner [-] Task 79068f5c-0a91-47ff-b427-98e124edd840 | ITER: 10 START
2019-11-21 11:52:02.776 456 INFO rally.task.runner [-] Task 79068f5c-0a91-47ff-b427-98e124edd840 | ITER: 6 END: OK
2019-11-21 11:52:02.873 453 INFO rally.task.runner [-] Task 79068f5c-0a91-47ff-b427-98e124edd840 | ITER: 9 END: OK
2019-11-21 11:52:03.204 455 INFO rally.task.runner [-] Task 79068f5c-0a91-47ff-b427-98e124edd840 | ITER: 10 END: OK
2019-11-21 11:52:03.230 454 INFO rally.task.runner [-] Task 79068f5c-0a91-47ff-b427-98e124edd840 | ITER: 7 END: OK
2019-11-21 11:52:03.254 17 INFO rally.task.context [-] Task 79068f5c-0a91-47ff-b427-98e124edd840 | Context users@openstack cleanup() started
2019-11-21 11:52:08.342 17 INFO rally.task.context [-] Task 79068f5c-0a91-47ff-b427-98e124edd840 | Context users@openstack cleanup() finished in 5.09 sec
2019-11-21 11:52:08.981 17 INFO rally.task.engine [-] Load duration is: 3.581147
2019-11-21 11:52:08.982 17 INFO rally.task.engine [-] Full runner duration is: 3.628609
2019-11-21 11:52:08.982 17 INFO rally.task.engine [-] Full duration is: 11.453459
2019-11-21 11:52:09.571 17 INFO rally.task.engine [-] Running workload: position = 0 config = { "version": 2, "title": "A cropped version of a bigger task.", "description": "Auto-generated task from a single workload (uuid=c4a2a918-17f3-4d46-bbdb-2f927b8d97b9)", "subtasks": [ { "title": "Authenticate.validate_neutron", "description": "Check Neutron Client to ensure validation of token.", "scenario": { "Authenticate.validate_neutron": { "repetitions": 2 } }, "contexts": { "users": { "tenants": 3, "users_per_tenant": 2 } }, "runner": { "constant": { "concurrency": 4, "times": 10 } }, "hooks": [], "sla": { "failure_rate": { "max": 0 } } } ] }
2019-11-21 11:52:09.598 17 RALLYDEBUG rally_openstack.contexts.keystone.users [-] Creating 3 tenants using 20 threads
2019-11-21 11:52:10.642 17 RALLYDEBUG rally_openstack.contexts.keystone.users [-] Creating 6 users using 20 threads
2019-11-21 11:52:12.296 17 INFO rally.task.context [-] Task 79068f5c-0a91-47ff-b427-98e124edd840 | Context users@openstack setup() finished in 2.70 sec
2019-11-21 11:52:12.305 17 RALLYDEBUG rally.task.runner [-] Starting the constant runner (task UUID: 79068f5c-0a91-47ff-b427-98e124edd840). timeout: 0 concurrency: 4 concurrency_per_worker: 1 times: 10 concurrency_overhead: 0 processes_to_start: 4 max_cpu_used: 16
2019-11-21 11:52:12.319 557 RALLYDEBUG rally.task.runner [-] Starting a worker. concurrency: 1 args: {"repetitions": 2} times: 10 method_name: run timeout: 0 duration: None cls:
2019-11-21 11:52:12.322 558 RALLYDEBUG rally.task.runner [-] Starting a worker. concurrency: 1 args: {"repetitions": 2} times: 10 method_name: run timeout: 0 duration: None cls:
2019-11-21 11:52:12.325 559 RALLYDEBUG rally.task.runner [-] Starting a worker. concurrency: 1 args: {"repetitions": 2} times: 10 method_name: run timeout: 0 duration: None cls:
2019-11-21 11:52:12.327 557 INFO rally.task.runner [-] Task 79068f5c-0a91-47ff-b427-98e124edd840 | ITER: 1 START
2019-11-21 11:52:12.329 560 RALLYDEBUG rally.task.runner [-] Starting a worker. concurrency: 1 args: {"repetitions": 2} times: 10 method_name: run timeout: 0 duration: None cls:
2019-11-21 11:52:12.331 558 INFO rally.task.runner [-] Task 79068f5c-0a91-47ff-b427-98e124edd840 | ITER: 2 START
2019-11-21 11:52:12.332 559 INFO rally.task.runner [-] Task 79068f5c-0a91-47ff-b427-98e124edd840 | ITER: 3 START
2019-11-21 11:52:12.336 560 INFO rally.task.runner [-] Task 79068f5c-0a91-47ff-b427-98e124edd840 | ITER: 4 START
2019-11-21 11:52:13.079 559 INFO rally.task.runner [-] Task 79068f5c-0a91-47ff-b427-98e124edd840 | ITER: 3 END: OK
2019-11-21 11:52:13.085 559 INFO rally.task.runner [-] Task 79068f5c-0a91-47ff-b427-98e124edd840 | ITER: 5 START
2019-11-21 11:52:13.130 558 INFO rally.task.runner [-] Task 79068f5c-0a91-47ff-b427-98e124edd840 | ITER: 2 END: OK
2019-11-21 11:52:13.134 558 INFO rally.task.runner [-] Task 79068f5c-0a91-47ff-b427-98e124edd840 | ITER: 6 START
2019-11-21 11:52:13.159 560 INFO rally.task.runner [-] Task 79068f5c-0a91-47ff-b427-98e124edd840 | ITER: 4 END: OK
2019-11-21 11:52:13.163 560 INFO rally.task.runner [-] Task 79068f5c-0a91-47ff-b427-98e124edd840 | ITER: 7 START
2019-11-21 11:52:13.464 557 INFO rally.task.runner [-] Task 79068f5c-0a91-47ff-b427-98e124edd840 | ITER: 1 END: OK
2019-11-21 11:52:13.470 557 INFO rally.task.runner [-] Task 79068f5c-0a91-47ff-b427-98e124edd840 | ITER: 8 START
2019-11-21 11:52:13.727 558 INFO rally.task.runner [-] Task 79068f5c-0a91-47ff-b427-98e124edd840 | ITER: 6 END: OK
2019-11-21 11:52:13.732 558 INFO rally.task.runner [-] Task 79068f5c-0a91-47ff-b427-98e124edd840 | ITER: 9 START
2019-11-21 11:52:13.800 559 INFO rally.task.runner [-] Task 79068f5c-0a91-47ff-b427-98e124edd840 | ITER: 5 END: OK
2019-11-21 11:52:13.806 559 INFO rally.task.runner [-] Task 79068f5c-0a91-47ff-b427-98e124edd840 | ITER: 10 START
2019-11-21 11:52:13.850 560 INFO rally.task.runner [-] Task 79068f5c-0a91-47ff-b427-98e124edd840 | ITER: 7 END: OK
2019-11-21 11:52:14.208 557 INFO rally.task.runner [-] Task 79068f5c-0a91-47ff-b427-98e124edd840 | ITER: 8 END: OK
2019-11-21 11:52:14.345 558 INFO rally.task.runner [-] Task 79068f5c-0a91-47ff-b427-98e124edd840 | ITER: 9 END: OK
2019-11-21 11:52:14.501 559 INFO rally.task.runner [-] Task 79068f5c-0a91-47ff-b427-98e124edd840 | ITER: 10 END: OK
2019-11-21 11:52:14.525 17 INFO rally.task.context [-] Task 79068f5c-0a91-47ff-b427-98e124edd840 | Context users@openstack cleanup() started
2019-11-21 11:52:19.427 17 INFO rally.task.context [-] Task 79068f5c-0a91-47ff-b427-98e124edd840 | Context users@openstack cleanup() finished in 4.90 sec
2019-11-21 11:52:19.657 17 INFO rally.task.engine [-] Load duration is: 2.172811
2019-11-21 11:52:19.657 17 INFO rally.task.engine [-] Full runner duration is: 2.21975
2019-11-21 11:52:19.657 17 INFO rally.task.engine [-] Full duration is: 9.834797
2019-11-21 11:52:20.167 17 INFO rally.task.engine [-] Running workload: position = 0 config = { "version": 2, "title": "A cropped version of a bigger task.", "description": "Auto-generated task from a single workload (uuid=3d47adab-ac8b-449b-858f-eb2d42dde06c)", "subtasks": [ { "title": "Authenticate.validate_nova", "description": "Check Nova Client to ensure validation of token.", "scenario": { "Authenticate.validate_nova": { "repetitions": 2 } }, "contexts": { "users": { "tenants": 3, "users_per_tenant": 2 } }, "runner": { "constant": { "concurrency": 4, "times": 10 } }, "hooks": [], "sla": { "failure_rate": { "max": 0 } } } ] }
2019-11-21 11:52:20.194 17 RALLYDEBUG rally_openstack.contexts.keystone.users [-] Creating 3 tenants using 20 threads
2019-11-21 11:52:21.303 17 RALLYDEBUG rally_openstack.contexts.keystone.users [-] Creating 6 users using 20 threads
2019-11-21 11:52:23.015 17 INFO rally.task.context [-] Task 79068f5c-0a91-47ff-b427-98e124edd840 | Context users@openstack setup() finished in 2.82 sec
2019-11-21 11:52:23.024 17 RALLYDEBUG rally.task.runner [-] Starting the constant runner (task UUID: 79068f5c-0a91-47ff-b427-98e124edd840). timeout: 0 concurrency: 4 concurrency_per_worker: 1 times: 10 concurrency_overhead: 0 processes_to_start: 4 max_cpu_used: 16
2019-11-21 11:52:23.037 661 RALLYDEBUG rally.task.runner [-] Starting a worker. concurrency: 1 args: {"repetitions": 2} times: 10 method_name: run timeout: 0 duration: None cls:
2019-11-21 11:52:23.040 662 RALLYDEBUG rally.task.runner [-] Starting a worker. concurrency: 1 args: {"repetitions": 2} times: 10 method_name: run timeout: 0 duration: None cls:
2019-11-21 11:52:23.044 663 RALLYDEBUG rally.task.runner [-] Starting a worker. concurrency: 1 args: {"repetitions": 2} times: 10 method_name: run timeout: 0 duration: None cls:
2019-11-21 11:52:23.045 661 INFO rally.task.runner [-] Task 79068f5c-0a91-47ff-b427-98e124edd840 | ITER: 1 START
2019-11-21 11:52:23.047 664 RALLYDEBUG rally.task.runner [-] Starting a worker. concurrency: 1 args: {"repetitions": 2} times: 10 method_name: run timeout: 0 duration: None cls:
2019-11-21 11:52:23.048 662 INFO rally.task.runner [-] Task 79068f5c-0a91-47ff-b427-98e124edd840 | ITER: 2 START
2019-11-21 11:52:23.052 663 INFO rally.task.runner [-] Task 79068f5c-0a91-47ff-b427-98e124edd840 | ITER: 3 START
2019-11-21 11:52:23.054 664 INFO rally.task.runner [-] Task 79068f5c-0a91-47ff-b427-98e124edd840 | ITER: 4 START
2019-11-21 11:52:23.527 664 DEBUG novaclient.v2.client [-] REQ: curl -g -i --cacert "/etc/ssl/certs/mcp_os_cacert" -X GET http://10.167.4.35:8774/v2.1/flavors/detail -H "Accept: application/json" -H "User-Agent: python-novaclient" -H "X-Auth-Token: {SHA1}94c6508573518d3b7ef729bea2b5ce87f8c5f4da" _http_log_request /usr/lib/python2.7/site-packages/keystoneauth1/session.py:448
2019-11-21 11:52:23.528 661 DEBUG novaclient.v2.client [-] REQ: curl -g -i --cacert "/etc/ssl/certs/mcp_os_cacert" -X GET http://10.167.4.35:8774/v2.1/flavors/detail -H "Accept: application/json" -H "User-Agent: python-novaclient" -H "X-Auth-Token: {SHA1}324475a6a1031c67b18413fb25d9611b74b6e19b" _http_log_request /usr/lib/python2.7/site-packages/keystoneauth1/session.py:448
2019-11-21 11:52:23.533 662 DEBUG novaclient.v2.client [-] REQ: curl -g -i --cacert "/etc/ssl/certs/mcp_os_cacert" -X GET http://10.167.4.35:8774/v2.1/flavors/detail -H "Accept: application/json" -H "User-Agent: python-novaclient" -H "X-Auth-Token: {SHA1}e5d38c98569ca57e2910ff9643455ac0132972f2" _http_log_request /usr/lib/python2.7/site-packages/keystoneauth1/session.py:448
2019-11-21 11:52:23.540 663 DEBUG novaclient.v2.client [-] REQ: curl -g -i --cacert "/etc/ssl/certs/mcp_os_cacert" -X GET http://10.167.4.35:8774/v2.1/flavors/detail -H "Accept: application/json" -H "User-Agent: python-novaclient" -H "X-Auth-Token: {SHA1}87c73fe585d08a8dca6ee1176890f302e9f433eb" _http_log_request /usr/lib/python2.7/site-packages/keystoneauth1/session.py:448
2019-11-21 11:52:23.699 664 DEBUG novaclient.v2.client [-] RESP: [200] Connection: close Content-Length: 1014 Content-Type: application/json Date: Thu, 21 Nov 2019 11:52:23 GMT Openstack-Api-Version: compute 2.1 Vary: OpenStack-API-Version, X-OpenStack-Nova-API-Version X-Compute-Request-Id: req-993fb91c-cfb1-414b-95d0-490ea4284b92 X-Openstack-Nova-Api-Version: 2.1 X-Openstack-Request-Id: req-993fb91c-cfb1-414b-95d0-490ea4284b92 _http_log_response /usr/lib/python2.7/site-packages/keystoneauth1/session.py:479
2019-11-21 11:52:23.701 664 DEBUG novaclient.v2.client [-] RESP BODY: {"flavors": [{"name": "rally_full-flavor_alt_7ff2d2d2-7c57-413a-a915-32b03e6283e4", "links": [{"href": "http://10.167.4.35:8774/v2.1/flavors/0c34f3a6-6067-4d66-89d7-ecb3290f3e12", "rel": "self"}, {"href": "http://10.167.4.35:8774/flavors/0c34f3a6-6067-4d66-89d7-ecb3290f3e12", "rel": "bookmark"}], "ram": 1024, "OS-FLV-DISABLED:disabled": false, "vcpus": 1, "swap": "", "os-flavor-access:is_public": true, "rxtx_factor": 1.0, "OS-FLV-EXT-DATA:ephemeral": 0, "disk": 1, "id": "0c34f3a6-6067-4d66-89d7-ecb3290f3e12"}, {"name": "rally_full-flavor_7ff2d2d2-7c57-413a-a915-32b03e6283e4", "links": [{"href": "http://10.167.4.35:8774/v2.1/flavors/9b7d2124-b99d-411f-a7e8-4dd7f7592501", "rel": "self"}, {"href": "http://10.167.4.35:8774/flavors/9b7d2124-b99d-411f-a7e8-4dd7f7592501", "rel": "bookmark"}], "ram": 512, "OS-FLV-DISABLED:disabled": false, "vcpus": 1, "swap": "", "os-flavor-access:is_public": true, "rxtx_factor": 1.0, "OS-FLV-EXT-DATA:ephemeral": 0, "disk": 1, "id": "9b7d2124-b99d-411f-a7e8-4dd7f7592501"}]} _http_log_response /usr/lib/python2.7/site-packages/keystoneauth1/session.py:511
2019-11-21 11:52:23.701 664 DEBUG novaclient.v2.client [-] GET call to compute for http://10.167.4.35:8774/v2.1/flavors/detail used request id req-993fb91c-cfb1-414b-95d0-490ea4284b92 request /usr/lib/python2.7/site-packages/keystoneauth1/session.py:844
2019-11-21 11:52:23.704 664 DEBUG novaclient.v2.client [-] REQ: curl -g -i --cacert "/etc/ssl/certs/mcp_os_cacert" -X GET http://10.167.4.35:8774/v2.1/flavors/detail -H "Accept: application/json" -H "User-Agent: python-novaclient" -H "X-Auth-Token: {SHA1}94c6508573518d3b7ef729bea2b5ce87f8c5f4da" _http_log_request /usr/lib/python2.7/site-packages/keystoneauth1/session.py:448
2019-11-21 11:52:23.710 661 DEBUG novaclient.v2.client [-] RESP: [200] Connection: close Content-Length: 1014 Content-Type: application/json Date: Thu, 21 Nov 2019 11:52:23 GMT Openstack-Api-Version: compute 2.1 Vary: OpenStack-API-Version, X-OpenStack-Nova-API-Version X-Compute-Request-Id: req-36c73889-71ff-471b-b0ea-f4518525371b X-Openstack-Nova-Api-Version: 2.1 X-Openstack-Request-Id: req-36c73889-71ff-471b-b0ea-f4518525371b _http_log_response /usr/lib/python2.7/site-packages/keystoneauth1/session.py:479
2019-11-21 11:52:23.710 662 DEBUG novaclient.v2.client [-] RESP: [200] Connection: close Content-Length: 1014 Content-Type: application/json Date: Thu, 21 Nov 2019 11:52:23 GMT Openstack-Api-Version: compute 2.1 Vary: OpenStack-API-Version, X-OpenStack-Nova-API-Version X-Compute-Request-Id: req-5f620162-b5bc-4e9d-8b13-79abff9968ca X-Openstack-Nova-Api-Version: 2.1 X-Openstack-Request-Id: req-5f620162-b5bc-4e9d-8b13-79abff9968ca _http_log_response /usr/lib/python2.7/site-packages/keystoneauth1/session.py:479
2019-11-21 11:52:23.711 661 DEBUG novaclient.v2.client [-] RESP BODY: {"flavors": [{"name": "rally_full-flavor_alt_7ff2d2d2-7c57-413a-a915-32b03e6283e4", "links": [{"href": "http://10.167.4.35:8774/v2.1/flavors/0c34f3a6-6067-4d66-89d7-ecb3290f3e12", "rel": "self"}, {"href": "http://10.167.4.35:8774/flavors/0c34f3a6-6067-4d66-89d7-ecb3290f3e12", "rel": "bookmark"}], "ram": 1024, "OS-FLV-DISABLED:disabled": false, "vcpus": 1, "swap": "", "os-flavor-access:is_public": true, "rxtx_factor": 1.0, "OS-FLV-EXT-DATA:ephemeral": 0, "disk": 1, "id": "0c34f3a6-6067-4d66-89d7-ecb3290f3e12"}, {"name": "rally_full-flavor_7ff2d2d2-7c57-413a-a915-32b03e6283e4", "links": [{"href": "http://10.167.4.35:8774/v2.1/flavors/9b7d2124-b99d-411f-a7e8-4dd7f7592501", "rel": "self"}, {"href": "http://10.167.4.35:8774/flavors/9b7d2124-b99d-411f-a7e8-4dd7f7592501", "rel": "bookmark"}], "ram": 512, "OS-FLV-DISABLED:disabled": false, "vcpus": 1, "swap": "", "os-flavor-access:is_public": true, "rxtx_factor": 1.0, "OS-FLV-EXT-DATA:ephemeral": 0, "disk": 1, "id": "9b7d2124-b99d-411f-a7e8-4dd7f7592501"}]} _http_log_response /usr/lib/python2.7/site-packages/keystoneauth1/session.py:511
2019-11-21 11:52:23.711 662 DEBUG novaclient.v2.client [-] RESP BODY: {"flavors": [{"name": "rally_full-flavor_alt_7ff2d2d2-7c57-413a-a915-32b03e6283e4", "links": [{"href": "http://10.167.4.35:8774/v2.1/flavors/0c34f3a6-6067-4d66-89d7-ecb3290f3e12", "rel": "self"}, {"href": "http://10.167.4.35:8774/flavors/0c34f3a6-6067-4d66-89d7-ecb3290f3e12", "rel": "bookmark"}], "ram": 1024, "OS-FLV-DISABLED:disabled": false, "vcpus": 1, "swap": "", "os-flavor-access:is_public": true, "rxtx_factor": 1.0, "OS-FLV-EXT-DATA:ephemeral": 0, "disk": 1, "id": "0c34f3a6-6067-4d66-89d7-ecb3290f3e12"}, {"name": "rally_full-flavor_7ff2d2d2-7c57-413a-a915-32b03e6283e4", "links": [{"href": "http://10.167.4.35:8774/v2.1/flavors/9b7d2124-b99d-411f-a7e8-4dd7f7592501", "rel": "self"}, {"href": "http://10.167.4.35:8774/flavors/9b7d2124-b99d-411f-a7e8-4dd7f7592501", "rel": "bookmark"}], "ram": 512, "OS-FLV-DISABLED:disabled": false, "vcpus": 1, "swap": "", "os-flavor-access:is_public": true, "rxtx_factor": 1.0, "OS-FLV-EXT-DATA:ephemeral": 0, "disk": 1, "id": "9b7d2124-b99d-411f-a7e8-4dd7f7592501"}]} _http_log_response /usr/lib/python2.7/site-packages/keystoneauth1/session.py:511
2019-11-21 11:52:23.711 661 DEBUG novaclient.v2.client [-] GET call to compute for http://10.167.4.35:8774/v2.1/flavors/detail used request id req-36c73889-71ff-471b-b0ea-f4518525371b request /usr/lib/python2.7/site-packages/keystoneauth1/session.py:844
2019-11-21 11:52:23.711 662 DEBUG novaclient.v2.client [-] GET call to compute for http://10.167.4.35:8774/v2.1/flavors/detail used request id req-5f620162-b5bc-4e9d-8b13-79abff9968ca request /usr/lib/python2.7/site-packages/keystoneauth1/session.py:844
2019-11-21 11:52:23.713 661 DEBUG novaclient.v2.client [-] REQ: curl -g -i --cacert "/etc/ssl/certs/mcp_os_cacert" -X GET http://10.167.4.35:8774/v2.1/flavors/detail -H "Accept: application/json" -H "User-Agent: python-novaclient" -H "X-Auth-Token: {SHA1}324475a6a1031c67b18413fb25d9611b74b6e19b" _http_log_request /usr/lib/python2.7/site-packages/keystoneauth1/session.py:448
2019-11-21 11:52:23.713 662 DEBUG novaclient.v2.client [-] REQ: curl -g -i --cacert "/etc/ssl/certs/mcp_os_cacert" -X GET http://10.167.4.35:8774/v2.1/flavors/detail -H "Accept: application/json" -H "User-Agent: python-novaclient" -H "X-Auth-Token: {SHA1}e5d38c98569ca57e2910ff9643455ac0132972f2" _http_log_request /usr/lib/python2.7/site-packages/keystoneauth1/session.py:448
2019-11-21 11:52:23.716 663 DEBUG novaclient.v2.client [-] RESP: [200] Connection: close Content-Length: 1014 Content-Type: application/json Date: Thu, 21 Nov 2019 11:52:23 GMT Openstack-Api-Version: compute 2.1 Vary: OpenStack-API-Version, X-OpenStack-Nova-API-Version X-Compute-Request-Id: req-0404a562-5131-41e3-a417-1cd8e12e6088 X-Openstack-Nova-Api-Version: 2.1 X-Openstack-Request-Id: req-0404a562-5131-41e3-a417-1cd8e12e6088 _http_log_response /usr/lib/python2.7/site-packages/keystoneauth1/session.py:479
2019-11-21 11:52:23.717 663 DEBUG novaclient.v2.client [-] RESP BODY: {"flavors": [{"name": "rally_full-flavor_alt_7ff2d2d2-7c57-413a-a915-32b03e6283e4", "links": [{"href": "http://10.167.4.35:8774/v2.1/flavors/0c34f3a6-6067-4d66-89d7-ecb3290f3e12", "rel": "self"}, {"href": "http://10.167.4.35:8774/flavors/0c34f3a6-6067-4d66-89d7-ecb3290f3e12", "rel": "bookmark"}], "ram": 1024, "OS-FLV-DISABLED:disabled": false, "vcpus": 1, "swap": "", "os-flavor-access:is_public": true, "rxtx_factor": 1.0, "OS-FLV-EXT-DATA:ephemeral": 0, "disk": 1, "id": "0c34f3a6-6067-4d66-89d7-ecb3290f3e12"}, {"name": "rally_full-flavor_7ff2d2d2-7c57-413a-a915-32b03e6283e4", "links": [{"href": "http://10.167.4.35:8774/v2.1/flavors/9b7d2124-b99d-411f-a7e8-4dd7f7592501", "rel": "self"}, {"href": "http://10.167.4.35:8774/flavors/9b7d2124-b99d-411f-a7e8-4dd7f7592501", "rel": "bookmark"}], "ram": 512, "OS-FLV-DISABLED:disabled": false, "vcpus": 1, "swap": "", "os-flavor-access:is_public": true, "rxtx_factor": 1.0, "OS-FLV-EXT-DATA:ephemeral": 0, "disk": 1, "id": "9b7d2124-b99d-411f-a7e8-4dd7f7592501"}]} _http_log_response /usr/lib/python2.7/site-packages/keystoneauth1/session.py:511
2019-11-21 11:52:23.717 663 DEBUG novaclient.v2.client [-] GET call to compute for http://10.167.4.35:8774/v2.1/flavors/detail used request id req-0404a562-5131-41e3-a417-1cd8e12e6088 request /usr/lib/python2.7/site-packages/keystoneauth1/session.py:844
2019-11-21 11:52:23.719 663 DEBUG novaclient.v2.client [-] REQ: curl -g -i --cacert "/etc/ssl/certs/mcp_os_cacert" -X GET http://10.167.4.35:8774/v2.1/flavors/detail -H "Accept: application/json" -H "User-Agent: python-novaclient" -H "X-Auth-Token: {SHA1}87c73fe585d08a8dca6ee1176890f302e9f433eb" _http_log_request /usr/lib/python2.7/site-packages/keystoneauth1/session.py:448
2019-11-21 11:52:23.730 664 DEBUG novaclient.v2.client [-] RESP: [200] Connection: close Content-Length: 1014 Content-Type: application/json Date: Thu, 21 Nov 2019 11:52:23 GMT Openstack-Api-Version: compute 2.1 Vary: OpenStack-API-Version, X-OpenStack-Nova-API-Version X-Compute-Request-Id: req-75aefa9a-ed0e-47ef-b70f-b7218183d2b4 X-Openstack-Nova-Api-Version: 2.1 X-Openstack-Request-Id: req-75aefa9a-ed0e-47ef-b70f-b7218183d2b4 _http_log_response /usr/lib/python2.7/site-packages/keystoneauth1/session.py:479
2019-11-21 11:52:23.730 664 DEBUG novaclient.v2.client [-] RESP BODY: {"flavors": [{"name": "rally_full-flavor_alt_7ff2d2d2-7c57-413a-a915-32b03e6283e4", "links": [{"href": "http://10.167.4.35:8774/v2.1/flavors/0c34f3a6-6067-4d66-89d7-ecb3290f3e12", "rel": "self"}, {"href": "http://10.167.4.35:8774/flavors/0c34f3a6-6067-4d66-89d7-ecb3290f3e12", "rel": "bookmark"}], "ram": 1024, "OS-FLV-DISABLED:disabled": false, "vcpus": 1, "swap": "", "os-flavor-access:is_public": true, "rxtx_factor": 1.0, "OS-FLV-EXT-DATA:ephemeral": 0, "disk": 1, "id": "0c34f3a6-6067-4d66-89d7-ecb3290f3e12"}, {"name": "rally_full-flavor_7ff2d2d2-7c57-413a-a915-32b03e6283e4", "links": [{"href": "http://10.167.4.35:8774/v2.1/flavors/9b7d2124-b99d-411f-a7e8-4dd7f7592501", "rel": "self"}, {"href": "http://10.167.4.35:8774/flavors/9b7d2124-b99d-411f-a7e8-4dd7f7592501", "rel": "bookmark"}], "ram": 512, "OS-FLV-DISABLED:disabled": false, "vcpus": 1, "swap": "", "os-flavor-access:is_public": true, "rxtx_factor": 1.0, "OS-FLV-EXT-DATA:ephemeral": 0, "disk": 1, "id": "9b7d2124-b99d-411f-a7e8-4dd7f7592501"}]} _http_log_response /usr/lib/python2.7/site-packages/keystoneauth1/session.py:511
2019-11-21 11:52:23.731 664 DEBUG novaclient.v2.client [-] GET call to compute for http://10.167.4.35:8774/v2.1/flavors/detail used request id req-75aefa9a-ed0e-47ef-b70f-b7218183d2b4 request /usr/lib/python2.7/site-packages/keystoneauth1/session.py:844
2019-11-21 11:52:23.731 662 DEBUG novaclient.v2.client [-] RESP: [200] Connection: close Content-Length: 1014 Content-Type: application/json Date: Thu, 21 Nov 2019 11:52:23 GMT Openstack-Api-Version: compute 2.1 Vary: OpenStack-API-Version, X-OpenStack-Nova-API-Version X-Compute-Request-Id: req-b34f13ac-8ef2-4214-8984-5ec871d1345f X-Openstack-Nova-Api-Version: 2.1 X-Openstack-Request-Id: req-b34f13ac-8ef2-4214-8984-5ec871d1345f _http_log_response /usr/lib/python2.7/site-packages/keystoneauth1/session.py:479
2019-11-21 11:52:23.732 662 DEBUG novaclient.v2.client [-] RESP BODY: {"flavors": [{"name": "rally_full-flavor_alt_7ff2d2d2-7c57-413a-a915-32b03e6283e4", "links": [{"href": "http://10.167.4.35:8774/v2.1/flavors/0c34f3a6-6067-4d66-89d7-ecb3290f3e12", "rel": "self"}, {"href": "http://10.167.4.35:8774/flavors/0c34f3a6-6067-4d66-89d7-ecb3290f3e12", "rel": "bookmark"}], "ram": 1024, "OS-FLV-DISABLED:disabled": false, "vcpus": 1, "swap": "", "os-flavor-access:is_public": true, "rxtx_factor": 1.0, "OS-FLV-EXT-DATA:ephemeral": 0, "disk": 1, "id": "0c34f3a6-6067-4d66-89d7-ecb3290f3e12"}, {"name": "rally_full-flavor_7ff2d2d2-7c57-413a-a915-32b03e6283e4", "links": [{"href": "http://10.167.4.35:8774/v2.1/flavors/9b7d2124-b99d-411f-a7e8-4dd7f7592501", "rel": "self"}, {"href": "http://10.167.4.35:8774/flavors/9b7d2124-b99d-411f-a7e8-4dd7f7592501", "rel": "bookmark"}], "ram": 512, "OS-FLV-DISABLED:disabled": false, "vcpus": 1, "swap": "", "os-flavor-access:is_public": true, "rxtx_factor": 1.0, "OS-FLV-EXT-DATA:ephemeral": 0, "disk": 1, "id": "9b7d2124-b99d-411f-a7e8-4dd7f7592501"}]} _http_log_response /usr/lib/python2.7/site-packages/keystoneauth1/session.py:511
2019-11-21 11:52:23.732 664 INFO rally.task.runner [-] Task 79068f5c-0a91-47ff-b427-98e124edd840 | ITER: 4 END: OK
2019-11-21 11:52:23.732 662 DEBUG novaclient.v2.client [-] GET call to compute for http://10.167.4.35:8774/v2.1/flavors/detail used request id req-b34f13ac-8ef2-4214-8984-5ec871d1345f request /usr/lib/python2.7/site-packages/keystoneauth1/session.py:844
2019-11-21 11:52:23.733 662 INFO rally.task.runner [-] Task 79068f5c-0a91-47ff-b427-98e124edd840 | ITER: 2 END: OK
2019-11-21 11:52:23.737 661 DEBUG novaclient.v2.client [-] RESP: [200] Connection: close Content-Length: 1014 Content-Type: application/json Date: Thu, 21 Nov 2019 11:52:23 GMT Openstack-Api-Version: compute 2.1 Vary: OpenStack-API-Version, X-OpenStack-Nova-API-Version X-Compute-Request-Id: req-ec3fe1f6-37d4-4c31-8ca9-98b54d0cb351 X-Openstack-Nova-Api-Version: 2.1 X-Openstack-Request-Id: req-ec3fe1f6-37d4-4c31-8ca9-98b54d0cb351 _http_log_response /usr/lib/python2.7/site-packages/keystoneauth1/session.py:479
2019-11-21 11:52:23.737 661 DEBUG novaclient.v2.client [-] RESP BODY: {"flavors": [{"name": "rally_full-flavor_alt_7ff2d2d2-7c57-413a-a915-32b03e6283e4", "links": [{"href": "http://10.167.4.35:8774/v2.1/flavors/0c34f3a6-6067-4d66-89d7-ecb3290f3e12", "rel": "self"}, {"href": "http://10.167.4.35:8774/flavors/0c34f3a6-6067-4d66-89d7-ecb3290f3e12", "rel": "bookmark"}], "ram": 1024, "OS-FLV-DISABLED:disabled": false, "vcpus": 1, "swap": "", "os-flavor-access:is_public": true, "rxtx_factor": 1.0, "OS-FLV-EXT-DATA:ephemeral": 0, "disk": 1, "id": "0c34f3a6-6067-4d66-89d7-ecb3290f3e12"}, {"name": "rally_full-flavor_7ff2d2d2-7c57-413a-a915-32b03e6283e4", "links": [{"href": "http://10.167.4.35:8774/v2.1/flavors/9b7d2124-b99d-411f-a7e8-4dd7f7592501", "rel": "self"}, {"href": "http://10.167.4.35:8774/flavors/9b7d2124-b99d-411f-a7e8-4dd7f7592501", "rel": "bookmark"}], "ram": 512, "OS-FLV-DISABLED:disabled": false, "vcpus": 1, "swap": "", "os-flavor-access:is_public": true, "rxtx_factor": 1.0, "OS-FLV-EXT-DATA:ephemeral": 0, "disk": 1, "id": "9b7d2124-b99d-411f-a7e8-4dd7f7592501"}]} _http_log_response /usr/lib/python2.7/site-packages/keystoneauth1/session.py:511
2019-11-21 11:52:23.738 664 INFO rally.task.runner [-] Task 79068f5c-0a91-47ff-b427-98e124edd840 | ITER: 5 START
2019-11-21 11:52:23.738 661 DEBUG novaclient.v2.client [-] GET call to compute for http://10.167.4.35:8774/v2.1/flavors/detail used request id req-ec3fe1f6-37d4-4c31-8ca9-98b54d0cb351 request /usr/lib/python2.7/site-packages/keystoneauth1/session.py:844
2019-11-21 11:52:23.739 661 INFO rally.task.runner [-] Task 79068f5c-0a91-47ff-b427-98e124edd840 | ITER: 1 END: OK
