2019-11-19 11:17:37.665 26538 WARNING rally_openstack.scenarios.neutron.utils [-] Running this scenario without either the 'network' or 'existing_network' context is deprecated
2019-11-19 11:17:38.380 26575 INFO rally.task.runner [-] Task 9a80d144-da38-4f48-af48-423c01d5b1ec | ITER: 17 END: OK
2019-11-19 11:17:38.385 26575 INFO rally.task.runner [-] Task 9a80d144-da38-4f48-af48-423c01d5b1ec | ITER: 36 START
2019-11-19 11:17:38.386 26575 WARNING rally_openstack.scenarios.neutron.utils [-] Running this scenario without either the 'network' or 'existing_network' context is deprecated
2019-11-19 11:17:38.409 26577 INFO rally.task.runner [-] Task 9a80d144-da38-4f48-af48-423c01d5b1ec | ITER: 18 END: OK
2019-11-19 11:17:38.413 26577 INFO rally.task.runner [-] Task 9a80d144-da38-4f48-af48-423c01d5b1ec | ITER: 37 START
2019-11-19 11:17:38.414 26577 WARNING rally_openstack.scenarios.neutron.utils [-] Running this scenario without either the 'network' or 'existing_network' context is deprecated
2019-11-19 11:17:38.774 26557 INFO rally.task.runner [-] Task 9a80d144-da38-4f48-af48-423c01d5b1ec | ITER: 13 END: OK
2019-11-19 11:17:38.779 26557 INFO rally.task.runner [-] Task 9a80d144-da38-4f48-af48-423c01d5b1ec | ITER: 38 START
2019-11-19 11:17:38.779 26557 WARNING rally_openstack.scenarios.neutron.utils [-] Running this scenario without either the 'network' or 'existing_network' context is deprecated
2019-11-19 11:17:38.939 26540 INFO rally.task.runner [-] Task 9a80d144-da38-4f48-af48-423c01d5b1ec | ITER: 9 END: OK
2019-11-19 11:17:38.943 26540 INFO rally.task.runner [-] Task 9a80d144-da38-4f48-af48-423c01d5b1ec | ITER: 39 START
2019-11-19 11:17:38.944 26540 WARNING rally_openstack.scenarios.neutron.utils [-] Running this scenario without either the 'network' or 'existing_network' context is deprecated
2019-11-19 11:17:39.088 26540 INFO rally.task.runner [-] Task 9a80d144-da38-4f48-af48-423c01d5b1ec | ITER: 7 END: OK
2019-11-19 11:17:39.093 26540 INFO rally.task.runner [-] Task 9a80d144-da38-4f48-af48-423c01d5b1ec | ITER: 40 START
2019-11-19 11:17:39.093 26540 WARNING rally_openstack.scenarios.neutron.utils [-] Running this scenario without either the 'network' or 'existing_network' context is deprecated
2019-11-19 11:17:40.830 26539 INFO rally.task.runner [-] Task 9a80d144-da38-4f48-af48-423c01d5b1ec | ITER: 24 END: OK
2019-11-19 11:17:43.139 26538 INFO rally.task.runner [-] Task 9a80d144-da38-4f48-af48-423c01d5b1ec | ITER: 25 END: OK
2019-11-19 11:17:47.220 26564 INFO rally.task.runner [-] Task 9a80d144-da38-4f48-af48-423c01d5b1ec | ITER: 21 END: OK
2019-11-19 11:17:47.384 26554 INFO rally.task.runner [-] Task 9a80d144-da38-4f48-af48-423c01d5b1ec | ITER: 34 END: OK
2019-11-19 11:17:47.514 26579 INFO rally.task.runner [-] Task 9a80d144-da38-4f48-af48-423c01d5b1ec | ITER: 26 END: OK
2019-11-19 11:17:48.111 26547 INFO rally.task.runner [-] Task 9a80d144-da38-4f48-af48-423c01d5b1ec | ITER: 32 END: OK
2019-11-19 11:17:48.909 26557 INFO rally.task.runner [-] Task 9a80d144-da38-4f48-af48-423c01d5b1ec | ITER: 38 END: OK
2019-11-19 11:17:49.200 26537 INFO rally.task.runner [-] Task 9a80d144-da38-4f48-af48-423c01d5b1ec | ITER: 23 END: OK
2019-11-19 11:17:49.513 26550 INFO rally.task.runner [-] Task 9a80d144-da38-4f48-af48-423c01d5b1ec | ITER: 28 END: OK
2019-11-19 11:17:49.605 26572 INFO rally.task.runner [-] Task 9a80d144-da38-4f48-af48-423c01d5b1ec | ITER: 22 END: OK
2019-11-19 11:17:50.031 26540 INFO rally.task.runner [-] Task 9a80d144-da38-4f48-af48-423c01d5b1ec | ITER: 39 END: OK
2019-11-19 11:17:50.106 26542 INFO rally.task.runner [-] Task 9a80d144-da38-4f48-af48-423c01d5b1ec | ITER: 30 END: OK
2019-11-19 11:17:50.273 26540 INFO rally.task.runner [-] Task 9a80d144-da38-4f48-af48-423c01d5b1ec | ITER: 40 END: OK
2019-11-19 11:17:50.508 26569 INFO rally.task.runner [-] Task 9a80d144-da38-4f48-af48-423c01d5b1ec | ITER: 29 END: OK
2019-11-19 11:17:50.599 26539 INFO rally.task.runner [-] Task 9a80d144-da38-4f48-af48-423c01d5b1ec | ITER: 27 END: OK
2019-11-19 11:17:50.817 26537 INFO rally.task.runner [-] Task 9a80d144-da38-4f48-af48-423c01d5b1ec | ITER: 33 END: OK
2019-11-19 11:17:50.974 26582 INFO rally.task.runner [-] Task 9a80d144-da38-4f48-af48-423c01d5b1ec | ITER: 31 END: OK
2019-11-19 11:17:51.013 26577 INFO rally.task.runner [-] Task 9a80d144-da38-4f48-af48-423c01d5b1ec | ITER: 37 END: OK
2019-11-19 11:17:51.206 26538 INFO rally.task.runner [-] Task 9a80d144-da38-4f48-af48-423c01d5b1ec | ITER: 35 END: OK
2019-11-19 11:17:51.381 26575 INFO rally.task.runner [-] Task 9a80d144-da38-4f48-af48-423c01d5b1ec | ITER: 36 END: OK
2019-11-19 11:17:51.409 22071 INFO rally.task.context [-] Task 9a80d144-da38-4f48-af48-423c01d5b1ec | Context cleanup@openstack cleanup() started
2019-11-19 11:17:51.412 22071 RALLYDEBUG rally_openstack.cleanup.manager [-] Cleaning up neutron vip objects
2019-11-19 11:17:51.794 22071 RALLYDEBUG rally_openstack.cleanup.manager [-] Cleaning up neutron health_monitor objects
2019-11-19 11:17:52.175 22071 RALLYDEBUG rally_openstack.cleanup.manager [-] Cleaning up neutron pool objects
2019-11-19 11:17:52.540 22071 RALLYDEBUG rally_openstack.cleanup.manager [-] Cleaning up neutron loadbalancer objects
2019-11-19 11:17:52.918 22071 RALLYDEBUG rally_openstack.cleanup.manager [-] Cleaning up neutron floatingip objects
2019-11-19 11:17:53.334 22071 RALLYDEBUG rally_openstack.cleanup.manager [-] Cleaning up neutron trunk objects
2019-11-19 11:17:53.729 22071 RALLYDEBUG rally_openstack.cleanup.manager [-] Cleaning up neutron port objects
2019-11-19 11:17:54.147 22071 RALLYDEBUG rally_openstack.cleanup.manager [-] Cleaning up neutron subnet objects
2019-11-19 11:17:54.543 22071 RALLYDEBUG rally_openstack.cleanup.manager [-] Cleaning up neutron network objects
2019-11-19 11:17:55.163 22071 RALLYDEBUG rally_openstack.cleanup.manager [-] Deleting neutron.network object s_rally_641f2951_AmhnGDfd (4927f3cb-ac97-49d0-be75-1bc7da229084)
2019-11-19 11:17:55.167 22071 RALLYDEBUG rally_openstack.cleanup.manager [-] Deleting neutron.network object s_rally_641f2951_gDOfhafF (1c347ef6-4a59-4303-baff-680326eb7de4)
2019-11-19 11:17:55.168 22071 RALLYDEBUG rally_openstack.cleanup.manager [-] Deleting neutron.network object s_rally_641f2951_ip8kNDHE (658df226-0058-4303-9169-3454ed50848e)
2019-11-19 11:17:55.168 22071 RALLYDEBUG rally_openstack.cleanup.manager [-] Deleting neutron.network object s_rally_641f2951_uFLl4ZT0 (2997d189-1e11-4ca4-8c3e-1f72c94211ca)
2019-11-19 11:17:55.364 22071 RALLYDEBUG rally_openstack.cleanup.manager [-] Deleting neutron.network object s_rally_641f2951_w7TxjL9u (1571caec-0ee7-4e22-8184-2dedd436e25b)
2019-11-19 11:17:55.366 22071 RALLYDEBUG rally_openstack.cleanup.manager [-] Deleting neutron.network object s_rally_641f2951_KK1FyUOP (53045136-a8df-490b-85df-7692111560cf)
2019-11-19 11:17:55.361 22071 RALLYDEBUG rally_openstack.cleanup.manager [-] Deleting neutron.network object s_rally_641f2951_fojucJHB (5b0d0bb8-f730-474a-b5ad-ad2fe3430bdd)
2019-11-19 11:17:55.371 22071 RALLYDEBUG rally_openstack.cleanup.manager [-] Deleting neutron.network object s_rally_641f2951_qZ7X5i1y (6495935a-c141-4e8d-9741-035f725ca6ad)
2019-11-19 11:17:55.373 22071 RALLYDEBUG rally_openstack.cleanup.manager [-] Deleting neutron.network object s_rally_641f2951_3MoBQFXk (0f48fb25-217b-44c1-9ec5-f265945b9ac1)
2019-11-19 11:17:55.376 22071 RALLYDEBUG rally_openstack.cleanup.manager [-] Deleting neutron.network object s_rally_641f2951_kHEvQkBC (27c67851-17a9-4ffd-9685-a8fb8e1871f9)
2019-11-19 11:17:55.378 22071 RALLYDEBUG rally_openstack.cleanup.manager [-] Deleting neutron.network object s_rally_641f2951_7bAaoAh3 (0c1c4b87-e6e7-46d6-b3df-0a332d3b9bc2)
2019-11-19 11:17:55.380 22071 RALLYDEBUG rally_openstack.cleanup.manager [-] Deleting neutron.network object s_rally_641f2951_87bHVQ2o (56f7954e-9db3-4074-9956-a51e378af2b5)
2019-11-19 11:17:55.383 22071 RALLYDEBUG rally_openstack.cleanup.manager [-] Deleting neutron.network object s_rally_641f2951_WGytgupK (177a75c5-d12a-4e55-9c68-fd554943bd4e)
2019-11-19 11:17:55.401 22071 RALLYDEBUG rally_openstack.cleanup.manager [-] Deleting neutron.network object s_rally_641f2951_X9plCyuJ (1eaab954-3aca-47b3-a3c2-4b8a08b3d6df)
2019-11-19 11:17:55.423 22071 RALLYDEBUG rally_openstack.cleanup.manager [-] Deleting neutron.network object s_rally_641f2951_1gt7pDBM (00f50534-cf2e-4318-8a4e-6bce041ef041)
2019-11-19 11:17:55.420 22071 RALLYDEBUG rally_openstack.cleanup.manager [-] Deleting neutron.network object s_rally_641f2951_i7L93NwH (3d528d6f-5c91-4b35-8c27-3e2788bea90e)
2019-11-19 11:17:55.434 22071 RALLYDEBUG rally_openstack.cleanup.manager [-] Deleting neutron.network object s_rally_641f2951_LhzTNeqh (323f8cf7-d47d-493e-9a2a-ab7ed0fef41d)
2019-11-19 11:17:55.451 22071 RALLYDEBUG rally_openstack.cleanup.manager [-] Deleting neutron.network object s_rally_641f2951_h43CgNS2 (3f4d6b8a-e500-473e-b6cf-2e9891f2cfb3)
2019-11-19 11:17:55.456 22071 RALLYDEBUG rally_openstack.cleanup.manager [-] Deleting neutron.network object s_rally_641f2951_5VMmF98K (2fa892e2-1953-4db6-abfd-5bcf477c9919)
2019-11-19 11:17:55.463 22071 RALLYDEBUG rally_openstack.cleanup.manager [-] Deleting neutron.network object s_rally_641f2951_SWtu8yV3 (39490210-7829-4670-88cc-93a2ee23a155)
2019-11-19 11:17:57.859 22071 RALLYDEBUG rally_openstack.cleanup.manager [-] Deleting neutron.network object s_rally_641f2951_lXzRJHp3 (7124644b-56da-4511-90f7-19bc53f533a8)
2019-11-19 11:17:58.315 22071 RALLYDEBUG rally_openstack.cleanup.manager [-] Deleting neutron.network object s_rally_641f2951_KL1P47pj (74b164ab-cd3d-42f3-ab1d-346f625b1b57)
2019-11-19 11:17:58.369 22071 RALLYDEBUG rally_openstack.cleanup.manager [-] Deleting neutron.network object s_rally_641f2951_qHqAU2rk (7889e618-03bb-463d-ab27-d8114530fc8b)
2019-11-19 11:17:58.413 22071 RALLYDEBUG rally_openstack.cleanup.manager [-] Deleting neutron.network object s_rally_641f2951_bpPggTn1 (87a3e22c-95d5-4334-990a-218da4044317)
2019-11-19 11:17:58.439 22071 RALLYDEBUG rally_openstack.cleanup.manager [-] Deleting neutron.network object s_rally_641f2951_tgu5OABH (8ab15564-1533-4626-b6fb-4411cb3b89a3)
2019-11-19 11:17:58.456 22071 RALLYDEBUG rally_openstack.cleanup.manager [-] Deleting neutron.network object s_rally_641f2951_cQKi9PER (9372fe3b-2d2b-4609-9358-6f77cd85ceaf)
2019-11-19 11:17:58.485 22071 RALLYDEBUG rally_openstack.cleanup.manager [-] Deleting neutron.network object s_rally_641f2951_9n4qyciQ (a86e665d-e84d-4d14-aa29-9e3d5315b4c1)
2019-11-19 11:17:58.689 22071 RALLYDEBUG rally_openstack.cleanup.manager [-] Deleting neutron.network object s_rally_641f2951_mRa3KkP5 (b32e8aa2-82a5-4925-bba6-9ef4404e0a5b)
2019-11-19 11:17:58.704 22071 RALLYDEBUG rally_openstack.cleanup.manager [-] Deleting neutron.network object s_rally_641f2951_7pSRJvr4 (b3aa8049-23ea-4ab1-b666-1f66ad158ae7)
2019-11-19 11:17:58.759 22071 RALLYDEBUG rally_openstack.cleanup.manager [-] Deleting neutron.network object s_rally_641f2951_szpRAq9z (b511745c-1de6-409c-9000-8fb7ad1aa906)
2019-11-19 11:17:58.802 22071 RALLYDEBUG rally_openstack.cleanup.manager [-] Deleting neutron.network object s_rally_641f2951_t8BJclzL (bc036d00-1c15-4b46-b342-3c09af4e0ccf)
2019-11-19 11:17:58.818 22071 RALLYDEBUG rally_openstack.cleanup.manager [-] Deleting neutron.network object s_rally_641f2951_6cdnnvHO (cb5f3b4b-ecb4-43d1-8eaa-a75ba3f89adb)
2019-11-19 11:17:58.836 22071 RALLYDEBUG rally_openstack.cleanup.manager [-] Deleting neutron.network object s_rally_641f2951_OqGZ6zwJ (d0daa4e2-8c98-497d-9854-f2b81994659e)
2019-11-19 11:17:58.872 22071 RALLYDEBUG rally_openstack.cleanup.manager [-] Deleting neutron.network object s_rally_641f2951_aRPnE0jr (d2de599c-725d-4ed5-a8f4-760ef3b37c5e)
2019-11-19 11:17:58.880 22071 RALLYDEBUG rally_openstack.cleanup.manager [-] Deleting neutron.network object s_rally_641f2951_tXcqoZx2 (dc83fbb9-0896-4975-89c7-438b16e460f7)
2019-11-19 11:17:59.140 22071 RALLYDEBUG rally_openstack.cleanup.manager [-] Deleting neutron.network object s_rally_641f2951_oCntacH3 (e5c295ee-fd5c-4157-be82-5fc9deaecbbc)
2019-11-19 11:17:59.281 22071 RALLYDEBUG rally_openstack.cleanup.manager [-] Deleting neutron.network object s_rally_641f2951_XItSXIBx (ecf83644-83c3-45b6-8afe-5700c411aa52)
2019-11-19 11:17:59.290 22071 RALLYDEBUG rally_openstack.cleanup.manager [-] Deleting neutron.network object s_rally_641f2951_U98YjNY3 (edff234d-42b9-4749-9359-418d199cf5de)
2019-11-19 11:17:59.531 22071 RALLYDEBUG rally_openstack.cleanup.manager [-] Deleting neutron.network object s_rally_641f2951_hBqEu5Wd (ee2f166d-9361-453c-99ff-8485df95fdec)
2019-11-19 11:17:59.543 22071 RALLYDEBUG rally_openstack.cleanup.manager [-] Deleting neutron.network object s_rally_641f2951_Bu38zlA9 (ff7f12d3-3931-4cdf-abea-3067e13494b7)
2019-11-19 11:18:02.666 22071 RALLYDEBUG rally_openstack.cleanup.manager [-] Cleaning up neutron router objects
2019-11-19 11:18:03.111 22071 RALLYDEBUG rally_openstack.cleanup.manager [-] Cleaning up neutron security_group objects
2019-11-19 11:18:03.542 22071 INFO rally.task.context [-] Task 9a80d144-da38-4f48-af48-423c01d5b1ec | Context cleanup@openstack cleanup() finished in 12.13 sec
2019-11-19 11:18:03.542 22071 INFO rally.task.context [-] Task 9a80d144-da38-4f48-af48-423c01d5b1ec | Context quotas@openstack cleanup() started
2019-11-19 11:18:03.559 22071 INFO rally.task.context [-] Task 9a80d144-da38-4f48-af48-423c01d5b1ec | Context quotas@openstack cleanup() finished in 16.57 msec
2019-11-19 11:18:03.560 22071 INFO rally.task.context [-] Task 9a80d144-da38-4f48-af48-423c01d5b1ec | Context users@openstack cleanup() started
2019-11-19 11:18:06.186 22071 INFO rally.task.context [-] Task 9a80d144-da38-4f48-af48-423c01d5b1ec | Context users@openstack cleanup() finished in 2.63 sec
2019-11-19 11:18:07.449 22071 INFO rally.task.engine [-] Load duration is: 31.506308
2019-11-19 11:18:07.449 22071 INFO rally.task.engine [-] Full runner duration is: 31.565377
2019-11-19 11:18:07.449 22071 INFO rally.task.engine [-] Full duration is: 49.078202
2019-11-19 11:18:07.875 22071 INFO rally.task.engine [-] Running workload: position = 0 config = { "version": 2, "title": "A cropped version of a bigger task.", "description": "Auto-generated task from a single workload (uuid=ee3729e3-c1ea-4cda-a409-7067245b4278)", "subtasks": [ { "title": "Quotas.neutron_update", "description": "Update quotas for neutron.", "scenario": { "Quotas.neutron_update": { "max_quota": 1024 } }, "contexts": { "users": { "tenants": 20, "users_per_tenant": 1 } }, "runner": { "constant": { "times": 40, "concurrency": 20 } }, "hooks": [], "sla": { "failure_rate": { "max": 0 } } } ] }
2019-11-19 11:18:07.906 22071 RALLYDEBUG rally_openstack.contexts.keystone.users [-] Creating 20 tenants using 20 threads
2019-11-19 11:18:10.424 22071 RALLYDEBUG rally_openstack.contexts.keystone.users [-] Creating 20 users using 20 threads
2019-11-19 11:18:14.232 22071 INFO rally.task.context [-] Task 9a80d144-da38-4f48-af48-423c01d5b1ec | Context users@openstack setup() finished in 6.33 sec
2019-11-19 11:18:14.233 22071 INFO rally.task.context [-] Task 9a80d144-da38-4f48-af48-423c01d5b1ec | Context admin_cleanup@openstack setup() finished in 0.05 msec
2019-11-19 11:18:14.242 22071 RALLYDEBUG rally.task.runner [-] Starting the constant runner (task UUID: 9a80d144-da38-4f48-af48-423c01d5b1ec). timeout: 0 concurrency: 20 concurrency_per_worker: 1 times: 40 concurrency_overhead: 4 processes_to_start: 16 max_cpu_used: 16
2019-11-19 11:18:14.258 26927 RALLYDEBUG rally.task.runner [-] Starting a worker. concurrency: 2 args: {"max_quota": 1024} times: 40 method_name: run timeout: 0 duration: None cls:
2019-11-19 11:18:14.260 26928 RALLYDEBUG rally.task.runner [-] Starting a worker. concurrency: 2 args: {"max_quota": 1024} times: 40 method_name: run timeout: 0 duration: None cls:
2019-11-19 11:18:14.265 26929 RALLYDEBUG rally.task.runner [-] Starting a worker. concurrency: 2 args: {"max_quota": 1024} times: 40 method_name: run timeout: 0 duration: None cls:
2019-11-19 11:18:14.268 26930 RALLYDEBUG rally.task.runner [-] Starting a worker. concurrency: 2 args: {"max_quota": 1024} times: 40 method_name: run timeout: 0 duration: None cls:
2019-11-19 11:18:14.271 26927 INFO rally.task.runner [-] Task 9a80d144-da38-4f48-af48-423c01d5b1ec | ITER: 1 START
2019-11-19 11:18:14.271 26931 RALLYDEBUG rally.task.runner [-] Starting a worker. concurrency: 1 args: {"max_quota": 1024} times: 40 method_name: run timeout: 0 duration: None cls:
2019-11-19 11:18:14.275 26932 RALLYDEBUG rally.task.runner [-] Starting a worker. concurrency: 1 args: {"max_quota": 1024} times: 40 method_name: run timeout: 0 duration: None cls:
2019-11-19 11:18:14.280 26930 INFO rally.task.runner [-] Task 9a80d144-da38-4f48-af48-423c01d5b1ec | ITER: 5 START
2019-11-19 11:18:14.282 26931 INFO rally.task.runner [-] Task 9a80d144-da38-4f48-af48-423c01d5b1ec | ITER: 7 START
2019-11-19 11:18:14.282 26928 INFO rally.task.runner [-] Task 9a80d144-da38-4f48-af48-423c01d5b1ec | ITER: 2 START
2019-11-19 11:18:14.282 26938 RALLYDEBUG rally.task.runner [-] Starting a worker. concurrency: 1 args: {"max_quota": 1024} times: 40 method_name: run timeout: 0 duration: None cls:
2019-11-19 11:18:14.282 26934 RALLYDEBUG rally.task.runner [-] Starting a worker. concurrency: 1 args: {"max_quota": 1024} times: 40 method_name: run timeout: 0 duration: None cls:
2019-11-19 11:18:14.283 26928 INFO rally.task.runner [-] Task 9a80d144-da38-4f48-af48-423c01d5b1ec | ITER: 6 START
2019-11-19 11:18:14.288 26932 INFO rally.task.runner [-] Task 9a80d144-da38-4f48-af48-423c01d5b1ec | ITER: 9 START
2019-11-19 11:18:14.289 26929 INFO rally.task.runner [-] Task 9a80d144-da38-4f48-af48-423c01d5b1ec | ITER: 3 START
2019-11-19 11:18:14.289 26943 RALLYDEBUG rally.task.runner [-] Starting a worker. concurrency: 1 args: {"max_quota": 1024} times: 40 method_name: run timeout: 0 duration: None cls:
2019-11-19 11:18:14.294 26938 INFO rally.task.runner [-] Task 9a80d144-da38-4f48-af48-423c01d5b1ec | ITER: 11 START
2019-11-19 11:18:14.296 26950 RALLYDEBUG rally.task.runner [-] Starting a worker. concurrency: 1 args: {"max_quota": 1024} times: 40 method_name: run timeout: 0 duration: None cls:
2019-11-19 11:18:14.290 26929 INFO rally.task.runner [-] Task 9a80d144-da38-4f48-af48-423c01d5b1ec | ITER: 8 START
2019-11-19 11:18:14.298 26927 INFO rally.task.runner [-] Task 9a80d144-da38-4f48-af48-423c01d5b1ec | ITER: 4 START
2019-11-19 11:18:14.300 26934 INFO rally.task.runner [-] Task 9a80d144-da38-4f48-af48-423c01d5b1ec | ITER: 12 START
2019-11-19 11:18:14.302 26943 INFO rally.task.runner [-] Task 9a80d144-da38-4f48-af48-423c01d5b1ec | ITER: 13 START
2019-11-19 11:18:14.304 26954 RALLYDEBUG rally.task.runner [-] Starting a worker. concurrency: 1 args: {"max_quota": 1024} times: 40 method_name: run timeout: 0 duration: None cls:
2019-11-19 11:18:14.305 26930 INFO rally.task.runner [-] Task 9a80d144-da38-4f48-af48-423c01d5b1ec | ITER: 10 START
2019-11-19 11:18:14.308 26950 INFO rally.task.runner [-] Task 9a80d144-da38-4f48-af48-423c01d5b1ec | ITER: 14 START
2019-11-19 11:18:14.314 26954 INFO rally.task.runner [-] Task 9a80d144-da38-4f48-af48-423c01d5b1ec | ITER: 15 START
2019-11-19 11:18:14.316 26959 RALLYDEBUG rally.task.runner [-] Starting a worker. concurrency: 1 args: {"max_quota": 1024} times: 40 method_name: run timeout: 0 duration: None cls:
2019-11-19 11:18:14.319 26963 RALLYDEBUG rally.task.runner [-] Starting a worker. concurrency: 1 args: {"max_quota": 1024} times: 40 method_name: run timeout: 0 duration: None cls:
2019-11-19 11:18:14.324 26966 RALLYDEBUG rally.task.runner [-] Starting a worker. concurrency: 1 args: {"max_quota": 1024} times: 40 method_name: run timeout: 0 duration: None cls:
2019-11-19 11:18:14.328 26959 INFO rally.task.runner [-] Task 9a80d144-da38-4f48-af48-423c01d5b1ec | ITER: 16 START
2019-11-19 11:18:14.329 26963 INFO rally.task.runner [-] Task 9a80d144-da38-4f48-af48-423c01d5b1ec | ITER: 17 START
2019-11-19 11:18:14.332 26967 RALLYDEBUG rally.task.runner [-] Starting a worker. concurrency: 1 args: {"max_quota": 1024} times: 40 method_name: run timeout: 0 duration: None cls:
2019-11-19 11:18:14.333 26966 INFO rally.task.runner [-] Task 9a80d144-da38-4f48-af48-423c01d5b1ec | ITER: 18 START
2019-11-19 11:18:14.338 26974 RALLYDEBUG rally.task.runner [-] Starting a worker. concurrency: 1 args: {"max_quota": 1024} times: 40 method_name: run timeout: 0 duration: None cls:
2019-11-19 11:18:14.340 26967 INFO rally.task.runner [-] Task 9a80d144-da38-4f48-af48-423c01d5b1ec | ITER: 19 START
2019-11-19 11:18:14.345 26974 INFO rally.task.runner [-] Task 9a80d144-da38-4f48-af48-423c01d5b1ec | ITER: 20 START
2019-11-19 11:18:14.949 26959 INFO rally.task.runner [-] Task 9a80d144-da38-4f48-af48-423c01d5b1ec | ITER: 16 END: OK
2019-11-19 11:18:14.957 26959 INFO rally.task.runner [-] Task 9a80d144-da38-4f48-af48-423c01d5b1ec | ITER: 21 START
2019-11-19 11:18:15.008 26930 INFO rally.task.runner [-] Task 9a80d144-da38-4f48-af48-423c01d5b1ec | ITER: 5 END: OK
2019-11-19 11:18:15.016 26930 INFO rally.task.runner [-] Task 9a80d144-da38-4f48-af48-423c01d5b1ec | ITER: 22 START
2019-11-19 11:18:15.018 26931 INFO rally.task.runner [-] Task 9a80d144-da38-4f48-af48-423c01d5b1ec | ITER: 7 END: OK
2019-11-19 11:18:15.018 26928 INFO rally.task.runner [-] Task 9a80d144-da38-4f48-af48-423c01d5b1ec | ITER: 6 END: OK
2019-11-19 11:18:15.027 26931 INFO rally.task.runner [-] Task 9a80d144-da38-4f48-af48-423c01d5b1ec | ITER: 23 START
2019-11-19 11:18:15.028 26928 INFO rally.task.runner [-] Task 9a80d144-da38-4f48-af48-423c01d5b1ec | ITER: 24 START
2019-11-19 11:18:15.028 26932 INFO rally.task.runner [-] Task 9a80d144-da38-4f48-af48-423c01d5b1ec | ITER: 9 END: OK
2019-11-19 11:18:15.034 26932 INFO rally.task.runner [-] Task 9a80d144-da38-4f48-af48-423c01d5b1ec | ITER: 25 START
2019-11-19 11:18:15.059 26943 INFO rally.task.runner [-] Task 9a80d144-da38-4f48-af48-423c01d5b1ec | ITER: 13 END: OK
2019-11-19 11:18:15.060 26928 INFO rally.task.runner [-] Task 9a80d144-da38-4f48-af48-423c01d5b1ec | ITER: 2 END: OK
2019-11-19 11:18:15.066 26943 INFO rally.task.runner [-] Task 9a80d144-da38-4f48-af48-423c01d5b1ec | ITER: 26 START
2019-11-19 11:18:15.068 26928 INFO rally.task.runner [-] Task 9a80d144-da38-4f48-af48-423c01d5b1ec | ITER: 27 START
2019-11-19 11:18:15.129 26927 INFO rally.task.runner [-] Task 9a80d144-da38-4f48-af48-423c01d5b1ec | ITER: 1 END: OK
2019-11-19 11:18:15.137 26927 INFO rally.task.runner [-] Task 9a80d144-da38-4f48-af48-423c01d5b1ec | ITER: 28 START
2019-11-19 11:18:15.144 26967 INFO rally.task.runner [-] Task 9a80d144-da38-4f48-af48-423c01d5b1ec | ITER: 19 END: OK
2019-11-19 11:18:15.143 26927 INFO rally.task.runner [-] Task 9a80d144-da38-4f48-af48-423c01d5b1ec | ITER: 4 END: OK
2019-11-19 11:18:15.149 26930 INFO rally.task.runner [-] Task 9a80d144-da38-4f48-af48-423c01d5b1ec | ITER: 10 END: OK
2019-11-19 11:18:15.151 26967 INFO rally.task.runner [-] Task 9a80d144-da38-4f48-af48-423c01d5b1ec | ITER: 29 START
2019-11-19 11:18:15.153 26934 INFO rally.task.runner [-] Task 9a80d144-da38-4f48-af48-423c01d5b1ec | ITER: 12 END: OK
2019-11-19 11:18:15.155 26927 INFO rally.task.runner [-] Task 9a80d144-da38-4f48-af48-423c01d5b1ec | ITER: 30 START
2019-11-19 11:18:15.156 26930 INFO rally.task.runner [-] Task 9a80d144-da38-4f48-af48-423c01d5b1ec | ITER: 31 START
2019-11-19 11:18:15.161 26934 INFO rally.task.runner [-] Task 9a80d144-da38-4f48-af48-423c01d5b1ec | ITER: 32 START
2019-11-19 11:18:15.197 26929 INFO rally.task.runner [-] Task 9a80d144-da38-4f48-af48-423c01d5b1ec | ITER: 8 END: OK
2019-11-19 11:18:15.206 26938 INFO rally.task.runner [-] Task 9a80d144-da38-4f48-af48-423c01d5b1ec | ITER: 11 END: OK
2019-11-19 11:18:15.207 26929 INFO rally.task.runner [-] Task 9a80d144-da38-4f48-af48-423c01d5b1ec | ITER: 33 START
2019-11-19 11:18:15.214 26938 INFO rally.task.runner [-] Task 9a80d144-da38-4f48-af48-423c01d5b1ec | ITER: 34 START
2019-11-19 11:18:15.265 26950 INFO rally.task.runner [-] Task 9a80d144-da38-4f48-af48-423c01d5b1ec | ITER: 14 END: OK
2019-11-19 11:18:15.274 26950 INFO rally.task.runner [-] Task 9a80d144-da38-4f48-af48-423c01d5b1ec | ITER: 35 START
2019-11-19 11:18:15.393 26929 INFO rally.task.runner [-] Task 9a80d144-da38-4f48-af48-423c01d5b1ec | ITER: 3 END: OK
2019-11-19 11:18:15.401 26929 INFO rally.task.runner [-] Task 9a80d144-da38-4f48-af48-423c01d5b1ec | ITER: 36 START
2019-11-19 11:18:15.451 26959 INFO rally.task.runner [-] Task 9a80d144-da38-4f48-af48-423c01d5b1ec | ITER: 21 END: OK
2019-11-19 11:18:15.460 26959 INFO rally.task.runner [-] Task 9a80d144-da38-4f48-af48-423c01d5b1ec | ITER: 37 START
2019-11-19 11:18:15.573 26974 INFO rally.task.runner [-] Task 9a80d144-da38-4f48-af48-423c01d5b1ec | ITER: 20 END: OK
2019-11-19 11:18:15.582 26974 INFO rally.task.runner [-] Task 9a80d144-da38-4f48-af48-423c01d5b1ec | ITER: 38 START
2019-11-19 11:18:15.584 26928 INFO rally.task.runner [-] Task 9a80d144-da38-4f48-af48-423c01d5b1ec | ITER: 27 END: OK
2019-11-19 11:18:15.594 26928 INFO rally.task.runner [-] Task 9a80d144-da38-4f48-af48-423c01d5b1ec | ITER: 39 START
2019-11-19 11:18:15.599 26954 INFO rally.task.runner [-] Task 9a80d144-da38-4f48-af48-423c01d5b1ec | ITER: 15 END: OK
2019-11-19 11:18:15.600 26928 INFO rally.task.runner [-] Task 9a80d144-da38-4f48-af48-423c01d5b1ec | ITER: 24 END: OK
2019-11-19 11:18:15.605 26954 INFO rally.task.runner [-] Task 9a80d144-da38-4f48-af48-423c01d5b1ec | ITER: 40 START
2019-11-19 11:18:15.660 26927 INFO rally.task.runner [-] Task 9a80d144-da38-4f48-af48-423c01d5b1ec | ITER: 30 END: OK
2019-11-19 11:18:15.695 26966 INFO rally.task.runner [-] Task 9a80d144-da38-4f48-af48-423c01d5b1ec | ITER: 18 END: OK
2019-11-19 11:18:15.714 26930 INFO rally.task.runner [-] Task 9a80d144-da38-4f48-af48-423c01d5b1ec | ITER: 31 END: OK
2019-11-19 11:18:15.748 26929 INFO rally.task.runner [-] Task 9a80d144-da38-4f48-af48-423c01d5b1ec | ITER: 33 END: OK
2019-11-19 11:18:15.751 26963 INFO rally.task.runner [-] Task 9a80d144-da38-4f48-af48-423c01d5b1ec | ITER: 17 END: OK
2019-11-19 11:18:15.855 26930 INFO rally.task.runner [-] Task 9a80d144-da38-4f48-af48-423c01d5b1ec | ITER: 22 END: OK
2019-11-19 11:18:16.069 26943 INFO rally.task.runner [-] Task 9a80d144-da38-4f48-af48-423c01d5b1ec | ITER: 26 END: OK
2019-11-19 11:18:16.073 26974 INFO rally.task.runner [-] Task 9a80d144-da38-4f48-af48-423c01d5b1ec | ITER: 38 END: OK
2019-11-19 11:18:16.137 26954 INFO rally.task.runner [-] Task 9a80d144-da38-4f48-af48-423c01d5b1ec | ITER: 40 END: OK
2019-11-19 11:18:16.147 26931 INFO rally.task.runner [-] Task 9a80d144-da38-4f48-af48-423c01d5b1ec | ITER: 23 END: OK
2019-11-19 11:18:16.256 26932 INFO rally.task.runner [-] Task 9a80d144-da38-4f48-af48-423c01d5b1ec | ITER: 25 END: OK
2019-11-19 11:18:16.270 26929 INFO rally.task.runner [-] Task 9a80d144-da38-4f48-af48-423c01d5b1ec | ITER: 36 END: OK
2019-11-19 11:18:16.417 26934 INFO rally.task.runner [-] Task 9a80d144-da38-4f48-af48-423c01d5b1ec | ITER: 32 END: OK
2019-11-19 11:18:16.428 26938 INFO rally.task.runner [-] Task 9a80d144-da38-4f48-af48-423c01d5b1ec | ITER: 34 END: OK
2019-11-19 11:18:16.429 26927 INFO rally.task.runner [-] Task 9a80d144-da38-4f48-af48-423c01d5b1ec | ITER: 28 END: OK
2019-11-19 11:18:16.570 26959 INFO rally.task.runner [-] Task 9a80d144-da38-4f48-af48-423c01d5b1ec | ITER: 37 END: OK
2019-11-19 11:18:16.611 26950 INFO rally.task.runner [-] Task 9a80d144-da38-4f48-af48-423c01d5b1ec | ITER: 35 END: OK
2019-11-19 11:18:16.620 26967 INFO rally.task.runner [-] Task 9a80d144-da38-4f48-af48-423c01d5b1ec | ITER: 29 END: OK
2019-11-19 11:18:16.694 26928 INFO rally.task.runner [-] Task 9a80d144-da38-4f48-af48-423c01d5b1ec | ITER: 39 END: OK
2019-11-19 11:18:16.726 22071 INFO rally.task.context [-] Task 9a80d144-da38-4f48-af48-423c01d5b1ec | Context admin_cleanup@openstack cleanup() started
2019-11-19 11:18:16.730 22071 RALLYDEBUG rally_openstack.cleanup.manager [-] Cleaning up neutron quota objects
2019-11-19 11:18:18.291 22071 INFO rally.task.context [-] Task 9a80d144-da38-4f48-af48-423c01d5b1ec | Context admin_cleanup@openstack cleanup() finished in 1.56 sec
2019-11-19 11:18:18.291 22071 INFO rally.task.context [-] Task 9a80d144-da38-4f48-af48-423c01d5b1ec | Context users@openstack cleanup() started
2019-11-19 11:18:40.147 22071 INFO rally.task.context [-] Task 9a80d144-da38-4f48-af48-423c01d5b1ec | Context users@openstack cleanup() finished in 21.86 sec
2019-11-19 11:18:42.149 22071 INFO rally.task.engine [-] Load duration is: 2.421319
2019-11-19 11:18:42.149 22071 INFO rally.task.engine [-] Full runner duration is: 2.483906
2019-11-19 11:18:42.149 22071 INFO rally.task.engine [-] Full duration is: 32.244983
2019-11-19 11:18:42.498 22071 INFO rally.task.engine [-] Running workload: position = 0 config = { "version": 2, "title": "A cropped version of a bigger task.", "description": "Auto-generated task from a single workload (uuid=8cb10a40-d6d2-4630-b2f2-2d404cf7a2a8)", "subtasks": [ { "title": "NeutronTrunks.create_and_list_trunk_subports", "description": "", "scenario": { "NeutronTrunks.create_and_list_trunk_subports": { "subport_count": 125 } }, "contexts": { "users": { "tenants": 1, "users_per_tenant": 1 }, "quotas": { "neutron": { "network": -1, "port": 1000 } } }, "runner": { "constant": { "times": 4, "concurrency": 4 } }, "hooks": [], "sla": { "failure_rate": { "max": 0 } } } ] }
2019-11-19 11:18:42.525 22071 RALLYDEBUG rally_openstack.contexts.keystone.users [-] Creating 1 tenants using 20 threads
2019-11-19 11:18:43.451 22071 RALLYDEBUG rally_openstack.contexts.keystone.users [-] Creating 1 users using 20 threads
2019-11-19 11:18:44.879 22071 INFO rally.task.context [-] Task 9a80d144-da38-4f48-af48-423c01d5b1ec | Context users@openstack setup() finished in 2.35 sec
2019-11-19 11:18:45.377 22071 INFO rally.task.context [-] Task 9a80d144-da38-4f48-af48-423c01d5b1ec | Context quotas@openstack setup() finished in 0.50 sec
2019-11-19 11:18:45.378 22071 INFO rally.task.context [-] Task 9a80d144-da38-4f48-af48-423c01d5b1ec | Context cleanup@openstack setup() finished in 0.01 msec
2019-11-19 11:18:45.387 22071 RALLYDEBUG rally.task.runner [-] Starting the constant runner (task UUID: 9a80d144-da38-4f48-af48-423c01d5b1ec). timeout: 0 concurrency: 4 concurrency_per_worker: 1 times: 4 concurrency_overhead: 0 processes_to_start: 4 max_cpu_used: 16
2019-11-19 11:18:45.402 27117 RALLYDEBUG rally.task.runner [-] Starting a worker. concurrency: 1 args: {"subport_count": 125} times: 4 method_name: run timeout: 0 duration: None cls:
2019-11-19 11:18:45.407 27118 RALLYDEBUG rally.task.runner [-] Starting a worker. concurrency: 1 args: {"subport_count": 125} times: 4 method_name: run timeout: 0 duration: None cls:
2019-11-19 11:18:45.408 27117 INFO rally.task.runner [-] Task 9a80d144-da38-4f48-af48-423c01d5b1ec | ITER: 1 START
2019-11-19 11:18:45.409 27119 RALLYDEBUG rally.task.runner [-] Starting a worker. concurrency: 1 args: {"subport_count": 125} times: 4 method_name: run timeout: 0 duration: None cls:
2019-11-19 11:18:45.414 27118 INFO rally.task.runner [-] Task 9a80d144-da38-4f48-af48-423c01d5b1ec | ITER: 2 START
2019-11-19 11:18:45.413 27120 RALLYDEBUG rally.task.runner [-] Starting a worker. concurrency: 1 args: {"subport_count": 125} times: 4 method_name: run timeout: 0 duration: None cls:
2019-11-19 11:18:45.416 27119 INFO rally.task.runner [-] Task 9a80d144-da38-4f48-af48-423c01d5b1ec | ITER: 3 START
2019-11-19 11:18:45.420 27120 INFO rally.task.runner [-] Task 9a80d144-da38-4f48-af48-423c01d5b1ec | ITER: 4 START
2019-11-19 11:20:30.008 27119 WARNING rally.task.atomic [-] 'optional_action_timer' is deprecated since rally v0.10.0.Please use action_timer instead, we have improved atomic actions, now do not need to explicitly close original action.
2019-11-19 11:20:30.212 27117 WARNING rally.task.atomic [-] 'optional_action_timer' is deprecated since rally v0.10.0.Please use action_timer instead, we have improved atomic actions, now do not need to explicitly close original action.
2019-11-19 11:20:30.245 27117 WARNING rally.task.atomic [-] 'optional_action_timer' is deprecated since rally v0.10.0.Please use action_timer instead, we have improved atomic actions, now do not need to explicitly close original action.
2019-11-19 11:20:30.331 27119 WARNING rally.task.atomic [-] 'optional_action_timer' is deprecated since rally v0.10.0.Please use action_timer instead, we have improved atomic actions, now do not need to explicitly close original action.
2019-11-19 11:20:30.855 27117 INFO rally.task.runner [-] Task 9a80d144-da38-4f48-af48-423c01d5b1ec | ITER: 1 END: OK
2019-11-19 11:20:30.942 27119 INFO rally.task.runner [-] Task 9a80d144-da38-4f48-af48-423c01d5b1ec | ITER: 3 END: OK
2019-11-19 11:20:31.646 27120 WARNING rally.task.atomic [-] 'optional_action_timer' is deprecated since rally v0.10.0.Please use action_timer instead, we have improved atomic actions, now do not need to explicitly close original action.
2019-11-19 11:20:31.684 27120 WARNING rally.task.atomic [-] 'optional_action_timer' is deprecated since rally v0.10.0.Please use action_timer instead, we have improved atomic actions, now do not need to explicitly close original action.
2019-11-19 11:20:32.149 27120 INFO rally.task.runner [-] Task 9a80d144-da38-4f48-af48-423c01d5b1ec | ITER: 4 END: OK
2019-11-19 11:20:33.518 27118 WARNING rally.task.atomic [-] 'optional_action_timer' is deprecated since rally v0.10.0.Please use action_timer instead, we have improved atomic actions, now do not need to explicitly close original action.
2019-11-19 11:20:33.554 27118 WARNING rally.task.atomic [-] 'optional_action_timer' is deprecated since rally v0.10.0.Please use action_timer instead, we have improved atomic actions, now do not need to explicitly close original action.
2019-11-19 11:20:34.019 27118 INFO rally.task.runner [-] Task 9a80d144-da38-4f48-af48-423c01d5b1ec | ITER: 2 END: OK
2019-11-19 11:20:34.050 22071 INFO rally.task.context [-] Task 9a80d144-da38-4f48-af48-423c01d5b1ec | Context cleanup@openstack cleanup() started
2019-11-19 11:20:34.055 22071 RALLYDEBUG rally_openstack.cleanup.manager [-] Cleaning up neutron vip objects
2019-11-19 11:20:34.564 22071 RALLYDEBUG rally_openstack.cleanup.manager [-] Cleaning up neutron health_monitor objects
2019-11-19 11:20:34.954 22071 RALLYDEBUG rally_openstack.cleanup.manager [-] Cleaning up neutron pool objects
2019-11-19 11:20:35.325 22071 RALLYDEBUG rally_openstack.cleanup.manager [-] Cleaning up neutron loadbalancer objects
2019-11-19 11:20:35.707 22071 RALLYDEBUG rally_openstack.cleanup.manager [-] Cleaning up neutron floatingip objects
2019-11-19 11:20:36.120 22071 RALLYDEBUG rally_openstack.cleanup.manager [-] Cleaning up neutron trunk objects
2019-11-19 11:20:36.490 22071 RALLYDEBUG rally_openstack.cleanup.manager [-] Cleaning up neutron port objects
2019-11-19 11:20:37.995 22071 RALLYDEBUG rally_openstack.cleanup.manager [-] Deleting neutron.port object s_rally_8cb10a40_uK57Ql19 (06c667c1-ed3d-4cad-958f-731ff9b579e1)
2019-11-19 11:20:37.995 22071 RALLYDEBUG rally_openstack.cleanup.manager [-] Deleting neutron.port object s_rally_8cb10a40_M0Osnfut (0a3dddb6-5b75-4a2a-9061-b74f45c971d7)
2019-11-19 11:20:38.005 22071 RALLYDEBUG rally_openstack.cleanup.manager [-] Deleting neutron.port object s_rally_8cb10a40_vyxOaYUk (0509b7ce-60ed-4737-b32d-9a7833e5323d)
2019-11-19 11:20:38.009 22071 RALLYDEBUG rally_openstack.cleanup.manager [-] Deleting neutron.port object s_rally_8cb10a40_6vJXDwWi (0787a9ae-8053-4e20-8cb2-a4885748df56)
2019-11-19 11:20:38.018 22071 RALLYDEBUG rally_openstack.cleanup.manager [-] Deleting neutron.port object s_rally_8cb10a40_QfAzLzC4 (0082a713-9744-49d2-8c6c-62d8ace70db9)
2019-11-19 11:20:38.021 22071 RALLYDEBUG rally_openstack.cleanup.manager [-] Deleting neutron.port object s_rally_8cb10a40_49XwmiyY (0b672470-f6e9-4058-a4ae-42c1fdb11ea7)
2019-11-19 11:20:38.022 22071 RALLYDEBUG rally_openstack.cleanup.manager [-] Deleting neutron.port object s_rally_8cb10a40_e673ACPG (06e141a6-437d-4319-be3e-61b14c00c265)
2019-11-19 11:20:38.025 22071 RALLYDEBUG rally_openstack.cleanup.manager [-] Deleting neutron.port object s_rally_8cb10a40_ijhSgSV3 (0bb84dce-824d-479a-9a78-bee8829e2e46)
2019-11-19 11:20:38.038 22071 RALLYDEBUG rally_openstack.cleanup.manager [-] Deleting neutron.port object s_rally_8cb10a40_MaEN32jJ (0c0a0d00-e2d3-4088-adfc-adbf80870334)
2019-11-19 11:20:38.050 22071 RALLYDEBUG rally_openstack.cleanup.manager [-] Deleting neutron.port object s_rally_8cb10a40_PfkmVho3 (0c4c2f9f-02c9-4b0d-afbc-427a76e55438)
2019-11-19 11:20:38.053 22071 RALLYDEBUG rally_openstack.cleanup.manager [-] Deleting neutron.port object s_rally_8cb10a40_wRVGgBTN (0962b2ca-e0c4-4a8c-910f-dbb2ac98aa3e)
2019-11-19 11:20:38.068 22071 RALLYDEBUG rally_openstack.cleanup.manager [-] Deleting neutron.port object s_rally_8cb10a40_UjYDgjqe (067ab560-dae1-4877-8296-2e1f818b643e)
2019-11-19 11:20:38.074 22071 RALLYDEBUG rally_openstack.cleanup.manager [-] Deleting neutron.port object s_rally_8cb10a40_dssBtxEA (01a729f6-f1c2-4f07-a23c-657f2c9312c9)
2019-11-19 11:20:38.086 22071 RALLYDEBUG rally_openstack.cleanup.manager [-] Deleting neutron.port object s_rally_8cb10a40_Z7FQALgg (059821d6-b459-47fc-87fd-3ba17be6bf0f)
2019-11-19 11:20:38.087 22071 RALLYDEBUG rally_openstack.cleanup.manager [-] Deleting neutron.port object s_rally_8cb10a40_tiTzPlKj (0518b801-9946-44e0-9313-b02206afc3bc)
2019-11-19 11:20:38.088 22071 RALLYDEBUG rally_openstack.cleanup.manager [-] Deleting neutron.port object s_rally_8cb10a40_nKUXJgFk (047d58cf-f138-4535-b1fa-e3a74f958ccf)
2019-11-19 11:20:38.096 22071 RALLYDEBUG rally_openstack.cleanup.manager [-] Deleting neutron.port object s_rally_8cb10a40_TRK4lPWx (0c62d7c5-cc8a-4957-9d1e-5b85172ddc79)
2019-11-19 11:20:38.120 22071 RALLYDEBUG rally_openstack.cleanup.manager [-] Deleting neutron.port object s_rally_8cb10a40_i8kQU3pd (0ca4f7f9-94c9-454f-aa72-7dc295d232f6)
2019-11-19 11:20:38.127 22071 RALLYDEBUG rally_openstack.cleanup.manager [-] Deleting neutron.port object s_rally_8cb10a40_YB9Rq7NE (0ccaf855-eebe-4ab9-9a53-f381b09f2b03)
2019-11-19 11:20:38.145 22071 RALLYDEBUG rally_openstack.cleanup.manager [-] Deleting neutron.port object s_rally_8cb10a40_BnUwXWgn (0d2d4f7b-6954-4f4f-a109-b5ae3c1e0f51)
2019-11-19 11:20:40.473 22071 RALLYDEBUG rally_openstack.cleanup.manager [-] Deleting neutron.port object s_rally_8cb10a40_2VROaMzE (0db2106b-811b-4b0d-900a-9f8af01b8c59)
2019-11-19 11:20:40.598 22071 RALLYDEBUG rally_openstack.cleanup.manager [-] Deleting neutron.port object s_rally_8cb10a40_CQtLfQin (0e58567e-94e9-4685-a31d-02331556f194)
2019-11-19 11:20:40.656 22071 RALLYDEBUG rally_openstack.cleanup.manager [-] Deleting neutron.port object s_rally_8cb10a40_HMsPItLh (0e9cbc9c-a92f-4008-b605-aedfda230755)
2019-11-19 11:20:40.680 22071 RALLYDEBUG rally_openstack.cleanup.manager [-] Deleting neutron.port object s_rally_8cb10a40_UcbKHUP9 (0edaf4e5-e08f-4b9e-a3a4-0974301f78ed)
2019-11-19 11:20:40.804 22071 RALLYDEBUG rally_openstack.cleanup.manager [-] Deleting neutron.port object s_rally_8cb10a40_mExWdJao (0f1b5f3b-cde1-46b8-9475-ffe84050daa7)
2019-11-19 11:20:41.038 22071 RALLYDEBUG rally_openstack.cleanup.manager [-] Deleting neutron.port object s_rally_8cb10a40_g4P3aqMH (0f2bfc0d-0137-42d2-adb2-8eda3205ef2d)
2019-11-19 11:20:41.194 22071 RALLYDEBUG rally_openstack.cleanup.manager [-] Deleting neutron.port object s_rally_8cb10a40_jnC3piDT (0ff78074-f381-455b-90ba-54b523b6bda8)
2019-11-19 11:20:41.238 22071 RALLYDEBUG rally_openstack.cleanup.manager [-] Deleting neutron.port object s_rally_8cb10a40_I2v6uW47 (10122c0b-57a1-4af6-96f1-61afec93c197)
2019-11-19 11:20:41.270 22071 RALLYDEBUG rally_openstack.cleanup.manager [-] Deleting neutron.port object s_rally_8cb10a40_7EDuJgkC (1047becd-6ba4-4932-9693-244683a34a8c)
2019-11-19 11:20:41.331 22071 RALLYDEBUG rally_openstack.cleanup.manager [-] Deleting neutron.port object s_rally_8cb10a40_sO8W5RwH (10b908f8-c6d4-41ff-bd30-f10d43918705)
2019-11-19 11:20:41.340 22071 RALLYDEBUG rally_openstack.cleanup.manager [-] Deleting neutron.port object s_rally_8cb10a40_kX0vY7ZA (10d6f4be-ac88-45cd-ac0e-ee2d84d9ed34)
2019-11-19 11:20:41.356 22071 RALLYDEBUG rally_openstack.cleanup.manager [-] Deleting neutron.port object s_rally_8cb10a40_up28wIhY (10dd2964-5c62-4a04-8aa1-e58eb34a34ef)
2019-11-19 11:20:41.367 22071 RALLYDEBUG rally_openstack.cleanup.manager [-] Deleting neutron.port object s_rally_8cb10a40_hwbU7f5b (1100c5ae-d60b-461e-a5d3-14feb2d7e3fa)
2019-11-19 11:20:41.380 22071 RALLYDEBUG rally_openstack.cleanup.manager [-] Deleting neutron.port object s_rally_8cb10a40_XM4q6TO3 (1160a267-dbdd-4578-974a-b21ee0856a0e)
2019-11-19 11:20:41.528 22071 RALLYDEBUG rally_openstack.cleanup.manager [-] Deleting neutron.port object s_rally_8cb10a40_ikUzXwKZ (11de824c-ac37-40e2-bade-4f40b1f0771e)
2019-11-19 11:20:41.735 22071 RALLYDEBUG rally_openstack.cleanup.manager [-] Deleting neutron.port object s_rally_8cb10a40_GsEfGdql (11fe1dfd-0faa-420d-86c0-1293eb1672f4)
2019-11-19 11:20:42.115 22071 RALLYDEBUG rally_openstack.cleanup.manager [-] Deleting neutron.port object s_rally_8cb10a40_h3P8uOfX (125097c9-e8a8-4ba5-9eb6-26b273b3b94a)
2019-11-19 11:20:42.144 22071 RALLYDEBUG rally_openstack.cleanup.manager [-] Deleting neutron.port object s_rally_8cb10a40_2GRp5m0l (128d45e0-1b80-42ed-9b87-ab40f1f50e47)
2019-11-19 11:20:42.187 22071 RALLYDEBUG rally_openstack.cleanup.manager [-] Deleting neutron.port object s_rally_8cb10a40_D3RCIwIX (12d774f6-cdd2-4166-8880-8a08fc60b05f)
2019-11-19 11:20:42.390 22071 RALLYDEBUG rally_openstack.cleanup.manager [-] Deleting neutron.port object s_rally_8cb10a40_jk0Pb2ff (12f72887-1e0a-4ab9-b233-9028ec685143)
2019-11-19 11:20:42.509 22071 RALLYDEBUG rally_openstack.cleanup.manager [-] Deleting neutron.port object s_rally_8cb10a40_NJuHqs8d (1464b86a-0e2c-4340-a376-27b78b0caa81)
2019-11-19 11:20:42.549 22071 RALLYDEBUG rally_openstack.cleanup.manager [-] Deleting neutron.port object s_rally_8cb10a40_1V6upDdx (14844f8c-2a5b-4238-a769-f804d5bdd52c)
2019-11-19 11:20:42.653 22071 RALLYDEBUG rally_openstack.cleanup.manager [-] Deleting neutron.port object s_rally_8cb10a40_fjGQJXZW (149798fc-9d20-4e55-9a0f-0d2c11534250)
2019-11-19 11:20:42.920 22071 RALLYDEBUG rally_openstack.cleanup.manager [-] Deleting neutron.port object s_rally_8cb10a40_8zhgFmot (14af2fd2-a92a-4c1f-a0c1-3b7c96a80830)
2019-11-19 11:20:42.948 22071 RALLYDEBUG rally_openstack.cleanup.manager [-] Deleting neutron.port object s_rally_8cb10a40_53HAYkBY (14fb85e7-25a5-4378-a0e3-f2fc9979e35a)
2019-11-19 11:20:43.279 22071 RALLYDEBUG rally_openstack.cleanup.manager [-] Deleting neutron.port object s_rally_8cb10a40_gQDoiGFJ (15391445-e873-4ce2-8769-699ea8c28364)
2019-11-19 11:20:43.358 22071 RALLYDEBUG rally_openstack.cleanup.manager [-] Deleting neutron.port object s_rally_8cb10a40_oAdXwOua (15ac83a1-ea85-4b54-9664-bbad5de5c1d6)
2019-11-19 11:20:43.504 22071 RALLYDEBUG rally_openstack.cleanup.manager [-] Deleting neutron.port object s_rally_8cb10a40_SfyCPQZI (16621211-071e-4e43-92fa-14a012305148)
2019-11-19 11:20:43.670 22071 RALLYDEBUG rally_openstack.cleanup.manager [-] Deleting neutron.port object s_rally_8cb10a40_oZJjSJsJ (176bdaad-1828-4001-9d13-ba8979b4b2c0)
2019-11-19 11:20:43.855 22071 RALLYDEBUG rally_openstack.cleanup.manager [-] Deleting neutron.port object s_rally_8cb10a40_aEb0HmMl (184d70ee-1f78-474c-9f77-c694dd74974a)
2019-11-19 11:20:44.018 22071 RALLYDEBUG rally_openstack.cleanup.manager [-] Deleting neutron.port object s_rally_8cb10a40_ewTzEZZz (18d41f91-3cc6-4c92-bdca-e89e63391f74)
2019-11-19 11:20:44.039 22071 RALLYDEBUG rally_openstack.cleanup.manager [-] Deleting neutron.port object s_rally_8cb10a40_O0MI4jWj (194802df-8683-4efa-8e39-b017b2ac7034)
2019-11-19 11:20:44.052 22071 RALLYDEBUG rally_openstack.cleanup.manager [-] Deleting neutron.port object s_rally_8cb10a40_pPB65Xs3 (1955f452-397f-4a25-9562-231d1b2f2f34)
2019-11-19 11:20:44.164 22071 RALLYDEBUG rally_openstack.cleanup.manager [-] Deleting neutron.port object s_rally_8cb10a40_4eGz9x1I (1a7423da-3658-428f-8131-72a84bb67762)
2019-11-19 11:20:44.362 22071 RALLYDEBUG rally_openstack.cleanup.manager [-] Deleting neutron.port object s_rally_8cb10a40_mGyHuotF (1adf5ad3-9bea-41b1-aaca-2b751fb1de49)
2019-11-19 11:20:44.385 22071 RALLYDEBUG rally_openstack.cleanup.manager [-] Deleting neutron.port object s_rally_8cb10a40_CUQhcyoX (1b4e7a04-c15f-4333-a9ea-1c945420be54)
2019-11-19 11:20:44.444 22071 RALLYDEBUG rally_openstack.cleanup.manager [-] Deleting neutron.port object s_rally_8cb10a40_rn81mbLO (1b735962-ab6d-4f68-9a2b-c7b5346d7531)
2019-11-19 11:20:44.609 22071 RALLYDEBUG rally_openstack.cleanup.manager [-] Deleting neutron.port object s_rally_8cb10a40_ozuKZDs7 (1b7f1a4f-3ffe-48b8-baaa-fae4e436b4be)
2019-11-19 11:20:44.647 22071 RALLYDEBUG rally_openstack.cleanup.manager [-] Deleting neutron.port object s_rally_8cb10a40_BQrhyOSW (1b8b8c98-f913-4a01-8fa1-5aca646abe25)
2019-11-19 11:20:44.703 22071 RALLYDEBUG rally_openstack.cleanup.manager [-] Deleting neutron.port object s_rally_8cb10a40_TJwTp3D5 (1c23e0d1-241f-4bcf-a5e7-b29d161cb4a0)
2019-11-19 11:20:44.784 22071 RALLYDEBUG rally_openstack.cleanup.manager [-] Deleting neutron.port object s_rally_8cb10a40_2z1tLGxl (1ca4e156-f203-447f-8328-bed0d7f192cd)
2019-11-19 11:20:44.968 22071 RALLYDEBUG rally_openstack.cleanup.manager [-] Deleting neutron.port object s_rally_8cb10a40_ZLTstNXL (1d94f4d6-a308-43bb-9e73-ce92827ac808)
2019-11-19 11:20:45.044 22071 RALLYDEBUG rally_openstack.cleanup.manager [-] Deleting neutron.port object s_rally_8cb10a40_gsIwVtyz (1f8227ee-48ad-4be2-92b1-59baf0fd5994)
2019-11-19 11:20:45.125 22071 RALLYDEBUG rally_openstack.cleanup.manager [-] Deleting neutron.port object s_rally_8cb10a40_wKipjOIQ (20f1e3cb-b3fe-4360-b3f1-3f9f398acd3c)
2019-11-19 11:20:45.207 22071 RALLYDEBUG rally_openstack.cleanup.manager [-] Deleting neutron.port object s_rally_8cb10a40_0ZhWWUDb (20f7106c-f2d8-44bd-86d3-6b457737e32e)
2019-11-19 11:20:45.526 22071 RALLYDEBUG rally_openstack.cleanup.manager [-] Deleting neutron.port object s_rally_8cb10a40_hIAZ2MkB (217b7536-f68c-44c2-9983-e277c0cabe83)
2019-11-19 11:20:45.669 22071 RALLYDEBUG rally_openstack.cleanup.manager [-] Deleting neutron.port object s_rally_8cb10a40_qkQbvgH6 (21fdc8e1-feff-436b-b51c-cfdd908987fa)
2019-11-19 11:20:45.863 22071 RALLYDEBUG rally_openstack.cleanup.manager [-] Deleting neutron.port object s_rally_8cb10a40_cHgIFkUv (23bee1b4-4649-426d-897c-4b3b7f3f25e0)
2019-11-19 11:20:46.224 22071 RALLYDEBUG rally_openstack.cleanup.manager [-] Deleting neutron.port object s_rally_8cb10a40_KrZSbADJ (252aef14-8935-4d5c-b5d5-af7a4577243c)
2019-11-19 11:20:46.252 22071 RALLYDEBUG rally_openstack.cleanup.manager [-] Deleting neutron.port object s_rally_8cb10a40_9d2r92sA (2588229e-2901-429e-9d2f-fdc78c5c54ff)
2019-11-19 11:20:46.284 22071 RALLYDEBUG rally_openstack.cleanup.manager [-] Deleting neutron.port object s_rally_8cb10a40_6SONZ7XP (269f14f3-dcec-4070-a234-9427370b099e)
2019-11-19 11:20:46.303 22071 RALLYDEBUG rally_openstack.cleanup.manager [-] Deleting neutron.port object s_rally_8cb10a40_M9TDBeuu (26c68c7e-ebfd-4af4-b251-eb7e4f55503a)
2019-11-19 11:20:46.579 22071 RALLYDEBUG rally_openstack.cleanup.manager [-] Deleting neutron.port object s_rally_8cb10a40_qKDf0UNG (2723c59e-0bfc-4655-a776-8ff3764e8744)
2019-11-19 11:20:46.627 22071 RALLYDEBUG rally_openstack.cleanup.manager [-] Deleting neutron.port object s_rally_8cb10a40_2T0fovVm (2793aaa3-2143-4e52-8a1b-c59c5e3d0d6b)
2019-11-19 11:20:46.733 22071 RALLYDEBUG rally_openstack.cleanup.manager [-] Deleting neutron.port object s_rally_8cb10a40_HYvqQvWG (279a8f64-6864-40fb-9fd0-860ae1b7e03f)
2019-11-19 11:20:46.753 22071 RALLYDEBUG rally_openstack.cleanup.manager [-] Deleting neutron.port object s_rally_8cb10a40_Pejg9vmC (28268d25-744c-495a-85c3-0938b3d4910d)
2019-11-19 11:20:46.861 22071 RALLYDEBUG rally_openstack.cleanup.manager [-] Deleting neutron.port object s_rally_8cb10a40_Y87mjTOE (29266013-def6-487a-a0b6-631a48ab0551)
2019-11-19 11:20:46.870 22071 RALLYDEBUG rally_openstack.cleanup.manager [-] Deleting neutron.port object s_rally_8cb10a40_lynnB2ED (2a2d0f49-6330-43cd-ad37-23f0568e9f1e)
2019-11-19 11:20:46.951 22071 RALLYDEBUG rally_openstack.cleanup.manager [-] Deleting neutron.port object s_rally_8cb10a40_JNaE6fbF (2a4118f2-21b2-4e0a-8c3b-7f0767310c7d)
2019-11-19 11:20:47.161 22071 RALLYDEBUG rally_openstack.cleanup.manager [-] Deleting neutron.port object s_rally_8cb10a40_Qd0q0SqJ (2bc51b0a-7b0b-4079-8072-d0baea0a5384)
2019-11-19 11:20:47.182 22071 RALLYDEBUG rally_openstack.cleanup.manager [-] Deleting neutron.port object s_rally_8cb10a40_ayMcB3A2 (2bc9a6ba-be6c-44cb-b889-ddf81878ec66)
2019-11-19 11:20:47.270 22071 RALLYDEBUG rally_openstack.cleanup.manager [-] Deleting neutron.port object s_rally_8cb10a40_DVUr4Upn (2ca920ff-1a01-496a-ab15-6deacdcd68b0)
2019-11-19 11:20:47.368 22071 RALLYDEBUG rally_openstack.cleanup.manager [-] Deleting neutron.port object s_rally_8cb10a40_LInwX0X0 (2cc0c3a5-5aec-468f-851a-253f24e66a44)
2019-11-19 11:20:47.509 22071 RALLYDEBUG rally_openstack.cleanup.manager [-] Deleting neutron.port object s_rally_8cb10a40_GBzMHL7x (2cfb6269-61be-4dde-b90a-57eef9717d2d)
2019-11-19 11:20:47.543 22071 RALLYDEBUG rally_openstack.cleanup.manager [-] Deleting neutron.port object s_rally_8cb10a40_OoiDjVuV (2dd08013-e3c0-4480-878a-a3e4772f935d)
2019-11-19 11:20:47.625 22071 RALLYDEBUG rally_openstack.cleanup.manager [-] Deleting neutron.port object s_rally_8cb10a40_D9pV2hHn (2e04116b-7b4f-4304-8af7-04f58daf4bf4)
2019-11-19 11:20:47.684 22071 RALLYDEBUG rally_openstack.cleanup.manager [-] Deleting neutron.port object s_rally_8cb10a40_1xH8qWEI (2e2f6e64-269a-4222-a8e6-ece7d75bdaf0)
2019-11-19 11:20:47.851 22071 RALLYDEBUG rally_openstack.cleanup.manager [-] Deleting neutron.port object s_rally_8cb10a40_od8nQMR2 (2f78bcbd-ffec-46e1-867a-e1f657b9ccdc)
