2019-11-19 11:15:48.576 22071 RALLYDEBUG rally_openstack.cleanup.manager [-] Deleting neutron.port object s_rally_924ff573_ZnSEnFQV (cc039e02-7dcb-4eb4-851c-93b699282abe)
2019-11-19 11:15:48.663 22071 RALLYDEBUG rally_openstack.cleanup.manager [-] Deleting neutron.port object s_rally_924ff573_nE6sMmyQ (cc17870d-6bd3-40a1-b95f-283f45dcfc69)
2019-11-19 11:15:48.779 22071 RALLYDEBUG rally_openstack.cleanup.manager [-] Deleting neutron.port object s_rally_924ff573_EhDGd7NZ (cd61f357-1d89-4bbc-a144-9ccdcd9ebb61)
2019-11-19 11:15:48.842 22071 RALLYDEBUG rally_openstack.cleanup.manager [-] Deleting neutron.port object s_rally_924ff573_zn5rYclf (cd6f8e3d-ad7a-4c40-a099-9b5765f5eac1)
2019-11-19 11:15:48.857 22071 RALLYDEBUG rally_openstack.cleanup.manager [-] Deleting neutron.port object s_rally_924ff573_a89pXOBv (cdd44c41-1a9a-4680-b05c-e15afd09c004)
2019-11-19 11:15:48.880 22071 RALLYDEBUG rally_openstack.cleanup.manager [-] Deleting neutron.port object s_rally_924ff573_7PqTetIL (cec3a490-2779-48ed-878e-f2c138902a49)
2019-11-19 11:15:49.035 22071 RALLYDEBUG rally_openstack.cleanup.manager [-] Deleting neutron.port object s_rally_924ff573_Jt17oASk (d05bff38-a687-406c-b8c7-4cba417fe5a4)
2019-11-19 11:15:49.298 22071 RALLYDEBUG rally_openstack.cleanup.manager [-] Deleting neutron.port object s_rally_924ff573_jGIKDFwl (d0becf0b-8831-4778-95ad-143c92eccd0a)
2019-11-19 11:15:49.387 22071 RALLYDEBUG rally_openstack.cleanup.manager [-] Deleting neutron.port object s_rally_924ff573_3um0ymzr (d0c8d447-c80d-46ab-af50-00837e5a9f15)
2019-11-19 11:15:49.429 22071 RALLYDEBUG rally_openstack.cleanup.manager [-] Deleting neutron.port object s_rally_924ff573_6d6bAXgF (d19f2a75-c3eb-4697-9b9d-76abada7ba7b)
2019-11-19 11:15:49.515 22071 RALLYDEBUG rally_openstack.cleanup.manager [-] Deleting neutron.port object s_rally_924ff573_Do39n439 (d27073e1-a06c-443f-9b7c-d2335b1cf861)
2019-11-19 11:15:49.660 22071 RALLYDEBUG rally_openstack.cleanup.manager [-] Deleting neutron.port object s_rally_924ff573_qr4ZgU5c (d2c2f657-dceb-4e02-a76b-90720ee52708)
2019-11-19 11:15:49.681 22071 RALLYDEBUG rally_openstack.cleanup.manager [-] Deleting neutron.port object s_rally_924ff573_B5YDZBiO (d433c0c0-2fd9-473c-9a87-694d3cd6c1bf)
2019-11-19 11:15:49.797 22071 RALLYDEBUG rally_openstack.cleanup.manager [-] Deleting neutron.port object s_rally_924ff573_x8DKzd88 (d4b0a148-ecdc-4755-bc25-c266a1dd973b)
2019-11-19 11:15:50.047 22071 RALLYDEBUG rally_openstack.cleanup.manager [-] Deleting neutron.port object s_rally_924ff573_4VYAgXuA (d4f5c281-af09-4c87-a2ce-428fc406e67d)
2019-11-19 11:15:50.158 22071 RALLYDEBUG rally_openstack.cleanup.manager [-] Deleting neutron.port object s_rally_924ff573_0uOodHGm (d53f1737-4a7f-44ff-b92d-1c1a2c6ef67b)
2019-11-19 11:15:50.305 22071 RALLYDEBUG rally_openstack.cleanup.manager [-] Deleting neutron.port object s_rally_924ff573_rLPZfkon (d55e846b-68e5-423d-a19d-d1b249cce871)
2019-11-19 11:15:50.353 22071 RALLYDEBUG rally_openstack.cleanup.manager [-] Deleting neutron.port object s_rally_924ff573_ToTROaZr (d610b0a5-fdfc-4350-97b1-8dfe550c33c3)
2019-11-19 11:15:50.377 22071 RALLYDEBUG rally_openstack.cleanup.manager [-] Deleting neutron.port object s_rally_924ff573_MqTKqDmj (d7a150ab-3bbe-4a6c-9c37-2422b2327ac1)
2019-11-19 11:15:50.611 22071 RALLYDEBUG rally_openstack.cleanup.manager [-] Deleting neutron.port object s_rally_924ff573_2Sco5qtC (d8cbeb1b-3b1c-464b-ab07-df1917423a3f)
2019-11-19 11:15:50.802 22071 RALLYDEBUG rally_openstack.cleanup.manager [-] Deleting neutron.port object s_rally_924ff573_wgdPrIjv (dac9d2b0-288c-49fb-ac70-58bff001fdfe)
2019-11-19 11:15:50.947 22071 RALLYDEBUG rally_openstack.cleanup.manager [-] Deleting neutron.port object s_rally_924ff573_FGxRQCyn (daed8217-5e1f-4f1f-9959-9f50422a781e)
2019-11-19 11:15:50.990 22071 RALLYDEBUG rally_openstack.cleanup.manager [-] Deleting neutron.port object s_rally_924ff573_jA9ehEAC (db5976b0-c918-423f-86fc-b73f4ce35fe1)
2019-11-19 11:15:51.016 22071 RALLYDEBUG rally_openstack.cleanup.manager [-] Deleting neutron.port object s_rally_924ff573_IJYqOMf9 (dd011cec-655b-4034-9de2-5cdb13be0e2a)
2019-11-19 11:15:51.369 22071 RALLYDEBUG rally_openstack.cleanup.manager [-] Deleting neutron.port object s_rally_924ff573_10VNfOoj (dd194017-396c-4882-b40a-23bddb83f27a)
2019-11-19 11:15:51.370 22071 RALLYDEBUG rally_openstack.cleanup.manager [-] Deleting neutron.port object s_rally_924ff573_VHbsfnRU (dd0c045d-660b-41ed-b836-1f62ed823288)
2019-11-19 11:15:51.407 22071 RALLYDEBUG rally_openstack.cleanup.manager [-] Deleting neutron.port object s_rally_924ff573_ffxDtl5I (dd656b44-924c-41af-a64c-0c38cda4be3c)
2019-11-19 11:15:51.453 22071 RALLYDEBUG rally_openstack.cleanup.manager [-] Deleting neutron.port object s_rally_924ff573_sBooxOdZ (de6926e7-7318-4ef7-994e-91079704bb3b)
2019-11-19 11:15:51.548 22071 RALLYDEBUG rally_openstack.cleanup.manager [-] Deleting neutron.port object s_rally_924ff573_nTIdJnDe (df372cb3-906b-4b39-800a-5bc008b946b5)
2019-11-19 11:15:51.668 22071 RALLYDEBUG rally_openstack.cleanup.manager [-] Deleting neutron.port object s_rally_924ff573_2ugtWndk (df8da0c9-c60d-40f3-9644-b575bea9f282)
2019-11-19 11:15:51.677 22071 RALLYDEBUG rally_openstack.cleanup.manager [-] Deleting neutron.port object s_rally_924ff573_MUWTboK6 (dfced088-9a2b-4ce6-a323-441b20e72e12)
2019-11-19 11:15:51.718 22071 RALLYDEBUG rally_openstack.cleanup.manager [-] Deleting neutron.port object s_rally_924ff573_6q1i990P (e0d65b4b-6d5c-4532-b6b9-32230d2fff3a)
2019-11-19 11:15:51.835 22071 RALLYDEBUG rally_openstack.cleanup.manager [-] Deleting neutron.port object s_rally_924ff573_txnz92Rn (e0fbab2c-038c-4d47-b721-e62d3f9ccc4a)
2019-11-19 11:15:51.961 22071 RALLYDEBUG rally_openstack.cleanup.manager [-] Deleting neutron.port object s_rally_924ff573_IgK6FFRU (e1205969-98ce-481b-880f-07ca8bc40301)
2019-11-19 11:15:51.982 22071 RALLYDEBUG rally_openstack.cleanup.manager [-] Deleting neutron.port object s_rally_924ff573_zWSL2464 (e135e372-9cb4-4f4d-9216-deb088cf52c5)
2019-11-19 11:15:52.075 22071 RALLYDEBUG rally_openstack.cleanup.manager [-] Deleting neutron.port object s_rally_924ff573_xidk09LL (e25c89e9-3cc6-4f48-84c6-5e3c8b1c0267)
2019-11-19 11:15:52.163 22071 RALLYDEBUG rally_openstack.cleanup.manager [-] Deleting neutron.port object s_rally_924ff573_11JTvNKq (e34295ae-4222-4dd9-82d9-1d94381b2630)
2019-11-19 11:15:52.180 22071 RALLYDEBUG rally_openstack.cleanup.manager [-] Deleting neutron.port object s_rally_924ff573_Q8zzbizg (e3e06e90-e59c-46cd-8711-52fc1c30d65a)
2019-11-19 11:15:52.260 22071 RALLYDEBUG rally_openstack.cleanup.manager [-] Deleting neutron.port object s_rally_924ff573_uKySwCXv (e4e923cb-f122-4cfd-a333-edad2ea55fd8)
2019-11-19 11:15:52.440 22071 RALLYDEBUG rally_openstack.cleanup.manager [-] Deleting neutron.port object s_rally_924ff573_cOi2LMV0 (e6a16039-58ca-4188-b511-be25f64b4eb7)
2019-11-19 11:15:52.726 22071 RALLYDEBUG rally_openstack.cleanup.manager [-] Deleting neutron.port object s_rally_924ff573_vklwgdsh (e6b9f84a-81c2-4a3f-a36f-be670481e4d7)
2019-11-19 11:15:52.740 22071 RALLYDEBUG rally_openstack.cleanup.manager [-] Deleting neutron.port object s_rally_924ff573_GqRsxLYU (e884195c-4c5b-4019-a2cd-0156991b35b6)
2019-11-19 11:15:52.763 22071 RALLYDEBUG rally_openstack.cleanup.manager [-] Deleting neutron.port object s_rally_924ff573_c7QcDwWe (e8af3973-b4eb-4daf-8566-5f21ffb14d11)
2019-11-19 11:15:53.337 22071 RALLYDEBUG rally_openstack.cleanup.manager [-] Deleting neutron.port object s_rally_924ff573_IpFbCGka (e9a655e5-f128-462c-9763-50fdc34f8684)
2019-11-19 11:15:53.353 22071 RALLYDEBUG rally_openstack.cleanup.manager [-] Deleting neutron.port object s_rally_924ff573_orfrl82k (e9e35045-82cb-4379-bea6-897f66007885)
2019-11-19 11:15:53.573 22071 RALLYDEBUG rally_openstack.cleanup.manager [-] Deleting neutron.port object s_rally_924ff573_bF3lSBvS (e9e4b456-77ce-4877-b4fa-9d5bf5c7118f)
2019-11-19 11:15:53.584 22071 RALLYDEBUG rally_openstack.cleanup.manager [-] Deleting neutron.port object s_rally_924ff573_TtQ7v1ah (ea84a08c-8c77-41bc-a976-781d3e80a07e)
2019-11-19 11:15:53.775 22071 RALLYDEBUG rally_openstack.cleanup.manager [-] Deleting neutron.port object s_rally_924ff573_izvrQlcp (eace2a4d-8d1c-4e6c-bdbd-efafa71aac89)
2019-11-19 11:15:53.841 22071 RALLYDEBUG rally_openstack.cleanup.manager [-] Deleting neutron.port object s_rally_924ff573_Wp4Q4u3W (ec2aded3-6363-42a0-8354-25f0a67ce724)
2019-11-19 11:15:53.888 22071 RALLYDEBUG rally_openstack.cleanup.manager [-] Deleting neutron.port object s_rally_924ff573_Yw8C4Ej8 (ec657346-f403-4012-adb9-a97c2e985eb9)
2019-11-19 11:15:53.913 22071 RALLYDEBUG rally_openstack.cleanup.manager [-] Deleting neutron.port object s_rally_924ff573_uxJDp9LP (f144ae3b-3089-44c2-bbae-2a22fe8d4d66)
2019-11-19 11:15:54.015 22071 RALLYDEBUG rally_openstack.cleanup.manager [-] Deleting neutron.port object s_rally_924ff573_hPfpk1qo (f25794ad-6f3f-463b-a9dd-2ec28e283778)
2019-11-19 11:15:54.039 22071 RALLYDEBUG rally_openstack.cleanup.manager [-] Deleting neutron.port object s_rally_924ff573_KD5gC6QP (f26eb9d5-a440-40d2-b293-ad50816a6ad2)
2019-11-19 11:15:54.169 22071 RALLYDEBUG rally_openstack.cleanup.manager [-] Deleting neutron.port object s_rally_924ff573_oMWOHwvX (f4a04592-60ca-4ca2-bff6-6c90c32d420a)
2019-11-19 11:15:54.402 22071 RALLYDEBUG rally_openstack.cleanup.manager [-] Deleting neutron.port object s_rally_924ff573_wP30luEg (f4ff23c5-c5bb-4882-aeff-df0c9d8d24b5)
2019-11-19 11:15:54.437 22071 RALLYDEBUG rally_openstack.cleanup.manager [-] Deleting neutron.port object s_rally_924ff573_zKNnAYOl (f5630164-bc50-4159-9216-837488dececc)
2019-11-19 11:15:54.552 22071 RALLYDEBUG rally_openstack.cleanup.manager [-] Deleting neutron.port object s_rally_924ff573_TRQO7J48 (f5967fac-d987-457e-aed1-115be00d85c9)
2019-11-19 11:15:54.593 22071 RALLYDEBUG rally_openstack.cleanup.manager [-] Deleting neutron.port object s_rally_924ff573_RdmRRT8x (f6e1087e-dee5-4a1d-be2c-57553e0f3e41)
2019-11-19 11:15:54.619 22071 RALLYDEBUG rally_openstack.cleanup.manager [-] Deleting neutron.port object s_rally_924ff573_syMpcwXj (f7a56e69-e873-4174-868f-a384aad23634)
2019-11-19 11:15:54.699 22071 RALLYDEBUG rally_openstack.cleanup.manager [-] Deleting neutron.port object s_rally_924ff573_Bq2FDnDr (f7a8c6e5-984d-47ed-b4d0-3dcc1b0b7636)
2019-11-19 11:15:54.813 22071 RALLYDEBUG rally_openstack.cleanup.manager [-] Deleting neutron.port object s_rally_924ff573_bICMg5pk (f8f502c9-f259-4d12-820f-6a954ab3a4cd)
2019-11-19 11:15:54.925 22071 RALLYDEBUG rally_openstack.cleanup.manager [-] Deleting neutron.port object s_rally_924ff573_6w0ZqAF6 (f9d812be-e882-4eee-8b00-1198d1419057)
2019-11-19 11:15:54.933 22071 RALLYDEBUG rally_openstack.cleanup.manager [-] Deleting neutron.port object s_rally_924ff573_9Cnkxt8Q (fa55dda7-2a14-4a7f-89b3-6108519c7fed)
2019-11-19 11:15:55.166 22071 RALLYDEBUG rally_openstack.cleanup.manager [-] Deleting neutron.port object s_rally_924ff573_IgSc1IS0 (fb8f3793-7771-43e6-83f4-f53adf264e7f)
2019-11-19 11:15:55.425 22071 RALLYDEBUG rally_openstack.cleanup.manager [-] Deleting neutron.port object s_rally_924ff573_Kg9KRtK5 (fbe2f279-2df0-4073-a134-b4bc40686548)
2019-11-19 11:15:55.482 22071 RALLYDEBUG rally_openstack.cleanup.manager [-] Deleting neutron.port object s_rally_924ff573_0yfv5zIl (fc3a396b-5ce4-4183-baa5-5503aff65df9)
2019-11-19 11:15:55.740 22071 RALLYDEBUG rally_openstack.cleanup.manager [-] Deleting neutron.port object s_rally_924ff573_Qst5Sutm (fd7e1c41-3d66-43a6-ab0b-c9fc44e490f4)
2019-11-19 11:15:55.756 22071 RALLYDEBUG rally_openstack.cleanup.manager [-] Deleting neutron.port object s_rally_924ff573_f5q7OLLJ (fe439acf-2a3d-4975-af61-36861e2dcb57)
2019-11-19 11:15:55.811 22071 RALLYDEBUG rally_openstack.cleanup.manager [-] Deleting neutron.port object s_rally_924ff573_MY6uUWN4 (ffa2f8a5-78f3-480d-adb8-ed7b675246a3)
2019-11-19 11:15:57.941 22071 RALLYDEBUG rally_openstack.cleanup.manager [-] Cleaning up neutron subnet objects
2019-11-19 11:15:58.340 22071 RALLYDEBUG rally_openstack.cleanup.manager [-] Cleaning up neutron network objects
2019-11-19 11:15:58.824 22071 RALLYDEBUG rally_openstack.cleanup.manager [-] Deleting neutron.network object s_rally_924ff573_pjISGX2E (1afdfb44-de16-4fc5-9a37-1fb226909b33)
2019-11-19 11:15:58.829 22071 RALLYDEBUG rally_openstack.cleanup.manager [-] Deleting neutron.network object s_rally_924ff573_xCfbmUXv (9ca34393-4680-483a-9d20-78f25e1d8766)
2019-11-19 11:15:58.841 22071 RALLYDEBUG rally_openstack.cleanup.manager [-] Deleting neutron.network object s_rally_924ff573_gkzUdwNe (a6c6c381-f480-4bd1-84dd-503d827263b4)
2019-11-19 11:15:58.858 22071 RALLYDEBUG rally_openstack.cleanup.manager [-] Deleting neutron.network object s_rally_924ff573_k2g4PeeB (bd883eff-4f98-4556-879d-d5542af6ff67)
2019-11-19 11:15:58.864 22071 RALLYDEBUG rally_openstack.cleanup.manager [-] Deleting neutron.network object s_rally_924ff573_Giq46zq0 (be8c921f-c042-42d6-8895-c3b3d11c1648)
2019-11-19 11:15:58.870 22071 RALLYDEBUG rally_openstack.cleanup.manager [-] Deleting neutron.network object s_rally_924ff573_9TXVWWwX (c5bdd0b7-2726-4959-939e-5efee0aa1531)
2019-11-19 11:15:58.877 22071 RALLYDEBUG rally_openstack.cleanup.manager [-] Deleting neutron.network object s_rally_924ff573_KNoyo6b7 (d23907c7-f47f-41f2-827a-6e2962be6927)
2019-11-19 11:15:58.881 22071 RALLYDEBUG rally_openstack.cleanup.manager [-] Deleting neutron.network object s_rally_924ff573_U9N9FFUI (c74d8be1-1174-4b51-8a80-0815c7b89f53)
2019-11-19 11:16:01.746 22071 RALLYDEBUG rally_openstack.cleanup.manager [-] Cleaning up neutron router objects
2019-11-19 11:16:02.173 22071 RALLYDEBUG rally_openstack.cleanup.manager [-] Cleaning up neutron security_group objects
2019-11-19 11:16:02.582 22071 INFO rally.task.context [-] Task 9a80d144-da38-4f48-af48-423c01d5b1ec | Context cleanup@openstack cleanup() finished in 53.67 sec
2019-11-19 11:16:02.582 22071 INFO rally.task.context [-] Task 9a80d144-da38-4f48-af48-423c01d5b1ec | Context quotas@openstack cleanup() started
2019-11-19 11:16:02.658 22071 INFO rally.task.context [-] Task 9a80d144-da38-4f48-af48-423c01d5b1ec | Context quotas@openstack cleanup() finished in 75.21 msec
2019-11-19 11:16:02.658 22071 INFO rally.task.context [-] Task 9a80d144-da38-4f48-af48-423c01d5b1ec | Context users@openstack cleanup() started
2019-11-19 11:16:05.290 22071 INFO rally.task.context [-] Task 9a80d144-da38-4f48-af48-423c01d5b1ec | Context users@openstack cleanup() finished in 2.63 sec
2019-11-19 11:16:06.229 22071 INFO rally.task.engine [-] Load duration is: 58.392242
2019-11-19 11:16:06.230 22071 INFO rally.task.engine [-] Full runner duration is: 58.436695
2019-11-19 11:16:06.230 22071 INFO rally.task.engine [-] Full duration is: 117.610769
2019-11-19 11:16:06.496 22071 INFO rally.task.engine [-] Running workload: position = 1 config = { "version": 2, "title": "A cropped version of a bigger task.", "description": "Auto-generated task from a single workload (uuid=2eda9ba1-8ac3-4ae4-baea-aee6efbefee5)", "subtasks": [ { "title": "NeutronNetworks.create_and_update_ports", "description": "Create and update a given number of ports.", "scenario": { "NeutronNetworks.create_and_update_ports": { "network_create_args": {}, "port_create_args": {}, "ports_per_network": 5, "port_update_args": { "admin_state_up": false, "device_id": "dummy_id", "device_owner": "dummy_owner", "name": "_port_updated" } } }, "contexts": { "users": { "tenants": 1, "users_per_tenant": 1 }, "quotas": { "neutron": { "network": -1, "port": -1 } } }, "runner": { "constant": { "times": 40, "concurrency": 20 } }, "hooks": [], "sla": { "failure_rate": { "max": 0 } } } ] }
2019-11-19 11:16:06.523 22071 RALLYDEBUG rally_openstack.contexts.keystone.users [-] Creating 1 tenants using 20 threads
2019-11-19 11:16:07.444 22071 RALLYDEBUG rally_openstack.contexts.keystone.users [-] Creating 1 users using 20 threads
2019-11-19 11:16:08.789 22071 INFO rally.task.context [-] Task 9a80d144-da38-4f48-af48-423c01d5b1ec | Context users@openstack setup() finished in 2.27 sec
2019-11-19 11:16:09.246 22071 INFO rally.task.context [-] Task 9a80d144-da38-4f48-af48-423c01d5b1ec | Context quotas@openstack setup() finished in 0.46 sec
2019-11-19 11:16:09.247 22071 INFO rally.task.context [-] Task 9a80d144-da38-4f48-af48-423c01d5b1ec | Context cleanup@openstack setup() finished in 0.01 msec
2019-11-19 11:16:09.256 22071 RALLYDEBUG rally.task.runner [-] Starting the constant runner (task UUID: 9a80d144-da38-4f48-af48-423c01d5b1ec). timeout: 0 concurrency: 20 concurrency_per_worker: 1 times: 40 concurrency_overhead: 4 processes_to_start: 16 max_cpu_used: 16
2019-11-19 11:16:09.271 26147 RALLYDEBUG rally.task.runner [-] Starting a worker. concurrency: 2 args: {"network_create_args": {}, "port_create_args": {}, "ports_per_network": 5, "port_update_args": {"admin_state_up": false, "device_id": "dummy_id", "device_owner": "dummy_owner", "name": "_port_updated"}} times: 40 method_name: run timeout: 0 duration: None cls:
2019-11-19 11:16:09.274 26148 RALLYDEBUG rally.task.runner [-] Starting a worker. concurrency: 2 args: {"network_create_args": {}, "port_create_args": {}, "ports_per_network": 5, "port_update_args": {"admin_state_up": false, "device_id": "dummy_id", "device_owner": "dummy_owner", "name": "_port_updated"}} times: 40 method_name: run timeout: 0 duration: None cls:
2019-11-19 11:16:09.278 26149 RALLYDEBUG rally.task.runner [-] Starting a worker. concurrency: 2 args: {"network_create_args": {}, "port_create_args": {}, "ports_per_network": 5, "port_update_args": {"admin_state_up": false, "device_id": "dummy_id", "device_owner": "dummy_owner", "name": "_port_updated"}} times: 40 method_name: run timeout: 0 duration: None cls:
2019-11-19 11:16:09.282 26150 RALLYDEBUG rally.task.runner [-] Starting a worker. concurrency: 2 args: {"network_create_args": {}, "port_create_args": {}, "ports_per_network": 5, "port_update_args": {"admin_state_up": false, "device_id": "dummy_id", "device_owner": "dummy_owner", "name": "_port_updated"}} times: 40 method_name: run timeout: 0 duration: None cls:
2019-11-19 11:16:09.283 26147 INFO rally.task.runner [-] Task 9a80d144-da38-4f48-af48-423c01d5b1ec | ITER: 1 START
2019-11-19 11:16:09.284 26152 RALLYDEBUG rally.task.runner [-] Starting a worker. concurrency: 1 args: {"network_create_args": {}, "port_create_args": {}, "ports_per_network": 5, "port_update_args": {"admin_state_up": false, "device_id": "dummy_id", "device_owner": "dummy_owner", "name": "_port_updated"}} times: 40 method_name: run timeout: 0 duration: None cls:
2019-11-19 11:16:09.286 26148 INFO rally.task.runner [-] Task 9a80d144-da38-4f48-af48-423c01d5b1ec | ITER: 2 START
2019-11-19 11:16:09.285 26147 INFO rally.task.runner [-] Task 9a80d144-da38-4f48-af48-423c01d5b1ec | ITER: 3 START
2019-11-19 11:16:09.286 26147 WARNING rally_openstack.scenarios.neutron.utils [-] Running this scenario without either the 'network' or 'existing_network' context is deprecated
2019-11-19 11:16:09.288 26148 WARNING rally_openstack.scenarios.neutron.utils [-] Running this scenario without either the 'network' or 'existing_network' context is deprecated
2019-11-19 11:16:09.289 26149 INFO rally.task.runner [-] Task 9a80d144-da38-4f48-af48-423c01d5b1ec | ITER: 4 START
2019-11-19 11:16:09.290 26150 INFO rally.task.runner [-] Task 9a80d144-da38-4f48-af48-423c01d5b1ec | ITER: 7 START
2019-11-19 11:16:09.292 26149 WARNING rally_openstack.scenarios.neutron.utils [-] Running this scenario without either the 'network' or 'existing_network' context is deprecated
2019-11-19 11:16:09.292 26152 INFO rally.task.runner [-] Task 9a80d144-da38-4f48-af48-423c01d5b1ec | ITER: 8 START
2019-11-19 11:16:09.290 26148 INFO rally.task.runner [-] Task 9a80d144-da38-4f48-af48-423c01d5b1ec | ITER: 5 START
2019-11-19 11:16:09.293 26150 WARNING rally_openstack.scenarios.neutron.utils [-] Running this scenario without either the 'network' or 'existing_network' context is deprecated
2019-11-19 11:16:09.291 26156 RALLYDEBUG rally.task.runner [-] Starting a worker. concurrency: 1 args: {"network_create_args": {}, "port_create_args": {}, "ports_per_network": 5, "port_update_args": {"admin_state_up": false, "device_id": "dummy_id", "device_owner": "dummy_owner", "name": "_port_updated"}} times: 40 method_name: run timeout: 0 duration: None cls:
2019-11-19 11:16:09.294 26152 WARNING rally_openstack.scenarios.neutron.utils [-] Running this scenario without either the 'network' or 'existing_network' context is deprecated
2019-11-19 11:16:09.293 26161 RALLYDEBUG rally.task.runner [-] Starting a worker. concurrency: 1 args: {"network_create_args": {}, "port_create_args": {}, "ports_per_network": 5, "port_update_args": {"admin_state_up": false, "device_id": "dummy_id", "device_owner": "dummy_owner", "name": "_port_updated"}} times: 40 method_name: run timeout: 0 duration: None cls:
2019-11-19 11:16:09.298 26166 RALLYDEBUG rally.task.runner [-] Starting a worker. concurrency: 1 args: {"network_create_args": {}, "port_create_args": {}, "ports_per_network": 5, "port_update_args": {"admin_state_up": false, "device_id": "dummy_id", "device_owner": "dummy_owner", "name": "_port_updated"}} times: 40 method_name: run timeout: 0 duration: None cls:
2019-11-19 11:16:09.299 26161 INFO rally.task.runner [-] Task 9a80d144-da38-4f48-af48-423c01d5b1ec | ITER: 11 START
2019-11-19 11:16:09.300 26156 INFO rally.task.runner [-] Task 9a80d144-da38-4f48-af48-423c01d5b1ec | ITER: 10 START
2019-11-19 11:16:09.300 26161 WARNING rally_openstack.scenarios.neutron.utils [-] Running this scenario without either the 'network' or 'existing_network' context is deprecated
2019-11-19 11:16:09.301 26156 WARNING rally_openstack.scenarios.neutron.utils [-] Running this scenario without either the 'network' or 'existing_network' context is deprecated
2019-11-19 11:16:09.303 26168 RALLYDEBUG rally.task.runner [-] Starting a worker. concurrency: 1 args: {"network_create_args": {}, "port_create_args": {}, "ports_per_network": 5, "port_update_args": {"admin_state_up": false, "device_id": "dummy_id", "device_owner": "dummy_owner", "name": "_port_updated"}} times: 40 method_name: run timeout: 0 duration: None cls:
2019-11-19 11:16:09.304 26166 INFO rally.task.runner [-] Task 9a80d144-da38-4f48-af48-423c01d5b1ec | ITER: 12 START
2019-11-19 11:16:09.305 26166 WARNING rally_openstack.scenarios.neutron.utils [-] Running this scenario without either the 'network' or 'existing_network' context is deprecated
2019-11-19 11:16:09.287 26147 WARNING rally_openstack.scenarios.neutron.utils [-] Running this scenario without either the 'network' or 'existing_network' context is deprecated
2019-11-19 11:16:09.293 26149 INFO rally.task.runner [-] Task 9a80d144-da38-4f48-af48-423c01d5b1ec | ITER: 6 START
2019-11-19 11:16:09.293 26148 WARNING rally_openstack.scenarios.neutron.utils [-] Running this scenario without either the 'network' or 'existing_network' context is deprecated
2019-11-19 11:16:09.311 26168 INFO rally.task.runner [-] Task 9a80d144-da38-4f48-af48-423c01d5b1ec | ITER: 13 START
2019-11-19 11:16:09.311 26149 WARNING rally_openstack.scenarios.neutron.utils [-] Running this scenario without either the 'network' or 'existing_network' context is deprecated
2019-11-19 11:16:09.312 26168 WARNING rally_openstack.scenarios.neutron.utils [-] Running this scenario without either the 'network' or 'existing_network' context is deprecated
2019-11-19 11:16:09.312 26173 RALLYDEBUG rally.task.runner [-] Starting a worker. concurrency: 1 args: {"network_create_args": {}, "port_create_args": {}, "ports_per_network": 5, "port_update_args": {"admin_state_up": false, "device_id": "dummy_id", "device_owner": "dummy_owner", "name": "_port_updated"}} times: 40 method_name: run timeout: 0 duration: None cls:
2019-11-19 11:16:09.318 26150 INFO rally.task.runner [-] Task 9a80d144-da38-4f48-af48-423c01d5b1ec | ITER: 9 START
2019-11-19 11:16:09.319 26150 WARNING rally_openstack.scenarios.neutron.utils [-] Running this scenario without either the 'network' or 'existing_network' context is deprecated
2019-11-19 11:16:09.319 26173 INFO rally.task.runner [-] Task 9a80d144-da38-4f48-af48-423c01d5b1ec | ITER: 14 START
2019-11-19 11:16:09.320 26173 WARNING rally_openstack.scenarios.neutron.utils [-] Running this scenario without either the 'network' or 'existing_network' context is deprecated
2019-11-19 11:16:09.320 26178 RALLYDEBUG rally.task.runner [-] Starting a worker. concurrency: 1 args: {"network_create_args": {}, "port_create_args": {}, "ports_per_network": 5, "port_update_args": {"admin_state_up": false, "device_id": "dummy_id", "device_owner": "dummy_owner", "name": "_port_updated"}} times: 40 method_name: run timeout: 0 duration: None cls:
2019-11-19 11:16:09.327 26182 RALLYDEBUG rally.task.runner [-] Starting a worker. concurrency: 1 args: {"network_create_args": {}, "port_create_args": {}, "ports_per_network": 5, "port_update_args": {"admin_state_up": false, "device_id": "dummy_id", "device_owner": "dummy_owner", "name": "_port_updated"}} times: 40 method_name: run timeout: 0 duration: None cls:
2019-11-19 11:16:09.329 26178 INFO rally.task.runner [-] Task 9a80d144-da38-4f48-af48-423c01d5b1ec | ITER: 15 START
2019-11-19 11:16:09.330 26178 WARNING rally_openstack.scenarios.neutron.utils [-] Running this scenario without either the 'network' or 'existing_network' context is deprecated
2019-11-19 11:16:09.334 26182 INFO rally.task.runner [-] Task 9a80d144-da38-4f48-af48-423c01d5b1ec | ITER: 16 START
2019-11-19 11:16:09.335 26182 WARNING rally_openstack.scenarios.neutron.utils [-] Running this scenario without either the 'network' or 'existing_network' context is deprecated
2019-11-19 11:16:09.338 26185 RALLYDEBUG rally.task.runner [-] Starting a worker. concurrency: 1 args: {"network_create_args": {}, "port_create_args": {}, "ports_per_network": 5, "port_update_args": {"admin_state_up": false, "device_id": "dummy_id", "device_owner": "dummy_owner", "name": "_port_updated"}} times: 40 method_name: run timeout: 0 duration: None cls:
2019-11-19 11:16:09.343 26188 RALLYDEBUG rally.task.runner [-] Starting a worker. concurrency: 1 args: {"network_create_args": {}, "port_create_args": {}, "ports_per_network": 5, "port_update_args": {"admin_state_up": false, "device_id": "dummy_id", "device_owner": "dummy_owner", "name": "_port_updated"}} times: 40 method_name: run timeout: 0 duration: None cls:
2019-11-19 11:16:09.344 26185 INFO rally.task.runner [-] Task 9a80d144-da38-4f48-af48-423c01d5b1ec | ITER: 17 START
2019-11-19 11:16:09.346 26185 WARNING rally_openstack.scenarios.neutron.utils [-] Running this scenario without either the 'network' or 'existing_network' context is deprecated
2019-11-19 11:16:09.347 26189 RALLYDEBUG rally.task.runner [-] Starting a worker. concurrency: 1 args: {"network_create_args": {}, "port_create_args": {}, "ports_per_network": 5, "port_update_args": {"admin_state_up": false, "device_id": "dummy_id", "device_owner": "dummy_owner", "name": "_port_updated"}} times: 40 method_name: run timeout: 0 duration: None cls:
2019-11-19 11:16:09.349 26188 INFO rally.task.runner [-] Task 9a80d144-da38-4f48-af48-423c01d5b1ec | ITER: 18 START
2019-11-19 11:16:09.350 26188 WARNING rally_openstack.scenarios.neutron.utils [-] Running this scenario without either the 'network' or 'existing_network' context is deprecated
2019-11-19 11:16:09.352 26192 RALLYDEBUG rally.task.runner [-] Starting a worker. concurrency: 1 args: {"network_create_args": {}, "port_create_args": {}, "ports_per_network": 5, "port_update_args": {"admin_state_up": false, "device_id": "dummy_id", "device_owner": "dummy_owner", "name": "_port_updated"}} times: 40 method_name: run timeout: 0 duration: None cls:
2019-11-19 11:16:09.353 26189 INFO rally.task.runner [-] Task 9a80d144-da38-4f48-af48-423c01d5b1ec | ITER: 19 START
2019-11-19 11:16:09.354 26189 WARNING rally_openstack.scenarios.neutron.utils [-] Running this scenario without either the 'network' or 'existing_network' context is deprecated
2019-11-19 11:16:09.357 26192 INFO rally.task.runner [-] Task 9a80d144-da38-4f48-af48-423c01d5b1ec | ITER: 20 START
2019-11-19 11:16:09.358 26192 WARNING rally_openstack.scenarios.neutron.utils [-] Running this scenario without either the 'network' or 'existing_network' context is deprecated
2019-11-19 11:16:20.556 26188 INFO rally.task.runner [-] Task 9a80d144-da38-4f48-af48-423c01d5b1ec | ITER: 18 END: OK
2019-11-19 11:16:20.559 26188 INFO rally.task.runner [-] Task 9a80d144-da38-4f48-af48-423c01d5b1ec | ITER: 21 START
2019-11-19 11:16:20.560 26188 WARNING rally_openstack.scenarios.neutron.utils [-] Running this scenario without either the 'network' or 'existing_network' context is deprecated
2019-11-19 11:16:20.562 26168 INFO rally.task.runner [-] Task 9a80d144-da38-4f48-af48-423c01d5b1ec | ITER: 13 END: OK
2019-11-19 11:16:20.565 26168 INFO rally.task.runner [-] Task 9a80d144-da38-4f48-af48-423c01d5b1ec | ITER: 22 START
2019-11-19 11:16:20.566 26168 WARNING rally_openstack.scenarios.neutron.utils [-] Running this scenario without either the 'network' or 'existing_network' context is deprecated
2019-11-19 11:16:21.268 26173 INFO rally.task.runner [-] Task 9a80d144-da38-4f48-af48-423c01d5b1ec | ITER: 14 END: OK
2019-11-19 11:16:21.272 26173 INFO rally.task.runner [-] Task 9a80d144-da38-4f48-af48-423c01d5b1ec | ITER: 23 START
2019-11-19 11:16:21.272 26173 WARNING rally_openstack.scenarios.neutron.utils [-] Running this scenario without either the 'network' or 'existing_network' context is deprecated
2019-11-19 11:16:21.374 26161 INFO rally.task.runner [-] Task 9a80d144-da38-4f48-af48-423c01d5b1ec | ITER: 11 END: OK
2019-11-19 11:16:21.378 26161 INFO rally.task.runner [-] Task 9a80d144-da38-4f48-af48-423c01d5b1ec | ITER: 24 START
2019-11-19 11:16:21.379 26161 WARNING rally_openstack.scenarios.neutron.utils [-] Running this scenario without either the 'network' or 'existing_network' context is deprecated
2019-11-19 11:16:21.652 26150 INFO rally.task.runner [-] Task 9a80d144-da38-4f48-af48-423c01d5b1ec | ITER: 7 END: OK
2019-11-19 11:16:21.656 26150 INFO rally.task.runner [-] Task 9a80d144-da38-4f48-af48-423c01d5b1ec | ITER: 25 START
2019-11-19 11:16:21.657 26150 WARNING rally_openstack.scenarios.neutron.utils [-] Running this scenario without either the 'network' or 'existing_network' context is deprecated
2019-11-19 11:16:21.796 26150 INFO rally.task.runner [-] Task 9a80d144-da38-4f48-af48-423c01d5b1ec | ITER: 9 END: OK
2019-11-19 11:16:21.800 26150 INFO rally.task.runner [-] Task 9a80d144-da38-4f48-af48-423c01d5b1ec | ITER: 26 START
2019-11-19 11:16:21.801 26150 WARNING rally_openstack.scenarios.neutron.utils [-] Running this scenario without either the 'network' or 'existing_network' context is deprecated
2019-11-19 11:16:22.025 26166 INFO rally.task.runner [-] Task 9a80d144-da38-4f48-af48-423c01d5b1ec | ITER: 12 END: OK
2019-11-19 11:16:22.029 26166 INFO rally.task.runner [-] Task 9a80d144-da38-4f48-af48-423c01d5b1ec | ITER: 27 START
2019-11-19 11:16:22.029 26166 WARNING rally_openstack.scenarios.neutron.utils [-] Running this scenario without either the 'network' or 'existing_network' context is deprecated
2019-11-19 11:16:22.291 26189 INFO rally.task.runner [-] Task 9a80d144-da38-4f48-af48-423c01d5b1ec | ITER: 19 END: OK
2019-11-19 11:16:22.297 26189 INFO rally.task.runner [-] Task 9a80d144-da38-4f48-af48-423c01d5b1ec | ITER: 28 START
2019-11-19 11:16:22.298 26189 WARNING rally_openstack.scenarios.neutron.utils [-] Running this scenario without either the 'network' or 'existing_network' context is deprecated
2019-11-19 11:16:22.509 26149 INFO rally.task.runner [-] Task 9a80d144-da38-4f48-af48-423c01d5b1ec | ITER: 6 END: OK
2019-11-19 11:16:22.514 26149 INFO rally.task.runner [-] Task 9a80d144-da38-4f48-af48-423c01d5b1ec | ITER: 29 START
2019-11-19 11:16:22.515 26149 WARNING rally_openstack.scenarios.neutron.utils [-] Running this scenario without either the 'network' or 'existing_network' context is deprecated
2019-11-19 11:16:22.520 26152 INFO rally.task.runner [-] Task 9a80d144-da38-4f48-af48-423c01d5b1ec | ITER: 8 END: OK
2019-11-19 11:16:22.525 26152 INFO rally.task.runner [-] Task 9a80d144-da38-4f48-af48-423c01d5b1ec | ITER: 30 START
2019-11-19 11:16:22.526 26152 WARNING rally_openstack.scenarios.neutron.utils [-] Running this scenario without either the 'network' or 'existing_network' context is deprecated
2019-11-19 11:16:22.725 26182 INFO rally.task.runner [-] Task 9a80d144-da38-4f48-af48-423c01d5b1ec | ITER: 16 END: OK
2019-11-19 11:16:22.730 26182 INFO rally.task.runner [-] Task 9a80d144-da38-4f48-af48-423c01d5b1ec | ITER: 31 START
2019-11-19 11:16:22.731 26182 WARNING rally_openstack.scenarios.neutron.utils [-] Running this scenario without either the 'network' or 'existing_network' context is deprecated
2019-11-19 11:16:22.869 26147 INFO rally.task.runner [-] Task 9a80d144-da38-4f48-af48-423c01d5b1ec | ITER: 1 END: OK
2019-11-19 11:16:22.874 26147 INFO rally.task.runner [-] Task 9a80d144-da38-4f48-af48-423c01d5b1ec | ITER: 32 START
2019-11-19 11:16:22.875 26147 WARNING rally_openstack.scenarios.neutron.utils [-] Running this scenario without either the 'network' or 'existing_network' context is deprecated
2019-11-19 11:16:24.977 26149 INFO rally.task.runner [-] Task 9a80d144-da38-4f48-af48-423c01d5b1ec | ITER: 4 END: OK
2019-11-19 11:16:24.982 26149 INFO rally.task.runner [-] Task 9a80d144-da38-4f48-af48-423c01d5b1ec | ITER: 33 START
2019-11-19 11:16:24.983 26149 WARNING rally_openstack.scenarios.neutron.utils [-] Running this scenario without either the 'network' or 'existing_network' context is deprecated
2019-11-19 11:16:25.808 26192 INFO rally.task.runner [-] Task 9a80d144-da38-4f48-af48-423c01d5b1ec | ITER: 20 END: OK
2019-11-19 11:16:25.813 26192 INFO rally.task.runner [-] Task 9a80d144-da38-4f48-af48-423c01d5b1ec | ITER: 34 START
2019-11-19 11:16:25.814 26192 WARNING rally_openstack.scenarios.neutron.utils [-] Running this scenario without either the 'network' or 'existing_network' context is deprecated
2019-11-19 11:16:25.995 26148 INFO rally.task.runner [-] Task 9a80d144-da38-4f48-af48-423c01d5b1ec | ITER: 5 END: OK
2019-11-19 11:16:25.998 26185 INFO rally.task.runner [-] Task 9a80d144-da38-4f48-af48-423c01d5b1ec | ITER: 17 END: OK
2019-11-19 11:16:25.999 26148 INFO rally.task.runner [-] Task 9a80d144-da38-4f48-af48-423c01d5b1ec | ITER: 35 START
2019-11-19 11:16:26.000 26148 WARNING rally_openstack.scenarios.neutron.utils [-] Running this scenario without either the 'network' or 'existing_network' context is deprecated
2019-11-19 11:16:26.003 26185 INFO rally.task.runner [-] Task 9a80d144-da38-4f48-af48-423c01d5b1ec | ITER: 36 START
2019-11-19 11:16:26.003 26185 WARNING rally_openstack.scenarios.neutron.utils [-] Running this scenario without either the 'network' or 'existing_network' context is deprecated
2019-11-19 11:16:26.048 26147 INFO rally.task.runner [-] Task 9a80d144-da38-4f48-af48-423c01d5b1ec | ITER: 3 END: OK
2019-11-19 11:16:26.052 26147 INFO rally.task.runner [-] Task 9a80d144-da38-4f48-af48-423c01d5b1ec | ITER: 37 START
2019-11-19 11:16:26.053 26147 WARNING rally_openstack.scenarios.neutron.utils [-] Running this scenario without either the 'network' or 'existing_network' context is deprecated
2019-11-19 11:16:26.996 26148 INFO rally.task.runner [-] Task 9a80d144-da38-4f48-af48-423c01d5b1ec | ITER: 2 END: OK
2019-11-19 11:16:27.001 26148 INFO rally.task.runner [-] Task 9a80d144-da38-4f48-af48-423c01d5b1ec | ITER: 38 START
2019-11-19 11:16:27.002 26148 WARNING rally_openstack.scenarios.neutron.utils [-] Running this scenario without either the 'network' or 'existing_network' context is deprecated
2019-11-19 11:16:27.185 26156 INFO rally.task.runner [-] Task 9a80d144-da38-4f48-af48-423c01d5b1ec | ITER: 10 END: OK
2019-11-19 11:16:27.190 26156 INFO rally.task.runner [-] Task 9a80d144-da38-4f48-af48-423c01d5b1ec | ITER: 39 START
2019-11-19 11:16:27.191 26156 WARNING rally_openstack.scenarios.neutron.utils [-] Running this scenario without either the 'network' or 'existing_network' context is deprecated
2019-11-19 11:16:27.816 26178 INFO rally.task.runner [-] Task 9a80d144-da38-4f48-af48-423c01d5b1ec | ITER: 15 END: OK
2019-11-19 11:16:27.821 26178 INFO rally.task.runner [-] Task 9a80d144-da38-4f48-af48-423c01d5b1ec | ITER: 40 START
2019-11-19 11:16:27.822 26178 WARNING rally_openstack.scenarios.neutron.utils [-] Running this scenario without either the 'network' or 'existing_network' context is deprecated
2019-11-19 11:16:29.303 26168 INFO rally.task.runner [-] Task 9a80d144-da38-4f48-af48-423c01d5b1ec | ITER: 22 END: OK
2019-11-19 11:16:31.170 26150 INFO rally.task.runner [-] Task 9a80d144-da38-4f48-af48-423c01d5b1ec | ITER: 25 END: OK
2019-11-19 11:16:32.713 26150 INFO rally.task.runner [-] Task 9a80d144-da38-4f48-af48-423c01d5b1ec | ITER: 26 END: OK
2019-11-19 11:16:32.984 26189 INFO rally.task.runner [-] Task 9a80d144-da38-4f48-af48-423c01d5b1ec | ITER: 28 END: OK
2019-11-19 11:16:33.854 26188 INFO rally.task.runner [-] Task 9a80d144-da38-4f48-af48-423c01d5b1ec | ITER: 21 END: OK
2019-11-19 11:16:33.893 26178 INFO rally.task.runner [-] Task 9a80d144-da38-4f48-af48-423c01d5b1ec | ITER: 40 END: OK
2019-11-19 11:16:33.997 26173 INFO rally.task.runner [-] Task 9a80d144-da38-4f48-af48-423c01d5b1ec | ITER: 23 END: OK
2019-11-19 11:16:34.221 26182 INFO rally.task.runner [-] Task 9a80d144-da38-4f48-af48-423c01d5b1ec | ITER: 31 END: OK
2019-11-19 11:16:35.396 26166 INFO rally.task.runner [-] Task 9a80d144-da38-4f48-af48-423c01d5b1ec | ITER: 27 END: OK
2019-11-19 11:16:35.482 26156 INFO rally.task.runner [-] Task 9a80d144-da38-4f48-af48-423c01d5b1ec | ITER: 39 END: OK
2019-11-19 11:16:35.776 26147 INFO rally.task.runner [-] Task 9a80d144-da38-4f48-af48-423c01d5b1ec | ITER: 32 END: OK
2019-11-19 11:16:35.834 26152 INFO rally.task.runner [-] Task 9a80d144-da38-4f48-af48-423c01d5b1ec | ITER: 30 END: OK
2019-11-19 11:16:36.026 26149 INFO rally.task.runner [-] Task 9a80d144-da38-4f48-af48-423c01d5b1ec | ITER: 29 END: OK
2019-11-19 11:16:36.051 26161 INFO rally.task.runner [-] Task 9a80d144-da38-4f48-af48-423c01d5b1ec | ITER: 24 END: OK
2019-11-19 11:16:37.094 26149 INFO rally.task.runner [-] Task 9a80d144-da38-4f48-af48-423c01d5b1ec | ITER: 33 END: OK
2019-11-19 11:16:37.192 26148 INFO rally.task.runner [-] Task 9a80d144-da38-4f48-af48-423c01d5b1ec | ITER: 38 END: OK
2019-11-19 11:16:37.216 26148 INFO rally.task.runner [-] Task 9a80d144-da38-4f48-af48-423c01d5b1ec | ITER: 35 END: OK
2019-11-19 11:16:37.259 26147 INFO rally.task.runner [-] Task 9a80d144-da38-4f48-af48-423c01d5b1ec | ITER: 37 END: OK
2019-11-19 11:16:37.481 26192 INFO rally.task.runner [-] Task 9a80d144-da38-4f48-af48-423c01d5b1ec | ITER: 34 END: OK
2019-11-19 11:16:37.653 26185 INFO rally.task.runner [-] Task 9a80d144-da38-4f48-af48-423c01d5b1ec | ITER: 36 END: OK
2019-11-19 11:16:37.682 22071 INFO rally.task.context [-] Task 9a80d144-da38-4f48-af48-423c01d5b1ec | Context cleanup@openstack cleanup() started
2019-11-19 11:16:37.685 22071 RALLYDEBUG rally_openstack.cleanup.manager [-] Cleaning up neutron vip objects
2019-11-19 11:16:38.070 22071 RALLYDEBUG rally_openstack.cleanup.manager [-] Cleaning up neutron health_monitor objects
2019-11-19 11:16:38.461 22071 RALLYDEBUG rally_openstack.cleanup.manager [-] Cleaning up neutron pool objects
2019-11-19 11:16:38.842 22071 RALLYDEBUG rally_openstack.cleanup.manager [-] Cleaning up neutron loadbalancer objects
2019-11-19 11:16:39.221 22071 RALLYDEBUG rally_openstack.cleanup.manager [-] Cleaning up neutron floatingip objects
2019-11-19 11:16:39.624 22071 RALLYDEBUG rally_openstack.cleanup.manager [-] Cleaning up neutron trunk objects
2019-11-19 11:16:40.015 22071 RALLYDEBUG rally_openstack.cleanup.manager [-] Cleaning up neutron port objects
2019-11-19 11:16:41.113 22071 RALLYDEBUG rally_openstack.cleanup.manager [-] Deleting neutron.port object s_rally_2eda9ba1_GOyHAz20 (0557834e-2949-4eda-bbcf-d80539df6b69)
2019-11-19 11:16:41.114 22071 RALLYDEBUG rally_openstack.cleanup.manager [-] Deleting neutron.port object s_rally_2eda9ba1_wefsKFn3 (0a924ee7-d078-4c57-90a6-62987b97b6ac)
2019-11-19 11:16:41.113 22071 RALLYDEBUG rally_openstack.cleanup.manager [-] Deleting neutron.port object s_rally_2eda9ba1_7nSXEevI (05781925-01f8-4571-a709-4a45d58f0f20)
2019-11-19 11:16:41.117 22071 RALLYDEBUG rally_openstack.cleanup.manager [-] Deleting neutron.port object s_rally_2eda9ba1_Cmg7k3gv (0c9c3227-cdd8-407c-b8a8-ccaba6e418a7)
2019-11-19 11:16:41.123 22071 RALLYDEBUG rally_openstack.cleanup.manager [-] Deleting neutron.port object s_rally_2eda9ba1_VvrJjWbs (010191cd-b271-4ee0-a6d8-94f98d49c6b4)
2019-11-19 11:16:41.123 22071 RALLYDEBUG rally_openstack.cleanup.manager [-] Deleting neutron.port object s_rally_2eda9ba1_tkX9dZzJ (02abedb1-36c9-4ccd-92fe-65a39f2e8417)
2019-11-19 11:16:41.124 22071 RALLYDEBUG rally_openstack.cleanup.manager [-] Deleting neutron.port object s_rally_2eda9ba1_5BvFYBlE (07f613b9-e513-42d0-b30e-afa61442fcf8)
2019-11-19 11:16:41.131 22071 RALLYDEBUG rally_openstack.cleanup.manager [-] Deleting neutron.port object s_rally_2eda9ba1_1kOUiBWi (03538856-46ab-473f-8544-4f15aaec1cbe)
2019-11-19 11:16:41.132 22071 RALLYDEBUG rally_openstack.cleanup.manager [-] Deleting neutron.port object s_rally_2eda9ba1_HZ2sg1Fb (00edadd3-4b97-42d5-8ec6-a765769b688f)
2019-11-19 11:16:41.140 22071 RALLYDEBUG rally_openstack.cleanup.manager [-] Deleting neutron.port object s_rally_2eda9ba1_zBZDaGWL (0c3223a9-07e7-4d8b-a8f6-71a0e121fc1f)
2019-11-19 11:16:41.142 22071 RALLYDEBUG rally_openstack.cleanup.manager [-] Deleting neutron.port object s_rally_2eda9ba1_bQRXpZum (0c0ebc82-6304-4fc3-a175-80aa6281c524)
2019-11-19 11:16:41.143 22071 RALLYDEBUG rally_openstack.cleanup.manager [-] Deleting neutron.port object s_rally_2eda9ba1_rvSlasfH (105fbedc-41d4-44da-82b5-beda8c460d91)
2019-11-19 11:16:41.153 22071 RALLYDEBUG rally_openstack.cleanup.manager [-] Deleting neutron.port object s_rally_2eda9ba1_S5LCJf6H (07436ed1-82c7-454a-b525-3be3546c35ae)
2019-11-19 11:16:41.162 22071 RALLYDEBUG rally_openstack.cleanup.manager [-] Deleting neutron.port object s_rally_2eda9ba1_yQH3Dwhf (068691bf-cd56-473e-98a8-9a31a35601c0)
2019-11-19 11:16:41.170 22071 RALLYDEBUG rally_openstack.cleanup.manager [-] Deleting neutron.port object s_rally_2eda9ba1_u4GFMqrg (0f3345dd-ee38-4836-b167-8239ac510f41)
2019-11-19 11:16:41.174 22071 RALLYDEBUG rally_openstack.cleanup.manager [-] Deleting neutron.port object s_rally_2eda9ba1_w6ZOwgyW (10e15ff1-950a-49db-aada-c8d20b990430)
2019-11-19 11:16:41.187 22071 RALLYDEBUG rally_openstack.cleanup.manager [-] Deleting neutron.port object s_rally_2eda9ba1_VlkkQxDP (0800a61c-4805-4c20-b3fc-fcdc2b22ebd4)
2019-11-19 11:16:41.204 22071 RALLYDEBUG rally_openstack.cleanup.manager [-] Deleting neutron.port object s_rally_2eda9ba1_7r7P8SS6 (019ed2dc-1c8a-41f0-b711-555cb15e9878)
2019-11-19 11:16:41.221 22071 RALLYDEBUG rally_openstack.cleanup.manager [-] Deleting neutron.port object s_rally_2eda9ba1_dFFJxH3m (02244488-08ea-41d7-907d-b5cda4593c19)
2019-11-19 11:16:41.236 22071 RALLYDEBUG rally_openstack.cleanup.manager [-] Deleting neutron.port object s_rally_2eda9ba1_hmv9AfJY (01cff3bf-c2fd-4ee3-9be6-e7a525a75fd4)
2019-11-19 11:16:43.282 22071 RALLYDEBUG rally_openstack.cleanup.manager [-] Deleting neutron.port object s_rally_2eda9ba1_4VUEgK7Q (1129853c-c7b3-48d9-accc-dfe40e3ac332)
2019-11-19 11:16:43.539 22071 RALLYDEBUG rally_openstack.cleanup.manager [-] Deleting neutron.port object s_rally_2eda9ba1_3NdmWemy (1170d542-0bb2-4d45-b6c9-3c960fea1639)
2019-11-19 11:16:43.580 22071 RALLYDEBUG rally_openstack.cleanup.manager [-] Deleting neutron.port object s_rally_2eda9ba1_zmIpmRXk (11d7c59e-27ef-429c-9e3f-c357ea29b42f)
2019-11-19 11:16:43.697 22071 RALLYDEBUG rally_openstack.cleanup.manager [-] Deleting neutron.port object s_rally_2eda9ba1_TzNGoo1W (12cc3a2f-1c16-44cf-8394-c768004fd360)
2019-11-19 11:16:43.744 22071 RALLYDEBUG rally_openstack.cleanup.manager [-] Deleting neutron.port object s_rally_2eda9ba1_ckBN82wM (1303868f-486d-424c-9ccb-02a82385143b)
2019-11-19 11:16:43.760 22071 RALLYDEBUG rally_openstack.cleanup.manager [-] Deleting neutron.port object s_rally_2eda9ba1_sp13CXVD (1334e29a-1392-4886-9e14-f7939548a756)
2019-11-19 11:16:43.800 22071 RALLYDEBUG rally_openstack.cleanup.manager [-] Deleting neutron.port object s_rally_2eda9ba1_4Pyan2O8 (1385e347-cb2e-47e6-abf9-8a414c991bcd)
2019-11-19 11:16:43.882 22071 RALLYDEBUG rally_openstack.cleanup.manager [-] Deleting neutron.port object s_rally_2eda9ba1_JlevuSay (13b3c5b7-7871-4741-af64-2141b35123b5)
2019-11-19 11:16:43.891 22071 RALLYDEBUG rally_openstack.cleanup.manager [-] Deleting neutron.port object s_rally_2eda9ba1_jt6pzHfu (15cd213d-1c2c-40ac-b171-d25b3c4ff8d9)
2019-11-19 11:16:43.991 22071 RALLYDEBUG rally_openstack.cleanup.manager [-] Deleting neutron.port object s_rally_2eda9ba1_o9VTQVhZ (15e12974-a74e-4fc1-a515-d63487ce24bb)
2019-11-19 11:16:44.029 22071 RALLYDEBUG rally_openstack.cleanup.manager [-] Deleting neutron.port object s_rally_2eda9ba1_omwnJugl (169013df-5399-452a-8171-8d5960fcd505)
2019-11-19 11:16:44.060 22071 RALLYDEBUG rally_openstack.cleanup.manager [-] Deleting neutron.port object s_rally_2eda9ba1_SG688qM2 (17f5cbfc-d8a2-4d19-aefd-3fa5a711b985)
2019-11-19 11:16:44.139 22071 RALLYDEBUG rally_openstack.cleanup.manager [-] Deleting neutron.port object s_rally_2eda9ba1_C57GkspZ (184acee4-08ba-40c2-9ec5-11eb23a67eb7)
2019-11-19 11:16:44.224 22071 RALLYDEBUG rally_openstack.cleanup.manager [-] Deleting neutron.port object s_rally_2eda9ba1_ZgNXiCCo (18572d4b-b09b-4896-bd1c-ef6bf51be0bf)
2019-11-19 11:16:44.288 22071 RALLYDEBUG rally_openstack.cleanup.manager [-] Deleting neutron.port object s_rally_2eda9ba1_0YzTSM20 (18bad803-b6e4-4a8a-bdca-9a857a7ece1c)
2019-11-19 11:16:44.296 22071 RALLYDEBUG rally_openstack.cleanup.manager [-] Deleting neutron.port object s_rally_2eda9ba1_lvMt3can (1a31e2a7-3331-4e8d-8d09-17ce0bed02aa)
2019-11-19 11:16:44.314 22071 RALLYDEBUG rally_openstack.cleanup.manager [-] Deleting neutron.port object s_rally_2eda9ba1_MtzO1feH (1b64fe81-a2bd-4e97-94f8-2c3481feb702)
2019-11-19 11:16:44.315 22071 RALLYDEBUG rally_openstack.cleanup.manager [-] Deleting neutron.port object s_rally_2eda9ba1_DnRQ7KeP (1c668e86-628f-4121-8676-07780b440efa)
2019-11-19 11:16:44.698 22071 RALLYDEBUG rally_openstack.cleanup.manager [-] Deleting neutron.port object s_rally_2eda9ba1_MHFqsd6g (1c96f60e-a9c1-4fbb-9bcb-ff5b772ecf80)
2019-11-19 11:16:44.730 22071 RALLYDEBUG rally_openstack.cleanup.manager [-] Deleting neutron.port object s_rally_2eda9ba1_4mrlQ1rt (1cc236ec-1809-4ce2-b82a-ac8696f588d1)
2019-11-19 11:16:45.460 22071 RALLYDEBUG rally_openstack.cleanup.manager [-] Deleting neutron.port object s_rally_2eda9ba1_BNhGo4B7 (1d29c9e9-383a-4b1a-a4c1-8817400caea8)
2019-11-19 11:16:45.559 22071 RALLYDEBUG rally_openstack.cleanup.manager [-] Deleting neutron.port object s_rally_2eda9ba1_r7rmtz1K (1f35f870-5165-4a06-850c-a0f58bf54b8e)
2019-11-19 11:16:45.695 22071 RALLYDEBUG rally_openstack.cleanup.manager [-] Deleting neutron.port object s_rally_2eda9ba1_qZ6UYGpR (1f9e6f88-7b88-4e67-836f-4fa0327e24fe)
2019-11-19 11:16:45.808 22071 RALLYDEBUG rally_openstack.cleanup.manager [-] Deleting neutron.port object s_rally_2eda9ba1_gCkS3alx (21a0407d-e76d-4c82-b2e1-9df52b22f739)
2019-11-19 11:16:45.928 22071 RALLYDEBUG rally_openstack.cleanup.manager [-] Deleting neutron.port object s_rally_2eda9ba1_70aY9PVT (23309d30-41e7-44d1-9e80-44de9756fbb0)
2019-11-19 11:16:45.960 22071 RALLYDEBUG rally_openstack.cleanup.manager [-] Deleting neutron.port object s_rally_2eda9ba1_r8QLK4ek (23ce60e4-5cec-4426-a37f-5dd5f71a7462)
2019-11-19 11:16:46.244 22071 RALLYDEBUG rally_openstack.cleanup.manager [-] Deleting neutron.port object s_rally_2eda9ba1_TpUZdy3K (23d3a535-fef4-4b27-8e15-cd3ff506a44e)
2019-11-19 11:16:46.528 22071 RALLYDEBUG rally_openstack.cleanup.manager [-] Deleting neutron.port object s_rally_2eda9ba1_mqsbd1tK (2409f353-8ae0-47cb-85d9-1b67c7aa98fd)
2019-11-19 11:16:46.536 22071 RALLYDEBUG rally_openstack.cleanup.manager [-] Deleting neutron.port object s_rally_2eda9ba1_1GST1Tbu (286a7b11-2cbd-4ed0-8c9c-000b96e973e0)
2019-11-19 11:16:46.593 22071 RALLYDEBUG rally_openstack.cleanup.manager [-] Deleting neutron.port object s_rally_2eda9ba1_Ba01okb9 (2a0a5738-1a1e-4d93-985f-107322f32d06)
2019-11-19 11:16:46.659 22071 RALLYDEBUG rally_openstack.cleanup.manager [-] Deleting neutron.port object s_rally_2eda9ba1_incSxA30 (2cc511f7-4656-478c-9b31-1e24cad548a0)
2019-11-19 11:16:46.684 22071 RALLYDEBUG rally_openstack.cleanup.manager [-] Deleting neutron.port object s_rally_2eda9ba1_ADBOUrXm (2cd3c9a8-e08a-4549-aeb7-1dd8617c02c4)
2019-11-19 11:16:46.780 22071 RALLYDEBUG rally_openstack.cleanup.manager [-] Deleting neutron.port object s_rally_2eda9ba1_NAjQE0Be (2d900399-cffa-4d2e-b302-0e2e99d0df54)
2019-11-19 11:16:46.812 22071 RALLYDEBUG rally_openstack.cleanup.manager [-] Deleting neutron.port object s_rally_2eda9ba1_6EdAj7xh (2e398d3e-20a2-4fc9-8c49-110f5dafe4a8)
2019-11-19 11:16:46.855 22071 RALLYDEBUG rally_openstack.cleanup.manager [-] Deleting neutron.port object s_rally_2eda9ba1_214wWtOR (30f43bbb-66ef-4e8c-8abd-7fdc84fac3ed)
2019-11-19 11:16:46.890 22071 RALLYDEBUG rally_openstack.cleanup.manager [-] Deleting neutron.port object s_rally_2eda9ba1_1J0nBoaP (38272cbd-e865-4141-b1f9-13150d5c400b)
2019-11-19 11:16:46.911 22071 RALLYDEBUG rally_openstack.cleanup.manager [-] Deleting neutron.port object s_rally_2eda9ba1_1LgN2wW6 (38b03660-79a8-4181-917f-261de88c31ca)
2019-11-19 11:16:46.929 22071 RALLYDEBUG rally_openstack.cleanup.manager [-] Deleting neutron.port object s_rally_2eda9ba1_ZsDJXuqe (3b0c7a15-e89b-45ec-9ff8-1f4241a57f7d)
2019-11-19 11:16:46.962 22071 RALLYDEBUG rally_openstack.cleanup.manager [-] Deleting neutron.port object s_rally_2eda9ba1_XpcgpqiN (3cb0609b-fff2-41bc-90b4-d1895f8665e3)
