2019-11-19 11:16:47.083 22071 RALLYDEBUG rally_openstack.cleanup.manager [-] Deleting neutron.port object s_rally_2eda9ba1_Ps9EoGu7 (3e85a236-bbf9-459e-99a0-e17ccdb81f1e)
2019-11-19 11:16:47.319 22071 RALLYDEBUG rally_openstack.cleanup.manager [-] Deleting neutron.port object s_rally_2eda9ba1_IoxynaOw (407bb4e6-7fea-45de-b64c-fbe9f758b8f3)
2019-11-19 11:16:47.368 22071 RALLYDEBUG rally_openstack.cleanup.manager [-] Deleting neutron.port object s_rally_2eda9ba1_xPK46Lz8 (417f6bbd-ead8-4524-b0ec-038b1a6df9fe)
2019-11-19 11:16:47.512 22071 RALLYDEBUG rally_openstack.cleanup.manager [-] Deleting neutron.port object s_rally_2eda9ba1_EoEatRDi (44a6b371-80d5-4c5d-a27d-f2412ff57f2c)
2019-11-19 11:16:47.777 22071 RALLYDEBUG rally_openstack.cleanup.manager [-] Deleting neutron.port object s_rally_2eda9ba1_SIiecAeg (4532819f-a413-4fd0-b57e-d659294dd6c3)
2019-11-19 11:16:47.779 22071 RALLYDEBUG rally_openstack.cleanup.manager [-] Deleting neutron.port object s_rally_2eda9ba1_XUYyXwRs (462e23f9-bae1-498c-ba2a-7d718c14343a)
2019-11-19 11:16:47.877 22071 RALLYDEBUG rally_openstack.cleanup.manager [-] Deleting neutron.port object s_rally_2eda9ba1_7EGtrAza (480f4e3b-ac4c-4bc0-8be4-8ebfe3f8b650)
2019-11-19 11:16:48.102 22071 RALLYDEBUG rally_openstack.cleanup.manager [-] Deleting neutron.port object s_rally_2eda9ba1_jSUcjqom (4b119ed7-a51c-4c9f-9147-118dc5afe8ca)
2019-11-19 11:16:48.487 22071 RALLYDEBUG rally_openstack.cleanup.manager [-] Deleting neutron.port object s_rally_2eda9ba1_Xgd9Fjj1 (4c7429b9-0a6a-4a79-ba14-be8d4e209500)
2019-11-19 11:16:48.701 22071 RALLYDEBUG rally_openstack.cleanup.manager [-] Deleting neutron.port object s_rally_2eda9ba1_FLoLEwW9 (4c7f9b54-fdeb-45f9-88f2-717123fe96e6)
2019-11-19 11:16:48.791 22071 RALLYDEBUG rally_openstack.cleanup.manager [-] Deleting neutron.port object s_rally_2eda9ba1_81oqr0Fc (4d730ffa-034f-4173-8483-213ff9cefab1)
2019-11-19 11:16:48.816 22071 RALLYDEBUG rally_openstack.cleanup.manager [-] Deleting neutron.port object s_rally_2eda9ba1_iWDVB3Ca (534dc31e-eac3-4060-9827-5a1452457dee)
2019-11-19 11:16:48.847 22071 RALLYDEBUG rally_openstack.cleanup.manager [-] Deleting neutron.port object s_rally_2eda9ba1_NJQ7X7s5 (5376dd47-af17-42ef-a85d-4bbc9b3646fb)
2019-11-19 11:16:48.878 22071 RALLYDEBUG rally_openstack.cleanup.manager [-] Deleting neutron.port object s_rally_2eda9ba1_qLVxBDxz (541d83e3-6851-4659-9766-235ade2a495a)
2019-11-19 11:16:49.036 22071 RALLYDEBUG rally_openstack.cleanup.manager [-] Deleting neutron.port object s_rally_2eda9ba1_7BUUR5HR (54c3a73b-6d02-4ca9-9107-184d6d8ee5fb)
2019-11-19 11:16:49.069 22071 RALLYDEBUG rally_openstack.cleanup.manager [-] Deleting neutron.port object s_rally_2eda9ba1_smJNPYio (55bb27b2-1d6e-4c4e-9035-ac6247a92367)
2019-11-19 11:16:49.294 22071 RALLYDEBUG rally_openstack.cleanup.manager [-] Deleting neutron.port object s_rally_2eda9ba1_P98v04Jv (574d7a6d-3190-4539-9c84-afee5ff57203)
2019-11-19 11:16:49.315 22071 RALLYDEBUG rally_openstack.cleanup.manager [-] Deleting neutron.port object s_rally_2eda9ba1_SPZVutGL (576f4baf-7e34-43d0-b901-e9fe61078483)
2019-11-19 11:16:49.405 22071 RALLYDEBUG rally_openstack.cleanup.manager [-] Deleting neutron.port object s_rally_2eda9ba1_wXChjRmB (57892ba0-7fcd-4a18-a324-c8407c7e9782)
2019-11-19 11:16:49.422 22071 RALLYDEBUG rally_openstack.cleanup.manager [-] Deleting neutron.port object s_rally_2eda9ba1_j77gzWHg (5908e2c4-2992-4a53-a187-68af8fbbe62f)
2019-11-19 11:16:49.482 22071 RALLYDEBUG rally_openstack.cleanup.manager [-] Deleting neutron.port object s_rally_2eda9ba1_jJ61VFAl (59fe3e5a-50d7-4c9d-b090-5abc45ddaf36)
2019-11-19 11:16:49.507 22071 RALLYDEBUG rally_openstack.cleanup.manager [-] Deleting neutron.port object s_rally_2eda9ba1_19FHfkHl (5ab27396-f9af-47af-b73e-d19128eeb7a6)
2019-11-19 11:16:49.659 22071 RALLYDEBUG rally_openstack.cleanup.manager [-] Deleting neutron.port object s_rally_2eda9ba1_JrsnBnYn (5abbe858-a87e-46b9-a9b5-520d0e51d661)
2019-11-19 11:16:49.760 22071 RALLYDEBUG rally_openstack.cleanup.manager [-] Deleting neutron.port object s_rally_2eda9ba1_3yDB5fNv (5c23be62-71cf-4a43-81d5-79b9d89440ee)
2019-11-19 11:16:50.196 22071 RALLYDEBUG rally_openstack.cleanup.manager [-] Deleting neutron.port object s_rally_2eda9ba1_G0jXTEcV (60cfd5c9-29ae-4f83-80d0-67884e8ab297)
2019-11-19 11:16:50.220 22071 RALLYDEBUG rally_openstack.cleanup.manager [-] Deleting neutron.port object s_rally_2eda9ba1_1iN6ias9 (624e762c-f05e-4e26-950e-779c95523ade)
2019-11-19 11:16:50.267 22071 RALLYDEBUG rally_openstack.cleanup.manager [-] Deleting neutron.port object s_rally_2eda9ba1_kkBDpbiQ (638810ab-e378-4c91-b7f1-e2131200a4c4)
2019-11-19 11:16:50.349 22071 RALLYDEBUG rally_openstack.cleanup.manager [-] Deleting neutron.port object s_rally_2eda9ba1_3pZ7NwC9 (63ac7eaf-c4cf-4e07-abe5-5d09176b7b8d)
2019-11-19 11:16:50.367 22071 RALLYDEBUG rally_openstack.cleanup.manager [-] Deleting neutron.port object s_rally_2eda9ba1_SqupOGeC (6692d6f0-036b-4e04-afba-21d6ea50bcd7)
2019-11-19 11:16:50.844 22071 RALLYDEBUG rally_openstack.cleanup.manager [-] Deleting neutron.port object s_rally_2eda9ba1_d54z0zPo (6832607f-e17f-407e-8aae-b7e60498b5ce)
2019-11-19 11:16:50.954 22071 RALLYDEBUG rally_openstack.cleanup.manager [-] Deleting neutron.port object s_rally_2eda9ba1_KhXmtpFk (69351304-c18e-4421-9f69-843826dd7a57)
2019-11-19 11:16:51.141 22071 RALLYDEBUG rally_openstack.cleanup.manager [-] Deleting neutron.port object s_rally_2eda9ba1_ENvLVZWW (6ac924fd-389f-4b9a-b601-fb6bb7c73eba)
2019-11-19 11:16:51.169 22071 RALLYDEBUG rally_openstack.cleanup.manager [-] Deleting neutron.port object s_rally_2eda9ba1_Gztj0Zkd (6b8654d0-2e9c-49a4-8d4d-2546594413e7)
2019-11-19 11:16:51.196 22071 RALLYDEBUG rally_openstack.cleanup.manager [-] Deleting neutron.port object s_rally_2eda9ba1_RFboEbuh (6cf0bba2-9b8f-4a2f-ba7e-5c396fc7b9a4)
2019-11-19 11:16:51.292 22071 RALLYDEBUG rally_openstack.cleanup.manager [-] Deleting neutron.port object s_rally_2eda9ba1_bPscJCj8 (7363e359-d69d-432a-aafa-b5e9ce0f27fa)
2019-11-19 11:16:51.511 22071 RALLYDEBUG rally_openstack.cleanup.manager [-] Deleting neutron.port object s_rally_2eda9ba1_bZOCwiyN (738254d8-fec3-4cb9-8305-0e6551dc465f)
2019-11-19 11:16:51.550 22071 RALLYDEBUG rally_openstack.cleanup.manager [-] Deleting neutron.port object s_rally_2eda9ba1_H1BZVf73 (75dfd910-4150-4c63-9b2c-9789a284ad4c)
2019-11-19 11:16:51.599 22071 RALLYDEBUG rally_openstack.cleanup.manager [-] Deleting neutron.port object s_rally_2eda9ba1_kc2sjB5x (77621a59-05f0-4344-8888-7ea1a3e124cb)
2019-11-19 11:16:51.816 22071 RALLYDEBUG rally_openstack.cleanup.manager [-] Deleting neutron.port object s_rally_2eda9ba1_V2shCdR9 (7a26c7de-5115-4c0f-bf41-c6a2dd5536b3)
2019-11-19 11:16:51.837 22071 RALLYDEBUG rally_openstack.cleanup.manager [-] Deleting neutron.port object s_rally_2eda9ba1_2cE47GRp (7a2d807f-7947-47af-bdc4-879d67d30ba0)
2019-11-19 11:16:51.906 22071 RALLYDEBUG rally_openstack.cleanup.manager [-] Deleting neutron.port object s_rally_2eda9ba1_JTtZR2oK (7ca5ce43-0358-410d-9437-e18e92ad7d1c)
2019-11-19 11:16:52.061 22071 RALLYDEBUG rally_openstack.cleanup.manager [-] Deleting neutron.port object s_rally_2eda9ba1_4jcH1NWP (7dcafff6-621b-49be-992e-a3e08dae7d69)
2019-11-19 11:16:52.097 22071 RALLYDEBUG rally_openstack.cleanup.manager [-] Deleting neutron.port object s_rally_2eda9ba1_RyJlbAGb (82aa709f-b751-4048-a7b4-3006f28d280b)
2019-11-19 11:16:52.167 22071 RALLYDEBUG rally_openstack.cleanup.manager [-] Deleting neutron.port object s_rally_2eda9ba1_jFiE0kfS (851967f5-62cb-49bb-95fa-991c95ded6bd)
2019-11-19 11:16:52.238 22071 RALLYDEBUG rally_openstack.cleanup.manager [-] Deleting neutron.port object s_rally_2eda9ba1_EjRIes6y (85bc820a-9556-4ade-bf5b-3b5a2cd854b6)
2019-11-19 11:16:52.247 22071 RALLYDEBUG rally_openstack.cleanup.manager [-] Deleting neutron.port object s_rally_2eda9ba1_l97zE1KD (85d11f46-7542-4915-a6fb-57af3dd412d0)
2019-11-19 11:16:52.283 22071 RALLYDEBUG rally_openstack.cleanup.manager [-] Deleting neutron.port object s_rally_2eda9ba1_D9rNmedP (87897c69-60f2-4091-b43f-cb77b489e9ef)
2019-11-19 11:16:52.327 22071 RALLYDEBUG rally_openstack.cleanup.manager [-] Deleting neutron.port object s_rally_2eda9ba1_ZdgC2DK9 (8a971566-2c09-4937-811e-5c74645865a6)
2019-11-19 11:16:52.666 22071 RALLYDEBUG rally_openstack.cleanup.manager [-] Deleting neutron.port object s_rally_2eda9ba1_9UvNuxEg (8af4dc04-1a85-499d-b713-e643a8ac8ac3)
2019-11-19 11:16:52.703 22071 RALLYDEBUG rally_openstack.cleanup.manager [-] Deleting neutron.port object s_rally_2eda9ba1_VCnOnICU (8bc7f635-9134-410b-9766-93b162c49c45)
2019-11-19 11:16:52.795 22071 RALLYDEBUG rally_openstack.cleanup.manager [-] Deleting neutron.port object s_rally_2eda9ba1_t4r67I24 (8c38a3f1-b6e0-4290-a27e-fcad95beca6e)
2019-11-19 11:16:53.050 22071 RALLYDEBUG rally_openstack.cleanup.manager [-] Deleting neutron.port object s_rally_2eda9ba1_oiCEUbpZ (8def111f-3b6d-4e59-a523-806aabf8622a)
2019-11-19 11:16:53.060 22071 RALLYDEBUG rally_openstack.cleanup.manager [-] Deleting neutron.port object s_rally_2eda9ba1_JTNkpgXP (8e7b446b-cf2c-41c7-b3bb-6901a457854a)
2019-11-19 11:16:53.120 22071 RALLYDEBUG rally_openstack.cleanup.manager [-] Deleting neutron.port object s_rally_2eda9ba1_jJ67Oj41 (8ec3e5a9-f2c5-4c96-b885-1f1e70f96652)
2019-11-19 11:16:53.244 22071 RALLYDEBUG rally_openstack.cleanup.manager [-] Deleting neutron.port object s_rally_2eda9ba1_LCCek6Qh (90f6968d-14d5-4600-9c60-220136bafff3)
2019-11-19 11:16:53.388 22071 RALLYDEBUG rally_openstack.cleanup.manager [-] Deleting neutron.port object s_rally_2eda9ba1_zu87MGRy (955b2aa6-ce11-4b1f-b89e-dbdcac949324)
2019-11-19 11:16:53.424 22071 RALLYDEBUG rally_openstack.cleanup.manager [-] Deleting neutron.port object s_rally_2eda9ba1_2uTKz9K2 (965071bf-e248-4f3e-a512-2c69a947eeee)
2019-11-19 11:16:53.637 22071 RALLYDEBUG rally_openstack.cleanup.manager [-] Deleting neutron.port object s_rally_2eda9ba1_MyJFTXTi (969b9378-76c3-4c0c-89ff-94d99dbc03b7)
2019-11-19 11:16:53.683 22071 RALLYDEBUG rally_openstack.cleanup.manager [-] Deleting neutron.port object s_rally_2eda9ba1_6dqffQxN (9a6bb59f-f602-4de1-ad65-b24772ed53aa)
2019-11-19 11:16:53.789 22071 RALLYDEBUG rally_openstack.cleanup.manager [-] Deleting neutron.port object s_rally_2eda9ba1_ICr0rmcA (9d005f92-8647-492d-9fad-0cf5bdb797aa)
2019-11-19 11:16:54.002 22071 RALLYDEBUG rally_openstack.cleanup.manager [-] Deleting neutron.port object s_rally_2eda9ba1_ZxUPIb3N (9e11b4c0-e76e-4e09-8493-ccc02f69243c)
2019-11-19 11:16:54.016 22071 RALLYDEBUG rally_openstack.cleanup.manager [-] Deleting neutron.port object s_rally_2eda9ba1_MrhuozXR (9ebaa2fe-bb83-4ca3-b5da-f0fc8da31021)
2019-11-19 11:16:54.125 22071 RALLYDEBUG rally_openstack.cleanup.manager [-] Deleting neutron.port object s_rally_2eda9ba1_7cgQPirE (a1f3afcb-b6ba-4bdc-9e10-6d05b1a2ef61)
2019-11-19 11:16:54.499 22071 RALLYDEBUG rally_openstack.cleanup.manager [-] Deleting neutron.port object s_rally_2eda9ba1_25bAOXMQ (a225d733-89e7-42b4-b1d6-328b3881f768)
2019-11-19 11:16:54.585 22071 RALLYDEBUG rally_openstack.cleanup.manager [-] Deleting neutron.port object s_rally_2eda9ba1_5LEcNnAN (a2da9060-1bf9-4bd2-93b3-94ddea3acc87)
2019-11-19 11:16:54.664 22071 RALLYDEBUG rally_openstack.cleanup.manager [-] Deleting neutron.port object s_rally_2eda9ba1_zHAXPpCW (a375c65a-5082-4c72-82ea-f2d95f4e89c7)
2019-11-19 11:16:54.779 22071 RALLYDEBUG rally_openstack.cleanup.manager [-] Deleting neutron.port object s_rally_2eda9ba1_PtJHr73W (a4bd87f3-8f7c-4b23-a483-4c0fef149f0e)
2019-11-19 11:16:54.783 22071 RALLYDEBUG rally_openstack.cleanup.manager [-] Deleting neutron.port object s_rally_2eda9ba1_J6cEf5eh (a62f6708-7ba0-445b-b135-51d469b642cc)
2019-11-19 11:16:54.809 22071 RALLYDEBUG rally_openstack.cleanup.manager [-] Deleting neutron.port object s_rally_2eda9ba1_z3hrdf96 (a6605674-fad2-4814-803d-5ea0af1811eb)
2019-11-19 11:16:55.007 22071 RALLYDEBUG rally_openstack.cleanup.manager [-] Deleting neutron.port object s_rally_2eda9ba1_m9OmWutR (a6df9625-e4c2-49f5-92c6-eddb5babe0df)
2019-11-19 11:16:55.085 22071 RALLYDEBUG rally_openstack.cleanup.manager [-] Deleting neutron.port object s_rally_2eda9ba1_3K1HDFyU (a7155d7e-e713-46e1-87e7-ae46ea014fad)
2019-11-19 11:16:55.329 22071 RALLYDEBUG rally_openstack.cleanup.manager [-] Deleting neutron.port object s_rally_2eda9ba1_lpYIiFn0 (a757bb70-7c0c-4d87-a862-fc83665e093b)
2019-11-19 11:16:55.480 22071 RALLYDEBUG rally_openstack.cleanup.manager [-] Deleting neutron.port object s_rally_2eda9ba1_f2ABPBfn (a7fc9926-ea7d-4369-a6b5-84441c393bab)
2019-11-19 11:16:55.575 22071 RALLYDEBUG rally_openstack.cleanup.manager [-] Deleting neutron.port object s_rally_2eda9ba1_IoHeg9mu (a87b377a-339d-4e8f-bb9c-42d90cf30917)
2019-11-19 11:16:55.640 22071 RALLYDEBUG rally_openstack.cleanup.manager [-] Deleting neutron.port object s_rally_2eda9ba1_7UnLT6Ux (a9904096-f818-4a6e-bcad-de89b453277e)
2019-11-19 11:16:55.688 22071 RALLYDEBUG rally_openstack.cleanup.manager [-] Deleting neutron.port object s_rally_2eda9ba1_AwOI0VHn (a9a20bbb-28ab-4335-b013-e3f710fe1751)
2019-11-19 11:16:55.761 22071 RALLYDEBUG rally_openstack.cleanup.manager [-] Deleting neutron.port object s_rally_2eda9ba1_f3FMcOBG (aaedd639-3b24-487c-ad42-7acb763a7a24)
2019-11-19 11:16:55.918 22071 RALLYDEBUG rally_openstack.cleanup.manager [-] Deleting neutron.port object s_rally_2eda9ba1_181wq39Q (ab088c4e-e84e-4c31-a68b-ea4e8a16d17a)
2019-11-19 11:16:56.023 22071 RALLYDEBUG rally_openstack.cleanup.manager [-] Deleting neutron.port object s_rally_2eda9ba1_3LXgAH2l (ab645264-add3-403e-b192-d64b91eb88e3)
2019-11-19 11:16:56.068 22071 RALLYDEBUG rally_openstack.cleanup.manager [-] Deleting neutron.port object s_rally_2eda9ba1_o9Bn4aHW (ac039d0b-fc20-4fdc-9290-a0ae917aa8f1)
2019-11-19 11:16:56.344 22071 RALLYDEBUG rally_openstack.cleanup.manager [-] Deleting neutron.port object s_rally_2eda9ba1_ydFE4B7E (ac55b058-2363-45ae-8dfa-00f0d48d8390)
2019-11-19 11:16:56.387 22071 RALLYDEBUG rally_openstack.cleanup.manager [-] Deleting neutron.port object s_rally_2eda9ba1_05OJlPyp (ad40109d-e68e-4c76-9878-e3ca6ea2f608)
2019-11-19 11:16:56.515 22071 RALLYDEBUG rally_openstack.cleanup.manager [-] Deleting neutron.port object s_rally_2eda9ba1_mJ3xTZvj (ae79642c-6046-4ce7-84d2-81057dc6e9f5)
2019-11-19 11:16:56.516 22071 RALLYDEBUG rally_openstack.cleanup.manager [-] Deleting neutron.port object s_rally_2eda9ba1_S69fK07m (ad7b3a71-908e-48cb-ab1a-73c795183fea)
2019-11-19 11:16:56.529 22071 RALLYDEBUG rally_openstack.cleanup.manager [-] Deleting neutron.port object s_rally_2eda9ba1_gUyeiL0f (afe5220d-c334-4ea3-868c-913bd3d58357)
2019-11-19 11:16:56.632 22071 RALLYDEBUG rally_openstack.cleanup.manager [-] Deleting neutron.port object s_rally_2eda9ba1_XqQGQkWK (b0104bd2-109a-4e52-b000-a80d8d6deb13)
2019-11-19 11:16:56.739 22071 RALLYDEBUG rally_openstack.cleanup.manager [-] Deleting neutron.port object s_rally_2eda9ba1_rORWa7Qf (b1567d2f-8521-45f7-8db4-e991fdf84f37)
2019-11-19 11:16:56.778 22071 RALLYDEBUG rally_openstack.cleanup.manager [-] Deleting neutron.port object s_rally_2eda9ba1_2RZOunK9 (b22bee40-30e8-4658-acc4-14f6890163dd)
2019-11-19 11:16:56.878 22071 RALLYDEBUG rally_openstack.cleanup.manager [-] Deleting neutron.port object s_rally_2eda9ba1_GhAE9xGN (b7142544-beeb-441b-a4f7-14558c51bbc9)
2019-11-19 11:16:56.988 22071 RALLYDEBUG rally_openstack.cleanup.manager [-] Deleting neutron.port object s_rally_2eda9ba1_E3woW0Nq (b8e6cd3f-5495-4334-9cdb-0de9b9989e4d)
2019-11-19 11:16:57.187 22071 RALLYDEBUG rally_openstack.cleanup.manager [-] Deleting neutron.port object s_rally_2eda9ba1_tV545g2J (ba3e3930-5ea7-4254-8513-515751c34259)
2019-11-19 11:16:57.260 22071 RALLYDEBUG rally_openstack.cleanup.manager [-] Deleting neutron.port object s_rally_2eda9ba1_sxCO9puk (bbb1d084-1756-4a39-85e4-23ec99c8ee7d)
2019-11-19 11:16:57.437 22071 RALLYDEBUG rally_openstack.cleanup.manager [-] Deleting neutron.port object s_rally_2eda9ba1_L2lXdgP9 (bd10a0f9-0a7f-4130-acd0-f0fb548c88ba)
2019-11-19 11:16:57.466 22071 RALLYDEBUG rally_openstack.cleanup.manager [-] Deleting neutron.port object s_rally_2eda9ba1_prtCI2gO (bdf41294-6daa-4cc0-a99f-542be7eb8411)
2019-11-19 11:16:57.497 22071 RALLYDEBUG rally_openstack.cleanup.manager [-] Deleting neutron.port object s_rally_2eda9ba1_utVFUYq3 (bfce4af6-29c5-4f2d-bff6-35dca0c21866)
2019-11-19 11:16:57.622 22071 RALLYDEBUG rally_openstack.cleanup.manager [-] Deleting neutron.port object s_rally_2eda9ba1_3A6A08jL (c0722cff-296b-4282-92d0-a75d0d12afde)
2019-11-19 11:16:57.646 22071 RALLYDEBUG rally_openstack.cleanup.manager [-] Deleting neutron.port object s_rally_2eda9ba1_MduXZewu (c214114b-957a-4383-9c25-c0c7cea6f8d5)
2019-11-19 11:16:57.928 22071 RALLYDEBUG rally_openstack.cleanup.manager [-] Deleting neutron.port object s_rally_2eda9ba1_WgeYgP6w (c5758074-e294-4123-ad92-4bb930322b1c)
2019-11-19 11:16:58.042 22071 RALLYDEBUG rally_openstack.cleanup.manager [-] Deleting neutron.port object s_rally_2eda9ba1_WsKlJOjP (c5c1616d-12d1-4da7-ade8-22ffec8bf167)
2019-11-19 11:16:58.338 22071 RALLYDEBUG rally_openstack.cleanup.manager [-] Deleting neutron.port object s_rally_2eda9ba1_nYPVFaaN (c5e71471-772f-405d-b2cb-ca219c3638a2)
2019-11-19 11:16:58.649 22071 RALLYDEBUG rally_openstack.cleanup.manager [-] Deleting neutron.port object s_rally_2eda9ba1_rWrAtew5 (c67a00c4-4c0b-4921-9451-b78c5e1d6285)
2019-11-19 11:16:58.846 22071 RALLYDEBUG rally_openstack.cleanup.manager [-] Deleting neutron.port object s_rally_2eda9ba1_GdwQGHp3 (c6eee369-88a6-4f2b-80f2-7ce4c9050a4f)
2019-11-19 11:16:58.987 22071 RALLYDEBUG rally_openstack.cleanup.manager [-] Deleting neutron.port object s_rally_2eda9ba1_JMdppuDU (c7903b1d-9efd-4611-9e4f-815316059b13)
2019-11-19 11:16:58.995 22071 RALLYDEBUG rally_openstack.cleanup.manager [-] Deleting neutron.port object s_rally_2eda9ba1_FlpKWUvC (c8e2b7a4-402b-4010-92fd-7343450ee9b3)
2019-11-19 11:16:59.027 22071 RALLYDEBUG rally_openstack.cleanup.manager [-] Deleting neutron.port object s_rally_2eda9ba1_oY5G5cce (c928e448-c123-47e3-a837-6fc52eb299a0)
2019-11-19 11:16:59.058 22071 RALLYDEBUG rally_openstack.cleanup.manager [-] Deleting neutron.port object s_rally_2eda9ba1_1PYFTGEM (c97992ee-0c72-44d3-b719-f3cc696ffe02)
2019-11-19 11:16:59.144 22071 RALLYDEBUG rally_openstack.cleanup.manager [-] Deleting neutron.port object s_rally_2eda9ba1_vDdJgLIE (cc238661-a3bc-4111-ad39-0f07369ac3ef)
2019-11-19 11:16:59.198 22071 RALLYDEBUG rally_openstack.cleanup.manager [-] Deleting neutron.port object s_rally_2eda9ba1_V6wL6mPu (cc8fb093-3f3f-48c1-b0e6-26b16e72facc)
2019-11-19 11:16:59.322 22071 RALLYDEBUG rally_openstack.cleanup.manager [-] Deleting neutron.port object s_rally_2eda9ba1_2wSpK7Gz (ce10c38d-4574-40f3-809e-5d473d69d724)
2019-11-19 11:16:59.402 22071 RALLYDEBUG rally_openstack.cleanup.manager [-] Deleting neutron.port object s_rally_2eda9ba1_dMu8Tktj (cef08b7b-3f61-48f1-bebc-535f51acbbaf)
2019-11-19 11:16:59.455 22071 RALLYDEBUG rally_openstack.cleanup.manager [-] Deleting neutron.port object s_rally_2eda9ba1_DliaPmHX (d244b483-1030-430b-bea2-ff23174f34e5)
2019-11-19 11:16:59.570 22071 RALLYDEBUG rally_openstack.cleanup.manager [-] Deleting neutron.port object s_rally_2eda9ba1_9dGZDsbe (d4f713ff-6441-49f6-9a93-2861285c3d50)
2019-11-19 11:16:59.601 22071 RALLYDEBUG rally_openstack.cleanup.manager [-] Deleting neutron.port object s_rally_2eda9ba1_UWjPWhm0 (d6bc0cce-c3d7-4115-ab16-4c2cfdfeb10a)
2019-11-19 11:16:59.669 22071 RALLYDEBUG rally_openstack.cleanup.manager [-] Deleting neutron.port object s_rally_2eda9ba1_OBs62MxJ (d8881ba0-d633-4071-880f-c70d1ef14191)
2019-11-19 11:16:59.916 22071 RALLYDEBUG rally_openstack.cleanup.manager [-] Deleting neutron.port object s_rally_2eda9ba1_9WJba3x1 (dd501514-3667-441a-865a-b6903b0fc48d)
2019-11-19 11:16:59.929 22071 RALLYDEBUG rally_openstack.cleanup.manager [-] Deleting neutron.port object s_rally_2eda9ba1_DXWyZkiQ (ddf9e1d6-b313-4749-be1e-7d2552651f8e)
2019-11-19 11:16:59.979 22071 RALLYDEBUG rally_openstack.cleanup.manager [-] Deleting neutron.port object s_rally_2eda9ba1_uOuC0IDx (dea540e3-5a4e-4fc2-af3a-82aea213fd78)
2019-11-19 11:17:00.078 22071 RALLYDEBUG rally_openstack.cleanup.manager [-] Deleting neutron.port object s_rally_2eda9ba1_Fy8TEW9c (e2228930-85da-4ee3-b404-8d7450ed0800)
2019-11-19 11:17:00.105 22071 RALLYDEBUG rally_openstack.cleanup.manager [-] Deleting neutron.port object s_rally_2eda9ba1_WLTgtbBr (e34090e4-6d49-416c-a698-98025d54941d)
2019-11-19 11:17:00.183 22071 RALLYDEBUG rally_openstack.cleanup.manager [-] Deleting neutron.port object s_rally_2eda9ba1_h0LYcIzt (e4771bc4-8201-4fad-9ffc-e9b76c21e054)
2019-11-19 11:17:00.448 22071 RALLYDEBUG rally_openstack.cleanup.manager [-] Deleting neutron.port object s_rally_2eda9ba1_2A2f1vFw (e548b5a1-9395-4b93-a830-ab3be97571da)
2019-11-19 11:17:00.797 22071 RALLYDEBUG rally_openstack.cleanup.manager [-] Deleting neutron.port object s_rally_2eda9ba1_hcZRFjSi (e9133e8a-9c02-4945-98a8-1afe5084d721)
2019-11-19 11:17:00.914 22071 RALLYDEBUG rally_openstack.cleanup.manager [-] Deleting neutron.port object s_rally_2eda9ba1_KK13c4g4 (e94482f4-b169-4a46-a8bc-ddfc2c48ee51)
2019-11-19 11:17:00.956 22071 RALLYDEBUG rally_openstack.cleanup.manager [-] Deleting neutron.port object s_rally_2eda9ba1_u0IevoCC (e97606e3-0139-4c2c-a16b-2ba7a28aadcb)
2019-11-19 11:17:01.084 22071 RALLYDEBUG rally_openstack.cleanup.manager [-] Deleting neutron.port object s_rally_2eda9ba1_IMdfoXAU (ead5332b-1f73-4e9a-bb02-b283a0850a2d)
2019-11-19 11:17:01.290 22071 RALLYDEBUG rally_openstack.cleanup.manager [-] Deleting neutron.port object s_rally_2eda9ba1_Lbbtp2hI (eb570300-647d-45a6-aad8-f456cb1e949d)
2019-11-19 11:17:01.493 22071 RALLYDEBUG rally_openstack.cleanup.manager [-] Deleting neutron.port object s_rally_2eda9ba1_ARly06JI (ef033243-aea8-457a-9774-df011762a10e)
2019-11-19 11:17:01.670 22071 RALLYDEBUG rally_openstack.cleanup.manager [-] Deleting neutron.port object s_rally_2eda9ba1_AIWOC1tD (f081059d-9d1d-440b-93ce-0f3d805e0cd9)
2019-11-19 11:17:01.683 22071 RALLYDEBUG rally_openstack.cleanup.manager [-] Deleting neutron.port object s_rally_2eda9ba1_Wm7zUSGO (f0939b43-a876-417d-a5d6-995ead23c624)
2019-11-19 11:17:01.734 22071 RALLYDEBUG rally_openstack.cleanup.manager [-] Deleting neutron.port object s_rally_2eda9ba1_BoNf5IS3 (f14a2f9c-8888-43af-86a2-7500d29f5884)
2019-11-19 11:17:01.791 22071 RALLYDEBUG rally_openstack.cleanup.manager [-] Deleting neutron.port object s_rally_2eda9ba1_XcZbPeO8 (f406d889-1220-4b8c-9e13-d768fb8e3d4e)
2019-11-19 11:17:01.856 22071 RALLYDEBUG rally_openstack.cleanup.manager [-] Deleting neutron.port object s_rally_2eda9ba1_PLUFXGlw (f793663e-b6e7-45ff-b6e7-da84d605a08c)
2019-11-19 11:17:01.956 22071 RALLYDEBUG rally_openstack.cleanup.manager [-] Deleting neutron.port object s_rally_2eda9ba1_DBF8ruZl (f82f6cc8-8e6f-4c66-9e85-f5c84470c288)
2019-11-19 11:17:02.054 22071 RALLYDEBUG rally_openstack.cleanup.manager [-] Deleting neutron.port object s_rally_2eda9ba1_RK8mRrwl (f96064aa-30d2-4564-a77f-c0da2028a072)
2019-11-19 11:17:02.071 22071 RALLYDEBUG rally_openstack.cleanup.manager [-] Deleting neutron.port object s_rally_2eda9ba1_5rzW0p2l (fca22d0f-8c4b-4145-9428-9e2d127fb5f6)
2019-11-19 11:17:02.147 22071 RALLYDEBUG rally_openstack.cleanup.manager [-] Deleting neutron.port object s_rally_2eda9ba1_4Y4mCm4s (fd279ff2-1666-41f6-9904-6b28dd08c4a9)
2019-11-19 11:17:02.178 22071 RALLYDEBUG rally_openstack.cleanup.manager [-] Deleting neutron.port object s_rally_2eda9ba1_rxS0Vbjv (fec6ef83-c1e1-439e-9bc9-1881708d28ef)
2019-11-19 11:17:02.305 22071 RALLYDEBUG rally_openstack.cleanup.manager [-] Deleting neutron.port object s_rally_2eda9ba1_xe7EWvBi (fecf8f5f-f082-4a31-b9ed-42ea168bdb22)
2019-11-19 11:17:02.363 22071 RALLYDEBUG rally_openstack.cleanup.manager [-] Deleting neutron.port object s_rally_2eda9ba1_h00xnOrE (ffeb436f-12d4-4e14-850a-392a28803445)
2019-11-19 11:17:02.365 22071 RALLYDEBUG rally_openstack.cleanup.manager [-] Deleting neutron.port object s_rally_2eda9ba1_2CgCWJkM (fed61bb6-0b31-4384-a692-1378a33205f7)
2019-11-19 11:17:02.656 22071 RALLYDEBUG rally_openstack.cleanup.manager [-] Deleting neutron.port object s_rally_2eda9ba1_H5FbHZ65 (fff983cc-6c78-4201-b915-9b2536935063)
2019-11-19 11:17:04.785 22071 RALLYDEBUG rally_openstack.cleanup.manager [-] Cleaning up neutron subnet objects
2019-11-19 11:17:05.195 22071 RALLYDEBUG rally_openstack.cleanup.manager [-] Cleaning up neutron network objects
2019-11-19 11:17:05.765 22071 RALLYDEBUG rally_openstack.cleanup.manager [-] Deleting neutron.network object s_rally_2eda9ba1_DckxyQmw (03199466-4f66-4ccb-b90c-719fddbba9c1)
2019-11-19 11:17:05.773 22071 RALLYDEBUG rally_openstack.cleanup.manager [-] Deleting neutron.network object s_rally_2eda9ba1_ZKVciVbs (0805d30c-3f0e-45ac-b5cb-a69633c43c87)
2019-11-19 11:17:05.795 22071 RALLYDEBUG rally_openstack.cleanup.manager [-] Deleting neutron.network object s_rally_2eda9ba1_StvKQapR (12290608-555f-43e7-9b16-e73ac1ae54f5)
2019-11-19 11:17:05.795 22071 RALLYDEBUG rally_openstack.cleanup.manager [-] Deleting neutron.network object s_rally_2eda9ba1_8S40aKAY (0d2daded-708b-4fa7-b065-a1adcc4586cd)
2019-11-19 11:17:05.833 22071 RALLYDEBUG rally_openstack.cleanup.manager [-] Deleting neutron.network object s_rally_2eda9ba1_V7n8amII (2e22d2be-5998-4437-ac6f-ad625aeb9b52)
2019-11-19 11:17:05.838 22071 RALLYDEBUG rally_openstack.cleanup.manager [-] Deleting neutron.network object s_rally_2eda9ba1_TOirUt1n (1ccc0a35-66b3-43e2-8973-9763430b8b2e)
2019-11-19 11:17:05.838 22071 RALLYDEBUG rally_openstack.cleanup.manager [-] Deleting neutron.network object s_rally_2eda9ba1_V7ZKJ4ss (2692f441-57c0-439d-9170-30bf05d157d7)
2019-11-19 11:17:05.839 22071 RALLYDEBUG rally_openstack.cleanup.manager [-] Deleting neutron.network object s_rally_2eda9ba1_Gfm5ceqr (2692b2aa-1c01-4fe0-89da-69b123b72ea6)
2019-11-19 11:17:05.889 22071 RALLYDEBUG rally_openstack.cleanup.manager [-] Deleting neutron.network object s_rally_2eda9ba1_rD9mwZuK (48dd806e-317c-4a1f-aef2-04443cf4a874)
2019-11-19 11:17:05.939 22071 RALLYDEBUG rally_openstack.cleanup.manager [-] Deleting neutron.network object s_rally_2eda9ba1_qsqUzuvf (6402f3ec-ba76-4b0c-b422-1629b1f75484)
2019-11-19 11:17:05.942 22071 RALLYDEBUG rally_openstack.cleanup.manager [-] Deleting neutron.network object s_rally_2eda9ba1_1Jz44nW0 (64327c68-ff75-433f-b013-88215feff866)
2019-11-19 11:17:05.953 22071 RALLYDEBUG rally_openstack.cleanup.manager [-] Deleting neutron.network object s_rally_2eda9ba1_un114xuy (6938cbb9-9e48-4792-9214-80cb04553f5c)
2019-11-19 11:17:05.961 22071 RALLYDEBUG rally_openstack.cleanup.manager [-] Deleting neutron.network object s_rally_2eda9ba1_wdcb9ed7 (413db99b-d1e5-4031-b049-4be9aa5bd9ca)
2019-11-19 11:17:05.972 22071 RALLYDEBUG rally_openstack.cleanup.manager [-] Deleting neutron.network object s_rally_2eda9ba1_UJP9zNJj (7afe0b73-a01b-442e-aa7e-dc3f3f923e64)
2019-11-19 11:17:05.977 22071 RALLYDEBUG rally_openstack.cleanup.manager [-] Deleting neutron.network object s_rally_2eda9ba1_KIW51ARL (4b404621-5f0f-4775-91c6-1d291209f179)
2019-11-19 11:17:05.979 22071 RALLYDEBUG rally_openstack.cleanup.manager [-] Deleting neutron.network object s_rally_2eda9ba1_LIHtimbu (66f100a2-9270-4e56-a3a6-e8e8d366a9c2)
2019-11-19 11:17:05.996 22071 RALLYDEBUG rally_openstack.cleanup.manager [-] Deleting neutron.network object s_rally_2eda9ba1_gZGy72Y7 (68f3178c-537a-435c-95dc-a74e33a75bf7)
2019-11-19 11:17:05.996 22071 RALLYDEBUG rally_openstack.cleanup.manager [-] Deleting neutron.network object s_rally_2eda9ba1_3n8Z0SsW (54257e48-fb85-43a0-ac9f-b1ba3393ce54)
2019-11-19 11:17:06.025 22071 RALLYDEBUG rally_openstack.cleanup.manager [-] Deleting neutron.network object s_rally_2eda9ba1_EkgskQVA (856ab984-8926-4247-b386-7058d3f1ce4c)
2019-11-19 11:17:06.073 22071 RALLYDEBUG rally_openstack.cleanup.manager [-] Deleting neutron.network object s_rally_2eda9ba1_J5CNn52y (84db858b-dd94-4a9d-8da1-d0dd75f53fca)
2019-11-19 11:17:08.266 22071 RALLYDEBUG rally_openstack.cleanup.manager [-] Deleting neutron.network object s_rally_2eda9ba1_mNoLFkND (8b4ca525-d29e-4233-bfab-5e37cfd06f7f)
2019-11-19 11:17:08.550 22071 RALLYDEBUG rally_openstack.cleanup.manager [-] Deleting neutron.network object s_rally_2eda9ba1_jcn6C7MW (92a4f72b-3343-48b9-acc3-c759e2793150)
2019-11-19 11:17:08.808 22071 RALLYDEBUG rally_openstack.cleanup.manager [-] Deleting neutron.network object s_rally_2eda9ba1_pjoB3dgb (96bb968d-224a-4ae6-aad7-2f1f42f6ee41)
2019-11-19 11:17:08.865 22071 RALLYDEBUG rally_openstack.cleanup.manager [-] Deleting neutron.network object s_rally_2eda9ba1_PehMp7dZ (a600aeae-f2a1-409a-847a-c2a4031608ea)
2019-11-19 11:17:08.881 22071 RALLYDEBUG rally_openstack.cleanup.manager [-] Deleting neutron.network object s_rally_2eda9ba1_69jKJoam (ab5ebce3-290e-4a3f-8bc5-5ee1c9f58b05)
2019-11-19 11:17:08.889 22071 RALLYDEBUG rally_openstack.cleanup.manager [-] Deleting neutron.network object s_rally_2eda9ba1_snePH9DQ (addf4419-28cb-486a-8d59-f5495f98b739)
2019-11-19 11:17:08.913 22071 RALLYDEBUG rally_openstack.cleanup.manager [-] Deleting neutron.network object s_rally_2eda9ba1_Vks9xyDG (b24ab3b3-b726-4fb1-a588-fe79aec7735c)
2019-11-19 11:17:08.941 22071 RALLYDEBUG rally_openstack.cleanup.manager [-] Deleting neutron.network object s_rally_2eda9ba1_vouAYz64 (be678c57-64d0-4560-ba9a-599049b5c221)
2019-11-19 11:17:09.058 22071 RALLYDEBUG rally_openstack.cleanup.manager [-] Deleting neutron.network object s_rally_2eda9ba1_VdvAwfqc (c7ad89ce-0ccc-43df-9fdd-9101407d7a0b)
2019-11-19 11:17:09.258 22071 RALLYDEBUG rally_openstack.cleanup.manager [-] Deleting neutron.network object s_rally_2eda9ba1_ZJOCPUuo (c89fc9f6-7821-4418-b81d-24245a7d8e24)
2019-11-19 11:17:09.289 22071 RALLYDEBUG rally_openstack.cleanup.manager [-] Deleting neutron.network object s_rally_2eda9ba1_p9u9ZyGC (d3ebfad9-e3a4-41ba-aa76-33d0570ce50f)
2019-11-19 11:17:09.303 22071 RALLYDEBUG rally_openstack.cleanup.manager [-] Deleting neutron.network object s_rally_2eda9ba1_92uvOprD (dd67cc25-a5b0-4fba-9999-3cc1aa635d73)
2019-11-19 11:17:09.324 22071 RALLYDEBUG rally_openstack.cleanup.manager [-] Deleting neutron.network object s_rally_2eda9ba1_K6uZJAzF (e421fd14-9fad-43b1-b6f7-3b33ed17d7d2)
2019-11-19 11:17:09.383 22071 RALLYDEBUG rally_openstack.cleanup.manager [-] Deleting neutron.network object s_rally_2eda9ba1_qI1ZGo5L (e49b3f3a-08a6-4014-bd8a-6e639badf5e2)
2019-11-19 11:17:09.438 22071 RALLYDEBUG rally_openstack.cleanup.manager [-] Deleting neutron.network object s_rally_2eda9ba1_VyOdaoGC (e53b882f-697e-4730-8bcb-2f80b34672c1)
2019-11-19 11:17:09.445 22071 RALLYDEBUG rally_openstack.cleanup.manager [-] Deleting neutron.network object s_rally_2eda9ba1_U7A5iWnO (eb8a3358-6c24-43ba-a6e5-31b6cb7293aa)
2019-11-19 11:17:09.533 22071 RALLYDEBUG rally_openstack.cleanup.manager [-] Deleting neutron.network object s_rally_2eda9ba1_0Z9AobVT (f31ea7dd-ed44-4ae9-861d-443cf80c6df9)
2019-11-19 11:17:09.570 22071 RALLYDEBUG rally_openstack.cleanup.manager [-] Deleting neutron.network object s_rally_2eda9ba1_Lcf3PQaf (f32afe61-7e9a-4757-bd11-ba8753360107)
2019-11-19 11:17:09.724 22071 RALLYDEBUG rally_openstack.cleanup.manager [-] Deleting neutron.network object s_rally_2eda9ba1_fYcWBMNP (fad3897a-1cd8-49f1-8b38-dec9d1d5d037)
2019-11-19 11:17:10.057 22071 RALLYDEBUG rally_openstack.cleanup.manager [-] Deleting neutron.network object s_rally_2eda9ba1_YCfL49qL (fcfae2e2-c78d-4120-bfd2-fa3ad38f5204)
2019-11-19 11:17:13.006 22071 RALLYDEBUG rally_openstack.cleanup.manager [-] Cleaning up neutron router objects
2019-11-19 11:17:13.436 22071 RALLYDEBUG rally_openstack.cleanup.manager [-] Cleaning up neutron security_group objects
2019-11-19 11:17:13.843 22071 INFO rally.task.context [-] Task 9a80d144-da38-4f48-af48-423c01d5b1ec | Context cleanup@openstack cleanup() finished in 36.16 sec
2019-11-19 11:17:13.844 22071 INFO rally.task.context [-] Task 9a80d144-da38-4f48-af48-423c01d5b1ec | Context quotas@openstack cleanup() started
2019-11-19 11:17:13.912 22071 INFO rally.task.context [-] Task 9a80d144-da38-4f48-af48-423c01d5b1ec | Context quotas@openstack cleanup() finished in 68.44 msec
2019-11-19 11:17:13.913 22071 INFO rally.task.context [-] Task 9a80d144-da38-4f48-af48-423c01d5b1ec | Context users@openstack cleanup() started
2019-11-19 11:17:16.548 22071 INFO rally.task.context [-] Task 9a80d144-da38-4f48-af48-423c01d5b1ec | Context users@openstack cleanup() finished in 2.64 sec
2019-11-19 11:17:16.808 22071 INFO rally.task.engine [-] Load duration is: 28.366721
2019-11-19 11:17:16.808 22071 INFO rally.task.engine [-] Full runner duration is: 28.425562
2019-11-19 11:17:16.808 22071 INFO rally.task.engine [-] Full duration is: 70.03079
2019-11-19 11:17:17.084 22071 INFO rally.task.engine [-] Running workload: position = 2 config = { "version": 2, "title": "A cropped version of a bigger task.", "description": "Auto-generated task from a single workload (uuid=641f2951-426d-4296-b133-98e7ddc26145)", "subtasks": [ { "title": "NeutronNetworks.create_and_delete_ports", "description": "Create and delete a port.", "scenario": { "NeutronNetworks.create_and_delete_ports": { "network_create_args": {}, "port_create_args": {}, "ports_per_network": 5 } }, "contexts": { "users": { "tenants": 1, "users_per_tenant": 1 }, "quotas": { "neutron": { "network": -1, "port": -1 } } }, "runner": { "constant": { "times": 40, "concurrency": 20 } }, "hooks": [], "sla": { "failure_rate": { "max": 0 } } } ] }
2019-11-19 11:17:17.115 22071 RALLYDEBUG rally_openstack.contexts.keystone.users [-] Creating 1 tenants using 20 threads
2019-11-19 11:17:18.021 22071 RALLYDEBUG rally_openstack.contexts.keystone.users [-] Creating 1 users using 20 threads
2019-11-19 11:17:19.319 22071 INFO rally.task.context [-] Task 9a80d144-da38-4f48-af48-423c01d5b1ec | Context users@openstack setup() finished in 2.20 sec
2019-11-19 11:17:19.834 22071 INFO rally.task.context [-] Task 9a80d144-da38-4f48-af48-423c01d5b1ec | Context quotas@openstack setup() finished in 0.51 sec
2019-11-19 11:17:19.834 22071 INFO rally.task.context [-] Task 9a80d144-da38-4f48-af48-423c01d5b1ec | Context cleanup@openstack setup() finished in 0.02 msec
2019-11-19 11:17:19.844 22071 RALLYDEBUG rally.task.runner [-] Starting the constant runner (task UUID: 9a80d144-da38-4f48-af48-423c01d5b1ec). timeout: 0 concurrency: 20 concurrency_per_worker: 1 times: 40 concurrency_overhead: 4 processes_to_start: 16 max_cpu_used: 16
2019-11-19 11:17:19.859 26537 RALLYDEBUG rally.task.runner [-] Starting a worker. concurrency: 2 args: {"network_create_args": {}, "port_create_args": {}, "ports_per_network": 5} times: 40 method_name: run timeout: 0 duration: None cls:
2019-11-19 11:17:19.863 26538 RALLYDEBUG rally.task.runner [-] Starting a worker. concurrency: 2 args: {"network_create_args": {}, "port_create_args": {}, "ports_per_network": 5} times: 40 method_name: run timeout: 0 duration: None cls:
2019-11-19 11:17:19.866 26539 RALLYDEBUG rally.task.runner [-] Starting a worker. concurrency: 2 args: {"network_create_args": {}, "port_create_args": {}, "ports_per_network": 5} times: 40 method_name: run timeout: 0 duration: None cls:
2019-11-19 11:17:19.870 26540 RALLYDEBUG rally.task.runner [-] Starting a worker. concurrency: 2 args: {"network_create_args": {}, "port_create_args": {}, "ports_per_network": 5} times: 40 method_name: run timeout: 0 duration: None cls:
2019-11-19 11:17:19.872 26538 INFO rally.task.runner [-] Task 9a80d144-da38-4f48-af48-423c01d5b1ec | ITER: 2 START
2019-11-19 11:17:19.871 26537 INFO rally.task.runner [-] Task 9a80d144-da38-4f48-af48-423c01d5b1ec | ITER: 3 START
2019-11-19 11:17:19.873 26542 RALLYDEBUG rally.task.runner [-] Starting a worker. concurrency: 1 args: {"network_create_args": {}, "port_create_args": {}, "ports_per_network": 5} times: 40 method_name: run timeout: 0 duration: None cls:
2019-11-19 11:17:19.875 26539 INFO rally.task.runner [-] Task 9a80d144-da38-4f48-af48-423c01d5b1ec | ITER: 4 START
2019-11-19 11:17:19.872 26537 INFO rally.task.runner [-] Task 9a80d144-da38-4f48-af48-423c01d5b1ec | ITER: 1 START
2019-11-19 11:17:19.875 26537 WARNING rally_openstack.scenarios.neutron.utils [-] Running this scenario without either the 'network' or 'existing_network' context is deprecated
2019-11-19 11:17:19.876 26539 WARNING rally_openstack.scenarios.neutron.utils [-] Running this scenario without either the 'network' or 'existing_network' context is deprecated
2019-11-19 11:17:19.875 26538 WARNING rally_openstack.scenarios.neutron.utils [-] Running this scenario without either the 'network' or 'existing_network' context is deprecated
2019-11-19 11:17:19.876 26537 WARNING rally_openstack.scenarios.neutron.utils [-] Running this scenario without either the 'network' or 'existing_network' context is deprecated
2019-11-19 11:17:19.879 26542 INFO rally.task.runner [-] Task 9a80d144-da38-4f48-af48-423c01d5b1ec | ITER: 8 START
2019-11-19 11:17:19.879 26547 RALLYDEBUG rally.task.runner [-] Starting a worker. concurrency: 1 args: {"network_create_args": {}, "port_create_args": {}, "ports_per_network": 5} times: 40 method_name: run timeout: 0 duration: None cls:
2019-11-19 11:17:19.880 26542 WARNING rally_openstack.scenarios.neutron.utils [-] Running this scenario without either the 'network' or 'existing_network' context is deprecated
2019-11-19 11:17:19.879 26540 INFO rally.task.runner [-] Task 9a80d144-da38-4f48-af48-423c01d5b1ec | ITER: 7 START
2019-11-19 11:17:19.882 26550 RALLYDEBUG rally.task.runner [-] Starting a worker. concurrency: 1 args: {"network_create_args": {}, "port_create_args": {}, "ports_per_network": 5} times: 40 method_name: run timeout: 0 duration: None cls:
2019-11-19 11:17:19.884 26540 WARNING rally_openstack.scenarios.neutron.utils [-] Running this scenario without either the 'network' or 'existing_network' context is deprecated
2019-11-19 11:17:19.886 26547 INFO rally.task.runner [-] Task 9a80d144-da38-4f48-af48-423c01d5b1ec | ITER: 10 START
2019-11-19 11:17:19.886 26540 INFO rally.task.runner [-] Task 9a80d144-da38-4f48-af48-423c01d5b1ec | ITER: 9 START
2019-11-19 11:17:19.886 26554 RALLYDEBUG rally.task.runner [-] Starting a worker. concurrency: 1 args: {"network_create_args": {}, "port_create_args": {}, "ports_per_network": 5} times: 40 method_name: run timeout: 0 duration: None cls:
2019-11-19 11:17:19.887 26540 WARNING rally_openstack.scenarios.neutron.utils [-] Running this scenario without either the 'network' or 'existing_network' context is deprecated
2019-11-19 11:17:19.888 26547 WARNING rally_openstack.scenarios.neutron.utils [-] Running this scenario without either the 'network' or 'existing_network' context is deprecated
2019-11-19 11:17:19.890 26557 RALLYDEBUG rally.task.runner [-] Starting a worker. concurrency: 1 args: {"network_create_args": {}, "port_create_args": {}, "ports_per_network": 5} times: 40 method_name: run timeout: 0 duration: None cls:
2019-11-19 11:17:19.891 26550 INFO rally.task.runner [-] Task 9a80d144-da38-4f48-af48-423c01d5b1ec | ITER: 11 START
2019-11-19 11:17:19.892 26538 INFO rally.task.runner [-] Task 9a80d144-da38-4f48-af48-423c01d5b1ec | ITER: 5 START
2019-11-19 11:17:19.892 26539 INFO rally.task.runner [-] Task 9a80d144-da38-4f48-af48-423c01d5b1ec | ITER: 6 START
2019-11-19 11:17:19.893 26550 WARNING rally_openstack.scenarios.neutron.utils [-] Running this scenario without either the 'network' or 'existing_network' context is deprecated
2019-11-19 11:17:19.893 26539 WARNING rally_openstack.scenarios.neutron.utils [-] Running this scenario without either the 'network' or 'existing_network' context is deprecated
2019-11-19 11:17:19.893 26554 INFO rally.task.runner [-] Task 9a80d144-da38-4f48-af48-423c01d5b1ec | ITER: 12 START
2019-11-19 11:17:19.893 26538 WARNING rally_openstack.scenarios.neutron.utils [-] Running this scenario without either the 'network' or 'existing_network' context is deprecated
2019-11-19 11:17:19.895 26554 WARNING rally_openstack.scenarios.neutron.utils [-] Running this scenario without either the 'network' or 'existing_network' context is deprecated
2019-11-19 11:17:19.897 26557 INFO rally.task.runner [-] Task 9a80d144-da38-4f48-af48-423c01d5b1ec | ITER: 13 START
2019-11-19 11:17:19.899 26557 WARNING rally_openstack.scenarios.neutron.utils [-] Running this scenario without either the 'network' or 'existing_network' context is deprecated
2019-11-19 11:17:19.899 26564 RALLYDEBUG rally.task.runner [-] Starting a worker. concurrency: 1 args: {"network_create_args": {}, "port_create_args": {}, "ports_per_network": 5} times: 40 method_name: run timeout: 0 duration: None cls:
2019-11-19 11:17:19.906 26564 INFO rally.task.runner [-] Task 9a80d144-da38-4f48-af48-423c01d5b1ec | ITER: 14 START
2019-11-19 11:17:19.908 26564 WARNING rally_openstack.scenarios.neutron.utils [-] Running this scenario without either the 'network' or 'existing_network' context is deprecated
2019-11-19 11:17:19.908 26569 RALLYDEBUG rally.task.runner [-] Starting a worker. concurrency: 1 args: {"network_create_args": {}, "port_create_args": {}, "ports_per_network": 5} times: 40 method_name: run timeout: 0 duration: None cls:
2019-11-19 11:17:19.915 26569 INFO rally.task.runner [-] Task 9a80d144-da38-4f48-af48-423c01d5b1ec | ITER: 15 START
2019-11-19 11:17:19.916 26569 WARNING rally_openstack.scenarios.neutron.utils [-] Running this scenario without either the 'network' or 'existing_network' context is deprecated
2019-11-19 11:17:19.918 26572 RALLYDEBUG rally.task.runner [-] Starting a worker. concurrency: 1 args: {"network_create_args": {}, "port_create_args": {}, "ports_per_network": 5} times: 40 method_name: run timeout: 0 duration: None cls:
2019-11-19 11:17:19.924 26575 RALLYDEBUG rally.task.runner [-] Starting a worker. concurrency: 1 args: {"network_create_args": {}, "port_create_args": {}, "ports_per_network": 5} times: 40 method_name: run timeout: 0 duration: None cls:
2019-11-19 11:17:19.925 26572 INFO rally.task.runner [-] Task 9a80d144-da38-4f48-af48-423c01d5b1ec | ITER: 16 START
2019-11-19 11:17:19.926 26572 WARNING rally_openstack.scenarios.neutron.utils [-] Running this scenario without either the 'network' or 'existing_network' context is deprecated
2019-11-19 11:17:19.929 26575 INFO rally.task.runner [-] Task 9a80d144-da38-4f48-af48-423c01d5b1ec | ITER: 17 START
2019-11-19 11:17:19.930 26575 WARNING rally_openstack.scenarios.neutron.utils [-] Running this scenario without either the 'network' or 'existing_network' context is deprecated
2019-11-19 11:17:19.931 26577 RALLYDEBUG rally.task.runner [-] Starting a worker. concurrency: 1 args: {"network_create_args": {}, "port_create_args": {}, "ports_per_network": 5} times: 40 method_name: run timeout: 0 duration: None cls:
2019-11-19 11:17:19.934 26579 RALLYDEBUG rally.task.runner [-] Starting a worker. concurrency: 1 args: {"network_create_args": {}, "port_create_args": {}, "ports_per_network": 5} times: 40 method_name: run timeout: 0 duration: None cls:
2019-11-19 11:17:19.937 26577 INFO rally.task.runner [-] Task 9a80d144-da38-4f48-af48-423c01d5b1ec | ITER: 18 START
2019-11-19 11:17:19.938 26577 WARNING rally_openstack.scenarios.neutron.utils [-] Running this scenario without either the 'network' or 'existing_network' context is deprecated
2019-11-19 11:17:19.938 26582 RALLYDEBUG rally.task.runner [-] Starting a worker. concurrency: 1 args: {"network_create_args": {}, "port_create_args": {}, "ports_per_network": 5} times: 40 method_name: run timeout: 0 duration: None cls:
2019-11-19 11:17:19.939 26579 INFO rally.task.runner [-] Task 9a80d144-da38-4f48-af48-423c01d5b1ec | ITER: 19 START
2019-11-19 11:17:19.940 26579 WARNING rally_openstack.scenarios.neutron.utils [-] Running this scenario without either the 'network' or 'existing_network' context is deprecated
2019-11-19 11:17:19.943 26582 INFO rally.task.runner [-] Task 9a80d144-da38-4f48-af48-423c01d5b1ec | ITER: 20 START
2019-11-19 11:17:19.944 26582 WARNING rally_openstack.scenarios.neutron.utils [-] Running this scenario without either the 'network' or 'existing_network' context is deprecated
2019-11-19 11:17:31.199 26564 INFO rally.task.runner [-] Task 9a80d144-da38-4f48-af48-423c01d5b1ec | ITER: 14 END: OK
2019-11-19 11:17:31.203 26564 INFO rally.task.runner [-] Task 9a80d144-da38-4f48-af48-423c01d5b1ec | ITER: 21 START
2019-11-19 11:17:31.204 26564 WARNING rally_openstack.scenarios.neutron.utils [-] Running this scenario without either the 'network' or 'existing_network' context is deprecated
2019-11-19 11:17:32.482 26572 INFO rally.task.runner [-] Task 9a80d144-da38-4f48-af48-423c01d5b1ec | ITER: 16 END: OK
2019-11-19 11:17:32.486 26572 INFO rally.task.runner [-] Task 9a80d144-da38-4f48-af48-423c01d5b1ec | ITER: 22 START
2019-11-19 11:17:32.487 26572 WARNING rally_openstack.scenarios.neutron.utils [-] Running this scenario without either the 'network' or 'existing_network' context is deprecated
2019-11-19 11:17:32.619 26537 INFO rally.task.runner [-] Task 9a80d144-da38-4f48-af48-423c01d5b1ec | ITER: 1 END: OK
2019-11-19 11:17:32.624 26537 INFO rally.task.runner [-] Task 9a80d144-da38-4f48-af48-423c01d5b1ec | ITER: 23 START
2019-11-19 11:17:32.625 26537 WARNING rally_openstack.scenarios.neutron.utils [-] Running this scenario without either the 'network' or 'existing_network' context is deprecated
2019-11-19 11:17:33.616 26539 INFO rally.task.runner [-] Task 9a80d144-da38-4f48-af48-423c01d5b1ec | ITER: 6 END: OK
2019-11-19 11:17:33.620 26539 INFO rally.task.runner [-] Task 9a80d144-da38-4f48-af48-423c01d5b1ec | ITER: 24 START
2019-11-19 11:17:33.621 26539 WARNING rally_openstack.scenarios.neutron.utils [-] Running this scenario without either the 'network' or 'existing_network' context is deprecated
2019-11-19 11:17:34.053 26538 INFO rally.task.runner [-] Task 9a80d144-da38-4f48-af48-423c01d5b1ec | ITER: 2 END: OK
2019-11-19 11:17:34.057 26538 INFO rally.task.runner [-] Task 9a80d144-da38-4f48-af48-423c01d5b1ec | ITER: 25 START
2019-11-19 11:17:34.057 26538 WARNING rally_openstack.scenarios.neutron.utils [-] Running this scenario without either the 'network' or 'existing_network' context is deprecated
2019-11-19 11:17:34.326 26579 INFO rally.task.runner [-] Task 9a80d144-da38-4f48-af48-423c01d5b1ec | ITER: 19 END: OK
2019-11-19 11:17:34.329 26579 INFO rally.task.runner [-] Task 9a80d144-da38-4f48-af48-423c01d5b1ec | ITER: 26 START
2019-11-19 11:17:34.330 26579 WARNING rally_openstack.scenarios.neutron.utils [-] Running this scenario without either the 'network' or 'existing_network' context is deprecated
2019-11-19 11:17:34.426 26539 INFO rally.task.runner [-] Task 9a80d144-da38-4f48-af48-423c01d5b1ec | ITER: 4 END: OK
2019-11-19 11:17:34.435 26539 INFO rally.task.runner [-] Task 9a80d144-da38-4f48-af48-423c01d5b1ec | ITER: 27 START
2019-11-19 11:17:34.437 26539 WARNING rally_openstack.scenarios.neutron.utils [-] Running this scenario without either the 'network' or 'existing_network' context is deprecated
2019-11-19 11:17:34.734 26550 INFO rally.task.runner [-] Task 9a80d144-da38-4f48-af48-423c01d5b1ec | ITER: 11 END: OK
2019-11-19 11:17:34.738 26550 INFO rally.task.runner [-] Task 9a80d144-da38-4f48-af48-423c01d5b1ec | ITER: 28 START
2019-11-19 11:17:34.739 26550 WARNING rally_openstack.scenarios.neutron.utils [-] Running this scenario without either the 'network' or 'existing_network' context is deprecated
2019-11-19 11:17:34.888 26569 INFO rally.task.runner [-] Task 9a80d144-da38-4f48-af48-423c01d5b1ec | ITER: 15 END: OK
2019-11-19 11:17:34.892 26569 INFO rally.task.runner [-] Task 9a80d144-da38-4f48-af48-423c01d5b1ec | ITER: 29 START
2019-11-19 11:17:34.893 26569 WARNING rally_openstack.scenarios.neutron.utils [-] Running this scenario without either the 'network' or 'existing_network' context is deprecated
2019-11-19 11:17:35.324 26542 INFO rally.task.runner [-] Task 9a80d144-da38-4f48-af48-423c01d5b1ec | ITER: 8 END: OK
2019-11-19 11:17:35.329 26542 INFO rally.task.runner [-] Task 9a80d144-da38-4f48-af48-423c01d5b1ec | ITER: 30 START
2019-11-19 11:17:35.330 26542 WARNING rally_openstack.scenarios.neutron.utils [-] Running this scenario without either the 'network' or 'existing_network' context is deprecated
2019-11-19 11:17:35.723 26582 INFO rally.task.runner [-] Task 9a80d144-da38-4f48-af48-423c01d5b1ec | ITER: 20 END: OK
2019-11-19 11:17:35.728 26582 INFO rally.task.runner [-] Task 9a80d144-da38-4f48-af48-423c01d5b1ec | ITER: 31 START
2019-11-19 11:17:35.729 26582 WARNING rally_openstack.scenarios.neutron.utils [-] Running this scenario without either the 'network' or 'existing_network' context is deprecated
2019-11-19 11:17:36.710 26547 INFO rally.task.runner [-] Task 9a80d144-da38-4f48-af48-423c01d5b1ec | ITER: 10 END: OK
2019-11-19 11:17:36.715 26547 INFO rally.task.runner [-] Task 9a80d144-da38-4f48-af48-423c01d5b1ec | ITER: 32 START
2019-11-19 11:17:36.715 26547 WARNING rally_openstack.scenarios.neutron.utils [-] Running this scenario without either the 'network' or 'existing_network' context is deprecated
2019-11-19 11:17:36.800 26537 INFO rally.task.runner [-] Task 9a80d144-da38-4f48-af48-423c01d5b1ec | ITER: 3 END: OK
2019-11-19 11:17:36.804 26537 INFO rally.task.runner [-] Task 9a80d144-da38-4f48-af48-423c01d5b1ec | ITER: 33 START
2019-11-19 11:17:36.805 26537 WARNING rally_openstack.scenarios.neutron.utils [-] Running this scenario without either the 'network' or 'existing_network' context is deprecated
2019-11-19 11:17:36.837 26554 INFO rally.task.runner [-] Task 9a80d144-da38-4f48-af48-423c01d5b1ec | ITER: 12 END: OK
2019-11-19 11:17:36.842 26554 INFO rally.task.runner [-] Task 9a80d144-da38-4f48-af48-423c01d5b1ec | ITER: 34 START
2019-11-19 11:17:36.843 26554 WARNING rally_openstack.scenarios.neutron.utils [-] Running this scenario without either the 'network' or 'existing_network' context is deprecated
2019-11-19 11:17:37.660 26538 INFO rally.task.runner [-] Task 9a80d144-da38-4f48-af48-423c01d5b1ec | ITER: 5 END: OK
2019-11-19 11:17:37.665 26538 INFO rally.task.runner [-] Task 9a80d144-da38-4f48-af48-423c01d5b1ec | ITER: 35 START
