2019-11-19 11:07:07.008 24274 RALLYDEBUG rally.task.runner [-] Starting a worker. concurrency: 1 args: {"network_create_args": {}, "subnet_create_args": {}, "subnet_cidr_start": "1.1.0.0/30", "subnets_per_network": 2} times: 40 method_name: run timeout: 0 duration: None cls:
2019-11-19 11:07:07.010 24271 WARNING rally_openstack.scenarios.neutron.utils [-] Running this scenario without either the 'network' or 'existing_network' context is deprecated
2019-11-19 11:07:07.013 24277 RALLYDEBUG rally.task.runner [-] Starting a worker. concurrency: 1 args: {"network_create_args": {}, "subnet_create_args": {}, "subnet_cidr_start": "1.1.0.0/30", "subnets_per_network": 2} times: 40 method_name: run timeout: 0 duration: None cls:
2019-11-19 11:07:07.014 24280 RALLYDEBUG rally.task.runner [-] Starting a worker. concurrency: 1 args: {"network_create_args": {}, "subnet_create_args": {}, "subnet_cidr_start": "1.1.0.0/30", "subnets_per_network": 2} times: 40 method_name: run timeout: 0 duration: None cls:
2019-11-19 11:07:07.018 24274 INFO rally.task.runner [-] Task 9a80d144-da38-4f48-af48-423c01d5b1ec | ITER: 10 START
2019-11-19 11:07:07.017 24284 RALLYDEBUG rally.task.runner [-] Starting a worker. concurrency: 1 args: {"network_create_args": {}, "subnet_create_args": {}, "subnet_cidr_start": "1.1.0.0/30", "subnets_per_network": 2} times: 40 method_name: run timeout: 0 duration: None cls:
2019-11-19 11:07:07.019 24274 WARNING rally_openstack.scenarios.neutron.utils [-] Running this scenario without either the 'network' or 'existing_network' context is deprecated
2019-11-19 11:07:07.014 24265 INFO rally.task.runner [-] Task 9a80d144-da38-4f48-af48-423c01d5b1ec | ITER: 3 START
2019-11-19 11:07:07.020 24265 WARNING rally_openstack.scenarios.neutron.utils [-] Running this scenario without either the 'network' or 'existing_network' context is deprecated
2019-11-19 11:07:07.021 24277 INFO rally.task.runner [-] Task 9a80d144-da38-4f48-af48-423c01d5b1ec | ITER: 11 START
2019-11-19 11:07:07.021 24280 INFO rally.task.runner [-] Task 9a80d144-da38-4f48-af48-423c01d5b1ec | ITER: 12 START
2019-11-19 11:07:07.015 24267 INFO rally.task.runner [-] Task 9a80d144-da38-4f48-af48-423c01d5b1ec | ITER: 6 START
2019-11-19 11:07:07.021 24286 RALLYDEBUG rally.task.runner [-] Starting a worker. concurrency: 1 args: {"network_create_args": {}, "subnet_create_args": {}, "subnet_cidr_start": "1.1.0.0/30", "subnets_per_network": 2} times: 40 method_name: run timeout: 0 duration: None cls:
2019-11-19 11:07:07.022 24277 WARNING rally_openstack.scenarios.neutron.utils [-] Running this scenario without either the 'network' or 'existing_network' context is deprecated
2019-11-19 11:07:07.023 24280 WARNING rally_openstack.scenarios.neutron.utils [-] Running this scenario without either the 'network' or 'existing_network' context is deprecated
2019-11-19 11:07:07.023 24267 WARNING rally_openstack.scenarios.neutron.utils [-] Running this scenario without either the 'network' or 'existing_network' context is deprecated
2019-11-19 11:07:07.025 24284 INFO rally.task.runner [-] Task 9a80d144-da38-4f48-af48-423c01d5b1ec | ITER: 13 START
2019-11-19 11:07:07.025 24266 INFO rally.task.runner [-] Task 9a80d144-da38-4f48-af48-423c01d5b1ec | ITER: 5 START
2019-11-19 11:07:07.025 24268 INFO rally.task.runner [-] Task 9a80d144-da38-4f48-af48-423c01d5b1ec | ITER: 9 START
2019-11-19 11:07:07.026 24284 WARNING rally_openstack.scenarios.neutron.utils [-] Running this scenario without either the 'network' or 'existing_network' context is deprecated
2019-11-19 11:07:07.026 24266 WARNING rally_openstack.scenarios.neutron.utils [-] Running this scenario without either the 'network' or 'existing_network' context is deprecated
2019-11-19 11:07:07.029 24286 INFO rally.task.runner [-] Task 9a80d144-da38-4f48-af48-423c01d5b1ec | ITER: 14 START
2019-11-19 11:07:07.029 24268 WARNING rally_openstack.scenarios.neutron.utils [-] Running this scenario without either the 'network' or 'existing_network' context is deprecated
2019-11-19 11:07:07.030 24286 WARNING rally_openstack.scenarios.neutron.utils [-] Running this scenario without either the 'network' or 'existing_network' context is deprecated
2019-11-19 11:07:07.032 24295 RALLYDEBUG rally.task.runner [-] Starting a worker. concurrency: 1 args: {"network_create_args": {}, "subnet_create_args": {}, "subnet_cidr_start": "1.1.0.0/30", "subnets_per_network": 2} times: 40 method_name: run timeout: 0 duration: None cls:
2019-11-19 11:07:07.041 24295 INFO rally.task.runner [-] Task 9a80d144-da38-4f48-af48-423c01d5b1ec | ITER: 15 START
2019-11-19 11:07:07.041 24300 RALLYDEBUG rally.task.runner [-] Starting a worker. concurrency: 1 args: {"network_create_args": {}, "subnet_create_args": {}, "subnet_cidr_start": "1.1.0.0/30", "subnets_per_network": 2} times: 40 method_name: run timeout: 0 duration: None cls:
2019-11-19 11:07:07.043 24295 WARNING rally_openstack.scenarios.neutron.utils [-] Running this scenario without either the 'network' or 'existing_network' context is deprecated
2019-11-19 11:07:07.048 24300 INFO rally.task.runner [-] Task 9a80d144-da38-4f48-af48-423c01d5b1ec | ITER: 16 START
2019-11-19 11:07:07.049 24300 WARNING rally_openstack.scenarios.neutron.utils [-] Running this scenario without either the 'network' or 'existing_network' context is deprecated
2019-11-19 11:07:07.054 24303 RALLYDEBUG rally.task.runner [-] Starting a worker. concurrency: 1 args: {"network_create_args": {}, "subnet_create_args": {}, "subnet_cidr_start": "1.1.0.0/30", "subnets_per_network": 2} times: 40 method_name: run timeout: 0 duration: None cls:
2019-11-19 11:07:07.060 24303 INFO rally.task.runner [-] Task 9a80d144-da38-4f48-af48-423c01d5b1ec | ITER: 17 START
2019-11-19 11:07:07.060 24306 RALLYDEBUG rally.task.runner [-] Starting a worker. concurrency: 1 args: {"network_create_args": {}, "subnet_create_args": {}, "subnet_cidr_start": "1.1.0.0/30", "subnets_per_network": 2} times: 40 method_name: run timeout: 0 duration: None cls:
2019-11-19 11:07:07.061 24303 WARNING rally_openstack.scenarios.neutron.utils [-] Running this scenario without either the 'network' or 'existing_network' context is deprecated
2019-11-19 11:07:07.066 24306 INFO rally.task.runner [-] Task 9a80d144-da38-4f48-af48-423c01d5b1ec | ITER: 18 START
2019-11-19 11:07:07.067 24306 WARNING rally_openstack.scenarios.neutron.utils [-] Running this scenario without either the 'network' or 'existing_network' context is deprecated
2019-11-19 11:07:07.068 24309 RALLYDEBUG rally.task.runner [-] Starting a worker. concurrency: 1 args: {"network_create_args": {}, "subnet_create_args": {}, "subnet_cidr_start": "1.1.0.0/30", "subnets_per_network": 2} times: 40 method_name: run timeout: 0 duration: None cls:
2019-11-19 11:07:07.074 24309 INFO rally.task.runner [-] Task 9a80d144-da38-4f48-af48-423c01d5b1ec | ITER: 19 START
2019-11-19 11:07:07.074 24312 RALLYDEBUG rally.task.runner [-] Starting a worker. concurrency: 1 args: {"network_create_args": {}, "subnet_create_args": {}, "subnet_cidr_start": "1.1.0.0/30", "subnets_per_network": 2} times: 40 method_name: run timeout: 0 duration: None cls:
2019-11-19 11:07:07.075 24309 WARNING rally_openstack.scenarios.neutron.utils [-] Running this scenario without either the 'network' or 'existing_network' context is deprecated
2019-11-19 11:07:07.078 24312 INFO rally.task.runner [-] Task 9a80d144-da38-4f48-af48-423c01d5b1ec | ITER: 20 START
2019-11-19 11:07:07.079 24312 WARNING rally_openstack.scenarios.neutron.utils [-] Running this scenario without either the 'network' or 'existing_network' context is deprecated
2019-11-19 11:07:07.969 24268 RALLYDEBUG rally_openstack.wrappers.network [-] CIDR generated: 1.1.4.96/30
2019-11-19 11:07:08.135 24284 RALLYDEBUG rally_openstack.wrappers.network [-] CIDR generated: 1.1.4.100/30
2019-11-19 11:07:08.155 24265 RALLYDEBUG rally_openstack.wrappers.network [-] CIDR generated: 1.1.4.104/30
2019-11-19 11:07:08.176 24267 RALLYDEBUG rally_openstack.wrappers.network [-] CIDR generated: 1.1.4.108/30
2019-11-19 11:07:08.225 24268 RALLYDEBUG rally_openstack.wrappers.network [-] CIDR generated: 1.1.4.112/30
2019-11-19 11:07:08.281 24277 RALLYDEBUG rally_openstack.wrappers.network [-] CIDR generated: 1.1.4.116/30
2019-11-19 11:07:08.325 24312 RALLYDEBUG rally_openstack.wrappers.network [-] CIDR generated: 1.1.4.120/30
2019-11-19 11:07:08.330 24286 RALLYDEBUG rally_openstack.wrappers.network [-] CIDR generated: 1.1.4.124/30
2019-11-19 11:07:08.350 24267 RALLYDEBUG rally_openstack.wrappers.network [-] CIDR generated: 1.1.4.128/30
2019-11-19 11:07:08.368 24271 RALLYDEBUG rally_openstack.wrappers.network [-] CIDR generated: 1.1.4.132/30
2019-11-19 11:07:08.371 24300 RALLYDEBUG rally_openstack.wrappers.network [-] CIDR generated: 1.1.4.136/30
2019-11-19 11:07:08.408 24309 RALLYDEBUG rally_openstack.wrappers.network [-] CIDR generated: 1.1.4.140/30
2019-11-19 11:07:08.474 24274 RALLYDEBUG rally_openstack.wrappers.network [-] CIDR generated: 1.1.4.144/30
2019-11-19 11:07:08.541 24295 RALLYDEBUG rally_openstack.wrappers.network [-] CIDR generated: 1.1.4.148/30
2019-11-19 11:07:08.572 24303 RALLYDEBUG rally_openstack.wrappers.network [-] CIDR generated: 1.1.4.152/30
2019-11-19 11:07:08.601 24265 RALLYDEBUG rally_openstack.wrappers.network [-] CIDR generated: 1.1.4.156/30
2019-11-19 11:07:08.698 24266 RALLYDEBUG rally_openstack.wrappers.network [-] CIDR generated: 1.1.4.160/30
2019-11-19 11:07:08.700 24266 RALLYDEBUG rally_openstack.wrappers.network [-] CIDR generated: 1.1.4.164/30
2019-11-19 11:07:08.756 24280 RALLYDEBUG rally_openstack.wrappers.network [-] CIDR generated: 1.1.4.168/30
2019-11-19 11:07:09.101 24306 RALLYDEBUG rally_openstack.wrappers.network [-] CIDR generated: 1.1.4.172/30
2019-11-19 11:07:09.448 24309 RALLYDEBUG rally_openstack.wrappers.network [-] CIDR generated: 1.1.4.176/30
2019-11-19 11:07:09.749 24267 RALLYDEBUG rally_openstack.wrappers.network [-] CIDR generated: 1.1.4.180/30
2019-11-19 11:07:09.819 24303 RALLYDEBUG rally_openstack.wrappers.network [-] CIDR generated: 1.1.4.184/30
2019-11-19 11:07:09.961 24274 RALLYDEBUG rally_openstack.wrappers.network [-] CIDR generated: 1.1.4.188/30
2019-11-19 11:07:09.999 24312 RALLYDEBUG rally_openstack.wrappers.network [-] CIDR generated: 1.1.4.192/30
2019-11-19 11:07:10.133 24265 RALLYDEBUG rally_openstack.wrappers.network [-] CIDR generated: 1.1.4.196/30
2019-11-19 11:07:11.587 24266 RALLYDEBUG rally_openstack.wrappers.network [-] CIDR generated: 1.1.4.200/30
2019-11-19 11:07:11.617 24284 RALLYDEBUG rally_openstack.wrappers.network [-] CIDR generated: 1.1.4.204/30
2019-11-19 11:07:11.639 24267 RALLYDEBUG rally_openstack.wrappers.network [-] CIDR generated: 1.1.4.208/30
2019-11-19 11:07:11.664 24277 RALLYDEBUG rally_openstack.wrappers.network [-] CIDR generated: 1.1.4.212/30
2019-11-19 11:07:11.754 24268 RALLYDEBUG rally_openstack.wrappers.network [-] CIDR generated: 1.1.4.216/30
2019-11-19 11:07:11.932 24295 RALLYDEBUG rally_openstack.wrappers.network [-] CIDR generated: 1.1.4.220/30
2019-11-19 11:07:12.018 24268 RALLYDEBUG rally_openstack.wrappers.network [-] CIDR generated: 1.1.4.224/30
2019-11-19 11:07:12.124 24271 RALLYDEBUG rally_openstack.wrappers.network [-] CIDR generated: 1.1.4.228/30
2019-11-19 11:07:12.296 24280 RALLYDEBUG rally_openstack.wrappers.network [-] CIDR generated: 1.1.4.232/30
2019-11-19 11:07:12.548 24265 RALLYDEBUG rally_openstack.wrappers.network [-] CIDR generated: 1.1.4.236/30
2019-11-19 11:07:12.617 24286 RALLYDEBUG rally_openstack.wrappers.network [-] CIDR generated: 1.1.4.240/30
2019-11-19 11:07:12.849 24300 RALLYDEBUG rally_openstack.wrappers.network [-] CIDR generated: 1.1.4.244/30
2019-11-19 11:07:14.196 24306 RALLYDEBUG rally_openstack.wrappers.network [-] CIDR generated: 1.1.4.248/30
2019-11-19 11:07:14.374 24266 RALLYDEBUG rally_openstack.wrappers.network [-] CIDR generated: 1.1.4.252/30
2019-11-19 11:07:15.872 24274 INFO rally.task.runner [-] Task 9a80d144-da38-4f48-af48-423c01d5b1ec | ITER: 10 END: OK
2019-11-19 11:07:15.877 24274 INFO rally.task.runner [-] Task 9a80d144-da38-4f48-af48-423c01d5b1ec | ITER: 21 START
2019-11-19 11:07:15.878 24274 WARNING rally_openstack.scenarios.neutron.utils [-] Running this scenario without either the 'network' or 'existing_network' context is deprecated
2019-11-19 11:07:16.458 24312 INFO rally.task.runner [-] Task 9a80d144-da38-4f48-af48-423c01d5b1ec | ITER: 20 END: OK
2019-11-19 11:07:16.464 24312 INFO rally.task.runner [-] Task 9a80d144-da38-4f48-af48-423c01d5b1ec | ITER: 22 START
2019-11-19 11:07:16.464 24312 WARNING rally_openstack.scenarios.neutron.utils [-] Running this scenario without either the 'network' or 'existing_network' context is deprecated
2019-11-19 11:07:16.556 24284 INFO rally.task.runner [-] Task 9a80d144-da38-4f48-af48-423c01d5b1ec | ITER: 13 END: OK
2019-11-19 11:07:16.561 24284 INFO rally.task.runner [-] Task 9a80d144-da38-4f48-af48-423c01d5b1ec | ITER: 23 START
2019-11-19 11:07:16.562 24284 WARNING rally_openstack.scenarios.neutron.utils [-] Running this scenario without either the 'network' or 'existing_network' context is deprecated
2019-11-19 11:07:17.008 24271 INFO rally.task.runner [-] Task 9a80d144-da38-4f48-af48-423c01d5b1ec | ITER: 8 END: OK
2019-11-19 11:07:17.013 24271 INFO rally.task.runner [-] Task 9a80d144-da38-4f48-af48-423c01d5b1ec | ITER: 24 START
2019-11-19 11:07:17.014 24271 WARNING rally_openstack.scenarios.neutron.utils [-] Running this scenario without either the 'network' or 'existing_network' context is deprecated
2019-11-19 11:07:17.119 24300 INFO rally.task.runner [-] Task 9a80d144-da38-4f48-af48-423c01d5b1ec | ITER: 16 END: OK
2019-11-19 11:07:17.125 24300 INFO rally.task.runner [-] Task 9a80d144-da38-4f48-af48-423c01d5b1ec | ITER: 25 START
2019-11-19 11:07:17.125 24300 WARNING rally_openstack.scenarios.neutron.utils [-] Running this scenario without either the 'network' or 'existing_network' context is deprecated
2019-11-19 11:07:17.152 24284 RALLYDEBUG rally_openstack.wrappers.network [-] CIDR generated: 1.1.5.0/30
2019-11-19 11:07:17.363 24266 INFO rally.task.runner [-] Task 9a80d144-da38-4f48-af48-423c01d5b1ec | ITER: 5 END: OK
2019-11-19 11:07:17.368 24266 INFO rally.task.runner [-] Task 9a80d144-da38-4f48-af48-423c01d5b1ec | ITER: 26 START
2019-11-19 11:07:17.369 24266 WARNING rally_openstack.scenarios.neutron.utils [-] Running this scenario without either the 'network' or 'existing_network' context is deprecated
2019-11-19 11:07:17.821 24300 RALLYDEBUG rally_openstack.wrappers.network [-] CIDR generated: 1.1.5.4/30
2019-11-19 11:07:17.968 24266 RALLYDEBUG rally_openstack.wrappers.network [-] CIDR generated: 1.1.5.8/30
2019-11-19 11:07:18.473 24271 RALLYDEBUG rally_openstack.wrappers.network [-] CIDR generated: 1.1.5.12/30
2019-11-19 11:07:18.489 24312 RALLYDEBUG rally_openstack.wrappers.network [-] CIDR generated: 1.1.5.16/30
2019-11-19 11:07:18.491 24268 INFO rally.task.runner [-] Task 9a80d144-da38-4f48-af48-423c01d5b1ec | ITER: 9 END: OK
2019-11-19 11:07:18.496 24268 INFO rally.task.runner [-] Task 9a80d144-da38-4f48-af48-423c01d5b1ec | ITER: 27 START
2019-11-19 11:07:18.496 24268 WARNING rally_openstack.scenarios.neutron.utils [-] Running this scenario without either the 'network' or 'existing_network' context is deprecated
2019-11-19 11:07:19.195 24266 RALLYDEBUG rally_openstack.wrappers.network [-] CIDR generated: 1.1.5.20/30
2019-11-19 11:07:19.355 24295 INFO rally.task.runner [-] Task 9a80d144-da38-4f48-af48-423c01d5b1ec | ITER: 15 END: OK
2019-11-19 11:07:19.360 24295 INFO rally.task.runner [-] Task 9a80d144-da38-4f48-af48-423c01d5b1ec | ITER: 28 START
2019-11-19 11:07:19.361 24295 WARNING rally_openstack.scenarios.neutron.utils [-] Running this scenario without either the 'network' or 'existing_network' context is deprecated
2019-11-19 11:07:19.627 24271 RALLYDEBUG rally_openstack.wrappers.network [-] CIDR generated: 1.1.5.24/30
2019-11-19 11:07:19.891 24267 INFO rally.task.runner [-] Task 9a80d144-da38-4f48-af48-423c01d5b1ec | ITER: 6 END: OK
2019-11-19 11:07:19.896 24267 INFO rally.task.runner [-] Task 9a80d144-da38-4f48-af48-423c01d5b1ec | ITER: 29 START
2019-11-19 11:07:19.896 24267 WARNING rally_openstack.scenarios.neutron.utils [-] Running this scenario without either the 'network' or 'existing_network' context is deprecated
2019-11-19 11:07:20.176 24295 RALLYDEBUG rally_openstack.wrappers.network [-] CIDR generated: 1.1.5.28/30
2019-11-19 11:07:20.243 24277 INFO rally.task.runner [-] Task 9a80d144-da38-4f48-af48-423c01d5b1ec | ITER: 11 END: OK
2019-11-19 11:07:20.247 24277 INFO rally.task.runner [-] Task 9a80d144-da38-4f48-af48-423c01d5b1ec | ITER: 30 START
2019-11-19 11:07:20.248 24277 WARNING rally_openstack.scenarios.neutron.utils [-] Running this scenario without either the 'network' or 'existing_network' context is deprecated
2019-11-19 11:07:20.424 24274 RALLYDEBUG rally_openstack.wrappers.network [-] CIDR generated: 1.1.5.32/30
2019-11-19 11:07:21.606 24267 RALLYDEBUG rally_openstack.wrappers.network [-] CIDR generated: 1.1.5.36/30
2019-11-19 11:07:21.650 24274 RALLYDEBUG rally_openstack.wrappers.network [-] CIDR generated: 1.1.5.40/30
2019-11-19 11:07:21.743 24268 RALLYDEBUG rally_openstack.wrappers.network [-] CIDR generated: 1.1.5.44/30
2019-11-19 11:07:21.889 24303 INFO rally.task.runner [-] Task 9a80d144-da38-4f48-af48-423c01d5b1ec | ITER: 17 END: OK
2019-11-19 11:07:21.893 24303 INFO rally.task.runner [-] Task 9a80d144-da38-4f48-af48-423c01d5b1ec | ITER: 31 START
2019-11-19 11:07:21.894 24303 WARNING rally_openstack.scenarios.neutron.utils [-] Running this scenario without either the 'network' or 'existing_network' context is deprecated
2019-11-19 11:07:22.245 24286 INFO rally.task.runner [-] Task 9a80d144-da38-4f48-af48-423c01d5b1ec | ITER: 14 END: OK
2019-11-19 11:07:22.249 24286 INFO rally.task.runner [-] Task 9a80d144-da38-4f48-af48-423c01d5b1ec | ITER: 32 START
2019-11-19 11:07:22.250 24286 WARNING rally_openstack.scenarios.neutron.utils [-] Running this scenario without either the 'network' or 'existing_network' context is deprecated
2019-11-19 11:07:22.498 24295 RALLYDEBUG rally_openstack.wrappers.network [-] CIDR generated: 1.1.5.48/30
2019-11-19 11:07:22.578 24303 RALLYDEBUG rally_openstack.wrappers.network [-] CIDR generated: 1.1.5.52/30
2019-11-19 11:07:22.866 24286 RALLYDEBUG rally_openstack.wrappers.network [-] CIDR generated: 1.1.5.56/30
2019-11-19 11:07:23.076 24267 RALLYDEBUG rally_openstack.wrappers.network [-] CIDR generated: 1.1.5.60/30
2019-11-19 11:07:23.512 24265 INFO rally.task.runner [-] Task 9a80d144-da38-4f48-af48-423c01d5b1ec | ITER: 1 END: OK
2019-11-19 11:07:23.517 24265 INFO rally.task.runner [-] Task 9a80d144-da38-4f48-af48-423c01d5b1ec | ITER: 33 START
2019-11-19 11:07:23.518 24265 WARNING rally_openstack.scenarios.neutron.utils [-] Running this scenario without either the 'network' or 'existing_network' context is deprecated
2019-11-19 11:07:24.198 24303 RALLYDEBUG rally_openstack.wrappers.network [-] CIDR generated: 1.1.5.64/30
2019-11-19 11:07:24.230 24265 RALLYDEBUG rally_openstack.wrappers.network [-] CIDR generated: 1.1.5.68/30
2019-11-19 11:07:24.273 24286 RALLYDEBUG rally_openstack.wrappers.network [-] CIDR generated: 1.1.5.72/30
2019-11-19 11:07:24.951 24306 INFO rally.task.runner [-] Task 9a80d144-da38-4f48-af48-423c01d5b1ec | ITER: 18 END: OK
2019-11-19 11:07:24.955 24306 INFO rally.task.runner [-] Task 9a80d144-da38-4f48-af48-423c01d5b1ec | ITER: 34 START
2019-11-19 11:07:24.956 24306 WARNING rally_openstack.scenarios.neutron.utils [-] Running this scenario without either the 'network' or 'existing_network' context is deprecated
2019-11-19 11:07:25.269 24277 RALLYDEBUG rally_openstack.wrappers.network [-] CIDR generated: 1.1.5.76/30
2019-11-19 11:07:25.278 24265 RALLYDEBUG rally_openstack.wrappers.network [-] CIDR generated: 1.1.5.80/30
2019-11-19 11:07:25.815 24266 INFO rally.task.runner [-] Task 9a80d144-da38-4f48-af48-423c01d5b1ec | ITER: 2 END: OK
2019-11-19 11:07:25.820 24266 INFO rally.task.runner [-] Task 9a80d144-da38-4f48-af48-423c01d5b1ec | ITER: 35 START
2019-11-19 11:07:25.820 24266 WARNING rally_openstack.scenarios.neutron.utils [-] Running this scenario without either the 'network' or 'existing_network' context is deprecated
2019-11-19 11:07:26.114 24277 RALLYDEBUG rally_openstack.wrappers.network [-] CIDR generated: 1.1.5.84/30
2019-11-19 11:07:26.786 24274 INFO rally.task.runner [-] Task 9a80d144-da38-4f48-af48-423c01d5b1ec | ITER: 21 END: OK
2019-11-19 11:07:26.790 24274 INFO rally.task.runner [-] Task 9a80d144-da38-4f48-af48-423c01d5b1ec | ITER: 36 START
2019-11-19 11:07:26.791 24274 WARNING rally_openstack.scenarios.neutron.utils [-] Running this scenario without either the 'network' or 'existing_network' context is deprecated
2019-11-19 11:07:27.204 24266 RALLYDEBUG rally_openstack.wrappers.network [-] CIDR generated: 1.1.5.88/30
2019-11-19 11:07:27.436 24274 RALLYDEBUG rally_openstack.wrappers.network [-] CIDR generated: 1.1.5.92/30
2019-11-19 11:07:28.182 24312 RALLYDEBUG rally_openstack.wrappers.network [-] CIDR generated: 1.1.5.96/30
2019-11-19 11:07:28.380 24274 RALLYDEBUG rally_openstack.wrappers.network [-] CIDR generated: 1.1.5.100/30
2019-11-19 11:07:28.591 24265 INFO rally.task.runner [-] Task 9a80d144-da38-4f48-af48-423c01d5b1ec | ITER: 33 END: OK
2019-11-19 11:07:28.595 24265 INFO rally.task.runner [-] Task 9a80d144-da38-4f48-af48-423c01d5b1ec | ITER: 37 START
2019-11-19 11:07:28.596 24265 WARNING rally_openstack.scenarios.neutron.utils [-] Running this scenario without either the 'network' or 'existing_network' context is deprecated
2019-11-19 11:07:29.153 24265 RALLYDEBUG rally_openstack.wrappers.network [-] CIDR generated: 1.1.5.104/30
2019-11-19 11:07:29.445 24306 RALLYDEBUG rally_openstack.wrappers.network [-] CIDR generated: 1.1.5.108/30
2019-11-19 11:07:29.478 24309 INFO rally.task.runner [-] Task 9a80d144-da38-4f48-af48-423c01d5b1ec | ITER: 19 END: OK
2019-11-19 11:07:29.484 24309 INFO rally.task.runner [-] Task 9a80d144-da38-4f48-af48-423c01d5b1ec | ITER: 38 START
2019-11-19 11:07:29.485 24309 WARNING rally_openstack.scenarios.neutron.utils [-] Running this scenario without either the 'network' or 'existing_network' context is deprecated
2019-11-19 11:07:29.836 24284 RALLYDEBUG rally_openstack.wrappers.network [-] CIDR generated: 1.1.5.112/30
2019-11-19 11:07:29.939 24300 RALLYDEBUG rally_openstack.wrappers.network [-] CIDR generated: 1.1.5.116/30
2019-11-19 11:07:30.068 24265 INFO rally.task.runner [-] Task 9a80d144-da38-4f48-af48-423c01d5b1ec | ITER: 3 END: OK
2019-11-19 11:07:30.075 24265 INFO rally.task.runner [-] Task 9a80d144-da38-4f48-af48-423c01d5b1ec | ITER: 39 START
2019-11-19 11:07:30.077 24265 WARNING rally_openstack.scenarios.neutron.utils [-] Running this scenario without either the 'network' or 'existing_network' context is deprecated
2019-11-19 11:07:30.140 24309 RALLYDEBUG rally_openstack.wrappers.network [-] CIDR generated: 1.1.5.120/30
2019-11-19 11:07:30.668 24268 RALLYDEBUG rally_openstack.wrappers.network [-] CIDR generated: 1.1.5.124/30
2019-11-19 11:07:30.752 24306 RALLYDEBUG rally_openstack.wrappers.network [-] CIDR generated: 1.1.5.128/30
2019-11-19 11:07:30.798 24265 RALLYDEBUG rally_openstack.wrappers.network [-] CIDR generated: 1.1.5.132/30
2019-11-19 11:07:31.193 24309 RALLYDEBUG rally_openstack.wrappers.network [-] CIDR generated: 1.1.5.136/30
2019-11-19 11:07:31.909 24312 INFO rally.task.runner [-] Task 9a80d144-da38-4f48-af48-423c01d5b1ec | ITER: 22 END: OK
2019-11-19 11:07:31.916 24312 INFO rally.task.runner [-] Task 9a80d144-da38-4f48-af48-423c01d5b1ec | ITER: 40 START
2019-11-19 11:07:31.917 24312 WARNING rally_openstack.scenarios.neutron.utils [-] Running this scenario without either the 'network' or 'existing_network' context is deprecated
2019-11-19 11:07:32.603 24312 RALLYDEBUG rally_openstack.wrappers.network [-] CIDR generated: 1.1.5.140/30
2019-11-19 11:07:32.699 24286 INFO rally.task.runner [-] Task 9a80d144-da38-4f48-af48-423c01d5b1ec | ITER: 32 END: OK
2019-11-19 11:07:33.069 24266 RALLYDEBUG rally_openstack.wrappers.network [-] CIDR generated: 1.1.5.144/30
2019-11-19 11:07:34.466 24284 INFO rally.task.runner [-] Task 9a80d144-da38-4f48-af48-423c01d5b1ec | ITER: 23 END: OK
2019-11-19 11:07:35.334 24274 INFO rally.task.runner [-] Task 9a80d144-da38-4f48-af48-423c01d5b1ec | ITER: 36 END: OK
2019-11-19 11:07:36.207 24309 INFO rally.task.runner [-] Task 9a80d144-da38-4f48-af48-423c01d5b1ec | ITER: 38 END: OK
2019-11-19 11:07:36.343 24268 INFO rally.task.runner [-] Task 9a80d144-da38-4f48-af48-423c01d5b1ec | ITER: 27 END: OK
2019-11-19 11:07:36.464 24312 RALLYDEBUG rally_openstack.wrappers.network [-] CIDR generated: 1.1.5.148/30
2019-11-19 11:07:36.810 24268 INFO rally.task.runner [-] Task 9a80d144-da38-4f48-af48-423c01d5b1ec | ITER: 7 END: OK
2019-11-19 11:07:37.514 24271 INFO rally.task.runner [-] Task 9a80d144-da38-4f48-af48-423c01d5b1ec | ITER: 24 END: OK
2019-11-19 11:07:37.742 24265 RALLYDEBUG rally_openstack.wrappers.network [-] CIDR generated: 1.1.5.152/30
2019-11-19 11:07:37.938 24265 RALLYDEBUG rally_openstack.wrappers.network [-] CIDR generated: 1.1.5.156/30
2019-11-19 11:07:38.340 24280 INFO rally.task.runner [-] Task 9a80d144-da38-4f48-af48-423c01d5b1ec | ITER: 12 END: OK
2019-11-19 11:07:39.232 24266 INFO rally.task.runner [-] Task 9a80d144-da38-4f48-af48-423c01d5b1ec | ITER: 26 END: OK
2019-11-19 11:07:39.234 24267 INFO rally.task.runner [-] Task 9a80d144-da38-4f48-af48-423c01d5b1ec | ITER: 29 END: OK
2019-11-19 11:07:40.079 24267 INFO rally.task.runner [-] Task 9a80d144-da38-4f48-af48-423c01d5b1ec | ITER: 4 END: OK
2019-11-19 11:07:40.542 24265 INFO rally.task.runner [-] Task 9a80d144-da38-4f48-af48-423c01d5b1ec | ITER: 37 END: OK
2019-11-19 11:07:42.195 24312 INFO rally.task.runner [-] Task 9a80d144-da38-4f48-af48-423c01d5b1ec | ITER: 40 END: OK
2019-11-19 11:07:42.741 24277 INFO rally.task.runner [-] Task 9a80d144-da38-4f48-af48-423c01d5b1ec | ITER: 30 END: OK
2019-11-19 11:07:43.000 24295 INFO rally.task.runner [-] Task 9a80d144-da38-4f48-af48-423c01d5b1ec | ITER: 28 END: OK
2019-11-19 11:07:44.463 24303 INFO rally.task.runner [-] Task 9a80d144-da38-4f48-af48-423c01d5b1ec | ITER: 31 END: OK
2019-11-19 11:07:44.474 24306 INFO rally.task.runner [-] Task 9a80d144-da38-4f48-af48-423c01d5b1ec | ITER: 34 END: OK
2019-11-19 11:07:45.173 24300 INFO rally.task.runner [-] Task 9a80d144-da38-4f48-af48-423c01d5b1ec | ITER: 25 END: OK
2019-11-19 11:07:45.473 24266 INFO rally.task.runner [-] Task 9a80d144-da38-4f48-af48-423c01d5b1ec | ITER: 35 END: OK
2019-11-19 11:07:45.763 24265 INFO rally.task.runner [-] Task 9a80d144-da38-4f48-af48-423c01d5b1ec | ITER: 39 END: OK
2019-11-19 11:07:45.792 22071 INFO rally.task.context [-] Task 9a80d144-da38-4f48-af48-423c01d5b1ec | Context cleanup@openstack cleanup() started
2019-11-19 11:07:45.800 22071 RALLYDEBUG rally_openstack.cleanup.manager [-] Cleaning up neutron vip objects
2019-11-19 11:07:46.203 22071 RALLYDEBUG rally_openstack.cleanup.manager [-] Cleaning up neutron health_monitor objects
2019-11-19 11:07:46.572 22071 RALLYDEBUG rally_openstack.cleanup.manager [-] Cleaning up neutron pool objects
2019-11-19 11:07:46.956 22071 RALLYDEBUG rally_openstack.cleanup.manager [-] Cleaning up neutron loadbalancer objects
2019-11-19 11:07:47.327 22071 RALLYDEBUG rally_openstack.cleanup.manager [-] Cleaning up neutron floatingip objects
2019-11-19 11:07:47.729 22071 RALLYDEBUG rally_openstack.cleanup.manager [-] Cleaning up neutron trunk objects
2019-11-19 11:07:48.128 22071 RALLYDEBUG rally_openstack.cleanup.manager [-] Cleaning up neutron port objects
2019-11-19 11:07:48.587 22071 RALLYDEBUG rally_openstack.cleanup.manager [-] Cleaning up neutron subnet objects
2019-11-19 11:07:49.003 22071 RALLYDEBUG rally_openstack.cleanup.manager [-] Cleaning up neutron network objects
2019-11-19 11:07:49.562 22071 RALLYDEBUG rally_openstack.cleanup.manager [-] Deleting neutron.network object s_rally_d0565319_jcuzOi08 (0c4240ff-ec6f-4e11-9723-a48d3c46337f)
2019-11-19 11:07:49.572 22071 RALLYDEBUG rally_openstack.cleanup.manager [-] Deleting neutron.network object s_rally_d0565319_vboHdGQh (0d683607-40df-4362-945b-9811eef0bf52)
2019-11-19 11:07:49.586 22071 RALLYDEBUG rally_openstack.cleanup.manager [-] Deleting neutron.network object s_rally_d0565319_BINllqTE (1bd241d9-e2a1-4dc6-ae2b-2dc433edbb84)
2019-11-19 11:07:49.593 22071 RALLYDEBUG rally_openstack.cleanup.manager [-] Deleting neutron.network object s_rally_d0565319_lfc5HcDx (1d428037-ebec-417b-ae5a-d316dd29574e)
2019-11-19 11:07:49.597 22071 RALLYDEBUG rally_openstack.cleanup.manager [-] Deleting neutron.network object s_rally_d0565319_55GKTVeg (235c35f2-0d95-42f1-8b67-a911602f21cd)
2019-11-19 11:07:49.616 22071 RALLYDEBUG rally_openstack.cleanup.manager [-] Deleting neutron.network object s_rally_d0565319_6CPkf0ZS (35554f09-64e1-4a3f-9d76-592703c2b72b)
2019-11-19 11:07:49.636 22071 RALLYDEBUG rally_openstack.cleanup.manager [-] Deleting neutron.network object s_rally_d0565319_Srt7dZ7B (49b6cf4a-7e94-4bf2-b1cf-6e5597075ffd)
2019-11-19 11:07:49.638 22071 RALLYDEBUG rally_openstack.cleanup.manager [-] Deleting neutron.network object s_rally_d0565319_luyIms74 (525add89-a120-427f-87c6-b15caa05733f)
2019-11-19 11:07:49.640 22071 RALLYDEBUG rally_openstack.cleanup.manager [-] Deleting neutron.network object s_rally_d0565319_Cp8x44MT (4c858434-9d32-4ab5-b3ea-ebb22b689f7c)
2019-11-19 11:07:49.642 22071 RALLYDEBUG rally_openstack.cleanup.manager [-] Deleting neutron.network object s_rally_d0565319_LbRuKMp6 (41e27268-39c8-4fd9-a5b0-6337acf821f1)
2019-11-19 11:07:49.639 22071 RALLYDEBUG rally_openstack.cleanup.manager [-] Deleting neutron.network object s_rally_d0565319_yDE0VXAd (35b28d79-34f7-48bd-ac38-a9b2b006c14f)
2019-11-19 11:07:49.677 22071 RALLYDEBUG rally_openstack.cleanup.manager [-] Deleting neutron.network object s_rally_d0565319_2J5SNGYB (6c0c7500-d195-4a04-b455-831d7b5a181f)
2019-11-19 11:07:49.699 22071 RALLYDEBUG rally_openstack.cleanup.manager [-] Deleting neutron.network object s_rally_d0565319_VlK7B5nd (771cc68d-811a-4f79-a4b3-513d5c737f80)
2019-11-19 11:07:49.719 22071 RALLYDEBUG rally_openstack.cleanup.manager [-] Deleting neutron.network object s_rally_d0565319_ug7WWOMU (54f16d2e-dcfc-4089-9856-8da32c8ef1f6)
2019-11-19 11:07:49.756 22071 RALLYDEBUG rally_openstack.cleanup.manager [-] Deleting neutron.network object s_rally_d0565319_UjP4iMJO (8a73d498-f6ee-4a90-85ab-4238584823a4)
2019-11-19 11:07:49.772 22071 RALLYDEBUG rally_openstack.cleanup.manager [-] Deleting neutron.network object s_rally_d0565319_XoDWJauu (8cbf086a-3cf6-4076-97de-e142faa5be5e)
2019-11-19 11:07:49.774 22071 RALLYDEBUG rally_openstack.cleanup.manager [-] Deleting neutron.network object s_rally_d0565319_fuLfizF7 (94fdafa9-c749-44a0-ab66-51fe31b0968d)
2019-11-19 11:07:49.777 22071 RALLYDEBUG rally_openstack.cleanup.manager [-] Deleting neutron.network object s_rally_d0565319_zjTqXGcy (999a44b0-b57c-43d8-a84a-0001aded9945)
2019-11-19 11:07:49.786 22071 RALLYDEBUG rally_openstack.cleanup.manager [-] Deleting neutron.network object s_rally_d0565319_af2nISQw (9731fc31-58bf-4600-8906-6c9231e98a8a)
2019-11-19 11:07:49.791 22071 RALLYDEBUG rally_openstack.cleanup.manager [-] Deleting neutron.network object s_rally_d0565319_NPoe25X1 (841b4e35-a506-43f1-a53b-1b7e9c9cfacf)
2019-11-19 11:07:52.292 22071 RALLYDEBUG rally_openstack.cleanup.manager [-] Deleting neutron.network object s_rally_d0565319_RsDIOeWY (9a418e3d-1399-4dea-bd95-cf8436694c09)
2019-11-19 11:07:52.509 22071 RALLYDEBUG rally_openstack.cleanup.manager [-] Deleting neutron.network object s_rally_d0565319_fnH7uvsM (9a91431f-5970-4258-987a-7ff349b9c7f5)
2019-11-19 11:07:52.625 22071 RALLYDEBUG rally_openstack.cleanup.manager [-] Deleting neutron.network object s_rally_d0565319_NuRZdzdS (a7a30355-4505-4548-92a5-917636842c7a)
2019-11-19 11:07:52.626 22071 RALLYDEBUG rally_openstack.cleanup.manager [-] Deleting neutron.network object s_rally_d0565319_MQnJyOqw (9cff4fde-95a2-4ca1-b044-125319f1683d)
2019-11-19 11:07:52.665 22071 RALLYDEBUG rally_openstack.cleanup.manager [-] Deleting neutron.network object s_rally_d0565319_pWmw7zQu (a89d55b7-b5df-40d9-befe-71793927b984)
2019-11-19 11:07:53.057 22071 RALLYDEBUG rally_openstack.cleanup.manager [-] Deleting neutron.network object s_rally_d0565319_27z3AsJd (ac92da82-a0fb-4fbc-925d-2a6a26e2f39a)
2019-11-19 11:07:53.099 22071 RALLYDEBUG rally_openstack.cleanup.manager [-] Deleting neutron.network object s_rally_d0565319_NlSuyjbe (b33f9a92-0e67-40d0-b57f-f5964bedd557)
2019-11-19 11:07:53.116 22071 RALLYDEBUG rally_openstack.cleanup.manager [-] Deleting neutron.network object s_rally_d0565319_qX32FwVP (b813cc1d-6aa9-47f1-8535-59ee7514a1cf)
2019-11-19 11:07:53.157 22071 RALLYDEBUG rally_openstack.cleanup.manager [-] Deleting neutron.network object s_rally_d0565319_yIvtRurB (ba60a9d0-a2d2-4259-80d8-53763f502c8a)
2019-11-19 11:07:53.218 22071 RALLYDEBUG rally_openstack.cleanup.manager [-] Deleting neutron.network object s_rally_d0565319_kU7G9NQo (c6487581-cc33-426d-84aa-b5be4c915809)
2019-11-19 11:07:53.235 22071 RALLYDEBUG rally_openstack.cleanup.manager [-] Deleting neutron.network object s_rally_d0565319_fcovs5Fy (ca461a85-21fd-4f8b-9e7f-4073e2c5aabc)
2019-11-19 11:07:53.309 22071 RALLYDEBUG rally_openstack.cleanup.manager [-] Deleting neutron.network object s_rally_d0565319_02dyYw0c (cc5cdadc-b2b1-4adc-9dce-95bf066997e8)
2019-11-19 11:07:53.526 22071 RALLYDEBUG rally_openstack.cleanup.manager [-] Deleting neutron.network object s_rally_d0565319_5HUqo6do (d4f73c25-0191-4e88-a241-e0e6a472a38f)
2019-11-19 11:07:53.539 22071 RALLYDEBUG rally_openstack.cleanup.manager [-] Deleting neutron.network object s_rally_d0565319_JQstm6or (d88b5983-8410-4407-9d57-66c7db2c3dc1)
2019-11-19 11:07:53.577 22071 RALLYDEBUG rally_openstack.cleanup.manager [-] Deleting neutron.network object s_rally_d0565319_YjOKGwBk (d99c6546-f28e-4a10-b972-a306a1f5b64e)
2019-11-19 11:07:53.593 22071 RALLYDEBUG rally_openstack.cleanup.manager [-] Deleting neutron.network object s_rally_d0565319_faf1Aqgi (efefb9fb-4c3d-4998-87b7-12dc630bb9fb)
2019-11-19 11:07:53.919 22071 RALLYDEBUG rally_openstack.cleanup.manager [-] Deleting neutron.network object s_rally_d0565319_i5o7fG5n (f11aae4f-683a-42fb-8bae-6786b2cd4515)
2019-11-19 11:07:54.804 22071 RALLYDEBUG rally_openstack.cleanup.manager [-] Deleting neutron.network object s_rally_d0565319_ZsAdL1gW (f193928b-a45b-4eca-b872-dc4a5e350b3e)
2019-11-19 11:07:54.990 22071 RALLYDEBUG rally_openstack.cleanup.manager [-] Deleting neutron.network object s_rally_d0565319_ZRNaS348 (f6238196-35f9-4485-a143-0325e635fd54)
2019-11-19 11:07:55.133 22071 RALLYDEBUG rally_openstack.cleanup.manager [-] Deleting neutron.network object s_rally_d0565319_RVhzvgZh (fa2baccc-d65b-4933-b30f-d4941cf42864)
2019-11-19 11:07:57.481 22071 RALLYDEBUG rally_openstack.cleanup.manager [-] Cleaning up neutron router objects
2019-11-19 11:07:57.906 22071 RALLYDEBUG rally_openstack.cleanup.manager [-] Cleaning up neutron security_group objects
2019-11-19 11:07:58.326 22071 INFO rally.task.context [-] Task 9a80d144-da38-4f48-af48-423c01d5b1ec | Context cleanup@openstack cleanup() finished in 12.53 sec
2019-11-19 11:07:58.327 22071 INFO rally.task.context [-] Task 9a80d144-da38-4f48-af48-423c01d5b1ec | Context quotas@openstack cleanup() started
2019-11-19 11:07:58.343 22071 INFO rally.task.context [-] Task 9a80d144-da38-4f48-af48-423c01d5b1ec | Context quotas@openstack cleanup() finished in 16.36 msec
2019-11-19 11:07:58.344 22071 INFO rally.task.context [-] Task 9a80d144-da38-4f48-af48-423c01d5b1ec | Context users@openstack cleanup() started
2019-11-19 11:08:00.934 22071 INFO rally.task.context [-] Task 9a80d144-da38-4f48-af48-423c01d5b1ec | Context users@openstack cleanup() finished in 2.59 sec
2019-11-19 11:08:02.497 22071 INFO rally.task.engine [-] Load duration is: 38.766656
2019-11-19 11:08:02.498 22071 INFO rally.task.engine [-] Full runner duration is: 38.818881
2019-11-19 11:08:02.498 22071 INFO rally.task.engine [-] Full duration is: 56.661747
2019-11-19 11:08:03.037 22071 INFO rally.task.engine [-] Running workload: position = 0 config = { "version": 2, "title": "A cropped version of a bigger task.", "description": "Auto-generated task from a single workload (uuid=65bc8092-d420-42ba-ace8-9cbbe307e047)", "subtasks": [ { "title": "NeutronNetworks.create_and_list_routers", "description": "Create and a given number of routers and list all routers.", "scenario": { "NeutronNetworks.create_and_list_routers": { "network_create_args": null, "subnet_create_args": null, "subnet_cidr_start": "1.1.0.0/30", "subnets_per_network": 2, "router_create_args": null } }, "contexts": { "users": { "tenants": 1, "users_per_tenant": 1 }, "quotas": { "neutron": { "network": -1, "subnet": -1, "router": -1 } } }, "runner": { "constant": { "times": 40, "concurrency": 20 } }, "hooks": [], "sla": { "failure_rate": { "max": 0 } } } ] }
2019-11-19 11:08:03.066 22071 RALLYDEBUG rally_openstack.contexts.keystone.users [-] Creating 1 tenants using 20 threads
2019-11-19 11:08:03.961 22071 RALLYDEBUG rally_openstack.contexts.keystone.users [-] Creating 1 users using 20 threads
2019-11-19 11:08:05.304 22071 INFO rally.task.context [-] Task 9a80d144-da38-4f48-af48-423c01d5b1ec | Context users@openstack setup() finished in 2.24 sec
2019-11-19 11:08:05.811 22071 INFO rally.task.context [-] Task 9a80d144-da38-4f48-af48-423c01d5b1ec | Context quotas@openstack setup() finished in 0.51 sec
2019-11-19 11:08:05.812 22071 INFO rally.task.context [-] Task 9a80d144-da38-4f48-af48-423c01d5b1ec | Context cleanup@openstack setup() finished in 0.01 msec
2019-11-19 11:08:05.821 22071 RALLYDEBUG rally.task.runner [-] Starting the constant runner (task UUID: 9a80d144-da38-4f48-af48-423c01d5b1ec). timeout: 0 concurrency: 20 concurrency_per_worker: 1 times: 40 concurrency_overhead: 4 processes_to_start: 16 max_cpu_used: 16
2019-11-19 11:08:05.836 24655 RALLYDEBUG rally.task.runner [-] Starting a worker. concurrency: 2 args: {"network_create_args": null, "subnet_create_args": null, "subnet_cidr_start": "1.1.0.0/30", "subnets_per_network": 2, "router_create_args": null} times: 40 method_name: run timeout: 0 duration: None cls:
2019-11-19 11:08:05.839 24656 RALLYDEBUG rally.task.runner [-] Starting a worker. concurrency: 2 args: {"network_create_args": null, "subnet_create_args": null, "subnet_cidr_start": "1.1.0.0/30", "subnets_per_network": 2, "router_create_args": null} times: 40 method_name: run timeout: 0 duration: None cls:
2019-11-19 11:08:05.842 24657 RALLYDEBUG rally.task.runner [-] Starting a worker. concurrency: 2 args: {"network_create_args": null, "subnet_create_args": null, "subnet_cidr_start": "1.1.0.0/30", "subnets_per_network": 2, "router_create_args": null} times: 40 method_name: run timeout: 0 duration: None cls:
2019-11-19 11:08:05.847 24655 INFO rally.task.runner [-] Task 9a80d144-da38-4f48-af48-423c01d5b1ec | ITER: 1 START
2019-11-19 11:08:05.847 24656 INFO rally.task.runner [-] Task 9a80d144-da38-4f48-af48-423c01d5b1ec | ITER: 2 START
2019-11-19 11:08:05.846 24658 RALLYDEBUG rally.task.runner [-] Starting a worker. concurrency: 2 args: {"network_create_args": null, "subnet_create_args": null, "subnet_cidr_start": "1.1.0.0/30", "subnets_per_network": 2, "router_create_args": null} times: 40 method_name: run timeout: 0 duration: None cls:
2019-11-19 11:08:05.849 24655 INFO rally.task.runner [-] Task 9a80d144-da38-4f48-af48-423c01d5b1ec | ITER: 3 START
2019-11-19 11:08:05.850 24660 RALLYDEBUG rally.task.runner [-] Starting a worker. concurrency: 1 args: {"network_create_args": null, "subnet_create_args": null, "subnet_cidr_start": "1.1.0.0/30", "subnets_per_network": 2, "router_create_args": null} times: 40 method_name: run timeout: 0 duration: None cls:
2019-11-19 11:08:05.854 24657 INFO rally.task.runner [-] Task 9a80d144-da38-4f48-af48-423c01d5b1ec | ITER: 4 START
2019-11-19 11:08:05.855 24663 RALLYDEBUG rally.task.runner [-] Starting a worker. concurrency: 1 args: {"network_create_args": null, "subnet_create_args": null, "subnet_cidr_start": "1.1.0.0/30", "subnets_per_network": 2, "router_create_args": null} times: 40 method_name: run timeout: 0 duration: None cls:
2019-11-19 11:08:05.856 24660 INFO rally.task.runner [-] Task 9a80d144-da38-4f48-af48-423c01d5b1ec | ITER: 8 START
2019-11-19 11:08:05.856 24658 INFO rally.task.runner [-] Task 9a80d144-da38-4f48-af48-423c01d5b1ec | ITER: 6 START
2019-11-19 11:08:05.855 24657 INFO rally.task.runner [-] Task 9a80d144-da38-4f48-af48-423c01d5b1ec | ITER: 7 START
2019-11-19 11:08:05.860 24669 RALLYDEBUG rally.task.runner [-] Starting a worker. concurrency: 1 args: {"network_create_args": null, "subnet_create_args": null, "subnet_cidr_start": "1.1.0.0/30", "subnets_per_network": 2, "router_create_args": null} times: 40 method_name: run timeout: 0 duration: None cls:
2019-11-19 11:08:05.862 24663 INFO rally.task.runner [-] Task 9a80d144-da38-4f48-af48-423c01d5b1ec | ITER: 10 START
2019-11-19 11:08:05.867 24669 INFO rally.task.runner [-] Task 9a80d144-da38-4f48-af48-423c01d5b1ec | ITER: 11 START
2019-11-19 11:08:05.867 24656 INFO rally.task.runner [-] Task 9a80d144-da38-4f48-af48-423c01d5b1ec | ITER: 5 START
2019-11-19 11:08:05.869 24677 RALLYDEBUG rally.task.runner [-] Starting a worker. concurrency: 1 args: {"network_create_args": null, "subnet_create_args": null, "subnet_cidr_start": "1.1.0.0/30", "subnets_per_network": 2, "router_create_args": null} times: 40 method_name: run timeout: 0 duration: None cls:
2019-11-19 11:08:05.875 24681 RALLYDEBUG rally.task.runner [-] Starting a worker. concurrency: 1 args: {"network_create_args": null, "subnet_create_args": null, "subnet_cidr_start": "1.1.0.0/30", "subnets_per_network": 2, "router_create_args": null} times: 40 method_name: run timeout: 0 duration: None cls:
2019-11-19 11:08:05.876 24677 INFO rally.task.runner [-] Task 9a80d144-da38-4f48-af48-423c01d5b1ec | ITER: 12 START
2019-11-19 11:08:05.875 24658 INFO rally.task.runner [-] Task 9a80d144-da38-4f48-af48-423c01d5b1ec | ITER: 9 START
2019-11-19 11:08:05.882 24681 INFO rally.task.runner [-] Task 9a80d144-da38-4f48-af48-423c01d5b1ec | ITER: 13 START
2019-11-19 11:08:05.885 24684 RALLYDEBUG rally.task.runner [-] Starting a worker. concurrency: 1 args: {"network_create_args": null, "subnet_create_args": null, "subnet_cidr_start": "1.1.0.0/30", "subnets_per_network": 2, "router_create_args": null} times: 40 method_name: run timeout: 0 duration: None cls:
2019-11-19 11:08:05.891 24684 INFO rally.task.runner [-] Task 9a80d144-da38-4f48-af48-423c01d5b1ec | ITER: 14 START
2019-11-19 11:08:05.894 24687 RALLYDEBUG rally.task.runner [-] Starting a worker. concurrency: 1 args: {"network_create_args": null, "subnet_create_args": null, "subnet_cidr_start": "1.1.0.0/30", "subnets_per_network": 2, "router_create_args": null} times: 40 method_name: run timeout: 0 duration: None cls:
2019-11-19 11:08:05.900 24687 INFO rally.task.runner [-] Task 9a80d144-da38-4f48-af48-423c01d5b1ec | ITER: 15 START
2019-11-19 11:08:05.903 24690 RALLYDEBUG rally.task.runner [-] Starting a worker. concurrency: 1 args: {"network_create_args": null, "subnet_create_args": null, "subnet_cidr_start": "1.1.0.0/30", "subnets_per_network": 2, "router_create_args": null} times: 40 method_name: run timeout: 0 duration: None cls:
2019-11-19 11:08:05.907 24693 RALLYDEBUG rally.task.runner [-] Starting a worker. concurrency: 1 args: {"network_create_args": null, "subnet_create_args": null, "subnet_cidr_start": "1.1.0.0/30", "subnets_per_network": 2, "router_create_args": null} times: 40 method_name: run timeout: 0 duration: None cls:
2019-11-19 11:08:05.909 24690 INFO rally.task.runner [-] Task 9a80d144-da38-4f48-af48-423c01d5b1ec | ITER: 16 START
2019-11-19 11:08:05.911 24694 RALLYDEBUG rally.task.runner [-] Starting a worker. concurrency: 1 args: {"network_create_args": null, "subnet_create_args": null, "subnet_cidr_start": "1.1.0.0/30", "subnets_per_network": 2, "router_create_args": null} times: 40 method_name: run timeout: 0 duration: None cls:
2019-11-19 11:08:05.912 24693 INFO rally.task.runner [-] Task 9a80d144-da38-4f48-af48-423c01d5b1ec | ITER: 17 START
2019-11-19 11:08:05.916 24694 INFO rally.task.runner [-] Task 9a80d144-da38-4f48-af48-423c01d5b1ec | ITER: 18 START
2019-11-19 11:08:05.917 24697 RALLYDEBUG rally.task.runner [-] Starting a worker. concurrency: 1 args: {"network_create_args": null, "subnet_create_args": null, "subnet_cidr_start": "1.1.0.0/30", "subnets_per_network": 2, "router_create_args": null} times: 40 method_name: run timeout: 0 duration: None cls:
2019-11-19 11:08:05.919 24700 RALLYDEBUG rally.task.runner [-] Starting a worker. concurrency: 1 args: {"network_create_args": null, "subnet_create_args": null, "subnet_cidr_start": "1.1.0.0/30", "subnets_per_network": 2, "router_create_args": null} times: 40 method_name: run timeout: 0 duration: None cls:
2019-11-19 11:08:05.924 24697 INFO rally.task.runner [-] Task 9a80d144-da38-4f48-af48-423c01d5b1ec | ITER: 19 START
2019-11-19 11:08:05.924 24700 INFO rally.task.runner [-] Task 9a80d144-da38-4f48-af48-423c01d5b1ec | ITER: 20 START
2019-11-19 11:08:06.771 24658 RALLYDEBUG rally_openstack.wrappers.network [-] CIDR generated: 1.1.5.160/30
2019-11-19 11:08:06.813 24669 RALLYDEBUG rally_openstack.wrappers.network [-] CIDR generated: 1.1.5.164/30
2019-11-19 11:08:06.823 24657 RALLYDEBUG rally_openstack.wrappers.network [-] CIDR generated: 1.1.5.168/30
2019-11-19 11:08:06.945 24681 RALLYDEBUG rally_openstack.wrappers.network [-] CIDR generated: 1.1.5.172/30
2019-11-19 11:08:06.957 24656 RALLYDEBUG rally_openstack.wrappers.network [-] CIDR generated: 1.1.5.176/30
2019-11-19 11:08:06.958 24658 RALLYDEBUG rally_openstack.wrappers.network [-] CIDR generated: 1.1.5.180/30
2019-11-19 11:08:06.959 24693 RALLYDEBUG rally_openstack.wrappers.network [-] CIDR generated: 1.1.5.184/30
2019-11-19 11:08:06.977 24656 RALLYDEBUG rally_openstack.wrappers.network [-] CIDR generated: 1.1.5.188/30
2019-11-19 11:08:07.200 24660 RALLYDEBUG rally_openstack.wrappers.network [-] CIDR generated: 1.1.5.192/30
2019-11-19 11:08:07.345 24655 RALLYDEBUG rally_openstack.wrappers.network [-] CIDR generated: 1.1.5.196/30
2019-11-19 11:08:07.353 24677 RALLYDEBUG rally_openstack.wrappers.network [-] CIDR generated: 1.1.5.200/30
2019-11-19 11:08:07.359 24700 RALLYDEBUG rally_openstack.wrappers.network [-] CIDR generated: 1.1.5.204/30
2019-11-19 11:08:07.373 24663 RALLYDEBUG rally_openstack.wrappers.network [-] CIDR generated: 1.1.5.208/30
2019-11-19 11:08:07.387 24657 RALLYDEBUG rally_openstack.wrappers.network [-] CIDR generated: 1.1.5.212/30
2019-11-19 11:08:07.396 24684 RALLYDEBUG rally_openstack.wrappers.network [-] CIDR generated: 1.1.5.216/30
2019-11-19 11:08:07.448 24694 RALLYDEBUG rally_openstack.wrappers.network [-] CIDR generated: 1.1.5.220/30
2019-11-19 11:08:07.519 24697 RALLYDEBUG rally_openstack.wrappers.network [-] CIDR generated: 1.1.5.224/30
2019-11-19 11:08:07.635 24690 RALLYDEBUG rally_openstack.wrappers.network [-] CIDR generated: 1.1.5.228/30
2019-11-19 11:08:07.845 24687 RALLYDEBUG rally_openstack.wrappers.network [-] CIDR generated: 1.1.5.232/30
2019-11-19 11:08:08.009 24669 RALLYDEBUG rally_openstack.wrappers.network [-] CIDR generated: 1.1.5.236/30
2019-11-19 11:08:08.027 24655 RALLYDEBUG rally_openstack.wrappers.network [-] CIDR generated: 1.1.5.240/30
2019-11-19 11:08:08.363 24658 RALLYDEBUG rally_openstack.wrappers.network [-] CIDR generated: 1.1.5.244/30
2019-11-19 11:08:08.500 24657 RALLYDEBUG rally_openstack.wrappers.network [-] CIDR generated: 1.1.5.248/30
2019-11-19 11:08:08.700 24656 RALLYDEBUG rally_openstack.wrappers.network [-] CIDR generated: 1.1.5.252/30
2019-11-19 11:08:08.778 24658 RALLYDEBUG rally_openstack.wrappers.network [-] CIDR generated: 1.1.6.0/30
2019-11-19 11:08:08.820 24690 RALLYDEBUG rally_openstack.wrappers.network [-] CIDR generated: 1.1.6.4/30
2019-11-19 11:08:09.052 24700 RALLYDEBUG rally_openstack.wrappers.network [-] CIDR generated: 1.1.6.8/30
2019-11-19 11:08:09.267 24684 RALLYDEBUG rally_openstack.wrappers.network [-] CIDR generated: 1.1.6.12/30
2019-11-19 11:08:09.778 24655 RALLYDEBUG rally_openstack.wrappers.network [-] CIDR generated: 1.1.6.16/30
2019-11-19 11:08:10.543 24697 RALLYDEBUG rally_openstack.wrappers.network [-] CIDR generated: 1.1.6.20/30
2019-11-19 11:08:10.804 24656 RALLYDEBUG rally_openstack.wrappers.network [-] CIDR generated: 1.1.6.24/30
2019-11-19 11:08:11.073 24677 RALLYDEBUG rally_openstack.wrappers.network [-] CIDR generated: 1.1.6.28/30
2019-11-19 11:08:12.008 24657 RALLYDEBUG rally_openstack.wrappers.network [-] CIDR generated: 1.1.6.32/30
2019-11-19 11:08:13.400 24681 RALLYDEBUG rally_openstack.wrappers.network [-] CIDR generated: 1.1.6.36/30
2019-11-19 11:08:13.968 24655 RALLYDEBUG rally_openstack.wrappers.network [-] CIDR generated: 1.1.6.40/30
2019-11-19 11:08:14.997 24693 RALLYDEBUG rally_openstack.wrappers.network [-] CIDR generated: 1.1.6.44/30
2019-11-19 11:08:15.165 24700 INFO rally.task.runner [-] Task 9a80d144-da38-4f48-af48-423c01d5b1ec | ITER: 20 END: OK
2019-11-19 11:08:15.170 24700 INFO rally.task.runner [-] Task 9a80d144-da38-4f48-af48-423c01d5b1ec | ITER: 21 START
2019-11-19 11:08:15.965 24660 RALLYDEBUG rally_openstack.wrappers.network [-] CIDR generated: 1.1.6.48/30
2019-11-19 11:08:16.096 24700 RALLYDEBUG rally_openstack.wrappers.network [-] CIDR generated: 1.1.6.52/30
2019-11-19 11:08:16.721 24663 RALLYDEBUG rally_openstack.wrappers.network [-] CIDR generated: 1.1.6.56/30
2019-11-19 11:08:16.974 24687 RALLYDEBUG rally_openstack.wrappers.network [-] CIDR generated: 1.1.6.60/30
2019-11-19 11:08:17.449 24694 RALLYDEBUG rally_openstack.wrappers.network [-] CIDR generated: 1.1.6.64/30
2019-11-19 11:08:17.577 24700 RALLYDEBUG rally_openstack.wrappers.network [-] CIDR generated: 1.1.6.68/30
