2019-11-19 11:01:17.808 22062 RALLYDEBUG rally.api [-] INFO logs from urllib3 and requests module are hide.
2019-11-19 11:01:17.808 22062 RALLYDEBUG rally.api [-] urllib3 insecure warnings are hidden.
2019-11-19 11:01:17.808 22062 RALLYDEBUG rally.api [-] ERROR log from boto module is hide.
2019-11-19 11:01:20.399 22064 RALLYDEBUG rally.api [-] INFO logs from urllib3 and requests module are hide.
2019-11-19 11:01:20.400 22064 RALLYDEBUG rally.api [-] urllib3 insecure warnings are hidden.
2019-11-19 11:01:20.400 22064 RALLYDEBUG rally.api [-] ERROR log from boto module is hide.
2019-11-19 11:01:23.072 22066 RALLYDEBUG rally.api [-] INFO logs from urllib3 and requests module are hide.
2019-11-19 11:01:23.072 22066 RALLYDEBUG rally.api [-] urllib3 insecure warnings are hidden.
2019-11-19 11:01:23.072 22066 RALLYDEBUG rally.api [-] ERROR log from boto module is hide.
2019-11-19 11:01:26.634 22069 RALLYDEBUG rally.api [-] INFO logs from urllib3 and requests module are hide.
2019-11-19 11:01:26.634 22069 RALLYDEBUG rally.api [-] urllib3 insecure warnings are hidden.
2019-11-19 11:01:26.634 22069 RALLYDEBUG rally.api [-] ERROR log from boto module is hide.
2019-11-19 11:01:27.910 22071 RALLYDEBUG rally.api [-] INFO logs from urllib3 and requests module are hide.
2019-11-19 11:01:27.910 22071 RALLYDEBUG rally.api [-] urllib3 insecure warnings are hidden.
2019-11-19 11:01:27.911 22071 RALLYDEBUG rally.api [-] ERROR log from boto module is hide.
2019-11-19 11:01:29.280 22071 INFO rally.common.plugin.discover [-] Loading plugins from directories /root/.rally/plugins/*
2019-11-19 11:01:29.281 22071 INFO rally.common.plugin.discover [-] Loaded module with plugins: /root/.rally/plugins/__init__.py
2019-11-19 11:01:29.284 22071 INFO rally.common.plugin.discover [-] Loaded module with plugins: /root/.rally/plugins/trunk_scenario.py
2019-11-19 11:01:29.580 22071 INFO rally.task.engine [-] Task 9a80d144-da38-4f48-af48-423c01d5b1ec | Starting: Task validation.
2019-11-19 11:01:29.630 22071 INFO rally.task.engine [-] Task 9a80d144-da38-4f48-af48-423c01d5b1ec | Starting: Task validation of syntax.
2019-11-19 11:01:29.876 22071 INFO rally.task.engine [-] Task 9a80d144-da38-4f48-af48-423c01d5b1ec | Completed: Task validation of syntax.
2019-11-19 11:01:29.876 22071 INFO rally.task.engine [-] Task 9a80d144-da38-4f48-af48-423c01d5b1ec | Starting: Task validation of required platforms.
2019-11-19 11:01:29.951 22071 INFO rally.task.engine [-] Task 9a80d144-da38-4f48-af48-423c01d5b1ec | Completed: Task validation of required platforms.
2019-11-19 11:01:29.952 22071 INFO rally.task.engine [-] Task 9a80d144-da38-4f48-af48-423c01d5b1ec | Starting: Task validation of semantic.
2019-11-19 11:01:29.952 22071 INFO rally.task.engine [-] Check health of the environment '1435f1d4-b680-48b7-a291-f0b4261f72a6'.
2019-11-19 11:01:30.830 22071 INFO rally.task.engine [-] Platform existing@openstack (available: True): OK!
2019-11-19 11:01:30.852 22071 RALLYDEBUG rally_openstack.contexts.keystone.users [-] Creating 1 tenants using 20 threads
2019-11-19 11:01:31.679 22071 RALLYDEBUG rally_openstack.contexts.keystone.users [-] Creating 1 users using 20 threads
2019-11-19 11:01:33.123 22071 INFO rally.task.context [-] Task 9a80d144-da38-4f48-af48-423c01d5b1ec | Context users@openstack setup() finished in 2.27 sec
2019-11-19 11:01:37.698 22071 INFO rally.task.context [-] Task 9a80d144-da38-4f48-af48-423c01d5b1ec | Context users@openstack cleanup() started
2019-11-19 11:01:40.668 22071 INFO rally.task.context [-] Task 9a80d144-da38-4f48-af48-423c01d5b1ec | Context users@openstack cleanup() finished in 2.97 sec
2019-11-19 11:01:40.668 22071 INFO rally.task.engine [-] Task 9a80d144-da38-4f48-af48-423c01d5b1ec | Completed: Task validation of semantic.
2019-11-19 11:01:40.669 22071 INFO rally.task.engine [-] Task 9a80d144-da38-4f48-af48-423c01d5b1ec | Completed: Task validation.
2019-11-19 11:01:40.669 22071 INFO rally.api [-] Task 9a80d144-da38-4f48-af48-423c01d5b1ec input file is valid.
2019-11-19 11:01:40.669 22071 INFO rally.api [-] Run Task 9a80d144-da38-4f48-af48-423c01d5b1ec against Deployment 1435f1d4-b680-48b7-a291-f0b4261f72a6
2019-11-19 11:01:40.669 22071 INFO rally.task.engine [-] Task 9a80d144-da38-4f48-af48-423c01d5b1ec | Starting: Running task.
2019-11-19 11:01:40.865 22071 INFO rally.task.engine [-] Running workload: position = 0 config = { "version": 2, "title": "A cropped version of a bigger task.", "description": "Auto-generated task from a single workload (uuid=bffd3f85-f36e-4699-a21a-26cc78ee20d5)", "subtasks": [ { "title": "NeutronNetworks.create_and_list_networks", "description": "Check performance of list_networks action and ensure > network quotas are not exceeded", "scenario": { "NeutronNetworks.create_and_list_networks": {} }, "contexts": { "users": { "tenants": 1, "users_per_tenant": 1 }, "quotas": { "neutron": { "network": 119 } } }, "runner": { "constant": { "times": 100, "concurrency": 20 } }, "hooks": [], "sla": { "max_avg_duration_per_atomic": { "neutron.list_networks": 15 }, "failure_rate": { "max": 0 } } } ] }
2019-11-19 11:01:40.892 22071 RALLYDEBUG rally_openstack.contexts.keystone.users [-] Creating 1 tenants using 20 threads
2019-11-19 11:01:41.779 22071 RALLYDEBUG rally_openstack.contexts.keystone.users [-] Creating 1 users using 20 threads
2019-11-19 11:01:43.103 22071 INFO rally.task.context [-] Task 9a80d144-da38-4f48-af48-423c01d5b1ec | Context users@openstack setup() finished in 2.21 sec
2019-11-19 11:01:43.555 22071 INFO rally.task.context [-] Task 9a80d144-da38-4f48-af48-423c01d5b1ec | Context quotas@openstack setup() finished in 0.45 sec
2019-11-19 11:01:43.555 22071 INFO rally.task.context [-] Task 9a80d144-da38-4f48-af48-423c01d5b1ec | Context cleanup@openstack setup() finished in 0.01 msec
2019-11-19 11:01:43.564 22071 RALLYDEBUG rally.task.runner [-] Starting the constant runner (task UUID: 9a80d144-da38-4f48-af48-423c01d5b1ec). timeout: 0 concurrency: 20 concurrency_per_worker: 1 times: 100 concurrency_overhead: 4 processes_to_start: 16 max_cpu_used: 16
2019-11-19 11:01:43.577 22195 RALLYDEBUG rally.task.runner [-] Starting a worker. concurrency: 2 args: {} times: 100 method_name: run timeout: 0 duration: None cls:
2019-11-19 11:01:43.581 22196 RALLYDEBUG rally.task.runner [-] Starting a worker. concurrency: 2 args: {} times: 100 method_name: run timeout: 0 duration: None cls:
2019-11-19 11:01:43.584 22197 RALLYDEBUG rally.task.runner [-] Starting a worker. concurrency: 2 args: {} times: 100 method_name: run timeout: 0 duration: None cls:
2019-11-19 11:01:43.587 22198 RALLYDEBUG rally.task.runner [-] Starting a worker. concurrency: 2 args: {} times: 100 method_name: run timeout: 0 duration: None cls:
2019-11-19 11:01:43.589 22197 INFO rally.task.runner [-] Task 9a80d144-da38-4f48-af48-423c01d5b1ec | ITER: 4 START
2019-11-19 11:01:43.589 22201 RALLYDEBUG rally.task.runner [-] Starting a worker. concurrency: 1 args: {} times: 100 method_name: run timeout: 0 duration: None cls:
2019-11-19 11:01:43.584 22195 INFO rally.task.runner [-] Task 9a80d144-da38-4f48-af48-423c01d5b1ec | ITER: 1 START
2019-11-19 11:01:43.594 22201 INFO rally.task.runner [-] Task 9a80d144-da38-4f48-af48-423c01d5b1ec | ITER: 8 START
2019-11-19 11:01:43.594 22204 RALLYDEBUG rally.task.runner [-] Starting a worker. concurrency: 1 args: {} times: 100 method_name: run timeout: 0 duration: None cls:
2019-11-19 11:01:43.595 22196 INFO rally.task.runner [-] Task 9a80d144-da38-4f48-af48-423c01d5b1ec | ITER: 3 START
2019-11-19 11:01:43.597 22207 RALLYDEBUG rally.task.runner [-] Starting a worker. concurrency: 1 args: {} times: 100 method_name: run timeout: 0 duration: None cls:
2019-11-19 11:01:43.600 22213 RALLYDEBUG rally.task.runner [-] Starting a worker. concurrency: 1 args: {} times: 100 method_name: run timeout: 0 duration: None cls:
2019-11-19 11:01:43.601 22198 INFO rally.task.runner [-] Task 9a80d144-da38-4f48-af48-423c01d5b1ec | ITER: 6 START
2019-11-19 11:01:43.602 22204 INFO rally.task.runner [-] Task 9a80d144-da38-4f48-af48-423c01d5b1ec | ITER: 10 START
2019-11-19 11:01:43.596 22196 INFO rally.task.runner [-] Task 9a80d144-da38-4f48-af48-423c01d5b1ec | ITER: 5 START
2019-11-19 11:01:43.604 22195 INFO rally.task.runner [-] Task 9a80d144-da38-4f48-af48-423c01d5b1ec | ITER: 2 START
2019-11-19 11:01:43.604 22207 INFO rally.task.runner [-] Task 9a80d144-da38-4f48-af48-423c01d5b1ec | ITER: 11 START
2019-11-19 11:01:43.604 22215 RALLYDEBUG rally.task.runner [-] Starting a worker. concurrency: 1 args: {} times: 100 method_name: run timeout: 0 duration: None cls:
2019-11-19 11:01:43.606 22213 INFO rally.task.runner [-] Task 9a80d144-da38-4f48-af48-423c01d5b1ec | ITER: 12 START
2019-11-19 11:01:43.602 22198 INFO rally.task.runner [-] Task 9a80d144-da38-4f48-af48-423c01d5b1ec | ITER: 9 START
2019-11-19 11:01:43.610 22222 RALLYDEBUG rally.task.runner [-] Starting a worker. concurrency: 1 args: {} times: 100 method_name: run timeout: 0 duration: None cls:
2019-11-19 11:01:43.611 22215 INFO rally.task.runner [-] Task 9a80d144-da38-4f48-af48-423c01d5b1ec | ITER: 13 START
2019-11-19 11:01:43.612 22197 INFO rally.task.runner [-] Task 9a80d144-da38-4f48-af48-423c01d5b1ec | ITER: 7 START
2019-11-19 11:01:43.617 22227 RALLYDEBUG rally.task.runner [-] Starting a worker. concurrency: 1 args: {} times: 100 method_name: run timeout: 0 duration: None cls:
2019-11-19 11:01:43.615 22222 INFO rally.task.runner [-] Task 9a80d144-da38-4f48-af48-423c01d5b1ec | ITER: 14 START
2019-11-19 11:01:43.621 22227 INFO rally.task.runner [-] Task 9a80d144-da38-4f48-af48-423c01d5b1ec | ITER: 15 START
2019-11-19 11:01:43.626 22230 RALLYDEBUG rally.task.runner [-] Starting a worker. concurrency: 1 args: {} times: 100 method_name: run timeout: 0 duration: None cls:
2019-11-19 11:01:43.634 22233 RALLYDEBUG rally.task.runner [-] Starting a worker. concurrency: 1 args: {} times: 100 method_name: run timeout: 0 duration: None cls:
2019-11-19 11:01:43.635 22230 INFO rally.task.runner [-] Task 9a80d144-da38-4f48-af48-423c01d5b1ec | ITER: 16 START
2019-11-19 11:01:43.639 22236 RALLYDEBUG rally.task.runner [-] Starting a worker. concurrency: 1 args: {} times: 100 method_name: run timeout: 0 duration: None cls:
2019-11-19 11:01:43.643 22233 INFO rally.task.runner [-] Task 9a80d144-da38-4f48-af48-423c01d5b1ec | ITER: 17 START
2019-11-19 11:01:43.642 22237 RALLYDEBUG rally.task.runner [-] Starting a worker. concurrency: 1 args: {} times: 100 method_name: run timeout: 0 duration: None cls:
2019-11-19 11:01:43.645 22240 RALLYDEBUG rally.task.runner [-] Starting a worker. concurrency: 1 args: {} times: 100 method_name: run timeout: 0 duration: None cls:
2019-11-19 11:01:43.647 22236 INFO rally.task.runner [-] Task 9a80d144-da38-4f48-af48-423c01d5b1ec | ITER: 18 START
2019-11-19 11:01:43.650 22237 INFO rally.task.runner [-] Task 9a80d144-da38-4f48-af48-423c01d5b1ec | ITER: 19 START
2019-11-19 11:01:43.652 22240 INFO rally.task.runner [-] Task 9a80d144-da38-4f48-af48-423c01d5b1ec | ITER: 20 START
2019-11-19 11:01:44.886 22215 INFO rally.task.runner [-] Task 9a80d144-da38-4f48-af48-423c01d5b1ec | ITER: 13 END: OK
2019-11-19 11:01:44.891 22215 INFO rally.task.runner [-] Task 9a80d144-da38-4f48-af48-423c01d5b1ec | ITER: 21 START
2019-11-19 11:01:44.991 22196 INFO rally.task.runner [-] Task 9a80d144-da38-4f48-af48-423c01d5b1ec | ITER: 3 END: OK
2019-11-19 11:01:44.996 22196 INFO rally.task.runner [-] Task 9a80d144-da38-4f48-af48-423c01d5b1ec | ITER: 22 START
2019-11-19 11:01:45.097 22213 INFO rally.task.runner [-] Task 9a80d144-da38-4f48-af48-423c01d5b1ec | ITER: 12 END: OK
2019-11-19 11:01:45.101 22213 INFO rally.task.runner [-] Task 9a80d144-da38-4f48-af48-423c01d5b1ec | ITER: 23 START
2019-11-19 11:01:45.183 22196 INFO rally.task.runner [-] Task 9a80d144-da38-4f48-af48-423c01d5b1ec | ITER: 5 END: OK
2019-11-19 11:01:45.186 22196 INFO rally.task.runner [-] Task 9a80d144-da38-4f48-af48-423c01d5b1ec | ITER: 24 START
2019-11-19 11:01:45.208 22236 INFO rally.task.runner [-] Task 9a80d144-da38-4f48-af48-423c01d5b1ec | ITER: 18 END: OK
2019-11-19 11:01:45.212 22236 INFO rally.task.runner [-] Task 9a80d144-da38-4f48-af48-423c01d5b1ec | ITER: 25 START
2019-11-19 11:01:45.251 22195 INFO rally.task.runner [-] Task 9a80d144-da38-4f48-af48-423c01d5b1ec | ITER: 2 END: OK
2019-11-19 11:01:45.254 22207 INFO rally.task.runner [-] Task 9a80d144-da38-4f48-af48-423c01d5b1ec | ITER: 11 END: OK
2019-11-19 11:01:45.256 22195 INFO rally.task.runner [-] Task 9a80d144-da38-4f48-af48-423c01d5b1ec | ITER: 26 START
2019-11-19 11:01:45.259 22207 INFO rally.task.runner [-] Task 9a80d144-da38-4f48-af48-423c01d5b1ec | ITER: 27 START
2019-11-19 11:01:45.285 22195 INFO rally.task.runner [-] Task 9a80d144-da38-4f48-af48-423c01d5b1ec | ITER: 1 END: OK
2019-11-19 11:01:45.289 22195 INFO rally.task.runner [-] Task 9a80d144-da38-4f48-af48-423c01d5b1ec | ITER: 28 START
2019-11-19 11:01:45.305 22222 INFO rally.task.runner [-] Task 9a80d144-da38-4f48-af48-423c01d5b1ec | ITER: 14 END: OK
2019-11-19 11:01:45.305 22197 INFO rally.task.runner [-] Task 9a80d144-da38-4f48-af48-423c01d5b1ec | ITER: 4 END: OK
2019-11-19 11:01:45.309 22204 INFO rally.task.runner [-] Task 9a80d144-da38-4f48-af48-423c01d5b1ec | ITER: 10 END: OK
2019-11-19 11:01:45.309 22197 INFO rally.task.runner [-] Task 9a80d144-da38-4f48-af48-423c01d5b1ec | ITER: 30 START
2019-11-19 11:01:45.309 22222 INFO rally.task.runner [-] Task 9a80d144-da38-4f48-af48-423c01d5b1ec | ITER: 29 START
2019-11-19 11:01:45.313 22204 INFO rally.task.runner [-] Task 9a80d144-da38-4f48-af48-423c01d5b1ec | ITER: 31 START
2019-11-19 11:01:45.322 22198 INFO rally.task.runner [-] Task 9a80d144-da38-4f48-af48-423c01d5b1ec | ITER: 6 END: OK
2019-11-19 11:01:45.325 22201 INFO rally.task.runner [-] Task 9a80d144-da38-4f48-af48-423c01d5b1ec | ITER: 8 END: OK
2019-11-19 11:01:45.326 22198 INFO rally.task.runner [-] Task 9a80d144-da38-4f48-af48-423c01d5b1ec | ITER: 32 START
2019-11-19 11:01:45.328 22201 INFO rally.task.runner [-] Task 9a80d144-da38-4f48-af48-423c01d5b1ec | ITER: 33 START
2019-11-19 11:01:45.739 22198 INFO rally.task.runner [-] Task 9a80d144-da38-4f48-af48-423c01d5b1ec | ITER: 9 END: OK
2019-11-19 11:01:45.742 22198 INFO rally.task.runner [-] Task 9a80d144-da38-4f48-af48-423c01d5b1ec | ITER: 34 START
2019-11-19 11:01:45.743 22197 INFO rally.task.runner [-] Task 9a80d144-da38-4f48-af48-423c01d5b1ec | ITER: 7 END: OK
2019-11-19 11:01:45.746 22197 INFO rally.task.runner [-] Task 9a80d144-da38-4f48-af48-423c01d5b1ec | ITER: 35 START
2019-11-19 11:01:45.921 22237 INFO rally.task.runner [-] Task 9a80d144-da38-4f48-af48-423c01d5b1ec | ITER: 19 END: OK
2019-11-19 11:01:45.925 22237 INFO rally.task.runner [-] Task 9a80d144-da38-4f48-af48-423c01d5b1ec | ITER: 36 START
2019-11-19 11:01:45.934 22233 INFO rally.task.runner [-] Task 9a80d144-da38-4f48-af48-423c01d5b1ec | ITER: 17 END: OK
2019-11-19 11:01:45.939 22233 INFO rally.task.runner [-] Task 9a80d144-da38-4f48-af48-423c01d5b1ec | ITER: 37 START
2019-11-19 11:01:46.001 22240 INFO rally.task.runner [-] Task 9a80d144-da38-4f48-af48-423c01d5b1ec | ITER: 20 END: OK
2019-11-19 11:01:46.006 22240 INFO rally.task.runner [-] Task 9a80d144-da38-4f48-af48-423c01d5b1ec | ITER: 38 START
2019-11-19 11:01:46.088 22196 INFO rally.task.runner [-] Task 9a80d144-da38-4f48-af48-423c01d5b1ec | ITER: 22 END: OK
2019-11-19 11:01:46.092 22196 INFO rally.task.runner [-] Task 9a80d144-da38-4f48-af48-423c01d5b1ec | ITER: 39 START
2019-11-19 11:01:46.562 22236 INFO rally.task.runner [-] Task 9a80d144-da38-4f48-af48-423c01d5b1ec | ITER: 25 END: OK
2019-11-19 11:01:46.566 22236 INFO rally.task.runner [-] Task 9a80d144-da38-4f48-af48-423c01d5b1ec | ITER: 40 START
2019-11-19 11:01:46.707 22230 INFO rally.task.runner [-] Task 9a80d144-da38-4f48-af48-423c01d5b1ec | ITER: 16 END: OK
2019-11-19 11:01:46.712 22230 INFO rally.task.runner [-] Task 9a80d144-da38-4f48-af48-423c01d5b1ec | ITER: 41 START
2019-11-19 11:01:46.724 22215 INFO rally.task.runner [-] Task 9a80d144-da38-4f48-af48-423c01d5b1ec | ITER: 21 END: OK
2019-11-19 11:01:46.728 22215 INFO rally.task.runner [-] Task 9a80d144-da38-4f48-af48-423c01d5b1ec | ITER: 42 START
2019-11-19 11:01:46.732 22213 INFO rally.task.runner [-] Task 9a80d144-da38-4f48-af48-423c01d5b1ec | ITER: 23 END: OK
2019-11-19 11:01:46.736 22213 INFO rally.task.runner [-] Task 9a80d144-da38-4f48-af48-423c01d5b1ec | ITER: 43 START
2019-11-19 11:01:46.752 22204 INFO rally.task.runner [-] Task 9a80d144-da38-4f48-af48-423c01d5b1ec | ITER: 31 END: OK
2019-11-19 11:01:46.755 22227 INFO rally.task.runner [-] Task 9a80d144-da38-4f48-af48-423c01d5b1ec | ITER: 15 END: OK
2019-11-19 11:01:46.755 22204 INFO rally.task.runner [-] Task 9a80d144-da38-4f48-af48-423c01d5b1ec | ITER: 44 START
2019-11-19 11:01:46.759 22227 INFO rally.task.runner [-] Task 9a80d144-da38-4f48-af48-423c01d5b1ec | ITER: 45 START
2019-11-19 11:01:46.795 22207 INFO rally.task.runner [-] Task 9a80d144-da38-4f48-af48-423c01d5b1ec | ITER: 27 END: OK
2019-11-19 11:01:46.798 22207 INFO rally.task.runner [-] Task 9a80d144-da38-4f48-af48-423c01d5b1ec | ITER: 46 START
2019-11-19 11:01:46.815 22195 INFO rally.task.runner [-] Task 9a80d144-da38-4f48-af48-423c01d5b1ec | ITER: 26 END: OK
2019-11-19 11:01:46.818 22195 INFO rally.task.runner [-] Task 9a80d144-da38-4f48-af48-423c01d5b1ec | ITER: 47 START
2019-11-19 11:01:46.838 22197 INFO rally.task.runner [-] Task 9a80d144-da38-4f48-af48-423c01d5b1ec | ITER: 30 END: OK
2019-11-19 11:01:46.842 22197 INFO rally.task.runner [-] Task 9a80d144-da38-4f48-af48-423c01d5b1ec | ITER: 48 START
2019-11-19 11:01:46.902 22201 INFO rally.task.runner [-] Task 9a80d144-da38-4f48-af48-423c01d5b1ec | ITER: 33 END: OK
2019-11-19 11:01:46.906 22201 INFO rally.task.runner [-] Task 9a80d144-da38-4f48-af48-423c01d5b1ec | ITER: 49 START
2019-11-19 11:01:47.183 22196 INFO rally.task.runner [-] Task 9a80d144-da38-4f48-af48-423c01d5b1ec | ITER: 24 END: OK
2019-11-19 11:01:47.187 22196 INFO rally.task.runner [-] Task 9a80d144-da38-4f48-af48-423c01d5b1ec | ITER: 50 START
2019-11-19 11:01:47.399 22240 INFO rally.task.runner [-] Task 9a80d144-da38-4f48-af48-423c01d5b1ec | ITER: 38 END: OK
2019-11-19 11:01:47.403 22240 INFO rally.task.runner [-] Task 9a80d144-da38-4f48-af48-423c01d5b1ec | ITER: 51 START
2019-11-19 11:01:47.481 22197 INFO rally.task.runner [-] Task 9a80d144-da38-4f48-af48-423c01d5b1ec | ITER: 35 END: OK
2019-11-19 11:01:47.485 22197 INFO rally.task.runner [-] Task 9a80d144-da38-4f48-af48-423c01d5b1ec | ITER: 52 START
2019-11-19 11:01:47.585 22198 INFO rally.task.runner [-] Task 9a80d144-da38-4f48-af48-423c01d5b1ec | ITER: 34 END: OK
2019-11-19 11:01:47.589 22198 INFO rally.task.runner [-] Task 9a80d144-da38-4f48-af48-423c01d5b1ec | ITER: 53 START
2019-11-19 11:01:47.695 22213 INFO rally.task.runner [-] Task 9a80d144-da38-4f48-af48-423c01d5b1ec | ITER: 43 END: OK
2019-11-19 11:01:47.699 22213 INFO rally.task.runner [-] Task 9a80d144-da38-4f48-af48-423c01d5b1ec | ITER: 54 START
2019-11-19 11:01:47.722 22236 INFO rally.task.runner [-] Task 9a80d144-da38-4f48-af48-423c01d5b1ec | ITER: 40 END: OK
2019-11-19 11:01:47.726 22236 INFO rally.task.runner [-] Task 9a80d144-da38-4f48-af48-423c01d5b1ec | ITER: 55 START
2019-11-19 11:01:47.751 22233 INFO rally.task.runner [-] Task 9a80d144-da38-4f48-af48-423c01d5b1ec | ITER: 37 END: OK
2019-11-19 11:01:47.754 22233 INFO rally.task.runner [-] Task 9a80d144-da38-4f48-af48-423c01d5b1ec | ITER: 56 START
2019-11-19 11:01:47.801 22198 INFO rally.task.runner [-] Task 9a80d144-da38-4f48-af48-423c01d5b1ec | ITER: 32 END: OK
2019-11-19 11:01:47.805 22198 INFO rally.task.runner [-] Task 9a80d144-da38-4f48-af48-423c01d5b1ec | ITER: 57 START
2019-11-19 11:01:47.895 22195 INFO rally.task.runner [-] Task 9a80d144-da38-4f48-af48-423c01d5b1ec | ITER: 28 END: OK
2019-11-19 11:01:47.899 22195 INFO rally.task.runner [-] Task 9a80d144-da38-4f48-af48-423c01d5b1ec | ITER: 58 START
2019-11-19 11:01:47.929 22222 INFO rally.task.runner [-] Task 9a80d144-da38-4f48-af48-423c01d5b1ec | ITER: 29 END: OK
2019-11-19 11:01:47.932 22222 INFO rally.task.runner [-] Task 9a80d144-da38-4f48-af48-423c01d5b1ec | ITER: 59 START
2019-11-19 11:01:48.068 22196 INFO rally.task.runner [-] Task 9a80d144-da38-4f48-af48-423c01d5b1ec | ITER: 39 END: OK
2019-11-19 11:01:48.072 22196 INFO rally.task.runner [-] Task 9a80d144-da38-4f48-af48-423c01d5b1ec | ITER: 60 START
2019-11-19 11:01:48.161 22207 INFO rally.task.runner [-] Task 9a80d144-da38-4f48-af48-423c01d5b1ec | ITER: 46 END: OK
2019-11-19 11:01:48.165 22207 INFO rally.task.runner [-] Task 9a80d144-da38-4f48-af48-423c01d5b1ec | ITER: 61 START
2019-11-19 11:01:48.269 22237 INFO rally.task.runner [-] Task 9a80d144-da38-4f48-af48-423c01d5b1ec | ITER: 36 END: OK
2019-11-19 11:01:48.273 22237 INFO rally.task.runner [-] Task 9a80d144-da38-4f48-af48-423c01d5b1ec | ITER: 62 START
2019-11-19 11:01:48.345 22215 INFO rally.task.runner [-] Task 9a80d144-da38-4f48-af48-423c01d5b1ec | ITER: 42 END: OK
2019-11-19 11:01:48.349 22215 INFO rally.task.runner [-] Task 9a80d144-da38-4f48-af48-423c01d5b1ec | ITER: 63 START
2019-11-19 11:01:48.412 22204 INFO rally.task.runner [-] Task 9a80d144-da38-4f48-af48-423c01d5b1ec | ITER: 44 END: OK
2019-11-19 11:01:48.416 22204 INFO rally.task.runner [-] Task 9a80d144-da38-4f48-af48-423c01d5b1ec | ITER: 64 START
2019-11-19 11:01:48.640 22230 INFO rally.task.runner [-] Task 9a80d144-da38-4f48-af48-423c01d5b1ec | ITER: 41 END: OK
2019-11-19 11:01:48.643 22230 INFO rally.task.runner [-] Task 9a80d144-da38-4f48-af48-423c01d5b1ec | ITER: 65 START
2019-11-19 11:01:48.666 22197 INFO rally.task.runner [-] Task 9a80d144-da38-4f48-af48-423c01d5b1ec | ITER: 48 END: OK
2019-11-19 11:01:48.670 22197 INFO rally.task.runner [-] Task 9a80d144-da38-4f48-af48-423c01d5b1ec | ITER: 66 START
2019-11-19 11:01:48.670 22227 INFO rally.task.runner [-] Task 9a80d144-da38-4f48-af48-423c01d5b1ec | ITER: 45 END: OK
2019-11-19 11:01:48.674 22227 INFO rally.task.runner [-] Task 9a80d144-da38-4f48-af48-423c01d5b1ec | ITER: 67 START
2019-11-19 11:01:48.752 22240 INFO rally.task.runner [-] Task 9a80d144-da38-4f48-af48-423c01d5b1ec | ITER: 51 END: OK
2019-11-19 11:01:48.756 22240 INFO rally.task.runner [-] Task 9a80d144-da38-4f48-af48-423c01d5b1ec | ITER: 68 START
2019-11-19 11:01:49.187 22197 INFO rally.task.runner [-] Task 9a80d144-da38-4f48-af48-423c01d5b1ec | ITER: 52 END: OK
2019-11-19 11:01:49.191 22197 INFO rally.task.runner [-] Task 9a80d144-da38-4f48-af48-423c01d5b1ec | ITER: 69 START
2019-11-19 11:01:49.195 22201 INFO rally.task.runner [-] Task 9a80d144-da38-4f48-af48-423c01d5b1ec | ITER: 49 END: OK
2019-11-19 11:01:49.198 22201 INFO rally.task.runner [-] Task 9a80d144-da38-4f48-af48-423c01d5b1ec | ITER: 70 START
2019-11-19 11:01:49.447 22236 INFO rally.task.runner [-] Task 9a80d144-da38-4f48-af48-423c01d5b1ec | ITER: 55 END: OK
2019-11-19 11:01:49.451 22236 INFO rally.task.runner [-] Task 9a80d144-da38-4f48-af48-423c01d5b1ec | ITER: 71 START
2019-11-19 11:01:49.474 22195 INFO rally.task.runner [-] Task 9a80d144-da38-4f48-af48-423c01d5b1ec | ITER: 58 END: OK
2019-11-19 11:01:49.477 22195 INFO rally.task.runner [-] Task 9a80d144-da38-4f48-af48-423c01d5b1ec | ITER: 72 START
2019-11-19 11:01:49.582 22198 INFO rally.task.runner [-] Task 9a80d144-da38-4f48-af48-423c01d5b1ec | ITER: 53 END: OK
2019-11-19 11:01:49.586 22198 INFO rally.task.runner [-] Task 9a80d144-da38-4f48-af48-423c01d5b1ec | ITER: 73 START
2019-11-19 11:01:49.608 22198 INFO rally.task.runner [-] Task 9a80d144-da38-4f48-af48-423c01d5b1ec | ITER: 57 END: OK
2019-11-19 11:01:49.611 22198 INFO rally.task.runner [-] Task 9a80d144-da38-4f48-af48-423c01d5b1ec | ITER: 74 START
2019-11-19 11:01:49.748 22196 INFO rally.task.runner [-] Task 9a80d144-da38-4f48-af48-423c01d5b1ec | ITER: 50 END: OK
2019-11-19 11:01:49.751 22196 INFO rally.task.runner [-] Task 9a80d144-da38-4f48-af48-423c01d5b1ec | ITER: 75 START
2019-11-19 11:01:49.837 22204 INFO rally.task.runner [-] Task 9a80d144-da38-4f48-af48-423c01d5b1ec | ITER: 64 END: OK
2019-11-19 11:01:49.841 22204 INFO rally.task.runner [-] Task 9a80d144-da38-4f48-af48-423c01d5b1ec | ITER: 76 START
2019-11-19 11:01:49.976 22195 INFO rally.task.runner [-] Task 9a80d144-da38-4f48-af48-423c01d5b1ec | ITER: 47 END: OK
2019-11-19 11:01:49.979 22195 INFO rally.task.runner [-] Task 9a80d144-da38-4f48-af48-423c01d5b1ec | ITER: 77 START
2019-11-19 11:01:50.023 22196 INFO rally.task.runner [-] Task 9a80d144-da38-4f48-af48-423c01d5b1ec | ITER: 60 END: OK
2019-11-19 11:01:50.024 22222 INFO rally.task.runner [-] Task 9a80d144-da38-4f48-af48-423c01d5b1ec | ITER: 59 END: OK
2019-11-19 11:01:50.027 22196 INFO rally.task.runner [-] Task 9a80d144-da38-4f48-af48-423c01d5b1ec | ITER: 78 START
2019-11-19 11:01:50.027 22222 INFO rally.task.runner [-] Task 9a80d144-da38-4f48-af48-423c01d5b1ec | ITER: 79 START
2019-11-19 11:01:50.265 22233 INFO rally.task.runner [-] Task 9a80d144-da38-4f48-af48-423c01d5b1ec | ITER: 56 END: OK
2019-11-19 11:01:50.269 22233 INFO rally.task.runner [-] Task 9a80d144-da38-4f48-af48-423c01d5b1ec | ITER: 80 START
2019-11-19 11:01:50.324 22197 INFO rally.task.runner [-] Task 9a80d144-da38-4f48-af48-423c01d5b1ec | ITER: 66 END: OK
2019-11-19 11:01:50.328 22197 INFO rally.task.runner [-] Task 9a80d144-da38-4f48-af48-423c01d5b1ec | ITER: 81 START
2019-11-19 11:01:50.365 22227 INFO rally.task.runner [-] Task 9a80d144-da38-4f48-af48-423c01d5b1ec | ITER: 67 END: OK
2019-11-19 11:01:50.369 22227 INFO rally.task.runner [-] Task 9a80d144-da38-4f48-af48-423c01d5b1ec | ITER: 82 START
2019-11-19 11:01:50.369 22215 INFO rally.task.runner [-] Task 9a80d144-da38-4f48-af48-423c01d5b1ec | ITER: 63 END: OK
2019-11-19 11:01:50.373 22215 INFO rally.task.runner [-] Task 9a80d144-da38-4f48-af48-423c01d5b1ec | ITER: 83 START
2019-11-19 11:01:50.534 22213 INFO rally.task.runner [-] Task 9a80d144-da38-4f48-af48-423c01d5b1ec | ITER: 54 END: OK
2019-11-19 11:01:50.538 22213 INFO rally.task.runner [-] Task 9a80d144-da38-4f48-af48-423c01d5b1ec | ITER: 84 START
2019-11-19 11:01:50.606 22240 INFO rally.task.runner [-] Task 9a80d144-da38-4f48-af48-423c01d5b1ec | ITER: 68 END: OK
2019-11-19 11:01:50.609 22240 INFO rally.task.runner [-] Task 9a80d144-da38-4f48-af48-423c01d5b1ec | ITER: 85 START
2019-11-19 11:01:50.708 22237 INFO rally.task.runner [-] Task 9a80d144-da38-4f48-af48-423c01d5b1ec | ITER: 62 END: OK
2019-11-19 11:01:50.711 22237 INFO rally.task.runner [-] Task 9a80d144-da38-4f48-af48-423c01d5b1ec | ITER: 86 START
2019-11-19 11:01:50.723 22207 INFO rally.task.runner [-] Task 9a80d144-da38-4f48-af48-423c01d5b1ec | ITER: 61 END: OK
2019-11-19 11:01:50.727 22207 INFO rally.task.runner [-] Task 9a80d144-da38-4f48-af48-423c01d5b1ec | ITER: 87 START
2019-11-19 11:01:50.938 22197 INFO rally.task.runner [-] Task 9a80d144-da38-4f48-af48-423c01d5b1ec | ITER: 69 END: OK
2019-11-19 11:01:50.942 22197 INFO rally.task.runner [-] Task 9a80d144-da38-4f48-af48-423c01d5b1ec | ITER: 88 START
2019-11-19 11:01:51.155 22230 INFO rally.task.runner [-] Task 9a80d144-da38-4f48-af48-423c01d5b1ec | ITER: 65 END: OK
2019-11-19 11:01:51.159 22230 INFO rally.task.runner [-] Task 9a80d144-da38-4f48-af48-423c01d5b1ec | ITER: 89 START
2019-11-19 11:01:51.173 22198 INFO rally.task.runner [-] Task 9a80d144-da38-4f48-af48-423c01d5b1ec | ITER: 73 END: OK
2019-11-19 11:01:51.176 22198 INFO rally.task.runner [-] Task 9a80d144-da38-4f48-af48-423c01d5b1ec | ITER: 90 START
2019-11-19 11:01:51.215 22196 INFO rally.task.runner [-] Task 9a80d144-da38-4f48-af48-423c01d5b1ec | ITER: 75 END: OK
2019-11-19 11:01:51.218 22196 INFO rally.task.runner [-] Task 9a80d144-da38-4f48-af48-423c01d5b1ec | ITER: 91 START
2019-11-19 11:01:51.287 22196 INFO rally.task.runner [-] Task 9a80d144-da38-4f48-af48-423c01d5b1ec | ITER: 78 END: OK
2019-11-19 11:01:51.290 22196 INFO rally.task.runner [-] Task 9a80d144-da38-4f48-af48-423c01d5b1ec | ITER: 92 START
2019-11-19 11:01:51.428 22198 INFO rally.task.runner [-] Task 9a80d144-da38-4f48-af48-423c01d5b1ec | ITER: 74 END: OK
2019-11-19 11:01:51.432 22198 INFO rally.task.runner [-] Task 9a80d144-da38-4f48-af48-423c01d5b1ec | ITER: 93 START
2019-11-19 11:01:52.058 22236 INFO rally.task.runner [-] Task 9a80d144-da38-4f48-af48-423c01d5b1ec | ITER: 71 END: OK
2019-11-19 11:01:52.059 22201 INFO rally.task.runner [-] Task 9a80d144-da38-4f48-af48-423c01d5b1ec | ITER: 70 END: OK
2019-11-19 11:01:52.062 22201 INFO rally.task.runner [-] Task 9a80d144-da38-4f48-af48-423c01d5b1ec | ITER: 95 START
2019-11-19 11:01:52.063 22236 INFO rally.task.runner [-] Task 9a80d144-da38-4f48-af48-423c01d5b1ec | ITER: 94 START
2019-11-19 11:01:52.065 22222 INFO rally.task.runner [-] Task 9a80d144-da38-4f48-af48-423c01d5b1ec | ITER: 79 END: OK
2019-11-19 11:01:52.069 22222 INFO rally.task.runner [-] Task 9a80d144-da38-4f48-af48-423c01d5b1ec | ITER: 96 START
2019-11-19 11:01:52.154 22204 INFO rally.task.runner [-] Task 9a80d144-da38-4f48-af48-423c01d5b1ec | ITER: 76 END: OK
2019-11-19 11:01:52.157 22204 INFO rally.task.runner [-] Task 9a80d144-da38-4f48-af48-423c01d5b1ec | ITER: 97 START
2019-11-19 11:01:52.454 22197 INFO rally.task.runner [-] Task 9a80d144-da38-4f48-af48-423c01d5b1ec | ITER: 81 END: OK
2019-11-19 11:01:52.457 22197 INFO rally.task.runner [-] Task 9a80d144-da38-4f48-af48-423c01d5b1ec | ITER: 98 START
2019-11-19 11:01:52.463 22240 INFO rally.task.runner [-] Task 9a80d144-da38-4f48-af48-423c01d5b1ec | ITER: 85 END: OK
2019-11-19 11:01:52.467 22240 INFO rally.task.runner [-] Task 9a80d144-da38-4f48-af48-423c01d5b1ec | ITER: 99 START
2019-11-19 11:01:52.681 22215 INFO rally.task.runner [-] Task 9a80d144-da38-4f48-af48-423c01d5b1ec | ITER: 83 END: OK
2019-11-19 11:01:52.684 22215 INFO rally.task.runner [-] Task 9a80d144-da38-4f48-af48-423c01d5b1ec | ITER: 100 START
2019-11-19 11:01:52.693 22195 INFO rally.task.runner [-] Task 9a80d144-da38-4f48-af48-423c01d5b1ec | ITER: 77 END: OK
2019-11-19 11:01:52.706 22195 INFO rally.task.runner [-] Task 9a80d144-da38-4f48-af48-423c01d5b1ec | ITER: 72 END: OK
2019-11-19 11:01:52.709 22213 INFO rally.task.runner [-] Task 9a80d144-da38-4f48-af48-423c01d5b1ec | ITER: 84 END: OK
2019-11-19 11:01:52.713 22227 INFO rally.task.runner [-] Task 9a80d144-da38-4f48-af48-423c01d5b1ec | ITER: 82 END: OK
2019-11-19 11:01:52.727 22233 INFO rally.task.runner [-] Task 9a80d144-da38-4f48-af48-423c01d5b1ec | ITER: 80 END: OK
2019-11-19 11:01:53.057 22237 INFO rally.task.runner [-] Task 9a80d144-da38-4f48-af48-423c01d5b1ec | ITER: 86 END: OK
2019-11-19 11:01:53.112 22197 INFO rally.task.runner [-] Task 9a80d144-da38-4f48-af48-423c01d5b1ec | ITER: 88 END: OK
2019-11-19 11:01:53.294 22198 INFO rally.task.runner [-] Task 9a80d144-da38-4f48-af48-423c01d5b1ec | ITER: 90 END: OK
2019-11-19 11:01:53.307 22196 INFO rally.task.runner [-] Task 9a80d144-da38-4f48-af48-423c01d5b1ec | ITER: 91 END: OK
2019-11-19 11:01:53.327 22207 INFO rally.task.runner [-] Task 9a80d144-da38-4f48-af48-423c01d5b1ec | ITER: 87 END: OK
2019-11-19 11:01:53.328 22230 INFO rally.task.runner [-] Task 9a80d144-da38-4f48-af48-423c01d5b1ec | ITER: 89 END: OK
2019-11-19 11:01:53.385 22198 INFO rally.task.runner [-] Task 9a80d144-da38-4f48-af48-423c01d5b1ec | ITER: 93 END: OK
2019-11-19 11:01:53.496 22201 INFO rally.task.runner [-] Task 9a80d144-da38-4f48-af48-423c01d5b1ec | ITER: 95 END: OK
2019-11-19 11:01:53.565 22236 INFO rally.task.runner [-] Task 9a80d144-da38-4f48-af48-423c01d5b1ec | ITER: 94 END: OK
2019-11-19 11:01:53.579 22196 INFO rally.task.runner [-] Task 9a80d144-da38-4f48-af48-423c01d5b1ec | ITER: 92 END: OK
2019-11-19 11:01:53.604 22197 INFO rally.task.runner [-] Task 9a80d144-da38-4f48-af48-423c01d5b1ec | ITER: 98 END: OK
2019-11-19 11:01:53.758 22215 INFO rally.task.runner [-] Task 9a80d144-da38-4f48-af48-423c01d5b1ec | ITER: 100 END: OK
2019-11-19 11:01:53.815 22240 INFO rally.task.runner [-] Task 9a80d144-da38-4f48-af48-423c01d5b1ec | ITER: 99 END: OK
2019-11-19 11:01:53.836 22222 INFO rally.task.runner [-] Task 9a80d144-da38-4f48-af48-423c01d5b1ec | ITER: 96 END: OK
2019-11-19 11:01:53.893 22204 INFO rally.task.runner [-] Task 9a80d144-da38-4f48-af48-423c01d5b1ec | ITER: 97 END: OK
2019-11-19 11:01:53.917 22071 INFO rally.task.context [-] Task 9a80d144-da38-4f48-af48-423c01d5b1ec | Context cleanup@openstack cleanup() started
2019-11-19 11:01:53.920 22071 RALLYDEBUG rally_openstack.cleanup.manager [-] Cleaning up neutron vip objects
2019-11-19 11:01:54.294 22071 RALLYDEBUG rally_openstack.cleanup.manager [-] Cleaning up neutron health_monitor objects
2019-11-19 11:01:54.670 22071 RALLYDEBUG rally_openstack.cleanup.manager [-] Cleaning up neutron pool objects
2019-11-19 11:01:55.059 22071 RALLYDEBUG rally_openstack.cleanup.manager [-] Cleaning up neutron loadbalancer objects
2019-11-19 11:01:55.440 22071 RALLYDEBUG rally_openstack.cleanup.manager [-] Cleaning up neutron floatingip objects
2019-11-19 11:01:55.855 22071 RALLYDEBUG rally_openstack.cleanup.manager [-] Cleaning up neutron trunk objects
2019-11-19 11:01:56.244 22071 RALLYDEBUG rally_openstack.cleanup.manager [-] Cleaning up neutron port objects
2019-11-19 11:01:56.660 22071 RALLYDEBUG rally_openstack.cleanup.manager [-] Cleaning up neutron subnet objects
2019-11-19 11:01:57.069 22071 RALLYDEBUG rally_openstack.cleanup.manager [-] Cleaning up neutron network objects
2019-11-19 11:01:57.748 22071 RALLYDEBUG rally_openstack.cleanup.manager [-] Deleting neutron.network object s_rally_bffd3f85_EBZzZZdr (04e4a15d-5fe5-41f6-9f51-597d0d7e87f2)
2019-11-19 11:01:57.749 22071 RALLYDEBUG rally_openstack.cleanup.manager [-] Deleting neutron.network object s_rally_bffd3f85_Yp6K14De (1938870f-36c4-4f0e-9e78-db4f20f065eb)
2019-11-19 11:01:57.761 22071 RALLYDEBUG rally_openstack.cleanup.manager [-] Deleting neutron.network object s_rally_bffd3f85_ZEl3DFGw (25a298a7-c21a-4004-a87a-7723efa0a8a4)
2019-11-19 11:01:57.762 22071 RALLYDEBUG rally_openstack.cleanup.manager [-] Deleting neutron.network object s_rally_bffd3f85_0Fg4eksp (0860ae3f-1248-4691-a01e-5c4a8e9d2401)
2019-11-19 11:01:57.784 22071 RALLYDEBUG rally_openstack.cleanup.manager [-] Deleting neutron.network object s_rally_bffd3f85_ky4lCbKt (2b0ac878-240d-44b0-8dff-ae10d12c1a68)
2019-11-19 11:01:57.799 22071 RALLYDEBUG rally_openstack.cleanup.manager [-] Deleting neutron.network object s_rally_bffd3f85_fV2fMZZe (326b474c-f044-45e2-a349-f78c9b461394)
2019-11-19 11:01:57.799 22071 RALLYDEBUG rally_openstack.cleanup.manager [-] Deleting neutron.network object s_rally_bffd3f85_0QP3dBwK (28caabcb-d4c8-42d0-9057-1c2dba4d783b)
2019-11-19 11:01:57.813 22071 RALLYDEBUG rally_openstack.cleanup.manager [-] Deleting neutron.network object s_rally_bffd3f85_iEIU8mwQ (3784c414-dc50-4de2-9e67-b30792f7836c)
2019-11-19 11:01:57.814 22071 RALLYDEBUG rally_openstack.cleanup.manager [-] Deleting neutron.network object s_rally_bffd3f85_KtIIdysE (0b20aac9-6731-40e5-a7f2-aa10d3589592)
2019-11-19 11:01:57.815 22071 RALLYDEBUG rally_openstack.cleanup.manager [-] Deleting neutron.network object s_rally_bffd3f85_YyHMs2vX (0add3728-c47c-4f85-8803-90d35b92014d)
2019-11-19 11:01:57.822 22071 RALLYDEBUG rally_openstack.cleanup.manager [-] Deleting neutron.network object s_rally_bffd3f85_sDBs4hrO (0b43e568-9baf-4a36-bcf0-c044ed0e554b)
2019-11-19 11:01:57.826 22071 RALLYDEBUG rally_openstack.cleanup.manager [-] Deleting neutron.network object s_rally_bffd3f85_Ye5KtcD4 (45b1ec30-676f-43f9-b094-7431e86ddd3b)
2019-11-19 11:01:57.827 22071 RALLYDEBUG rally_openstack.cleanup.manager [-] Deleting neutron.network object s_rally_bffd3f85_oOXgTfVy (2d801b20-35f5-45e8-9ae3-54d70060990e)
2019-11-19 11:01:57.829 22071 RALLYDEBUG rally_openstack.cleanup.manager [-] Deleting neutron.network object s_rally_bffd3f85_WAVmfI0J (123110e2-6cc5-497c-a71b-fa13d9037bac)
2019-11-19 11:01:57.831 22071 RALLYDEBUG rally_openstack.cleanup.manager [-] Deleting neutron.network object s_rally_bffd3f85_5uoGPYjl (41bc9302-38c8-4d4f-8724-82cb07444832)
2019-11-19 11:01:57.831 22071 RALLYDEBUG rally_openstack.cleanup.manager [-] Deleting neutron.network object s_rally_bffd3f85_x2pqWyM6 (183ae43b-bb3f-499c-b7f7-c9ab100f9a1f)
2019-11-19 11:01:57.837 22071 RALLYDEBUG rally_openstack.cleanup.manager [-] Deleting neutron.network object s_rally_bffd3f85_mJBRyU4o (3db57944-38cf-4fdf-8241-7295e8fd8c55)
2019-11-19 11:01:57.837 22071 RALLYDEBUG rally_openstack.cleanup.manager [-] Deleting neutron.network object s_rally_bffd3f85_y7C8aiKe (329da75a-f59a-4077-80f7-e617733948b2)
2019-11-19 11:01:57.839 22071 RALLYDEBUG rally_openstack.cleanup.manager [-] Deleting neutron.network object s_rally_bffd3f85_t7Az0gKD (054b9e08-23e3-4362-b1c6-b1ef6ca7bfd0)
2019-11-19 11:01:57.849 22071 RALLYDEBUG rally_openstack.cleanup.manager [-] Deleting neutron.network object s_rally_bffd3f85_yEPS27Z5 (169d5ac6-ad12-402b-95d9-0b036c4b6855)
2019-11-19 11:01:59.983 22071 RALLYDEBUG rally_openstack.cleanup.manager [-] Deleting neutron.network object s_rally_bffd3f85_dwq41FGK (4d4ff211-89b2-40a0-9f8f-2bddf2ccbbbf)
2019-11-19 11:02:00.286 22071 RALLYDEBUG rally_openstack.cleanup.manager [-] Deleting neutron.network object s_rally_bffd3f85_NeRmSZra (4fedf476-21e6-4dc3-98c3-143e927e2ac7)
2019-11-19 11:02:00.315 22071 RALLYDEBUG rally_openstack.cleanup.manager [-] Deleting neutron.network object s_rally_bffd3f85_Lml5mw9B (5117953b-245c-4b98-8fe4-77d10347648e)
2019-11-19 11:02:00.725 22071 RALLYDEBUG rally_openstack.cleanup.manager [-] Deleting neutron.network object s_rally_bffd3f85_bmReUSZU (51bba437-639c-40d7-b90c-cfb473f02d02)
2019-11-19 11:02:00.779 22071 RALLYDEBUG rally_openstack.cleanup.manager [-] Deleting neutron.network object s_rally_bffd3f85_oTvGXedX (5488b43c-44e2-478c-b86a-df8ca0bda2d2)
2019-11-19 11:02:00.841 22071 RALLYDEBUG rally_openstack.cleanup.manager [-] Deleting neutron.network object s_rally_bffd3f85_q7rtKOdw (588c0c7a-ed26-4866-9c86-c3de7a281d6e)
2019-11-19 11:02:00.935 22071 RALLYDEBUG rally_openstack.cleanup.manager [-] Deleting neutron.network object s_rally_bffd3f85_8itCdvBS (596714a5-3242-4b0b-a744-da628c2e53cd)
2019-11-19 11:02:01.025 22071 RALLYDEBUG rally_openstack.cleanup.manager [-] Deleting neutron.network object s_rally_bffd3f85_hIfuDXEY (5c92ae33-cf9e-4354-b6b3-6967fbf9601d)
2019-11-19 11:02:01.099 22071 RALLYDEBUG rally_openstack.cleanup.manager [-] Deleting neutron.network object s_rally_bffd3f85_cgdClDCm (6056c4fd-a4ff-49d6-9134-d4bb48d28e72)
2019-11-19 11:02:01.114 22071 RALLYDEBUG rally_openstack.cleanup.manager [-] Deleting neutron.network object s_rally_bffd3f85_vLvPkdQK (61144da9-368b-4808-81e8-08379ecc5edc)
2019-11-19 11:02:01.241 22071 RALLYDEBUG rally_openstack.cleanup.manager [-] Deleting neutron.network object s_rally_bffd3f85_2Rn3mfno (61c08904-1cf3-4ea6-b0b6-46db3bcbdf4f)
2019-11-19 11:02:01.303 22071 RALLYDEBUG rally_openstack.cleanup.manager [-] Deleting neutron.network object s_rally_bffd3f85_jhBooNos (67453ed4-00c3-4447-9e46-3761085541cc)
2019-11-19 11:02:01.446 22071 RALLYDEBUG rally_openstack.cleanup.manager [-] Deleting neutron.network object s_rally_bffd3f85_upchLFxU (67d9d1f8-2562-4ba1-bf9d-da876b4c37fc)
2019-11-19 11:02:01.560 22071 RALLYDEBUG rally_openstack.cleanup.manager [-] Deleting neutron.network object s_rally_bffd3f85_Vs4BoxIc (69a0a8b4-7661-4a2e-8a53-31a2b655f029)
2019-11-19 11:02:01.696 22071 RALLYDEBUG rally_openstack.cleanup.manager [-] Deleting neutron.network object s_rally_bffd3f85_f6v5AeRH (69ca30b8-a7cf-4b57-931b-3f0c9a327678)
2019-11-19 11:02:01.793 22071 RALLYDEBUG rally_openstack.cleanup.manager [-] Deleting neutron.network object s_rally_bffd3f85_YKmBvt3p (6c124a9d-e151-42aa-baa1-9d52dfb28181)
2019-11-19 11:02:01.800 22071 RALLYDEBUG rally_openstack.cleanup.manager [-] Deleting neutron.network object s_rally_bffd3f85_oKJh5YSn (7433e7a0-a3e8-43a3-ac7c-0ea4d9072b27)
2019-11-19 11:02:01.855 22071 RALLYDEBUG rally_openstack.cleanup.manager [-] Deleting neutron.network object s_rally_bffd3f85_RYS0nZXS (756ce686-f704-4189-86ba-172a63b3460c)
2019-11-19 11:02:01.858 22071 RALLYDEBUG rally_openstack.cleanup.manager [-] Deleting neutron.network object s_rally_bffd3f85_Qw3VOiue (766869ca-d318-4d40-92ad-3ae381eeb9e8)
2019-11-19 11:02:01.987 22071 RALLYDEBUG rally_openstack.cleanup.manager [-] Deleting neutron.network object s_rally_bffd3f85_o3Gqiw26 (76d005b4-39f7-4561-baf2-4d6ca4a867a4)
2019-11-19 11:02:02.316 22071 RALLYDEBUG rally_openstack.cleanup.manager [-] Deleting neutron.network object s_rally_bffd3f85_X1IUuuux (7948629f-e021-43f6-bbe2-e1bdfc3317d7)
2019-11-19 11:02:02.348 22071 RALLYDEBUG rally_openstack.cleanup.manager [-] Deleting neutron.network object s_rally_bffd3f85_V9B8g8cL (7a6e1221-523e-4528-82c2-376d869e01ee)
2019-11-19 11:02:02.566 22071 RALLYDEBUG rally_openstack.cleanup.manager [-] Deleting neutron.network object s_rally_bffd3f85_PaOIh4Pl (7b9cc215-dc58-405e-afb2-a51a06bca3d1)
2019-11-19 11:02:03.056 22071 RALLYDEBUG rally_openstack.cleanup.manager [-] Deleting neutron.network object s_rally_bffd3f85_rI9k51dK (7b9fcd71-41de-4ae8-9db4-dcbfeb96778e)
2019-11-19 11:02:03.220 22071 RALLYDEBUG rally_openstack.cleanup.manager [-] Deleting neutron.network object s_rally_bffd3f85_DNLbs2Wy (7c6f1783-29cc-44c6-8962-54b51fba0b9e)
2019-11-19 11:02:03.371 22071 RALLYDEBUG rally_openstack.cleanup.manager [-] Deleting neutron.network object s_rally_bffd3f85_EJEwVwpd (7e3f905e-ed55-48bf-bca5-fde827c59758)
2019-11-19 11:02:03.372 22071 RALLYDEBUG rally_openstack.cleanup.manager [-] Deleting neutron.network object s_rally_bffd3f85_SZeAcJo4 (7f5dc60e-3466-464d-850b-56533061be23)
2019-11-19 11:02:03.785 22071 RALLYDEBUG rally_openstack.cleanup.manager [-] Deleting neutron.network object s_rally_bffd3f85_l70wPW2T (7fe4f551-e5af-4bf3-9212-9c05c35f61f1)
2019-11-19 11:02:03.965 22071 RALLYDEBUG rally_openstack.cleanup.manager [-] Deleting neutron.network object s_rally_bffd3f85_iGqMIDgL (8406eef5-2874-4bbe-b451-26fb84a0824d)
2019-11-19 11:02:03.976 22071 RALLYDEBUG rally_openstack.cleanup.manager [-] Deleting neutron.network object s_rally_bffd3f85_poom5bEE (8474b201-5def-470c-a56b-a66208e4cb9d)
2019-11-19 11:02:04.014 22071 RALLYDEBUG rally_openstack.cleanup.manager [-] Deleting neutron.network object s_rally_bffd3f85_Wj5LMU5M (84faa13b-53c2-435e-9c25-1c8c61fbb806)
2019-11-19 11:02:04.040 22071 RALLYDEBUG rally_openstack.cleanup.manager [-] Deleting neutron.network object s_rally_bffd3f85_1aj0EGMU (851e2689-3d8f-49fe-8296-3e2976dcd805)
2019-11-19 11:02:04.108 22071 RALLYDEBUG rally_openstack.cleanup.manager [-] Deleting neutron.network object s_rally_bffd3f85_QgzNRCfh (8521c0e3-8eed-4ff3-9f6e-8cd1229cb7b0)
2019-11-19 11:02:04.160 22071 RALLYDEBUG rally_openstack.cleanup.manager [-] Deleting neutron.network object s_rally_bffd3f85_Dh1IWj70 (8a0de203-de7d-4745-9fd3-ed54ea3afc48)
2019-11-19 11:02:04.234 22071 RALLYDEBUG rally_openstack.cleanup.manager [-] Deleting neutron.network object s_rally_bffd3f85_oXdyCIuX (904434ad-497e-4383-bcb9-9c4f89af76a5)
2019-11-19 11:02:04.534 22071 RALLYDEBUG rally_openstack.cleanup.manager [-] Deleting neutron.network object s_rally_bffd3f85_DteKcSum (919c87ae-3059-4a5c-ad63-59ef87e99d79)
2019-11-19 11:02:04.609 22071 RALLYDEBUG rally_openstack.cleanup.manager [-] Deleting neutron.network object s_rally_bffd3f85_n3MoWXf9 (93ed0cfd-f925-4c9c-b3e6-fe9602dc8bd7)
2019-11-19 11:02:04.624 22071 RALLYDEBUG rally_openstack.cleanup.manager [-] Deleting neutron.network object s_rally_bffd3f85_XnJ09XAI (9a863168-806f-4c29-90ec-c0d640a2cbc0)
2019-11-19 11:02:04.713 22071 RALLYDEBUG rally_openstack.cleanup.manager [-] Deleting neutron.network object s_rally_bffd3f85_6f5QJZy4 (9c30c932-6288-4a52-b8f5-c6e5c2dd7700)
2019-11-19 11:02:04.729 22071 RALLYDEBUG rally_openstack.cleanup.manager [-] Deleting neutron.network object s_rally_bffd3f85_0RFVJzxV (a5070b4d-cf0c-4dd8-95c3-00a1a6e7ef38)
2019-11-19 11:02:04.889 22071 RALLYDEBUG rally_openstack.cleanup.manager [-] Deleting neutron.network object s_rally_bffd3f85_6DQYHZKh (ae31fd6a-c532-410d-8c2c-a658b2f5b942)
2019-11-19 11:02:04.932 22071 RALLYDEBUG rally_openstack.cleanup.manager [-] Deleting neutron.network object s_rally_bffd3f85_1xdoyBAT (b54ef361-9fe2-4f14-b956-39b0d3bddeee)
2019-11-19 11:02:04.979 22071 RALLYDEBUG rally_openstack.cleanup.manager [-] Deleting neutron.network object s_rally_bffd3f85_RkQXPwjh (ba661f49-d342-4ec1-ac82-4be9d8e23cd8)
2019-11-19 11:02:05.185 22071 RALLYDEBUG rally_openstack.cleanup.manager [-] Deleting neutron.network object s_rally_bffd3f85_s8umnB2G (bc85173a-0d09-43e3-b64c-909b5db34887)
2019-11-19 11:02:05.489 22071 RALLYDEBUG rally_openstack.cleanup.manager [-] Deleting neutron.network object s_rally_bffd3f85_dkoqQ1ZX (be03a606-cc12-4c11-9bda-7cd4f768b2b1)
2019-11-19 11:02:05.575 22071 RALLYDEBUG rally_openstack.cleanup.manager [-] Deleting neutron.network object s_rally_bffd3f85_WvYax9TD (bf02cb7f-82df-4c6e-a3d4-16c160c10e8b)
2019-11-19 11:02:06.193 22071 RALLYDEBUG rally_openstack.cleanup.manager [-] Deleting neutron.network object s_rally_bffd3f85_JWMtOmUY (c14ed11a-2885-45ac-8d09-500ab327b5d6)
2019-11-19 11:02:06.409 22071 RALLYDEBUG rally_openstack.cleanup.manager [-] Deleting neutron.network object s_rally_bffd3f85_SWHf3ARD (c16bde8f-aa01-46c7-8df5-060dafdff27b)
2019-11-19 11:02:06.457 22071 RALLYDEBUG rally_openstack.cleanup.manager [-] Deleting neutron.network object s_rally_bffd3f85_2HdTlnnd (c8707be0-6b3b-4d2d-b9d6-50af39f3499a)
2019-11-19 11:02:06.754 22071 RALLYDEBUG rally_openstack.cleanup.manager [-] Deleting neutron.network object s_rally_bffd3f85_LPNk281P (c8eea9c7-1d8d-47ab-9498-d4dc70784e0e)
2019-11-19 11:02:06.769 22071 RALLYDEBUG rally_openstack.cleanup.manager [-] Deleting neutron.network object s_rally_bffd3f85_TXcWztyd (ca4fc602-bb81-4cb9-93f0-4f02b895276a)
2019-11-19 11:02:06.824 22071 RALLYDEBUG rally_openstack.cleanup.manager [-] Deleting neutron.network object s_rally_bffd3f85_HFJY7q1v (cbb11586-ee7f-423d-bebd-60bc990ce98c)
2019-11-19 11:02:07.121 22071 RALLYDEBUG rally_openstack.cleanup.manager [-] Deleting neutron.network object s_rally_bffd3f85_lcFN0x0d (ce522363-6f21-4347-86c8-2ef8b981b10c)
2019-11-19 11:02:07.184 22071 RALLYDEBUG rally_openstack.cleanup.manager [-] Deleting neutron.network object s_rally_bffd3f85_jVGahPuh (ce64adde-04be-4f3d-9839-c8553940dfbc)
2019-11-19 11:02:07.252 22071 RALLYDEBUG rally_openstack.cleanup.manager [-] Deleting neutron.network object s_rally_bffd3f85_I58r4dwQ (cf02e8c1-46d7-4ae2-95a2-5b1e4dc01290)
2019-11-19 11:02:07.271 22071 RALLYDEBUG rally_openstack.cleanup.manager [-] Deleting neutron.network object s_rally_bffd3f85_B5hahX2h (cfec07b3-5907-44b5-a105-01b86e50903c)
2019-11-19 11:02:07.285 22071 RALLYDEBUG rally_openstack.cleanup.manager [-] Deleting neutron.network object s_rally_bffd3f85_BgnkmFBp (d0dc2ed5-9269-48ed-99aa-4cf437872f68)
2019-11-19 11:02:07.489 22071 RALLYDEBUG rally_openstack.cleanup.manager [-] Deleting neutron.network object s_rally_bffd3f85_cxHmRdKh (d2853173-4074-471d-9b35-c1651dd7256f)
2019-11-19 11:02:07.504 22071 RALLYDEBUG rally_openstack.cleanup.manager [-] Deleting neutron.network object s_rally_bffd3f85_xZhB4RHW (d49965f8-b870-4d0a-9473-86dfa896a8cb)
2019-11-19 11:02:07.613 22071 RALLYDEBUG rally_openstack.cleanup.manager [-] Deleting neutron.network object s_rally_bffd3f85_qvsJboxG (d8a0a1f7-acf2-4886-8937-559c5b4d2131)
2019-11-19 11:02:07.682 22071 RALLYDEBUG rally_openstack.cleanup.manager [-] Deleting neutron.network object s_rally_bffd3f85_TkZRrG1h (d8da1747-db97-471d-bfe1-c2db6f2a7d7f)
2019-11-19 11:02:07.753 22071 RALLYDEBUG rally_openstack.cleanup.manager [-] Deleting neutron.network object s_rally_bffd3f85_mU4lWctQ (d9804a09-444f-4f23-8d89-f9e09e93f8fd)
2019-11-19 11:02:07.934 22071 RALLYDEBUG rally_openstack.cleanup.manager [-] Deleting neutron.network object s_rally_bffd3f85_QF4ciifb (e0691852-d4a5-4180-aaa8-7f16720361af)
2019-11-19 11:02:08.264 22071 RALLYDEBUG rally_openstack.cleanup.manager [-] Deleting neutron.network object s_rally_bffd3f85_Bd1bGLeS (e0fcdf23-2f93-4a4e-8169-19fa744a9bbe)
2019-11-19 11:02:08.427 22071 RALLYDEBUG rally_openstack.cleanup.manager [-] Deleting neutron.network object s_rally_bffd3f85_nyiUfnWv (e4ba6017-607d-4484-a7fb-d3865f525fec)
2019-11-19 11:02:08.667 22071 RALLYDEBUG rally_openstack.cleanup.manager [-] Deleting neutron.network object s_rally_bffd3f85_xp3f0zyD (e603fb5d-e5cd-4c11-839b-fbbccc967919)
2019-11-19 11:02:08.789 22071 RALLYDEBUG rally_openstack.cleanup.manager [-] Deleting neutron.network object s_rally_bffd3f85_XJsUS0FA (e617daf0-cfc6-4883-b8c9-b194232b4af5)
2019-11-19 11:02:09.232 22071 RALLYDEBUG rally_openstack.cleanup.manager [-] Deleting neutron.network object s_rally_bffd3f85_zd04bGzA (e90fec54-88aa-4e03-be87-5b220f157789)
2019-11-19 11:02:09.247 22071 RALLYDEBUG rally_openstack.cleanup.manager [-] Deleting neutron.network object s_rally_bffd3f85_byUofXRr (eabdd2fd-233a-4138-bf9a-b6e77c6d35d4)
2019-11-19 11:02:09.313 22071 RALLYDEBUG rally_openstack.cleanup.manager [-] Deleting neutron.network object s_rally_bffd3f85_067GwZJw (ed774a60-1d30-4901-b2cf-8f307b998abd)
2019-11-19 11:02:09.318 22071 RALLYDEBUG rally_openstack.cleanup.manager [-] Deleting neutron.network object s_rally_bffd3f85_C62mI5rY (f08531a0-7adc-40e1-96ba-33fefce31fc4)
2019-11-19 11:02:09.318 22071 RALLYDEBUG rally_openstack.cleanup.manager [-] Deleting neutron.network object s_rally_bffd3f85_glLt6sgi (ee87b5fc-6100-41ce-aecb-2fd461f76e7f)
2019-11-19 11:02:09.606 22071 RALLYDEBUG rally_openstack.cleanup.manager [-] Deleting neutron.network object s_rally_bffd3f85_gFlturrB (f0b9bd6c-47fb-4c13-89f4-7cde76652ced)
2019-11-19 11:02:09.787 22071 RALLYDEBUG rally_openstack.cleanup.manager [-] Deleting neutron.network object s_rally_bffd3f85_RZS4qUQ3 (f268a0a0-be92-4f89-a3ff-38fb372cfd65)
2019-11-19 11:02:09.812 22071 RALLYDEBUG rally_openstack.cleanup.manager [-] Deleting neutron.network object s_rally_bffd3f85_ekW1Fmlp (f3968b92-4fb1-4ff0-a784-4834d4737a95)
2019-11-19 11:02:10.091 22071 RALLYDEBUG rally_openstack.cleanup.manager [-] Deleting neutron.network object s_rally_bffd3f85_tQGrbbJv (f5feed53-96e5-42f9-b891-69b070fac93f)
