2019-11-19 09:31:16.601 8 RALLYDEBUG rally.api [-] INFO logs from urllib3 and requests module are hide.
2019-11-19 09:31:16.601 8 RALLYDEBUG rally.api [-] urllib3 insecure warnings are hidden.
2019-11-19 09:31:16.601 8 RALLYDEBUG rally.api [-] ERROR log from boto module is hide.
2019-11-19 09:31:18.165 8 ERROR rally.cli.cliutils [-] Unexpected exception in CLI: DBRecordNotFound: Record for uuid or name is opnfv-rally not found in table envs
2019-11-19 09:31:18.165 8 ERROR rally.cli.cliutils
Traceback (most recent call last):
2019-11-19 09:31:18.165 8 ERROR rally.cli.cliutils
File "/usr/lib/python2.7/site-packages/rally/cli/cliutils.py", line 674, in run
2019-11-19 09:31:18.165 8 ERROR rally.cli.cliutils ret = fn(*fn_args, **fn_kwargs)
2019-11-19 09:31:18.165 8 ERROR rally.cli.cliutils File "", line 2, in destroy
2019-11-19 09:31:18.165 8 ERROR rally.cli.cliutils
File "/usr/lib/python2.7/site-packages/rally/cli/envutils.py", line 68, in default_from_global
2019-11-19 09:31:18.165 8 ERROR rally.cli.cliutils return f(*args, **kwargs)
2019-11-19 09:31:18.165 8 ERROR rally.cli.cliutils File "", line 2, in destroy
2019-11-19 09:31:18.165 8 ERROR rally.cli.cliutils
File "/usr/lib/python2.7/site-packages/rally/plugins/__init__.py", line 51, in ensure_plugins_are_loaded
2019-11-19 09:31:18.165 8 ERROR rally.cli.cliutils return f(*args, **kwargs)
2019-11-19 09:31:18.165 8 ERROR rally.cli.cliutils
File "/usr/lib/python2.7/site-packages/rally/cli/commands/deployment.py", line 157, in destroy
2019-11-19 09:31:18.165 8 ERROR rally.cli.cliutils api.deployment.destroy(deployment=deployment)
2019-11-19 09:31:18.165 8 ERROR rally.cli.cliutils
File "/usr/lib/python2.7/site-packages/rally/api.py", line 115, in destroy
2019-11-19 09:31:18.165 8 ERROR rally.cli.cliutils deploy = objects.Deployment.get(deployment)
2019-11-19 09:31:18.165 8 ERROR rally.cli.cliutils
File "/usr/lib/python2.7/site-packages/rally/common/objects/deploy.py", line 124, in get
2019-11-19 09:31:18.165 8 ERROR rally.cli.cliutils return Deployment(env_mgr.EnvManager.get(deploy))
2019-11-19 09:31:18.165 8 ERROR rally.cli.cliutils
File "/usr/lib/python2.7/site-packages/rally/env/env_mgr.py", line 212, in get
2019-11-19 09:31:18.165 8 ERROR rally.cli.cliutils return cls(db.env_get(uuid_or_name))
2019-11-19 09:31:18.165 8 ERROR rally.cli.cliutils
File "/usr/lib/python2.7/site-packages/rally/common/db/api.py", line 135, in wrapper
2019-11-19 09:31:18.165 8 ERROR rally.cli.cliutils result = f(session, *args, **kwargs)
2019-11-19 09:31:18.165 8 ERROR rally.cli.cliutils
File "/usr/lib/python2.7/site-packages/rally/common/db/api.py", line 521, in env_get
2019-11-19 09:31:18.165 8 ERROR rally.cli.cliutils criteria="uuid or name is %s" % uuid_or_name, table="envs")
2019-11-19 09:31:18.165 8 ERROR rally.cli.cliutils DBRecordNotFound: Record for uuid or name is opnfv-rally not found in table envs
2019-11-19 09:31:18.165 8 ERROR rally.cli.cliutils
2019-11-19 09:31:19.029 10 RALLYDEBUG rally.api [-] INFO logs from urllib3 and requests module are hide.
2019-11-19 09:31:19.029 10 RALLYDEBUG rally.api [-] urllib3 insecure warnings are hidden.
2019-11-19 09:31:19.029 10 RALLYDEBUG rally.api [-] ERROR log from boto module is hide.
2019-11-19 09:31:21.926 12 RALLYDEBUG rally.api [-] INFO logs from urllib3 and requests module are hide.
2019-11-19 09:31:21.926 12 RALLYDEBUG rally.api [-] urllib3 insecure warnings are hidden.
2019-11-19 09:31:21.926 12 RALLYDEBUG rally.api [-] ERROR log from boto module is hide.
2019-11-19 09:31:25.438 15 RALLYDEBUG rally.api [-] INFO logs from urllib3 and requests module are hide.
2019-11-19 09:31:25.438 15 RALLYDEBUG rally.api [-] urllib3 insecure warnings are hidden.
2019-11-19 09:31:25.438 15 RALLYDEBUG rally.api [-] ERROR log from boto module is hide.
2019-11-19 09:31:26.529 17 RALLYDEBUG rally.api [-] INFO logs from urllib3 and requests module are hide.
2019-11-19 09:31:26.530 17 RALLYDEBUG rally.api [-] urllib3 insecure warnings are hidden.
2019-11-19 09:31:26.530 17 RALLYDEBUG rally.api [-] ERROR log from boto module is hide.
2019-11-19 09:31:27.979 17 INFO rally.task.engine [-] Task 691e217a-d321-4e53-af2d-50112fe11ce8 | Starting: Task validation.
2019-11-19 09:31:28.027 17 INFO rally.task.engine [-] Task 691e217a-d321-4e53-af2d-50112fe11ce8 | Starting: Task validation of syntax.
2019-11-19 09:31:28.107 17 INFO rally.task.engine [-] Task 691e217a-d321-4e53-af2d-50112fe11ce8 | Completed: Task validation of syntax.
2019-11-19 09:31:28.107 17 INFO rally.task.engine [-] Task 691e217a-d321-4e53-af2d-50112fe11ce8 | Starting: Task validation of required platforms.
2019-11-19 09:31:28.146 17 INFO rally.task.engine [-] Task 691e217a-d321-4e53-af2d-50112fe11ce8 | Completed: Task validation of required platforms.
2019-11-19 09:31:28.146 17 INFO rally.task.engine [-] Task 691e217a-d321-4e53-af2d-50112fe11ce8 | Starting: Task validation of semantic.
2019-11-19 09:31:28.147 17 INFO rally.task.engine [-] Check health of the environment '9a843a4a-937d-482a-afb7-1aa100df08ec'.
2019-11-19 09:31:29.064 17 INFO rally.task.engine [-] Platform existing@openstack (available: True): OK!
2019-11-19 09:31:29.084 17 RALLYDEBUG rally_openstack.contexts.keystone.users [-] Creating 1 tenants using 20 threads
2019-11-19 09:31:29.919 17 RALLYDEBUG rally_openstack.contexts.keystone.users [-] Creating 1 users using 20 threads
2019-11-19 09:31:31.268 17 INFO rally.task.context [-] Task 691e217a-d321-4e53-af2d-50112fe11ce8 | Context users@openstack setup() finished in 2.18 sec
2019-11-19 09:31:31.330 17 INFO rally.task.context [-] Task 691e217a-d321-4e53-af2d-50112fe11ce8 | Context users@openstack cleanup() started
2019-11-19 09:31:34.425 17 INFO rally.task.context [-] Task 691e217a-d321-4e53-af2d-50112fe11ce8 | Context users@openstack cleanup() finished in 3.10 sec
2019-11-19 09:31:34.426 17 INFO rally.task.engine [-] Task 691e217a-d321-4e53-af2d-50112fe11ce8 | Completed: Task validation of semantic.
2019-11-19 09:31:34.426 17 INFO rally.task.engine [-] Task 691e217a-d321-4e53-af2d-50112fe11ce8 | Completed: Task validation.
2019-11-19 09:31:34.427 17 INFO rally.api [-] Task 691e217a-d321-4e53-af2d-50112fe11ce8 input file is valid.
2019-11-19 09:31:34.427 17 INFO rally.api [-] Run Task 691e217a-d321-4e53-af2d-50112fe11ce8 against Deployment 9a843a4a-937d-482a-afb7-1aa100df08ec
2019-11-19 09:31:34.427 17 INFO rally.task.engine [-] Task 691e217a-d321-4e53-af2d-50112fe11ce8 | Starting: Running task.
2019-11-19 09:31:34.615 17 INFO rally.task.engine [-] Running workload: position = 0 config = { "version": 2, "title": "A cropped version of a bigger task.", "description": "Auto-generated task from a single workload (uuid=3ba466c5-7c16-42d0-b66e-ee494037819e)", "subtasks": [ { "title": "Authenticate.keystone", "description": "Check Keystone Client.", "scenario": { "Authenticate.keystone": {} }, "contexts": { "users": { "tenants": 3, "users_per_tenant": 2 } }, "runner": { "constant": { "concurrency": 4, "times": 10 } }, "hooks": [], "sla": { "failure_rate": { "max": 0 } } } ] }
2019-11-19 09:31:34.639 17 RALLYDEBUG rally_openstack.contexts.keystone.users [-] Creating 3 tenants using 20 threads
2019-11-19 09:31:35.628 17 RALLYDEBUG rally_openstack.contexts.keystone.users [-] Creating 6 users using 20 threads
2019-11-19 09:31:37.309 17 INFO rally.task.context [-] Task 691e217a-d321-4e53-af2d-50112fe11ce8 | Context users@openstack setup() finished in 2.67 sec
2019-11-19 09:31:37.319 17 RALLYDEBUG rally.task.runner [-] Starting the constant runner (task UUID: 691e217a-d321-4e53-af2d-50112fe11ce8). timeout: 0 concurrency: 4 concurrency_per_worker: 1 times: 10 concurrency_overhead: 0 processes_to_start: 4 max_cpu_used: 16
2019-11-19 09:31:37.333 141 RALLYDEBUG rally.task.runner [-] Starting a worker. concurrency: 1 args: {} times: 10 method_name: run timeout: 0 duration: None cls:
2019-11-19 09:31:37.336 142 RALLYDEBUG rally.task.runner [-] Starting a worker. concurrency: 1 args: {} times: 10 method_name: run timeout: 0 duration: None cls:
2019-11-19 09:31:37.339 143 RALLYDEBUG rally.task.runner [-] Starting a worker. concurrency: 1 args: {} times: 10 method_name: run timeout: 0 duration: None cls:
2019-11-19 09:31:37.340 141 INFO rally.task.runner [-] Task 691e217a-d321-4e53-af2d-50112fe11ce8 | ITER: 1 START
2019-11-19 09:31:37.342 144 RALLYDEBUG rally.task.runner [-] Starting a worker. concurrency: 1 args: {} times: 10 method_name: run timeout: 0 duration: None cls:
2019-11-19 09:31:37.344 142 INFO rally.task.runner [-] Task 691e217a-d321-4e53-af2d-50112fe11ce8 | ITER: 2 START
2019-11-19 09:31:37.347 143 INFO rally.task.runner [-] Task 691e217a-d321-4e53-af2d-50112fe11ce8 | ITER: 3 START
2019-11-19 09:31:37.349 144 INFO rally.task.runner [-] Task 691e217a-d321-4e53-af2d-50112fe11ce8 | ITER: 4 START
2019-11-19 09:31:38.077 141 INFO rally.task.runner [-] Task 691e217a-d321-4e53-af2d-50112fe11ce8 | ITER: 1 END: OK
2019-11-19 09:31:38.082 141 INFO rally.task.runner [-] Task 691e217a-d321-4e53-af2d-50112fe11ce8 | ITER: 5 START
2019-11-19 09:31:38.089 144 INFO rally.task.runner [-] Task 691e217a-d321-4e53-af2d-50112fe11ce8 | ITER: 4 END: OK
2019-11-19 09:31:38.094 144 INFO rally.task.runner [-] Task 691e217a-d321-4e53-af2d-50112fe11ce8 | ITER: 6 START
2019-11-19 09:31:38.116 142 INFO rally.task.runner [-] Task 691e217a-d321-4e53-af2d-50112fe11ce8 | ITER: 2 END: OK
2019-11-19 09:31:38.122 142 INFO rally.task.runner [-] Task 691e217a-d321-4e53-af2d-50112fe11ce8 | ITER: 7 START
2019-11-19 09:31:38.152 143 INFO rally.task.runner [-] Task 691e217a-d321-4e53-af2d-50112fe11ce8 | ITER: 3 END: OK
2019-11-19 09:31:38.156 143 INFO rally.task.runner [-] Task 691e217a-d321-4e53-af2d-50112fe11ce8 | ITER: 8 START
2019-11-19 09:31:38.723 141 INFO rally.task.runner [-] Task 691e217a-d321-4e53-af2d-50112fe11ce8 | ITER: 5 END: OK
2019-11-19 09:31:38.727 141 INFO rally.task.runner [-] Task 691e217a-d321-4e53-af2d-50112fe11ce8 | ITER: 9 START
2019-11-19 09:31:38.767 142 INFO rally.task.runner [-] Task 691e217a-d321-4e53-af2d-50112fe11ce8 | ITER: 7 END: OK
2019-11-19 09:31:38.771 142 INFO rally.task.runner [-] Task 691e217a-d321-4e53-af2d-50112fe11ce8 | ITER: 10 START
2019-11-19 09:31:38.819 144 INFO rally.task.runner [-] Task 691e217a-d321-4e53-af2d-50112fe11ce8 | ITER: 6 END: OK
2019-11-19 09:31:38.844 143 INFO rally.task.runner [-] Task 691e217a-d321-4e53-af2d-50112fe11ce8 | ITER: 8 END: OK
2019-11-19 09:31:39.420 142 INFO rally.task.runner [-] Task 691e217a-d321-4e53-af2d-50112fe11ce8 | ITER: 10 END: OK
2019-11-19 09:31:39.495 141 INFO rally.task.runner [-] Task 691e217a-d321-4e53-af2d-50112fe11ce8 | ITER: 9 END: OK
2019-11-19 09:31:39.524 17 INFO rally.task.context [-] Task 691e217a-d321-4e53-af2d-50112fe11ce8 | Context users@openstack cleanup() started
2019-11-19 09:31:44.639 17 INFO rally.task.context [-] Task 691e217a-d321-4e53-af2d-50112fe11ce8 | Context users@openstack cleanup() finished in 5.12 sec
2019-11-19 09:31:44.705 17 INFO rally.task.engine [-] Load duration is: 2.153258
2019-11-19 09:31:44.706 17 INFO rally.task.engine [-] Full runner duration is: 2.205311
2019-11-19 09:31:44.706 17 INFO rally.task.engine [-] Full duration is: 10.005225
2019-11-19 09:31:45.031 17 INFO rally.task.engine [-] Running workload: position = 0 config = { "version": 2, "title": "A cropped version of a bigger task.", "description": "Auto-generated task from a single workload (uuid=99df0fb7-5f03-4e4d-b174-01855cfba93a)", "subtasks": [ { "title": "Authenticate.validate_cinder", "description": "Check Cinder Client to ensure validation of token.", "scenario": { "Authenticate.validate_cinder": { "repetitions": 2 } }, "contexts": { "users": { "tenants": 3, "users_per_tenant": 2 } }, "runner": { "constant": { "concurrency": 4, "times": 10 } }, "hooks": [], "sla": { "failure_rate": { "max": 0 } } } ] }
2019-11-19 09:31:45.063 17 RALLYDEBUG rally_openstack.contexts.keystone.users [-] Creating 3 tenants using 20 threads
2019-11-19 09:31:46.098 17 RALLYDEBUG rally_openstack.contexts.keystone.users [-] Creating 6 users using 20 threads
2019-11-19 09:31:47.802 17 INFO rally.task.context [-] Task 691e217a-d321-4e53-af2d-50112fe11ce8 | Context users@openstack setup() finished in 2.74 sec
2019-11-19 09:31:47.812 17 RALLYDEBUG rally.task.runner [-] Starting the constant runner (task UUID: 691e217a-d321-4e53-af2d-50112fe11ce8). timeout: 0 concurrency: 4 concurrency_per_worker: 1 times: 10 concurrency_overhead: 0 processes_to_start: 4 max_cpu_used: 16
2019-11-19 09:31:47.825 245 RALLYDEBUG rally.task.runner [-] Starting a worker. concurrency: 1 args: {"repetitions": 2} times: 10 method_name: run timeout: 0 duration: None cls:
2019-11-19 09:31:47.828 246 RALLYDEBUG rally.task.runner [-] Starting a worker. concurrency: 1 args: {"repetitions": 2} times: 10 method_name: run timeout: 0 duration: None cls:
2019-11-19 09:31:47.831 247 RALLYDEBUG rally.task.runner [-] Starting a worker. concurrency: 1 args: {"repetitions": 2} times: 10 method_name: run timeout: 0 duration: None cls:
2019-11-19 09:31:47.833 245 INFO rally.task.runner [-] Task 691e217a-d321-4e53-af2d-50112fe11ce8 | ITER: 1 START
2019-11-19 09:31:47.834 248 RALLYDEBUG rally.task.runner [-] Starting a worker. concurrency: 1 args: {"repetitions": 2} times: 10 method_name: run timeout: 0 duration: None cls:
2019-11-19 09:31:47.835 246 INFO rally.task.runner [-] Task 691e217a-d321-4e53-af2d-50112fe11ce8 | ITER: 2 START
2019-11-19 09:31:47.838 247 INFO rally.task.runner [-] Task 691e217a-d321-4e53-af2d-50112fe11ce8 | ITER: 3 START
2019-11-19 09:31:47.842 248 INFO rally.task.runner [-] Task 691e217a-d321-4e53-af2d-50112fe11ce8 | ITER: 4 START
2019-11-19 09:31:48.530 246 INFO rally.task.runner [-] Task 691e217a-d321-4e53-af2d-50112fe11ce8 | ITER: 2 END: OK
2019-11-19 09:31:48.530 245 INFO rally.task.runner [-] Task 691e217a-d321-4e53-af2d-50112fe11ce8 | ITER: 1 END: OK
2019-11-19 09:31:48.534 246 INFO rally.task.runner [-] Task 691e217a-d321-4e53-af2d-50112fe11ce8 | ITER: 5 START
2019-11-19 09:31:48.535 245 INFO rally.task.runner [-] Task 691e217a-d321-4e53-af2d-50112fe11ce8 | ITER: 6 START
2019-11-19 09:31:48.565 247 INFO rally.task.runner [-] Task 691e217a-d321-4e53-af2d-50112fe11ce8 | ITER: 3 END: OK
2019-11-19 09:31:48.570 247 INFO rally.task.runner [-] Task 691e217a-d321-4e53-af2d-50112fe11ce8 | ITER: 7 START
2019-11-19 09:31:48.815 248 INFO rally.task.runner [-] Task 691e217a-d321-4e53-af2d-50112fe11ce8 | ITER: 4 END: OK
2019-11-19 09:31:48.820 248 INFO rally.task.runner [-] Task 691e217a-d321-4e53-af2d-50112fe11ce8 | ITER: 8 START
2019-11-19 09:31:48.994 245 INFO rally.task.runner [-] Task 691e217a-d321-4e53-af2d-50112fe11ce8 | ITER: 6 END: OK
2019-11-19 09:31:48.998 245 INFO rally.task.runner [-] Task 691e217a-d321-4e53-af2d-50112fe11ce8 | ITER: 9 START
2019-11-19 09:31:49.000 247 INFO rally.task.runner [-] Task 691e217a-d321-4e53-af2d-50112fe11ce8 | ITER: 7 END: OK
2019-11-19 09:31:49.005 247 INFO rally.task.runner [-] Task 691e217a-d321-4e53-af2d-50112fe11ce8 | ITER: 10 START
2019-11-19 09:31:49.110 246 INFO rally.task.runner [-] Task 691e217a-d321-4e53-af2d-50112fe11ce8 | ITER: 5 END: OK
2019-11-19 09:31:49.227 248 INFO rally.task.runner [-] Task 691e217a-d321-4e53-af2d-50112fe11ce8 | ITER: 8 END: OK
2019-11-19 09:31:49.421 247 INFO rally.task.runner [-] Task 691e217a-d321-4e53-af2d-50112fe11ce8 | ITER: 10 END: OK
2019-11-19 09:31:49.427 245 INFO rally.task.runner [-] Task 691e217a-d321-4e53-af2d-50112fe11ce8 | ITER: 9 END: OK
2019-11-19 09:31:49.448 17 INFO rally.task.context [-] Task 691e217a-d321-4e53-af2d-50112fe11ce8 | Context users@openstack cleanup() started
2019-11-19 09:31:54.312 17 INFO rally.task.context [-] Task 691e217a-d321-4e53-af2d-50112fe11ce8 | Context users@openstack cleanup() finished in 4.86 sec
2019-11-19 09:31:55.135 17 INFO rally.task.engine [-] Load duration is: 1.5929
2019-11-19 09:31:55.135 17 INFO rally.task.engine [-] Full runner duration is: 1.637029
2019-11-19 09:31:55.135 17 INFO rally.task.engine [-] Full duration is: 9.255109
2019-11-19 09:31:55.496 17 INFO rally.task.engine [-] Running workload: position = 0 config = { "version": 2, "title": "A cropped version of a bigger task.", "description": "Auto-generated task from a single workload (uuid=dc45068c-263a-4990-b8b9-077f107b1dce)", "subtasks": [ { "title": "Authenticate.validate_glance", "description": "Check Glance Client to ensure validation of token.", "scenario": { "Authenticate.validate_glance": { "repetitions": 2 } }, "contexts": { "users": { "tenants": 3, "users_per_tenant": 2 } }, "runner": { "constant": { "concurrency": 4, "times": 10 } }, "hooks": [], "sla": { "failure_rate": { "max": 0 } } } ] }
2019-11-19 09:31:55.522 17 RALLYDEBUG rally_openstack.contexts.keystone.users [-] Creating 3 tenants using 20 threads
2019-11-19 09:31:56.658 17 RALLYDEBUG rally_openstack.contexts.keystone.users [-] Creating 6 users using 20 threads
2019-11-19 09:31:58.511 17 INFO rally.task.context [-] Task 691e217a-d321-4e53-af2d-50112fe11ce8 | Context users@openstack setup() finished in 2.99 sec
2019-11-19 09:31:58.520 17 RALLYDEBUG rally.task.runner [-] Starting the constant runner (task UUID: 691e217a-d321-4e53-af2d-50112fe11ce8). timeout: 0 concurrency: 4 concurrency_per_worker: 1 times: 10 concurrency_overhead: 0 processes_to_start: 4 max_cpu_used: 16
2019-11-19 09:31:58.534 349 RALLYDEBUG rally.task.runner [-] Starting a worker. concurrency: 1 args: {"repetitions": 2} times: 10 method_name: run timeout: 0 duration: None cls:
2019-11-19 09:31:58.537 350 RALLYDEBUG rally.task.runner [-] Starting a worker. concurrency: 1 args: {"repetitions": 2} times: 10 method_name: run timeout: 0 duration: None cls:
2019-11-19 09:31:58.540 351 RALLYDEBUG rally.task.runner [-] Starting a worker. concurrency: 1 args: {"repetitions": 2} times: 10 method_name: run timeout: 0 duration: None cls:
2019-11-19 09:31:58.542 349 INFO rally.task.runner [-] Task 691e217a-d321-4e53-af2d-50112fe11ce8 | ITER: 1 START
2019-11-19 09:31:58.543 352 RALLYDEBUG rally.task.runner [-] Starting a worker. concurrency: 1 args: {"repetitions": 2} times: 10 method_name: run timeout: 0 duration: None cls:
2019-11-19 09:31:58.544 350 INFO rally.task.runner [-] Task 691e217a-d321-4e53-af2d-50112fe11ce8 | ITER: 2 START
2019-11-19 09:31:58.548 351 INFO rally.task.runner [-] Task 691e217a-d321-4e53-af2d-50112fe11ce8 | ITER: 3 START
2019-11-19 09:31:58.550 352 INFO rally.task.runner [-] Task 691e217a-d321-4e53-af2d-50112fe11ce8 | ITER: 4 START
2019-11-19 09:31:59.307 352 INFO rally.task.runner [-] Task 691e217a-d321-4e53-af2d-50112fe11ce8 | ITER: 4 END: OK
2019-11-19 09:31:59.313 352 INFO rally.task.runner [-] Task 691e217a-d321-4e53-af2d-50112fe11ce8 | ITER: 5 START
2019-11-19 09:31:59.332 349 INFO rally.task.runner [-] Task 691e217a-d321-4e53-af2d-50112fe11ce8 | ITER: 1 END: OK
2019-11-19 09:31:59.337 349 INFO rally.task.runner [-] Task 691e217a-d321-4e53-af2d-50112fe11ce8 | ITER: 6 START
2019-11-19 09:31:59.371 351 INFO rally.task.runner [-] Task 691e217a-d321-4e53-af2d-50112fe11ce8 | ITER: 3 END: OK
2019-11-19 09:31:59.376 351 INFO rally.task.runner [-] Task 691e217a-d321-4e53-af2d-50112fe11ce8 | ITER: 7 START
2019-11-19 09:31:59.399 350 INFO rally.task.runner [-] Task 691e217a-d321-4e53-af2d-50112fe11ce8 | ITER: 2 END: OK
2019-11-19 09:31:59.405 350 INFO rally.task.runner [-] Task 691e217a-d321-4e53-af2d-50112fe11ce8 | ITER: 8 START
2019-11-19 09:31:59.883 352 INFO rally.task.runner [-] Task 691e217a-d321-4e53-af2d-50112fe11ce8 | ITER: 5 END: OK
2019-11-19 09:31:59.888 352 INFO rally.task.runner [-] Task 691e217a-d321-4e53-af2d-50112fe11ce8 | ITER: 9 START
2019-11-19 09:31:59.933 349 INFO rally.task.runner [-] Task 691e217a-d321-4e53-af2d-50112fe11ce8 | ITER: 6 END: OK
2019-11-19 09:31:59.935 350 INFO rally.task.runner [-] Task 691e217a-d321-4e53-af2d-50112fe11ce8 | ITER: 8 END: OK
2019-11-19 09:31:59.938 349 INFO rally.task.runner [-] Task 691e217a-d321-4e53-af2d-50112fe11ce8 | ITER: 10 START
2019-11-19 09:31:59.957 351 INFO rally.task.runner [-] Task 691e217a-d321-4e53-af2d-50112fe11ce8 | ITER: 7 END: OK
2019-11-19 09:32:00.422 349 INFO rally.task.runner [-] Task 691e217a-d321-4e53-af2d-50112fe11ce8 | ITER: 10 END: OK
2019-11-19 09:32:00.501 352 INFO rally.task.runner [-] Task 691e217a-d321-4e53-af2d-50112fe11ce8 | ITER: 9 END: OK
2019-11-19 09:32:00.528 17 INFO rally.task.context [-] Task 691e217a-d321-4e53-af2d-50112fe11ce8 | Context users@openstack cleanup() started
2019-11-19 09:32:05.182 17 INFO rally.task.context [-] Task 691e217a-d321-4e53-af2d-50112fe11ce8 | Context users@openstack cleanup() finished in 4.65 sec
2019-11-19 09:32:05.601 17 INFO rally.task.engine [-] Load duration is: 1.957723
2019-11-19 09:32:05.601 17 INFO rally.task.engine [-] Full runner duration is: 2.008036
2019-11-19 09:32:05.602 17 INFO rally.task.engine [-] Full duration is: 9.664674
2019-11-19 09:32:06.191 17 INFO rally.task.engine [-] Running workload: position = 0 config = { "version": 2, "title": "A cropped version of a bigger task.", "description": "Auto-generated task from a single workload (uuid=aba8c2d3-03ac-4777-8c37-e30add1f1c14)", "subtasks": [ { "title": "Authenticate.validate_heat", "description": "Check Heat Client to ensure validation of token.", "scenario": { "Authenticate.validate_heat": { "repetitions": 2 } }, "contexts": { "users": { "tenants": 3, "users_per_tenant": 2 } }, "runner": { "constant": { "concurrency": 4, "times": 10 } }, "hooks": [], "sla": { "failure_rate": { "max": 0 } } } ] }
2019-11-19 09:32:06.215 17 RALLYDEBUG rally_openstack.contexts.keystone.users [-] Creating 3 tenants using 20 threads
2019-11-19 09:32:07.264 17 RALLYDEBUG rally_openstack.contexts.keystone.users [-] Creating 6 users using 20 threads
2019-11-19 09:32:08.991 17 INFO rally.task.context [-] Task 691e217a-d321-4e53-af2d-50112fe11ce8 | Context users@openstack setup() finished in 2.78 sec
2019-11-19 09:32:09.001 17 RALLYDEBUG rally.task.runner [-] Starting the constant runner (task UUID: 691e217a-d321-4e53-af2d-50112fe11ce8). timeout: 0 concurrency: 4 concurrency_per_worker: 1 times: 10 concurrency_overhead: 0 processes_to_start: 4 max_cpu_used: 16
2019-11-19 09:32:09.014 453 RALLYDEBUG rally.task.runner [-] Starting a worker. concurrency: 1 args: {"repetitions": 2} times: 10 method_name: run timeout: 0 duration: None cls:
2019-11-19 09:32:09.018 454 RALLYDEBUG rally.task.runner [-] Starting a worker. concurrency: 1 args: {"repetitions": 2} times: 10 method_name: run timeout: 0 duration: None cls:
2019-11-19 09:32:09.022 453 INFO rally.task.runner [-] Task 691e217a-d321-4e53-af2d-50112fe11ce8 | ITER: 1 START
2019-11-19 09:32:09.021 455 RALLYDEBUG rally.task.runner [-] Starting a worker. concurrency: 1 args: {"repetitions": 2} times: 10 method_name: run timeout: 0 duration: None cls:
2019-11-19 09:32:09.024 456 RALLYDEBUG rally.task.runner [-] Starting a worker. concurrency: 1 args: {"repetitions": 2} times: 10 method_name: run timeout: 0 duration: None cls:
2019-11-19 09:32:09.025 454 INFO rally.task.runner [-] Task 691e217a-d321-4e53-af2d-50112fe11ce8 | ITER: 2 START
2019-11-19 09:32:09.029 455 INFO rally.task.runner [-] Task 691e217a-d321-4e53-af2d-50112fe11ce8 | ITER: 3 START
2019-11-19 09:32:09.031 456 INFO rally.task.runner [-] Task 691e217a-d321-4e53-af2d-50112fe11ce8 | ITER: 4 START
2019-11-19 09:32:10.822 454 INFO rally.task.runner [-] Task 691e217a-d321-4e53-af2d-50112fe11ce8 | ITER: 2 END: OK
2019-11-19 09:32:10.828 454 INFO rally.task.runner [-] Task 691e217a-d321-4e53-af2d-50112fe11ce8 | ITER: 5 START
2019-11-19 09:32:10.878 455 INFO rally.task.runner [-] Task 691e217a-d321-4e53-af2d-50112fe11ce8 | ITER: 3 END: OK
2019-11-19 09:32:10.883 455 INFO rally.task.runner [-] Task 691e217a-d321-4e53-af2d-50112fe11ce8 | ITER: 6 START
2019-11-19 09:32:10.900 456 INFO rally.task.runner [-] Task 691e217a-d321-4e53-af2d-50112fe11ce8 | ITER: 4 END: OK
2019-11-19 09:32:10.905 456 INFO rally.task.runner [-] Task 691e217a-d321-4e53-af2d-50112fe11ce8 | ITER: 7 START
2019-11-19 09:32:11.500 455 INFO rally.task.runner [-] Task 691e217a-d321-4e53-af2d-50112fe11ce8 | ITER: 6 END: OK
2019-11-19 09:32:11.504 455 INFO rally.task.runner [-] Task 691e217a-d321-4e53-af2d-50112fe11ce8 | ITER: 8 START
2019-11-19 09:32:11.644 456 INFO rally.task.runner [-] Task 691e217a-d321-4e53-af2d-50112fe11ce8 | ITER: 7 END: OK
2019-11-19 09:32:11.648 456 INFO rally.task.runner [-] Task 691e217a-d321-4e53-af2d-50112fe11ce8 | ITER: 9 START
2019-11-19 09:32:12.066 453 INFO rally.task.runner [-] Task 691e217a-d321-4e53-af2d-50112fe11ce8 | ITER: 1 END: OK
2019-11-19 09:32:12.072 453 INFO rally.task.runner [-] Task 691e217a-d321-4e53-af2d-50112fe11ce8 | ITER: 10 START
2019-11-19 09:32:12.263 456 INFO rally.task.runner [-] Task 691e217a-d321-4e53-af2d-50112fe11ce8 | ITER: 9 END: OK
2019-11-19 09:32:12.549 455 INFO rally.task.runner [-] Task 691e217a-d321-4e53-af2d-50112fe11ce8 | ITER: 8 END: OK
2019-11-19 09:32:12.550 453 INFO rally.task.runner [-] Task 691e217a-d321-4e53-af2d-50112fe11ce8 | ITER: 10 END: OK
2019-11-19 09:32:12.686 454 INFO rally.task.runner [-] Task 691e217a-d321-4e53-af2d-50112fe11ce8 | ITER: 5 END: OK
2019-11-19 09:32:12.710 17 INFO rally.task.context [-] Task 691e217a-d321-4e53-af2d-50112fe11ce8 | Context users@openstack cleanup() started
2019-11-19 09:32:17.256 17 INFO rally.task.context [-] Task 691e217a-d321-4e53-af2d-50112fe11ce8 | Context users@openstack cleanup() finished in 4.55 sec
2019-11-19 09:32:18.299 17 INFO rally.task.engine [-] Load duration is: 3.663337
2019-11-19 09:32:18.299 17 INFO rally.task.engine [-] Full runner duration is: 3.709026
2019-11-19 09:32:18.300 17 INFO rally.task.engine [-] Full duration is: 11.043639
2019-11-19 09:32:18.829 17 INFO rally.task.engine [-] Running workload: position = 0 config = { "version": 2, "title": "A cropped version of a bigger task.", "description": "Auto-generated task from a single workload (uuid=d64aaaa5-3e97-4c10-bf61-ff7aff2adef6)", "subtasks": [ { "title": "Authenticate.validate_neutron", "description": "Check Neutron Client to ensure validation of token.", "scenario": { "Authenticate.validate_neutron": { "repetitions": 2 } }, "contexts": { "users": { "tenants": 3, "users_per_tenant": 2 } }, "runner": { "constant": { "concurrency": 4, "times": 10 } }, "hooks": [], "sla": { "failure_rate": { "max": 0 } } } ] }
2019-11-19 09:32:18.858 17 RALLYDEBUG rally_openstack.contexts.keystone.users [-] Creating 3 tenants using 20 threads
2019-11-19 09:32:19.916 17 RALLYDEBUG rally_openstack.contexts.keystone.users [-] Creating 6 users using 20 threads
2019-11-19 09:32:21.560 17 INFO rally.task.context [-] Task 691e217a-d321-4e53-af2d-50112fe11ce8 | Context users@openstack setup() finished in 2.70 sec
2019-11-19 09:32:21.569 17 RALLYDEBUG rally.task.runner [-] Starting the constant runner (task UUID: 691e217a-d321-4e53-af2d-50112fe11ce8). timeout: 0 concurrency: 4 concurrency_per_worker: 1 times: 10 concurrency_overhead: 0 processes_to_start: 4 max_cpu_used: 16
2019-11-19 09:32:21.582 557 RALLYDEBUG rally.task.runner [-] Starting a worker. concurrency: 1 args: {"repetitions": 2} times: 10 method_name: run timeout: 0 duration: None cls:
2019-11-19 09:32:21.586 558 RALLYDEBUG rally.task.runner [-] Starting a worker. concurrency: 1 args: {"repetitions": 2} times: 10 method_name: run timeout: 0 duration: None cls:
2019-11-19 09:32:21.589 557 INFO rally.task.runner [-] Task 691e217a-d321-4e53-af2d-50112fe11ce8 | ITER: 1 START
2019-11-19 09:32:21.589 559 RALLYDEBUG rally.task.runner [-] Starting a worker. concurrency: 1 args: {"repetitions": 2} times: 10 method_name: run timeout: 0 duration: None cls:
2019-11-19 09:32:21.592 560 RALLYDEBUG rally.task.runner [-] Starting a worker. concurrency: 1 args: {"repetitions": 2} times: 10 method_name: run timeout: 0 duration: None cls:
2019-11-19 09:32:21.593 558 INFO rally.task.runner [-] Task 691e217a-d321-4e53-af2d-50112fe11ce8 | ITER: 2 START
2019-11-19 09:32:21.597 559 INFO rally.task.runner [-] Task 691e217a-d321-4e53-af2d-50112fe11ce8 | ITER: 3 START
2019-11-19 09:32:21.599 560 INFO rally.task.runner [-] Task 691e217a-d321-4e53-af2d-50112fe11ce8 | ITER: 4 START
2019-11-19 09:32:22.291 558 INFO rally.task.runner [-] Task 691e217a-d321-4e53-af2d-50112fe11ce8 | ITER: 2 END: OK
2019-11-19 09:32:22.297 558 INFO rally.task.runner [-] Task 691e217a-d321-4e53-af2d-50112fe11ce8 | ITER: 5 START
2019-11-19 09:32:22.364 557 INFO rally.task.runner [-] Task 691e217a-d321-4e53-af2d-50112fe11ce8 | ITER: 1 END: OK
2019-11-19 09:32:22.369 557 INFO rally.task.runner [-] Task 691e217a-d321-4e53-af2d-50112fe11ce8 | ITER: 6 START
2019-11-19 09:32:22.460 559 INFO rally.task.runner [-] Task 691e217a-d321-4e53-af2d-50112fe11ce8 | ITER: 3 END: OK
2019-11-19 09:32:22.465 559 INFO rally.task.runner [-] Task 691e217a-d321-4e53-af2d-50112fe11ce8 | ITER: 7 START
2019-11-19 09:32:22.468 560 INFO rally.task.runner [-] Task 691e217a-d321-4e53-af2d-50112fe11ce8 | ITER: 4 END: OK
2019-11-19 09:32:22.473 560 INFO rally.task.runner [-] Task 691e217a-d321-4e53-af2d-50112fe11ce8 | ITER: 8 START
2019-11-19 09:32:22.979 557 INFO rally.task.runner [-] Task 691e217a-d321-4e53-af2d-50112fe11ce8 | ITER: 6 END: OK
2019-11-19 09:32:22.983 557 INFO rally.task.runner [-] Task 691e217a-d321-4e53-af2d-50112fe11ce8 | ITER: 9 START
2019-11-19 09:32:23.100 558 INFO rally.task.runner [-] Task 691e217a-d321-4e53-af2d-50112fe11ce8 | ITER: 5 END: OK
2019-11-19 09:32:23.105 558 INFO rally.task.runner [-] Task 691e217a-d321-4e53-af2d-50112fe11ce8 | ITER: 10 START
2019-11-19 09:32:23.109 559 INFO rally.task.runner [-] Task 691e217a-d321-4e53-af2d-50112fe11ce8 | ITER: 7 END: OK
2019-11-19 09:32:23.240 560 INFO rally.task.runner [-] Task 691e217a-d321-4e53-af2d-50112fe11ce8 | ITER: 8 END: OK
2019-11-19 09:32:23.584 557 INFO rally.task.runner [-] Task 691e217a-d321-4e53-af2d-50112fe11ce8 | ITER: 9 END: OK
2019-11-19 09:32:23.713 558 INFO rally.task.runner [-] Task 691e217a-d321-4e53-af2d-50112fe11ce8 | ITER: 10 END: OK
2019-11-19 09:32:23.736 17 INFO rally.task.context [-] Task 691e217a-d321-4e53-af2d-50112fe11ce8 | Context users@openstack cleanup() started
2019-11-19 09:32:28.413 17 INFO rally.task.context [-] Task 691e217a-d321-4e53-af2d-50112fe11ce8 | Context users@openstack cleanup() finished in 4.68 sec
2019-11-19 09:32:28.926 17 INFO rally.task.engine [-] Load duration is: 2.122868
2019-11-19 09:32:28.927 17 INFO rally.task.engine [-] Full runner duration is: 2.166579
2019-11-19 09:32:28.927 17 INFO rally.task.engine [-] Full duration is: 9.559529
2019-11-19 09:32:29.444 17 INFO rally.task.engine [-] Running workload: position = 0 config = { "version": 2, "title": "A cropped version of a bigger task.", "description": "Auto-generated task from a single workload (uuid=c86e9305-6f72-4b6e-86c5-fb49f9690ed4)", "subtasks": [ { "title": "Authenticate.validate_nova", "description": "Check Nova Client to ensure validation of token.", "scenario": { "Authenticate.validate_nova": { "repetitions": 2 } }, "contexts": { "users": { "tenants": 3, "users_per_tenant": 2 } }, "runner": { "constant": { "concurrency": 4, "times": 10 } }, "hooks": [], "sla": { "failure_rate": { "max": 0 } } } ] }
2019-11-19 09:32:29.471 17 RALLYDEBUG rally_openstack.contexts.keystone.users [-] Creating 3 tenants using 20 threads
2019-11-19 09:32:30.492 17 RALLYDEBUG rally_openstack.contexts.keystone.users [-] Creating 6 users using 20 threads
2019-11-19 09:32:32.107 17 INFO rally.task.context [-] Task 691e217a-d321-4e53-af2d-50112fe11ce8 | Context users@openstack setup() finished in 2.64 sec
2019-11-19 09:32:32.116 17 RALLYDEBUG rally.task.runner [-] Starting the constant runner (task UUID: 691e217a-d321-4e53-af2d-50112fe11ce8). timeout: 0 concurrency: 4 concurrency_per_worker: 1 times: 10 concurrency_overhead: 0 processes_to_start: 4 max_cpu_used: 16
2019-11-19 09:32:32.129 661 RALLYDEBUG rally.task.runner [-] Starting a worker. concurrency: 1 args: {"repetitions": 2} times: 10 method_name: run timeout: 0 duration: None cls:
2019-11-19 09:32:32.131 662 RALLYDEBUG rally.task.runner [-] Starting a worker. concurrency: 1 args: {"repetitions": 2} times: 10 method_name: run timeout: 0 duration: None cls:
2019-11-19 09:32:32.135 663 RALLYDEBUG rally.task.runner [-] Starting a worker. concurrency: 1 args: {"repetitions": 2} times: 10 method_name: run timeout: 0 duration: None cls:
2019-11-19 09:32:32.136 664 RALLYDEBUG rally.task.runner [-] Starting a worker. concurrency: 1 args: {"repetitions": 2} times: 10 method_name: run timeout: 0 duration: None cls:
2019-11-19 09:32:32.137 661 INFO rally.task.runner [-] Task 691e217a-d321-4e53-af2d-50112fe11ce8 | ITER: 1 START
2019-11-19 09:32:32.138 662 INFO rally.task.runner [-] Task 691e217a-d321-4e53-af2d-50112fe11ce8 | ITER: 2 START
2019-11-19 09:32:32.141 664 INFO rally.task.runner [-] Task 691e217a-d321-4e53-af2d-50112fe11ce8 | ITER: 4 START
2019-11-19 09:32:32.143 663 INFO rally.task.runner [-] Task 691e217a-d321-4e53-af2d-50112fe11ce8 | ITER: 3 START
2019-11-19 09:32:32.585 661 DEBUG novaclient.v2.client [-] REQ: curl -g -i --cacert "/etc/ssl/certs/mcp_os_cacert" -X GET http://10.167.4.35:8774/v2.1/flavors/detail -H "Accept: application/json" -H "User-Agent: python-novaclient" -H "X-Auth-Token: {SHA1}87bbb9dc43261a3dffb154968df9327328b1dc30" _http_log_request /usr/lib/python2.7/site-packages/keystoneauth1/session.py:448
2019-11-19 09:32:32.590 664 DEBUG novaclient.v2.client [-] REQ: curl -g -i --cacert "/etc/ssl/certs/mcp_os_cacert" -X GET http://10.167.4.35:8774/v2.1/flavors/detail -H "Accept: application/json" -H "User-Agent: python-novaclient" -H "X-Auth-Token: {SHA1}335c56a2af7ca808c4743b6d1da577c390109b00" _http_log_request /usr/lib/python2.7/site-packages/keystoneauth1/session.py:448
2019-11-19 09:32:32.592 662 DEBUG novaclient.v2.client [-] REQ: curl -g -i --cacert "/etc/ssl/certs/mcp_os_cacert" -X GET http://10.167.4.35:8774/v2.1/flavors/detail -H "Accept: application/json" -H "User-Agent: python-novaclient" -H "X-Auth-Token: {SHA1}b3f1cc7150d675fac23adb199f5d1860117c0b21" _http_log_request /usr/lib/python2.7/site-packages/keystoneauth1/session.py:448
2019-11-19 09:32:32.596 663 DEBUG novaclient.v2.client [-] REQ: curl -g -i --cacert "/etc/ssl/certs/mcp_os_cacert" -X GET http://10.167.4.35:8774/v2.1/flavors/detail -H "Accept: application/json" -H "User-Agent: python-novaclient" -H "X-Auth-Token: {SHA1}815214495edbad5d75d13becd48ec8270d6841a1" _http_log_request /usr/lib/python2.7/site-packages/keystoneauth1/session.py:448
2019-11-19 09:32:32.707 664 DEBUG novaclient.v2.client [-] RESP: [200] Connection: close Content-Length: 1014 Content-Type: application/json Date: Tue, 19 Nov 2019 09:32:32 GMT Openstack-Api-Version: compute 2.1 Vary: OpenStack-API-Version, X-OpenStack-Nova-API-Version X-Compute-Request-Id: req-abb08d72-ea63-41e6-a9d2-9a87289ed399 X-Openstack-Nova-Api-Version: 2.1 X-Openstack-Request-Id: req-abb08d72-ea63-41e6-a9d2-9a87289ed399 _http_log_response /usr/lib/python2.7/site-packages/keystoneauth1/session.py:479
2019-11-19 09:32:32.707 664 DEBUG novaclient.v2.client [-] RESP BODY: {"flavors": [{"name": "rally_full-flavor_alt_b50ae61d-5f2c-4ada-a099-e8217206b20f", "links": [{"href": "http://10.167.4.35:8774/v2.1/flavors/60e2708e-5f00-42b2-b5b1-4b5d830d9665", "rel": "self"}, {"href": "http://10.167.4.35:8774/flavors/60e2708e-5f00-42b2-b5b1-4b5d830d9665", "rel": "bookmark"}], "ram": 1024, "OS-FLV-DISABLED:disabled": false, "vcpus": 1, "swap": "", "os-flavor-access:is_public": true, "rxtx_factor": 1.0, "OS-FLV-EXT-DATA:ephemeral": 0, "disk": 1, "id": "60e2708e-5f00-42b2-b5b1-4b5d830d9665"}, {"name": "rally_full-flavor_b50ae61d-5f2c-4ada-a099-e8217206b20f", "links": [{"href": "http://10.167.4.35:8774/v2.1/flavors/755eabc2-b573-462a-9d44-5ff58c70c243", "rel": "self"}, {"href": "http://10.167.4.35:8774/flavors/755eabc2-b573-462a-9d44-5ff58c70c243", "rel": "bookmark"}], "ram": 512, "OS-FLV-DISABLED:disabled": false, "vcpus": 1, "swap": "", "os-flavor-access:is_public": true, "rxtx_factor": 1.0, "OS-FLV-EXT-DATA:ephemeral": 0, "disk": 1, "id": "755eabc2-b573-462a-9d44-5ff58c70c243"}]} _http_log_response /usr/lib/python2.7/site-packages/keystoneauth1/session.py:511
2019-11-19 09:32:32.708 664 DEBUG novaclient.v2.client [-] GET call to compute for http://10.167.4.35:8774/v2.1/flavors/detail used request id req-abb08d72-ea63-41e6-a9d2-9a87289ed399 request /usr/lib/python2.7/site-packages/keystoneauth1/session.py:844
2019-11-19 09:32:32.709 664 DEBUG novaclient.v2.client [-] REQ: curl -g -i --cacert "/etc/ssl/certs/mcp_os_cacert" -X GET http://10.167.4.35:8774/v2.1/flavors/detail -H "Accept: application/json" -H "User-Agent: python-novaclient" -H "X-Auth-Token: {SHA1}335c56a2af7ca808c4743b6d1da577c390109b00" _http_log_request /usr/lib/python2.7/site-packages/keystoneauth1/session.py:448
2019-11-19 09:32:32.711 661 DEBUG novaclient.v2.client [-] RESP: [200] Connection: close Content-Length: 1014 Content-Type: application/json Date: Tue, 19 Nov 2019 09:32:32 GMT Openstack-Api-Version: compute 2.1 Vary: OpenStack-API-Version, X-OpenStack-Nova-API-Version X-Compute-Request-Id: req-5991be3a-2a3e-48d6-aafb-d68d12c75ac4 X-Openstack-Nova-Api-Version: 2.1 X-Openstack-Request-Id: req-5991be3a-2a3e-48d6-aafb-d68d12c75ac4 _http_log_response /usr/lib/python2.7/site-packages/keystoneauth1/session.py:479
2019-11-19 09:32:32.712 661 DEBUG novaclient.v2.client [-] RESP BODY: {"flavors": [{"name": "rally_full-flavor_alt_b50ae61d-5f2c-4ada-a099-e8217206b20f", "links": [{"href": "http://10.167.4.35:8774/v2.1/flavors/60e2708e-5f00-42b2-b5b1-4b5d830d9665", "rel": "self"}, {"href": "http://10.167.4.35:8774/flavors/60e2708e-5f00-42b2-b5b1-4b5d830d9665", "rel": "bookmark"}], "ram": 1024, "OS-FLV-DISABLED:disabled": false, "vcpus": 1, "swap": "", "os-flavor-access:is_public": true, "rxtx_factor": 1.0, "OS-FLV-EXT-DATA:ephemeral": 0, "disk": 1, "id": "60e2708e-5f00-42b2-b5b1-4b5d830d9665"}, {"name": "rally_full-flavor_b50ae61d-5f2c-4ada-a099-e8217206b20f", "links": [{"href": "http://10.167.4.35:8774/v2.1/flavors/755eabc2-b573-462a-9d44-5ff58c70c243", "rel": "self"}, {"href": "http://10.167.4.35:8774/flavors/755eabc2-b573-462a-9d44-5ff58c70c243", "rel": "bookmark"}], "ram": 512, "OS-FLV-DISABLED:disabled": false, "vcpus": 1, "swap": "", "os-flavor-access:is_public": true, "rxtx_factor": 1.0, "OS-FLV-EXT-DATA:ephemeral": 0, "disk": 1, "id": "755eabc2-b573-462a-9d44-5ff58c70c243"}]} _http_log_response /usr/lib/python2.7/site-packages/keystoneauth1/session.py:511
2019-11-19 09:32:32.713 661 DEBUG novaclient.v2.client [-] GET call to compute for http://10.167.4.35:8774/v2.1/flavors/detail used request id req-5991be3a-2a3e-48d6-aafb-d68d12c75ac4 request /usr/lib/python2.7/site-packages/keystoneauth1/session.py:844
2019-11-19 09:32:32.715 661 DEBUG novaclient.v2.client [-] REQ: curl -g -i --cacert "/etc/ssl/certs/mcp_os_cacert" -X GET http://10.167.4.35:8774/v2.1/flavors/detail -H "Accept: application/json" -H "User-Agent: python-novaclient" -H "X-Auth-Token: {SHA1}87bbb9dc43261a3dffb154968df9327328b1dc30" _http_log_request /usr/lib/python2.7/site-packages/keystoneauth1/session.py:448
2019-11-19 09:32:32.730 662 DEBUG novaclient.v2.client [-] RESP: [200] Connection: close Content-Length: 1014 Content-Type: application/json Date: Tue, 19 Nov 2019 09:32:32 GMT Openstack-Api-Version: compute 2.1 Vary: OpenStack-API-Version, X-OpenStack-Nova-API-Version X-Compute-Request-Id: req-15a26287-0d5c-42ce-823a-9ce25688307c X-Openstack-Nova-Api-Version: 2.1 X-Openstack-Request-Id: req-15a26287-0d5c-42ce-823a-9ce25688307c _http_log_response /usr/lib/python2.7/site-packages/keystoneauth1/session.py:479
2019-11-19 09:32:32.731 662 DEBUG novaclient.v2.client [-] RESP BODY: {"flavors": [{"name": "rally_full-flavor_alt_b50ae61d-5f2c-4ada-a099-e8217206b20f", "links": [{"href": "http://10.167.4.35:8774/v2.1/flavors/60e2708e-5f00-42b2-b5b1-4b5d830d9665", "rel": "self"}, {"href": "http://10.167.4.35:8774/flavors/60e2708e-5f00-42b2-b5b1-4b5d830d9665", "rel": "bookmark"}], "ram": 1024, "OS-FLV-DISABLED:disabled": false, "vcpus": 1, "swap": "", "os-flavor-access:is_public": true, "rxtx_factor": 1.0, "OS-FLV-EXT-DATA:ephemeral": 0, "disk": 1, "id": "60e2708e-5f00-42b2-b5b1-4b5d830d9665"}, {"name": "rally_full-flavor_b50ae61d-5f2c-4ada-a099-e8217206b20f", "links": [{"href": "http://10.167.4.35:8774/v2.1/flavors/755eabc2-b573-462a-9d44-5ff58c70c243", "rel": "self"}, {"href": "http://10.167.4.35:8774/flavors/755eabc2-b573-462a-9d44-5ff58c70c243", "rel": "bookmark"}], "ram": 512, "OS-FLV-DISABLED:disabled": false, "vcpus": 1, "swap": "", "os-flavor-access:is_public": true, "rxtx_factor": 1.0, "OS-FLV-EXT-DATA:ephemeral": 0, "disk": 1, "id": "755eabc2-b573-462a-9d44-5ff58c70c243"}]} _http_log_response /usr/lib/python2.7/site-packages/keystoneauth1/session.py:511
2019-11-19 09:32:32.731 662 DEBUG novaclient.v2.client [-] GET call to compute for http://10.167.4.35:8774/v2.1/flavors/detail used request id req-15a26287-0d5c-42ce-823a-9ce25688307c request /usr/lib/python2.7/site-packages/keystoneauth1/session.py:844
2019-11-19 09:32:32.732 662 DEBUG novaclient.v2.client [-] REQ: curl -g -i --cacert "/etc/ssl/certs/mcp_os_cacert" -X GET http://10.167.4.35:8774/v2.1/flavors/detail -H "Accept: application/json" -H "User-Agent: python-novaclient" -H "X-Auth-Token: {SHA1}b3f1cc7150d675fac23adb199f5d1860117c0b21" _http_log_request /usr/lib/python2.7/site-packages/keystoneauth1/session.py:448
2019-11-19 09:32:32.733 663 DEBUG novaclient.v2.client [-] RESP: [200] Connection: close Content-Length: 1014 Content-Type: application/json Date: Tue, 19 Nov 2019 09:32:32 GMT Openstack-Api-Version: compute 2.1 Vary: OpenStack-API-Version, X-OpenStack-Nova-API-Version X-Compute-Request-Id: req-0c7a9f39-b8f3-4d85-88e6-fb9457d072c0 X-Openstack-Nova-Api-Version: 2.1 X-Openstack-Request-Id: req-0c7a9f39-b8f3-4d85-88e6-fb9457d072c0 _http_log_response /usr/lib/python2.7/site-packages/keystoneauth1/session.py:479
2019-11-19 09:32:32.733 664 DEBUG novaclient.v2.client [-] RESP: [200] Connection: close Content-Length: 1014 Content-Type: application/json Date: Tue, 19 Nov 2019 09:32:32 GMT Openstack-Api-Version: compute 2.1 Vary: OpenStack-API-Version, X-OpenStack-Nova-API-Version X-Compute-Request-Id: req-5f90354c-8d68-48ec-b034-19bafae00afc X-Openstack-Nova-Api-Version: 2.1 X-Openstack-Request-Id: req-5f90354c-8d68-48ec-b034-19bafae00afc _http_log_response /usr/lib/python2.7/site-packages/keystoneauth1/session.py:479
2019-11-19 09:32:32.734 663 DEBUG novaclient.v2.client [-] RESP BODY: {"flavors": [{"name": "rally_full-flavor_alt_b50ae61d-5f2c-4ada-a099-e8217206b20f", "links": [{"href": "http://10.167.4.35:8774/v2.1/flavors/60e2708e-5f00-42b2-b5b1-4b5d830d9665", "rel": "self"}, {"href": "http://10.167.4.35:8774/flavors/60e2708e-5f00-42b2-b5b1-4b5d830d9665", "rel": "bookmark"}], "ram": 1024, "OS-FLV-DISABLED:disabled": false, "vcpus": 1, "swap": "", "os-flavor-access:is_public": true, "rxtx_factor": 1.0, "OS-FLV-EXT-DATA:ephemeral": 0, "disk": 1, "id": "60e2708e-5f00-42b2-b5b1-4b5d830d9665"}, {"name": "rally_full-flavor_b50ae61d-5f2c-4ada-a099-e8217206b20f", "links": [{"href": "http://10.167.4.35:8774/v2.1/flavors/755eabc2-b573-462a-9d44-5ff58c70c243", "rel": "self"}, {"href": "http://10.167.4.35:8774/flavors/755eabc2-b573-462a-9d44-5ff58c70c243", "rel": "bookmark"}], "ram": 512, "OS-FLV-DISABLED:disabled": false, "vcpus": 1, "swap": "", "os-flavor-access:is_public": true, "rxtx_factor": 1.0, "OS-FLV-EXT-DATA:ephemeral": 0, "disk": 1, "id": "755eabc2-b573-462a-9d44-5ff58c70c243"}]} _http_log_response /usr/lib/python2.7/site-packages/keystoneauth1/session.py:511
2019-11-19 09:32:32.734 663 DEBUG novaclient.v2.client [-] GET call to compute for http://10.167.4.35:8774/v2.1/flavors/detail used request id req-0c7a9f39-b8f3-4d85-88e6-fb9457d072c0 request /usr/lib/python2.7/site-packages/keystoneauth1/session.py:844
2019-11-19 09:32:32.734 664 DEBUG novaclient.v2.client [-] RESP BODY: {"flavors": [{"name": "rally_full-flavor_alt_b50ae61d-5f2c-4ada-a099-e8217206b20f", "links": [{"href": "http://10.167.4.35:8774/v2.1/flavors/60e2708e-5f00-42b2-b5b1-4b5d830d9665", "rel": "self"}, {"href": "http://10.167.4.35:8774/flavors/60e2708e-5f00-42b2-b5b1-4b5d830d9665", "rel": "bookmark"}], "ram": 1024, "OS-FLV-DISABLED:disabled": false, "vcpus": 1, "swap": "", "os-flavor-access:is_public": true, "rxtx_factor": 1.0, "OS-FLV-EXT-DATA:ephemeral": 0, "disk": 1, "id": "60e2708e-5f00-42b2-b5b1-4b5d830d9665"}, {"name": "rally_full-flavor_b50ae61d-5f2c-4ada-a099-e8217206b20f", "links": [{"href": "http://10.167.4.35:8774/v2.1/flavors/755eabc2-b573-462a-9d44-5ff58c70c243", "rel": "self"}, {"href": "http://10.167.4.35:8774/flavors/755eabc2-b573-462a-9d44-5ff58c70c243", "rel": "bookmark"}], "ram": 512, "OS-FLV-DISABLED:disabled": false, "vcpus": 1, "swap": "", "os-flavor-access:is_public": true, "rxtx_factor": 1.0, "OS-FLV-EXT-DATA:ephemeral": 0, "disk": 1, "id": "755eabc2-b573-462a-9d44-5ff58c70c243"}]} _http_log_response /usr/lib/python2.7/site-packages/keystoneauth1/session.py:511
2019-11-19 09:32:32.734 664 DEBUG novaclient.v2.client [-] GET call to compute for http://10.167.4.35:8774/v2.1/flavors/detail used request id req-5f90354c-8d68-48ec-b034-19bafae00afc request /usr/lib/python2.7/site-packages/keystoneauth1/session.py:844
2019-11-19 09:32:32.735 663 DEBUG novaclient.v2.client [-] REQ: curl -g -i --cacert "/etc/ssl/certs/mcp_os_cacert" -X GET http://10.167.4.35:8774/v2.1/flavors/detail -H "Accept: application/json" -H "User-Agent: python-novaclient" -H "X-Auth-Token: {SHA1}815214495edbad5d75d13becd48ec8270d6841a1" _http_log_request /usr/lib/python2.7/site-packages/keystoneauth1/session.py:448
2019-11-19 09:32:32.735 664 INFO rally.task.runner [-] Task 691e217a-d321-4e53-af2d-50112fe11ce8 | ITER: 4 END: OK
2019-11-19 09:32:32.736 661 DEBUG novaclient.v2.client [-] RESP: [200] Connection: close Content-Length: 1014 Content-Type: application/json Date: Tue, 19 Nov 2019 09:32:32 GMT Openstack-Api-Version: compute 2.1 Vary: OpenStack-API-Version, X-OpenStack-Nova-API-Version X-Compute-Request-Id: req-ef5556d8-ac68-4ba4-b159-04a64e399f2e X-Openstack-Nova-Api-Version: 2.1 X-Openstack-Request-Id: req-ef5556d8-ac68-4ba4-b159-04a64e399f2e _http_log_response /usr/lib/python2.7/site-packages/keystoneauth1/session.py:479
2019-11-19 09:32:32.736 661 DEBUG novaclient.v2.client [-] RESP BODY: {"flavors": [{"name": "rally_full-flavor_alt_b50ae61d-5f2c-4ada-a099-e8217206b20f", "links": [{"href": "http://10.167.4.35:8774/v2.1/flavors/60e2708e-5f00-42b2-b5b1-4b5d830d9665", "rel": "self"}, {"href": "http://10.167.4.35:8774/flavors/60e2708e-5f00-42b2-b5b1-4b5d830d9665", "rel": "bookmark"}], "ram": 1024, "OS-FLV-DISABLED:disabled": false, "vcpus": 1, "swap": "", "os-flavor-access:is_public": true, "rxtx_factor": 1.0, "OS-FLV-EXT-DATA:ephemeral": 0, "disk": 1, "id": "60e2708e-5f00-42b2-b5b1-4b5d830d9665"}, {"name": "rally_full-flavor_b50ae61d-5f2c-4ada-a099-e8217206b20f", "links": [{"href": "http://10.167.4.35:8774/v2.1/flavors/755eabc2-b573-462a-9d44-5ff58c70c243", "rel": "self"}, {"href": "http://10.167.4.35:8774/flavors/755eabc2-b573-462a-9d44-5ff58c70c243", "rel": "bookmark"}], "ram": 512, "OS-FLV-DISABLED:disabled": false, "vcpus": 1, "swap": "", "os-flavor-access:is_public": true, "rxtx_factor": 1.0, "OS-FLV-EXT-DATA:ephemeral": 0, "disk": 1, "id": "755eabc2-b573-462a-9d44-5ff58c70c243"}]} _http_log_response /usr/lib/python2.7/site-packages/keystoneauth1/session.py:511
2019-11-19 09:32:32.737 661 DEBUG novaclient.v2.client [-] GET call to compute for http://10.167.4.35:8774/v2.1/flavors/detail used request id req-ef5556d8-ac68-4ba4-b159-04a64e399f2e request /usr/lib/python2.7/site-packages/keystoneauth1/session.py:844
2019-11-19 09:32:32.738 661 INFO rally.task.runner [-] Task 691e217a-d321-4e53-af2d-50112fe11ce8 | ITER: 1 END: OK
2019-11-19 09:32:32.740 664 INFO rally.task.runner [-] Task 691e217a-d321-4e53-af2d-50112fe11ce8 | ITER: 5 START
2019-11-19 09:32:32.745 661 INFO rally.task.runner [-] Task 691e217a-d321-4e53-af2d-50112fe11ce8 | ITER: 6 START
2019-11-19 09:32:32.756 662 DEBUG novaclient.v2.client [-] RESP: [200] Connection: close Content-Length: 1014 Content-Type: application/json Date: Tue, 19 Nov 2019 09:32:32 GMT Openstack-Api-Version: compute 2.1 Vary: OpenStack-API-Version, X-OpenStack-Nova-API-Version X-Compute-Request-Id: req-4c56b681-cfac-4a41-8b09-7eb9e27d5eb6 X-Openstack-Nova-Api-Version: 2.1 X-Openstack-Request-Id: req-4c56b681-cfac-4a41-8b09-7eb9e27d5eb6 _http_log_response /usr/lib/python2.7/site-packages/keystoneauth1/session.py:479
2019-11-19 09:32:32.757 662 DEBUG novaclient.v2.client [-] RESP BODY: {"flavors": [{"name": "rally_full-flavor_alt_b50ae61d-5f2c-4ada-a099-e8217206b20f", "links": [{"href": "http://10.167.4.35:8774/v2.1/flavors/60e2708e-5f00-42b2-b5b1-4b5d830d9665", "rel": "self"}, {"href": "http://10.167.4.35:8774/flavors/60e2708e-5f00-42b2-b5b1-4b5d830d9665", "rel": "bookmark"}], "ram": 1024, "OS-FLV-DISABLED:disabled": false, "vcpus": 1, "swap": "", "os-flavor-access:is_public": true, "rxtx_factor": 1.0, "OS-FLV-EXT-DATA:ephemeral": 0, "disk": 1, "id": "60e2708e-5f00-42b2-b5b1-4b5d830d9665"}, {"name": "rally_full-flavor_b50ae61d-5f2c-4ada-a099-e8217206b20f", "links": [{"href": "http://10.167.4.35:8774/v2.1/flavors/755eabc2-b573-462a-9d44-5ff58c70c243", "rel": "self"}, {"href": "http://10.167.4.35:8774/flavors/755eabc2-b573-462a-9d44-5ff58c70c243", "rel": "bookmark"}], "ram": 512, "OS-FLV-DISABLED:disabled": false, "vcpus": 1, "swap": "", "os-flavor-access:is_public": true, "rxtx_factor": 1.0, "OS-FLV-EXT-DATA:ephemeral": 0, "disk": 1, "id": "755eabc2-b573-462a-9d44-5ff58c70c243"}]} _http_log_response /usr/lib/python2.7/site-packages/keystoneauth1/session.py:511
2019-11-19 09:32:32.757 662 DEBUG novaclient.v2.client [-] GET call to compute for http://10.167.4.35:8774/v2.1/flavors/detail used request id req-4c56b681-cfac-4a41-8b09-7eb9e27d5eb6 request /usr/lib/python2.7/site-packages/keystoneauth1/session.py:844
