2019-10-25 01:35:40.340 26149 RALLYDEBUG rally.api [-] INFO logs from urllib3 and requests module are hide.
2019-10-25 01:35:40.340 26149 RALLYDEBUG rally.api [-] urllib3 insecure warnings are hidden.
2019-10-25 01:35:40.340 26149 RALLYDEBUG rally.api [-] ERROR log from boto module is hide.
2019-10-25 01:35:43.009 26151 RALLYDEBUG rally.api [-] INFO logs from urllib3 and requests module are hide.
2019-10-25 01:35:43.009 26151 RALLYDEBUG rally.api [-] urllib3 insecure warnings are hidden.
2019-10-25 01:35:43.009 26151 RALLYDEBUG rally.api [-] ERROR log from boto module is hide.
2019-10-25 01:35:45.749 26153 RALLYDEBUG rally.api [-] INFO logs from urllib3 and requests module are hide.
2019-10-25 01:35:45.749 26153 RALLYDEBUG rally.api [-] urllib3 insecure warnings are hidden.
2019-10-25 01:35:45.749 26153 RALLYDEBUG rally.api [-] ERROR log from boto module is hide.
2019-10-25 01:35:49.374 26156 RALLYDEBUG rally.api [-] INFO logs from urllib3 and requests module are hide.
2019-10-25 01:35:49.374 26156 RALLYDEBUG rally.api [-] urllib3 insecure warnings are hidden.
2019-10-25 01:35:49.374 26156 RALLYDEBUG rally.api [-] ERROR log from boto module is hide.
2019-10-25 01:35:50.877 26158 RALLYDEBUG rally.api [-] INFO logs from urllib3 and requests module are hide.
2019-10-25 01:35:50.877 26158 RALLYDEBUG rally.api [-] urllib3 insecure warnings are hidden.
2019-10-25 01:35:50.877 26158 RALLYDEBUG rally.api [-] ERROR log from boto module is hide.
2019-10-25 01:35:52.331 26158 INFO rally.common.plugin.discover [-] Loading plugins from directories /root/.rally/plugins/*
2019-10-25 01:35:52.332 26158 INFO rally.common.plugin.discover [-] Loaded module with plugins: /root/.rally/plugins/__init__.py
2019-10-25 01:35:52.334 26158 INFO rally.common.plugin.discover [-] Loaded module with plugins: /root/.rally/plugins/trunk_scenario.py
2019-10-25 01:35:52.619 26158 INFO rally.task.engine [-] Task a261ca63-00c9-4a05-96a2-230c7c81717c | Starting: Task validation.
2019-10-25 01:35:52.659 26158 INFO rally.task.engine [-] Task a261ca63-00c9-4a05-96a2-230c7c81717c | Starting: Task validation of syntax.
2019-10-25 01:35:52.913 26158 INFO rally.task.engine [-] Task a261ca63-00c9-4a05-96a2-230c7c81717c | Completed: Task validation of syntax.
2019-10-25 01:35:52.913 26158 INFO rally.task.engine [-] Task a261ca63-00c9-4a05-96a2-230c7c81717c | Starting: Task validation of required platforms.
2019-10-25 01:35:52.988 26158 INFO rally.task.engine [-] Task a261ca63-00c9-4a05-96a2-230c7c81717c | Completed: Task validation of required platforms.
2019-10-25 01:35:52.988 26158 INFO rally.task.engine [-] Task a261ca63-00c9-4a05-96a2-230c7c81717c | Starting: Task validation of semantic.
2019-10-25 01:35:52.989 26158 INFO rally.task.engine [-] Check health of the environment '3424bf49-9882-4ba4-a7fd-61541979140e'.
2019-10-25 01:35:53.866 26158 INFO rally.task.engine [-] Platform existing@openstack (available: True): OK!
2019-10-25 01:35:53.887 26158 RALLYDEBUG rally_openstack.contexts.keystone.users [-] Creating 1 tenants using 20 threads
2019-10-25 01:35:54.788 26158 RALLYDEBUG rally_openstack.contexts.keystone.users [-] Creating 1 users using 20 threads
2019-10-25 01:35:56.253 26158 INFO rally.task.context [-] Task a261ca63-00c9-4a05-96a2-230c7c81717c | Context users@openstack setup() finished in 2.37 sec
2019-10-25 01:36:00.896 26158 INFO rally.task.context [-] Task a261ca63-00c9-4a05-96a2-230c7c81717c | Context users@openstack cleanup() started
2019-10-25 01:36:04.143 26158 INFO rally.task.context [-] Task a261ca63-00c9-4a05-96a2-230c7c81717c | Context users@openstack cleanup() finished in 3.25 sec
2019-10-25 01:36:04.143 26158 INFO rally.task.engine [-] Task a261ca63-00c9-4a05-96a2-230c7c81717c | Completed: Task validation of semantic.
2019-10-25 01:36:04.144 26158 INFO rally.task.engine [-] Task a261ca63-00c9-4a05-96a2-230c7c81717c | Completed: Task validation.
2019-10-25 01:36:04.144 26158 INFO rally.api [-] Task a261ca63-00c9-4a05-96a2-230c7c81717c input file is valid.
2019-10-25 01:36:04.144 26158 INFO rally.api [-] Run Task a261ca63-00c9-4a05-96a2-230c7c81717c against Deployment 3424bf49-9882-4ba4-a7fd-61541979140e
2019-10-25 01:36:04.145 26158 INFO rally.task.engine [-] Task a261ca63-00c9-4a05-96a2-230c7c81717c | Starting: Running task.
2019-10-25 01:36:04.320 26158 INFO rally.task.engine [-] Running workload: position = 0 config = { "version": 2, "title": "A cropped version of a bigger task.", "description": "Auto-generated task from a single workload (uuid=8261ec30-0855-4490-b419-4777f0fb4156)", "subtasks": [ { "title": "NeutronNetworks.create_and_list_networks", "description": "Check performance of list_networks action and ensure > network quotas are not exceeded", "scenario": { "NeutronNetworks.create_and_list_networks": {} }, "contexts": { "users": { "tenants": 1, "users_per_tenant": 1 }, "quotas": { "neutron": { "network": 119 } } }, "runner": { "constant": { "times": 100, "concurrency": 20 } }, "hooks": [], "sla": { "max_avg_duration_per_atomic": { "neutron.list_networks": 15 }, "failure_rate": { "max": 0 } } } ] }
2019-10-25 01:36:04.347 26158 RALLYDEBUG rally_openstack.contexts.keystone.users [-] Creating 1 tenants using 20 threads
2019-10-25 01:36:05.294 26158 RALLYDEBUG rally_openstack.contexts.keystone.users [-] Creating 1 users using 20 threads
2019-10-25 01:36:06.736 26158 INFO rally.task.context [-] Task a261ca63-00c9-4a05-96a2-230c7c81717c | Context users@openstack setup() finished in 2.39 sec
2019-10-25 01:36:07.305 26158 INFO rally.task.context [-] Task a261ca63-00c9-4a05-96a2-230c7c81717c | Context quotas@openstack setup() finished in 0.57 sec
2019-10-25 01:36:07.306 26158 INFO rally.task.context [-] Task a261ca63-00c9-4a05-96a2-230c7c81717c | Context cleanup@openstack setup() finished in 0.01 msec
2019-10-25 01:36:07.315 26158 RALLYDEBUG rally.task.runner [-] Starting the constant runner (task UUID: a261ca63-00c9-4a05-96a2-230c7c81717c). timeout: 0 concurrency: 20 concurrency_per_worker: 1 times: 100 concurrency_overhead: 4 processes_to_start: 16 max_cpu_used: 16
2019-10-25 01:36:07.328 26282 RALLYDEBUG rally.task.runner [-] Starting a worker. concurrency: 2 args: {} times: 100 method_name: run timeout: 0 duration: None cls:
2019-10-25 01:36:07.332 26283 RALLYDEBUG rally.task.runner [-] Starting a worker. concurrency: 2 args: {} times: 100 method_name: run timeout: 0 duration: None cls:
2019-10-25 01:36:07.334 26284 RALLYDEBUG rally.task.runner [-] Starting a worker. concurrency: 2 args: {} times: 100 method_name: run timeout: 0 duration: None cls:
2019-10-25 01:36:07.338 26285 RALLYDEBUG rally.task.runner [-] Starting a worker. concurrency: 2 args: {} times: 100 method_name: run timeout: 0 duration: None cls:
2019-10-25 01:36:07.336 26282 INFO rally.task.runner [-] Task a261ca63-00c9-4a05-96a2-230c7c81717c | ITER: 1 START
2019-10-25 01:36:07.341 26288 RALLYDEBUG rally.task.runner [-] Starting a worker. concurrency: 1 args: {} times: 100 method_name: run timeout: 0 duration: None cls:
2019-10-25 01:36:07.345 26285 INFO rally.task.runner [-] Task a261ca63-00c9-4a05-96a2-230c7c81717c | ITER: 7 START
2019-10-25 01:36:07.345 26283 INFO rally.task.runner [-] Task a261ca63-00c9-4a05-96a2-230c7c81717c | ITER: 3 START
2019-10-25 01:36:07.345 26284 INFO rally.task.runner [-] Task a261ca63-00c9-4a05-96a2-230c7c81717c | ITER: 4 START
2019-10-25 01:36:07.347 26288 INFO rally.task.runner [-] Task a261ca63-00c9-4a05-96a2-230c7c81717c | ITER: 8 START
2019-10-25 01:36:07.345 26291 RALLYDEBUG rally.task.runner [-] Starting a worker. concurrency: 1 args: {} times: 100 method_name: run timeout: 0 duration: None cls:
2019-10-25 01:36:07.347 26294 RALLYDEBUG rally.task.runner [-] Starting a worker. concurrency: 1 args: {} times: 100 method_name: run timeout: 0 duration: None cls:
2019-10-25 01:36:07.349 26283 INFO rally.task.runner [-] Task a261ca63-00c9-4a05-96a2-230c7c81717c | ITER: 5 START
2019-10-25 01:36:07.353 26291 INFO rally.task.runner [-] Task a261ca63-00c9-4a05-96a2-230c7c81717c | ITER: 10 START
2019-10-25 01:36:07.353 26300 RALLYDEBUG rally.task.runner [-] Starting a worker. concurrency: 1 args: {} times: 100 method_name: run timeout: 0 duration: None cls:
2019-10-25 01:36:07.355 26294 INFO rally.task.runner [-] Task a261ca63-00c9-4a05-96a2-230c7c81717c | ITER: 11 START
2019-10-25 01:36:07.355 26282 INFO rally.task.runner [-] Task a261ca63-00c9-4a05-96a2-230c7c81717c | ITER: 2 START
2019-10-25 01:36:07.358 26284 INFO rally.task.runner [-] Task a261ca63-00c9-4a05-96a2-230c7c81717c | ITER: 6 START
2019-10-25 01:36:07.361 26305 RALLYDEBUG rally.task.runner [-] Starting a worker. concurrency: 1 args: {} times: 100 method_name: run timeout: 0 duration: None cls:
2019-10-25 01:36:07.364 26308 RALLYDEBUG rally.task.runner [-] Starting a worker. concurrency: 1 args: {} times: 100 method_name: run timeout: 0 duration: None cls:
2019-10-25 01:36:07.361 26300 INFO rally.task.runner [-] Task a261ca63-00c9-4a05-96a2-230c7c81717c | ITER: 12 START
2019-10-25 01:36:07.366 26285 INFO rally.task.runner [-] Task a261ca63-00c9-4a05-96a2-230c7c81717c | ITER: 9 START
2019-10-25 01:36:07.369 26311 RALLYDEBUG rally.task.runner [-] Starting a worker. concurrency: 1 args: {} times: 100 method_name: run timeout: 0 duration: None cls:
2019-10-25 01:36:07.369 26305 INFO rally.task.runner [-] Task a261ca63-00c9-4a05-96a2-230c7c81717c | ITER: 13 START
2019-10-25 01:36:07.372 26313 RALLYDEBUG rally.task.runner [-] Starting a worker. concurrency: 1 args: {} times: 100 method_name: run timeout: 0 duration: None cls:
2019-10-25 01:36:07.375 26317 RALLYDEBUG rally.task.runner [-] Starting a worker. concurrency: 1 args: {} times: 100 method_name: run timeout: 0 duration: None cls:
2019-10-25 01:36:07.379 26308 INFO rally.task.runner [-] Task a261ca63-00c9-4a05-96a2-230c7c81717c | ITER: 14 START
2019-10-25 01:36:07.383 26317 INFO rally.task.runner [-] Task a261ca63-00c9-4a05-96a2-230c7c81717c | ITER: 17 START
2019-10-25 01:36:07.383 26311 INFO rally.task.runner [-] Task a261ca63-00c9-4a05-96a2-230c7c81717c | ITER: 15 START
2019-10-25 01:36:07.386 26313 INFO rally.task.runner [-] Task a261ca63-00c9-4a05-96a2-230c7c81717c | ITER: 16 START
2019-10-25 01:36:07.386 26322 RALLYDEBUG rally.task.runner [-] Starting a worker. concurrency: 1 args: {} times: 100 method_name: run timeout: 0 duration: None cls:
2019-10-25 01:36:07.390 26325 RALLYDEBUG rally.task.runner [-] Starting a worker. concurrency: 1 args: {} times: 100 method_name: run timeout: 0 duration: None cls:
2019-10-25 01:36:07.395 26322 INFO rally.task.runner [-] Task a261ca63-00c9-4a05-96a2-230c7c81717c | ITER: 18 START
2019-10-25 01:36:07.397 26327 RALLYDEBUG rally.task.runner [-] Starting a worker. concurrency: 1 args: {} times: 100 method_name: run timeout: 0 duration: None cls:
2019-10-25 01:36:07.398 26325 INFO rally.task.runner [-] Task a261ca63-00c9-4a05-96a2-230c7c81717c | ITER: 19 START
2019-10-25 01:36:07.404 26327 INFO rally.task.runner [-] Task a261ca63-00c9-4a05-96a2-230c7c81717c | ITER: 20 START
2019-10-25 01:36:08.269 26285 INFO rally.task.runner [-] Task a261ca63-00c9-4a05-96a2-230c7c81717c | ITER: 9 END: OK
2019-10-25 01:36:08.274 26285 INFO rally.task.runner [-] Task a261ca63-00c9-4a05-96a2-230c7c81717c | ITER: 21 START
2019-10-25 01:36:08.424 26283 INFO rally.task.runner [-] Task a261ca63-00c9-4a05-96a2-230c7c81717c | ITER: 3 END: OK
2019-10-25 01:36:08.428 26283 INFO rally.task.runner [-] Task a261ca63-00c9-4a05-96a2-230c7c81717c | ITER: 22 START
2019-10-25 01:36:08.473 26291 INFO rally.task.runner [-] Task a261ca63-00c9-4a05-96a2-230c7c81717c | ITER: 10 END: OK
2019-10-25 01:36:08.477 26291 INFO rally.task.runner [-] Task a261ca63-00c9-4a05-96a2-230c7c81717c | ITER: 23 START
2019-10-25 01:36:08.484 26294 INFO rally.task.runner [-] Task a261ca63-00c9-4a05-96a2-230c7c81717c | ITER: 11 END: OK
2019-10-25 01:36:08.488 26294 INFO rally.task.runner [-] Task a261ca63-00c9-4a05-96a2-230c7c81717c | ITER: 24 START
2019-10-25 01:36:08.697 26308 INFO rally.task.runner [-] Task a261ca63-00c9-4a05-96a2-230c7c81717c | ITER: 14 END: OK
2019-10-25 01:36:08.701 26308 INFO rally.task.runner [-] Task a261ca63-00c9-4a05-96a2-230c7c81717c | ITER: 25 START
2019-10-25 01:36:08.757 26322 INFO rally.task.runner [-] Task a261ca63-00c9-4a05-96a2-230c7c81717c | ITER: 18 END: OK
2019-10-25 01:36:08.761 26288 INFO rally.task.runner [-] Task a261ca63-00c9-4a05-96a2-230c7c81717c | ITER: 8 END: OK
2019-10-25 01:36:08.762 26322 INFO rally.task.runner [-] Task a261ca63-00c9-4a05-96a2-230c7c81717c | ITER: 26 START
2019-10-25 01:36:08.762 26284 INFO rally.task.runner [-] Task a261ca63-00c9-4a05-96a2-230c7c81717c | ITER: 4 END: OK
2019-10-25 01:36:08.765 26288 INFO rally.task.runner [-] Task a261ca63-00c9-4a05-96a2-230c7c81717c | ITER: 27 START
2019-10-25 01:36:08.767 26284 INFO rally.task.runner [-] Task a261ca63-00c9-4a05-96a2-230c7c81717c | ITER: 28 START
2019-10-25 01:36:08.769 26282 INFO rally.task.runner [-] Task a261ca63-00c9-4a05-96a2-230c7c81717c | ITER: 2 END: OK
2019-10-25 01:36:08.773 26282 INFO rally.task.runner [-] Task a261ca63-00c9-4a05-96a2-230c7c81717c | ITER: 29 START
2019-10-25 01:36:08.848 26325 INFO rally.task.runner [-] Task a261ca63-00c9-4a05-96a2-230c7c81717c | ITER: 19 END: OK
2019-10-25 01:36:08.852 26325 INFO rally.task.runner [-] Task a261ca63-00c9-4a05-96a2-230c7c81717c | ITER: 30 START
2019-10-25 01:36:08.853 26282 INFO rally.task.runner [-] Task a261ca63-00c9-4a05-96a2-230c7c81717c | ITER: 1 END: OK
2019-10-25 01:36:08.857 26282 INFO rally.task.runner [-] Task a261ca63-00c9-4a05-96a2-230c7c81717c | ITER: 31 START
2019-10-25 01:36:08.896 26313 INFO rally.task.runner [-] Task a261ca63-00c9-4a05-96a2-230c7c81717c | ITER: 16 END: OK
2019-10-25 01:36:08.900 26313 INFO rally.task.runner [-] Task a261ca63-00c9-4a05-96a2-230c7c81717c | ITER: 32 START
2019-10-25 01:36:08.917 26317 INFO rally.task.runner [-] Task a261ca63-00c9-4a05-96a2-230c7c81717c | ITER: 17 END: OK
2019-10-25 01:36:08.921 26317 INFO rally.task.runner [-] Task a261ca63-00c9-4a05-96a2-230c7c81717c | ITER: 33 START
2019-10-25 01:36:08.941 26284 INFO rally.task.runner [-] Task a261ca63-00c9-4a05-96a2-230c7c81717c | ITER: 6 END: OK
2019-10-25 01:36:08.944 26284 INFO rally.task.runner [-] Task a261ca63-00c9-4a05-96a2-230c7c81717c | ITER: 34 START
2019-10-25 01:36:08.957 26327 INFO rally.task.runner [-] Task a261ca63-00c9-4a05-96a2-230c7c81717c | ITER: 20 END: OK
2019-10-25 01:36:08.962 26327 INFO rally.task.runner [-] Task a261ca63-00c9-4a05-96a2-230c7c81717c | ITER: 35 START
2019-10-25 01:36:08.980 26283 INFO rally.task.runner [-] Task a261ca63-00c9-4a05-96a2-230c7c81717c | ITER: 5 END: OK
2019-10-25 01:36:08.984 26283 INFO rally.task.runner [-] Task a261ca63-00c9-4a05-96a2-230c7c81717c | ITER: 36 START
2019-10-25 01:36:09.158 26305 INFO rally.task.runner [-] Task a261ca63-00c9-4a05-96a2-230c7c81717c | ITER: 13 END: OK
2019-10-25 01:36:09.162 26305 INFO rally.task.runner [-] Task a261ca63-00c9-4a05-96a2-230c7c81717c | ITER: 37 START
2019-10-25 01:36:09.287 26291 INFO rally.task.runner [-] Task a261ca63-00c9-4a05-96a2-230c7c81717c | ITER: 23 END: OK
2019-10-25 01:36:09.291 26291 INFO rally.task.runner [-] Task a261ca63-00c9-4a05-96a2-230c7c81717c | ITER: 38 START
2019-10-25 01:36:09.473 26311 INFO rally.task.runner [-] Task a261ca63-00c9-4a05-96a2-230c7c81717c | ITER: 15 END: OK
2019-10-25 01:36:09.476 26311 INFO rally.task.runner [-] Task a261ca63-00c9-4a05-96a2-230c7c81717c | ITER: 39 START
2019-10-25 01:36:09.526 26300 INFO rally.task.runner [-] Task a261ca63-00c9-4a05-96a2-230c7c81717c | ITER: 12 END: OK
2019-10-25 01:36:09.531 26300 INFO rally.task.runner [-] Task a261ca63-00c9-4a05-96a2-230c7c81717c | ITER: 40 START
2019-10-25 01:36:09.531 26294 INFO rally.task.runner [-] Task a261ca63-00c9-4a05-96a2-230c7c81717c | ITER: 24 END: OK
2019-10-25 01:36:09.535 26294 INFO rally.task.runner [-] Task a261ca63-00c9-4a05-96a2-230c7c81717c | ITER: 41 START
2019-10-25 01:36:09.555 26285 INFO rally.task.runner [-] Task a261ca63-00c9-4a05-96a2-230c7c81717c | ITER: 7 END: OK
2019-10-25 01:36:09.558 26285 INFO rally.task.runner [-] Task a261ca63-00c9-4a05-96a2-230c7c81717c | ITER: 42 START
2019-10-25 01:36:09.721 26282 INFO rally.task.runner [-] Task a261ca63-00c9-4a05-96a2-230c7c81717c | ITER: 29 END: OK
2019-10-25 01:36:09.725 26282 INFO rally.task.runner [-] Task a261ca63-00c9-4a05-96a2-230c7c81717c | ITER: 43 START
2019-10-25 01:36:09.895 26285 INFO rally.task.runner [-] Task a261ca63-00c9-4a05-96a2-230c7c81717c | ITER: 21 END: OK
2019-10-25 01:36:09.899 26285 INFO rally.task.runner [-] Task a261ca63-00c9-4a05-96a2-230c7c81717c | ITER: 44 START
2019-10-25 01:36:09.929 26284 INFO rally.task.runner [-] Task a261ca63-00c9-4a05-96a2-230c7c81717c | ITER: 28 END: OK
2019-10-25 01:36:09.932 26284 INFO rally.task.runner [-] Task a261ca63-00c9-4a05-96a2-230c7c81717c | ITER: 45 START
2019-10-25 01:36:09.944 26317 INFO rally.task.runner [-] Task a261ca63-00c9-4a05-96a2-230c7c81717c | ITER: 33 END: OK
2019-10-25 01:36:09.947 26317 INFO rally.task.runner [-] Task a261ca63-00c9-4a05-96a2-230c7c81717c | ITER: 46 START
2019-10-25 01:36:10.010 26288 INFO rally.task.runner [-] Task a261ca63-00c9-4a05-96a2-230c7c81717c | ITER: 27 END: OK
2019-10-25 01:36:10.011 26283 INFO rally.task.runner [-] Task a261ca63-00c9-4a05-96a2-230c7c81717c | ITER: 22 END: OK
2019-10-25 01:36:10.014 26288 INFO rally.task.runner [-] Task a261ca63-00c9-4a05-96a2-230c7c81717c | ITER: 47 START
2019-10-25 01:36:10.015 26325 INFO rally.task.runner [-] Task a261ca63-00c9-4a05-96a2-230c7c81717c | ITER: 30 END: OK
2019-10-25 01:36:10.015 26283 INFO rally.task.runner [-] Task a261ca63-00c9-4a05-96a2-230c7c81717c | ITER: 48 START
2019-10-25 01:36:10.019 26325 INFO rally.task.runner [-] Task a261ca63-00c9-4a05-96a2-230c7c81717c | ITER: 49 START
2019-10-25 01:36:10.057 26322 INFO rally.task.runner [-] Task a261ca63-00c9-4a05-96a2-230c7c81717c | ITER: 26 END: OK
2019-10-25 01:36:10.061 26322 INFO rally.task.runner [-] Task a261ca63-00c9-4a05-96a2-230c7c81717c | ITER: 50 START
2019-10-25 01:36:10.144 26313 INFO rally.task.runner [-] Task a261ca63-00c9-4a05-96a2-230c7c81717c | ITER: 32 END: OK
2019-10-25 01:36:10.147 26313 INFO rally.task.runner [-] Task a261ca63-00c9-4a05-96a2-230c7c81717c | ITER: 51 START
2019-10-25 01:36:10.164 26327 INFO rally.task.runner [-] Task a261ca63-00c9-4a05-96a2-230c7c81717c | ITER: 35 END: OK
2019-10-25 01:36:10.168 26327 INFO rally.task.runner [-] Task a261ca63-00c9-4a05-96a2-230c7c81717c | ITER: 52 START
2019-10-25 01:36:10.218 26308 INFO rally.task.runner [-] Task a261ca63-00c9-4a05-96a2-230c7c81717c | ITER: 25 END: OK
2019-10-25 01:36:10.222 26308 INFO rally.task.runner [-] Task a261ca63-00c9-4a05-96a2-230c7c81717c | ITER: 53 START
2019-10-25 01:36:10.236 26305 INFO rally.task.runner [-] Task a261ca63-00c9-4a05-96a2-230c7c81717c | ITER: 37 END: OK
2019-10-25 01:36:10.240 26305 INFO rally.task.runner [-] Task a261ca63-00c9-4a05-96a2-230c7c81717c | ITER: 54 START
2019-10-25 01:36:10.443 26282 INFO rally.task.runner [-] Task a261ca63-00c9-4a05-96a2-230c7c81717c | ITER: 31 END: OK
2019-10-25 01:36:10.447 26282 INFO rally.task.runner [-] Task a261ca63-00c9-4a05-96a2-230c7c81717c | ITER: 55 START
2019-10-25 01:36:10.469 26291 INFO rally.task.runner [-] Task a261ca63-00c9-4a05-96a2-230c7c81717c | ITER: 38 END: OK
2019-10-25 01:36:10.472 26291 INFO rally.task.runner [-] Task a261ca63-00c9-4a05-96a2-230c7c81717c | ITER: 56 START
2019-10-25 01:36:10.496 26283 INFO rally.task.runner [-] Task a261ca63-00c9-4a05-96a2-230c7c81717c | ITER: 36 END: OK
2019-10-25 01:36:10.500 26283 INFO rally.task.runner [-] Task a261ca63-00c9-4a05-96a2-230c7c81717c | ITER: 57 START
2019-10-25 01:36:10.578 26311 INFO rally.task.runner [-] Task a261ca63-00c9-4a05-96a2-230c7c81717c | ITER: 39 END: OK
2019-10-25 01:36:10.582 26311 INFO rally.task.runner [-] Task a261ca63-00c9-4a05-96a2-230c7c81717c | ITER: 58 START
2019-10-25 01:36:10.675 26294 INFO rally.task.runner [-] Task a261ca63-00c9-4a05-96a2-230c7c81717c | ITER: 41 END: OK
2019-10-25 01:36:10.679 26294 INFO rally.task.runner [-] Task a261ca63-00c9-4a05-96a2-230c7c81717c | ITER: 59 START
2019-10-25 01:36:10.708 26300 INFO rally.task.runner [-] Task a261ca63-00c9-4a05-96a2-230c7c81717c | ITER: 40 END: OK
2019-10-25 01:36:10.712 26300 INFO rally.task.runner [-] Task a261ca63-00c9-4a05-96a2-230c7c81717c | ITER: 60 START
2019-10-25 01:36:10.793 26284 INFO rally.task.runner [-] Task a261ca63-00c9-4a05-96a2-230c7c81717c | ITER: 34 END: OK
2019-10-25 01:36:10.797 26284 INFO rally.task.runner [-] Task a261ca63-00c9-4a05-96a2-230c7c81717c | ITER: 61 START
2019-10-25 01:36:11.033 26283 INFO rally.task.runner [-] Task a261ca63-00c9-4a05-96a2-230c7c81717c | ITER: 48 END: OK
2019-10-25 01:36:11.036 26283 INFO rally.task.runner [-] Task a261ca63-00c9-4a05-96a2-230c7c81717c | ITER: 62 START
2019-10-25 01:36:11.072 26285 INFO rally.task.runner [-] Task a261ca63-00c9-4a05-96a2-230c7c81717c | ITER: 44 END: OK
2019-10-25 01:36:11.076 26285 INFO rally.task.runner [-] Task a261ca63-00c9-4a05-96a2-230c7c81717c | ITER: 63 START
2019-10-25 01:36:11.137 26285 INFO rally.task.runner [-] Task a261ca63-00c9-4a05-96a2-230c7c81717c | ITER: 42 END: OK
2019-10-25 01:36:11.140 26285 INFO rally.task.runner [-] Task a261ca63-00c9-4a05-96a2-230c7c81717c | ITER: 64 START
2019-10-25 01:36:11.149 26322 INFO rally.task.runner [-] Task a261ca63-00c9-4a05-96a2-230c7c81717c | ITER: 50 END: OK
2019-10-25 01:36:11.153 26322 INFO rally.task.runner [-] Task a261ca63-00c9-4a05-96a2-230c7c81717c | ITER: 65 START
2019-10-25 01:36:11.180 26288 INFO rally.task.runner [-] Task a261ca63-00c9-4a05-96a2-230c7c81717c | ITER: 47 END: OK
2019-10-25 01:36:11.182 26282 INFO rally.task.runner [-] Task a261ca63-00c9-4a05-96a2-230c7c81717c | ITER: 43 END: OK
2019-10-25 01:36:11.184 26288 INFO rally.task.runner [-] Task a261ca63-00c9-4a05-96a2-230c7c81717c | ITER: 66 START
2019-10-25 01:36:11.185 26282 INFO rally.task.runner [-] Task a261ca63-00c9-4a05-96a2-230c7c81717c | ITER: 67 START
2019-10-25 01:36:11.356 26313 INFO rally.task.runner [-] Task a261ca63-00c9-4a05-96a2-230c7c81717c | ITER: 51 END: OK
2019-10-25 01:36:11.360 26313 INFO rally.task.runner [-] Task a261ca63-00c9-4a05-96a2-230c7c81717c | ITER: 68 START
2019-10-25 01:36:11.444 26308 INFO rally.task.runner [-] Task a261ca63-00c9-4a05-96a2-230c7c81717c | ITER: 53 END: OK
2019-10-25 01:36:11.448 26308 INFO rally.task.runner [-] Task a261ca63-00c9-4a05-96a2-230c7c81717c | ITER: 69 START
2019-10-25 01:36:11.523 26327 INFO rally.task.runner [-] Task a261ca63-00c9-4a05-96a2-230c7c81717c | ITER: 52 END: OK
2019-10-25 01:36:11.527 26327 INFO rally.task.runner [-] Task a261ca63-00c9-4a05-96a2-230c7c81717c | ITER: 70 START
2019-10-25 01:36:11.568 26311 INFO rally.task.runner [-] Task a261ca63-00c9-4a05-96a2-230c7c81717c | ITER: 58 END: OK
2019-10-25 01:36:11.571 26311 INFO rally.task.runner [-] Task a261ca63-00c9-4a05-96a2-230c7c81717c | ITER: 71 START
2019-10-25 01:36:11.584 26282 INFO rally.task.runner [-] Task a261ca63-00c9-4a05-96a2-230c7c81717c | ITER: 55 END: OK
2019-10-25 01:36:11.587 26282 INFO rally.task.runner [-] Task a261ca63-00c9-4a05-96a2-230c7c81717c | ITER: 72 START
2019-10-25 01:36:11.700 26291 INFO rally.task.runner [-] Task a261ca63-00c9-4a05-96a2-230c7c81717c | ITER: 56 END: OK
2019-10-25 01:36:11.704 26291 INFO rally.task.runner [-] Task a261ca63-00c9-4a05-96a2-230c7c81717c | ITER: 73 START
2019-10-25 01:36:11.738 26317 INFO rally.task.runner [-] Task a261ca63-00c9-4a05-96a2-230c7c81717c | ITER: 46 END: OK
2019-10-25 01:36:11.742 26317 INFO rally.task.runner [-] Task a261ca63-00c9-4a05-96a2-230c7c81717c | ITER: 74 START
2019-10-25 01:36:11.811 26305 INFO rally.task.runner [-] Task a261ca63-00c9-4a05-96a2-230c7c81717c | ITER: 54 END: OK
2019-10-25 01:36:11.815 26305 INFO rally.task.runner [-] Task a261ca63-00c9-4a05-96a2-230c7c81717c | ITER: 75 START
2019-10-25 01:36:12.089 26325 INFO rally.task.runner [-] Task a261ca63-00c9-4a05-96a2-230c7c81717c | ITER: 49 END: OK
2019-10-25 01:36:12.093 26325 INFO rally.task.runner [-] Task a261ca63-00c9-4a05-96a2-230c7c81717c | ITER: 76 START
2019-10-25 01:36:12.093 26300 INFO rally.task.runner [-] Task a261ca63-00c9-4a05-96a2-230c7c81717c | ITER: 60 END: OK
2019-10-25 01:36:12.097 26300 INFO rally.task.runner [-] Task a261ca63-00c9-4a05-96a2-230c7c81717c | ITER: 77 START
2019-10-25 01:36:12.123 26284 INFO rally.task.runner [-] Task a261ca63-00c9-4a05-96a2-230c7c81717c | ITER: 61 END: OK
2019-10-25 01:36:12.126 26284 INFO rally.task.runner [-] Task a261ca63-00c9-4a05-96a2-230c7c81717c | ITER: 78 START
2019-10-25 01:36:12.141 26284 INFO rally.task.runner [-] Task a261ca63-00c9-4a05-96a2-230c7c81717c | ITER: 45 END: OK
2019-10-25 01:36:12.146 26284 INFO rally.task.runner [-] Task a261ca63-00c9-4a05-96a2-230c7c81717c | ITER: 79 START
2019-10-25 01:36:12.231 26294 INFO rally.task.runner [-] Task a261ca63-00c9-4a05-96a2-230c7c81717c | ITER: 59 END: OK
2019-10-25 01:36:12.235 26294 INFO rally.task.runner [-] Task a261ca63-00c9-4a05-96a2-230c7c81717c | ITER: 80 START
2019-10-25 01:36:12.269 26283 INFO rally.task.runner [-] Task a261ca63-00c9-4a05-96a2-230c7c81717c | ITER: 57 END: OK
2019-10-25 01:36:12.273 26283 INFO rally.task.runner [-] Task a261ca63-00c9-4a05-96a2-230c7c81717c | ITER: 81 START
2019-10-25 01:36:12.398 26285 INFO rally.task.runner [-] Task a261ca63-00c9-4a05-96a2-230c7c81717c | ITER: 64 END: OK
2019-10-25 01:36:12.402 26285 INFO rally.task.runner [-] Task a261ca63-00c9-4a05-96a2-230c7c81717c | ITER: 82 START
2019-10-25 01:36:12.576 26283 INFO rally.task.runner [-] Task a261ca63-00c9-4a05-96a2-230c7c81717c | ITER: 62 END: OK
2019-10-25 01:36:12.580 26283 INFO rally.task.runner [-] Task a261ca63-00c9-4a05-96a2-230c7c81717c | ITER: 83 START
2019-10-25 01:36:12.617 26282 INFO rally.task.runner [-] Task a261ca63-00c9-4a05-96a2-230c7c81717c | ITER: 67 END: OK
2019-10-25 01:36:12.621 26282 INFO rally.task.runner [-] Task a261ca63-00c9-4a05-96a2-230c7c81717c | ITER: 84 START
2019-10-25 01:36:12.669 26285 INFO rally.task.runner [-] Task a261ca63-00c9-4a05-96a2-230c7c81717c | ITER: 63 END: OK
2019-10-25 01:36:12.673 26285 INFO rally.task.runner [-] Task a261ca63-00c9-4a05-96a2-230c7c81717c | ITER: 85 START
2019-10-25 01:36:12.938 26311 INFO rally.task.runner [-] Task a261ca63-00c9-4a05-96a2-230c7c81717c | ITER: 71 END: OK
2019-10-25 01:36:12.941 26311 INFO rally.task.runner [-] Task a261ca63-00c9-4a05-96a2-230c7c81717c | ITER: 86 START
2019-10-25 01:36:13.101 26322 INFO rally.task.runner [-] Task a261ca63-00c9-4a05-96a2-230c7c81717c | ITER: 65 END: OK
2019-10-25 01:36:13.104 26322 INFO rally.task.runner [-] Task a261ca63-00c9-4a05-96a2-230c7c81717c | ITER: 87 START
2019-10-25 01:36:13.111 26282 INFO rally.task.runner [-] Task a261ca63-00c9-4a05-96a2-230c7c81717c | ITER: 72 END: OK
2019-10-25 01:36:13.115 26282 INFO rally.task.runner [-] Task a261ca63-00c9-4a05-96a2-230c7c81717c | ITER: 88 START
2019-10-25 01:36:13.123 26313 INFO rally.task.runner [-] Task a261ca63-00c9-4a05-96a2-230c7c81717c | ITER: 68 END: OK
2019-10-25 01:36:13.124 26327 INFO rally.task.runner [-] Task a261ca63-00c9-4a05-96a2-230c7c81717c | ITER: 70 END: OK
2019-10-25 01:36:13.126 26313 INFO rally.task.runner [-] Task a261ca63-00c9-4a05-96a2-230c7c81717c | ITER: 89 START
2019-10-25 01:36:13.127 26327 INFO rally.task.runner [-] Task a261ca63-00c9-4a05-96a2-230c7c81717c | ITER: 90 START
2019-10-25 01:36:13.222 26325 INFO rally.task.runner [-] Task a261ca63-00c9-4a05-96a2-230c7c81717c | ITER: 76 END: OK
2019-10-25 01:36:13.226 26325 INFO rally.task.runner [-] Task a261ca63-00c9-4a05-96a2-230c7c81717c | ITER: 91 START
2019-10-25 01:36:13.256 26308 INFO rally.task.runner [-] Task a261ca63-00c9-4a05-96a2-230c7c81717c | ITER: 69 END: OK
2019-10-25 01:36:13.259 26308 INFO rally.task.runner [-] Task a261ca63-00c9-4a05-96a2-230c7c81717c | ITER: 92 START
2019-10-25 01:36:13.281 26291 INFO rally.task.runner [-] Task a261ca63-00c9-4a05-96a2-230c7c81717c | ITER: 73 END: OK
2019-10-25 01:36:13.285 26291 INFO rally.task.runner [-] Task a261ca63-00c9-4a05-96a2-230c7c81717c | ITER: 93 START
2019-10-25 01:36:13.333 26284 INFO rally.task.runner [-] Task a261ca63-00c9-4a05-96a2-230c7c81717c | ITER: 79 END: OK
2019-10-25 01:36:13.337 26284 INFO rally.task.runner [-] Task a261ca63-00c9-4a05-96a2-230c7c81717c | ITER: 94 START
2019-10-25 01:36:13.346 26305 INFO rally.task.runner [-] Task a261ca63-00c9-4a05-96a2-230c7c81717c | ITER: 75 END: OK
2019-10-25 01:36:13.350 26305 INFO rally.task.runner [-] Task a261ca63-00c9-4a05-96a2-230c7c81717c | ITER: 95 START
2019-10-25 01:36:13.364 26317 INFO rally.task.runner [-] Task a261ca63-00c9-4a05-96a2-230c7c81717c | ITER: 74 END: OK
2019-10-25 01:36:13.367 26317 INFO rally.task.runner [-] Task a261ca63-00c9-4a05-96a2-230c7c81717c | ITER: 96 START
2019-10-25 01:36:13.480 26300 INFO rally.task.runner [-] Task a261ca63-00c9-4a05-96a2-230c7c81717c | ITER: 77 END: OK
2019-10-25 01:36:13.484 26300 INFO rally.task.runner [-] Task a261ca63-00c9-4a05-96a2-230c7c81717c | ITER: 97 START
2019-10-25 01:36:13.684 26283 INFO rally.task.runner [-] Task a261ca63-00c9-4a05-96a2-230c7c81717c | ITER: 81 END: OK
2019-10-25 01:36:13.688 26283 INFO rally.task.runner [-] Task a261ca63-00c9-4a05-96a2-230c7c81717c | ITER: 98 START
2019-10-25 01:36:13.725 26288 INFO rally.task.runner [-] Task a261ca63-00c9-4a05-96a2-230c7c81717c | ITER: 66 END: OK
2019-10-25 01:36:13.729 26288 INFO rally.task.runner [-] Task a261ca63-00c9-4a05-96a2-230c7c81717c | ITER: 99 START
2019-10-25 01:36:13.780 26294 INFO rally.task.runner [-] Task a261ca63-00c9-4a05-96a2-230c7c81717c | ITER: 80 END: OK
2019-10-25 01:36:13.784 26294 INFO rally.task.runner [-] Task a261ca63-00c9-4a05-96a2-230c7c81717c | ITER: 100 START
2019-10-25 01:36:13.984 26311 INFO rally.task.runner [-] Task a261ca63-00c9-4a05-96a2-230c7c81717c | ITER: 86 END: OK
2019-10-25 01:36:14.209 26283 INFO rally.task.runner [-] Task a261ca63-00c9-4a05-96a2-230c7c81717c | ITER: 83 END: OK
2019-10-25 01:36:14.233 26313 INFO rally.task.runner [-] Task a261ca63-00c9-4a05-96a2-230c7c81717c | ITER: 89 END: OK
2019-10-25 01:36:14.345 26284 INFO rally.task.runner [-] Task a261ca63-00c9-4a05-96a2-230c7c81717c | ITER: 78 END: OK
2019-10-25 01:36:14.346 26285 INFO rally.task.runner [-] Task a261ca63-00c9-4a05-96a2-230c7c81717c | ITER: 82 END: OK
2019-10-25 01:36:14.382 26282 INFO rally.task.runner [-] Task a261ca63-00c9-4a05-96a2-230c7c81717c | ITER: 84 END: OK
2019-10-25 01:36:14.498 26282 INFO rally.task.runner [-] Task a261ca63-00c9-4a05-96a2-230c7c81717c | ITER: 88 END: OK
2019-10-25 01:36:14.503 26327 INFO rally.task.runner [-] Task a261ca63-00c9-4a05-96a2-230c7c81717c | ITER: 90 END: OK
2019-10-25 01:36:14.530 26325 INFO rally.task.runner [-] Task a261ca63-00c9-4a05-96a2-230c7c81717c | ITER: 91 END: OK
2019-10-25 01:36:14.530 26285 INFO rally.task.runner [-] Task a261ca63-00c9-4a05-96a2-230c7c81717c | ITER: 85 END: OK
2019-10-25 01:36:14.544 26322 INFO rally.task.runner [-] Task a261ca63-00c9-4a05-96a2-230c7c81717c | ITER: 87 END: OK
2019-10-25 01:36:14.697 26308 INFO rally.task.runner [-] Task a261ca63-00c9-4a05-96a2-230c7c81717c | ITER: 92 END: OK
2019-10-25 01:36:14.834 26317 INFO rally.task.runner [-] Task a261ca63-00c9-4a05-96a2-230c7c81717c | ITER: 96 END: OK
2019-10-25 01:36:14.840 26284 INFO rally.task.runner [-] Task a261ca63-00c9-4a05-96a2-230c7c81717c | ITER: 94 END: OK
2019-10-25 01:36:14.851 26291 INFO rally.task.runner [-] Task a261ca63-00c9-4a05-96a2-230c7c81717c | ITER: 93 END: OK
2019-10-25 01:36:14.894 26305 INFO rally.task.runner [-] Task a261ca63-00c9-4a05-96a2-230c7c81717c | ITER: 95 END: OK
2019-10-25 01:36:15.043 26283 INFO rally.task.runner [-] Task a261ca63-00c9-4a05-96a2-230c7c81717c | ITER: 98 END: OK
2019-10-25 01:36:15.074 26300 INFO rally.task.runner [-] Task a261ca63-00c9-4a05-96a2-230c7c81717c | ITER: 97 END: OK
2019-10-25 01:36:15.083 26294 INFO rally.task.runner [-] Task a261ca63-00c9-4a05-96a2-230c7c81717c | ITER: 100 END: OK
2019-10-25 01:36:15.664 26288 INFO rally.task.runner [-] Task a261ca63-00c9-4a05-96a2-230c7c81717c | ITER: 99 END: OK
2019-10-25 01:36:15.685 26158 INFO rally.task.context [-] Task a261ca63-00c9-4a05-96a2-230c7c81717c | Context cleanup@openstack cleanup() started
2019-10-25 01:36:15.688 26158 RALLYDEBUG rally_openstack.cleanup.manager [-] Cleaning up neutron vip objects
2019-10-25 01:36:16.080 26158 RALLYDEBUG rally_openstack.cleanup.manager [-] Cleaning up neutron health_monitor objects
2019-10-25 01:36:16.494 26158 RALLYDEBUG rally_openstack.cleanup.manager [-] Cleaning up neutron pool objects
2019-10-25 01:36:16.898 26158 RALLYDEBUG rally_openstack.cleanup.manager [-] Cleaning up neutron loadbalancer objects
2019-10-25 01:36:17.286 26158 RALLYDEBUG rally_openstack.cleanup.manager [-] Cleaning up neutron floatingip objects
2019-10-25 01:36:17.713 26158 RALLYDEBUG rally_openstack.cleanup.manager [-] Cleaning up neutron trunk objects
2019-10-25 01:36:18.124 26158 RALLYDEBUG rally_openstack.cleanup.manager [-] Cleaning up neutron port objects
2019-10-25 01:36:18.527 26158 RALLYDEBUG rally_openstack.cleanup.manager [-] Cleaning up neutron subnet objects
2019-10-25 01:36:18.952 26158 RALLYDEBUG rally_openstack.cleanup.manager [-] Cleaning up neutron network objects
2019-10-25 01:36:19.948 26158 RALLYDEBUG rally_openstack.cleanup.manager [-] Deleting neutron.network object s_rally_8261ec30_RuiDDe17 (23efcebd-d2c9-4e51-9871-046cb1e2f2d6)
2019-10-25 01:36:19.949 26158 RALLYDEBUG rally_openstack.cleanup.manager [-] Deleting neutron.network object s_rally_8261ec30_l21HS0DE (0260bccf-bb32-428e-80b3-34d3d128103f)
2019-10-25 01:36:19.954 26158 RALLYDEBUG rally_openstack.cleanup.manager [-] Deleting neutron.network object s_rally_8261ec30_uU0dvNbw (0a60ecd6-374b-48d3-9d66-8cd6484ae9fc)
2019-10-25 01:36:19.965 26158 RALLYDEBUG rally_openstack.cleanup.manager [-] Deleting neutron.network object s_rally_8261ec30_fF8Qs4UQ (22b05af1-4506-4fe5-b996-71a64b978cc5)
2019-10-25 01:36:19.967 26158 RALLYDEBUG rally_openstack.cleanup.manager [-] Deleting neutron.network object s_rally_8261ec30_iqpmCoYa (16cc5cf4-06f5-4c41-9d4a-923f8f5e502d)
2019-10-25 01:36:19.968 26158 RALLYDEBUG rally_openstack.cleanup.manager [-] Deleting neutron.network object s_rally_8261ec30_PNoREMXq (0b08df7a-7255-4488-82e9-af711301d444)
2019-10-25 01:36:19.971 26158 RALLYDEBUG rally_openstack.cleanup.manager [-] Deleting neutron.network object s_rally_8261ec30_ylUJ0epO (1dfa7ced-bcc7-4091-bc9a-84d4dc01f218)
2019-10-25 01:36:19.971 26158 RALLYDEBUG rally_openstack.cleanup.manager [-] Deleting neutron.network object s_rally_8261ec30_gSAO1uDQ (1c678341-aa0f-4d76-bab9-067c0334718e)
2019-10-25 01:36:19.971 26158 RALLYDEBUG rally_openstack.cleanup.manager [-] Deleting neutron.network object s_rally_8261ec30_uitIFVx4 (00aaf275-d410-41c7-9b90-18c6e08c3c02)
2019-10-25 01:36:19.976 26158 RALLYDEBUG rally_openstack.cleanup.manager [-] Deleting neutron.network object s_rally_8261ec30_F9UemHga (125fc3ae-0159-44e9-8d9c-fadbc73e8894)
2019-10-25 01:36:19.976 26158 RALLYDEBUG rally_openstack.cleanup.manager [-] Deleting neutron.network object s_rally_8261ec30_Jz7lB803 (2a0178b3-af17-4323-aa73-206899f62012)
2019-10-25 01:36:19.980 26158 RALLYDEBUG rally_openstack.cleanup.manager [-] Deleting neutron.network object s_rally_8261ec30_ORNKcv39 (25d5d78c-3c10-44b8-b81d-a4e3a9bfd92a)
2019-10-25 01:36:19.986 26158 RALLYDEBUG rally_openstack.cleanup.manager [-] Deleting neutron.network object s_rally_8261ec30_nKhiiRpl (29aa2033-2ff9-4129-8a26-a317d84a06c5)
2019-10-25 01:36:19.986 26158 RALLYDEBUG rally_openstack.cleanup.manager [-] Deleting neutron.network object s_rally_8261ec30_gtQVgVO2 (080cefc8-89ff-40aa-a82b-e89c0f1a07bd)
2019-10-25 01:36:19.989 26158 RALLYDEBUG rally_openstack.cleanup.manager [-] Deleting neutron.network object s_rally_8261ec30_5tLkNWzn (0ad91ba1-9573-4cf9-883a-5c9280deaaf1)
2019-10-25 01:36:19.989 26158 RALLYDEBUG rally_openstack.cleanup.manager [-] Deleting neutron.network object s_rally_8261ec30_EBeVJZUy (254d89df-27ce-4155-85a3-b8cbf93377b5)
2019-10-25 01:36:19.990 26158 RALLYDEBUG rally_openstack.cleanup.manager [-] Deleting neutron.network object s_rally_8261ec30_uBDj9zTW (0fe07f65-219a-441a-8f83-58431233d6f3)
2019-10-25 01:36:19.994 26158 RALLYDEBUG rally_openstack.cleanup.manager [-] Deleting neutron.network object s_rally_8261ec30_sE4kBxik (2143f897-0711-4528-abd2-102b00ff552b)
2019-10-25 01:36:19.990 26158 RALLYDEBUG rally_openstack.cleanup.manager [-] Deleting neutron.network object s_rally_8261ec30_wrTN1MIV (186f94b9-f7aa-4d68-83b5-09d45c02ab10)
2019-10-25 01:36:19.999 26158 RALLYDEBUG rally_openstack.cleanup.manager [-] Deleting neutron.network object s_rally_8261ec30_LBn3G9Xt (0bf44320-ab4c-4afc-adbc-3be1773995e9)
2019-10-25 01:36:21.999 26158 RALLYDEBUG rally_openstack.cleanup.manager [-] Deleting neutron.network object s_rally_8261ec30_0wYdDc7C (2ac8e8c2-13a9-4851-811c-fa57209fbf78)
2019-10-25 01:36:22.119 26158 RALLYDEBUG rally_openstack.cleanup.manager [-] Deleting neutron.network object s_rally_8261ec30_d2A0D0J1 (302e3302-6731-494e-8dea-176688b21d62)
2019-10-25 01:36:22.279 26158 RALLYDEBUG rally_openstack.cleanup.manager [-] Deleting neutron.network object s_rally_8261ec30_EzwCfPzQ (30b3a3d8-9371-4bd3-87a8-f141c85c51f8)
2019-10-25 01:36:22.287 26158 RALLYDEBUG rally_openstack.cleanup.manager [-] Deleting neutron.network object s_rally_8261ec30_mKKCL4dh (32bec78c-cb51-4ebb-9ec7-88882e079152)
2019-10-25 01:36:22.597 26158 RALLYDEBUG rally_openstack.cleanup.manager [-] Deleting neutron.network object s_rally_8261ec30_KYi79urW (3475c805-3fcc-49bb-a58d-11c103eee5ab)
2019-10-25 01:36:22.729 26158 RALLYDEBUG rally_openstack.cleanup.manager [-] Deleting neutron.network object s_rally_8261ec30_a9PClBlG (349471b7-33b1-4157-8e5c-e86d816b0522)
2019-10-25 01:36:22.766 26158 RALLYDEBUG rally_openstack.cleanup.manager [-] Deleting neutron.network object s_rally_8261ec30_KC3zTh9O (34c7fa64-2787-4a4b-b171-adde69ecc28e)
2019-10-25 01:36:22.804 26158 RALLYDEBUG rally_openstack.cleanup.manager [-] Deleting neutron.network object s_rally_8261ec30_hNWxYthR (3582f42c-8abe-43e3-8442-612fe2abaeae)
2019-10-25 01:36:22.813 26158 RALLYDEBUG rally_openstack.cleanup.manager [-] Deleting neutron.network object s_rally_8261ec30_jWQgWzci (3602e722-c461-403c-85b0-99ab8e314e5a)
2019-10-25 01:36:22.838 26158 RALLYDEBUG rally_openstack.cleanup.manager [-] Deleting neutron.network object s_rally_8261ec30_WJkEyP3c (376bcd8a-1a2e-4c5f-a7e8-322e2f64b3c9)
2019-10-25 01:36:22.851 26158 RALLYDEBUG rally_openstack.cleanup.manager [-] Deleting neutron.network object s_rally_8261ec30_bTB8uART (384bb20b-c865-4ceb-9624-fc8156b2005f)
2019-10-25 01:36:22.889 26158 RALLYDEBUG rally_openstack.cleanup.manager [-] Deleting neutron.network object s_rally_8261ec30_n1AQF1zf (38c8e0b5-b86f-4729-8003-b999b01acd77)
2019-10-25 01:36:22.935 26158 RALLYDEBUG rally_openstack.cleanup.manager [-] Deleting neutron.network object s_rally_8261ec30_5Iqczmbs (3a36b7d0-8a37-4c6f-a3dd-c04c43e3ae14)
2019-10-25 01:36:22.965 26158 RALLYDEBUG rally_openstack.cleanup.manager [-] Deleting neutron.network object s_rally_8261ec30_W1ObLcHS (3e3c7a96-87cd-49fa-bbe4-9c3ebfe3f9f4)
2019-10-25 01:36:23.042 26158 RALLYDEBUG rally_openstack.cleanup.manager [-] Deleting neutron.network object s_rally_8261ec30_oJ4Ml4N2 (3e554f8d-565c-4508-96e8-bb04f3b71800)
2019-10-25 01:36:23.064 26158 RALLYDEBUG rally_openstack.cleanup.manager [-] Deleting neutron.network object s_rally_8261ec30_PAZgT477 (3f5c323b-390d-4824-b64c-6c01ea920d15)
2019-10-25 01:36:23.141 26158 RALLYDEBUG rally_openstack.cleanup.manager [-] Deleting neutron.network object s_rally_8261ec30_NPHoOBGe (40dfd395-d4e8-4d9b-8c29-d61c757de266)
2019-10-25 01:36:23.191 26158 RALLYDEBUG rally_openstack.cleanup.manager [-] Deleting neutron.network object s_rally_8261ec30_YHeLMWPz (41b24b95-99ea-4d54-8c71-1479f8cdacac)
2019-10-25 01:36:23.247 26158 RALLYDEBUG rally_openstack.cleanup.manager [-] Deleting neutron.network object s_rally_8261ec30_m3kXSd2V (4342ac51-eba5-43c4-829f-b057c1813265)
2019-10-25 01:36:23.798 26158 RALLYDEBUG rally_openstack.cleanup.manager [-] Deleting neutron.network object s_rally_8261ec30_PPbVSEd3 (45dc76f1-8fdd-46dd-809b-7f342937e220)
2019-10-25 01:36:24.036 26158 RALLYDEBUG rally_openstack.cleanup.manager [-] Deleting neutron.network object s_rally_8261ec30_qMoob7iZ (469791a4-5258-47eb-bf4d-31189f8b7d26)
2019-10-25 01:36:24.064 26158 RALLYDEBUG rally_openstack.cleanup.manager [-] Deleting neutron.network object s_rally_8261ec30_x6lLOXAD (4b77ea89-f2b2-4857-b3bc-0ae33dab7707)
2019-10-25 01:36:24.239 26158 RALLYDEBUG rally_openstack.cleanup.manager [-] Deleting neutron.network object s_rally_8261ec30_rGQDlm4w (4d7f7e55-1c95-44a6-a96b-56391fec89d5)
2019-10-25 01:36:24.313 26158 RALLYDEBUG rally_openstack.cleanup.manager [-] Deleting neutron.network object s_rally_8261ec30_ihE72XlU (51ed41bc-b815-427c-9e53-5bfd3d3e1387)
2019-10-25 01:36:24.746 26158 RALLYDEBUG rally_openstack.cleanup.manager [-] Deleting neutron.network object s_rally_8261ec30_SNfmPOxH (55fac7f0-4b80-41b4-9db4-d2c0e1abf51f)
2019-10-25 01:36:24.892 26158 RALLYDEBUG rally_openstack.cleanup.manager [-] Deleting neutron.network object s_rally_8261ec30_WddWblJD (59ffccdb-f786-4629-b7e4-daf5822ea4a6)
2019-10-25 01:36:24.945 26158 RALLYDEBUG rally_openstack.cleanup.manager [-] Deleting neutron.network object s_rally_8261ec30_KjKMsA8f (6139e30b-f730-4fb8-97e2-bff071b8b0dd)
2019-10-25 01:36:25.108 26158 RALLYDEBUG rally_openstack.cleanup.manager [-] Deleting neutron.network object s_rally_8261ec30_jvpmVW1H (63c8907e-c6b2-46da-9097-d7e179caf173)
2019-10-25 01:36:25.210 26158 RALLYDEBUG rally_openstack.cleanup.manager [-] Deleting neutron.network object s_rally_8261ec30_Pna2q68E (6d5c90e4-c8c1-4583-91c2-a68c5d868575)
2019-10-25 01:36:25.254 26158 RALLYDEBUG rally_openstack.cleanup.manager [-] Deleting neutron.network object s_rally_8261ec30_my6dsNsC (71610644-e2c6-4c61-83c1-8b9e6970ab2e)
2019-10-25 01:36:25.389 26158 RALLYDEBUG rally_openstack.cleanup.manager [-] Deleting neutron.network object s_rally_8261ec30_Crts1vb8 (74f0b9ff-fa13-4805-80d5-137b413a2577)
2019-10-25 01:36:25.406 26158 RALLYDEBUG rally_openstack.cleanup.manager [-] Deleting neutron.network object s_rally_8261ec30_ie6lkCyn (753145d1-3e4b-4451-945a-3e6a9378ccc0)
2019-10-25 01:36:25.525 26158 RALLYDEBUG rally_openstack.cleanup.manager [-] Deleting neutron.network object s_rally_8261ec30_SI1ADCwZ (792e9cfa-c560-44c5-8660-d090734ec963)
2019-10-25 01:36:25.527 26158 RALLYDEBUG rally_openstack.cleanup.manager [-] Deleting neutron.network object s_rally_8261ec30_owtSHwI6 (7c3bc3e4-44b6-41fc-978c-7c7dc69f1a24)
2019-10-25 01:36:25.573 26158 RALLYDEBUG rally_openstack.cleanup.manager [-] Deleting neutron.network object s_rally_8261ec30_6KUMJ4A4 (7c45bb9e-022d-4db4-af4e-5e0954cdca3b)
2019-10-25 01:36:25.677 26158 RALLYDEBUG rally_openstack.cleanup.manager [-] Deleting neutron.network object s_rally_8261ec30_E3EmFPZO (80321952-e56e-40bd-a2b2-d688be56f2a9)
2019-10-25 01:36:25.717 26158 RALLYDEBUG rally_openstack.cleanup.manager [-] Deleting neutron.network object s_rally_8261ec30_zqkwL7lB (8d18c6ac-4ebd-4e97-9112-0922fc16f4a5)
2019-10-25 01:36:25.818 26158 RALLYDEBUG rally_openstack.cleanup.manager [-] Deleting neutron.network object s_rally_8261ec30_kpfH8III (8e21392f-8c8f-4f7b-a859-5aecb7fb693c)
2019-10-25 01:36:25.878 26158 RALLYDEBUG rally_openstack.cleanup.manager [-] Deleting neutron.network object s_rally_8261ec30_cIYMnQTv (956127a6-506e-46b9-b677-6d999ac6574e)
2019-10-25 01:36:25.999 26158 RALLYDEBUG rally_openstack.cleanup.manager [-] Deleting neutron.network object s_rally_8261ec30_KadW8JgU (9af05ff7-1251-4374-9305-75d9ca59526a)
2019-10-25 01:36:26.173 26158 RALLYDEBUG rally_openstack.cleanup.manager [-] Deleting neutron.network object s_rally_8261ec30_I2UnuFmj (9c279d21-edb8-40c9-87e7-6601b74b72fa)
2019-10-25 01:36:26.339 26158 RALLYDEBUG rally_openstack.cleanup.manager [-] Deleting neutron.network object s_rally_8261ec30_TUbhWx1R (9f5e5ba9-46ae-4231-a6ed-2a861b0f6a32)
2019-10-25 01:36:26.561 26158 RALLYDEBUG rally_openstack.cleanup.manager [-] Deleting neutron.network object s_rally_8261ec30_Duoy5Mx1 (a14e69d9-72e6-4d07-8e2e-ba3967af4578)
2019-10-25 01:36:26.570 26158 RALLYDEBUG rally_openstack.cleanup.manager [-] Deleting neutron.network object s_rally_8261ec30_v6OD0MaY (a35f0723-c21f-4725-8d1d-a2797cac4f29)
2019-10-25 01:36:26.643 26158 RALLYDEBUG rally_openstack.cleanup.manager [-] Deleting neutron.network object s_rally_8261ec30_5idRwHDD (a669d0b0-fc23-4ff1-af5c-663f622c54a4)
2019-10-25 01:36:26.885 26158 RALLYDEBUG rally_openstack.cleanup.manager [-] Deleting neutron.network object s_rally_8261ec30_K2MIoh2U (a860249d-36eb-46cb-bcf7-bb9307f4398b)
2019-10-25 01:36:27.200 26158 RALLYDEBUG rally_openstack.cleanup.manager [-] Deleting neutron.network object s_rally_8261ec30_C5DAHpsh (abc98472-53a5-4e3c-b813-61bfdf108681)
2019-10-25 01:36:27.229 26158 RALLYDEBUG rally_openstack.cleanup.manager [-] Deleting neutron.network object s_rally_8261ec30_9QR3EUb8 (abf09ad1-e630-4414-a6b8-1d3cc9b59f42)
2019-10-25 01:36:27.291 26158 RALLYDEBUG rally_openstack.cleanup.manager [-] Deleting neutron.network object s_rally_8261ec30_qskKQc1o (b8869111-95b4-479b-ba59-e9953867a777)
2019-10-25 01:36:27.398 26158 RALLYDEBUG rally_openstack.cleanup.manager [-] Deleting neutron.network object s_rally_8261ec30_tPsSpCcG (baad1aa7-4ad8-47e3-9d6b-02e92893ccc0)
2019-10-25 01:36:27.518 26158 RALLYDEBUG rally_openstack.cleanup.manager [-] Deleting neutron.network object s_rally_8261ec30_dq4SSg5h (bbdeda10-4ca0-42a3-948e-63a4b4a2b898)
2019-10-25 01:36:27.529 26158 RALLYDEBUG rally_openstack.cleanup.manager [-] Deleting neutron.network object s_rally_8261ec30_pxxsAY6T (bd8f20ec-266c-4264-9a3c-0ca87b22488b)
2019-10-25 01:36:27.583 26158 RALLYDEBUG rally_openstack.cleanup.manager [-] Deleting neutron.network object s_rally_8261ec30_ypRovTcQ (c0561f76-aa93-4803-a26e-1b15ea3c1456)
2019-10-25 01:36:27.799 26158 RALLYDEBUG rally_openstack.cleanup.manager [-] Deleting neutron.network object s_rally_8261ec30_dzqQq26J (c170073e-c5af-4fdc-92da-21472f0c7f4c)
2019-10-25 01:36:27.898 26158 RALLYDEBUG rally_openstack.cleanup.manager [-] Deleting neutron.network object s_rally_8261ec30_ZhvHni2P (c19754ae-c5fa-49e0-8d76-493d800ff6d4)
2019-10-25 01:36:27.937 26158 RALLYDEBUG rally_openstack.cleanup.manager [-] Deleting neutron.network object s_rally_8261ec30_nZBLUkLv (c51eabb6-2813-47ef-a5b1-e90c85ccc1d6)
2019-10-25 01:36:27.997 26158 RALLYDEBUG rally_openstack.cleanup.manager [-] Deleting neutron.network object s_rally_8261ec30_XqbrZhAP (c6afe609-cc14-46c7-be15-55946c8f8941)
2019-10-25 01:36:28.103 26158 RALLYDEBUG rally_openstack.cleanup.manager [-] Deleting neutron.network object s_rally_8261ec30_skubfO7a (c6e750d3-1d9d-4150-a0e3-505b25e98aef)
2019-10-25 01:36:28.164 26158 RALLYDEBUG rally_openstack.cleanup.manager [-] Deleting neutron.network object s_rally_8261ec30_dGTCus9x (cbd5c4bb-9cc9-4d08-a131-72fdf3f01a3b)
2019-10-25 01:36:28.173 26158 RALLYDEBUG rally_openstack.cleanup.manager [-] Deleting neutron.network object s_rally_8261ec30_vsrcuuTf (d16a4e0c-e6a3-45cb-b0fa-c424da3f6fde)
2019-10-25 01:36:28.302 26158 RALLYDEBUG rally_openstack.cleanup.manager [-] Deleting neutron.network object s_rally_8261ec30_er6zYFDU (d28079d3-bf56-4e22-b4cf-150d47009b2c)
2019-10-25 01:36:28.524 26158 RALLYDEBUG rally_openstack.cleanup.manager [-] Deleting neutron.network object s_rally_8261ec30_I1KWB3iL (d6965134-2328-4d51-9d4c-0eb9ad11481b)
2019-10-25 01:36:28.618 26158 RALLYDEBUG rally_openstack.cleanup.manager [-] Deleting neutron.network object s_rally_8261ec30_Ko3uB1xr (db6172e3-96a2-4321-b222-127e826420bd)
2019-10-25 01:36:28.652 26158 RALLYDEBUG rally_openstack.cleanup.manager [-] Deleting neutron.network object s_rally_8261ec30_nNcCQDyf (ddddb195-8bb2-4960-b654-ffd03c31522d)
2019-10-25 01:36:28.960 26158 RALLYDEBUG rally_openstack.cleanup.manager [-] Deleting neutron.network object s_rally_8261ec30_8XSzenel (e0606a1c-06a9-49df-8951-c7d440202e72)
2019-10-25 01:36:29.028 26158 RALLYDEBUG rally_openstack.cleanup.manager [-] Deleting neutron.network object s_rally_8261ec30_tvlTqOB8 (e2c29cc4-5506-42bd-8e71-212055123eed)
2019-10-25 01:36:29.164 26158 RALLYDEBUG rally_openstack.cleanup.manager [-] Deleting neutron.network object s_rally_8261ec30_CnxGtXVw (e5940e99-350b-45c6-a092-5dc28751c7f6)
2019-10-25 01:36:29.198 26158 RALLYDEBUG rally_openstack.cleanup.manager [-] Deleting neutron.network object s_rally_8261ec30_PmALWEj5 (e9e42d6d-5c97-43da-be0d-f469eba5b885)
2019-10-25 01:36:29.526 26158 RALLYDEBUG rally_openstack.cleanup.manager [-] Deleting neutron.network object s_rally_8261ec30_ineaeOpZ (f069eb4e-6ce0-4f67-99b7-d7734f370487)
2019-10-25 01:36:29.564 26158 RALLYDEBUG rally_openstack.cleanup.manager [-] Deleting neutron.network object s_rally_8261ec30_BCRZrgxx (f091a034-3d27-4b53-a1bc-a90d4d3926b5)
2019-10-25 01:36:29.573 26158 RALLYDEBUG rally_openstack.cleanup.manager [-] Deleting neutron.network object s_rally_8261ec30_vEh40I6l (f1612b51-2363-46d2-b11b-7efe3d3435c1)
2019-10-25 01:36:29.604 26158 RALLYDEBUG rally_openstack.cleanup.manager [-] Deleting neutron.network object s_rally_8261ec30_fZvOdri4 (f2bee91d-26ac-46be-8342-64f8432739b0)
2019-10-25 01:36:29.771 26158 RALLYDEBUG rally_openstack.cleanup.manager [-] Deleting neutron.network object s_rally_8261ec30_9MhMlWxJ (f3c37f34-3d9b-4da4-82b8-b181e41154aa)
2019-10-25 01:36:29.913 26158 RALLYDEBUG rally_openstack.cleanup.manager [-] Deleting neutron.network object s_rally_8261ec30_ChIe4L6d (f5b18915-4635-4d9b-a2cc-d3bed9baad6f)
2019-10-25 01:36:29.992 26158 RALLYDEBUG rally_openstack.cleanup.manager [-] Deleting neutron.network object s_rally_8261ec30_aSej0ek5 (f82ceccd-9128-494f-b96f-a2348c4fc339)
2019-10-25 01:36:30.017 26158 RALLYDEBUG rally_openstack.cleanup.manager [-] Deleting neutron.network object s_rally_8261ec30_A8XkZ6uO (f9ec6f49-9e88-4ee8-a1a3-45f35ff046f1)
