2019-10-25 01:40:12.478 28363 RALLYDEBUG rally.task.runner [-] Starting a worker. concurrency: 1 args: {"network_create_args": {}, "subnet_create_args": {}, "subnet_cidr_start": "1.1.0.0/30", "subnets_per_network": 2} times: 40 method_name: run timeout: 0 duration: None cls:
2019-10-25 01:40:12.480 28356 WARNING rally_openstack.scenarios.neutron.utils [-] Running this scenario without either the 'network' or 'existing_network' context is deprecated
2019-10-25 01:40:12.480 28355 INFO rally.task.runner [-] Task a261ca63-00c9-4a05-96a2-230c7c81717c | ITER: 9 START
2019-10-25 01:40:12.481 28355 WARNING rally_openstack.scenarios.neutron.utils [-] Running this scenario without either the 'network' or 'existing_network' context is deprecated
2019-10-25 01:40:12.482 28355 WARNING rally_openstack.scenarios.neutron.utils [-] Running this scenario without either the 'network' or 'existing_network' context is deprecated
2019-10-25 01:40:12.482 28368 RALLYDEBUG rally.task.runner [-] Starting a worker. concurrency: 1 args: {"network_create_args": {}, "subnet_create_args": {}, "subnet_cidr_start": "1.1.0.0/30", "subnets_per_network": 2} times: 40 method_name: run timeout: 0 duration: None cls:
2019-10-25 01:40:12.484 28360 INFO rally.task.runner [-] Task a261ca63-00c9-4a05-96a2-230c7c81717c | ITER: 10 START
2019-10-25 01:40:12.485 28360 WARNING rally_openstack.scenarios.neutron.utils [-] Running this scenario without either the 'network' or 'existing_network' context is deprecated
2019-10-25 01:40:12.484 28371 RALLYDEBUG rally.task.runner [-] Starting a worker. concurrency: 1 args: {"network_create_args": {}, "subnet_create_args": {}, "subnet_cidr_start": "1.1.0.0/30", "subnets_per_network": 2} times: 40 method_name: run timeout: 0 duration: None cls:
2019-10-25 01:40:12.486 28363 INFO rally.task.runner [-] Task a261ca63-00c9-4a05-96a2-230c7c81717c | ITER: 11 START
2019-10-25 01:40:12.488 28363 WARNING rally_openstack.scenarios.neutron.utils [-] Running this scenario without either the 'network' or 'existing_network' context is deprecated
2019-10-25 01:40:12.484 28352 INFO rally.task.runner [-] Task a261ca63-00c9-4a05-96a2-230c7c81717c | ITER: 3 START
2019-10-25 01:40:12.489 28352 WARNING rally_openstack.scenarios.neutron.utils [-] Running this scenario without either the 'network' or 'existing_network' context is deprecated
2019-10-25 01:40:12.490 28368 INFO rally.task.runner [-] Task a261ca63-00c9-4a05-96a2-230c7c81717c | ITER: 12 START
2019-10-25 01:40:12.489 28374 RALLYDEBUG rally.task.runner [-] Starting a worker. concurrency: 1 args: {"network_create_args": {}, "subnet_create_args": {}, "subnet_cidr_start": "1.1.0.0/30", "subnets_per_network": 2} times: 40 method_name: run timeout: 0 duration: None cls:
2019-10-25 01:40:12.490 28353 INFO rally.task.runner [-] Task a261ca63-00c9-4a05-96a2-230c7c81717c | ITER: 5 START
2019-10-25 01:40:12.491 28371 INFO rally.task.runner [-] Task a261ca63-00c9-4a05-96a2-230c7c81717c | ITER: 13 START
2019-10-25 01:40:12.491 28368 WARNING rally_openstack.scenarios.neutron.utils [-] Running this scenario without either the 'network' or 'existing_network' context is deprecated
2019-10-25 01:40:12.492 28353 WARNING rally_openstack.scenarios.neutron.utils [-] Running this scenario without either the 'network' or 'existing_network' context is deprecated
2019-10-25 01:40:12.492 28371 WARNING rally_openstack.scenarios.neutron.utils [-] Running this scenario without either the 'network' or 'existing_network' context is deprecated
2019-10-25 01:40:12.497 28374 INFO rally.task.runner [-] Task a261ca63-00c9-4a05-96a2-230c7c81717c | ITER: 14 START
2019-10-25 01:40:12.498 28374 WARNING rally_openstack.scenarios.neutron.utils [-] Running this scenario without either the 'network' or 'existing_network' context is deprecated
2019-10-25 01:40:12.497 28379 RALLYDEBUG rally.task.runner [-] Starting a worker. concurrency: 1 args: {"network_create_args": {}, "subnet_create_args": {}, "subnet_cidr_start": "1.1.0.0/30", "subnets_per_network": 2} times: 40 method_name: run timeout: 0 duration: None cls:
2019-10-25 01:40:12.499 28354 INFO rally.task.runner [-] Task a261ca63-00c9-4a05-96a2-230c7c81717c | ITER: 7 START
2019-10-25 01:40:12.500 28354 WARNING rally_openstack.scenarios.neutron.utils [-] Running this scenario without either the 'network' or 'existing_network' context is deprecated
2019-10-25 01:40:12.502 28386 RALLYDEBUG rally.task.runner [-] Starting a worker. concurrency: 1 args: {"network_create_args": {}, "subnet_create_args": {}, "subnet_cidr_start": "1.1.0.0/30", "subnets_per_network": 2} times: 40 method_name: run timeout: 0 duration: None cls:
2019-10-25 01:40:12.505 28379 INFO rally.task.runner [-] Task a261ca63-00c9-4a05-96a2-230c7c81717c | ITER: 15 START
2019-10-25 01:40:12.506 28379 WARNING rally_openstack.scenarios.neutron.utils [-] Running this scenario without either the 'network' or 'existing_network' context is deprecated
2019-10-25 01:40:12.510 28386 INFO rally.task.runner [-] Task a261ca63-00c9-4a05-96a2-230c7c81717c | ITER: 16 START
2019-10-25 01:40:12.511 28386 WARNING rally_openstack.scenarios.neutron.utils [-] Running this scenario without either the 'network' or 'existing_network' context is deprecated
2019-10-25 01:40:12.517 28392 RALLYDEBUG rally.task.runner [-] Starting a worker. concurrency: 1 args: {"network_create_args": {}, "subnet_create_args": {}, "subnet_cidr_start": "1.1.0.0/30", "subnets_per_network": 2} times: 40 method_name: run timeout: 0 duration: None cls:
2019-10-25 01:40:12.523 28393 RALLYDEBUG rally.task.runner [-] Starting a worker. concurrency: 1 args: {"network_create_args": {}, "subnet_create_args": {}, "subnet_cidr_start": "1.1.0.0/30", "subnets_per_network": 2} times: 40 method_name: run timeout: 0 duration: None cls:
2019-10-25 01:40:12.524 28392 INFO rally.task.runner [-] Task a261ca63-00c9-4a05-96a2-230c7c81717c | ITER: 17 START
2019-10-25 01:40:12.525 28392 WARNING rally_openstack.scenarios.neutron.utils [-] Running this scenario without either the 'network' or 'existing_network' context is deprecated
2019-10-25 01:40:12.527 28394 RALLYDEBUG rally.task.runner [-] Starting a worker. concurrency: 1 args: {"network_create_args": {}, "subnet_create_args": {}, "subnet_cidr_start": "1.1.0.0/30", "subnets_per_network": 2} times: 40 method_name: run timeout: 0 duration: None cls:
2019-10-25 01:40:12.529 28393 INFO rally.task.runner [-] Task a261ca63-00c9-4a05-96a2-230c7c81717c | ITER: 18 START
2019-10-25 01:40:12.530 28393 WARNING rally_openstack.scenarios.neutron.utils [-] Running this scenario without either the 'network' or 'existing_network' context is deprecated
2019-10-25 01:40:12.532 28397 RALLYDEBUG rally.task.runner [-] Starting a worker. concurrency: 1 args: {"network_create_args": {}, "subnet_create_args": {}, "subnet_cidr_start": "1.1.0.0/30", "subnets_per_network": 2} times: 40 method_name: run timeout: 0 duration: None cls:
2019-10-25 01:40:12.533 28394 INFO rally.task.runner [-] Task a261ca63-00c9-4a05-96a2-230c7c81717c | ITER: 19 START
2019-10-25 01:40:12.534 28394 WARNING rally_openstack.scenarios.neutron.utils [-] Running this scenario without either the 'network' or 'existing_network' context is deprecated
2019-10-25 01:40:12.537 28397 INFO rally.task.runner [-] Task a261ca63-00c9-4a05-96a2-230c7c81717c | ITER: 20 START
2019-10-25 01:40:12.538 28397 WARNING rally_openstack.scenarios.neutron.utils [-] Running this scenario without either the 'network' or 'existing_network' context is deprecated
2019-10-25 01:40:13.218 28379 RALLYDEBUG rally_openstack.wrappers.network [-] CIDR generated: 1.1.4.96/30
2019-10-25 01:40:13.231 28356 RALLYDEBUG rally_openstack.wrappers.network [-] CIDR generated: 1.1.4.100/30
2019-10-25 01:40:13.233 28353 RALLYDEBUG rally_openstack.wrappers.network [-] CIDR generated: 1.1.4.104/30
2019-10-25 01:40:13.243 28363 RALLYDEBUG rally_openstack.wrappers.network [-] CIDR generated: 1.1.4.108/30
2019-10-25 01:40:13.250 28371 RALLYDEBUG rally_openstack.wrappers.network [-] CIDR generated: 1.1.4.112/30
2019-10-25 01:40:13.261 28360 RALLYDEBUG rally_openstack.wrappers.network [-] CIDR generated: 1.1.4.116/30
2019-10-25 01:40:13.275 28353 RALLYDEBUG rally_openstack.wrappers.network [-] CIDR generated: 1.1.4.120/30
2019-10-25 01:40:13.285 28374 RALLYDEBUG rally_openstack.wrappers.network [-] CIDR generated: 1.1.4.124/30
2019-10-25 01:40:13.289 28355 RALLYDEBUG rally_openstack.wrappers.network [-] CIDR generated: 1.1.4.128/30
2019-10-25 01:40:13.317 28352 RALLYDEBUG rally_openstack.wrappers.network [-] CIDR generated: 1.1.4.132/30
2019-10-25 01:40:13.357 28352 RALLYDEBUG rally_openstack.wrappers.network [-] CIDR generated: 1.1.4.136/30
2019-10-25 01:40:13.523 28393 RALLYDEBUG rally_openstack.wrappers.network [-] CIDR generated: 1.1.4.140/30
2019-10-25 01:40:13.533 28354 RALLYDEBUG rally_openstack.wrappers.network [-] CIDR generated: 1.1.4.144/30
2019-10-25 01:40:13.583 28386 RALLYDEBUG rally_openstack.wrappers.network [-] CIDR generated: 1.1.4.148/30
2019-10-25 01:40:13.635 28354 RALLYDEBUG rally_openstack.wrappers.network [-] CIDR generated: 1.1.4.152/30
2019-10-25 01:40:13.694 28355 RALLYDEBUG rally_openstack.wrappers.network [-] CIDR generated: 1.1.4.156/30
2019-10-25 01:40:13.713 28394 RALLYDEBUG rally_openstack.wrappers.network [-] CIDR generated: 1.1.4.160/30
2019-10-25 01:40:13.954 28392 RALLYDEBUG rally_openstack.wrappers.network [-] CIDR generated: 1.1.4.164/30
2019-10-25 01:40:14.280 28368 RALLYDEBUG rally_openstack.wrappers.network [-] CIDR generated: 1.1.4.168/30
2019-10-25 01:40:14.304 28363 RALLYDEBUG rally_openstack.wrappers.network [-] CIDR generated: 1.1.4.172/30
2019-10-25 01:40:14.332 28386 RALLYDEBUG rally_openstack.wrappers.network [-] CIDR generated: 1.1.4.176/30
2019-10-25 01:40:14.380 28352 RALLYDEBUG rally_openstack.wrappers.network [-] CIDR generated: 1.1.4.180/30
2019-10-25 01:40:14.460 28394 RALLYDEBUG rally_openstack.wrappers.network [-] CIDR generated: 1.1.4.184/30
2019-10-25 01:40:14.488 28397 RALLYDEBUG rally_openstack.wrappers.network [-] CIDR generated: 1.1.4.188/30
2019-10-25 01:40:14.977 28393 RALLYDEBUG rally_openstack.wrappers.network [-] CIDR generated: 1.1.4.192/30
2019-10-25 01:40:15.040 28355 RALLYDEBUG rally_openstack.wrappers.network [-] CIDR generated: 1.1.4.196/30
2019-10-25 01:40:15.087 28353 RALLYDEBUG rally_openstack.wrappers.network [-] CIDR generated: 1.1.4.200/30
2019-10-25 01:40:15.110 28352 RALLYDEBUG rally_openstack.wrappers.network [-] CIDR generated: 1.1.4.204/30
2019-10-25 01:40:15.244 28354 RALLYDEBUG rally_openstack.wrappers.network [-] CIDR generated: 1.1.4.208/30
2019-10-25 01:40:15.284 28354 RALLYDEBUG rally_openstack.wrappers.network [-] CIDR generated: 1.1.4.212/30
2019-10-25 01:40:15.408 28392 RALLYDEBUG rally_openstack.wrappers.network [-] CIDR generated: 1.1.4.216/30
2019-10-25 01:40:16.438 28374 RALLYDEBUG rally_openstack.wrappers.network [-] CIDR generated: 1.1.4.220/30
2019-10-25 01:40:16.483 28371 RALLYDEBUG rally_openstack.wrappers.network [-] CIDR generated: 1.1.4.224/30
2019-10-25 01:40:16.528 28356 RALLYDEBUG rally_openstack.wrappers.network [-] CIDR generated: 1.1.4.228/30
2019-10-25 01:40:16.550 28355 RALLYDEBUG rally_openstack.wrappers.network [-] CIDR generated: 1.1.4.232/30
2019-10-25 01:40:16.704 28360 RALLYDEBUG rally_openstack.wrappers.network [-] CIDR generated: 1.1.4.236/30
2019-10-25 01:40:16.743 28379 RALLYDEBUG rally_openstack.wrappers.network [-] CIDR generated: 1.1.4.240/30
2019-10-25 01:40:16.817 28353 RALLYDEBUG rally_openstack.wrappers.network [-] CIDR generated: 1.1.4.244/30
2019-10-25 01:40:16.838 28368 RALLYDEBUG rally_openstack.wrappers.network [-] CIDR generated: 1.1.4.248/30
2019-10-25 01:40:17.322 28397 RALLYDEBUG rally_openstack.wrappers.network [-] CIDR generated: 1.1.4.252/30
2019-10-25 01:40:17.536 28363 INFO rally.task.runner [-] Task a261ca63-00c9-4a05-96a2-230c7c81717c | ITER: 11 END: OK
2019-10-25 01:40:17.541 28363 INFO rally.task.runner [-] Task a261ca63-00c9-4a05-96a2-230c7c81717c | ITER: 21 START
2019-10-25 01:40:17.542 28363 WARNING rally_openstack.scenarios.neutron.utils [-] Running this scenario without either the 'network' or 'existing_network' context is deprecated
2019-10-25 01:40:18.352 28394 INFO rally.task.runner [-] Task a261ca63-00c9-4a05-96a2-230c7c81717c | ITER: 19 END: OK
2019-10-25 01:40:18.357 28394 INFO rally.task.runner [-] Task a261ca63-00c9-4a05-96a2-230c7c81717c | ITER: 22 START
2019-10-25 01:40:18.358 28394 WARNING rally_openstack.scenarios.neutron.utils [-] Running this scenario without either the 'network' or 'existing_network' context is deprecated
2019-10-25 01:40:18.397 28363 RALLYDEBUG rally_openstack.wrappers.network [-] CIDR generated: 1.1.5.0/30
2019-10-25 01:40:18.911 28392 INFO rally.task.runner [-] Task a261ca63-00c9-4a05-96a2-230c7c81717c | ITER: 17 END: OK
2019-10-25 01:40:18.916 28392 INFO rally.task.runner [-] Task a261ca63-00c9-4a05-96a2-230c7c81717c | ITER: 23 START
2019-10-25 01:40:18.917 28392 WARNING rally_openstack.scenarios.neutron.utils [-] Running this scenario without either the 'network' or 'existing_network' context is deprecated
2019-10-25 01:40:19.106 28394 RALLYDEBUG rally_openstack.wrappers.network [-] CIDR generated: 1.1.5.4/30
2019-10-25 01:40:19.258 28355 INFO rally.task.runner [-] Task a261ca63-00c9-4a05-96a2-230c7c81717c | ITER: 6 END: OK
2019-10-25 01:40:19.263 28355 INFO rally.task.runner [-] Task a261ca63-00c9-4a05-96a2-230c7c81717c | ITER: 24 START
2019-10-25 01:40:19.264 28355 WARNING rally_openstack.scenarios.neutron.utils [-] Running this scenario without either the 'network' or 'existing_network' context is deprecated
2019-10-25 01:40:19.462 28386 INFO rally.task.runner [-] Task a261ca63-00c9-4a05-96a2-230c7c81717c | ITER: 16 END: OK
2019-10-25 01:40:19.467 28386 INFO rally.task.runner [-] Task a261ca63-00c9-4a05-96a2-230c7c81717c | ITER: 25 START
2019-10-25 01:40:19.467 28386 WARNING rally_openstack.scenarios.neutron.utils [-] Running this scenario without either the 'network' or 'existing_network' context is deprecated
2019-10-25 01:40:19.634 28363 RALLYDEBUG rally_openstack.wrappers.network [-] CIDR generated: 1.1.5.8/30
2019-10-25 01:40:19.802 28392 RALLYDEBUG rally_openstack.wrappers.network [-] CIDR generated: 1.1.5.12/30
2019-10-25 01:40:19.935 28355 RALLYDEBUG rally_openstack.wrappers.network [-] CIDR generated: 1.1.5.16/30
2019-10-25 01:40:20.072 28386 RALLYDEBUG rally_openstack.wrappers.network [-] CIDR generated: 1.1.5.20/30
2019-10-25 01:40:20.237 28355 INFO rally.task.runner [-] Task a261ca63-00c9-4a05-96a2-230c7c81717c | ITER: 9 END: OK
2019-10-25 01:40:20.241 28355 INFO rally.task.runner [-] Task a261ca63-00c9-4a05-96a2-230c7c81717c | ITER: 26 START
2019-10-25 01:40:20.242 28355 WARNING rally_openstack.scenarios.neutron.utils [-] Running this scenario without either the 'network' or 'existing_network' context is deprecated
2019-10-25 01:40:20.499 28394 RALLYDEBUG rally_openstack.wrappers.network [-] CIDR generated: 1.1.5.24/30
2019-10-25 01:40:20.858 28371 INFO rally.task.runner [-] Task a261ca63-00c9-4a05-96a2-230c7c81717c | ITER: 13 END: OK
2019-10-25 01:40:20.863 28371 INFO rally.task.runner [-] Task a261ca63-00c9-4a05-96a2-230c7c81717c | ITER: 27 START
2019-10-25 01:40:20.864 28371 WARNING rally_openstack.scenarios.neutron.utils [-] Running this scenario without either the 'network' or 'existing_network' context is deprecated
2019-10-25 01:40:21.141 28354 INFO rally.task.runner [-] Task a261ca63-00c9-4a05-96a2-230c7c81717c | ITER: 4 END: OK
2019-10-25 01:40:21.147 28354 INFO rally.task.runner [-] Task a261ca63-00c9-4a05-96a2-230c7c81717c | ITER: 28 START
2019-10-25 01:40:21.147 28354 WARNING rally_openstack.scenarios.neutron.utils [-] Running this scenario without either the 'network' or 'existing_network' context is deprecated
2019-10-25 01:40:21.159 28355 RALLYDEBUG rally_openstack.wrappers.network [-] CIDR generated: 1.1.5.28/30
2019-10-25 01:40:21.260 28386 RALLYDEBUG rally_openstack.wrappers.network [-] CIDR generated: 1.1.5.32/30
2019-10-25 01:40:21.404 28352 INFO rally.task.runner [-] Task a261ca63-00c9-4a05-96a2-230c7c81717c | ITER: 3 END: OK
2019-10-25 01:40:21.409 28352 INFO rally.task.runner [-] Task a261ca63-00c9-4a05-96a2-230c7c81717c | ITER: 29 START
2019-10-25 01:40:21.410 28352 WARNING rally_openstack.scenarios.neutron.utils [-] Running this scenario without either the 'network' or 'existing_network' context is deprecated
2019-10-25 01:40:21.495 28355 RALLYDEBUG rally_openstack.wrappers.network [-] CIDR generated: 1.1.5.36/30
2019-10-25 01:40:21.756 28393 INFO rally.task.runner [-] Task a261ca63-00c9-4a05-96a2-230c7c81717c | ITER: 18 END: OK
2019-10-25 01:40:21.762 28393 INFO rally.task.runner [-] Task a261ca63-00c9-4a05-96a2-230c7c81717c | ITER: 30 START
2019-10-25 01:40:21.763 28393 WARNING rally_openstack.scenarios.neutron.utils [-] Running this scenario without either the 'network' or 'existing_network' context is deprecated
2019-10-25 01:40:21.922 28354 INFO rally.task.runner [-] Task a261ca63-00c9-4a05-96a2-230c7c81717c | ITER: 7 END: OK
2019-10-25 01:40:21.926 28354 INFO rally.task.runner [-] Task a261ca63-00c9-4a05-96a2-230c7c81717c | ITER: 31 START
2019-10-25 01:40:21.927 28354 WARNING rally_openstack.scenarios.neutron.utils [-] Running this scenario without either the 'network' or 'existing_network' context is deprecated
2019-10-25 01:40:21.972 28354 RALLYDEBUG rally_openstack.wrappers.network [-] CIDR generated: 1.1.5.40/30
2019-10-25 01:40:22.118 28352 RALLYDEBUG rally_openstack.wrappers.network [-] CIDR generated: 1.1.5.44/30
2019-10-25 01:40:22.359 28392 RALLYDEBUG rally_openstack.wrappers.network [-] CIDR generated: 1.1.5.48/30
2019-10-25 01:40:22.424 28355 RALLYDEBUG rally_openstack.wrappers.network [-] CIDR generated: 1.1.5.52/30
2019-10-25 01:40:22.518 28354 RALLYDEBUG rally_openstack.wrappers.network [-] CIDR generated: 1.1.5.56/30
2019-10-25 01:40:22.550 28368 INFO rally.task.runner [-] Task a261ca63-00c9-4a05-96a2-230c7c81717c | ITER: 12 END: OK
2019-10-25 01:40:22.555 28368 INFO rally.task.runner [-] Task a261ca63-00c9-4a05-96a2-230c7c81717c | ITER: 32 START
2019-10-25 01:40:22.556 28368 WARNING rally_openstack.scenarios.neutron.utils [-] Running this scenario without either the 'network' or 'existing_network' context is deprecated
2019-10-25 01:40:22.591 28397 INFO rally.task.runner [-] Task a261ca63-00c9-4a05-96a2-230c7c81717c | ITER: 20 END: OK
2019-10-25 01:40:22.595 28360 INFO rally.task.runner [-] Task a261ca63-00c9-4a05-96a2-230c7c81717c | ITER: 10 END: OK
2019-10-25 01:40:22.595 28397 INFO rally.task.runner [-] Task a261ca63-00c9-4a05-96a2-230c7c81717c | ITER: 33 START
2019-10-25 01:40:22.596 28397 WARNING rally_openstack.scenarios.neutron.utils [-] Running this scenario without either the 'network' or 'existing_network' context is deprecated
2019-10-25 01:40:22.599 28360 INFO rally.task.runner [-] Task a261ca63-00c9-4a05-96a2-230c7c81717c | ITER: 34 START
2019-10-25 01:40:22.600 28360 WARNING rally_openstack.scenarios.neutron.utils [-] Running this scenario without either the 'network' or 'existing_network' context is deprecated
2019-10-25 01:40:22.744 28371 RALLYDEBUG rally_openstack.wrappers.network [-] CIDR generated: 1.1.5.60/30
2019-10-25 01:40:22.843 28393 RALLYDEBUG rally_openstack.wrappers.network [-] CIDR generated: 1.1.5.64/30
2019-10-25 01:40:23.226 28360 RALLYDEBUG rally_openstack.wrappers.network [-] CIDR generated: 1.1.5.68/30
2019-10-25 01:40:23.424 28397 RALLYDEBUG rally_openstack.wrappers.network [-] CIDR generated: 1.1.5.72/30
2019-10-25 01:40:23.610 28352 RALLYDEBUG rally_openstack.wrappers.network [-] CIDR generated: 1.1.5.76/30
2019-10-25 01:40:23.630 28368 RALLYDEBUG rally_openstack.wrappers.network [-] CIDR generated: 1.1.5.80/30
2019-10-25 01:40:23.958 28363 INFO rally.task.runner [-] Task a261ca63-00c9-4a05-96a2-230c7c81717c | ITER: 21 END: OK
2019-10-25 01:40:23.963 28363 INFO rally.task.runner [-] Task a261ca63-00c9-4a05-96a2-230c7c81717c | ITER: 35 START
2019-10-25 01:40:23.964 28363 WARNING rally_openstack.scenarios.neutron.utils [-] Running this scenario without either the 'network' or 'existing_network' context is deprecated
2019-10-25 01:40:24.149 28393 RALLYDEBUG rally_openstack.wrappers.network [-] CIDR generated: 1.1.5.84/30
2019-10-25 01:40:24.251 28356 INFO rally.task.runner [-] Task a261ca63-00c9-4a05-96a2-230c7c81717c | ITER: 8 END: OK
2019-10-25 01:40:24.256 28356 INFO rally.task.runner [-] Task a261ca63-00c9-4a05-96a2-230c7c81717c | ITER: 36 START
2019-10-25 01:40:24.256 28356 WARNING rally_openstack.scenarios.neutron.utils [-] Running this scenario without either the 'network' or 'existing_network' context is deprecated
2019-10-25 01:40:24.387 28360 RALLYDEBUG rally_openstack.wrappers.network [-] CIDR generated: 1.1.5.88/30
2019-10-25 01:40:24.466 28354 RALLYDEBUG rally_openstack.wrappers.network [-] CIDR generated: 1.1.5.92/30
2019-10-25 01:40:24.498 28353 INFO rally.task.runner [-] Task a261ca63-00c9-4a05-96a2-230c7c81717c | ITER: 5 END: OK
2019-10-25 01:40:24.504 28353 INFO rally.task.runner [-] Task a261ca63-00c9-4a05-96a2-230c7c81717c | ITER: 37 START
2019-10-25 01:40:24.505 28353 WARNING rally_openstack.scenarios.neutron.utils [-] Running this scenario without either the 'network' or 'existing_network' context is deprecated
2019-10-25 01:40:24.538 28353 INFO rally.task.runner [-] Task a261ca63-00c9-4a05-96a2-230c7c81717c | ITER: 2 END: OK
2019-10-25 01:40:24.542 28353 INFO rally.task.runner [-] Task a261ca63-00c9-4a05-96a2-230c7c81717c | ITER: 38 START
2019-10-25 01:40:24.543 28353 WARNING rally_openstack.scenarios.neutron.utils [-] Running this scenario without either the 'network' or 'existing_network' context is deprecated
2019-10-25 01:40:24.644 28363 RALLYDEBUG rally_openstack.wrappers.network [-] CIDR generated: 1.1.5.96/30
2019-10-25 01:40:24.804 28394 INFO rally.task.runner [-] Task a261ca63-00c9-4a05-96a2-230c7c81717c | ITER: 22 END: OK
2019-10-25 01:40:24.808 28394 INFO rally.task.runner [-] Task a261ca63-00c9-4a05-96a2-230c7c81717c | ITER: 39 START
2019-10-25 01:40:24.809 28394 WARNING rally_openstack.scenarios.neutron.utils [-] Running this scenario without either the 'network' or 'existing_network' context is deprecated
2019-10-25 01:40:24.823 28368 RALLYDEBUG rally_openstack.wrappers.network [-] CIDR generated: 1.1.5.100/30
2019-10-25 01:40:24.838 28397 RALLYDEBUG rally_openstack.wrappers.network [-] CIDR generated: 1.1.5.104/30
2019-10-25 01:40:24.957 28356 RALLYDEBUG rally_openstack.wrappers.network [-] CIDR generated: 1.1.5.108/30
2019-10-25 01:40:25.264 28353 RALLYDEBUG rally_openstack.wrappers.network [-] CIDR generated: 1.1.5.112/30
2019-10-25 01:40:25.326 28353 RALLYDEBUG rally_openstack.wrappers.network [-] CIDR generated: 1.1.5.116/30
2019-10-25 01:40:25.996 28394 RALLYDEBUG rally_openstack.wrappers.network [-] CIDR generated: 1.1.5.120/30
2019-10-25 01:40:26.197 28352 INFO rally.task.runner [-] Task a261ca63-00c9-4a05-96a2-230c7c81717c | ITER: 1 END: OK
2019-10-25 01:40:26.201 28352 INFO rally.task.runner [-] Task a261ca63-00c9-4a05-96a2-230c7c81717c | ITER: 40 START
2019-10-25 01:40:26.202 28352 WARNING rally_openstack.scenarios.neutron.utils [-] Running this scenario without either the 'network' or 'existing_network' context is deprecated
2019-10-25 01:40:26.607 28356 RALLYDEBUG rally_openstack.wrappers.network [-] CIDR generated: 1.1.5.124/30
2019-10-25 01:40:26.767 28352 RALLYDEBUG rally_openstack.wrappers.network [-] CIDR generated: 1.1.5.128/30
2019-10-25 01:40:26.838 28353 RALLYDEBUG rally_openstack.wrappers.network [-] CIDR generated: 1.1.5.132/30
2019-10-25 01:40:26.955 28374 INFO rally.task.runner [-] Task a261ca63-00c9-4a05-96a2-230c7c81717c | ITER: 14 END: OK
2019-10-25 01:40:27.031 28353 RALLYDEBUG rally_openstack.wrappers.network [-] CIDR generated: 1.1.5.136/30
2019-10-25 01:40:27.038 28371 RALLYDEBUG rally_openstack.wrappers.network [-] CIDR generated: 1.1.5.140/30
2019-10-25 01:40:27.080 28386 INFO rally.task.runner [-] Task a261ca63-00c9-4a05-96a2-230c7c81717c | ITER: 25 END: OK
2019-10-25 01:40:27.237 28354 RALLYDEBUG rally_openstack.wrappers.network [-] CIDR generated: 1.1.5.144/30
2019-10-25 01:40:27.442 28352 RALLYDEBUG rally_openstack.wrappers.network [-] CIDR generated: 1.1.5.148/30
2019-10-25 01:40:27.863 28363 RALLYDEBUG rally_openstack.wrappers.network [-] CIDR generated: 1.1.5.152/30
2019-10-25 01:40:27.933 28394 RALLYDEBUG rally_openstack.wrappers.network [-] CIDR generated: 1.1.5.156/30
2019-10-25 01:40:29.053 28379 INFO rally.task.runner [-] Task a261ca63-00c9-4a05-96a2-230c7c81717c | ITER: 15 END: OK
2019-10-25 01:40:29.268 28371 INFO rally.task.runner [-] Task a261ca63-00c9-4a05-96a2-230c7c81717c | ITER: 27 END: OK
2019-10-25 01:40:29.397 28355 INFO rally.task.runner [-] Task a261ca63-00c9-4a05-96a2-230c7c81717c | ITER: 24 END: OK
2019-10-25 01:40:29.721 28360 INFO rally.task.runner [-] Task a261ca63-00c9-4a05-96a2-230c7c81717c | ITER: 34 END: OK
2019-10-25 01:40:29.893 28392 INFO rally.task.runner [-] Task a261ca63-00c9-4a05-96a2-230c7c81717c | ITER: 23 END: OK
2019-10-25 01:40:29.987 28368 INFO rally.task.runner [-] Task a261ca63-00c9-4a05-96a2-230c7c81717c | ITER: 32 END: OK
2019-10-25 01:40:30.120 28354 INFO rally.task.runner [-] Task a261ca63-00c9-4a05-96a2-230c7c81717c | ITER: 31 END: OK
2019-10-25 01:40:30.184 28352 INFO rally.task.runner [-] Task a261ca63-00c9-4a05-96a2-230c7c81717c | ITER: 29 END: OK
2019-10-25 01:40:30.404 28363 INFO rally.task.runner [-] Task a261ca63-00c9-4a05-96a2-230c7c81717c | ITER: 35 END: OK
2019-10-25 01:40:30.502 28356 INFO rally.task.runner [-] Task a261ca63-00c9-4a05-96a2-230c7c81717c | ITER: 36 END: OK
2019-10-25 01:40:31.040 28355 INFO rally.task.runner [-] Task a261ca63-00c9-4a05-96a2-230c7c81717c | ITER: 26 END: OK
2019-10-25 01:40:31.312 28393 INFO rally.task.runner [-] Task a261ca63-00c9-4a05-96a2-230c7c81717c | ITER: 30 END: OK
2019-10-25 01:40:31.356 28353 INFO rally.task.runner [-] Task a261ca63-00c9-4a05-96a2-230c7c81717c | ITER: 37 END: OK
2019-10-25 01:40:31.803 28397 INFO rally.task.runner [-] Task a261ca63-00c9-4a05-96a2-230c7c81717c | ITER: 33 END: OK
2019-10-25 01:40:31.886 28353 INFO rally.task.runner [-] Task a261ca63-00c9-4a05-96a2-230c7c81717c | ITER: 38 END: OK
2019-10-25 01:40:32.187 28352 INFO rally.task.runner [-] Task a261ca63-00c9-4a05-96a2-230c7c81717c | ITER: 40 END: OK
2019-10-25 01:40:32.796 28354 INFO rally.task.runner [-] Task a261ca63-00c9-4a05-96a2-230c7c81717c | ITER: 28 END: OK
2019-10-25 01:40:33.311 28394 INFO rally.task.runner [-] Task a261ca63-00c9-4a05-96a2-230c7c81717c | ITER: 39 END: OK
2019-10-25 01:40:33.333 26158 INFO rally.task.context [-] Task a261ca63-00c9-4a05-96a2-230c7c81717c | Context cleanup@openstack cleanup() started
2019-10-25 01:40:33.336 26158 RALLYDEBUG rally_openstack.cleanup.manager [-] Cleaning up neutron vip objects
2019-10-25 01:40:33.717 26158 RALLYDEBUG rally_openstack.cleanup.manager [-] Cleaning up neutron health_monitor objects
2019-10-25 01:40:34.107 26158 RALLYDEBUG rally_openstack.cleanup.manager [-] Cleaning up neutron pool objects
2019-10-25 01:40:34.487 26158 RALLYDEBUG rally_openstack.cleanup.manager [-] Cleaning up neutron loadbalancer objects
2019-10-25 01:40:34.859 26158 RALLYDEBUG rally_openstack.cleanup.manager [-] Cleaning up neutron floatingip objects
2019-10-25 01:40:35.283 26158 RALLYDEBUG rally_openstack.cleanup.manager [-] Cleaning up neutron trunk objects
2019-10-25 01:40:35.693 26158 RALLYDEBUG rally_openstack.cleanup.manager [-] Cleaning up neutron port objects
2019-10-25 01:40:36.205 26158 RALLYDEBUG rally_openstack.cleanup.manager [-] Cleaning up neutron subnet objects
2019-10-25 01:40:36.625 26158 RALLYDEBUG rally_openstack.cleanup.manager [-] Cleaning up neutron network objects
2019-10-25 01:40:37.190 26158 RALLYDEBUG rally_openstack.cleanup.manager [-] Deleting neutron.network object s_rally_b7c0e536_d3DZfWZM (04e7c2a6-d7a6-4526-8b6a-6726464adb57)
2019-10-25 01:40:37.198 26158 RALLYDEBUG rally_openstack.cleanup.manager [-] Deleting neutron.network object s_rally_b7c0e536_1JRGf7Dj (0a5102e1-0501-4039-907b-0165f294c022)
2019-10-25 01:40:37.210 26158 RALLYDEBUG rally_openstack.cleanup.manager [-] Deleting neutron.network object s_rally_b7c0e536_QixGi7Yn (14e22c9c-329b-4827-ac72-432eec404448)
2019-10-25 01:40:37.224 26158 RALLYDEBUG rally_openstack.cleanup.manager [-] Deleting neutron.network object s_rally_b7c0e536_v8vOOgQb (1cafa95f-1482-4b4b-9316-2f41d17046c8)
2019-10-25 01:40:37.225 26158 RALLYDEBUG rally_openstack.cleanup.manager [-] Deleting neutron.network object s_rally_b7c0e536_GrJ1Daxx (1e2c7631-1c4f-4c78-9155-ce75c3d93b5b)
2019-10-25 01:40:37.236 26158 RALLYDEBUG rally_openstack.cleanup.manager [-] Deleting neutron.network object s_rally_b7c0e536_QiZSa6sQ (24c695f5-14da-47a9-8401-1e3917862a10)
2019-10-25 01:40:37.251 26158 RALLYDEBUG rally_openstack.cleanup.manager [-] Deleting neutron.network object s_rally_b7c0e536_T4snM7PR (316b0869-c36e-4c36-bfc6-e9444ee9a80e)
2019-10-25 01:40:37.259 26158 RALLYDEBUG rally_openstack.cleanup.manager [-] Deleting neutron.network object s_rally_b7c0e536_CFdYOXFu (36e22579-13ee-4112-9b53-b4af5c3b7464)
2019-10-25 01:40:37.261 26158 RALLYDEBUG rally_openstack.cleanup.manager [-] Deleting neutron.network object s_rally_b7c0e536_Dl0zCUlH (2dc0a7f7-c76b-4ec0-a37c-7c0bcf6cb9b6)
2019-10-25 01:40:37.301 26158 RALLYDEBUG rally_openstack.cleanup.manager [-] Deleting neutron.network object s_rally_b7c0e536_mxKwrRAD (3d70a591-89d3-4ddf-8948-18626ded86ee)
2019-10-25 01:40:37.310 26158 RALLYDEBUG rally_openstack.cleanup.manager [-] Deleting neutron.network object s_rally_b7c0e536_yzrHg9v5 (40428d76-7390-41e7-8af0-7f0ab04ea2be)
2019-10-25 01:40:37.324 26158 RALLYDEBUG rally_openstack.cleanup.manager [-] Deleting neutron.network object s_rally_b7c0e536_FLuIj26T (3e635c2a-10c5-4f70-8d58-50b34ae01036)
2019-10-25 01:40:37.358 26158 RALLYDEBUG rally_openstack.cleanup.manager [-] Deleting neutron.network object s_rally_b7c0e536_2h9ufs31 (47785cfd-c85b-498c-a2dc-daa3d3fd5855)
2019-10-25 01:40:37.363 26158 RALLYDEBUG rally_openstack.cleanup.manager [-] Deleting neutron.network object s_rally_b7c0e536_oqeCDkqW (4866d3e9-5971-410a-b324-06b2021c4728)
2019-10-25 01:40:37.384 26158 RALLYDEBUG rally_openstack.cleanup.manager [-] Deleting neutron.network object s_rally_b7c0e536_CEjtcaMP (42537bd9-bb5e-4c73-baa0-7d1240a6352e)
2019-10-25 01:40:37.396 26158 RALLYDEBUG rally_openstack.cleanup.manager [-] Deleting neutron.network object s_rally_b7c0e536_jU6dJ5f2 (4c4284d2-1211-40c0-8428-4bba4b3ba6b6)
2019-10-25 01:40:37.404 26158 RALLYDEBUG rally_openstack.cleanup.manager [-] Deleting neutron.network object s_rally_b7c0e536_xxidDZyf (577063de-8c7f-488b-b6f6-cd1915d14941)
2019-10-25 01:40:37.416 26158 RALLYDEBUG rally_openstack.cleanup.manager [-] Deleting neutron.network object s_rally_b7c0e536_4Ym98Ldy (5fecf186-da86-43ec-95da-a9447562125a)
2019-10-25 01:40:37.419 26158 RALLYDEBUG rally_openstack.cleanup.manager [-] Deleting neutron.network object s_rally_b7c0e536_6VkfASJM (51db46fc-c79b-424a-a494-89bace95d4cb)
2019-10-25 01:40:37.420 26158 RALLYDEBUG rally_openstack.cleanup.manager [-] Deleting neutron.network object s_rally_b7c0e536_dfmJLsgb (7f4730ed-2e66-4b76-85ff-39a9eb5ade59)
2019-10-25 01:40:39.664 26158 RALLYDEBUG rally_openstack.cleanup.manager [-] Deleting neutron.network object s_rally_b7c0e536_o0fK1vyE (7fab98bf-bf7f-40e5-8928-ac8fb77a5a8a)
2019-10-25 01:40:39.680 26158 RALLYDEBUG rally_openstack.cleanup.manager [-] Deleting neutron.network object s_rally_b7c0e536_JOX9fQlS (7fd74812-2911-46d1-aa9c-16ef1a44808a)
2019-10-25 01:40:39.718 26158 RALLYDEBUG rally_openstack.cleanup.manager [-] Deleting neutron.network object s_rally_b7c0e536_37LPXt64 (89a1d12c-6dfc-4c42-8a16-7d340ea719c7)
2019-10-25 01:40:39.781 26158 RALLYDEBUG rally_openstack.cleanup.manager [-] Deleting neutron.network object s_rally_b7c0e536_13vQ71E1 (8c446de0-f87a-42d6-8c8d-7636740df740)
2019-10-25 01:40:39.855 26158 RALLYDEBUG rally_openstack.cleanup.manager [-] Deleting neutron.network object s_rally_b7c0e536_Myis4jzt (91577e69-6c32-4d2e-a1ed-0286c0557391)
2019-10-25 01:40:39.904 26158 RALLYDEBUG rally_openstack.cleanup.manager [-] Deleting neutron.network object s_rally_b7c0e536_MDuZks7b (968a718a-52fe-4a52-bea7-a5d0b2f3d1bd)
2019-10-25 01:40:40.007 26158 RALLYDEBUG rally_openstack.cleanup.manager [-] Deleting neutron.network object s_rally_b7c0e536_50MiaLZi (a0b20224-5aa0-4074-87e3-3baaecbff6ff)
2019-10-25 01:40:40.073 26158 RALLYDEBUG rally_openstack.cleanup.manager [-] Deleting neutron.network object s_rally_b7c0e536_dGB9HkBH (a3176857-6cb3-46e9-b649-bc0fba8a868f)
2019-10-25 01:40:40.077 26158 RALLYDEBUG rally_openstack.cleanup.manager [-] Deleting neutron.network object s_rally_b7c0e536_ZSPSJnC6 (a7c6f642-00ba-4baf-b118-1b7442c5bef4)
2019-10-25 01:40:40.120 26158 RALLYDEBUG rally_openstack.cleanup.manager [-] Deleting neutron.network object s_rally_b7c0e536_UmUJLzJM (af2d2094-1a6d-47a6-bd62-f4c5366a4926)
2019-10-25 01:40:40.134 26158 RALLYDEBUG rally_openstack.cleanup.manager [-] Deleting neutron.network object s_rally_b7c0e536_WtpgO5Ed (b8e72ded-1b95-4727-a88b-d5cfa4a0bbb3)
2019-10-25 01:40:40.145 26158 RALLYDEBUG rally_openstack.cleanup.manager [-] Deleting neutron.network object s_rally_b7c0e536_ZcSck2GQ (baa79496-caae-4d7d-be81-cdb39b368ae3)
2019-10-25 01:40:40.402 26158 RALLYDEBUG rally_openstack.cleanup.manager [-] Deleting neutron.network object s_rally_b7c0e536_ZXP82KJE (c66889d3-ca43-4acd-b08f-fc54fa53d14d)
2019-10-25 01:40:40.500 26158 RALLYDEBUG rally_openstack.cleanup.manager [-] Deleting neutron.network object s_rally_b7c0e536_dF5H7O6Q (d10dac39-7de2-4733-8b00-3bc069d5bd8b)
2019-10-25 01:40:40.519 26158 RALLYDEBUG rally_openstack.cleanup.manager [-] Deleting neutron.network object s_rally_b7c0e536_USx6RyCt (d1f67ff1-93b0-4829-ad90-4dd1b45990a9)
2019-10-25 01:40:40.706 26158 RALLYDEBUG rally_openstack.cleanup.manager [-] Deleting neutron.network object s_rally_b7c0e536_mR5q9qxm (d8e0b713-70ae-4ad3-80b1-85317767e74c)
2019-10-25 01:40:40.769 26158 RALLYDEBUG rally_openstack.cleanup.manager [-] Deleting neutron.network object s_rally_b7c0e536_O3DfILpB (ef79d43d-78ba-4f0a-b714-67e089b1e305)
2019-10-25 01:40:40.786 26158 RALLYDEBUG rally_openstack.cleanup.manager [-] Deleting neutron.network object s_rally_b7c0e536_kYceFBy6 (f024f60c-fcab-496c-bc81-0bb9e43089b4)
2019-10-25 01:40:40.999 26158 RALLYDEBUG rally_openstack.cleanup.manager [-] Deleting neutron.network object s_rally_b7c0e536_OcrWw3Ap (fdf8fb9b-9a26-47d3-b6be-d58d3efc5acb)
2019-10-25 01:40:41.393 26158 RALLYDEBUG rally_openstack.cleanup.manager [-] Deleting neutron.network object s_rally_b7c0e536_wp3C7q7O (ff734a4c-d01a-452b-8f29-5ffc025e6aee)
2019-10-25 01:40:43.716 26158 RALLYDEBUG rally_openstack.cleanup.manager [-] Cleaning up neutron router objects
2019-10-25 01:40:44.152 26158 RALLYDEBUG rally_openstack.cleanup.manager [-] Cleaning up neutron security_group objects
2019-10-25 01:40:44.583 26158 INFO rally.task.context [-] Task a261ca63-00c9-4a05-96a2-230c7c81717c | Context cleanup@openstack cleanup() finished in 11.25 sec
2019-10-25 01:40:44.584 26158 INFO rally.task.context [-] Task a261ca63-00c9-4a05-96a2-230c7c81717c | Context quotas@openstack cleanup() started
2019-10-25 01:40:44.608 26158 INFO rally.task.context [-] Task a261ca63-00c9-4a05-96a2-230c7c81717c | Context quotas@openstack cleanup() finished in 24.65 msec
2019-10-25 01:40:44.609 26158 INFO rally.task.context [-] Task a261ca63-00c9-4a05-96a2-230c7c81717c | Context users@openstack cleanup() started
2019-10-25 01:40:47.732 26158 INFO rally.task.context [-] Task a261ca63-00c9-4a05-96a2-230c7c81717c | Context users@openstack cleanup() finished in 3.12 sec
2019-10-25 01:40:49.512 26158 INFO rally.task.engine [-] Load duration is: 20.84339
2019-10-25 01:40:49.512 26158 INFO rally.task.engine [-] Full runner duration is: 20.889316
2019-10-25 01:40:49.512 26158 INFO rally.task.engine [-] Full duration is: 38.405056
2019-10-25 01:40:49.887 26158 INFO rally.task.engine [-] Running workload: position = 0 config = { "version": 2, "title": "A cropped version of a bigger task.", "description": "Auto-generated task from a single workload (uuid=8bc1bb3a-fa35-4d35-b3bf-e1da28d36e4e)", "subtasks": [ { "title": "NeutronNetworks.create_and_list_routers", "description": "Create and a given number of routers and list all routers.", "scenario": { "NeutronNetworks.create_and_list_routers": { "network_create_args": null, "subnet_create_args": null, "subnet_cidr_start": "1.1.0.0/30", "subnets_per_network": 2, "router_create_args": null } }, "contexts": { "users": { "tenants": 1, "users_per_tenant": 1 }, "quotas": { "neutron": { "network": -1, "subnet": -1, "router": -1 } } }, "runner": { "constant": { "times": 40, "concurrency": 20 } }, "hooks": [], "sla": { "failure_rate": { "max": 0 } } } ] }
2019-10-25 01:40:49.915 26158 RALLYDEBUG rally_openstack.contexts.keystone.users [-] Creating 1 tenants using 20 threads
2019-10-25 01:40:50.881 26158 RALLYDEBUG rally_openstack.contexts.keystone.users [-] Creating 1 users using 20 threads
2019-10-25 01:40:52.485 26158 INFO rally.task.context [-] Task a261ca63-00c9-4a05-96a2-230c7c81717c | Context users@openstack setup() finished in 2.57 sec
2019-10-25 01:40:53.079 26158 INFO rally.task.context [-] Task a261ca63-00c9-4a05-96a2-230c7c81717c | Context quotas@openstack setup() finished in 0.59 sec
2019-10-25 01:40:53.079 26158 INFO rally.task.context [-] Task a261ca63-00c9-4a05-96a2-230c7c81717c | Context cleanup@openstack setup() finished in 0.01 msec
2019-10-25 01:40:53.089 26158 RALLYDEBUG rally.task.runner [-] Starting the constant runner (task UUID: a261ca63-00c9-4a05-96a2-230c7c81717c). timeout: 0 concurrency: 20 concurrency_per_worker: 1 times: 40 concurrency_overhead: 4 processes_to_start: 16 max_cpu_used: 16
2019-10-25 01:40:53.103 28742 RALLYDEBUG rally.task.runner [-] Starting a worker. concurrency: 2 args: {"network_create_args": null, "subnet_create_args": null, "subnet_cidr_start": "1.1.0.0/30", "subnets_per_network": 2, "router_create_args": null} times: 40 method_name: run timeout: 0 duration: None cls:
2019-10-25 01:40:53.106 28743 RALLYDEBUG rally.task.runner [-] Starting a worker. concurrency: 2 args: {"network_create_args": null, "subnet_create_args": null, "subnet_cidr_start": "1.1.0.0/30", "subnets_per_network": 2, "router_create_args": null} times: 40 method_name: run timeout: 0 duration: None cls:
2019-10-25 01:40:53.110 28744 RALLYDEBUG rally.task.runner [-] Starting a worker. concurrency: 2 args: {"network_create_args": null, "subnet_create_args": null, "subnet_cidr_start": "1.1.0.0/30", "subnets_per_network": 2, "router_create_args": null} times: 40 method_name: run timeout: 0 duration: None cls:
2019-10-25 01:40:53.112 28742 INFO rally.task.runner [-] Task a261ca63-00c9-4a05-96a2-230c7c81717c | ITER: 1 START
2019-10-25 01:40:53.113 28745 RALLYDEBUG rally.task.runner [-] Starting a worker. concurrency: 2 args: {"network_create_args": null, "subnet_create_args": null, "subnet_cidr_start": "1.1.0.0/30", "subnets_per_network": 2, "router_create_args": null} times: 40 method_name: run timeout: 0 duration: None cls:
2019-10-25 01:40:53.117 28743 INFO rally.task.runner [-] Task a261ca63-00c9-4a05-96a2-230c7c81717c | ITER: 2 START
2019-10-25 01:40:53.117 28746 RALLYDEBUG rally.task.runner [-] Starting a worker. concurrency: 1 args: {"network_create_args": null, "subnet_create_args": null, "subnet_cidr_start": "1.1.0.0/30", "subnets_per_network": 2, "router_create_args": null} times: 40 method_name: run timeout: 0 duration: None cls:
2019-10-25 01:40:53.121 28744 INFO rally.task.runner [-] Task a261ca63-00c9-4a05-96a2-230c7c81717c | ITER: 7 START
2019-10-25 01:40:53.123 28746 INFO rally.task.runner [-] Task a261ca63-00c9-4a05-96a2-230c7c81717c | ITER: 8 START
2019-10-25 01:40:53.122 28744 INFO rally.task.runner [-] Task a261ca63-00c9-4a05-96a2-230c7c81717c | ITER: 4 START
2019-10-25 01:40:53.123 28751 RALLYDEBUG rally.task.runner [-] Starting a worker. concurrency: 1 args: {"network_create_args": null, "subnet_create_args": null, "subnet_cidr_start": "1.1.0.0/30", "subnets_per_network": 2, "router_create_args": null} times: 40 method_name: run timeout: 0 duration: None cls:
2019-10-25 01:40:53.125 28745 INFO rally.task.runner [-] Task a261ca63-00c9-4a05-96a2-230c7c81717c | ITER: 6 START
2019-10-25 01:40:53.126 28754 RALLYDEBUG rally.task.runner [-] Starting a worker. concurrency: 1 args: {"network_create_args": null, "subnet_create_args": null, "subnet_cidr_start": "1.1.0.0/30", "subnets_per_network": 2, "router_create_args": null} times: 40 method_name: run timeout: 0 duration: None cls:
2019-10-25 01:40:53.119 28743 INFO rally.task.runner [-] Task a261ca63-00c9-4a05-96a2-230c7c81717c | ITER: 5 START
2019-10-25 01:40:53.130 28760 RALLYDEBUG rally.task.runner [-] Starting a worker. concurrency: 1 args: {"network_create_args": null, "subnet_create_args": null, "subnet_cidr_start": "1.1.0.0/30", "subnets_per_network": 2, "router_create_args": null} times: 40 method_name: run timeout: 0 duration: None cls:
2019-10-25 01:40:53.132 28751 INFO rally.task.runner [-] Task a261ca63-00c9-4a05-96a2-230c7c81717c | ITER: 10 START
2019-10-25 01:40:53.133 28754 INFO rally.task.runner [-] Task a261ca63-00c9-4a05-96a2-230c7c81717c | ITER: 11 START
2019-10-25 01:40:53.137 28745 INFO rally.task.runner [-] Task a261ca63-00c9-4a05-96a2-230c7c81717c | ITER: 9 START
2019-10-25 01:40:53.138 28760 INFO rally.task.runner [-] Task a261ca63-00c9-4a05-96a2-230c7c81717c | ITER: 12 START
2019-10-25 01:40:53.137 28742 INFO rally.task.runner [-] Task a261ca63-00c9-4a05-96a2-230c7c81717c | ITER: 3 START
2019-10-25 01:40:53.139 28763 RALLYDEBUG rally.task.runner [-] Starting a worker. concurrency: 1 args: {"network_create_args": null, "subnet_create_args": null, "subnet_cidr_start": "1.1.0.0/30", "subnets_per_network": 2, "router_create_args": null} times: 40 method_name: run timeout: 0 duration: None cls:
2019-10-25 01:40:53.144 28769 RALLYDEBUG rally.task.runner [-] Starting a worker. concurrency: 1 args: {"network_create_args": null, "subnet_create_args": null, "subnet_cidr_start": "1.1.0.0/30", "subnets_per_network": 2, "router_create_args": null} times: 40 method_name: run timeout: 0 duration: None cls:
2019-10-25 01:40:53.148 28763 INFO rally.task.runner [-] Task a261ca63-00c9-4a05-96a2-230c7c81717c | ITER: 13 START
2019-10-25 01:40:53.152 28769 INFO rally.task.runner [-] Task a261ca63-00c9-4a05-96a2-230c7c81717c | ITER: 14 START
2019-10-25 01:40:53.154 28773 RALLYDEBUG rally.task.runner [-] Starting a worker. concurrency: 1 args: {"network_create_args": null, "subnet_create_args": null, "subnet_cidr_start": "1.1.0.0/30", "subnets_per_network": 2, "router_create_args": null} times: 40 method_name: run timeout: 0 duration: None cls:
2019-10-25 01:40:53.161 28773 INFO rally.task.runner [-] Task a261ca63-00c9-4a05-96a2-230c7c81717c | ITER: 15 START
2019-10-25 01:40:53.162 28777 RALLYDEBUG rally.task.runner [-] Starting a worker. concurrency: 1 args: {"network_create_args": null, "subnet_create_args": null, "subnet_cidr_start": "1.1.0.0/30", "subnets_per_network": 2, "router_create_args": null} times: 40 method_name: run timeout: 0 duration: None cls:
2019-10-25 01:40:53.167 28777 INFO rally.task.runner [-] Task a261ca63-00c9-4a05-96a2-230c7c81717c | ITER: 16 START
2019-10-25 01:40:53.168 28780 RALLYDEBUG rally.task.runner [-] Starting a worker. concurrency: 1 args: {"network_create_args": null, "subnet_create_args": null, "subnet_cidr_start": "1.1.0.0/30", "subnets_per_network": 2, "router_create_args": null} times: 40 method_name: run timeout: 0 duration: None cls:
2019-10-25 01:40:53.173 28780 INFO rally.task.runner [-] Task a261ca63-00c9-4a05-96a2-230c7c81717c | ITER: 17 START
2019-10-25 01:40:53.173 28782 RALLYDEBUG rally.task.runner [-] Starting a worker. concurrency: 1 args: {"network_create_args": null, "subnet_create_args": null, "subnet_cidr_start": "1.1.0.0/30", "subnets_per_network": 2, "router_create_args": null} times: 40 method_name: run timeout: 0 duration: None cls:
2019-10-25 01:40:53.178 28782 INFO rally.task.runner [-] Task a261ca63-00c9-4a05-96a2-230c7c81717c | ITER: 18 START
2019-10-25 01:40:53.178 28784 RALLYDEBUG rally.task.runner [-] Starting a worker. concurrency: 1 args: {"network_create_args": null, "subnet_create_args": null, "subnet_cidr_start": "1.1.0.0/30", "subnets_per_network": 2, "router_create_args": null} times: 40 method_name: run timeout: 0 duration: None cls:
2019-10-25 01:40:53.182 28787 RALLYDEBUG rally.task.runner [-] Starting a worker. concurrency: 1 args: {"network_create_args": null, "subnet_create_args": null, "subnet_cidr_start": "1.1.0.0/30", "subnets_per_network": 2, "router_create_args": null} times: 40 method_name: run timeout: 0 duration: None cls:
2019-10-25 01:40:53.183 28784 INFO rally.task.runner [-] Task a261ca63-00c9-4a05-96a2-230c7c81717c | ITER: 19 START
2019-10-25 01:40:53.188 28787 INFO rally.task.runner [-] Task a261ca63-00c9-4a05-96a2-230c7c81717c | ITER: 20 START
2019-10-25 01:40:53.855 28742 RALLYDEBUG rally_openstack.wrappers.network [-] CIDR generated: 1.1.5.160/30
2019-10-25 01:40:53.894 28745 RALLYDEBUG rally_openstack.wrappers.network [-] CIDR generated: 1.1.5.164/30
2019-10-25 01:40:53.896 28745 RALLYDEBUG rally_openstack.wrappers.network [-] CIDR generated: 1.1.5.168/30
2019-10-25 01:40:53.905 28751 RALLYDEBUG rally_openstack.wrappers.network [-] CIDR generated: 1.1.5.172/30
2019-10-25 01:40:53.914 28743 RALLYDEBUG rally_openstack.wrappers.network [-] CIDR generated: 1.1.5.176/30
2019-10-25 01:40:53.961 28773 RALLYDEBUG rally_openstack.wrappers.network [-] CIDR generated: 1.1.5.180/30
2019-10-25 01:40:54.010 28744 RALLYDEBUG rally_openstack.wrappers.network [-] CIDR generated: 1.1.5.184/30
2019-10-25 01:40:54.031 28742 RALLYDEBUG rally_openstack.wrappers.network [-] CIDR generated: 1.1.5.188/30
2019-10-25 01:40:54.035 28754 RALLYDEBUG rally_openstack.wrappers.network [-] CIDR generated: 1.1.5.192/30
2019-10-25 01:40:54.040 28760 RALLYDEBUG rally_openstack.wrappers.network [-] CIDR generated: 1.1.5.196/30
2019-10-25 01:40:54.194 28780 RALLYDEBUG rally_openstack.wrappers.network [-] CIDR generated: 1.1.5.200/30
2019-10-25 01:40:54.240 28763 RALLYDEBUG rally_openstack.wrappers.network [-] CIDR generated: 1.1.5.204/30
2019-10-25 01:40:54.304 28746 RALLYDEBUG rally_openstack.wrappers.network [-] CIDR generated: 1.1.5.208/30
2019-10-25 01:40:54.363 28787 RALLYDEBUG rally_openstack.wrappers.network [-] CIDR generated: 1.1.5.212/30
2019-10-25 01:40:54.377 28769 RALLYDEBUG rally_openstack.wrappers.network [-] CIDR generated: 1.1.5.216/30
2019-10-25 01:40:54.437 28744 RALLYDEBUG rally_openstack.wrappers.network [-] CIDR generated: 1.1.5.220/30
2019-10-25 01:40:54.480 28743 RALLYDEBUG rally_openstack.wrappers.network [-] CIDR generated: 1.1.5.224/30
2019-10-25 01:40:54.553 28784 RALLYDEBUG rally_openstack.wrappers.network [-] CIDR generated: 1.1.5.228/30
2019-10-25 01:40:54.618 28743 RALLYDEBUG rally_openstack.wrappers.network [-] CIDR generated: 1.1.5.232/30
2019-10-25 01:40:54.762 28782 RALLYDEBUG rally_openstack.wrappers.network [-] CIDR generated: 1.1.5.236/30
2019-10-25 01:40:54.765 28777 RALLYDEBUG rally_openstack.wrappers.network [-] CIDR generated: 1.1.5.240/30
2019-10-25 01:40:54.860 28773 RALLYDEBUG rally_openstack.wrappers.network [-] CIDR generated: 1.1.5.244/30
2019-10-25 01:40:54.925 28744 RALLYDEBUG rally_openstack.wrappers.network [-] CIDR generated: 1.1.5.248/30
2019-10-25 01:40:55.004 28760 RALLYDEBUG rally_openstack.wrappers.network [-] CIDR generated: 1.1.5.252/30
2019-10-25 01:40:55.307 28784 RALLYDEBUG rally_openstack.wrappers.network [-] CIDR generated: 1.1.6.0/30
2019-10-25 01:40:55.734 28754 RALLYDEBUG rally_openstack.wrappers.network [-] CIDR generated: 1.1.6.4/30
2019-10-25 01:40:55.777 28780 RALLYDEBUG rally_openstack.wrappers.network [-] CIDR generated: 1.1.6.8/30
2019-10-25 01:40:55.805 28777 RALLYDEBUG rally_openstack.wrappers.network [-] CIDR generated: 1.1.6.12/30
2019-10-25 01:40:55.891 28746 RALLYDEBUG rally_openstack.wrappers.network [-] CIDR generated: 1.1.6.16/30
2019-10-25 01:40:56.160 28742 RALLYDEBUG rally_openstack.wrappers.network [-] CIDR generated: 1.1.6.20/30
2019-10-25 01:40:56.977 28763 RALLYDEBUG rally_openstack.wrappers.network [-] CIDR generated: 1.1.6.24/30
2019-10-25 01:40:57.164 28782 RALLYDEBUG rally_openstack.wrappers.network [-] CIDR generated: 1.1.6.28/30
2019-10-25 01:40:57.669 28787 RALLYDEBUG rally_openstack.wrappers.network [-] CIDR generated: 1.1.6.32/30
2019-10-25 01:40:57.849 28744 RALLYDEBUG rally_openstack.wrappers.network [-] CIDR generated: 1.1.6.36/30
2019-10-25 01:40:58.485 28751 RALLYDEBUG rally_openstack.wrappers.network [-] CIDR generated: 1.1.6.40/30
2019-10-25 01:40:58.711 28745 RALLYDEBUG rally_openstack.wrappers.network [-] CIDR generated: 1.1.6.44/30
2019-10-25 01:40:58.812 28745 RALLYDEBUG rally_openstack.wrappers.network [-] CIDR generated: 1.1.6.48/30
2019-10-25 01:40:58.899 28742 RALLYDEBUG rally_openstack.wrappers.network [-] CIDR generated: 1.1.6.52/30
2019-10-25 01:40:58.997 28769 RALLYDEBUG rally_openstack.wrappers.network [-] CIDR generated: 1.1.6.56/30
2019-10-25 01:40:59.043 28743 RALLYDEBUG rally_openstack.wrappers.network [-] CIDR generated: 1.1.6.60/30
2019-10-25 01:41:02.960 28784 INFO rally.task.runner [-] Task a261ca63-00c9-4a05-96a2-230c7c81717c | ITER: 19 END: OK
2019-10-25 01:41:02.964 28784 INFO rally.task.runner [-] Task a261ca63-00c9-4a05-96a2-230c7c81717c | ITER: 21 START
2019-10-25 01:41:03.753 28784 RALLYDEBUG rally_openstack.wrappers.network [-] CIDR generated: 1.1.6.64/30
2019-10-25 01:41:05.877 28773 INFO rally.task.runner [-] Task a261ca63-00c9-4a05-96a2-230c7c81717c | ITER: 15 END: OK
2019-10-25 01:41:05.881 28773 INFO rally.task.runner [-] Task a261ca63-00c9-4a05-96a2-230c7c81717c | ITER: 22 START
