2019-10-25 01:48:10.237 26158 RALLYDEBUG rally_openstack.cleanup.manager [-] Deleting neutron.port object s_rally_9d5c1a70_9xtUEyDz (dbe3c552-d0f4-421a-a5e3-5ccf23653e86)
2019-10-25 01:48:10.520 26158 RALLYDEBUG rally_openstack.cleanup.manager [-] Deleting neutron.port object s_rally_9d5c1a70_w0IARgTr (dbf3578c-7fbe-4368-90ff-daa133eef6d1)
2019-10-25 01:48:10.579 26158 RALLYDEBUG rally_openstack.cleanup.manager [-] Deleting neutron.port object s_rally_9d5c1a70_colw3cst (dc1349de-0fb7-4a2c-b528-2098f54135ff)
2019-10-25 01:48:10.580 26158 RALLYDEBUG rally_openstack.cleanup.manager [-] Deleting neutron.port object s_rally_9d5c1a70_zz5u6CNn (dc1849c3-56c0-49a5-bc23-c682bcf3302f)
2019-10-25 01:48:10.608 26158 RALLYDEBUG rally_openstack.cleanup.manager [-] Deleting neutron.port object s_rally_9d5c1a70_aAGMcu24 (dc43dac4-5c9f-4870-8d04-54b3bb8f2bf5)
2019-10-25 01:48:10.663 26158 RALLYDEBUG rally_openstack.cleanup.manager [-] Deleting neutron.port object s_rally_9d5c1a70_rx6d1fM5 (dc9b228f-49a6-4cc7-afca-24937d9b3571)
2019-10-25 01:48:10.710 26158 RALLYDEBUG rally_openstack.cleanup.manager [-] Deleting neutron.port object s_rally_9d5c1a70_76kHj1e2 (dd0d4b70-a14f-40b1-bb1d-a92488745a00)
2019-10-25 01:48:10.757 26158 RALLYDEBUG rally_openstack.cleanup.manager [-] Deleting neutron.port object s_rally_9d5c1a70_kUkCfhsB (dd1c49f7-00b4-4bba-9e07-865e4fb96a55)
2019-10-25 01:48:10.784 26158 RALLYDEBUG rally_openstack.cleanup.manager [-] Deleting neutron.port object s_rally_9d5c1a70_vmctfWMb (dd9cc737-3fec-4fb4-b128-fdad138b6049)
2019-10-25 01:48:10.805 26158 RALLYDEBUG rally_openstack.cleanup.manager [-] Deleting neutron.port object s_rally_9d5c1a70_lFS59G3o (de20d8bc-22fa-436c-a66d-26cb375b0ff2)
2019-10-25 01:48:10.960 26158 RALLYDEBUG rally_openstack.cleanup.manager [-] Deleting neutron.port object s_rally_9d5c1a70_wLKIDFPw (de3ec7cb-45f3-4018-97fb-4a573f05f1ad)
2019-10-25 01:48:11.339 26158 RALLYDEBUG rally_openstack.cleanup.manager [-] Deleting neutron.port object s_rally_9d5c1a70_RMmy43Op (de5ffa17-9a8b-43f2-9ecc-3b68870595f7)
2019-10-25 01:48:11.375 26158 RALLYDEBUG rally_openstack.cleanup.manager [-] Deleting neutron.port object s_rally_9d5c1a70_TOdgjyLQ (dea10b9d-bcb5-4c61-bc5d-e6cc624e8965)
2019-10-25 01:48:11.464 26158 RALLYDEBUG rally_openstack.cleanup.manager [-] Deleting neutron.port object s_rally_9d5c1a70_zF0YgMG6 (df100cbc-d559-49dc-b88b-fedd70f36949)
2019-10-25 01:48:11.516 26158 RALLYDEBUG rally_openstack.cleanup.manager [-] Deleting neutron.port object s_rally_9d5c1a70_ctvcESbR (df80a84b-24c2-4e24-86f9-a02e1fb5c082)
2019-10-25 01:48:11.722 26158 RALLYDEBUG rally_openstack.cleanup.manager [-] Deleting neutron.port object s_rally_9d5c1a70_VlD9yDSl (e0243c52-ae0e-4bdb-b258-6803a79fddf6)
2019-10-25 01:48:11.731 26158 RALLYDEBUG rally_openstack.cleanup.manager [-] Deleting neutron.port object s_rally_9d5c1a70_al7fpGDj (e095f137-5e3d-4a02-98c3-90ed9f4fe3ba)
2019-10-25 01:48:11.785 26158 RALLYDEBUG rally_openstack.cleanup.manager [-] Deleting neutron.port object s_rally_9d5c1a70_rLvvc4fQ (e0c54dc9-1014-4b96-bac5-826c22057dd0)
2019-10-25 01:48:11.860 26158 RALLYDEBUG rally_openstack.cleanup.manager [-] Deleting neutron.port object s_rally_9d5c1a70_OHbcxYYa (e0f14ad9-1455-47a4-b6aa-46d35c4f23e5)
2019-10-25 01:48:12.031 26158 RALLYDEBUG rally_openstack.cleanup.manager [-] Deleting neutron.port object s_rally_9d5c1a70_e6LLSzEB (e1ca7b5c-494e-4977-8ac9-8240b6a34804)
2019-10-25 01:48:12.238 26158 RALLYDEBUG rally_openstack.cleanup.manager [-] Deleting neutron.port object s_rally_9d5c1a70_8f5ZHJVs (e21781ee-99d3-4def-b96e-a28dc176706d)
2019-10-25 01:48:12.302 26158 RALLYDEBUG rally_openstack.cleanup.manager [-] Deleting neutron.port object s_rally_9d5c1a70_9GB515eQ (e2ad2a22-bbf4-45a8-a88d-634336889b1e)
2019-10-25 01:48:12.387 26158 RALLYDEBUG rally_openstack.cleanup.manager [-] Deleting neutron.port object s_rally_9d5c1a70_QFopROtk (e366846d-d511-4ae2-9992-0a68402b0259)
2019-10-25 01:48:12.464 26158 RALLYDEBUG rally_openstack.cleanup.manager [-] Deleting neutron.port object s_rally_9d5c1a70_BppHMy2y (e3a1ed26-4453-423a-9845-7746487f8f72)
2019-10-25 01:48:12.564 26158 RALLYDEBUG rally_openstack.cleanup.manager [-] Deleting neutron.port object s_rally_9d5c1a70_G2NwKjF4 (e4884826-ad83-4ffd-b827-e9dfe317b02e)
2019-10-25 01:48:12.573 26158 RALLYDEBUG rally_openstack.cleanup.manager [-] Deleting neutron.port object s_rally_9d5c1a70_VX7HEJIG (e4aac5a9-53cd-4177-bbed-d8de032a0aa0)
2019-10-25 01:48:12.600 26158 RALLYDEBUG rally_openstack.cleanup.manager [-] Deleting neutron.port object s_rally_9d5c1a70_n0sa6W7N (e4eb5aa9-a3e4-4899-ab8b-4c0cfb42a908)
2019-10-25 01:48:12.645 26158 RALLYDEBUG rally_openstack.cleanup.manager [-] Deleting neutron.port object s_rally_9d5c1a70_IrStlGq5 (e4fe02fe-fa60-4543-a53a-2abb38f99769)
2019-10-25 01:48:12.723 26158 RALLYDEBUG rally_openstack.cleanup.manager [-] Deleting neutron.port object s_rally_9d5c1a70_H3DYycMV (e78398b1-40c4-44f1-a11f-d617205dd5e4)
2019-10-25 01:48:12.756 26158 RALLYDEBUG rally_openstack.cleanup.manager [-] Deleting neutron.port object s_rally_9d5c1a70_aj6NP18J (e7e68606-1e3f-458d-8616-09d6bdae60de)
2019-10-25 01:48:12.782 26158 RALLYDEBUG rally_openstack.cleanup.manager [-] Deleting neutron.port object s_rally_9d5c1a70_ci6G5ZCP (e8d9c484-8268-4b9c-bacb-b28e7019d66b)
2019-10-25 01:48:13.133 26158 RALLYDEBUG rally_openstack.cleanup.manager [-] Deleting neutron.port object s_rally_9d5c1a70_RcXN9GXb (eaa04d85-4b91-4ecd-97b1-a096d6b7190f)
2019-10-25 01:48:13.148 26158 RALLYDEBUG rally_openstack.cleanup.manager [-] Deleting neutron.port object s_rally_9d5c1a70_MfKviUL3 (eae3261c-6e99-489f-93c6-a02d863c3060)
2019-10-25 01:48:13.460 26158 RALLYDEBUG rally_openstack.cleanup.manager [-] Deleting neutron.port object s_rally_9d5c1a70_3qKr5P2l (eb5569ef-9082-4994-a5ed-f4af70c7e5e6)
2019-10-25 01:48:13.666 26158 RALLYDEBUG rally_openstack.cleanup.manager [-] Deleting neutron.port object s_rally_9d5c1a70_3rt6G3Bg (ec753d68-7c8c-45e2-8a2d-fe7a402d6aa5)
2019-10-25 01:48:13.667 26158 RALLYDEBUG rally_openstack.cleanup.manager [-] Deleting neutron.port object s_rally_9d5c1a70_prIWYeXo (ecd586b6-fc7d-4f9a-8a0e-5fa192a0d251)
2019-10-25 01:48:13.667 26158 RALLYDEBUG rally_openstack.cleanup.manager [-] Deleting neutron.port object s_rally_9d5c1a70_0yjlzYB5 (ebf7ea4c-4ff1-49ec-bc3a-eb0dd06610d4)
2019-10-25 01:48:13.770 26158 RALLYDEBUG rally_openstack.cleanup.manager [-] Deleting neutron.port object s_rally_9d5c1a70_YWkwupjY (ecd9d0b2-024e-4079-b03d-469cf078d4bf)
2019-10-25 01:48:13.956 26158 RALLYDEBUG rally_openstack.cleanup.manager [-] Deleting neutron.port object s_rally_9d5c1a70_kDN6EI31 (ed4fc780-8454-4be7-8634-d10d41e63ee5)
2019-10-25 01:48:13.965 26158 RALLYDEBUG rally_openstack.cleanup.manager [-] Deleting neutron.port object s_rally_9d5c1a70_rHp1YqGO (efa83601-a11b-4f5c-9233-09d92f50f9b1)
2019-10-25 01:48:14.158 26158 RALLYDEBUG rally_openstack.cleanup.manager [-] Deleting neutron.port object s_rally_9d5c1a70_MXwZqxub (efb7e26c-e5e0-43f6-875f-c2e7c5a44b8a)
2019-10-25 01:48:14.171 26158 RALLYDEBUG rally_openstack.cleanup.manager [-] Deleting neutron.port object s_rally_9d5c1a70_jMOzf7Kc (f035a06b-07a5-4649-bab4-0a1448e18f4f)
2019-10-25 01:48:14.366 26158 RALLYDEBUG rally_openstack.cleanup.manager [-] Deleting neutron.port object s_rally_9d5c1a70_pMU9gDlJ (f127e015-575a-4b8a-915b-32e3b9db2439)
2019-10-25 01:48:14.366 26158 RALLYDEBUG rally_openstack.cleanup.manager [-] Deleting neutron.port object s_rally_9d5c1a70_j59uNbVn (f37c91d4-7400-40da-8212-44d65106f877)
2019-10-25 01:48:14.394 26158 RALLYDEBUG rally_openstack.cleanup.manager [-] Deleting neutron.port object s_rally_9d5c1a70_B9YcPCM9 (f38b0e5e-f553-4c29-82d8-05575fbc1afb)
2019-10-25 01:48:14.402 26158 RALLYDEBUG rally_openstack.cleanup.manager [-] Deleting neutron.port object s_rally_9d5c1a70_ata9GKW6 (f3a52dd0-8503-4766-a6a4-ca8ad6c3cab3)
2019-10-25 01:48:14.501 26158 RALLYDEBUG rally_openstack.cleanup.manager [-] Deleting neutron.port object s_rally_9d5c1a70_uZCSoKY7 (f40f7830-4535-41dc-b847-b8a293fb8d3b)
2019-10-25 01:48:14.516 26158 RALLYDEBUG rally_openstack.cleanup.manager [-] Deleting neutron.port object s_rally_9d5c1a70_9w8eUZ1p (f4c7eb39-5d37-4986-ac19-85d318e894c4)
2019-10-25 01:48:14.693 26158 RALLYDEBUG rally_openstack.cleanup.manager [-] Deleting neutron.port object s_rally_9d5c1a70_zhQCys8y (f59692c4-f7f7-44af-9d32-1b4662a2d94b)
2019-10-25 01:48:14.746 26158 RALLYDEBUG rally_openstack.cleanup.manager [-] Deleting neutron.port object s_rally_9d5c1a70_9IxP9szk (f5992ebe-fd29-474a-b438-169d956a30bd)
2019-10-25 01:48:14.831 26158 RALLYDEBUG rally_openstack.cleanup.manager [-] Deleting neutron.port object s_rally_9d5c1a70_wyp6ezvH (f60676ef-0a44-4779-97d1-5cd00972c728)
2019-10-25 01:48:14.913 26158 RALLYDEBUG rally_openstack.cleanup.manager [-] Deleting neutron.port object s_rally_9d5c1a70_e2hB6D5K (f6452d33-2004-442c-83c3-46199b43e901)
2019-10-25 01:48:15.200 26158 RALLYDEBUG rally_openstack.cleanup.manager [-] Deleting neutron.port object s_rally_9d5c1a70_ORT3h6Bi (f657128d-bce1-4095-b663-c15c23f8e14e)
2019-10-25 01:48:15.462 26158 RALLYDEBUG rally_openstack.cleanup.manager [-] Deleting neutron.port object s_rally_9d5c1a70_SS9StnH2 (f6d0fca6-f712-4397-a36c-fb53ca46df52)
2019-10-25 01:48:15.462 26158 RALLYDEBUG rally_openstack.cleanup.manager [-] Deleting neutron.port object s_rally_9d5c1a70_7Bw58aQZ (f7219890-cba8-4df0-99b3-d105a80b5561)
2019-10-25 01:48:15.559 26158 RALLYDEBUG rally_openstack.cleanup.manager [-] Deleting neutron.port object s_rally_9d5c1a70_HaKMZ5tJ (f856e078-2707-4d3d-b5fa-f4f90f6c2fec)
2019-10-25 01:48:15.575 26158 RALLYDEBUG rally_openstack.cleanup.manager [-] Deleting neutron.port object s_rally_9d5c1a70_W58bmtDx (f958531c-09f9-4001-8158-cedd44b01b68)
2019-10-25 01:48:15.756 26158 RALLYDEBUG rally_openstack.cleanup.manager [-] Deleting neutron.port object s_rally_9d5c1a70_K7p4dSog (fa9ef913-1d41-467c-83f1-d5932fb17753)
2019-10-25 01:48:15.800 26158 RALLYDEBUG rally_openstack.cleanup.manager [-] Deleting neutron.port object s_rally_9d5c1a70_hfuK2q9y (fad64ae6-e4e7-4157-b6a2-656e19f55b12)
2019-10-25 01:48:15.985 26158 RALLYDEBUG rally_openstack.cleanup.manager [-] Deleting neutron.port object s_rally_9d5c1a70_0hBzxu2t (fb646074-1619-425d-b303-0694d8a6aebc)
2019-10-25 01:48:15.987 26158 RALLYDEBUG rally_openstack.cleanup.manager [-] Deleting neutron.port object s_rally_9d5c1a70_SqG4G0n4 (fbc1735d-149d-40ab-9cb2-7ab3615f7bb7)
2019-10-25 01:48:16.146 26158 RALLYDEBUG rally_openstack.cleanup.manager [-] Deleting neutron.port object s_rally_9d5c1a70_EwiTgj9B (fbf97979-523a-4853-a9d8-5b9084d10e28)
2019-10-25 01:48:16.162 26158 RALLYDEBUG rally_openstack.cleanup.manager [-] Deleting neutron.port object s_rally_9d5c1a70_dFgyIVJT (fc9b7803-80c7-4264-b38a-7eeea4dfdf23)
2019-10-25 01:48:16.166 26158 RALLYDEBUG rally_openstack.cleanup.manager [-] Deleting neutron.port object s_rally_9d5c1a70_anpKAiUQ (fc894035-1a05-40eb-95dd-6d036aa6c2f5)
2019-10-25 01:48:16.200 26158 RALLYDEBUG rally_openstack.cleanup.manager [-] Deleting neutron.port object s_rally_9d5c1a70_Jt7gMTJt (fd5bd6e5-a9d5-4291-94e6-4992da2ddd00)
2019-10-25 01:48:16.242 26158 RALLYDEBUG rally_openstack.cleanup.manager [-] Deleting neutron.port object s_rally_9d5c1a70_VHrZ7ntH (fd6043e0-17bd-4adf-8867-d23dd7ec9f6e)
2019-10-25 01:48:16.345 26158 RALLYDEBUG rally_openstack.cleanup.manager [-] Deleting neutron.port object s_rally_9d5c1a70_O7t7cDsj (fd6151a7-6bad-4225-9a27-cd07b2b1b163)
2019-10-25 01:48:16.507 26158 RALLYDEBUG rally_openstack.cleanup.manager [-] Deleting neutron.port object s_rally_9d5c1a70_QHLR8U6W (fe61102f-7499-4f12-b223-2e0fbcbf9b2d)
2019-10-25 01:48:18.603 26158 RALLYDEBUG rally_openstack.cleanup.manager [-] Cleaning up neutron subnet objects
2019-10-25 01:48:19.037 26158 RALLYDEBUG rally_openstack.cleanup.manager [-] Cleaning up neutron network objects
2019-10-25 01:48:19.555 26158 RALLYDEBUG rally_openstack.cleanup.manager [-] Deleting neutron.network object s_rally_9d5c1a70_i1uS9YIq (26d7741c-1031-4826-a996-e9d4952f8658)
2019-10-25 01:48:19.569 26158 RALLYDEBUG rally_openstack.cleanup.manager [-] Deleting neutron.network object s_rally_9d5c1a70_94JqDZUo (43eab2ed-d413-41ba-acac-91122279b146)
2019-10-25 01:48:19.572 26158 RALLYDEBUG rally_openstack.cleanup.manager [-] Deleting neutron.network object s_rally_9d5c1a70_CwaZvivs (64fda7fe-f334-4a67-8468-1381282ae1fb)
2019-10-25 01:48:19.588 26158 RALLYDEBUG rally_openstack.cleanup.manager [-] Deleting neutron.network object s_rally_9d5c1a70_qzO3FwCo (8bc50178-b90c-4146-b15a-6a0808c4a6a7)
2019-10-25 01:48:19.597 26158 RALLYDEBUG rally_openstack.cleanup.manager [-] Deleting neutron.network object s_rally_9d5c1a70_MJ4OrXP1 (a593baed-49db-4a8d-8ab4-4985be2a0d61)
2019-10-25 01:48:19.601 26158 RALLYDEBUG rally_openstack.cleanup.manager [-] Deleting neutron.network object s_rally_9d5c1a70_SW98ChAG (4ebafee7-54e2-4076-bfde-eb5dab82bce6)
2019-10-25 01:48:19.605 26158 RALLYDEBUG rally_openstack.cleanup.manager [-] Deleting neutron.network object s_rally_9d5c1a70_O9ISnysb (8dac8af1-ab2d-4bea-ae7d-47b2fe2075fd)
2019-10-25 01:48:19.618 26158 RALLYDEBUG rally_openstack.cleanup.manager [-] Deleting neutron.network object s_rally_9d5c1a70_T1ZNG5xa (c9f24602-ffe4-463c-a4b4-e9e4dce20793)
2019-10-25 01:48:22.314 26158 RALLYDEBUG rally_openstack.cleanup.manager [-] Cleaning up neutron router objects
2019-10-25 01:48:22.763 26158 RALLYDEBUG rally_openstack.cleanup.manager [-] Cleaning up neutron security_group objects
2019-10-25 01:48:23.244 26158 INFO rally.task.context [-] Task a261ca63-00c9-4a05-96a2-230c7c81717c | Context cleanup@openstack cleanup() finished in 48.04 sec
2019-10-25 01:48:23.244 26158 INFO rally.task.context [-] Task a261ca63-00c9-4a05-96a2-230c7c81717c | Context quotas@openstack cleanup() started
2019-10-25 01:48:23.332 26158 INFO rally.task.context [-] Task a261ca63-00c9-4a05-96a2-230c7c81717c | Context quotas@openstack cleanup() finished in 87.45 msec
2019-10-25 01:48:23.332 26158 INFO rally.task.context [-] Task a261ca63-00c9-4a05-96a2-230c7c81717c | Context users@openstack cleanup() started
2019-10-25 01:48:26.154 26158 INFO rally.task.context [-] Task a261ca63-00c9-4a05-96a2-230c7c81717c | Context users@openstack cleanup() finished in 2.82 sec
2019-10-25 01:48:26.979 26158 INFO rally.task.engine [-] Load duration is: 57.652796
2019-10-25 01:48:26.979 26158 INFO rally.task.engine [-] Full runner duration is: 57.702563
2019-10-25 01:48:26.980 26158 INFO rally.task.engine [-] Full duration is: 111.666355
2019-10-25 01:48:27.254 26158 INFO rally.task.engine [-] Running workload: position = 1 config = { "version": 2, "title": "A cropped version of a bigger task.", "description": "Auto-generated task from a single workload (uuid=24fc158c-9095-4b08-972a-72221ce45f7a)", "subtasks": [ { "title": "NeutronNetworks.create_and_update_ports", "description": "Create and update a given number of ports.", "scenario": { "NeutronNetworks.create_and_update_ports": { "network_create_args": {}, "port_create_args": {}, "ports_per_network": 5, "port_update_args": { "admin_state_up": false, "device_id": "dummy_id", "device_owner": "dummy_owner", "name": "_port_updated" } } }, "contexts": { "users": { "tenants": 1, "users_per_tenant": 1 }, "quotas": { "neutron": { "network": -1, "port": -1 } } }, "runner": { "constant": { "times": 40, "concurrency": 20 } }, "hooks": [], "sla": { "failure_rate": { "max": 0 } } } ] }
2019-10-25 01:48:27.282 26158 RALLYDEBUG rally_openstack.contexts.keystone.users [-] Creating 1 tenants using 20 threads
2019-10-25 01:48:28.242 26158 RALLYDEBUG rally_openstack.contexts.keystone.users [-] Creating 1 users using 20 threads
2019-10-25 01:48:29.660 26158 INFO rally.task.context [-] Task a261ca63-00c9-4a05-96a2-230c7c81717c | Context users@openstack setup() finished in 2.38 sec
2019-10-25 01:48:30.151 26158 INFO rally.task.context [-] Task a261ca63-00c9-4a05-96a2-230c7c81717c | Context quotas@openstack setup() finished in 0.49 sec
2019-10-25 01:48:30.152 26158 INFO rally.task.context [-] Task a261ca63-00c9-4a05-96a2-230c7c81717c | Context cleanup@openstack setup() finished in 0.01 msec
2019-10-25 01:48:30.162 26158 RALLYDEBUG rally.task.runner [-] Starting the constant runner (task UUID: a261ca63-00c9-4a05-96a2-230c7c81717c). timeout: 0 concurrency: 20 concurrency_per_worker: 1 times: 40 concurrency_overhead: 4 processes_to_start: 16 max_cpu_used: 16
2019-10-25 01:48:30.177 30234 RALLYDEBUG rally.task.runner [-] Starting a worker. concurrency: 2 args: {"network_create_args": {}, "port_create_args": {}, "ports_per_network": 5, "port_update_args": {"admin_state_up": false, "device_id": "dummy_id", "device_owner": "dummy_owner", "name": "_port_updated"}} times: 40 method_name: run timeout: 0 duration: None cls:
2019-10-25 01:48:30.179 30235 RALLYDEBUG rally.task.runner [-] Starting a worker. concurrency: 2 args: {"network_create_args": {}, "port_create_args": {}, "ports_per_network": 5, "port_update_args": {"admin_state_up": false, "device_id": "dummy_id", "device_owner": "dummy_owner", "name": "_port_updated"}} times: 40 method_name: run timeout: 0 duration: None cls:
2019-10-25 01:48:30.183 30236 RALLYDEBUG rally.task.runner [-] Starting a worker. concurrency: 2 args: {"network_create_args": {}, "port_create_args": {}, "ports_per_network": 5, "port_update_args": {"admin_state_up": false, "device_id": "dummy_id", "device_owner": "dummy_owner", "name": "_port_updated"}} times: 40 method_name: run timeout: 0 duration: None cls:
2019-10-25 01:48:30.186 30237 RALLYDEBUG rally.task.runner [-] Starting a worker. concurrency: 2 args: {"network_create_args": {}, "port_create_args": {}, "ports_per_network": 5, "port_update_args": {"admin_state_up": false, "device_id": "dummy_id", "device_owner": "dummy_owner", "name": "_port_updated"}} times: 40 method_name: run timeout: 0 duration: None cls:
2019-10-25 01:48:30.188 30234 INFO rally.task.runner [-] Task a261ca63-00c9-4a05-96a2-230c7c81717c | ITER: 1 START
2019-10-25 01:48:30.188 30235 INFO rally.task.runner [-] Task a261ca63-00c9-4a05-96a2-230c7c81717c | ITER: 2 START
2019-10-25 01:48:30.190 30234 WARNING rally_openstack.scenarios.neutron.utils [-] Running this scenario without either the 'network' or 'existing_network' context is deprecated
2019-10-25 01:48:30.189 30238 RALLYDEBUG rally.task.runner [-] Starting a worker. concurrency: 1 args: {"network_create_args": {}, "port_create_args": {}, "ports_per_network": 5, "port_update_args": {"admin_state_up": false, "device_id": "dummy_id", "device_owner": "dummy_owner", "name": "_port_updated"}} times: 40 method_name: run timeout: 0 duration: None cls:
2019-10-25 01:48:30.193 30235 WARNING rally_openstack.scenarios.neutron.utils [-] Running this scenario without either the 'network' or 'existing_network' context is deprecated
2019-10-25 01:48:30.194 30236 INFO rally.task.runner [-] Task a261ca63-00c9-4a05-96a2-230c7c81717c | ITER: 4 START
2019-10-25 01:48:30.194 30243 RALLYDEBUG rally.task.runner [-] Starting a worker. concurrency: 1 args: {"network_create_args": {}, "port_create_args": {}, "ports_per_network": 5, "port_update_args": {"admin_state_up": false, "device_id": "dummy_id", "device_owner": "dummy_owner", "name": "_port_updated"}} times: 40 method_name: run timeout: 0 duration: None cls:
2019-10-25 01:48:30.196 30238 INFO rally.task.runner [-] Task a261ca63-00c9-4a05-96a2-230c7c81717c | ITER: 8 START
2019-10-25 01:48:30.196 30236 WARNING rally_openstack.scenarios.neutron.utils [-] Running this scenario without either the 'network' or 'existing_network' context is deprecated
2019-10-25 01:48:30.196 30237 INFO rally.task.runner [-] Task a261ca63-00c9-4a05-96a2-230c7c81717c | ITER: 6 START
2019-10-25 01:48:30.197 30238 WARNING rally_openstack.scenarios.neutron.utils [-] Running this scenario without either the 'network' or 'existing_network' context is deprecated
2019-10-25 01:48:30.198 30237 INFO rally.task.runner [-] Task a261ca63-00c9-4a05-96a2-230c7c81717c | ITER: 9 START
2019-10-25 01:48:30.198 30247 RALLYDEBUG rally.task.runner [-] Starting a worker. concurrency: 1 args: {"network_create_args": {}, "port_create_args": {}, "ports_per_network": 5, "port_update_args": {"admin_state_up": false, "device_id": "dummy_id", "device_owner": "dummy_owner", "name": "_port_updated"}} times: 40 method_name: run timeout: 0 duration: None cls:
2019-10-25 01:48:30.199 30237 WARNING rally_openstack.scenarios.neutron.utils [-] Running this scenario without either the 'network' or 'existing_network' context is deprecated
2019-10-25 01:48:30.201 30243 INFO rally.task.runner [-] Task a261ca63-00c9-4a05-96a2-230c7c81717c | ITER: 10 START
2019-10-25 01:48:30.200 30237 WARNING rally_openstack.scenarios.neutron.utils [-] Running this scenario without either the 'network' or 'existing_network' context is deprecated
2019-10-25 01:48:30.202 30243 WARNING rally_openstack.scenarios.neutron.utils [-] Running this scenario without either the 'network' or 'existing_network' context is deprecated
2019-10-25 01:48:30.202 30252 RALLYDEBUG rally.task.runner [-] Starting a worker. concurrency: 1 args: {"network_create_args": {}, "port_create_args": {}, "ports_per_network": 5, "port_update_args": {"admin_state_up": false, "device_id": "dummy_id", "device_owner": "dummy_owner", "name": "_port_updated"}} times: 40 method_name: run timeout: 0 duration: None cls:
2019-10-25 01:48:30.194 30234 INFO rally.task.runner [-] Task a261ca63-00c9-4a05-96a2-230c7c81717c | ITER: 3 START
2019-10-25 01:48:30.204 30234 WARNING rally_openstack.scenarios.neutron.utils [-] Running this scenario without either the 'network' or 'existing_network' context is deprecated
2019-10-25 01:48:30.205 30235 INFO rally.task.runner [-] Task a261ca63-00c9-4a05-96a2-230c7c81717c | ITER: 5 START
2019-10-25 01:48:30.207 30247 INFO rally.task.runner [-] Task a261ca63-00c9-4a05-96a2-230c7c81717c | ITER: 11 START
2019-10-25 01:48:30.209 30247 WARNING rally_openstack.scenarios.neutron.utils [-] Running this scenario without either the 'network' or 'existing_network' context is deprecated
2019-10-25 01:48:30.209 30235 WARNING rally_openstack.scenarios.neutron.utils [-] Running this scenario without either the 'network' or 'existing_network' context is deprecated
2019-10-25 01:48:30.209 30258 RALLYDEBUG rally.task.runner [-] Starting a worker. concurrency: 1 args: {"network_create_args": {}, "port_create_args": {}, "ports_per_network": 5, "port_update_args": {"admin_state_up": false, "device_id": "dummy_id", "device_owner": "dummy_owner", "name": "_port_updated"}} times: 40 method_name: run timeout: 0 duration: None cls:
2019-10-25 01:48:30.210 30252 INFO rally.task.runner [-] Task a261ca63-00c9-4a05-96a2-230c7c81717c | ITER: 12 START
2019-10-25 01:48:30.210 30236 INFO rally.task.runner [-] Task a261ca63-00c9-4a05-96a2-230c7c81717c | ITER: 7 START
2019-10-25 01:48:30.211 30252 WARNING rally_openstack.scenarios.neutron.utils [-] Running this scenario without either the 'network' or 'existing_network' context is deprecated
2019-10-25 01:48:30.211 30236 WARNING rally_openstack.scenarios.neutron.utils [-] Running this scenario without either the 'network' or 'existing_network' context is deprecated
2019-10-25 01:48:30.215 30258 INFO rally.task.runner [-] Task a261ca63-00c9-4a05-96a2-230c7c81717c | ITER: 13 START
2019-10-25 01:48:30.216 30258 WARNING rally_openstack.scenarios.neutron.utils [-] Running this scenario without either the 'network' or 'existing_network' context is deprecated
2019-10-25 01:48:30.217 30263 RALLYDEBUG rally.task.runner [-] Starting a worker. concurrency: 1 args: {"network_create_args": {}, "port_create_args": {}, "ports_per_network": 5, "port_update_args": {"admin_state_up": false, "device_id": "dummy_id", "device_owner": "dummy_owner", "name": "_port_updated"}} times: 40 method_name: run timeout: 0 duration: None cls:
2019-10-25 01:48:30.223 30263 INFO rally.task.runner [-] Task a261ca63-00c9-4a05-96a2-230c7c81717c | ITER: 14 START
2019-10-25 01:48:30.225 30263 WARNING rally_openstack.scenarios.neutron.utils [-] Running this scenario without either the 'network' or 'existing_network' context is deprecated
2019-10-25 01:48:30.227 30266 RALLYDEBUG rally.task.runner [-] Starting a worker. concurrency: 1 args: {"network_create_args": {}, "port_create_args": {}, "ports_per_network": 5, "port_update_args": {"admin_state_up": false, "device_id": "dummy_id", "device_owner": "dummy_owner", "name": "_port_updated"}} times: 40 method_name: run timeout: 0 duration: None cls:
2019-10-25 01:48:30.233 30266 INFO rally.task.runner [-] Task a261ca63-00c9-4a05-96a2-230c7c81717c | ITER: 15 START
2019-10-25 01:48:30.235 30266 WARNING rally_openstack.scenarios.neutron.utils [-] Running this scenario without either the 'network' or 'existing_network' context is deprecated
2019-10-25 01:48:30.237 30269 RALLYDEBUG rally.task.runner [-] Starting a worker. concurrency: 1 args: {"network_create_args": {}, "port_create_args": {}, "ports_per_network": 5, "port_update_args": {"admin_state_up": false, "device_id": "dummy_id", "device_owner": "dummy_owner", "name": "_port_updated"}} times: 40 method_name: run timeout: 0 duration: None cls:
2019-10-25 01:48:30.242 30272 RALLYDEBUG rally.task.runner [-] Starting a worker. concurrency: 1 args: {"network_create_args": {}, "port_create_args": {}, "ports_per_network": 5, "port_update_args": {"admin_state_up": false, "device_id": "dummy_id", "device_owner": "dummy_owner", "name": "_port_updated"}} times: 40 method_name: run timeout: 0 duration: None cls:
2019-10-25 01:48:30.243 30269 INFO rally.task.runner [-] Task a261ca63-00c9-4a05-96a2-230c7c81717c | ITER: 16 START
2019-10-25 01:48:30.244 30269 WARNING rally_openstack.scenarios.neutron.utils [-] Running this scenario without either the 'network' or 'existing_network' context is deprecated
2019-10-25 01:48:30.245 30273 RALLYDEBUG rally.task.runner [-] Starting a worker. concurrency: 1 args: {"network_create_args": {}, "port_create_args": {}, "ports_per_network": 5, "port_update_args": {"admin_state_up": false, "device_id": "dummy_id", "device_owner": "dummy_owner", "name": "_port_updated"}} times: 40 method_name: run timeout: 0 duration: None cls:
2019-10-25 01:48:30.248 30272 INFO rally.task.runner [-] Task a261ca63-00c9-4a05-96a2-230c7c81717c | ITER: 17 START
2019-10-25 01:48:30.249 30272 WARNING rally_openstack.scenarios.neutron.utils [-] Running this scenario without either the 'network' or 'existing_network' context is deprecated
2019-10-25 01:48:30.249 30276 RALLYDEBUG rally.task.runner [-] Starting a worker. concurrency: 1 args: {"network_create_args": {}, "port_create_args": {}, "ports_per_network": 5, "port_update_args": {"admin_state_up": false, "device_id": "dummy_id", "device_owner": "dummy_owner", "name": "_port_updated"}} times: 40 method_name: run timeout: 0 duration: None cls:
2019-10-25 01:48:30.251 30273 INFO rally.task.runner [-] Task a261ca63-00c9-4a05-96a2-230c7c81717c | ITER: 18 START
2019-10-25 01:48:30.252 30273 WARNING rally_openstack.scenarios.neutron.utils [-] Running this scenario without either the 'network' or 'existing_network' context is deprecated
2019-10-25 01:48:30.253 30279 RALLYDEBUG rally.task.runner [-] Starting a worker. concurrency: 1 args: {"network_create_args": {}, "port_create_args": {}, "ports_per_network": 5, "port_update_args": {"admin_state_up": false, "device_id": "dummy_id", "device_owner": "dummy_owner", "name": "_port_updated"}} times: 40 method_name: run timeout: 0 duration: None cls:
2019-10-25 01:48:30.254 30276 INFO rally.task.runner [-] Task a261ca63-00c9-4a05-96a2-230c7c81717c | ITER: 19 START
2019-10-25 01:48:30.255 30276 WARNING rally_openstack.scenarios.neutron.utils [-] Running this scenario without either the 'network' or 'existing_network' context is deprecated
2019-10-25 01:48:30.258 30279 INFO rally.task.runner [-] Task a261ca63-00c9-4a05-96a2-230c7c81717c | ITER: 20 START
2019-10-25 01:48:30.259 30279 WARNING rally_openstack.scenarios.neutron.utils [-] Running this scenario without either the 'network' or 'existing_network' context is deprecated
2019-10-25 01:48:38.367 30266 INFO rally.task.runner [-] Task a261ca63-00c9-4a05-96a2-230c7c81717c | ITER: 15 END: OK
2019-10-25 01:48:38.373 30266 INFO rally.task.runner [-] Task a261ca63-00c9-4a05-96a2-230c7c81717c | ITER: 21 START
2019-10-25 01:48:38.374 30266 WARNING rally_openstack.scenarios.neutron.utils [-] Running this scenario without either the 'network' or 'existing_network' context is deprecated
2019-10-25 01:48:39.201 30236 INFO rally.task.runner [-] Task a261ca63-00c9-4a05-96a2-230c7c81717c | ITER: 7 END: OK
2019-10-25 01:48:39.207 30236 INFO rally.task.runner [-] Task a261ca63-00c9-4a05-96a2-230c7c81717c | ITER: 22 START
2019-10-25 01:48:39.208 30236 WARNING rally_openstack.scenarios.neutron.utils [-] Running this scenario without either the 'network' or 'existing_network' context is deprecated
2019-10-25 01:48:39.284 30238 INFO rally.task.runner [-] Task a261ca63-00c9-4a05-96a2-230c7c81717c | ITER: 8 END: OK
2019-10-25 01:48:39.289 30238 INFO rally.task.runner [-] Task a261ca63-00c9-4a05-96a2-230c7c81717c | ITER: 23 START
2019-10-25 01:48:39.289 30238 WARNING rally_openstack.scenarios.neutron.utils [-] Running this scenario without either the 'network' or 'existing_network' context is deprecated
2019-10-25 01:48:39.350 30235 INFO rally.task.runner [-] Task a261ca63-00c9-4a05-96a2-230c7c81717c | ITER: 5 END: OK
2019-10-25 01:48:39.355 30235 INFO rally.task.runner [-] Task a261ca63-00c9-4a05-96a2-230c7c81717c | ITER: 24 START
2019-10-25 01:48:39.356 30235 WARNING rally_openstack.scenarios.neutron.utils [-] Running this scenario without either the 'network' or 'existing_network' context is deprecated
2019-10-25 01:48:39.571 30236 INFO rally.task.runner [-] Task a261ca63-00c9-4a05-96a2-230c7c81717c | ITER: 4 END: OK
2019-10-25 01:48:39.575 30236 INFO rally.task.runner [-] Task a261ca63-00c9-4a05-96a2-230c7c81717c | ITER: 25 START
2019-10-25 01:48:39.576 30236 WARNING rally_openstack.scenarios.neutron.utils [-] Running this scenario without either the 'network' or 'existing_network' context is deprecated
2019-10-25 01:48:39.608 30243 INFO rally.task.runner [-] Task a261ca63-00c9-4a05-96a2-230c7c81717c | ITER: 10 END: OK
2019-10-25 01:48:39.613 30243 INFO rally.task.runner [-] Task a261ca63-00c9-4a05-96a2-230c7c81717c | ITER: 26 START
2019-10-25 01:48:39.614 30243 WARNING rally_openstack.scenarios.neutron.utils [-] Running this scenario without either the 'network' or 'existing_network' context is deprecated
2019-10-25 01:48:39.937 30269 INFO rally.task.runner [-] Task a261ca63-00c9-4a05-96a2-230c7c81717c | ITER: 16 END: OK
2019-10-25 01:48:39.942 30269 INFO rally.task.runner [-] Task a261ca63-00c9-4a05-96a2-230c7c81717c | ITER: 27 START
2019-10-25 01:48:39.943 30269 WARNING rally_openstack.scenarios.neutron.utils [-] Running this scenario without either the 'network' or 'existing_network' context is deprecated
2019-10-25 01:48:40.018 30258 INFO rally.task.runner [-] Task a261ca63-00c9-4a05-96a2-230c7c81717c | ITER: 13 END: OK
2019-10-25 01:48:40.023 30258 INFO rally.task.runner [-] Task a261ca63-00c9-4a05-96a2-230c7c81717c | ITER: 28 START
2019-10-25 01:48:40.024 30258 WARNING rally_openstack.scenarios.neutron.utils [-] Running this scenario without either the 'network' or 'existing_network' context is deprecated
2019-10-25 01:48:40.271 30235 INFO rally.task.runner [-] Task a261ca63-00c9-4a05-96a2-230c7c81717c | ITER: 2 END: OK
2019-10-25 01:48:40.275 30235 INFO rally.task.runner [-] Task a261ca63-00c9-4a05-96a2-230c7c81717c | ITER: 29 START
2019-10-25 01:48:40.276 30235 WARNING rally_openstack.scenarios.neutron.utils [-] Running this scenario without either the 'network' or 'existing_network' context is deprecated
2019-10-25 01:48:40.469 30272 INFO rally.task.runner [-] Task a261ca63-00c9-4a05-96a2-230c7c81717c | ITER: 17 END: OK
2019-10-25 01:48:40.475 30272 INFO rally.task.runner [-] Task a261ca63-00c9-4a05-96a2-230c7c81717c | ITER: 30 START
2019-10-25 01:48:40.476 30272 WARNING rally_openstack.scenarios.neutron.utils [-] Running this scenario without either the 'network' or 'existing_network' context is deprecated
2019-10-25 01:48:40.527 30252 INFO rally.task.runner [-] Task a261ca63-00c9-4a05-96a2-230c7c81717c | ITER: 12 END: OK
2019-10-25 01:48:40.532 30252 INFO rally.task.runner [-] Task a261ca63-00c9-4a05-96a2-230c7c81717c | ITER: 31 START
2019-10-25 01:48:40.533 30252 WARNING rally_openstack.scenarios.neutron.utils [-] Running this scenario without either the 'network' or 'existing_network' context is deprecated
2019-10-25 01:48:40.684 30273 INFO rally.task.runner [-] Task a261ca63-00c9-4a05-96a2-230c7c81717c | ITER: 18 END: OK
2019-10-25 01:48:40.689 30273 INFO rally.task.runner [-] Task a261ca63-00c9-4a05-96a2-230c7c81717c | ITER: 32 START
2019-10-25 01:48:40.690 30273 WARNING rally_openstack.scenarios.neutron.utils [-] Running this scenario without either the 'network' or 'existing_network' context is deprecated
2019-10-25 01:48:40.780 30237 INFO rally.task.runner [-] Task a261ca63-00c9-4a05-96a2-230c7c81717c | ITER: 9 END: OK
2019-10-25 01:48:40.784 30237 INFO rally.task.runner [-] Task a261ca63-00c9-4a05-96a2-230c7c81717c | ITER: 33 START
2019-10-25 01:48:40.785 30237 WARNING rally_openstack.scenarios.neutron.utils [-] Running this scenario without either the 'network' or 'existing_network' context is deprecated
2019-10-25 01:48:41.093 30247 INFO rally.task.runner [-] Task a261ca63-00c9-4a05-96a2-230c7c81717c | ITER: 11 END: OK
2019-10-25 01:48:41.097 30247 INFO rally.task.runner [-] Task a261ca63-00c9-4a05-96a2-230c7c81717c | ITER: 34 START
2019-10-25 01:48:41.098 30247 WARNING rally_openstack.scenarios.neutron.utils [-] Running this scenario without either the 'network' or 'existing_network' context is deprecated
2019-10-25 01:48:41.107 30234 INFO rally.task.runner [-] Task a261ca63-00c9-4a05-96a2-230c7c81717c | ITER: 1 END: OK
2019-10-25 01:48:41.112 30234 INFO rally.task.runner [-] Task a261ca63-00c9-4a05-96a2-230c7c81717c | ITER: 35 START
2019-10-25 01:48:41.113 30234 WARNING rally_openstack.scenarios.neutron.utils [-] Running this scenario without either the 'network' or 'existing_network' context is deprecated
2019-10-25 01:48:41.186 30234 INFO rally.task.runner [-] Task a261ca63-00c9-4a05-96a2-230c7c81717c | ITER: 3 END: OK
2019-10-25 01:48:41.191 30234 INFO rally.task.runner [-] Task a261ca63-00c9-4a05-96a2-230c7c81717c | ITER: 36 START
2019-10-25 01:48:41.191 30234 WARNING rally_openstack.scenarios.neutron.utils [-] Running this scenario without either the 'network' or 'existing_network' context is deprecated
2019-10-25 01:48:42.087 30276 INFO rally.task.runner [-] Task a261ca63-00c9-4a05-96a2-230c7c81717c | ITER: 19 END: OK
2019-10-25 01:48:42.092 30276 INFO rally.task.runner [-] Task a261ca63-00c9-4a05-96a2-230c7c81717c | ITER: 37 START
2019-10-25 01:48:42.093 30276 WARNING rally_openstack.scenarios.neutron.utils [-] Running this scenario without either the 'network' or 'existing_network' context is deprecated
2019-10-25 01:48:42.407 30279 INFO rally.task.runner [-] Task a261ca63-00c9-4a05-96a2-230c7c81717c | ITER: 20 END: OK
2019-10-25 01:48:42.412 30279 INFO rally.task.runner [-] Task a261ca63-00c9-4a05-96a2-230c7c81717c | ITER: 38 START
2019-10-25 01:48:42.413 30279 WARNING rally_openstack.scenarios.neutron.utils [-] Running this scenario without either the 'network' or 'existing_network' context is deprecated
2019-10-25 01:48:42.678 30237 INFO rally.task.runner [-] Task a261ca63-00c9-4a05-96a2-230c7c81717c | ITER: 6 END: OK
2019-10-25 01:48:42.682 30237 INFO rally.task.runner [-] Task a261ca63-00c9-4a05-96a2-230c7c81717c | ITER: 39 START
2019-10-25 01:48:42.683 30237 WARNING rally_openstack.scenarios.neutron.utils [-] Running this scenario without either the 'network' or 'existing_network' context is deprecated
2019-10-25 01:48:43.082 30263 INFO rally.task.runner [-] Task a261ca63-00c9-4a05-96a2-230c7c81717c | ITER: 14 END: OK
2019-10-25 01:48:43.087 30263 INFO rally.task.runner [-] Task a261ca63-00c9-4a05-96a2-230c7c81717c | ITER: 40 START
2019-10-25 01:48:43.088 30263 WARNING rally_openstack.scenarios.neutron.utils [-] Running this scenario without either the 'network' or 'existing_network' context is deprecated
2019-10-25 01:48:46.854 30235 INFO rally.task.runner [-] Task a261ca63-00c9-4a05-96a2-230c7c81717c | ITER: 29 END: OK
2019-10-25 01:48:47.696 30236 INFO rally.task.runner [-] Task a261ca63-00c9-4a05-96a2-230c7c81717c | ITER: 22 END: OK
2019-10-25 01:48:48.893 30266 INFO rally.task.runner [-] Task a261ca63-00c9-4a05-96a2-230c7c81717c | ITER: 21 END: OK
2019-10-25 01:48:49.034 30238 INFO rally.task.runner [-] Task a261ca63-00c9-4a05-96a2-230c7c81717c | ITER: 23 END: OK
2019-10-25 01:48:49.113 30272 INFO rally.task.runner [-] Task a261ca63-00c9-4a05-96a2-230c7c81717c | ITER: 30 END: OK
2019-10-25 01:48:49.181 30234 INFO rally.task.runner [-] Task a261ca63-00c9-4a05-96a2-230c7c81717c | ITER: 35 END: OK
2019-10-25 01:48:49.185 30235 INFO rally.task.runner [-] Task a261ca63-00c9-4a05-96a2-230c7c81717c | ITER: 24 END: OK
2019-10-25 01:48:49.368 30236 INFO rally.task.runner [-] Task a261ca63-00c9-4a05-96a2-230c7c81717c | ITER: 25 END: OK
2019-10-25 01:48:49.397 30269 INFO rally.task.runner [-] Task a261ca63-00c9-4a05-96a2-230c7c81717c | ITER: 27 END: OK
2019-10-25 01:48:49.495 30258 INFO rally.task.runner [-] Task a261ca63-00c9-4a05-96a2-230c7c81717c | ITER: 28 END: OK
2019-10-25 01:48:49.590 30252 INFO rally.task.runner [-] Task a261ca63-00c9-4a05-96a2-230c7c81717c | ITER: 31 END: OK
2019-10-25 01:48:49.975 30243 INFO rally.task.runner [-] Task a261ca63-00c9-4a05-96a2-230c7c81717c | ITER: 26 END: OK
2019-10-25 01:48:50.153 30237 INFO rally.task.runner [-] Task a261ca63-00c9-4a05-96a2-230c7c81717c | ITER: 33 END: OK
2019-10-25 01:48:50.282 30247 INFO rally.task.runner [-] Task a261ca63-00c9-4a05-96a2-230c7c81717c | ITER: 34 END: OK
2019-10-25 01:48:50.372 30234 INFO rally.task.runner [-] Task a261ca63-00c9-4a05-96a2-230c7c81717c | ITER: 36 END: OK
2019-10-25 01:48:50.590 30276 INFO rally.task.runner [-] Task a261ca63-00c9-4a05-96a2-230c7c81717c | ITER: 37 END: OK
2019-10-25 01:48:50.815 30273 INFO rally.task.runner [-] Task a261ca63-00c9-4a05-96a2-230c7c81717c | ITER: 32 END: OK
2019-10-25 01:48:50.818 30237 INFO rally.task.runner [-] Task a261ca63-00c9-4a05-96a2-230c7c81717c | ITER: 39 END: OK
2019-10-25 01:48:51.111 30279 INFO rally.task.runner [-] Task a261ca63-00c9-4a05-96a2-230c7c81717c | ITER: 38 END: OK
2019-10-25 01:48:51.476 30263 INFO rally.task.runner [-] Task a261ca63-00c9-4a05-96a2-230c7c81717c | ITER: 40 END: OK
2019-10-25 01:48:51.504 26158 INFO rally.task.context [-] Task a261ca63-00c9-4a05-96a2-230c7c81717c | Context cleanup@openstack cleanup() started
2019-10-25 01:48:51.507 26158 RALLYDEBUG rally_openstack.cleanup.manager [-] Cleaning up neutron vip objects
2019-10-25 01:48:51.920 26158 RALLYDEBUG rally_openstack.cleanup.manager [-] Cleaning up neutron health_monitor objects
2019-10-25 01:48:52.314 26158 RALLYDEBUG rally_openstack.cleanup.manager [-] Cleaning up neutron pool objects
2019-10-25 01:48:52.823 26158 RALLYDEBUG rally_openstack.cleanup.manager [-] Cleaning up neutron loadbalancer objects
2019-10-25 01:48:53.224 26158 RALLYDEBUG rally_openstack.cleanup.manager [-] Cleaning up neutron floatingip objects
2019-10-25 01:48:53.661 26158 RALLYDEBUG rally_openstack.cleanup.manager [-] Cleaning up neutron trunk objects
2019-10-25 01:48:54.066 26158 RALLYDEBUG rally_openstack.cleanup.manager [-] Cleaning up neutron port objects
2019-10-25 01:48:55.163 26158 RALLYDEBUG rally_openstack.cleanup.manager [-] Deleting neutron.port object s_rally_24fc158c_rc8aN02f (110b81a1-9c61-45cb-9403-a427c0ba5985)
2019-10-25 01:48:55.171 26158 RALLYDEBUG rally_openstack.cleanup.manager [-] Deleting neutron.port object s_rally_24fc158c_8kqa247g (0a8495e1-8799-4f08-81b5-cc6647f920b3)
2019-10-25 01:48:55.171 26158 RALLYDEBUG rally_openstack.cleanup.manager [-] Deleting neutron.port object s_rally_24fc158c_YFRN3834 (09620c01-bf80-4d65-b22b-86ba0713ab96)
2019-10-25 01:48:55.172 26158 RALLYDEBUG rally_openstack.cleanup.manager [-] Deleting neutron.port object s_rally_24fc158c_OUoNV6Uv (08a461d3-e3bc-42f1-be7d-6d7f893b4799)
2019-10-25 01:48:55.173 26158 RALLYDEBUG rally_openstack.cleanup.manager [-] Deleting neutron.port object s_rally_24fc158c_BoxmMVTG (0db23fac-4995-4c46-9dea-e5ec1d490c8b)
2019-10-25 01:48:55.174 26158 RALLYDEBUG rally_openstack.cleanup.manager [-] Deleting neutron.port object s_rally_24fc158c_MVfrplEO (0cb7175d-f689-43b8-b235-b145d2387c48)
2019-10-25 01:48:55.175 26158 RALLYDEBUG rally_openstack.cleanup.manager [-] Deleting neutron.port object s_rally_24fc158c_I4iSYNv3 (1347c203-78f0-40a7-990b-7e6b1254aa97)
2019-10-25 01:48:55.184 26158 RALLYDEBUG rally_openstack.cleanup.manager [-] Deleting neutron.port object s_rally_24fc158c_84pBhIvz (1621cc61-615b-4416-813d-9e4603e6a8dd)
2019-10-25 01:48:55.184 26158 RALLYDEBUG rally_openstack.cleanup.manager [-] Deleting neutron.port object s_rally_24fc158c_8Pr3gshz (02318926-2040-4635-a5c8-228703ca2f99)
2019-10-25 01:48:55.190 26158 RALLYDEBUG rally_openstack.cleanup.manager [-] Deleting neutron.port object s_rally_24fc158c_INp1fGFv (143085db-ca93-45fd-9f4c-8417dd959775)
2019-10-25 01:48:55.191 26158 RALLYDEBUG rally_openstack.cleanup.manager [-] Deleting neutron.port object s_rally_24fc158c_3axSf33k (08154fd7-8f50-41f3-98c6-23a3f8f3b635)
2019-10-25 01:48:55.192 26158 RALLYDEBUG rally_openstack.cleanup.manager [-] Deleting neutron.port object s_rally_24fc158c_IOqH9c73 (0d9cdabd-82a7-4850-9669-62a4f7bc4fcb)
2019-10-25 01:48:55.194 26158 RALLYDEBUG rally_openstack.cleanup.manager [-] Deleting neutron.port object s_rally_24fc158c_9dxtt8hl (0b88b064-37c8-4ccd-b085-51c0afaed173)
2019-10-25 01:48:55.199 26158 RALLYDEBUG rally_openstack.cleanup.manager [-] Deleting neutron.port object s_rally_24fc158c_6LATMUrj (093e1756-877c-436e-9aa2-3eb06aa02f28)
2019-10-25 01:48:55.201 26158 RALLYDEBUG rally_openstack.cleanup.manager [-] Deleting neutron.port object s_rally_24fc158c_rQlT7pJT (1588ff89-006c-4255-82ce-827647a0ccbd)
2019-10-25 01:48:55.202 26158 RALLYDEBUG rally_openstack.cleanup.manager [-] Deleting neutron.port object s_rally_24fc158c_x6DzTiP4 (0ecc643a-9b5d-44aa-b3a3-259293c03e84)
2019-10-25 01:48:55.204 26158 RALLYDEBUG rally_openstack.cleanup.manager [-] Deleting neutron.port object s_rally_24fc158c_MFyotJdq (069a28af-653b-474c-ab7a-97e20c4e917f)
2019-10-25 01:48:55.204 26158 RALLYDEBUG rally_openstack.cleanup.manager [-] Deleting neutron.port object s_rally_24fc158c_q39GQUSl (078f4570-50db-4940-9ccc-e3d5812120a4)
2019-10-25 01:48:55.213 26158 RALLYDEBUG rally_openstack.cleanup.manager [-] Deleting neutron.port object s_rally_24fc158c_yl0iAGcW (15ffecc4-d51a-4254-a65b-d27ee266a4fe)
2019-10-25 01:48:55.227 26158 RALLYDEBUG rally_openstack.cleanup.manager [-] Deleting neutron.port object s_rally_24fc158c_TEDVrX1k (03372ae3-587f-4ef2-9ba8-dc93cebfc929)
2019-10-25 01:48:57.046 26158 RALLYDEBUG rally_openstack.cleanup.manager [-] Deleting neutron.port object s_rally_24fc158c_Vgjc8Bjs (16ba2add-279b-4adf-b721-bb54cefa91ce)
2019-10-25 01:48:57.310 26158 RALLYDEBUG rally_openstack.cleanup.manager [-] Deleting neutron.port object s_rally_24fc158c_9PK5144y (16e53773-e279-48ce-9233-f72bced91bc5)
2019-10-25 01:48:57.351 26158 RALLYDEBUG rally_openstack.cleanup.manager [-] Deleting neutron.port object s_rally_24fc158c_u19sliAE (18a3c0ac-920e-436e-8e26-a231761f9a66)
2019-10-25 01:48:57.425 26158 RALLYDEBUG rally_openstack.cleanup.manager [-] Deleting neutron.port object s_rally_24fc158c_cQwwU6le (18e73be4-6713-4a44-be71-d4279f762633)
2019-10-25 01:48:57.525 26158 RALLYDEBUG rally_openstack.cleanup.manager [-] Deleting neutron.port object s_rally_24fc158c_xY6RxHIA (198c9d4f-ee91-46fb-b16e-21503d2f13c0)
2019-10-25 01:48:57.542 26158 RALLYDEBUG rally_openstack.cleanup.manager [-] Deleting neutron.port object s_rally_24fc158c_6e7aNulO (1a458dec-0830-498d-aa11-65c27f0d3ae3)
2019-10-25 01:48:57.703 26158 RALLYDEBUG rally_openstack.cleanup.manager [-] Deleting neutron.port object s_rally_24fc158c_HDi3QhXb (1bf4f3c1-aa2e-4bce-9528-46ced2d0a9eb)
2019-10-25 01:48:57.712 26158 RALLYDEBUG rally_openstack.cleanup.manager [-] Deleting neutron.port object s_rally_24fc158c_uH9y9qO5 (1ce95120-49e7-4504-8957-d387abf79dd4)
2019-10-25 01:48:57.737 26158 RALLYDEBUG rally_openstack.cleanup.manager [-] Deleting neutron.port object s_rally_24fc158c_ZYm4zyh8 (1d857c83-43d1-4952-92c3-dba6be8b046f)
2019-10-25 01:48:57.791 26158 RALLYDEBUG rally_openstack.cleanup.manager [-] Deleting neutron.port object s_rally_24fc158c_LMx3dqNS (1d9d74cf-fba4-4180-8103-8edfd804983b)
2019-10-25 01:48:57.791 26158 RALLYDEBUG rally_openstack.cleanup.manager [-] Deleting neutron.port object s_rally_24fc158c_lduZEwOa (1e2ecbba-4b9c-4228-a8fd-f05446a8a308)
2019-10-25 01:48:57.832 26158 RALLYDEBUG rally_openstack.cleanup.manager [-] Deleting neutron.port object s_rally_24fc158c_uhdy5VNr (1e6d7f8d-4320-4192-b0ea-9c68b1a913e5)
2019-10-25 01:48:57.851 26158 RALLYDEBUG rally_openstack.cleanup.manager [-] Deleting neutron.port object s_rally_24fc158c_fvb8gT9A (1eff948f-7710-4b03-8b56-f9f218eb2e9c)
2019-10-25 01:48:57.851 26158 RALLYDEBUG rally_openstack.cleanup.manager [-] Deleting neutron.port object s_rally_24fc158c_jbPKg5bL (1e98f9be-c4c6-4674-b14d-0e4cf444cdbf)
2019-10-25 01:48:57.892 26158 RALLYDEBUG rally_openstack.cleanup.manager [-] Deleting neutron.port object s_rally_24fc158c_JiOqEiw1 (1f554908-f75f-4243-a2c1-3e70a67100ea)
2019-10-25 01:48:57.985 26158 RALLYDEBUG rally_openstack.cleanup.manager [-] Deleting neutron.port object s_rally_24fc158c_QM5mfFO4 (2401b5a1-22ef-4361-96b0-2959b80e2947)
2019-10-25 01:48:58.005 26158 RALLYDEBUG rally_openstack.cleanup.manager [-] Deleting neutron.port object s_rally_24fc158c_b2htIpEE (24bd765c-6bb4-4d6d-9003-e52f112d7d4d)
2019-10-25 01:48:58.064 26158 RALLYDEBUG rally_openstack.cleanup.manager [-] Deleting neutron.port object s_rally_24fc158c_VF5k5mpt (27079ddf-cef6-4f7a-b562-671a94a9f7bd)
2019-10-25 01:48:58.107 26158 RALLYDEBUG rally_openstack.cleanup.manager [-] Deleting neutron.port object s_rally_24fc158c_mSkBcbmx (27973f13-a811-4d39-b93d-3b131c15fc27)
2019-10-25 01:48:58.123 26158 RALLYDEBUG rally_openstack.cleanup.manager [-] Deleting neutron.port object s_rally_24fc158c_qUIsk3rL (27f148a8-1abd-4246-bbdd-3083b6458212)
2019-10-25 01:48:58.867 26158 RALLYDEBUG rally_openstack.cleanup.manager [-] Deleting neutron.port object s_rally_24fc158c_8LE3W4MW (28399571-381b-49a8-8502-b899e07ba253)
2019-10-25 01:48:59.214 26158 RALLYDEBUG rally_openstack.cleanup.manager [-] Deleting neutron.port object s_rally_24fc158c_NIwRquSh (2b8a1801-fac7-4ec3-9732-6f778bba5f07)
2019-10-25 01:48:59.225 26158 RALLYDEBUG rally_openstack.cleanup.manager [-] Deleting neutron.port object s_rally_24fc158c_2NKrZZML (30a8c832-2fee-4daa-b380-e3d5f1dde499)
2019-10-25 01:48:59.253 26158 RALLYDEBUG rally_openstack.cleanup.manager [-] Deleting neutron.port object s_rally_24fc158c_UX3v0FEz (31efc02d-c142-4d6e-9ea4-4dad83aa939b)
2019-10-25 01:48:59.433 26158 RALLYDEBUG rally_openstack.cleanup.manager [-] Deleting neutron.port object s_rally_24fc158c_YYMt6vIm (33200a82-f1fe-49c1-93f9-b86e050e9c52)
2019-10-25 01:48:59.552 26158 RALLYDEBUG rally_openstack.cleanup.manager [-] Deleting neutron.port object s_rally_24fc158c_DFDvRW0G (358ec602-4d9f-4304-b391-777a8a18fff5)
2019-10-25 01:48:59.753 26158 RALLYDEBUG rally_openstack.cleanup.manager [-] Deleting neutron.port object s_rally_24fc158c_OXmLky2s (369db377-2daf-48d1-9d0d-fcb70d5be2dd)
2019-10-25 01:48:59.798 26158 RALLYDEBUG rally_openstack.cleanup.manager [-] Deleting neutron.port object s_rally_24fc158c_Yx0Y5q6o (38324dcc-ca09-4381-9e28-dd690426e42a)
2019-10-25 01:48:59.837 26158 RALLYDEBUG rally_openstack.cleanup.manager [-] Deleting neutron.port object s_rally_24fc158c_VM0OZAUK (3a09ebd9-7a97-4968-bb13-f123ddc45d4b)
2019-10-25 01:48:59.922 26158 RALLYDEBUG rally_openstack.cleanup.manager [-] Deleting neutron.port object s_rally_24fc158c_Q6OBuxDk (3a0fef09-390f-4b83-92c4-c8895fc690a3)
2019-10-25 01:48:59.990 26158 RALLYDEBUG rally_openstack.cleanup.manager [-] Deleting neutron.port object s_rally_24fc158c_xK4hcDpw (3c7f7189-66a4-430c-a334-32b6077ffcc4)
2019-10-25 01:48:59.996 26158 RALLYDEBUG rally_openstack.cleanup.manager [-] Deleting neutron.port object s_rally_24fc158c_8hBadweS (3be5eaf8-4911-4caa-8c38-ffb48a6cb856)
2019-10-25 01:49:00.011 26158 RALLYDEBUG rally_openstack.cleanup.manager [-] Deleting neutron.port object s_rally_24fc158c_y9pCHiQ5 (3dc2083c-9228-4ec7-8cf1-4bc95d141090)
2019-10-25 01:49:00.021 26158 RALLYDEBUG rally_openstack.cleanup.manager [-] Deleting neutron.port object s_rally_24fc158c_ob6kgatK (3d443de2-8dfa-44de-91c3-259a42bd6b59)
2019-10-25 01:49:00.022 26158 RALLYDEBUG rally_openstack.cleanup.manager [-] Deleting neutron.port object s_rally_24fc158c_lvRlWNlF (4030acbd-4b33-4a55-a9e6-4fdd4616da1b)
2019-10-25 01:49:00.092 26158 RALLYDEBUG rally_openstack.cleanup.manager [-] Deleting neutron.port object s_rally_24fc158c_TCG36jFc (403e643c-dddf-4d8e-832a-7d4206de60e3)
2019-10-25 01:49:00.107 26158 RALLYDEBUG rally_openstack.cleanup.manager [-] Deleting neutron.port object s_rally_24fc158c_ZrmUWjra (4240600e-082d-498a-b9dc-75316299221f)
2019-10-25 01:49:00.398 26158 RALLYDEBUG rally_openstack.cleanup.manager [-] Deleting neutron.port object s_rally_24fc158c_YH3RWt5f (4544c4cc-9ac5-4f17-a44f-5928a6168025)
2019-10-25 01:49:00.573 26158 RALLYDEBUG rally_openstack.cleanup.manager [-] Deleting neutron.port object s_rally_24fc158c_VPEVp9bq (46578f98-4bbe-48a1-b320-f1190d85f2c0)
2019-10-25 01:49:00.597 26158 RALLYDEBUG rally_openstack.cleanup.manager [-] Deleting neutron.port object s_rally_24fc158c_E0o1TiNH (4680f10d-72fb-469d-86bd-5d33ff19ef27)
