2019-10-25 01:49:00.936 26158 RALLYDEBUG rally_openstack.cleanup.manager [-] Deleting neutron.port object s_rally_24fc158c_Cft7kEXS (47025411-e2e1-4c56-b144-c3b7e24c8300)
2019-10-25 01:49:00.995 26158 RALLYDEBUG rally_openstack.cleanup.manager [-] Deleting neutron.port object s_rally_24fc158c_Anve8Ppp (49471bf1-1819-458e-8317-03619975bcb2)
2019-10-25 01:49:01.055 26158 RALLYDEBUG rally_openstack.cleanup.manager [-] Deleting neutron.port object s_rally_24fc158c_sUrzLJuD (49ed6094-0c53-4735-be64-46a76fb8d1b4)
2019-10-25 01:49:01.215 26158 RALLYDEBUG rally_openstack.cleanup.manager [-] Deleting neutron.port object s_rally_24fc158c_d8oEGcnY (4adb3093-5095-41c9-b580-85e778706f47)
2019-10-25 01:49:01.343 26158 RALLYDEBUG rally_openstack.cleanup.manager [-] Deleting neutron.port object s_rally_24fc158c_ESmFi4TE (4feb5bd8-ea24-4601-9d75-6c2d8812861b)
2019-10-25 01:49:01.384 26158 RALLYDEBUG rally_openstack.cleanup.manager [-] Deleting neutron.port object s_rally_24fc158c_kBeZBwhi (511c0fca-1e79-4437-a5b7-6a9067b54f07)
2019-10-25 01:49:01.589 26158 RALLYDEBUG rally_openstack.cleanup.manager [-] Deleting neutron.port object s_rally_24fc158c_6vI6N8t9 (53cd17b6-6910-449e-ae83-9fa20c9b004d)
2019-10-25 01:49:01.664 26158 RALLYDEBUG rally_openstack.cleanup.manager [-] Deleting neutron.port object s_rally_24fc158c_FKPPxaMw (540d0ed2-d04d-4a2f-9c12-5a15db5791f7)
2019-10-25 01:49:01.740 26158 RALLYDEBUG rally_openstack.cleanup.manager [-] Deleting neutron.port object s_rally_24fc158c_7tDqwOAp (54fd043b-5e06-43ef-b46e-064b1b4345ff)
2019-10-25 01:49:01.819 26158 RALLYDEBUG rally_openstack.cleanup.manager [-] Deleting neutron.port object s_rally_24fc158c_NQWd86X4 (55b7655f-c025-477e-b583-7ec931d06e61)
2019-10-25 01:49:01.930 26158 RALLYDEBUG rally_openstack.cleanup.manager [-] Deleting neutron.port object s_rally_24fc158c_XnlDuArW (55e224fd-5fe0-4427-8959-87bdde5a3ea6)
2019-10-25 01:49:01.947 26158 RALLYDEBUG rally_openstack.cleanup.manager [-] Deleting neutron.port object s_rally_24fc158c_B1vS4gp3 (56e5dfb6-dd20-4d2a-ac1b-53864a48b4de)
2019-10-25 01:49:01.969 26158 RALLYDEBUG rally_openstack.cleanup.manager [-] Deleting neutron.port object s_rally_24fc158c_qDr76CAv (57920db5-c67b-4586-966f-31ba33fb2359)
2019-10-25 01:49:02.207 26158 RALLYDEBUG rally_openstack.cleanup.manager [-] Deleting neutron.port object s_rally_24fc158c_jjcbj66U (5924ae5c-003b-4839-ae16-74aa36baff45)
2019-10-25 01:49:02.211 26158 RALLYDEBUG rally_openstack.cleanup.manager [-] Deleting neutron.port object s_rally_24fc158c_0uRrzFlq (5928551d-3494-45e3-8d79-6ade3c3f8854)
2019-10-25 01:49:02.221 26158 RALLYDEBUG rally_openstack.cleanup.manager [-] Deleting neutron.port object s_rally_24fc158c_meqFvFZP (5b020aa7-5fcd-4956-8a71-bc7a311d16f7)
2019-10-25 01:49:02.320 26158 RALLYDEBUG rally_openstack.cleanup.manager [-] Deleting neutron.port object s_rally_24fc158c_0ci1ZIjQ (5bf2b78c-2d3c-4a85-ba83-d38b59d24fd0)
2019-10-25 01:49:02.364 26158 RALLYDEBUG rally_openstack.cleanup.manager [-] Deleting neutron.port object s_rally_24fc158c_hXly7Vjj (5eb1c6b8-f5d7-4433-b9b8-c4de77fc8911)
2019-10-25 01:49:02.381 26158 RALLYDEBUG rally_openstack.cleanup.manager [-] Deleting neutron.port object s_rally_24fc158c_nhKAhjMh (60950a06-9f6c-45a4-bc5d-72747b8f5144)
2019-10-25 01:49:02.396 26158 RALLYDEBUG rally_openstack.cleanup.manager [-] Deleting neutron.port object s_rally_24fc158c_iBMQGgbJ (60f099ee-0d94-4459-971e-214a76b80914)
2019-10-25 01:49:02.695 26158 RALLYDEBUG rally_openstack.cleanup.manager [-] Deleting neutron.port object s_rally_24fc158c_67p1W4v2 (617c56ea-8a23-4268-be56-f7f36f97a036)
2019-10-25 01:49:02.800 26158 RALLYDEBUG rally_openstack.cleanup.manager [-] Deleting neutron.port object s_rally_24fc158c_OKhHDOX6 (63e470ec-8b40-4c01-a4f2-0d92e24585db)
2019-10-25 01:49:03.098 26158 RALLYDEBUG rally_openstack.cleanup.manager [-] Deleting neutron.port object s_rally_24fc158c_rAZfDgNH (64115528-018c-458c-9bd0-1bd08b8f9ccf)
2019-10-25 01:49:03.134 26158 RALLYDEBUG rally_openstack.cleanup.manager [-] Deleting neutron.port object s_rally_24fc158c_fpSgYGSl (69993213-0912-45f3-9af8-c79f6d6d0483)
2019-10-25 01:49:03.170 26158 RALLYDEBUG rally_openstack.cleanup.manager [-] Deleting neutron.port object s_rally_24fc158c_9p4HHqX5 (6b3ab982-3a61-4d29-8ae0-919f8219bac7)
2019-10-25 01:49:03.265 26158 RALLYDEBUG rally_openstack.cleanup.manager [-] Deleting neutron.port object s_rally_24fc158c_aYDQkCRc (6fda71c4-851a-434d-a1f9-a9f613099547)
2019-10-25 01:49:03.444 26158 RALLYDEBUG rally_openstack.cleanup.manager [-] Deleting neutron.port object s_rally_24fc158c_DVbJU763 (70fa765a-3447-4cf9-a655-fed27849d7a7)
2019-10-25 01:49:03.524 26158 RALLYDEBUG rally_openstack.cleanup.manager [-] Deleting neutron.port object s_rally_24fc158c_vLwsYiEl (71412c55-1b61-475b-a54a-1ae955f9bb77)
2019-10-25 01:49:03.732 26158 RALLYDEBUG rally_openstack.cleanup.manager [-] Deleting neutron.port object s_rally_24fc158c_UMJoTQiw (725e0295-39f5-4c31-8df2-39db439449b2)
2019-10-25 01:49:03.832 26158 RALLYDEBUG rally_openstack.cleanup.manager [-] Deleting neutron.port object s_rally_24fc158c_pSCobWoh (72795a7b-48b7-49ed-8a55-7681924fa5e6)
2019-10-25 01:49:03.969 26158 RALLYDEBUG rally_openstack.cleanup.manager [-] Deleting neutron.port object s_rally_24fc158c_wkdN1zof (732886d8-35af-4792-851b-f3e62dac64e9)
2019-10-25 01:49:03.977 26158 RALLYDEBUG rally_openstack.cleanup.manager [-] Deleting neutron.port object s_rally_24fc158c_QWxSZ1lG (739b2b41-7675-4353-ad2e-ff341498921b)
2019-10-25 01:49:03.989 26158 RALLYDEBUG rally_openstack.cleanup.manager [-] Deleting neutron.port object s_rally_24fc158c_cvPeaB0s (73ba9fb4-325c-40ca-abc3-2243029d37d6)
2019-10-25 01:49:04.006 26158 RALLYDEBUG rally_openstack.cleanup.manager [-] Deleting neutron.port object s_rally_24fc158c_qcMeuBNY (74cdf46a-3b90-401d-8b69-f0048485b589)
2019-10-25 01:49:04.200 26158 RALLYDEBUG rally_openstack.cleanup.manager [-] Deleting neutron.port object s_rally_24fc158c_8GBE7wjv (758c3ec3-b16d-4fe1-91de-3cd18d83419a)
2019-10-25 01:49:04.259 26158 RALLYDEBUG rally_openstack.cleanup.manager [-] Deleting neutron.port object s_rally_24fc158c_M8cRLsCo (77935a50-1672-44e8-9cd0-8e87e513c924)
2019-10-25 01:49:04.335 26158 RALLYDEBUG rally_openstack.cleanup.manager [-] Deleting neutron.port object s_rally_24fc158c_L25K2d4v (7a5b916a-676c-43e6-b2e7-fed51b013406)
2019-10-25 01:49:04.371 26158 RALLYDEBUG rally_openstack.cleanup.manager [-] Deleting neutron.port object s_rally_24fc158c_Xtm8dg6t (7aa2b683-672f-4e8a-aa71-baa171d5eddd)
2019-10-25 01:49:04.474 26158 RALLYDEBUG rally_openstack.cleanup.manager [-] Deleting neutron.port object s_rally_24fc158c_CGEpFh9N (7b7c56af-97a9-494a-a8c5-e752e5ab083d)
2019-10-25 01:49:04.598 26158 RALLYDEBUG rally_openstack.cleanup.manager [-] Deleting neutron.port object s_rally_24fc158c_CYm8ICxh (7be3d1fb-dd99-4fcb-b8df-16c8f771299e)
2019-10-25 01:49:04.678 26158 RALLYDEBUG rally_openstack.cleanup.manager [-] Deleting neutron.port object s_rally_24fc158c_cQLbVVJl (7d5d5a6e-c05b-4bc7-8141-9046ec579f9b)
2019-10-25 01:49:04.766 26158 RALLYDEBUG rally_openstack.cleanup.manager [-] Deleting neutron.port object s_rally_24fc158c_ggCCwtjZ (7f6bdc03-d71c-40b7-adbe-24419d09a812)
2019-10-25 01:49:04.899 26158 RALLYDEBUG rally_openstack.cleanup.manager [-] Deleting neutron.port object s_rally_24fc158c_b4D4fL7U (86a5a282-af91-4d2d-97eb-2f4a3e4558e7)
2019-10-25 01:49:04.911 26158 RALLYDEBUG rally_openstack.cleanup.manager [-] Deleting neutron.port object s_rally_24fc158c_D54btSAO (86d2355d-5da3-47f3-9473-10185f875fac)
2019-10-25 01:49:04.976 26158 RALLYDEBUG rally_openstack.cleanup.manager [-] Deleting neutron.port object s_rally_24fc158c_DxIErgLg (87d2d9aa-a61a-4198-ab76-3b0dff012dcf)
2019-10-25 01:49:05.315 26158 RALLYDEBUG rally_openstack.cleanup.manager [-] Deleting neutron.port object s_rally_24fc158c_lsynhgNR (894690bd-68b3-4ea4-b8d0-02ccd3224562)
2019-10-25 01:49:05.405 26158 RALLYDEBUG rally_openstack.cleanup.manager [-] Deleting neutron.port object s_rally_24fc158c_h04NLeBF (899797da-bb08-4410-b02c-06a9ba635655)
2019-10-25 01:49:05.502 26158 RALLYDEBUG rally_openstack.cleanup.manager [-] Deleting neutron.port object s_rally_24fc158c_dSHT00rA (8aff7c61-d565-4fc1-8fee-70039ca6806b)
2019-10-25 01:49:05.621 26158 RALLYDEBUG rally_openstack.cleanup.manager [-] Deleting neutron.port object s_rally_24fc158c_Ptw8Cyvu (8b6c9f97-c32b-4c59-b9c7-f56e6af60422)
2019-10-25 01:49:05.774 26158 RALLYDEBUG rally_openstack.cleanup.manager [-] Deleting neutron.port object s_rally_24fc158c_EchJSQME (8bab396e-58ba-4e1f-b52c-8ac3c7c4892d)
2019-10-25 01:49:05.811 26158 RALLYDEBUG rally_openstack.cleanup.manager [-] Deleting neutron.port object s_rally_24fc158c_HovX4csB (8eb51dd7-7112-4bf6-9675-bff3f55867fa)
2019-10-25 01:49:05.811 26158 RALLYDEBUG rally_openstack.cleanup.manager [-] Deleting neutron.port object s_rally_24fc158c_wM4DuiXG (9027bf9a-59e5-4439-ba03-02117597014e)
2019-10-25 01:49:05.819 26158 RALLYDEBUG rally_openstack.cleanup.manager [-] Deleting neutron.port object s_rally_24fc158c_xwSgNDdx (8f0a2e20-2337-4084-a112-b7b03204b623)
2019-10-25 01:49:06.042 26158 RALLYDEBUG rally_openstack.cleanup.manager [-] Deleting neutron.port object s_rally_24fc158c_1bsZPEVI (92fd4312-5d79-4b65-a357-0442568621ae)
2019-10-25 01:49:06.131 26158 RALLYDEBUG rally_openstack.cleanup.manager [-] Deleting neutron.port object s_rally_24fc158c_QGsIVu5U (93bac982-b6d4-4873-ad57-161387a967fa)
2019-10-25 01:49:06.179 26158 RALLYDEBUG rally_openstack.cleanup.manager [-] Deleting neutron.port object s_rally_24fc158c_F3jUJvmz (94d2113f-4064-44f8-bc98-d43ce68e2e39)
2019-10-25 01:49:06.213 26158 RALLYDEBUG rally_openstack.cleanup.manager [-] Deleting neutron.port object s_rally_24fc158c_PD4IDzUs (96f3f18b-a107-43d5-9517-2c92281d6d2a)
2019-10-25 01:49:06.344 26158 RALLYDEBUG rally_openstack.cleanup.manager [-] Deleting neutron.port object s_rally_24fc158c_ZKN9PQZ8 (9736c5e7-af50-40a0-985a-be04e12e8883)
2019-10-25 01:49:06.384 26158 RALLYDEBUG rally_openstack.cleanup.manager [-] Deleting neutron.port object s_rally_24fc158c_iRUEBRnh (991910d2-9019-4f7e-b5a1-2ce7d51d794c)
2019-10-25 01:49:06.488 26158 RALLYDEBUG rally_openstack.cleanup.manager [-] Deleting neutron.port object s_rally_24fc158c_SupwaZQr (999a61dd-2473-4720-9fc6-65b0b3a28177)
2019-10-25 01:49:06.508 26158 RALLYDEBUG rally_openstack.cleanup.manager [-] Deleting neutron.port object s_rally_24fc158c_IsM73PDU (9d9be242-bd3a-4d68-92cb-3732b40827c1)
2019-10-25 01:49:06.567 26158 RALLYDEBUG rally_openstack.cleanup.manager [-] Deleting neutron.port object s_rally_24fc158c_mVbSEv1L (9dc66ffb-93fb-432a-9209-9477b641bdfd)
2019-10-25 01:49:06.693 26158 RALLYDEBUG rally_openstack.cleanup.manager [-] Deleting neutron.port object s_rally_24fc158c_SQ8LbDp7 (9e202d66-2739-4970-9c94-d3357f36ae5a)
2019-10-25 01:49:06.703 26158 RALLYDEBUG rally_openstack.cleanup.manager [-] Deleting neutron.port object s_rally_24fc158c_Z7BnM9sc (a0ad96aa-7986-4221-b2c7-a20c9432de69)
2019-10-25 01:49:06.972 26158 RALLYDEBUG rally_openstack.cleanup.manager [-] Deleting neutron.port object s_rally_24fc158c_mvRgwR7C (a1d24511-9640-49cb-821e-e048da5a4e51)
2019-10-25 01:49:07.084 26158 RALLYDEBUG rally_openstack.cleanup.manager [-] Deleting neutron.port object s_rally_24fc158c_1rsWsVda (a24ead25-a076-416b-b200-df3aff4ab3f6)
2019-10-25 01:49:07.197 26158 RALLYDEBUG rally_openstack.cleanup.manager [-] Deleting neutron.port object s_rally_24fc158c_Pe9hkS8E (a28d3858-b265-4bc8-bf21-7d8172114dda)
2019-10-25 01:49:07.388 26158 RALLYDEBUG rally_openstack.cleanup.manager [-] Deleting neutron.port object s_rally_24fc158c_DxEMwFyO (a2acfec4-a5a0-4482-a0e5-69008797ae0e)
2019-10-25 01:49:07.567 26158 RALLYDEBUG rally_openstack.cleanup.manager [-] Deleting neutron.port object s_rally_24fc158c_ogwgkOTT (a3518071-de22-4d18-a9e3-0aa2f069de20)
2019-10-25 01:49:07.648 26158 RALLYDEBUG rally_openstack.cleanup.manager [-] Deleting neutron.port object s_rally_24fc158c_OrZ5s9gF (a46fc86e-247c-41ce-aec4-d2f64c89228f)
2019-10-25 01:49:07.670 26158 RALLYDEBUG rally_openstack.cleanup.manager [-] Deleting neutron.port object s_rally_24fc158c_Tkieihz2 (a4d6c252-7090-47de-abd3-6de1839e0543)
2019-10-25 01:49:07.814 26158 RALLYDEBUG rally_openstack.cleanup.manager [-] Deleting neutron.port object s_rally_24fc158c_s6S7YCaE (a62a96c8-0cf5-46c5-9e8d-0b0e4f2a90b1)
2019-10-25 01:49:07.998 26158 RALLYDEBUG rally_openstack.cleanup.manager [-] Deleting neutron.port object s_rally_24fc158c_WHTfMV45 (a641e7ed-b23d-453b-aa8f-fc1c29302f8a)
2019-10-25 01:49:07.999 26158 RALLYDEBUG rally_openstack.cleanup.manager [-] Deleting neutron.port object s_rally_24fc158c_wsjPB2GE (a7d01695-58f4-40c9-9bef-a915d554d270)
2019-10-25 01:49:08.076 26158 RALLYDEBUG rally_openstack.cleanup.manager [-] Deleting neutron.port object s_rally_24fc158c_GCOzakTN (a80d395a-e03b-4f6e-bb83-b6fa345ef71d)
2019-10-25 01:49:08.085 26158 RALLYDEBUG rally_openstack.cleanup.manager [-] Deleting neutron.port object s_rally_24fc158c_5QYtme50 (a80f537f-a8db-4811-9992-c882f7ae318f)
2019-10-25 01:49:08.168 26158 RALLYDEBUG rally_openstack.cleanup.manager [-] Deleting neutron.port object s_rally_24fc158c_LKlZzOBP (a864de07-f154-4e80-a576-07d13c867831)
2019-10-25 01:49:08.266 26158 RALLYDEBUG rally_openstack.cleanup.manager [-] Deleting neutron.port object s_rally_24fc158c_126CyOoB (ab039779-96f0-4cd5-ba3e-966de95c4811)
2019-10-25 01:49:08.333 26158 RALLYDEBUG rally_openstack.cleanup.manager [-] Deleting neutron.port object s_rally_24fc158c_ZP4LFbA2 (adab8170-62a8-4eeb-aa2c-dd6ca48e3c55)
2019-10-25 01:49:08.333 26158 RALLYDEBUG rally_openstack.cleanup.manager [-] Deleting neutron.port object s_rally_24fc158c_97ll4735 (ac398280-0d20-467b-9abd-5a541bf36eeb)
2019-10-25 01:49:08.476 26158 RALLYDEBUG rally_openstack.cleanup.manager [-] Deleting neutron.port object s_rally_24fc158c_vINCD2zM (af992fc2-edc4-4797-9b77-dc48bb2ac82f)
2019-10-25 01:49:08.583 26158 RALLYDEBUG rally_openstack.cleanup.manager [-] Deleting neutron.port object s_rally_24fc158c_PaU5xkFr (b4374322-88c1-458c-8a50-7d300deddb2e)
2019-10-25 01:49:08.692 26158 RALLYDEBUG rally_openstack.cleanup.manager [-] Deleting neutron.port object s_rally_24fc158c_GIlaiqJy (b4470384-1719-413a-a187-1196a34f9330)
2019-10-25 01:49:08.720 26158 RALLYDEBUG rally_openstack.cleanup.manager [-] Deleting neutron.port object s_rally_24fc158c_Zk2HnFAk (b491acb8-e54d-4d3f-846a-71ad6eb5a7f2)
2019-10-25 01:49:08.787 26158 RALLYDEBUG rally_openstack.cleanup.manager [-] Deleting neutron.port object s_rally_24fc158c_ZcUWnnuv (b7facefd-ecc7-4ad9-809a-1dda6f92b910)
2019-10-25 01:49:08.994 26158 RALLYDEBUG rally_openstack.cleanup.manager [-] Deleting neutron.port object s_rally_24fc158c_QfRQzeQv (b8551dc9-55a8-4784-90cc-4ddca2f2ab2a)
2019-10-25 01:49:09.124 26158 RALLYDEBUG rally_openstack.cleanup.manager [-] Deleting neutron.port object s_rally_24fc158c_fJLEGlYZ (b867ef22-0721-496a-98d3-e53b3d363ac7)
2019-10-25 01:49:09.156 26158 RALLYDEBUG rally_openstack.cleanup.manager [-] Deleting neutron.port object s_rally_24fc158c_K53iZNEt (b9bfef1e-1d68-4c72-83db-1fb3618949d7)
2019-10-25 01:49:09.470 26158 RALLYDEBUG rally_openstack.cleanup.manager [-] Deleting neutron.port object s_rally_24fc158c_I9iUepkd (baabf9e9-2dbb-46a1-b29d-005ebfbd20a3)
2019-10-25 01:49:09.570 26158 RALLYDEBUG rally_openstack.cleanup.manager [-] Deleting neutron.port object s_rally_24fc158c_BRAUODmP (c07f7b5d-f3ad-4ef6-bf09-bfd58e6be34e)
2019-10-25 01:49:09.598 26158 RALLYDEBUG rally_openstack.cleanup.manager [-] Deleting neutron.port object s_rally_24fc158c_oQwCEuIJ (c269bf0d-4e1c-4d32-aa0e-c7e53cb25bf0)
2019-10-25 01:49:09.824 26158 RALLYDEBUG rally_openstack.cleanup.manager [-] Deleting neutron.port object s_rally_24fc158c_2jeyId1T (c51991d2-2150-4d4a-a0ad-95950e41d920)
2019-10-25 01:49:09.870 26158 RALLYDEBUG rally_openstack.cleanup.manager [-] Deleting neutron.port object s_rally_24fc158c_7R9YkAtL (c63550ba-9dca-4c24-9fc0-923f8996509c)
2019-10-25 01:49:09.871 26158 RALLYDEBUG rally_openstack.cleanup.manager [-] Deleting neutron.port object s_rally_24fc158c_7Yr9u9Po (c7a4a208-6475-4351-a3a4-505b3155e853)
2019-10-25 01:49:09.925 26158 RALLYDEBUG rally_openstack.cleanup.manager [-] Deleting neutron.port object s_rally_24fc158c_SbBNJrmW (c8b235fa-fe56-4b89-b6ef-89183125db00)
2019-10-25 01:49:10.006 26158 RALLYDEBUG rally_openstack.cleanup.manager [-] Deleting neutron.port object s_rally_24fc158c_DusfQfUw (ca6fb366-7364-4860-a7d4-117f2c8fbea0)
2019-10-25 01:49:10.067 26158 RALLYDEBUG rally_openstack.cleanup.manager [-] Deleting neutron.port object s_rally_24fc158c_TxvmLFHp (cb52a5eb-f392-45ab-8531-bc6785264bbc)
2019-10-25 01:49:10.115 26158 RALLYDEBUG rally_openstack.cleanup.manager [-] Deleting neutron.port object s_rally_24fc158c_dD3z2COq (cb6e3da7-2284-4cd8-b471-858e2596af85)
2019-10-25 01:49:10.293 26158 RALLYDEBUG rally_openstack.cleanup.manager [-] Deleting neutron.port object s_rally_24fc158c_8RJXPYLU (ccb441f0-e8f9-44da-acc6-1df553aa2a80)
2019-10-25 01:49:10.405 26158 RALLYDEBUG rally_openstack.cleanup.manager [-] Deleting neutron.port object s_rally_24fc158c_mGd9qlwc (d0d2654d-3aa9-4f77-8992-3391089d3f57)
2019-10-25 01:49:10.482 26158 RALLYDEBUG rally_openstack.cleanup.manager [-] Deleting neutron.port object s_rally_24fc158c_aE8dp71B (d35e5536-e760-49ba-b9ca-e0c39591628d)
2019-10-25 01:49:10.506 26158 RALLYDEBUG rally_openstack.cleanup.manager [-] Deleting neutron.port object s_rally_24fc158c_3mx5iyZM (d3a49a74-e1cc-4d0b-94c1-a4a46234ebdc)
2019-10-25 01:49:10.507 26158 RALLYDEBUG rally_openstack.cleanup.manager [-] Deleting neutron.port object s_rally_24fc158c_ltHyyeFg (d41be2d4-ffbb-4f75-b9a4-5f0ac5fb1954)
2019-10-25 01:49:10.515 26158 RALLYDEBUG rally_openstack.cleanup.manager [-] Deleting neutron.port object s_rally_24fc158c_NRiCjtub (d67588f4-37b1-4996-8b29-cd5278254046)
2019-10-25 01:49:10.586 26158 RALLYDEBUG rally_openstack.cleanup.manager [-] Deleting neutron.port object s_rally_24fc158c_QdJHcR3W (d71013ef-ccb2-475a-8293-413576c756f5)
2019-10-25 01:49:10.763 26158 RALLYDEBUG rally_openstack.cleanup.manager [-] Deleting neutron.port object s_rally_24fc158c_wtmhKu6y (d926813e-711e-417d-893d-b8bf1357f254)
2019-10-25 01:49:10.951 26158 RALLYDEBUG rally_openstack.cleanup.manager [-] Deleting neutron.port object s_rally_24fc158c_KpKo323k (db56631c-323c-41aa-a9e3-46d4cb13be35)
2019-10-25 01:49:11.170 26158 RALLYDEBUG rally_openstack.cleanup.manager [-] Deleting neutron.port object s_rally_24fc158c_i7lKxlto (dba7b3f5-93e5-4932-b2ea-9ff6470792bf)
2019-10-25 01:49:11.277 26158 RALLYDEBUG rally_openstack.cleanup.manager [-] Deleting neutron.port object s_rally_24fc158c_w64AopH0 (dce85307-6fe1-4f86-9c04-ea59642837a2)
2019-10-25 01:49:11.442 26158 RALLYDEBUG rally_openstack.cleanup.manager [-] Deleting neutron.port object s_rally_24fc158c_Sm8YP8ME (dda59cbc-e3a2-432e-887f-dce5766924f7)
2019-10-25 01:49:11.713 26158 RALLYDEBUG rally_openstack.cleanup.manager [-] Deleting neutron.port object s_rally_24fc158c_7bEP7Ouz (df9169f8-668b-47ab-9fe7-c19edde237ee)
2019-10-25 01:49:11.742 26158 RALLYDEBUG rally_openstack.cleanup.manager [-] Deleting neutron.port object s_rally_24fc158c_J2pwBR5W (e0cf6e8a-c38d-4d8d-ba69-dfb8462a8da2)
2019-10-25 01:49:11.791 26158 RALLYDEBUG rally_openstack.cleanup.manager [-] Deleting neutron.port object s_rally_24fc158c_vZC4K1f9 (e118519b-8496-4837-8e69-4ac3d84c7dd4)
2019-10-25 01:49:11.810 26158 RALLYDEBUG rally_openstack.cleanup.manager [-] Deleting neutron.port object s_rally_24fc158c_zuraTTG7 (e440fedf-4992-4302-ac46-c6f383bdcb27)
2019-10-25 01:49:11.894 26158 RALLYDEBUG rally_openstack.cleanup.manager [-] Deleting neutron.port object s_rally_24fc158c_0ULcGG8u (e717bc4a-940a-4973-89b5-fb23758b5b32)
2019-10-25 01:49:11.968 26158 RALLYDEBUG rally_openstack.cleanup.manager [-] Deleting neutron.port object s_rally_24fc158c_AO27lz4Q (e907e3ab-499f-4758-9622-8ccc7292039e)
2019-10-25 01:49:12.237 26158 RALLYDEBUG rally_openstack.cleanup.manager [-] Deleting neutron.port object s_rally_24fc158c_dAeWpDMB (e91f93ba-fd91-42ae-a648-ec6678380d5a)
2019-10-25 01:49:12.278 26158 RALLYDEBUG rally_openstack.cleanup.manager [-] Deleting neutron.port object s_rally_24fc158c_1HWhREpt (eb0d5ef0-bcb9-4ce0-878f-cd8d0e60ac00)
2019-10-25 01:49:12.290 26158 RALLYDEBUG rally_openstack.cleanup.manager [-] Deleting neutron.port object s_rally_24fc158c_gb4uj3nm (eb7dce84-c0d9-4915-a159-87438fe3cebc)
2019-10-25 01:49:12.315 26158 RALLYDEBUG rally_openstack.cleanup.manager [-] Deleting neutron.port object s_rally_24fc158c_ZmUX9MgF (ebdff394-9da6-408c-9200-e9dbeaaaec48)
2019-10-25 01:49:12.346 26158 RALLYDEBUG rally_openstack.cleanup.manager [-] Deleting neutron.port object s_rally_24fc158c_rZxmf1OU (ec211154-44f4-49a8-80cf-21b6cf903290)
2019-10-25 01:49:12.353 26158 RALLYDEBUG rally_openstack.cleanup.manager [-] Deleting neutron.port object s_rally_24fc158c_Tx4I81TM (ed9bceb0-786e-4b7f-baea-7a6b5bd308fb)
2019-10-25 01:49:12.398 26158 RALLYDEBUG rally_openstack.cleanup.manager [-] Deleting neutron.port object s_rally_24fc158c_dIMGzLBP (ed9fab02-e14b-4ea9-9e0f-d0beac9104f1)
2019-10-25 01:49:12.547 26158 RALLYDEBUG rally_openstack.cleanup.manager [-] Deleting neutron.port object s_rally_24fc158c_379Pasy3 (edf17ce7-61fd-4c43-8387-106f10d13bd2)
2019-10-25 01:49:12.642 26158 RALLYDEBUG rally_openstack.cleanup.manager [-] Deleting neutron.port object s_rally_24fc158c_Q9pzv193 (effb4822-4c76-43ac-aacb-43aa9edde070)
2019-10-25 01:49:12.757 26158 RALLYDEBUG rally_openstack.cleanup.manager [-] Deleting neutron.port object s_rally_24fc158c_Fecbipc0 (f0c80062-a81f-42c4-902c-54272588ae76)
2019-10-25 01:49:12.919 26158 RALLYDEBUG rally_openstack.cleanup.manager [-] Deleting neutron.port object s_rally_24fc158c_Dlm1kHhP (f1af0175-748b-4771-b58e-98cda2bca466)
2019-10-25 01:49:13.003 26158 RALLYDEBUG rally_openstack.cleanup.manager [-] Deleting neutron.port object s_rally_24fc158c_gjX2P6YC (f41e86b6-727b-4327-a3c0-d65dbcd4d551)
2019-10-25 01:49:13.033 26158 RALLYDEBUG rally_openstack.cleanup.manager [-] Deleting neutron.port object s_rally_24fc158c_yWrc5xyx (f44c6597-8799-4c5b-8454-bb5e8450830f)
2019-10-25 01:49:13.253 26158 RALLYDEBUG rally_openstack.cleanup.manager [-] Deleting neutron.port object s_rally_24fc158c_fFvfZIpp (f538f5d6-001b-475c-b66c-68352a41021c)
2019-10-25 01:49:13.463 26158 RALLYDEBUG rally_openstack.cleanup.manager [-] Deleting neutron.port object s_rally_24fc158c_0Lq0CTGf (f5a6f273-5ac0-4fd9-ac8a-b2f80d05cb65)
2019-10-25 01:49:13.553 26158 RALLYDEBUG rally_openstack.cleanup.manager [-] Deleting neutron.port object s_rally_24fc158c_pEAUdiMC (f5dd6649-81c3-4fdb-a0a8-2c14352446e7)
2019-10-25 01:49:13.568 26158 RALLYDEBUG rally_openstack.cleanup.manager [-] Deleting neutron.port object s_rally_24fc158c_ymtoDjYk (f6365476-46c5-4a32-85d1-92b4574809ef)
2019-10-25 01:49:13.681 26158 RALLYDEBUG rally_openstack.cleanup.manager [-] Deleting neutron.port object s_rally_24fc158c_RGicMzud (f6f83b3e-8ce8-417b-8d31-d780e799a78a)
2019-10-25 01:49:13.801 26158 RALLYDEBUG rally_openstack.cleanup.manager [-] Deleting neutron.port object s_rally_24fc158c_8JbFneYc (f80dc506-6138-4360-859e-980f185ac956)
2019-10-25 01:49:13.811 26158 RALLYDEBUG rally_openstack.cleanup.manager [-] Deleting neutron.port object s_rally_24fc158c_ZdEsS08H (fb9b1a0a-9c69-4fdb-a284-59bed43fc8ed)
2019-10-25 01:49:14.028 26158 RALLYDEBUG rally_openstack.cleanup.manager [-] Deleting neutron.port object s_rally_24fc158c_5talGEC4 (fc21fbf1-8578-4a8c-8b6d-a151559960d8)
2019-10-25 01:49:14.140 26158 RALLYDEBUG rally_openstack.cleanup.manager [-] Deleting neutron.port object s_rally_24fc158c_wa2Szukv (fe58338c-6a25-4a8b-b213-febdf92e5894)
2019-10-25 01:49:14.144 26158 RALLYDEBUG rally_openstack.cleanup.manager [-] Deleting neutron.port object s_rally_24fc158c_kwAPZS9t (fc39b55e-84cd-495a-9052-d93e098b2761)
2019-10-25 01:49:14.258 26158 RALLYDEBUG rally_openstack.cleanup.manager [-] Deleting neutron.port object s_rally_24fc158c_3Big0g3U (ff9ebe83-98cf-4b91-b429-22047f24cc57)
2019-10-25 01:49:16.184 26158 RALLYDEBUG rally_openstack.cleanup.manager [-] Cleaning up neutron subnet objects
2019-10-25 01:49:16.634 26158 RALLYDEBUG rally_openstack.cleanup.manager [-] Cleaning up neutron network objects
2019-10-25 01:49:17.193 26158 RALLYDEBUG rally_openstack.cleanup.manager [-] Deleting neutron.network object s_rally_24fc158c_mbZ3YVUb (08352177-3644-452f-b0bd-b39377033bee)
2019-10-25 01:49:17.202 26158 RALLYDEBUG rally_openstack.cleanup.manager [-] Deleting neutron.network object s_rally_24fc158c_HFfjcih0 (08ce07f1-af21-4cd7-9c2f-2eaf761a7c4b)
2019-10-25 01:49:17.224 26158 RALLYDEBUG rally_openstack.cleanup.manager [-] Deleting neutron.network object s_rally_24fc158c_j31rqYZm (0af7a31e-875c-407a-8d4c-865c051039d2)
2019-10-25 01:49:17.226 26158 RALLYDEBUG rally_openstack.cleanup.manager [-] Deleting neutron.network object s_rally_24fc158c_UGFZ5ALG (10397b6a-20b2-4704-afb3-b73595f480b9)
2019-10-25 01:49:17.227 26158 RALLYDEBUG rally_openstack.cleanup.manager [-] Deleting neutron.network object s_rally_24fc158c_o5wBCN10 (130631e9-6313-4b9a-a234-c918863623a0)
2019-10-25 01:49:17.259 26158 RALLYDEBUG rally_openstack.cleanup.manager [-] Deleting neutron.network object s_rally_24fc158c_RUURELbr (1896840b-e0a2-4ffb-bb63-d9489ada5982)
2019-10-25 01:49:17.270 26158 RALLYDEBUG rally_openstack.cleanup.manager [-] Deleting neutron.network object s_rally_24fc158c_UNSB8sCm (17e196b4-135f-46f1-a2a4-e8ab30b6599f)
2019-10-25 01:49:17.312 26158 RALLYDEBUG rally_openstack.cleanup.manager [-] Deleting neutron.network object s_rally_24fc158c_sPrEwbWa (1f4d72ad-ca50-45af-b0f7-2f4ae316eb99)
2019-10-25 01:49:17.323 26158 RALLYDEBUG rally_openstack.cleanup.manager [-] Deleting neutron.network object s_rally_24fc158c_Ct3ocSLK (2e907e8b-cc3f-4887-870b-8f23acf48073)
2019-10-25 01:49:17.352 26158 RALLYDEBUG rally_openstack.cleanup.manager [-] Deleting neutron.network object s_rally_24fc158c_vzZB1ljV (3efa68aa-807e-4567-b388-2b4c9478b9c0)
2019-10-25 01:49:17.365 26158 RALLYDEBUG rally_openstack.cleanup.manager [-] Deleting neutron.network object s_rally_24fc158c_rF7W08sR (1c868400-1687-413c-9102-bb79171fcd89)
2019-10-25 01:49:17.377 26158 RALLYDEBUG rally_openstack.cleanup.manager [-] Deleting neutron.network object s_rally_24fc158c_0pa4mkxw (5bbea15d-4707-4dc4-aa06-960fa511b7bf)
2019-10-25 01:49:17.413 26158 RALLYDEBUG rally_openstack.cleanup.manager [-] Deleting neutron.network object s_rally_24fc158c_CmUKLJxx (394bd56d-5df3-4ffb-a0b1-1522c63db4d2)
2019-10-25 01:49:17.419 26158 RALLYDEBUG rally_openstack.cleanup.manager [-] Deleting neutron.network object s_rally_24fc158c_6bB9ViyR (6c8a12a9-fa62-4a74-b6b0-45391443bd3a)
2019-10-25 01:49:17.423 26158 RALLYDEBUG rally_openstack.cleanup.manager [-] Deleting neutron.network object s_rally_24fc158c_QlN6vrBO (53eb0da9-cf41-45af-89a5-7d24f2d3c788)
2019-10-25 01:49:17.437 26158 RALLYDEBUG rally_openstack.cleanup.manager [-] Deleting neutron.network object s_rally_24fc158c_jDEdozqq (6e513c9f-1345-4208-8584-550ef530ded4)
2019-10-25 01:49:17.439 26158 RALLYDEBUG rally_openstack.cleanup.manager [-] Deleting neutron.network object s_rally_24fc158c_XFkA3gsE (53ed9ab4-ceef-424a-b62c-5a799f3ab64e)
2019-10-25 01:49:17.444 26158 RALLYDEBUG rally_openstack.cleanup.manager [-] Deleting neutron.network object s_rally_24fc158c_CKdKo1XU (6346921f-d550-4151-8a8c-317438f519df)
2019-10-25 01:49:17.466 26158 RALLYDEBUG rally_openstack.cleanup.manager [-] Deleting neutron.network object s_rally_24fc158c_NqlF26rL (6fe9476a-9d3a-4835-93df-603112de571d)
2019-10-25 01:49:17.482 26158 RALLYDEBUG rally_openstack.cleanup.manager [-] Deleting neutron.network object s_rally_24fc158c_Jux2eIES (7bcefeca-fbb0-4dd8-89ac-a59a43f9ccf6)
2019-10-25 01:49:19.592 26158 RALLYDEBUG rally_openstack.cleanup.manager [-] Deleting neutron.network object s_rally_24fc158c_pyq6kRw7 (8a7751eb-1963-48bb-9f2c-2cd96ed86956)
2019-10-25 01:49:19.593 26158 RALLYDEBUG rally_openstack.cleanup.manager [-] Deleting neutron.network object s_rally_24fc158c_kzOMWqu8 (8cad61ff-89f2-410b-8116-62c201993415)
2019-10-25 01:49:19.683 26158 RALLYDEBUG rally_openstack.cleanup.manager [-] Deleting neutron.network object s_rally_24fc158c_0kivCnd2 (8d4b2470-47bb-497d-881c-719ad20b2583)
2019-10-25 01:49:19.778 26158 RALLYDEBUG rally_openstack.cleanup.manager [-] Deleting neutron.network object s_rally_24fc158c_YBveOTuK (91926ba5-dc8e-4bae-b200-bada9d5f0159)
2019-10-25 01:49:19.806 26158 RALLYDEBUG rally_openstack.cleanup.manager [-] Deleting neutron.network object s_rally_24fc158c_oKwcIclD (9344f26a-1fc9-4efb-b732-4a7a6ff7e9f0)
2019-10-25 01:49:19.848 26158 RALLYDEBUG rally_openstack.cleanup.manager [-] Deleting neutron.network object s_rally_24fc158c_26FiSglJ (93b9e7e1-c909-4a54-87a3-d092f1db675e)
2019-10-25 01:49:19.928 26158 RALLYDEBUG rally_openstack.cleanup.manager [-] Deleting neutron.network object s_rally_24fc158c_DkO3nxsK (942c8aac-2d65-4e8f-a991-f720fcab8470)
2019-10-25 01:49:20.225 26158 RALLYDEBUG rally_openstack.cleanup.manager [-] Deleting neutron.network object s_rally_24fc158c_mAWTGOSh (9649297d-507c-4e7e-8c84-5e01b0d48486)
2019-10-25 01:49:20.226 26158 RALLYDEBUG rally_openstack.cleanup.manager [-] Deleting neutron.network object s_rally_24fc158c_AuzL6dQz (9d0db684-36a1-47ac-b3b0-49c28817fa73)
2019-10-25 01:49:20.241 26158 RALLYDEBUG rally_openstack.cleanup.manager [-] Deleting neutron.network object s_rally_24fc158c_yye8BGS8 (9d9ffdc6-4d91-4368-a224-8111d1875946)
2019-10-25 01:49:20.247 26158 RALLYDEBUG rally_openstack.cleanup.manager [-] Deleting neutron.network object s_rally_24fc158c_2iNqYxHq (9d473ed9-6fd4-49bc-93c0-868df5d20d26)
2019-10-25 01:49:20.289 26158 RALLYDEBUG rally_openstack.cleanup.manager [-] Deleting neutron.network object s_rally_24fc158c_aQQOk8DS (a7a707aa-7c2f-4b22-9026-94721cdbcaf9)
2019-10-25 01:49:20.385 26158 RALLYDEBUG rally_openstack.cleanup.manager [-] Deleting neutron.network object s_rally_24fc158c_ROuK4HfL (b7c78c7a-84fe-4203-9cb0-ca00408a895a)
2019-10-25 01:49:20.428 26158 RALLYDEBUG rally_openstack.cleanup.manager [-] Deleting neutron.network object s_rally_24fc158c_u1g6qD7b (b9d2d32b-dc60-437c-a596-9cf8eeaa91f0)
2019-10-25 01:49:20.451 26158 RALLYDEBUG rally_openstack.cleanup.manager [-] Deleting neutron.network object s_rally_24fc158c_9sUowxt1 (cf2c6c14-1cff-4d9a-a5d5-e2a3595dca33)
2019-10-25 01:49:20.475 26158 RALLYDEBUG rally_openstack.cleanup.manager [-] Deleting neutron.network object s_rally_24fc158c_dGHFaU7V (d0a61870-1c23-4432-9237-1d10dc63fcb9)
2019-10-25 01:49:20.500 26158 RALLYDEBUG rally_openstack.cleanup.manager [-] Deleting neutron.network object s_rally_24fc158c_TS7qsx98 (da2f1a7f-b6ac-4951-aaf0-6bb1958e675f)
2019-10-25 01:49:20.520 26158 RALLYDEBUG rally_openstack.cleanup.manager [-] Deleting neutron.network object s_rally_24fc158c_suvmRkPg (e4f99a74-443e-49d4-a403-e25123990b63)
2019-10-25 01:49:20.549 26158 RALLYDEBUG rally_openstack.cleanup.manager [-] Deleting neutron.network object s_rally_24fc158c_VOye3Vne (eee3da40-c846-4644-bb11-c21ae81f24cd)
2019-10-25 01:49:20.550 26158 RALLYDEBUG rally_openstack.cleanup.manager [-] Deleting neutron.network object s_rally_24fc158c_GZ2PVv2A (fc7fb5b5-8169-4b62-9bea-5da9d68bea02)
2019-10-25 01:49:23.298 26158 RALLYDEBUG rally_openstack.cleanup.manager [-] Cleaning up neutron router objects
2019-10-25 01:49:23.753 26158 RALLYDEBUG rally_openstack.cleanup.manager [-] Cleaning up neutron security_group objects
2019-10-25 01:49:24.190 26158 INFO rally.task.context [-] Task a261ca63-00c9-4a05-96a2-230c7c81717c | Context cleanup@openstack cleanup() finished in 32.69 sec
2019-10-25 01:49:24.190 26158 INFO rally.task.context [-] Task a261ca63-00c9-4a05-96a2-230c7c81717c | Context quotas@openstack cleanup() started
2019-10-25 01:49:24.280 26158 INFO rally.task.context [-] Task a261ca63-00c9-4a05-96a2-230c7c81717c | Context quotas@openstack cleanup() finished in 90.31 msec
2019-10-25 01:49:24.281 26158 INFO rally.task.context [-] Task a261ca63-00c9-4a05-96a2-230c7c81717c | Context users@openstack cleanup() started
2019-10-25 01:49:27.131 26158 INFO rally.task.context [-] Task a261ca63-00c9-4a05-96a2-230c7c81717c | Context users@openstack cleanup() finished in 2.85 sec
2019-10-25 01:49:27.577 26158 INFO rally.task.engine [-] Load duration is: 21.286095
2019-10-25 01:49:27.578 26158 INFO rally.task.engine [-] Full runner duration is: 21.342798
2019-10-25 01:49:27.578 26158 INFO rally.task.engine [-] Full duration is: 59.855448
2019-10-25 01:49:27.859 26158 INFO rally.task.engine [-] Running workload: position = 2 config = { "version": 2, "title": "A cropped version of a bigger task.", "description": "Auto-generated task from a single workload (uuid=695b479a-e5cd-47cd-9375-0b666d7e2438)", "subtasks": [ { "title": "NeutronNetworks.create_and_delete_ports", "description": "Create and delete a port.", "scenario": { "NeutronNetworks.create_and_delete_ports": { "network_create_args": {}, "port_create_args": {}, "ports_per_network": 5 } }, "contexts": { "users": { "tenants": 1, "users_per_tenant": 1 }, "quotas": { "neutron": { "network": -1, "port": -1 } } }, "runner": { "constant": { "times": 40, "concurrency": 20 } }, "hooks": [], "sla": { "failure_rate": { "max": 0 } } } ] }
2019-10-25 01:49:27.888 26158 RALLYDEBUG rally_openstack.contexts.keystone.users [-] Creating 1 tenants using 20 threads
2019-10-25 01:49:28.856 26158 RALLYDEBUG rally_openstack.contexts.keystone.users [-] Creating 1 users using 20 threads
2019-10-25 01:49:30.272 26158 INFO rally.task.context [-] Task a261ca63-00c9-4a05-96a2-230c7c81717c | Context users@openstack setup() finished in 2.38 sec
2019-10-25 01:49:30.757 26158 INFO rally.task.context [-] Task a261ca63-00c9-4a05-96a2-230c7c81717c | Context quotas@openstack setup() finished in 0.48 sec
2019-10-25 01:49:30.757 26158 INFO rally.task.context [-] Task a261ca63-00c9-4a05-96a2-230c7c81717c | Context cleanup@openstack setup() finished in 0.01 msec
2019-10-25 01:49:30.766 26158 RALLYDEBUG rally.task.runner [-] Starting the constant runner (task UUID: a261ca63-00c9-4a05-96a2-230c7c81717c). timeout: 0 concurrency: 20 concurrency_per_worker: 1 times: 40 concurrency_overhead: 4 processes_to_start: 16 max_cpu_used: 16
2019-10-25 01:49:30.781 30624 RALLYDEBUG rally.task.runner [-] Starting a worker. concurrency: 2 args: {"network_create_args": {}, "port_create_args": {}, "ports_per_network": 5} times: 40 method_name: run timeout: 0 duration: None cls:
2019-10-25 01:49:30.784 30625 RALLYDEBUG rally.task.runner [-] Starting a worker. concurrency: 2 args: {"network_create_args": {}, "port_create_args": {}, "ports_per_network": 5} times: 40 method_name: run timeout: 0 duration: None cls:
2019-10-25 01:49:30.787 30626 RALLYDEBUG rally.task.runner [-] Starting a worker. concurrency: 2 args: {"network_create_args": {}, "port_create_args": {}, "ports_per_network": 5} times: 40 method_name: run timeout: 0 duration: None cls:
2019-10-25 01:49:30.791 30627 RALLYDEBUG rally.task.runner [-] Starting a worker. concurrency: 2 args: {"network_create_args": {}, "port_create_args": {}, "ports_per_network": 5} times: 40 method_name: run timeout: 0 duration: None cls:
2019-10-25 01:49:30.792 30624 INFO rally.task.runner [-] Task a261ca63-00c9-4a05-96a2-230c7c81717c | ITER: 1 START
2019-10-25 01:49:30.793 30624 INFO rally.task.runner [-] Task a261ca63-00c9-4a05-96a2-230c7c81717c | ITER: 3 START
2019-10-25 01:49:30.794 30628 RALLYDEBUG rally.task.runner [-] Starting a worker. concurrency: 1 args: {"network_create_args": {}, "port_create_args": {}, "ports_per_network": 5} times: 40 method_name: run timeout: 0 duration: None cls:
2019-10-25 01:49:30.794 30624 WARNING rally_openstack.scenarios.neutron.utils [-] Running this scenario without either the 'network' or 'existing_network' context is deprecated
2019-10-25 01:49:30.796 30625 INFO rally.task.runner [-] Task a261ca63-00c9-4a05-96a2-230c7c81717c | ITER: 2 START
2019-10-25 01:49:30.797 30626 INFO rally.task.runner [-] Task a261ca63-00c9-4a05-96a2-230c7c81717c | ITER: 4 START
2019-10-25 01:49:30.799 30626 INFO rally.task.runner [-] Task a261ca63-00c9-4a05-96a2-230c7c81717c | ITER: 7 START
2019-10-25 01:49:30.799 30625 WARNING rally_openstack.scenarios.neutron.utils [-] Running this scenario without either the 'network' or 'existing_network' context is deprecated
2019-10-25 01:49:30.799 30632 RALLYDEBUG rally.task.runner [-] Starting a worker. concurrency: 1 args: {"network_create_args": {}, "port_create_args": {}, "ports_per_network": 5} times: 40 method_name: run timeout: 0 duration: None cls:
2019-10-25 01:49:30.800 30626 WARNING rally_openstack.scenarios.neutron.utils [-] Running this scenario without either the 'network' or 'existing_network' context is deprecated
2019-10-25 01:49:30.799 30625 INFO rally.task.runner [-] Task a261ca63-00c9-4a05-96a2-230c7c81717c | ITER: 5 START
2019-10-25 01:49:30.802 30627 INFO rally.task.runner [-] Task a261ca63-00c9-4a05-96a2-230c7c81717c | ITER: 6 START
2019-10-25 01:49:30.800 30626 WARNING rally_openstack.scenarios.neutron.utils [-] Running this scenario without either the 'network' or 'existing_network' context is deprecated
2019-10-25 01:49:30.802 30628 INFO rally.task.runner [-] Task a261ca63-00c9-4a05-96a2-230c7c81717c | ITER: 8 START
2019-10-25 01:49:30.804 30628 WARNING rally_openstack.scenarios.neutron.utils [-] Running this scenario without either the 'network' or 'existing_network' context is deprecated
2019-10-25 01:49:30.803 30637 RALLYDEBUG rally.task.runner [-] Starting a worker. concurrency: 1 args: {"network_create_args": {}, "port_create_args": {}, "ports_per_network": 5} times: 40 method_name: run timeout: 0 duration: None cls:
2019-10-25 01:49:30.803 30627 WARNING rally_openstack.scenarios.neutron.utils [-] Running this scenario without either the 'network' or 'existing_network' context is deprecated
2019-10-25 01:49:30.795 30624 WARNING rally_openstack.scenarios.neutron.utils [-] Running this scenario without either the 'network' or 'existing_network' context is deprecated
2019-10-25 01:49:30.805 30627 INFO rally.task.runner [-] Task a261ca63-00c9-4a05-96a2-230c7c81717c | ITER: 9 START
2019-10-25 01:49:30.807 30625 WARNING rally_openstack.scenarios.neutron.utils [-] Running this scenario without either the 'network' or 'existing_network' context is deprecated
2019-10-25 01:49:30.808 30632 INFO rally.task.runner [-] Task a261ca63-00c9-4a05-96a2-230c7c81717c | ITER: 10 START
2019-10-25 01:49:30.807 30642 RALLYDEBUG rally.task.runner [-] Starting a worker. concurrency: 1 args: {"network_create_args": {}, "port_create_args": {}, "ports_per_network": 5} times: 40 method_name: run timeout: 0 duration: None cls:
2019-10-25 01:49:30.809 30632 WARNING rally_openstack.scenarios.neutron.utils [-] Running this scenario without either the 'network' or 'existing_network' context is deprecated
2019-10-25 01:49:30.808 30627 WARNING rally_openstack.scenarios.neutron.utils [-] Running this scenario without either the 'network' or 'existing_network' context is deprecated
2019-10-25 01:49:30.812 30637 INFO rally.task.runner [-] Task a261ca63-00c9-4a05-96a2-230c7c81717c | ITER: 11 START
2019-10-25 01:49:30.813 30637 WARNING rally_openstack.scenarios.neutron.utils [-] Running this scenario without either the 'network' or 'existing_network' context is deprecated
2019-10-25 01:49:30.813 30646 RALLYDEBUG rally.task.runner [-] Starting a worker. concurrency: 1 args: {"network_create_args": {}, "port_create_args": {}, "ports_per_network": 5} times: 40 method_name: run timeout: 0 duration: None cls:
2019-10-25 01:49:30.815 30642 INFO rally.task.runner [-] Task a261ca63-00c9-4a05-96a2-230c7c81717c | ITER: 12 START
2019-10-25 01:49:30.817 30642 WARNING rally_openstack.scenarios.neutron.utils [-] Running this scenario without either the 'network' or 'existing_network' context is deprecated
2019-10-25 01:49:30.819 30649 RALLYDEBUG rally.task.runner [-] Starting a worker. concurrency: 1 args: {"network_create_args": {}, "port_create_args": {}, "ports_per_network": 5} times: 40 method_name: run timeout: 0 duration: None cls:
2019-10-25 01:49:30.822 30646 INFO rally.task.runner [-] Task a261ca63-00c9-4a05-96a2-230c7c81717c | ITER: 13 START
2019-10-25 01:49:30.824 30646 WARNING rally_openstack.scenarios.neutron.utils [-] Running this scenario without either the 'network' or 'existing_network' context is deprecated
2019-10-25 01:49:30.826 30654 RALLYDEBUG rally.task.runner [-] Starting a worker. concurrency: 1 args: {"network_create_args": {}, "port_create_args": {}, "ports_per_network": 5} times: 40 method_name: run timeout: 0 duration: None cls:
2019-10-25 01:49:30.828 30649 INFO rally.task.runner [-] Task a261ca63-00c9-4a05-96a2-230c7c81717c | ITER: 14 START
2019-10-25 01:49:30.829 30649 WARNING rally_openstack.scenarios.neutron.utils [-] Running this scenario without either the 'network' or 'existing_network' context is deprecated
2019-10-25 01:49:30.832 30657 RALLYDEBUG rally.task.runner [-] Starting a worker. concurrency: 1 args: {"network_create_args": {}, "port_create_args": {}, "ports_per_network": 5} times: 40 method_name: run timeout: 0 duration: None cls:
2019-10-25 01:49:30.836 30654 INFO rally.task.runner [-] Task a261ca63-00c9-4a05-96a2-230c7c81717c | ITER: 15 START
2019-10-25 01:49:30.837 30654 WARNING rally_openstack.scenarios.neutron.utils [-] Running this scenario without either the 'network' or 'existing_network' context is deprecated
2019-10-25 01:49:30.839 30657 INFO rally.task.runner [-] Task a261ca63-00c9-4a05-96a2-230c7c81717c | ITER: 16 START
2019-10-25 01:49:30.840 30657 WARNING rally_openstack.scenarios.neutron.utils [-] Running this scenario without either the 'network' or 'existing_network' context is deprecated
2019-10-25 01:49:30.846 30660 RALLYDEBUG rally.task.runner [-] Starting a worker. concurrency: 1 args: {"network_create_args": {}, "port_create_args": {}, "ports_per_network": 5} times: 40 method_name: run timeout: 0 duration: None cls:
2019-10-25 01:49:30.847 30663 RALLYDEBUG rally.task.runner [-] Starting a worker. concurrency: 1 args: {"network_create_args": {}, "port_create_args": {}, "ports_per_network": 5} times: 40 method_name: run timeout: 0 duration: None cls:
2019-10-25 01:49:30.849 30666 RALLYDEBUG rally.task.runner [-] Starting a worker. concurrency: 1 args: {"network_create_args": {}, "port_create_args": {}, "ports_per_network": 5} times: 40 method_name: run timeout: 0 duration: None cls:
2019-10-25 01:49:30.852 30660 INFO rally.task.runner [-] Task a261ca63-00c9-4a05-96a2-230c7c81717c | ITER: 17 START
2019-10-25 01:49:30.853 30663 INFO rally.task.runner [-] Task a261ca63-00c9-4a05-96a2-230c7c81717c | ITER: 18 START
2019-10-25 01:49:30.853 30660 WARNING rally_openstack.scenarios.neutron.utils [-] Running this scenario without either the 'network' or 'existing_network' context is deprecated
2019-10-25 01:49:30.854 30663 WARNING rally_openstack.scenarios.neutron.utils [-] Running this scenario without either the 'network' or 'existing_network' context is deprecated
2019-10-25 01:49:30.854 30666 INFO rally.task.runner [-] Task a261ca63-00c9-4a05-96a2-230c7c81717c | ITER: 19 START
2019-10-25 01:49:30.855 30666 WARNING rally_openstack.scenarios.neutron.utils [-] Running this scenario without either the 'network' or 'existing_network' context is deprecated
2019-10-25 01:49:30.856 30667 RALLYDEBUG rally.task.runner [-] Starting a worker. concurrency: 1 args: {"network_create_args": {}, "port_create_args": {}, "ports_per_network": 5} times: 40 method_name: run timeout: 0 duration: None cls:
2019-10-25 01:49:30.861 30667 INFO rally.task.runner [-] Task a261ca63-00c9-4a05-96a2-230c7c81717c | ITER: 20 START
2019-10-25 01:49:30.862 30667 WARNING rally_openstack.scenarios.neutron.utils [-] Running this scenario without either the 'network' or 'existing_network' context is deprecated
2019-10-25 01:49:39.117 30666 INFO rally.task.runner [-] Task a261ca63-00c9-4a05-96a2-230c7c81717c | ITER: 19 END: OK
2019-10-25 01:49:39.123 30666 INFO rally.task.runner [-] Task a261ca63-00c9-4a05-96a2-230c7c81717c | ITER: 21 START
2019-10-25 01:49:39.124 30666 WARNING rally_openstack.scenarios.neutron.utils [-] Running this scenario without either the 'network' or 'existing_network' context is deprecated
2019-10-25 01:49:40.126 30646 INFO rally.task.runner [-] Task a261ca63-00c9-4a05-96a2-230c7c81717c | ITER: 13 END: OK
2019-10-25 01:49:40.132 30646 INFO rally.task.runner [-] Task a261ca63-00c9-4a05-96a2-230c7c81717c | ITER: 22 START
2019-10-25 01:49:40.133 30646 WARNING rally_openstack.scenarios.neutron.utils [-] Running this scenario without either the 'network' or 'existing_network' context is deprecated
2019-10-25 01:49:40.208 30627 INFO rally.task.runner [-] Task a261ca63-00c9-4a05-96a2-230c7c81717c | ITER: 6 END: OK
2019-10-25 01:49:40.212 30627 INFO rally.task.runner [-] Task a261ca63-00c9-4a05-96a2-230c7c81717c | ITER: 23 START
2019-10-25 01:49:40.213 30627 WARNING rally_openstack.scenarios.neutron.utils [-] Running this scenario without either the 'network' or 'existing_network' context is deprecated
2019-10-25 01:49:40.314 30625 INFO rally.task.runner [-] Task a261ca63-00c9-4a05-96a2-230c7c81717c | ITER: 2 END: OK
2019-10-25 01:49:40.319 30625 INFO rally.task.runner [-] Task a261ca63-00c9-4a05-96a2-230c7c81717c | ITER: 24 START
2019-10-25 01:49:40.320 30625 WARNING rally_openstack.scenarios.neutron.utils [-] Running this scenario without either the 'network' or 'existing_network' context is deprecated
2019-10-25 01:49:40.475 30660 INFO rally.task.runner [-] Task a261ca63-00c9-4a05-96a2-230c7c81717c | ITER: 17 END: OK
2019-10-25 01:49:40.480 30660 INFO rally.task.runner [-] Task a261ca63-00c9-4a05-96a2-230c7c81717c | ITER: 25 START
2019-10-25 01:49:40.480 30660 WARNING rally_openstack.scenarios.neutron.utils [-] Running this scenario without either the 'network' or 'existing_network' context is deprecated
2019-10-25 01:49:40.924 30626 INFO rally.task.runner [-] Task a261ca63-00c9-4a05-96a2-230c7c81717c | ITER: 4 END: OK
2019-10-25 01:49:40.929 30626 INFO rally.task.runner [-] Task a261ca63-00c9-4a05-96a2-230c7c81717c | ITER: 26 START
2019-10-25 01:49:40.930 30626 WARNING rally_openstack.scenarios.neutron.utils [-] Running this scenario without either the 'network' or 'existing_network' context is deprecated
2019-10-25 01:49:40.948 30627 INFO rally.task.runner [-] Task a261ca63-00c9-4a05-96a2-230c7c81717c | ITER: 9 END: OK
2019-10-25 01:49:40.952 30627 INFO rally.task.runner [-] Task a261ca63-00c9-4a05-96a2-230c7c81717c | ITER: 27 START
2019-10-25 01:49:40.953 30627 WARNING rally_openstack.scenarios.neutron.utils [-] Running this scenario without either the 'network' or 'existing_network' context is deprecated
2019-10-25 01:49:41.006 30649 INFO rally.task.runner [-] Task a261ca63-00c9-4a05-96a2-230c7c81717c | ITER: 14 END: OK
2019-10-25 01:49:41.011 30649 INFO rally.task.runner [-] Task a261ca63-00c9-4a05-96a2-230c7c81717c | ITER: 28 START
2019-10-25 01:49:41.012 30649 WARNING rally_openstack.scenarios.neutron.utils [-] Running this scenario without either the 'network' or 'existing_network' context is deprecated
2019-10-25 01:49:41.119 30637 INFO rally.task.runner [-] Task a261ca63-00c9-4a05-96a2-230c7c81717c | ITER: 11 END: OK
2019-10-25 01:49:41.124 30637 INFO rally.task.runner [-] Task a261ca63-00c9-4a05-96a2-230c7c81717c | ITER: 29 START
2019-10-25 01:49:41.125 30637 WARNING rally_openstack.scenarios.neutron.utils [-] Running this scenario without either the 'network' or 'existing_network' context is deprecated
2019-10-25 01:49:41.245 30624 INFO rally.task.runner [-] Task a261ca63-00c9-4a05-96a2-230c7c81717c | ITER: 1 END: OK
2019-10-25 01:49:41.249 30624 INFO rally.task.runner [-] Task a261ca63-00c9-4a05-96a2-230c7c81717c | ITER: 30 START
2019-10-25 01:49:41.250 30624 WARNING rally_openstack.scenarios.neutron.utils [-] Running this scenario without either the 'network' or 'existing_network' context is deprecated
2019-10-25 01:49:41.352 30663 INFO rally.task.runner [-] Task a261ca63-00c9-4a05-96a2-230c7c81717c | ITER: 18 END: OK
2019-10-25 01:49:41.356 30663 INFO rally.task.runner [-] Task a261ca63-00c9-4a05-96a2-230c7c81717c | ITER: 31 START
2019-10-25 01:49:41.357 30663 WARNING rally_openstack.scenarios.neutron.utils [-] Running this scenario without either the 'network' or 'existing_network' context is deprecated
2019-10-25 01:49:41.507 30625 INFO rally.task.runner [-] Task a261ca63-00c9-4a05-96a2-230c7c81717c | ITER: 5 END: OK
2019-10-25 01:49:41.512 30625 INFO rally.task.runner [-] Task a261ca63-00c9-4a05-96a2-230c7c81717c | ITER: 32 START
2019-10-25 01:49:41.513 30625 WARNING rally_openstack.scenarios.neutron.utils [-] Running this scenario without either the 'network' or 'existing_network' context is deprecated
2019-10-25 01:49:41.651 30626 INFO rally.task.runner [-] Task a261ca63-00c9-4a05-96a2-230c7c81717c | ITER: 7 END: OK
2019-10-25 01:49:41.656 30626 INFO rally.task.runner [-] Task a261ca63-00c9-4a05-96a2-230c7c81717c | ITER: 33 START
2019-10-25 01:49:41.657 30626 WARNING rally_openstack.scenarios.neutron.utils [-] Running this scenario without either the 'network' or 'existing_network' context is deprecated
2019-10-25 01:49:41.670 30657 INFO rally.task.runner [-] Task a261ca63-00c9-4a05-96a2-230c7c81717c | ITER: 16 END: OK
2019-10-25 01:49:41.674 30657 INFO rally.task.runner [-] Task a261ca63-00c9-4a05-96a2-230c7c81717c | ITER: 34 START
2019-10-25 01:49:41.675 30657 WARNING rally_openstack.scenarios.neutron.utils [-] Running this scenario without either the 'network' or 'existing_network' context is deprecated
2019-10-25 01:49:41.809 30628 INFO rally.task.runner [-] Task a261ca63-00c9-4a05-96a2-230c7c81717c | ITER: 8 END: OK
2019-10-25 01:49:41.814 30628 INFO rally.task.runner [-] Task a261ca63-00c9-4a05-96a2-230c7c81717c | ITER: 35 START
2019-10-25 01:49:41.814 30628 WARNING rally_openstack.scenarios.neutron.utils [-] Running this scenario without either the 'network' or 'existing_network' context is deprecated
