2019-10-25 01:49:41.882 30624 INFO rally.task.runner [-] Task a261ca63-00c9-4a05-96a2-230c7c81717c | ITER: 3 END: OK
2019-10-25 01:49:41.887 30624 INFO rally.task.runner [-] Task a261ca63-00c9-4a05-96a2-230c7c81717c | ITER: 36 START
2019-10-25 01:49:41.887 30624 WARNING rally_openstack.scenarios.neutron.utils [-] Running this scenario without either the 'network' or 'existing_network' context is deprecated
2019-10-25 01:49:42.309 30632 INFO rally.task.runner [-] Task a261ca63-00c9-4a05-96a2-230c7c81717c | ITER: 10 END: OK
2019-10-25 01:49:42.313 30632 INFO rally.task.runner [-] Task a261ca63-00c9-4a05-96a2-230c7c81717c | ITER: 37 START
2019-10-25 01:49:42.314 30632 WARNING rally_openstack.scenarios.neutron.utils [-] Running this scenario without either the 'network' or 'existing_network' context is deprecated
2019-10-25 01:49:42.879 30667 INFO rally.task.runner [-] Task a261ca63-00c9-4a05-96a2-230c7c81717c | ITER: 20 END: OK
2019-10-25 01:49:42.884 30667 INFO rally.task.runner [-] Task a261ca63-00c9-4a05-96a2-230c7c81717c | ITER: 38 START
2019-10-25 01:49:42.885 30667 WARNING rally_openstack.scenarios.neutron.utils [-] Running this scenario without either the 'network' or 'existing_network' context is deprecated
2019-10-25 01:49:43.075 30642 INFO rally.task.runner [-] Task a261ca63-00c9-4a05-96a2-230c7c81717c | ITER: 12 END: OK
2019-10-25 01:49:43.080 30642 INFO rally.task.runner [-] Task a261ca63-00c9-4a05-96a2-230c7c81717c | ITER: 39 START
2019-10-25 01:49:43.080 30642 WARNING rally_openstack.scenarios.neutron.utils [-] Running this scenario without either the 'network' or 'existing_network' context is deprecated
2019-10-25 01:49:45.583 30654 INFO rally.task.runner [-] Task a261ca63-00c9-4a05-96a2-230c7c81717c | ITER: 15 END: OK
2019-10-25 01:49:45.589 30654 INFO rally.task.runner [-] Task a261ca63-00c9-4a05-96a2-230c7c81717c | ITER: 40 START
2019-10-25 01:49:45.589 30654 WARNING rally_openstack.scenarios.neutron.utils [-] Running this scenario without either the 'network' or 'existing_network' context is deprecated
2019-10-25 01:49:49.662 30660 INFO rally.task.runner [-] Task a261ca63-00c9-4a05-96a2-230c7c81717c | ITER: 25 END: OK
2019-10-25 01:49:49.794 30646 INFO rally.task.runner [-] Task a261ca63-00c9-4a05-96a2-230c7c81717c | ITER: 22 END: OK
2019-10-25 01:49:50.514 30627 INFO rally.task.runner [-] Task a261ca63-00c9-4a05-96a2-230c7c81717c | ITER: 27 END: OK
2019-10-25 01:49:50.540 30627 INFO rally.task.runner [-] Task a261ca63-00c9-4a05-96a2-230c7c81717c | ITER: 23 END: OK
2019-10-25 01:49:50.601 30626 INFO rally.task.runner [-] Task a261ca63-00c9-4a05-96a2-230c7c81717c | ITER: 26 END: OK
2019-10-25 01:49:50.731 30625 INFO rally.task.runner [-] Task a261ca63-00c9-4a05-96a2-230c7c81717c | ITER: 24 END: OK
2019-10-25 01:49:50.872 30649 INFO rally.task.runner [-] Task a261ca63-00c9-4a05-96a2-230c7c81717c | ITER: 28 END: OK
2019-10-25 01:49:51.059 30626 INFO rally.task.runner [-] Task a261ca63-00c9-4a05-96a2-230c7c81717c | ITER: 33 END: OK
2019-10-25 01:49:51.064 30637 INFO rally.task.runner [-] Task a261ca63-00c9-4a05-96a2-230c7c81717c | ITER: 29 END: OK
2019-10-25 01:49:51.161 30666 INFO rally.task.runner [-] Task a261ca63-00c9-4a05-96a2-230c7c81717c | ITER: 21 END: OK
2019-10-25 01:49:51.224 30632 INFO rally.task.runner [-] Task a261ca63-00c9-4a05-96a2-230c7c81717c | ITER: 37 END: OK
2019-10-25 01:49:51.245 30663 INFO rally.task.runner [-] Task a261ca63-00c9-4a05-96a2-230c7c81717c | ITER: 31 END: OK
2019-10-25 01:49:51.485 30654 INFO rally.task.runner [-] Task a261ca63-00c9-4a05-96a2-230c7c81717c | ITER: 40 END: OK
2019-10-25 01:49:51.641 30642 INFO rally.task.runner [-] Task a261ca63-00c9-4a05-96a2-230c7c81717c | ITER: 39 END: OK
2019-10-25 01:49:52.194 30667 INFO rally.task.runner [-] Task a261ca63-00c9-4a05-96a2-230c7c81717c | ITER: 38 END: OK
2019-10-25 01:49:52.412 30624 INFO rally.task.runner [-] Task a261ca63-00c9-4a05-96a2-230c7c81717c | ITER: 30 END: OK
2019-10-25 01:49:52.427 30628 INFO rally.task.runner [-] Task a261ca63-00c9-4a05-96a2-230c7c81717c | ITER: 35 END: OK
2019-10-25 01:49:52.598 30657 INFO rally.task.runner [-] Task a261ca63-00c9-4a05-96a2-230c7c81717c | ITER: 34 END: OK
2019-10-25 01:49:53.032 30624 INFO rally.task.runner [-] Task a261ca63-00c9-4a05-96a2-230c7c81717c | ITER: 36 END: OK
2019-10-25 01:49:53.269 30625 INFO rally.task.runner [-] Task a261ca63-00c9-4a05-96a2-230c7c81717c | ITER: 32 END: OK
2019-10-25 01:49:53.291 26158 INFO rally.task.context [-] Task a261ca63-00c9-4a05-96a2-230c7c81717c | Context cleanup@openstack cleanup() started
2019-10-25 01:49:53.294 26158 RALLYDEBUG rally_openstack.cleanup.manager [-] Cleaning up neutron vip objects
2019-10-25 01:49:53.710 26158 RALLYDEBUG rally_openstack.cleanup.manager [-] Cleaning up neutron health_monitor objects
2019-10-25 01:49:54.111 26158 RALLYDEBUG rally_openstack.cleanup.manager [-] Cleaning up neutron pool objects
2019-10-25 01:49:54.495 26158 RALLYDEBUG rally_openstack.cleanup.manager [-] Cleaning up neutron loadbalancer objects
2019-10-25 01:49:54.893 26158 RALLYDEBUG rally_openstack.cleanup.manager [-] Cleaning up neutron floatingip objects
2019-10-25 01:49:55.354 26158 RALLYDEBUG rally_openstack.cleanup.manager [-] Cleaning up neutron trunk objects
2019-10-25 01:49:55.766 26158 RALLYDEBUG rally_openstack.cleanup.manager [-] Cleaning up neutron port objects
2019-10-25 01:49:56.197 26158 RALLYDEBUG rally_openstack.cleanup.manager [-] Cleaning up neutron subnet objects
2019-10-25 01:49:56.614 26158 RALLYDEBUG rally_openstack.cleanup.manager [-] Cleaning up neutron network objects
2019-10-25 01:49:57.273 26158 RALLYDEBUG rally_openstack.cleanup.manager [-] Deleting neutron.network object s_rally_695b479a_FpPigo7w (0e58318e-7254-4473-b7a6-d8f85282b204)
2019-10-25 01:49:57.281 26158 RALLYDEBUG rally_openstack.cleanup.manager [-] Deleting neutron.network object s_rally_695b479a_GtkYRbOp (1dde3c7a-4e88-4784-9e3c-f37b64aba423)
2019-10-25 01:49:57.284 26158 RALLYDEBUG rally_openstack.cleanup.manager [-] Deleting neutron.network object s_rally_695b479a_GpRM3YkX (1bb12356-b69f-41d6-81d7-fd3008af5fda)
2019-10-25 01:49:57.284 26158 RALLYDEBUG rally_openstack.cleanup.manager [-] Deleting neutron.network object s_rally_695b479a_1C9h2NI4 (2f93f6f5-24f7-4dcc-a754-ebc74fe62bed)
2019-10-25 01:49:57.288 26158 RALLYDEBUG rally_openstack.cleanup.manager [-] Deleting neutron.network object s_rally_695b479a_yzZDe1tC (574feb59-f556-488b-94dd-e0bb8fc8a1d8)
2019-10-25 01:49:57.282 26158 RALLYDEBUG rally_openstack.cleanup.manager [-] Deleting neutron.network object s_rally_695b479a_E16ExsKJ (49da87d9-14aa-496e-8f8b-aa6d1968dc6b)
2019-10-25 01:49:57.294 26158 RALLYDEBUG rally_openstack.cleanup.manager [-] Deleting neutron.network object s_rally_695b479a_vivflcgy (07c9fd30-4732-425f-a883-fe5f54b0b2cb)
2019-10-25 01:49:57.297 26158 RALLYDEBUG rally_openstack.cleanup.manager [-] Deleting neutron.network object s_rally_695b479a_N1zHBth4 (3382e1ca-6cc8-4e99-aaf3-23e352800f17)
2019-10-25 01:49:57.298 26158 RALLYDEBUG rally_openstack.cleanup.manager [-] Deleting neutron.network object s_rally_695b479a_5sxEe2qU (787f68c2-3be2-4c02-a4be-ad6f5c826e86)
2019-10-25 01:49:57.299 26158 RALLYDEBUG rally_openstack.cleanup.manager [-] Deleting neutron.network object s_rally_695b479a_yK6OTXrI (427cd5b9-7f72-4fe1-adbf-c7df24b8f746)
2019-10-25 01:49:57.300 26158 RALLYDEBUG rally_openstack.cleanup.manager [-] Deleting neutron.network object s_rally_695b479a_OuNdBnLn (3ae13332-8b8a-460c-b647-161e4047eceb)
2019-10-25 01:49:57.317 26158 RALLYDEBUG rally_openstack.cleanup.manager [-] Deleting neutron.network object s_rally_695b479a_rVgteur0 (12b103ee-e92f-4721-98af-f3e2363db2cd)
2019-10-25 01:49:57.332 26158 RALLYDEBUG rally_openstack.cleanup.manager [-] Deleting neutron.network object s_rally_695b479a_cNqfaGkC (8454a18e-7d20-46cf-a014-a2324281ccc1)
2019-10-25 01:49:57.333 26158 RALLYDEBUG rally_openstack.cleanup.manager [-] Deleting neutron.network object s_rally_695b479a_pg0HT1hz (79533d67-40eb-46fa-8973-a4d3156c1e01)
2019-10-25 01:49:57.343 26158 RALLYDEBUG rally_openstack.cleanup.manager [-] Deleting neutron.network object s_rally_695b479a_rqlVWe6Z (2041c378-9744-489b-9739-3b713c836bbc)
2019-10-25 01:49:57.348 26158 RALLYDEBUG rally_openstack.cleanup.manager [-] Deleting neutron.network object s_rally_695b479a_JeUoKe27 (59fed255-757b-4cec-b631-e99014ec4126)
2019-10-25 01:49:57.356 26158 RALLYDEBUG rally_openstack.cleanup.manager [-] Deleting neutron.network object s_rally_695b479a_7hnEo8zM (7fd86f5a-ca3f-40b1-82fe-ca575450b23f)
2019-10-25 01:49:57.358 26158 RALLYDEBUG rally_openstack.cleanup.manager [-] Deleting neutron.network object s_rally_695b479a_M7tL7SoN (2a34baaa-77b5-473a-ad3e-8eed74f2174c)
2019-10-25 01:49:57.398 26158 RALLYDEBUG rally_openstack.cleanup.manager [-] Deleting neutron.network object s_rally_695b479a_ywV2FASK (3d423133-ca2e-492b-8366-73db7a717899)
2019-10-25 01:49:57.416 26158 RALLYDEBUG rally_openstack.cleanup.manager [-] Deleting neutron.network object s_rally_695b479a_iSBVnUSa (2183a0a3-ccd5-4b66-ab99-31236aeb24ed)
2019-10-25 01:49:59.509 26158 RALLYDEBUG rally_openstack.cleanup.manager [-] Deleting neutron.network object s_rally_695b479a_WuXvjZ5L (8aaa7131-14ec-4570-988d-e305a90d52d9)
2019-10-25 01:49:59.595 26158 RALLYDEBUG rally_openstack.cleanup.manager [-] Deleting neutron.network object s_rally_695b479a_gtGIejvl (8c344dc8-558d-4df5-b9ad-874fb5de5f40)
2019-10-25 01:49:59.847 26158 RALLYDEBUG rally_openstack.cleanup.manager [-] Deleting neutron.network object s_rally_695b479a_KTI2AfNd (953d498a-f0b2-4b2a-99c1-730ef67ecc28)
2019-10-25 01:49:59.863 26158 RALLYDEBUG rally_openstack.cleanup.manager [-] Deleting neutron.network object s_rally_695b479a_eeraZdfA (9915db47-b0a1-4fc5-9fdc-bc203500c612)
2019-10-25 01:49:59.992 26158 RALLYDEBUG rally_openstack.cleanup.manager [-] Deleting neutron.network object s_rally_695b479a_T1QMBzh0 (9a22c9a1-cbde-4b04-b073-204e971683ab)
2019-10-25 01:50:00.133 26158 RALLYDEBUG rally_openstack.cleanup.manager [-] Deleting neutron.network object s_rally_695b479a_WYLSMUzE (a8ebf529-5e3a-48f6-a0a4-0e9363ffa65b)
2019-10-25 01:50:00.155 26158 RALLYDEBUG rally_openstack.cleanup.manager [-] Deleting neutron.network object s_rally_695b479a_Ky38V7A9 (b4cdcc79-8245-4ff6-8623-865307b652c9)
2019-10-25 01:50:00.155 26158 RALLYDEBUG rally_openstack.cleanup.manager [-] Deleting neutron.network object s_rally_695b479a_AIKoNTfM (ad6b790d-610e-4bcd-accc-7f8cac33e835)
2019-10-25 01:50:00.156 26158 RALLYDEBUG rally_openstack.cleanup.manager [-] Deleting neutron.network object s_rally_695b479a_Z6KO0bzA (b4785bc8-9aed-4067-aa13-5a9869ba959d)
2019-10-25 01:50:00.220 26158 RALLYDEBUG rally_openstack.cleanup.manager [-] Deleting neutron.network object s_rally_695b479a_sxAWKsEy (b8dfff1c-581c-4e96-b526-4072df66e021)
2019-10-25 01:50:00.311 26158 RALLYDEBUG rally_openstack.cleanup.manager [-] Deleting neutron.network object s_rally_695b479a_61gtc4P4 (c29db9ac-7ba6-4b73-ba6d-8a215f6ba547)
2019-10-25 01:50:00.431 26158 RALLYDEBUG rally_openstack.cleanup.manager [-] Deleting neutron.network object s_rally_695b479a_M6ADKS1W (c47adc3e-acc9-4c56-b7be-254122d437c4)
2019-10-25 01:50:00.482 26158 RALLYDEBUG rally_openstack.cleanup.manager [-] Deleting neutron.network object s_rally_695b479a_5WIVU2Ss (c93a736a-42e5-4b01-b334-362e114f9dac)
2019-10-25 01:50:00.563 26158 RALLYDEBUG rally_openstack.cleanup.manager [-] Deleting neutron.network object s_rally_695b479a_AMqWqhIF (ca9382a7-3f27-4933-904b-e4d52fd3e91a)
2019-10-25 01:50:00.567 26158 RALLYDEBUG rally_openstack.cleanup.manager [-] Deleting neutron.network object s_rally_695b479a_c47o6ir6 (cf08f91c-09b0-4a46-8a13-f1423bae496f)
2019-10-25 01:50:00.575 26158 RALLYDEBUG rally_openstack.cleanup.manager [-] Deleting neutron.network object s_rally_695b479a_rDBbwxtv (d45dff62-8f32-4e43-a7a6-5959a2cbf569)
2019-10-25 01:50:00.583 26158 RALLYDEBUG rally_openstack.cleanup.manager [-] Deleting neutron.network object s_rally_695b479a_CQMV7rdm (d952b41b-0925-434e-9e0f-562ded980f92)
2019-10-25 01:50:01.232 26158 RALLYDEBUG rally_openstack.cleanup.manager [-] Deleting neutron.network object s_rally_695b479a_fGjHaWbF (dada9349-5995-4f42-91c8-1b5b1a35c960)
2019-10-25 01:50:01.391 26158 RALLYDEBUG rally_openstack.cleanup.manager [-] Deleting neutron.network object s_rally_695b479a_KUMWa71y (e0f1ad39-bae6-4488-979a-97ffaffa5a67)
2019-10-25 01:50:01.392 26158 RALLYDEBUG rally_openstack.cleanup.manager [-] Deleting neutron.network object s_rally_695b479a_CghFYmtd (f2c56115-0c9e-4f67-b4b4-3d45083b152b)
2019-10-25 01:50:03.590 26158 RALLYDEBUG rally_openstack.cleanup.manager [-] Cleaning up neutron router objects
2019-10-25 01:50:04.036 26158 RALLYDEBUG rally_openstack.cleanup.manager [-] Cleaning up neutron security_group objects
2019-10-25 01:50:04.477 26158 INFO rally.task.context [-] Task a261ca63-00c9-4a05-96a2-230c7c81717c | Context cleanup@openstack cleanup() finished in 11.19 sec
2019-10-25 01:50:04.477 26158 INFO rally.task.context [-] Task a261ca63-00c9-4a05-96a2-230c7c81717c | Context quotas@openstack cleanup() started
2019-10-25 01:50:04.501 26158 INFO rally.task.context [-] Task a261ca63-00c9-4a05-96a2-230c7c81717c | Context quotas@openstack cleanup() finished in 23.27 msec
2019-10-25 01:50:04.501 26158 INFO rally.task.context [-] Task a261ca63-00c9-4a05-96a2-230c7c81717c | Context users@openstack cleanup() started
2019-10-25 01:50:07.348 26158 INFO rally.task.context [-] Task a261ca63-00c9-4a05-96a2-230c7c81717c | Context users@openstack cleanup() finished in 2.85 sec
2019-10-25 01:50:08.129 26158 INFO rally.task.engine [-] Load duration is: 22.475056
2019-10-25 01:50:08.130 26158 INFO rally.task.engine [-] Full runner duration is: 22.525021
2019-10-25 01:50:08.130 26158 INFO rally.task.engine [-] Full duration is: 39.467955
2019-10-25 01:50:08.537 26158 INFO rally.task.engine [-] Running workload: position = 0 config = { "version": 2, "title": "A cropped version of a bigger task.", "description": "Auto-generated task from a single workload (uuid=34dab5af-6957-452f-aa33-0a705c5bac4a)", "subtasks": [ { "title": "Quotas.neutron_update", "description": "Update quotas for neutron.", "scenario": { "Quotas.neutron_update": { "max_quota": 1024 } }, "contexts": { "users": { "tenants": 20, "users_per_tenant": 1 } }, "runner": { "constant": { "times": 40, "concurrency": 20 } }, "hooks": [], "sla": { "failure_rate": { "max": 0 } } } ] }
2019-10-25 01:50:08.566 26158 RALLYDEBUG rally_openstack.contexts.keystone.users [-] Creating 20 tenants using 20 threads
2019-10-25 01:50:10.613 26158 RALLYDEBUG rally_openstack.contexts.keystone.users [-] Creating 20 users using 20 threads
2019-10-25 01:50:13.660 26158 INFO rally.task.context [-] Task a261ca63-00c9-4a05-96a2-230c7c81717c | Context users@openstack setup() finished in 5.09 sec
2019-10-25 01:50:13.661 26158 INFO rally.task.context [-] Task a261ca63-00c9-4a05-96a2-230c7c81717c | Context admin_cleanup@openstack setup() finished in 0.01 msec
2019-10-25 01:50:13.670 26158 RALLYDEBUG rally.task.runner [-] Starting the constant runner (task UUID: a261ca63-00c9-4a05-96a2-230c7c81717c). timeout: 0 concurrency: 20 concurrency_per_worker: 1 times: 40 concurrency_overhead: 4 processes_to_start: 16 max_cpu_used: 16
2019-10-25 01:50:13.685 31014 RALLYDEBUG rally.task.runner [-] Starting a worker. concurrency: 2 args: {"max_quota": 1024} times: 40 method_name: run timeout: 0 duration: None cls:
2019-10-25 01:50:13.689 31015 RALLYDEBUG rally.task.runner [-] Starting a worker. concurrency: 2 args: {"max_quota": 1024} times: 40 method_name: run timeout: 0 duration: None cls:
2019-10-25 01:50:13.692 31016 RALLYDEBUG rally.task.runner [-] Starting a worker. concurrency: 2 args: {"max_quota": 1024} times: 40 method_name: run timeout: 0 duration: None cls:
2019-10-25 01:50:13.695 31017 RALLYDEBUG rally.task.runner [-] Starting a worker. concurrency: 2 args: {"max_quota": 1024} times: 40 method_name: run timeout: 0 duration: None cls:
2019-10-25 01:50:13.700 31018 RALLYDEBUG rally.task.runner [-] Starting a worker. concurrency: 1 args: {"max_quota": 1024} times: 40 method_name: run timeout: 0 duration: None cls:
2019-10-25 01:50:13.703 31019 RALLYDEBUG rally.task.runner [-] Starting a worker. concurrency: 1 args: {"max_quota": 1024} times: 40 method_name: run timeout: 0 duration: None cls:
2019-10-25 01:50:13.705 31015 INFO rally.task.runner [-] Task a261ca63-00c9-4a05-96a2-230c7c81717c | ITER: 2 START
2019-10-25 01:50:13.708 31017 INFO rally.task.runner [-] Task a261ca63-00c9-4a05-96a2-230c7c81717c | ITER: 5 START
2019-10-25 01:50:13.708 31014 INFO rally.task.runner [-] Task a261ca63-00c9-4a05-96a2-230c7c81717c | ITER: 1 START
2019-10-25 01:50:13.707 31016 INFO rally.task.runner [-] Task a261ca63-00c9-4a05-96a2-230c7c81717c | ITER: 3 START
2019-10-25 01:50:13.708 31023 RALLYDEBUG rally.task.runner [-] Starting a worker. concurrency: 1 args: {"max_quota": 1024} times: 40 method_name: run timeout: 0 duration: None cls:
2019-10-25 01:50:13.711 31018 INFO rally.task.runner [-] Task a261ca63-00c9-4a05-96a2-230c7c81717c | ITER: 7 START
2019-10-25 01:50:13.712 31014 INFO rally.task.runner [-] Task a261ca63-00c9-4a05-96a2-230c7c81717c | ITER: 4 START
2019-10-25 01:50:13.714 31027 RALLYDEBUG rally.task.runner [-] Starting a worker. concurrency: 1 args: {"max_quota": 1024} times: 40 method_name: run timeout: 0 duration: None cls:
2019-10-25 01:50:13.715 31019 INFO rally.task.runner [-] Task a261ca63-00c9-4a05-96a2-230c7c81717c | ITER: 9 START
2019-10-25 01:50:13.719 31023 INFO rally.task.runner [-] Task a261ca63-00c9-4a05-96a2-230c7c81717c | ITER: 11 START
2019-10-25 01:50:13.723 31034 RALLYDEBUG rally.task.runner [-] Starting a worker. concurrency: 1 args: {"max_quota": 1024} times: 40 method_name: run timeout: 0 duration: None cls:
2019-10-25 01:50:13.725 31027 INFO rally.task.runner [-] Task a261ca63-00c9-4a05-96a2-230c7c81717c | ITER: 12 START
2019-10-25 01:50:13.730 31016 INFO rally.task.runner [-] Task a261ca63-00c9-4a05-96a2-230c7c81717c | ITER: 8 START
2019-10-25 01:50:13.731 31015 INFO rally.task.runner [-] Task a261ca63-00c9-4a05-96a2-230c7c81717c | ITER: 6 START
2019-10-25 01:50:13.731 31017 INFO rally.task.runner [-] Task a261ca63-00c9-4a05-96a2-230c7c81717c | ITER: 10 START
2019-10-25 01:50:13.732 31038 RALLYDEBUG rally.task.runner [-] Starting a worker. concurrency: 1 args: {"max_quota": 1024} times: 40 method_name: run timeout: 0 duration: None cls:
2019-10-25 01:50:13.736 31041 RALLYDEBUG rally.task.runner [-] Starting a worker. concurrency: 1 args: {"max_quota": 1024} times: 40 method_name: run timeout: 0 duration: None cls:
2019-10-25 01:50:13.738 31034 INFO rally.task.runner [-] Task a261ca63-00c9-4a05-96a2-230c7c81717c | ITER: 13 START
2019-10-25 01:50:13.741 31045 RALLYDEBUG rally.task.runner [-] Starting a worker. concurrency: 1 args: {"max_quota": 1024} times: 40 method_name: run timeout: 0 duration: None cls:
2019-10-25 01:50:13.744 31038 INFO rally.task.runner [-] Task a261ca63-00c9-4a05-96a2-230c7c81717c | ITER: 14 START
2019-10-25 01:50:13.745 31048 RALLYDEBUG rally.task.runner [-] Starting a worker. concurrency: 1 args: {"max_quota": 1024} times: 40 method_name: run timeout: 0 duration: None cls:
2019-10-25 01:50:13.749 31041 INFO rally.task.runner [-] Task a261ca63-00c9-4a05-96a2-230c7c81717c | ITER: 15 START
2019-10-25 01:50:13.754 31045 INFO rally.task.runner [-] Task a261ca63-00c9-4a05-96a2-230c7c81717c | ITER: 16 START
2019-10-25 01:50:13.753 31049 RALLYDEBUG rally.task.runner [-] Starting a worker. concurrency: 1 args: {"max_quota": 1024} times: 40 method_name: run timeout: 0 duration: None cls:
2019-10-25 01:50:13.757 31054 RALLYDEBUG rally.task.runner [-] Starting a worker. concurrency: 1 args: {"max_quota": 1024} times: 40 method_name: run timeout: 0 duration: None cls:
2019-10-25 01:50:13.759 31048 INFO rally.task.runner [-] Task a261ca63-00c9-4a05-96a2-230c7c81717c | ITER: 17 START
2019-10-25 01:50:13.762 31057 RALLYDEBUG rally.task.runner [-] Starting a worker. concurrency: 1 args: {"max_quota": 1024} times: 40 method_name: run timeout: 0 duration: None cls:
2019-10-25 01:50:13.765 31049 INFO rally.task.runner [-] Task a261ca63-00c9-4a05-96a2-230c7c81717c | ITER: 18 START
2019-10-25 01:50:13.766 31054 INFO rally.task.runner [-] Task a261ca63-00c9-4a05-96a2-230c7c81717c | ITER: 19 START
2019-10-25 01:50:13.770 31057 INFO rally.task.runner [-] Task a261ca63-00c9-4a05-96a2-230c7c81717c | ITER: 20 START
2019-10-25 01:50:14.275 31023 INFO rally.task.runner [-] Task a261ca63-00c9-4a05-96a2-230c7c81717c | ITER: 11 END: OK
2019-10-25 01:50:14.283 31023 INFO rally.task.runner [-] Task a261ca63-00c9-4a05-96a2-230c7c81717c | ITER: 21 START
2019-10-25 01:50:14.337 31018 INFO rally.task.runner [-] Task a261ca63-00c9-4a05-96a2-230c7c81717c | ITER: 7 END: OK
2019-10-25 01:50:14.341 31019 INFO rally.task.runner [-] Task a261ca63-00c9-4a05-96a2-230c7c81717c | ITER: 9 END: OK
2019-10-25 01:50:14.343 31018 INFO rally.task.runner [-] Task a261ca63-00c9-4a05-96a2-230c7c81717c | ITER: 22 START
2019-10-25 01:50:14.347 31019 INFO rally.task.runner [-] Task a261ca63-00c9-4a05-96a2-230c7c81717c | ITER: 23 START
2019-10-25 01:50:14.364 31016 INFO rally.task.runner [-] Task a261ca63-00c9-4a05-96a2-230c7c81717c | ITER: 8 END: OK
2019-10-25 01:50:14.366 31017 INFO rally.task.runner [-] Task a261ca63-00c9-4a05-96a2-230c7c81717c | ITER: 10 END: OK
2019-10-25 01:50:14.369 31016 INFO rally.task.runner [-] Task a261ca63-00c9-4a05-96a2-230c7c81717c | ITER: 24 START
2019-10-25 01:50:14.370 31017 INFO rally.task.runner [-] Task a261ca63-00c9-4a05-96a2-230c7c81717c | ITER: 5 END: OK
2019-10-25 01:50:14.374 31014 INFO rally.task.runner [-] Task a261ca63-00c9-4a05-96a2-230c7c81717c | ITER: 1 END: OK
2019-10-25 01:50:14.375 31017 INFO rally.task.runner [-] Task a261ca63-00c9-4a05-96a2-230c7c81717c | ITER: 25 START
2019-10-25 01:50:14.378 31015 INFO rally.task.runner [-] Task a261ca63-00c9-4a05-96a2-230c7c81717c | ITER: 6 END: OK
2019-10-25 01:50:14.379 31014 INFO rally.task.runner [-] Task a261ca63-00c9-4a05-96a2-230c7c81717c | ITER: 27 START
2019-10-25 01:50:14.385 31016 INFO rally.task.runner [-] Task a261ca63-00c9-4a05-96a2-230c7c81717c | ITER: 3 END: OK
2019-10-25 01:50:14.385 31015 INFO rally.task.runner [-] Task a261ca63-00c9-4a05-96a2-230c7c81717c | ITER: 28 START
2019-10-25 01:50:14.386 31017 INFO rally.task.runner [-] Task a261ca63-00c9-4a05-96a2-230c7c81717c | ITER: 26 START
2019-10-25 01:50:14.390 31016 INFO rally.task.runner [-] Task a261ca63-00c9-4a05-96a2-230c7c81717c | ITER: 29 START
2019-10-25 01:50:14.391 31015 INFO rally.task.runner [-] Task a261ca63-00c9-4a05-96a2-230c7c81717c | ITER: 2 END: OK
2019-10-25 01:50:14.402 31027 INFO rally.task.runner [-] Task a261ca63-00c9-4a05-96a2-230c7c81717c | ITER: 12 END: OK
2019-10-25 01:50:14.404 31015 INFO rally.task.runner [-] Task a261ca63-00c9-4a05-96a2-230c7c81717c | ITER: 30 START
2019-10-25 01:50:14.407 31027 INFO rally.task.runner [-] Task a261ca63-00c9-4a05-96a2-230c7c81717c | ITER: 31 START
2019-10-25 01:50:14.418 31034 INFO rally.task.runner [-] Task a261ca63-00c9-4a05-96a2-230c7c81717c | ITER: 13 END: OK
2019-10-25 01:50:14.422 31034 INFO rally.task.runner [-] Task a261ca63-00c9-4a05-96a2-230c7c81717c | ITER: 32 START
2019-10-25 01:50:14.586 31049 INFO rally.task.runner [-] Task a261ca63-00c9-4a05-96a2-230c7c81717c | ITER: 18 END: OK
2019-10-25 01:50:14.591 31049 INFO rally.task.runner [-] Task a261ca63-00c9-4a05-96a2-230c7c81717c | ITER: 33 START
2019-10-25 01:50:14.596 31054 INFO rally.task.runner [-] Task a261ca63-00c9-4a05-96a2-230c7c81717c | ITER: 19 END: OK
2019-10-25 01:50:14.603 31054 INFO rally.task.runner [-] Task a261ca63-00c9-4a05-96a2-230c7c81717c | ITER: 34 START
2019-10-25 01:50:14.605 31045 INFO rally.task.runner [-] Task a261ca63-00c9-4a05-96a2-230c7c81717c | ITER: 16 END: OK
2019-10-25 01:50:14.614 31045 INFO rally.task.runner [-] Task a261ca63-00c9-4a05-96a2-230c7c81717c | ITER: 35 START
2019-10-25 01:50:14.641 31048 INFO rally.task.runner [-] Task a261ca63-00c9-4a05-96a2-230c7c81717c | ITER: 17 END: OK
2019-10-25 01:50:14.642 31041 INFO rally.task.runner [-] Task a261ca63-00c9-4a05-96a2-230c7c81717c | ITER: 15 END: OK
2019-10-25 01:50:14.647 31048 INFO rally.task.runner [-] Task a261ca63-00c9-4a05-96a2-230c7c81717c | ITER: 36 START
2019-10-25 01:50:14.649 31041 INFO rally.task.runner [-] Task a261ca63-00c9-4a05-96a2-230c7c81717c | ITER: 37 START
2019-10-25 01:50:14.651 31014 INFO rally.task.runner [-] Task a261ca63-00c9-4a05-96a2-230c7c81717c | ITER: 4 END: OK
2019-10-25 01:50:14.654 31057 INFO rally.task.runner [-] Task a261ca63-00c9-4a05-96a2-230c7c81717c | ITER: 20 END: OK
2019-10-25 01:50:14.656 31014 INFO rally.task.runner [-] Task a261ca63-00c9-4a05-96a2-230c7c81717c | ITER: 38 START
2019-10-25 01:50:14.658 31057 INFO rally.task.runner [-] Task a261ca63-00c9-4a05-96a2-230c7c81717c | ITER: 39 START
2019-10-25 01:50:14.766 31038 INFO rally.task.runner [-] Task a261ca63-00c9-4a05-96a2-230c7c81717c | ITER: 14 END: OK
2019-10-25 01:50:14.770 31038 INFO rally.task.runner [-] Task a261ca63-00c9-4a05-96a2-230c7c81717c | ITER: 40 START
2019-10-25 01:50:14.798 31023 INFO rally.task.runner [-] Task a261ca63-00c9-4a05-96a2-230c7c81717c | ITER: 21 END: OK
2019-10-25 01:50:14.803 31019 INFO rally.task.runner [-] Task a261ca63-00c9-4a05-96a2-230c7c81717c | ITER: 23 END: OK
2019-10-25 01:50:14.876 31016 INFO rally.task.runner [-] Task a261ca63-00c9-4a05-96a2-230c7c81717c | ITER: 29 END: OK
2019-10-25 01:50:14.888 31018 INFO rally.task.runner [-] Task a261ca63-00c9-4a05-96a2-230c7c81717c | ITER: 22 END: OK
2019-10-25 01:50:14.947 31017 INFO rally.task.runner [-] Task a261ca63-00c9-4a05-96a2-230c7c81717c | ITER: 25 END: OK
2019-10-25 01:50:14.989 31034 INFO rally.task.runner [-] Task a261ca63-00c9-4a05-96a2-230c7c81717c | ITER: 32 END: OK
2019-10-25 01:50:15.036 31014 INFO rally.task.runner [-] Task a261ca63-00c9-4a05-96a2-230c7c81717c | ITER: 27 END: OK
2019-10-25 01:50:15.075 31016 INFO rally.task.runner [-] Task a261ca63-00c9-4a05-96a2-230c7c81717c | ITER: 24 END: OK
2019-10-25 01:50:15.143 31017 INFO rally.task.runner [-] Task a261ca63-00c9-4a05-96a2-230c7c81717c | ITER: 26 END: OK
2019-10-25 01:50:15.155 31015 INFO rally.task.runner [-] Task a261ca63-00c9-4a05-96a2-230c7c81717c | ITER: 28 END: OK
2019-10-25 01:50:15.173 31049 INFO rally.task.runner [-] Task a261ca63-00c9-4a05-96a2-230c7c81717c | ITER: 33 END: OK
2019-10-25 01:50:15.279 31015 INFO rally.task.runner [-] Task a261ca63-00c9-4a05-96a2-230c7c81717c | ITER: 30 END: OK
2019-10-25 01:50:15.281 31045 INFO rally.task.runner [-] Task a261ca63-00c9-4a05-96a2-230c7c81717c | ITER: 35 END: OK
2019-10-25 01:50:15.289 31057 INFO rally.task.runner [-] Task a261ca63-00c9-4a05-96a2-230c7c81717c | ITER: 39 END: OK
2019-10-25 01:50:15.354 31027 INFO rally.task.runner [-] Task a261ca63-00c9-4a05-96a2-230c7c81717c | ITER: 31 END: OK
2019-10-25 01:50:15.355 31041 INFO rally.task.runner [-] Task a261ca63-00c9-4a05-96a2-230c7c81717c | ITER: 37 END: OK
2019-10-25 01:50:15.375 31014 INFO rally.task.runner [-] Task a261ca63-00c9-4a05-96a2-230c7c81717c | ITER: 38 END: OK
2019-10-25 01:50:15.377 31048 INFO rally.task.runner [-] Task a261ca63-00c9-4a05-96a2-230c7c81717c | ITER: 36 END: OK
2019-10-25 01:50:15.401 31054 INFO rally.task.runner [-] Task a261ca63-00c9-4a05-96a2-230c7c81717c | ITER: 34 END: OK
2019-10-25 01:50:15.483 31038 INFO rally.task.runner [-] Task a261ca63-00c9-4a05-96a2-230c7c81717c | ITER: 40 END: OK
2019-10-25 01:50:15.509 26158 INFO rally.task.context [-] Task a261ca63-00c9-4a05-96a2-230c7c81717c | Context admin_cleanup@openstack cleanup() started
2019-10-25 01:50:15.512 26158 RALLYDEBUG rally_openstack.cleanup.manager [-] Cleaning up neutron quota objects
2019-10-25 01:50:17.188 26158 INFO rally.task.context [-] Task a261ca63-00c9-4a05-96a2-230c7c81717c | Context admin_cleanup@openstack cleanup() finished in 1.68 sec
2019-10-25 01:50:17.189 26158 INFO rally.task.context [-] Task a261ca63-00c9-4a05-96a2-230c7c81717c | Context users@openstack cleanup() started
2019-10-25 01:50:37.470 26158 INFO rally.task.context [-] Task a261ca63-00c9-4a05-96a2-230c7c81717c | Context users@openstack cleanup() finished in 20.28 sec
2019-10-25 01:50:38.740 26158 INFO rally.task.engine [-] Load duration is: 1.775538
2019-10-25 01:50:38.741 26158 INFO rally.task.engine [-] Full runner duration is: 1.839449
2019-10-25 01:50:38.741 26158 INFO rally.task.engine [-] Full duration is: 28.909682
2019-10-25 01:50:39.119 26158 INFO rally.task.engine [-] Running workload: position = 0 config = { "version": 2, "title": "A cropped version of a bigger task.", "description": "Auto-generated task from a single workload (uuid=d7594775-7347-467c-8852-77498ac7eaa9)", "subtasks": [ { "title": "NeutronTrunks.create_and_list_trunk_subports", "description": "", "scenario": { "NeutronTrunks.create_and_list_trunk_subports": { "subport_count": 125 } }, "contexts": { "users": { "tenants": 1, "users_per_tenant": 1 }, "quotas": { "neutron": { "network": -1, "port": 1000 } } }, "runner": { "constant": { "times": 4, "concurrency": 4 } }, "hooks": [], "sla": { "failure_rate": { "max": 0 } } } ] }
2019-10-25 01:50:39.149 26158 RALLYDEBUG rally_openstack.contexts.keystone.users [-] Creating 1 tenants using 20 threads
2019-10-25 01:50:40.310 26158 RALLYDEBUG rally_openstack.contexts.keystone.users [-] Creating 1 users using 20 threads
2019-10-25 01:50:41.961 26158 INFO rally.task.context [-] Task a261ca63-00c9-4a05-96a2-230c7c81717c | Context users@openstack setup() finished in 2.81 sec
2019-10-25 01:50:42.538 26158 INFO rally.task.context [-] Task a261ca63-00c9-4a05-96a2-230c7c81717c | Context quotas@openstack setup() finished in 0.58 sec
2019-10-25 01:50:42.539 26158 INFO rally.task.context [-] Task a261ca63-00c9-4a05-96a2-230c7c81717c | Context cleanup@openstack setup() finished in 0.01 msec
2019-10-25 01:50:42.549 26158 RALLYDEBUG rally.task.runner [-] Starting the constant runner (task UUID: a261ca63-00c9-4a05-96a2-230c7c81717c). timeout: 0 concurrency: 4 concurrency_per_worker: 1 times: 4 concurrency_overhead: 0 processes_to_start: 4 max_cpu_used: 16
2019-10-25 01:50:42.564 31204 RALLYDEBUG rally.task.runner [-] Starting a worker. concurrency: 1 args: {"subport_count": 125} times: 4 method_name: run timeout: 0 duration: None cls:
2019-10-25 01:50:42.567 31205 RALLYDEBUG rally.task.runner [-] Starting a worker. concurrency: 1 args: {"subport_count": 125} times: 4 method_name: run timeout: 0 duration: None cls:
2019-10-25 01:50:42.570 31204 INFO rally.task.runner [-] Task a261ca63-00c9-4a05-96a2-230c7c81717c | ITER: 1 START
2019-10-25 01:50:42.570 31206 RALLYDEBUG rally.task.runner [-] Starting a worker. concurrency: 1 args: {"subport_count": 125} times: 4 method_name: run timeout: 0 duration: None cls:
2019-10-25 01:50:42.574 31205 INFO rally.task.runner [-] Task a261ca63-00c9-4a05-96a2-230c7c81717c | ITER: 2 START
2019-10-25 01:50:42.574 31207 RALLYDEBUG rally.task.runner [-] Starting a worker. concurrency: 1 args: {"subport_count": 125} times: 4 method_name: run timeout: 0 duration: None cls:
2019-10-25 01:50:42.576 31206 INFO rally.task.runner [-] Task a261ca63-00c9-4a05-96a2-230c7c81717c | ITER: 3 START
2019-10-25 01:50:42.580 31207 INFO rally.task.runner [-] Task a261ca63-00c9-4a05-96a2-230c7c81717c | ITER: 4 START
2019-10-25 01:52:27.148 31205 WARNING rally.task.atomic [-] 'optional_action_timer' is deprecated since rally v0.10.0.Please use action_timer instead, we have improved atomic actions, now do not need to explicitly close original action.
2019-10-25 01:52:27.184 31205 WARNING rally.task.atomic [-] 'optional_action_timer' is deprecated since rally v0.10.0.Please use action_timer instead, we have improved atomic actions, now do not need to explicitly close original action.
2019-10-25 01:52:27.945 31204 WARNING rally.task.atomic [-] 'optional_action_timer' is deprecated since rally v0.10.0.Please use action_timer instead, we have improved atomic actions, now do not need to explicitly close original action.
2019-10-25 01:52:27.946 31207 WARNING rally.task.atomic [-] 'optional_action_timer' is deprecated since rally v0.10.0.Please use action_timer instead, we have improved atomic actions, now do not need to explicitly close original action.
2019-10-25 01:52:27.976 31205 INFO rally.task.runner [-] Task a261ca63-00c9-4a05-96a2-230c7c81717c | ITER: 2 END: OK
2019-10-25 01:52:27.978 31207 WARNING rally.task.atomic [-] 'optional_action_timer' is deprecated since rally v0.10.0.Please use action_timer instead, we have improved atomic actions, now do not need to explicitly close original action.
2019-10-25 01:52:27.978 31204 WARNING rally.task.atomic [-] 'optional_action_timer' is deprecated since rally v0.10.0.Please use action_timer instead, we have improved atomic actions, now do not need to explicitly close original action.
2019-10-25 01:52:28.565 31206 WARNING rally.task.atomic [-] 'optional_action_timer' is deprecated since rally v0.10.0.Please use action_timer instead, we have improved atomic actions, now do not need to explicitly close original action.
2019-10-25 01:52:28.577 31207 INFO rally.task.runner [-] Task a261ca63-00c9-4a05-96a2-230c7c81717c | ITER: 4 END: OK
2019-10-25 01:52:28.606 31206 WARNING rally.task.atomic [-] 'optional_action_timer' is deprecated since rally v0.10.0.Please use action_timer instead, we have improved atomic actions, now do not need to explicitly close original action.
2019-10-25 01:52:28.916 31204 INFO rally.task.runner [-] Task a261ca63-00c9-4a05-96a2-230c7c81717c | ITER: 1 END: OK
2019-10-25 01:52:29.300 31206 INFO rally.task.runner [-] Task a261ca63-00c9-4a05-96a2-230c7c81717c | ITER: 3 END: OK
2019-10-25 01:52:29.333 26158 INFO rally.task.context [-] Task a261ca63-00c9-4a05-96a2-230c7c81717c | Context cleanup@openstack cleanup() started
2019-10-25 01:52:29.339 26158 RALLYDEBUG rally_openstack.cleanup.manager [-] Cleaning up neutron vip objects
2019-10-25 01:52:29.782 26158 RALLYDEBUG rally_openstack.cleanup.manager [-] Cleaning up neutron health_monitor objects
2019-10-25 01:52:30.184 26158 RALLYDEBUG rally_openstack.cleanup.manager [-] Cleaning up neutron pool objects
2019-10-25 01:52:30.585 26158 RALLYDEBUG rally_openstack.cleanup.manager [-] Cleaning up neutron loadbalancer objects
2019-10-25 01:52:30.994 26158 RALLYDEBUG rally_openstack.cleanup.manager [-] Cleaning up neutron floatingip objects
2019-10-25 01:52:31.745 26158 RALLYDEBUG rally_openstack.cleanup.manager [-] Cleaning up neutron trunk objects
2019-10-25 01:52:32.189 26158 RALLYDEBUG rally_openstack.cleanup.manager [-] Cleaning up neutron port objects
2019-10-25 01:52:33.832 26158 RALLYDEBUG rally_openstack.cleanup.manager [-] Deleting neutron.port object s_rally_d7594775_iBGscyrd (049d6f1c-75a0-4515-8677-efe3557ce74f)
2019-10-25 01:52:33.835 26158 RALLYDEBUG rally_openstack.cleanup.manager [-] Deleting neutron.port object s_rally_d7594775_YXIKkcPs (06d0a336-2472-4e8d-a6df-8c98ad9b1f2c)
2019-10-25 01:52:33.836 26158 RALLYDEBUG rally_openstack.cleanup.manager [-] Deleting neutron.port object s_rally_d7594775_NlTaM2PV (03f86756-cc05-4084-8f47-bd108e9689de)
2019-10-25 01:52:33.846 26158 RALLYDEBUG rally_openstack.cleanup.manager [-] Deleting neutron.port object s_rally_d7594775_YQddIfaR (0409ee28-6eb0-42a4-9859-f154b52225ac)
2019-10-25 01:52:33.849 26158 RALLYDEBUG rally_openstack.cleanup.manager [-] Deleting neutron.port object s_rally_d7594775_6idYnloz (02d7e747-1af7-42da-acb7-9446fb148c4d)
2019-10-25 01:52:33.857 26158 RALLYDEBUG rally_openstack.cleanup.manager [-] Deleting neutron.port object s_rally_d7594775_SV9pwT04 (0208ce58-5ceb-4f8e-ad0a-83ebebcd977b)
2019-10-25 01:52:33.859 26158 RALLYDEBUG rally_openstack.cleanup.manager [-] Deleting neutron.port object s_rally_d7594775_9CmhYpf7 (02f010b0-7282-48bc-9adc-3cd413a2a1cf)
2019-10-25 01:52:33.866 26158 RALLYDEBUG rally_openstack.cleanup.manager [-] Deleting neutron.port object s_rally_d7594775_QrvaV2i5 (05836e8c-354a-46c4-9947-bba4157dd968)
2019-10-25 01:52:33.866 26158 RALLYDEBUG rally_openstack.cleanup.manager [-] Deleting neutron.port object s_rally_d7594775_76Eld0JC (00074b15-e8b7-4b8c-9e15-c7642d7235df)
2019-10-25 01:52:33.870 26158 RALLYDEBUG rally_openstack.cleanup.manager [-] Deleting neutron.port object s_rally_d7594775_QGEzFzMw (077bd0ad-856b-4110-913d-5bf29ae62d68)
2019-10-25 01:52:33.870 26158 RALLYDEBUG rally_openstack.cleanup.manager [-] Deleting neutron.port object s_rally_d7594775_Hyaao9Oi (07add802-569d-4eb6-bb1f-0e2d56e8cb38)
2019-10-25 01:52:33.876 26158 RALLYDEBUG rally_openstack.cleanup.manager [-] Deleting neutron.port object s_rally_d7594775_L9u0g2tp (03b149f7-a12d-4879-80b8-9416388c2406)
2019-10-25 01:52:33.876 26158 RALLYDEBUG rally_openstack.cleanup.manager [-] Deleting neutron.port object s_rally_d7594775_tZNSzVir (090234e3-ace6-479a-848c-911ef3acc9cb)
2019-10-25 01:52:33.881 26158 RALLYDEBUG rally_openstack.cleanup.manager [-] Deleting neutron.port object s_rally_d7594775_MlXOvqnQ (0063f87a-2779-4fc8-9b2c-33ca54bb5327)
2019-10-25 01:52:33.883 26158 RALLYDEBUG rally_openstack.cleanup.manager [-] Deleting neutron.port object s_rally_d7594775_O4wPmgf3 (08a84d04-66fd-4b9d-a5e0-3d17f860d688)
2019-10-25 01:52:33.886 26158 RALLYDEBUG rally_openstack.cleanup.manager [-] Deleting neutron.port object s_rally_d7594775_THeNYp6P (03f9e8dd-d608-4078-a242-5df84077d968)
2019-10-25 01:52:33.895 26158 RALLYDEBUG rally_openstack.cleanup.manager [-] Deleting neutron.port object s_rally_d7594775_KzGgGgSV (0443b4af-a59e-4fe4-88a8-11747dce98ad)
2019-10-25 01:52:33.907 26158 RALLYDEBUG rally_openstack.cleanup.manager [-] Deleting neutron.port object s_rally_d7594775_zCz52i6o (07c799e8-e2af-4001-8d64-9d467f840f21)
2019-10-25 01:52:33.910 26158 RALLYDEBUG rally_openstack.cleanup.manager [-] Deleting neutron.port object s_rally_d7594775_hsAyjtQR (01bba5e4-3b3d-4d6a-9166-9a3ab4bbf975)
2019-10-25 01:52:33.939 26158 RALLYDEBUG rally_openstack.cleanup.manager [-] Deleting neutron.port object s_rally_d7594775_ppcaaPLj (044fa51e-c4a1-4b8e-8969-9a6e86786e77)
2019-10-25 01:52:35.986 26158 RALLYDEBUG rally_openstack.cleanup.manager [-] Deleting neutron.port object s_rally_d7594775_ybUECuUx (0935bbfd-3fd2-4165-8eb1-30a46f7ae7e8)
2019-10-25 01:52:36.193 26158 RALLYDEBUG rally_openstack.cleanup.manager [-] Deleting neutron.port object s_rally_d7594775_i2zyWeE1 (098f6d46-af00-41bd-823c-260e434b96f2)
2019-10-25 01:52:36.349 26158 RALLYDEBUG rally_openstack.cleanup.manager [-] Deleting neutron.port object s_rally_d7594775_Kp3JQnZH (0aae2d62-e1e3-4977-9663-094fd9d3be97)
2019-10-25 01:52:36.387 26158 RALLYDEBUG rally_openstack.cleanup.manager [-] Deleting neutron.port object s_rally_d7594775_p8CTHGcA (0abc956c-323b-4a6e-a4be-286d85a50359)
2019-10-25 01:52:36.569 26158 RALLYDEBUG rally_openstack.cleanup.manager [-] Deleting neutron.port object s_rally_d7594775_4dbDjwB2 (0af0d54b-38a3-4d89-87ae-a582fdc08f17)
2019-10-25 01:52:36.614 26158 RALLYDEBUG rally_openstack.cleanup.manager [-] Deleting neutron.port object s_rally_d7594775_LwBcqUfj (0b5d8eff-74c8-419e-8f63-68c939cbbb67)
2019-10-25 01:52:36.730 26158 RALLYDEBUG rally_openstack.cleanup.manager [-] Deleting neutron.port object s_rally_d7594775_U9XKHkLa (0c30c44e-5f5b-40b5-9f49-121cba536f1c)
2019-10-25 01:52:36.776 26158 RALLYDEBUG rally_openstack.cleanup.manager [-] Deleting neutron.port object s_rally_d7594775_SgAewF35 (0c7e002b-45ad-4285-9074-7de2411e658f)
2019-10-25 01:52:36.785 26158 RALLYDEBUG rally_openstack.cleanup.manager [-] Deleting neutron.port object s_rally_d7594775_HFqPTOvK (0c977846-74bd-4d3e-a87c-87d0ee9a5957)
2019-10-25 01:52:36.806 26158 RALLYDEBUG rally_openstack.cleanup.manager [-] Deleting neutron.port object s_rally_d7594775_ilaDog5N (0d72c643-aeab-4956-8cd3-87526a5ad5dc)
2019-10-25 01:52:36.812 26158 RALLYDEBUG rally_openstack.cleanup.manager [-] Deleting neutron.port object s_rally_d7594775_m40zBooL (0d4f9257-dac7-4eb2-b170-b36c6bdb2f84)
2019-10-25 01:52:36.930 26158 RALLYDEBUG rally_openstack.cleanup.manager [-] Deleting neutron.port object s_rally_d7594775_GmhLLGi1 (0d7c59fb-97d7-4f56-8972-5535e62e339e)
2019-10-25 01:52:36.934 26158 RALLYDEBUG rally_openstack.cleanup.manager [-] Deleting neutron.port object s_rally_d7594775_adb9ZAs3 (0d7dc1b8-5175-4d16-9c3d-3860be423608)
2019-10-25 01:52:36.947 26158 RALLYDEBUG rally_openstack.cleanup.manager [-] Deleting neutron.port object s_rally_d7594775_1xGTDOzJ (0e5ce4eb-3ad0-4acc-a6bd-ab29198de4b6)
2019-10-25 01:52:36.967 26158 RALLYDEBUG rally_openstack.cleanup.manager [-] Deleting neutron.port object s_rally_d7594775_eUlrkqoa (0e73e234-debd-4975-bec5-f420416f0f3a)
2019-10-25 01:52:36.979 26158 RALLYDEBUG rally_openstack.cleanup.manager [-] Deleting neutron.port object s_rally_d7594775_C213EV86 (0f1c26f7-9473-43d6-99a8-53b0de33d120)
2019-10-25 01:52:36.993 26158 RALLYDEBUG rally_openstack.cleanup.manager [-] Deleting neutron.port object s_rally_d7594775_KgazFpCe (0ff04855-db4a-40ae-b084-19fbae31bac7)
2019-10-25 01:52:37.074 26158 RALLYDEBUG rally_openstack.cleanup.manager [-] Deleting neutron.port object s_rally_d7594775_erZIYCX2 (1052b9f6-369a-47f7-90c0-5914f8cc9ead)
2019-10-25 01:52:37.075 26158 RALLYDEBUG rally_openstack.cleanup.manager [-] Deleting neutron.port object s_rally_d7594775_Fi8RuuoI (102fde95-a3d6-4008-bd96-52accafeee37)
2019-10-25 01:52:37.088 26158 RALLYDEBUG rally_openstack.cleanup.manager [-] Deleting neutron.port object s_rally_d7594775_a1ndR08D (10fac1e9-abfd-41e4-9cfc-067e55658b35)
2019-10-25 01:52:37.905 26158 RALLYDEBUG rally_openstack.cleanup.manager [-] Deleting neutron.port object s_rally_d7594775_wXA50TmV (118610c1-1b9e-4f88-932d-8c54687b94fe)
2019-10-25 01:52:38.257 26158 RALLYDEBUG rally_openstack.cleanup.manager [-] Deleting neutron.port object s_rally_d7594775_KEU3fm6n (11d7da7a-23db-42c7-a97a-035ad64a0a3c)
2019-10-25 01:52:38.324 26158 RALLYDEBUG rally_openstack.cleanup.manager [-] Deleting neutron.port object s_rally_d7594775_ZB5uXToG (126c82d8-e7c1-40d5-a096-082a61f242ca)
2019-10-25 01:52:38.565 26158 RALLYDEBUG rally_openstack.cleanup.manager [-] Deleting neutron.port object s_rally_d7594775_3u2keTJ0 (12909236-4ff9-4189-9bcf-a128adc6eca8)
2019-10-25 01:52:38.656 26158 RALLYDEBUG rally_openstack.cleanup.manager [-] Deleting neutron.port object s_rally_d7594775_8h58yrH5 (12ae7b04-7ea4-4611-982c-e1833cd89fc6)
2019-10-25 01:52:38.788 26158 RALLYDEBUG rally_openstack.cleanup.manager [-] Deleting neutron.port object s_rally_d7594775_xjUhgeh8 (12f3b442-fa13-40aa-82c4-c0b20e72fd5c)
2019-10-25 01:52:38.950 26158 RALLYDEBUG rally_openstack.cleanup.manager [-] Deleting neutron.port object s_rally_d7594775_ajBEmex4 (1407894f-086a-4657-9c1f-c6c23b2ac3d0)
2019-10-25 01:52:38.984 26158 RALLYDEBUG rally_openstack.cleanup.manager [-] Deleting neutron.port object s_rally_d7594775_Hj3WNI3D (145510a7-ed29-43ef-bca1-6c72c8edf885)
2019-10-25 01:52:38.989 26158 RALLYDEBUG rally_openstack.cleanup.manager [-] Deleting neutron.port object s_rally_d7594775_WvWgkeuo (14d6e68d-c819-4002-9f58-f491545105ea)
2019-10-25 01:52:39.035 26158 RALLYDEBUG rally_openstack.cleanup.manager [-] Deleting neutron.port object s_rally_d7594775_kCImoo6D (15d5e656-4540-4a60-8ad8-d79318cf19d8)
2019-10-25 01:52:39.160 26158 RALLYDEBUG rally_openstack.cleanup.manager [-] Deleting neutron.port object s_rally_d7594775_tYxsqw7x (162512c0-ae56-4cd7-a645-c2e207742147)
2019-10-25 01:52:39.232 26158 RALLYDEBUG rally_openstack.cleanup.manager [-] Deleting neutron.port object s_rally_d7594775_wID5Hn73 (1671cad9-6389-4264-ba4d-8865771e373c)
2019-10-25 01:52:39.278 26158 RALLYDEBUG rally_openstack.cleanup.manager [-] Deleting neutron.port object s_rally_d7594775_omcnWehT (16800c93-8a48-4826-a222-d75c583ea5b7)
2019-10-25 01:52:39.294 26158 RALLYDEBUG rally_openstack.cleanup.manager [-] Deleting neutron.port object s_rally_d7594775_WICeKCdQ (17de861f-aaaf-42cb-b67f-559ee9bb212e)
2019-10-25 01:52:39.329 26158 RALLYDEBUG rally_openstack.cleanup.manager [-] Deleting neutron.port object s_rally_d7594775_gazUpkhm (18b193a5-d0b5-451a-a552-3a416e2c24ad)
2019-10-25 01:52:39.490 26158 RALLYDEBUG rally_openstack.cleanup.manager [-] Deleting neutron.port object s_rally_d7594775_bfHmHpqx (1925c604-f8e3-4fb1-94f2-52d6bcffe04e)
2019-10-25 01:52:39.545 26158 RALLYDEBUG rally_openstack.cleanup.manager [-] Deleting neutron.port object s_rally_d7594775_Gysb86By (1a0f910b-9b58-4508-9895-bb98274ee8e7)
2019-10-25 01:52:39.550 26158 RALLYDEBUG rally_openstack.cleanup.manager [-] Deleting neutron.port object s_rally_d7594775_Nm84dkcm (1a1b7628-36db-4c99-90f0-e501b522850d)
2019-10-25 01:52:39.565 26158 RALLYDEBUG rally_openstack.cleanup.manager [-] Deleting neutron.port object s_rally_d7594775_22Q30kW0 (1a35a13f-9831-41e5-b739-16e2526e14bc)
2019-10-25 01:52:39.596 26158 RALLYDEBUG rally_openstack.cleanup.manager [-] Deleting neutron.port object s_rally_d7594775_IeXCOxK4 (1bf68a8e-10da-450e-88c0-9c0b7f6ed140)
2019-10-25 01:52:40.072 26158 RALLYDEBUG rally_openstack.cleanup.manager [-] Deleting neutron.port object s_rally_d7594775_9YO6tJaP (1c497f05-3631-440b-a2fd-07d34f667fc0)
2019-10-25 01:52:40.150 26158 RALLYDEBUG rally_openstack.cleanup.manager [-] Deleting neutron.port object s_rally_d7594775_4J8j1QFV (1c6bbb00-682d-42b1-a522-f0e0e7055c1e)
2019-10-25 01:52:40.469 26158 RALLYDEBUG rally_openstack.cleanup.manager [-] Deleting neutron.port object s_rally_d7594775_5QDX656U (1cd680c0-7705-4f0e-8c8b-73fa9436284f)
2019-10-25 01:52:40.514 26158 RALLYDEBUG rally_openstack.cleanup.manager [-] Deleting neutron.port object s_rally_d7594775_HOGfu1yO (1d61d929-efa8-4712-aaf7-386401ea9393)
2019-10-25 01:52:40.619 26158 RALLYDEBUG rally_openstack.cleanup.manager [-] Deleting neutron.port object s_rally_d7594775_jAsBzw1K (1d8b385e-7d72-46f0-b9c1-e84472b2ea41)
2019-10-25 01:52:40.907 26158 RALLYDEBUG rally_openstack.cleanup.manager [-] Deleting neutron.port object s_rally_d7594775_WhLgXVD1 (1f184293-8f21-4e8f-b25a-142a975bdc1c)
2019-10-25 01:52:40.998 26158 RALLYDEBUG rally_openstack.cleanup.manager [-] Deleting neutron.port object s_rally_d7594775_W103LZZZ (1fc32a7d-65cd-42f7-bea2-5691cd0fc7d5)
2019-10-25 01:52:41.011 26158 RALLYDEBUG rally_openstack.cleanup.manager [-] Deleting neutron.port object s_rally_d7594775_c2nu4zdD (1fd06506-3285-4454-b97d-57c2df00689a)
2019-10-25 01:52:41.040 26158 RALLYDEBUG rally_openstack.cleanup.manager [-] Deleting neutron.port object s_rally_d7594775_zaPGrZkH (1fda279d-f5fe-48b3-a261-351d8e699db7)
2019-10-25 01:52:41.144 26158 RALLYDEBUG rally_openstack.cleanup.manager [-] Deleting neutron.port object s_rally_d7594775_01vdBTEV (20ae64a3-6db9-43d0-87f5-ed5e412b93ec)
2019-10-25 01:52:41.220 26158 RALLYDEBUG rally_openstack.cleanup.manager [-] Deleting neutron.port object s_rally_d7594775_UGMPrbaa (21014f16-126e-496f-85d5-9ee688ad8517)
2019-10-25 01:52:41.262 26158 RALLYDEBUG rally_openstack.cleanup.manager [-] Deleting neutron.port object s_rally_d7594775_YlAZ7sGe (21054802-ce30-4adf-9016-cbd5286d2bf5)
2019-10-25 01:52:41.344 26158 RALLYDEBUG rally_openstack.cleanup.manager [-] Deleting neutron.port object s_rally_d7594775_d7suxmAh (211f2f52-3667-43a6-a7d2-a30dd34f1496)
2019-10-25 01:52:41.358 26158 RALLYDEBUG rally_openstack.cleanup.manager [-] Deleting neutron.port object s_rally_d7594775_0NlwEhYj (2126afea-d882-41c8-9dda-925b9a612dbf)
2019-10-25 01:52:41.423 26158 RALLYDEBUG rally_openstack.cleanup.manager [-] Deleting neutron.port object s_rally_d7594775_NsKtrfhC (21ae2411-a9f9-4438-8742-8d60e6b84ce1)
2019-10-25 01:52:41.562 26158 RALLYDEBUG rally_openstack.cleanup.manager [-] Deleting neutron.port object s_rally_d7594775_isVr9nPr (2236b3f2-fd03-4a38-8a7d-9322a2657515)
2019-10-25 01:52:41.575 26158 RALLYDEBUG rally_openstack.cleanup.manager [-] Deleting neutron.port object s_rally_d7594775_UR1tkAXG (25bac8ec-119f-4389-b128-c3ab64d204ed)
2019-10-25 01:52:41.608 26158 RALLYDEBUG rally_openstack.cleanup.manager [-] Deleting neutron.port object s_rally_d7594775_tZRiAlgm (26046d10-546f-4aef-8e20-260c5f60ded6)
2019-10-25 01:52:41.614 26158 RALLYDEBUG rally_openstack.cleanup.manager [-] Deleting neutron.port object s_rally_d7594775_fCY0cbwR (276eb207-b120-461b-80eb-067eeaea005a)
2019-10-25 01:52:41.853 26158 RALLYDEBUG rally_openstack.cleanup.manager [-] Deleting neutron.port object s_rally_d7594775_J7iOzGie (27d9bda3-09c6-47fd-9581-5690a9ecc37b)
2019-10-25 01:52:42.209 26158 RALLYDEBUG rally_openstack.cleanup.manager [-] Deleting neutron.port object s_rally_d7594775_vaoCKkcj (282ca8f8-6347-4e92-99ae-aad8a1c3f633)
2019-10-25 01:52:42.300 26158 RALLYDEBUG rally_openstack.cleanup.manager [-] Deleting neutron.port object s_rally_d7594775_IydHBDTj (2904c8f6-3584-4b34-9bee-4270887debd3)
2019-10-25 01:52:42.366 26158 RALLYDEBUG rally_openstack.cleanup.manager [-] Deleting neutron.port object s_rally_d7594775_Uyfw9Sqk (292ed838-649c-4eaf-b7ee-945e27c3e6c7)
2019-10-25 01:52:42.393 26158 RALLYDEBUG rally_openstack.cleanup.manager [-] Deleting neutron.port object s_rally_d7594775_HkmvGhxQ (2a57ea6d-b2b3-4692-badc-07607528fbfa)
2019-10-25 01:52:42.562 26158 RALLYDEBUG rally_openstack.cleanup.manager [-] Deleting neutron.port object s_rally_d7594775_sFAWukUs (2a6d81d0-e720-433d-93b0-7fd0be56dd8f)
2019-10-25 01:52:42.978 26158 RALLYDEBUG rally_openstack.cleanup.manager [-] Deleting neutron.port object s_rally_d7594775_R53WJ0oR (2a84c3e1-edfc-421d-aaac-8baa9b150ae5)
2019-10-25 01:52:42.984 26158 RALLYDEBUG rally_openstack.cleanup.manager [-] Deleting neutron.port object s_rally_d7594775_bD01ynka (2b2f2502-66f4-40e3-9728-54e79432704b)
2019-10-25 01:52:43.164 26158 RALLYDEBUG rally_openstack.cleanup.manager [-] Deleting neutron.port object s_rally_d7594775_hXDoXs6F (2b5309ef-27e9-44c2-a159-58bed44ac942)
2019-10-25 01:52:43.230 26158 RALLYDEBUG rally_openstack.cleanup.manager [-] Deleting neutron.port object s_rally_d7594775_psduMVwx (2b730973-bd95-4ed8-8e1b-f3e8f5621bbf)
