2019-10-24 23:32:22.200 8 RALLYDEBUG rally.api [-] INFO logs from urllib3 and requests module are hide.
2019-10-24 23:32:22.201 8 RALLYDEBUG rally.api [-] urllib3 insecure warnings are hidden.
2019-10-24 23:32:22.201 8 RALLYDEBUG rally.api [-] ERROR log from boto module is hide.
2019-10-24 23:32:24.068 8 ERROR rally.cli.cliutils [-] Unexpected exception in CLI: DBRecordNotFound: Record for uuid or name is opnfv-rally not found in table envs
2019-10-24 23:32:24.068 8 ERROR rally.cli.cliutils
Traceback (most recent call last):
2019-10-24 23:32:24.068 8 ERROR rally.cli.cliutils
File "/usr/lib/python2.7/site-packages/rally/cli/cliutils.py", line 674, in run
2019-10-24 23:32:24.068 8 ERROR rally.cli.cliutils ret = fn(*fn_args, **fn_kwargs)
2019-10-24 23:32:24.068 8 ERROR rally.cli.cliutils File "", line 2, in destroy
2019-10-24 23:32:24.068 8 ERROR rally.cli.cliutils
File "/usr/lib/python2.7/site-packages/rally/cli/envutils.py", line 68, in default_from_global
2019-10-24 23:32:24.068 8 ERROR rally.cli.cliutils return f(*args, **kwargs)
2019-10-24 23:32:24.068 8 ERROR rally.cli.cliutils File "", line 2, in destroy
2019-10-24 23:32:24.068 8 ERROR rally.cli.cliutils
File "/usr/lib/python2.7/site-packages/rally/plugins/__init__.py", line 51, in ensure_plugins_are_loaded
2019-10-24 23:32:24.068 8 ERROR rally.cli.cliutils return f(*args, **kwargs)
2019-10-24 23:32:24.068 8 ERROR rally.cli.cliutils
File "/usr/lib/python2.7/site-packages/rally/cli/commands/deployment.py", line 157, in destroy
2019-10-24 23:32:24.068 8 ERROR rally.cli.cliutils api.deployment.destroy(deployment=deployment)
2019-10-24 23:32:24.068 8 ERROR rally.cli.cliutils
File "/usr/lib/python2.7/site-packages/rally/api.py", line 115, in destroy
2019-10-24 23:32:24.068 8 ERROR rally.cli.cliutils deploy = objects.Deployment.get(deployment)
2019-10-24 23:32:24.068 8 ERROR rally.cli.cliutils
File "/usr/lib/python2.7/site-packages/rally/common/objects/deploy.py", line 124, in get
2019-10-24 23:32:24.068 8 ERROR rally.cli.cliutils return Deployment(env_mgr.EnvManager.get(deploy))
2019-10-24 23:32:24.068 8 ERROR rally.cli.cliutils
File "/usr/lib/python2.7/site-packages/rally/env/env_mgr.py", line 212, in get
2019-10-24 23:32:24.068 8 ERROR rally.cli.cliutils return cls(db.env_get(uuid_or_name))
2019-10-24 23:32:24.068 8 ERROR rally.cli.cliutils
File "/usr/lib/python2.7/site-packages/rally/common/db/api.py", line 135, in wrapper
2019-10-24 23:32:24.068 8 ERROR rally.cli.cliutils result = f(session, *args, **kwargs)
2019-10-24 23:32:24.068 8 ERROR rally.cli.cliutils
File "/usr/lib/python2.7/site-packages/rally/common/db/api.py", line 521, in env_get
2019-10-24 23:32:24.068 8 ERROR rally.cli.cliutils criteria="uuid or name is %s" % uuid_or_name, table="envs")
2019-10-24 23:32:24.068 8 ERROR rally.cli.cliutils DBRecordNotFound: Record for uuid or name is opnfv-rally not found in table envs
2019-10-24 23:32:24.068 8 ERROR rally.cli.cliutils
2019-10-24 23:32:24.940 10 RALLYDEBUG rally.api [-] INFO logs from urllib3 and requests module are hide.
2019-10-24 23:32:24.940 10 RALLYDEBUG rally.api [-] urllib3 insecure warnings are hidden.
2019-10-24 23:32:24.940 10 RALLYDEBUG rally.api [-] ERROR log from boto module is hide.
2019-10-24 23:32:27.749 12 RALLYDEBUG rally.api [-] INFO logs from urllib3 and requests module are hide.
2019-10-24 23:32:27.749 12 RALLYDEBUG rally.api [-] urllib3 insecure warnings are hidden.
2019-10-24 23:32:27.749 12 RALLYDEBUG rally.api [-] ERROR log from boto module is hide.
2019-10-24 23:32:31.430 15 RALLYDEBUG rally.api [-] INFO logs from urllib3 and requests module are hide.
2019-10-24 23:32:31.431 15 RALLYDEBUG rally.api [-] urllib3 insecure warnings are hidden.
2019-10-24 23:32:31.431 15 RALLYDEBUG rally.api [-] ERROR log from boto module is hide.
2019-10-24 23:32:32.597 17 RALLYDEBUG rally.api [-] INFO logs from urllib3 and requests module are hide.
2019-10-24 23:32:32.597 17 RALLYDEBUG rally.api [-] urllib3 insecure warnings are hidden.
2019-10-24 23:32:32.597 17 RALLYDEBUG rally.api [-] ERROR log from boto module is hide.
2019-10-24 23:32:34.280 17 INFO rally.task.engine [-] Task 1188cb9a-fde8-40aa-856b-04e1d9376874 | Starting: Task validation.
2019-10-24 23:32:34.332 17 INFO rally.task.engine [-] Task 1188cb9a-fde8-40aa-856b-04e1d9376874 | Starting: Task validation of syntax.
2019-10-24 23:32:34.402 17 INFO rally.task.engine [-] Task 1188cb9a-fde8-40aa-856b-04e1d9376874 | Completed: Task validation of syntax.
2019-10-24 23:32:34.402 17 INFO rally.task.engine [-] Task 1188cb9a-fde8-40aa-856b-04e1d9376874 | Starting: Task validation of required platforms.
2019-10-24 23:32:34.440 17 INFO rally.task.engine [-] Task 1188cb9a-fde8-40aa-856b-04e1d9376874 | Completed: Task validation of required platforms.
2019-10-24 23:32:34.440 17 INFO rally.task.engine [-] Task 1188cb9a-fde8-40aa-856b-04e1d9376874 | Starting: Task validation of semantic.
2019-10-24 23:32:34.440 17 INFO rally.task.engine [-] Check health of the environment '4455d362-72e8-49ac-8ede-00055b9b525a'.
2019-10-24 23:32:35.315 17 INFO rally.task.engine [-] Platform existing@openstack (available: True): OK!
2019-10-24 23:32:35.337 17 RALLYDEBUG rally_openstack.contexts.keystone.users [-] Creating 1 tenants using 20 threads
2019-10-24 23:32:36.234 17 RALLYDEBUG rally_openstack.contexts.keystone.users [-] Creating 1 users using 20 threads
2019-10-24 23:32:37.646 17 INFO rally.task.context [-] Task 1188cb9a-fde8-40aa-856b-04e1d9376874 | Context users@openstack setup() finished in 2.31 sec
2019-10-24 23:32:37.705 17 INFO rally.task.context [-] Task 1188cb9a-fde8-40aa-856b-04e1d9376874 | Context users@openstack cleanup() started
2019-10-24 23:32:40.856 17 INFO rally.task.context [-] Task 1188cb9a-fde8-40aa-856b-04e1d9376874 | Context users@openstack cleanup() finished in 3.15 sec
2019-10-24 23:32:40.857 17 INFO rally.task.engine [-] Task 1188cb9a-fde8-40aa-856b-04e1d9376874 | Completed: Task validation of semantic.
2019-10-24 23:32:40.857 17 INFO rally.task.engine [-] Task 1188cb9a-fde8-40aa-856b-04e1d9376874 | Completed: Task validation.
2019-10-24 23:32:40.857 17 INFO rally.api [-] Task 1188cb9a-fde8-40aa-856b-04e1d9376874 input file is valid.
2019-10-24 23:32:40.858 17 INFO rally.api [-] Run Task 1188cb9a-fde8-40aa-856b-04e1d9376874 against Deployment 4455d362-72e8-49ac-8ede-00055b9b525a
2019-10-24 23:32:40.858 17 INFO rally.task.engine [-] Task 1188cb9a-fde8-40aa-856b-04e1d9376874 | Starting: Running task.
2019-10-24 23:32:41.046 17 INFO rally.task.engine [-] Running workload: position = 0 config = { "version": 2, "title": "A cropped version of a bigger task.", "description": "Auto-generated task from a single workload (uuid=a24fd148-4a43-4fc1-b09c-ef1074bd3504)", "subtasks": [ { "title": "Authenticate.keystone", "description": "Check Keystone Client.", "scenario": { "Authenticate.keystone": {} }, "contexts": { "users": { "tenants": 3, "users_per_tenant": 2 } }, "runner": { "constant": { "concurrency": 4, "times": 10 } }, "hooks": [], "sla": { "failure_rate": { "max": 0 } } } ] }
2019-10-24 23:32:41.073 17 RALLYDEBUG rally_openstack.contexts.keystone.users [-] Creating 3 tenants using 20 threads
2019-10-24 23:32:42.034 17 RALLYDEBUG rally_openstack.contexts.keystone.users [-] Creating 6 users using 20 threads
2019-10-24 23:32:43.682 17 INFO rally.task.context [-] Task 1188cb9a-fde8-40aa-856b-04e1d9376874 | Context users@openstack setup() finished in 2.61 sec
2019-10-24 23:32:43.691 17 RALLYDEBUG rally.task.runner [-] Starting the constant runner (task UUID: 1188cb9a-fde8-40aa-856b-04e1d9376874). timeout: 0 concurrency: 4 concurrency_per_worker: 1 times: 10 concurrency_overhead: 0 processes_to_start: 4 max_cpu_used: 16
2019-10-24 23:32:43.705 141 RALLYDEBUG rally.task.runner [-] Starting a worker. concurrency: 1 args: {} times: 10 method_name: run timeout: 0 duration: None cls:
2019-10-24 23:32:43.708 142 RALLYDEBUG rally.task.runner [-] Starting a worker. concurrency: 1 args: {} times: 10 method_name: run timeout: 0 duration: None cls:
2019-10-24 23:32:43.711 143 RALLYDEBUG rally.task.runner [-] Starting a worker. concurrency: 1 args: {} times: 10 method_name: run timeout: 0 duration: None cls:
2019-10-24 23:32:43.713 141 INFO rally.task.runner [-] Task 1188cb9a-fde8-40aa-856b-04e1d9376874 | ITER: 1 START
2019-10-24 23:32:43.714 144 RALLYDEBUG rally.task.runner [-] Starting a worker. concurrency: 1 args: {} times: 10 method_name: run timeout: 0 duration: None cls:
2019-10-24 23:32:43.715 142 INFO rally.task.runner [-] Task 1188cb9a-fde8-40aa-856b-04e1d9376874 | ITER: 2 START
2019-10-24 23:32:43.718 143 INFO rally.task.runner [-] Task 1188cb9a-fde8-40aa-856b-04e1d9376874 | ITER: 3 START
2019-10-24 23:32:43.721 144 INFO rally.task.runner [-] Task 1188cb9a-fde8-40aa-856b-04e1d9376874 | ITER: 4 START
2019-10-24 23:32:44.434 141 INFO rally.task.runner [-] Task 1188cb9a-fde8-40aa-856b-04e1d9376874 | ITER: 1 END: OK
2019-10-24 23:32:44.439 141 INFO rally.task.runner [-] Task 1188cb9a-fde8-40aa-856b-04e1d9376874 | ITER: 5 START
2019-10-24 23:32:44.445 142 INFO rally.task.runner [-] Task 1188cb9a-fde8-40aa-856b-04e1d9376874 | ITER: 2 END: OK
2019-10-24 23:32:44.450 142 INFO rally.task.runner [-] Task 1188cb9a-fde8-40aa-856b-04e1d9376874 | ITER: 6 START
2019-10-24 23:32:44.473 143 INFO rally.task.runner [-] Task 1188cb9a-fde8-40aa-856b-04e1d9376874 | ITER: 3 END: OK
2019-10-24 23:32:44.478 143 INFO rally.task.runner [-] Task 1188cb9a-fde8-40aa-856b-04e1d9376874 | ITER: 7 START
2019-10-24 23:32:44.508 144 INFO rally.task.runner [-] Task 1188cb9a-fde8-40aa-856b-04e1d9376874 | ITER: 4 END: OK
2019-10-24 23:32:44.513 144 INFO rally.task.runner [-] Task 1188cb9a-fde8-40aa-856b-04e1d9376874 | ITER: 8 START
2019-10-24 23:32:45.066 142 INFO rally.task.runner [-] Task 1188cb9a-fde8-40aa-856b-04e1d9376874 | ITER: 6 END: OK
2019-10-24 23:32:45.070 142 INFO rally.task.runner [-] Task 1188cb9a-fde8-40aa-856b-04e1d9376874 | ITER: 9 START
2019-10-24 23:32:45.105 143 INFO rally.task.runner [-] Task 1188cb9a-fde8-40aa-856b-04e1d9376874 | ITER: 7 END: OK
2019-10-24 23:32:45.109 143 INFO rally.task.runner [-] Task 1188cb9a-fde8-40aa-856b-04e1d9376874 | ITER: 10 START
2019-10-24 23:32:45.141 144 INFO rally.task.runner [-] Task 1188cb9a-fde8-40aa-856b-04e1d9376874 | ITER: 8 END: OK
2019-10-24 23:32:45.168 141 INFO rally.task.runner [-] Task 1188cb9a-fde8-40aa-856b-04e1d9376874 | ITER: 5 END: OK
2019-10-24 23:32:45.715 142 INFO rally.task.runner [-] Task 1188cb9a-fde8-40aa-856b-04e1d9376874 | ITER: 9 END: OK
2019-10-24 23:32:45.860 143 INFO rally.task.runner [-] Task 1188cb9a-fde8-40aa-856b-04e1d9376874 | ITER: 10 END: OK
2019-10-24 23:32:45.886 17 INFO rally.task.context [-] Task 1188cb9a-fde8-40aa-856b-04e1d9376874 | Context users@openstack cleanup() started
2019-10-24 23:32:51.120 17 INFO rally.task.context [-] Task 1188cb9a-fde8-40aa-856b-04e1d9376874 | Context users@openstack cleanup() finished in 5.23 sec
2019-10-24 23:32:51.201 17 INFO rally.task.engine [-] Load duration is: 2.146088
2019-10-24 23:32:51.202 17 INFO rally.task.engine [-] Full runner duration is: 2.195838
2019-10-24 23:32:51.202 17 INFO rally.task.engine [-] Full duration is: 10.050733
2019-10-24 23:32:51.499 17 INFO rally.task.engine [-] Running workload: position = 0 config = { "version": 2, "title": "A cropped version of a bigger task.", "description": "Auto-generated task from a single workload (uuid=5180da51-faf0-4fc6-a842-ea4da6e73d70)", "subtasks": [ { "title": "Authenticate.validate_cinder", "description": "Check Cinder Client to ensure validation of token.", "scenario": { "Authenticate.validate_cinder": { "repetitions": 2 } }, "contexts": { "users": { "tenants": 3, "users_per_tenant": 2 } }, "runner": { "constant": { "concurrency": 4, "times": 10 } }, "hooks": [], "sla": { "failure_rate": { "max": 0 } } } ] }
2019-10-24 23:32:51.523 17 RALLYDEBUG rally_openstack.contexts.keystone.users [-] Creating 3 tenants using 20 threads
2019-10-24 23:32:52.614 17 RALLYDEBUG rally_openstack.contexts.keystone.users [-] Creating 6 users using 20 threads
2019-10-24 23:32:54.311 17 INFO rally.task.context [-] Task 1188cb9a-fde8-40aa-856b-04e1d9376874 | Context users@openstack setup() finished in 2.79 sec
2019-10-24 23:32:54.320 17 RALLYDEBUG rally.task.runner [-] Starting the constant runner (task UUID: 1188cb9a-fde8-40aa-856b-04e1d9376874). timeout: 0 concurrency: 4 concurrency_per_worker: 1 times: 10 concurrency_overhead: 0 processes_to_start: 4 max_cpu_used: 16
2019-10-24 23:32:54.333 245 RALLYDEBUG rally.task.runner [-] Starting a worker. concurrency: 1 args: {"repetitions": 2} times: 10 method_name: run timeout: 0 duration: None cls:
2019-10-24 23:32:54.337 246 RALLYDEBUG rally.task.runner [-] Starting a worker. concurrency: 1 args: {"repetitions": 2} times: 10 method_name: run timeout: 0 duration: None cls:
2019-10-24 23:32:54.340 247 RALLYDEBUG rally.task.runner [-] Starting a worker. concurrency: 1 args: {"repetitions": 2} times: 10 method_name: run timeout: 0 duration: None cls:
2019-10-24 23:32:54.341 245 INFO rally.task.runner [-] Task 1188cb9a-fde8-40aa-856b-04e1d9376874 | ITER: 1 START
2019-10-24 23:32:54.343 248 RALLYDEBUG rally.task.runner [-] Starting a worker. concurrency: 1 args: {"repetitions": 2} times: 10 method_name: run timeout: 0 duration: None cls:
2019-10-24 23:32:54.345 246 INFO rally.task.runner [-] Task 1188cb9a-fde8-40aa-856b-04e1d9376874 | ITER: 2 START
2019-10-24 23:32:54.348 247 INFO rally.task.runner [-] Task 1188cb9a-fde8-40aa-856b-04e1d9376874 | ITER: 3 START
2019-10-24 23:32:54.351 248 INFO rally.task.runner [-] Task 1188cb9a-fde8-40aa-856b-04e1d9376874 | ITER: 4 START
2019-10-24 23:32:55.009 247 INFO rally.task.runner [-] Task 1188cb9a-fde8-40aa-856b-04e1d9376874 | ITER: 3 END: OK
2019-10-24 23:32:55.009 245 INFO rally.task.runner [-] Task 1188cb9a-fde8-40aa-856b-04e1d9376874 | ITER: 1 END: OK
2019-10-24 23:32:55.013 245 INFO rally.task.runner [-] Task 1188cb9a-fde8-40aa-856b-04e1d9376874 | ITER: 6 START
2019-10-24 23:32:55.014 247 INFO rally.task.runner [-] Task 1188cb9a-fde8-40aa-856b-04e1d9376874 | ITER: 5 START
2019-10-24 23:32:55.024 248 INFO rally.task.runner [-] Task 1188cb9a-fde8-40aa-856b-04e1d9376874 | ITER: 4 END: OK
2019-10-24 23:32:55.027 246 INFO rally.task.runner [-] Task 1188cb9a-fde8-40aa-856b-04e1d9376874 | ITER: 2 END: OK
2019-10-24 23:32:55.028 248 INFO rally.task.runner [-] Task 1188cb9a-fde8-40aa-856b-04e1d9376874 | ITER: 7 START
2019-10-24 23:32:55.032 246 INFO rally.task.runner [-] Task 1188cb9a-fde8-40aa-856b-04e1d9376874 | ITER: 8 START
2019-10-24 23:32:55.418 245 INFO rally.task.runner [-] Task 1188cb9a-fde8-40aa-856b-04e1d9376874 | ITER: 6 END: OK
2019-10-24 23:32:55.422 245 INFO rally.task.runner [-] Task 1188cb9a-fde8-40aa-856b-04e1d9376874 | ITER: 9 START
2019-10-24 23:32:55.466 247 INFO rally.task.runner [-] Task 1188cb9a-fde8-40aa-856b-04e1d9376874 | ITER: 5 END: OK
2019-10-24 23:32:55.471 247 INFO rally.task.runner [-] Task 1188cb9a-fde8-40aa-856b-04e1d9376874 | ITER: 10 START
2019-10-24 23:32:55.483 246 INFO rally.task.runner [-] Task 1188cb9a-fde8-40aa-856b-04e1d9376874 | ITER: 8 END: OK
2019-10-24 23:32:55.585 248 INFO rally.task.runner [-] Task 1188cb9a-fde8-40aa-856b-04e1d9376874 | ITER: 7 END: OK
2019-10-24 23:32:55.840 245 INFO rally.task.runner [-] Task 1188cb9a-fde8-40aa-856b-04e1d9376874 | ITER: 9 END: OK
2019-10-24 23:32:55.992 247 INFO rally.task.runner [-] Task 1188cb9a-fde8-40aa-856b-04e1d9376874 | ITER: 10 END: OK
2019-10-24 23:32:56.018 17 INFO rally.task.context [-] Task 1188cb9a-fde8-40aa-856b-04e1d9376874 | Context users@openstack cleanup() started
2019-10-24 23:33:00.740 17 INFO rally.task.context [-] Task 1188cb9a-fde8-40aa-856b-04e1d9376874 | Context users@openstack cleanup() finished in 4.72 sec
2019-10-24 23:33:01.584 17 INFO rally.task.engine [-] Load duration is: 1.649563
2019-10-24 23:33:01.585 17 INFO rally.task.engine [-] Full runner duration is: 1.697861
2019-10-24 23:33:01.585 17 INFO rally.task.engine [-] Full duration is: 9.222395
2019-10-24 23:33:01.951 17 INFO rally.task.engine [-] Running workload: position = 0 config = { "version": 2, "title": "A cropped version of a bigger task.", "description": "Auto-generated task from a single workload (uuid=44aaacf6-4028-4564-a564-3a625da96e05)", "subtasks": [ { "title": "Authenticate.validate_glance", "description": "Check Glance Client to ensure validation of token.", "scenario": { "Authenticate.validate_glance": { "repetitions": 2 } }, "contexts": { "users": { "tenants": 3, "users_per_tenant": 2 } }, "runner": { "constant": { "concurrency": 4, "times": 10 } }, "hooks": [], "sla": { "failure_rate": { "max": 0 } } } ] }
2019-10-24 23:33:01.977 17 RALLYDEBUG rally_openstack.contexts.keystone.users [-] Creating 3 tenants using 20 threads
2019-10-24 23:33:03.086 17 RALLYDEBUG rally_openstack.contexts.keystone.users [-] Creating 6 users using 20 threads
2019-10-24 23:33:04.964 17 INFO rally.task.context [-] Task 1188cb9a-fde8-40aa-856b-04e1d9376874 | Context users@openstack setup() finished in 2.99 sec
2019-10-24 23:33:04.973 17 RALLYDEBUG rally.task.runner [-] Starting the constant runner (task UUID: 1188cb9a-fde8-40aa-856b-04e1d9376874). timeout: 0 concurrency: 4 concurrency_per_worker: 1 times: 10 concurrency_overhead: 0 processes_to_start: 4 max_cpu_used: 16
2019-10-24 23:33:04.985 349 RALLYDEBUG rally.task.runner [-] Starting a worker. concurrency: 1 args: {"repetitions": 2} times: 10 method_name: run timeout: 0 duration: None cls:
2019-10-24 23:33:04.987 350 RALLYDEBUG rally.task.runner [-] Starting a worker. concurrency: 1 args: {"repetitions": 2} times: 10 method_name: run timeout: 0 duration: None cls:
2019-10-24 23:33:04.990 351 RALLYDEBUG rally.task.runner [-] Starting a worker. concurrency: 1 args: {"repetitions": 2} times: 10 method_name: run timeout: 0 duration: None cls:
2019-10-24 23:33:04.992 349 INFO rally.task.runner [-] Task 1188cb9a-fde8-40aa-856b-04e1d9376874 | ITER: 1 START
2019-10-24 23:33:04.992 352 RALLYDEBUG rally.task.runner [-] Starting a worker. concurrency: 1 args: {"repetitions": 2} times: 10 method_name: run timeout: 0 duration: None cls:
2019-10-24 23:33:04.995 350 INFO rally.task.runner [-] Task 1188cb9a-fde8-40aa-856b-04e1d9376874 | ITER: 2 START
2019-10-24 23:33:04.997 351 INFO rally.task.runner [-] Task 1188cb9a-fde8-40aa-856b-04e1d9376874 | ITER: 3 START
2019-10-24 23:33:05.000 352 INFO rally.task.runner [-] Task 1188cb9a-fde8-40aa-856b-04e1d9376874 | ITER: 4 START
2019-10-24 23:33:05.780 351 INFO rally.task.runner [-] Task 1188cb9a-fde8-40aa-856b-04e1d9376874 | ITER: 3 END: OK
2019-10-24 23:33:05.785 351 INFO rally.task.runner [-] Task 1188cb9a-fde8-40aa-856b-04e1d9376874 | ITER: 5 START
2019-10-24 23:33:05.793 352 INFO rally.task.runner [-] Task 1188cb9a-fde8-40aa-856b-04e1d9376874 | ITER: 4 END: OK
2019-10-24 23:33:05.798 352 INFO rally.task.runner [-] Task 1188cb9a-fde8-40aa-856b-04e1d9376874 | ITER: 6 START
2019-10-24 23:33:05.816 349 INFO rally.task.runner [-] Task 1188cb9a-fde8-40aa-856b-04e1d9376874 | ITER: 1 END: OK
2019-10-24 23:33:05.820 349 INFO rally.task.runner [-] Task 1188cb9a-fde8-40aa-856b-04e1d9376874 | ITER: 7 START
2019-10-24 23:33:05.907 350 INFO rally.task.runner [-] Task 1188cb9a-fde8-40aa-856b-04e1d9376874 | ITER: 2 END: OK
2019-10-24 23:33:05.913 350 INFO rally.task.runner [-] Task 1188cb9a-fde8-40aa-856b-04e1d9376874 | ITER: 8 START
2019-10-24 23:33:06.338 349 INFO rally.task.runner [-] Task 1188cb9a-fde8-40aa-856b-04e1d9376874 | ITER: 7 END: OK
2019-10-24 23:33:06.343 351 INFO rally.task.runner [-] Task 1188cb9a-fde8-40aa-856b-04e1d9376874 | ITER: 5 END: OK
2019-10-24 23:33:06.343 349 INFO rally.task.runner [-] Task 1188cb9a-fde8-40aa-856b-04e1d9376874 | ITER: 9 START
2019-10-24 23:33:06.346 351 INFO rally.task.runner [-] Task 1188cb9a-fde8-40aa-856b-04e1d9376874 | ITER: 10 START
2019-10-24 23:33:06.368 352 INFO rally.task.runner [-] Task 1188cb9a-fde8-40aa-856b-04e1d9376874 | ITER: 6 END: OK
2019-10-24 23:33:06.456 350 INFO rally.task.runner [-] Task 1188cb9a-fde8-40aa-856b-04e1d9376874 | ITER: 8 END: OK
2019-10-24 23:33:06.913 349 INFO rally.task.runner [-] Task 1188cb9a-fde8-40aa-856b-04e1d9376874 | ITER: 9 END: OK
2019-10-24 23:33:06.977 351 INFO rally.task.runner [-] Task 1188cb9a-fde8-40aa-856b-04e1d9376874 | ITER: 10 END: OK
2019-10-24 23:33:07.006 17 INFO rally.task.context [-] Task 1188cb9a-fde8-40aa-856b-04e1d9376874 | Context users@openstack cleanup() started
2019-10-24 23:33:11.617 17 INFO rally.task.context [-] Task 1188cb9a-fde8-40aa-856b-04e1d9376874 | Context users@openstack cleanup() finished in 4.61 sec
2019-10-24 23:33:12.061 17 INFO rally.task.engine [-] Load duration is: 1.983373
2019-10-24 23:33:12.062 17 INFO rally.task.engine [-] Full runner duration is: 2.033454
2019-10-24 23:33:12.062 17 INFO rally.task.engine [-] Full duration is: 9.643163
2019-10-24 23:33:12.614 17 INFO rally.task.engine [-] Running workload: position = 0 config = { "version": 2, "title": "A cropped version of a bigger task.", "description": "Auto-generated task from a single workload (uuid=9c491171-da20-43f1-a417-b84d28d46818)", "subtasks": [ { "title": "Authenticate.validate_heat", "description": "Check Heat Client to ensure validation of token.", "scenario": { "Authenticate.validate_heat": { "repetitions": 2 } }, "contexts": { "users": { "tenants": 3, "users_per_tenant": 2 } }, "runner": { "constant": { "concurrency": 4, "times": 10 } }, "hooks": [], "sla": { "failure_rate": { "max": 0 } } } ] }
2019-10-24 23:33:12.639 17 RALLYDEBUG rally_openstack.contexts.keystone.users [-] Creating 3 tenants using 20 threads
2019-10-24 23:33:13.755 17 RALLYDEBUG rally_openstack.contexts.keystone.users [-] Creating 6 users using 20 threads
2019-10-24 23:33:15.402 17 INFO rally.task.context [-] Task 1188cb9a-fde8-40aa-856b-04e1d9376874 | Context users@openstack setup() finished in 2.76 sec
2019-10-24 23:33:15.411 17 RALLYDEBUG rally.task.runner [-] Starting the constant runner (task UUID: 1188cb9a-fde8-40aa-856b-04e1d9376874). timeout: 0 concurrency: 4 concurrency_per_worker: 1 times: 10 concurrency_overhead: 0 processes_to_start: 4 max_cpu_used: 16
2019-10-24 23:33:15.424 453 RALLYDEBUG rally.task.runner [-] Starting a worker. concurrency: 1 args: {"repetitions": 2} times: 10 method_name: run timeout: 0 duration: None cls:
2019-10-24 23:33:15.427 454 RALLYDEBUG rally.task.runner [-] Starting a worker. concurrency: 1 args: {"repetitions": 2} times: 10 method_name: run timeout: 0 duration: None cls:
2019-10-24 23:33:15.429 455 RALLYDEBUG rally.task.runner [-] Starting a worker. concurrency: 1 args: {"repetitions": 2} times: 10 method_name: run timeout: 0 duration: None cls:
2019-10-24 23:33:15.432 453 INFO rally.task.runner [-] Task 1188cb9a-fde8-40aa-856b-04e1d9376874 | ITER: 1 START
2019-10-24 23:33:15.433 456 RALLYDEBUG rally.task.runner [-] Starting a worker. concurrency: 1 args: {"repetitions": 2} times: 10 method_name: run timeout: 0 duration: None cls:
2019-10-24 23:33:15.435 454 INFO rally.task.runner [-] Task 1188cb9a-fde8-40aa-856b-04e1d9376874 | ITER: 2 START
2019-10-24 23:33:15.436 455 INFO rally.task.runner [-] Task 1188cb9a-fde8-40aa-856b-04e1d9376874 | ITER: 3 START
2019-10-24 23:33:15.440 456 INFO rally.task.runner [-] Task 1188cb9a-fde8-40aa-856b-04e1d9376874 | ITER: 4 START
2019-10-24 23:33:16.448 454 INFO rally.task.runner [-] Task 1188cb9a-fde8-40aa-856b-04e1d9376874 | ITER: 2 END: OK
2019-10-24 23:33:16.453 454 INFO rally.task.runner [-] Task 1188cb9a-fde8-40aa-856b-04e1d9376874 | ITER: 5 START
2019-10-24 23:33:16.465 456 INFO rally.task.runner [-] Task 1188cb9a-fde8-40aa-856b-04e1d9376874 | ITER: 4 END: OK
2019-10-24 23:33:16.469 456 INFO rally.task.runner [-] Task 1188cb9a-fde8-40aa-856b-04e1d9376874 | ITER: 6 START
2019-10-24 23:33:16.488 453 INFO rally.task.runner [-] Task 1188cb9a-fde8-40aa-856b-04e1d9376874 | ITER: 1 END: OK
2019-10-24 23:33:16.492 453 INFO rally.task.runner [-] Task 1188cb9a-fde8-40aa-856b-04e1d9376874 | ITER: 7 START
2019-10-24 23:33:16.772 455 INFO rally.task.runner [-] Task 1188cb9a-fde8-40aa-856b-04e1d9376874 | ITER: 3 END: OK
2019-10-24 23:33:16.776 455 INFO rally.task.runner [-] Task 1188cb9a-fde8-40aa-856b-04e1d9376874 | ITER: 8 START
2019-10-24 23:33:17.177 454 INFO rally.task.runner [-] Task 1188cb9a-fde8-40aa-856b-04e1d9376874 | ITER: 5 END: OK
2019-10-24 23:33:17.181 454 INFO rally.task.runner [-] Task 1188cb9a-fde8-40aa-856b-04e1d9376874 | ITER: 9 START
2019-10-24 23:33:17.261 456 INFO rally.task.runner [-] Task 1188cb9a-fde8-40aa-856b-04e1d9376874 | ITER: 6 END: OK
2019-10-24 23:33:17.266 456 INFO rally.task.runner [-] Task 1188cb9a-fde8-40aa-856b-04e1d9376874 | ITER: 10 START
2019-10-24 23:33:17.531 453 INFO rally.task.runner [-] Task 1188cb9a-fde8-40aa-856b-04e1d9376874 | ITER: 7 END: OK
2019-10-24 23:33:17.620 455 INFO rally.task.runner [-] Task 1188cb9a-fde8-40aa-856b-04e1d9376874 | ITER: 8 END: OK
2019-10-24 23:33:18.024 456 INFO rally.task.runner [-] Task 1188cb9a-fde8-40aa-856b-04e1d9376874 | ITER: 10 END: OK
2019-10-24 23:33:18.025 454 INFO rally.task.runner [-] Task 1188cb9a-fde8-40aa-856b-04e1d9376874 | ITER: 9 END: OK
2019-10-24 23:33:18.053 17 INFO rally.task.context [-] Task 1188cb9a-fde8-40aa-856b-04e1d9376874 | Context users@openstack cleanup() started
2019-10-24 23:33:22.462 17 INFO rally.task.context [-] Task 1188cb9a-fde8-40aa-856b-04e1d9376874 | Context users@openstack cleanup() finished in 4.41 sec
2019-10-24 23:33:22.711 17 INFO rally.task.engine [-] Load duration is: 2.591825
2019-10-24 23:33:22.712 17 INFO rally.task.engine [-] Full runner duration is: 2.643053
2019-10-24 23:33:22.712 17 INFO rally.task.engine [-] Full duration is: 9.8269
2019-10-24 23:33:23.287 17 INFO rally.task.engine [-] Running workload: position = 0 config = { "version": 2, "title": "A cropped version of a bigger task.", "description": "Auto-generated task from a single workload (uuid=e9f19db3-d421-4057-9e88-942ee77211c9)", "subtasks": [ { "title": "Authenticate.validate_neutron", "description": "Check Neutron Client to ensure validation of token.", "scenario": { "Authenticate.validate_neutron": { "repetitions": 2 } }, "contexts": { "users": { "tenants": 3, "users_per_tenant": 2 } }, "runner": { "constant": { "concurrency": 4, "times": 10 } }, "hooks": [], "sla": { "failure_rate": { "max": 0 } } } ] }
2019-10-24 23:33:23.315 17 RALLYDEBUG rally_openstack.contexts.keystone.users [-] Creating 3 tenants using 20 threads
2019-10-24 23:33:24.444 17 RALLYDEBUG rally_openstack.contexts.keystone.users [-] Creating 6 users using 20 threads
2019-10-24 23:33:26.108 17 INFO rally.task.context [-] Task 1188cb9a-fde8-40aa-856b-04e1d9376874 | Context users@openstack setup() finished in 2.79 sec
2019-10-24 23:33:26.116 17 RALLYDEBUG rally.task.runner [-] Starting the constant runner (task UUID: 1188cb9a-fde8-40aa-856b-04e1d9376874). timeout: 0 concurrency: 4 concurrency_per_worker: 1 times: 10 concurrency_overhead: 0 processes_to_start: 4 max_cpu_used: 16
2019-10-24 23:33:26.130 557 RALLYDEBUG rally.task.runner [-] Starting a worker. concurrency: 1 args: {"repetitions": 2} times: 10 method_name: run timeout: 0 duration: None cls:
2019-10-24 23:33:26.133 558 RALLYDEBUG rally.task.runner [-] Starting a worker. concurrency: 1 args: {"repetitions": 2} times: 10 method_name: run timeout: 0 duration: None cls:
2019-10-24 23:33:26.136 559 RALLYDEBUG rally.task.runner [-] Starting a worker. concurrency: 1 args: {"repetitions": 2} times: 10 method_name: run timeout: 0 duration: None cls:
2019-10-24 23:33:26.138 557 INFO rally.task.runner [-] Task 1188cb9a-fde8-40aa-856b-04e1d9376874 | ITER: 1 START
2019-10-24 23:33:26.140 560 RALLYDEBUG rally.task.runner [-] Starting a worker. concurrency: 1 args: {"repetitions": 2} times: 10 method_name: run timeout: 0 duration: None cls:
2019-10-24 23:33:26.141 558 INFO rally.task.runner [-] Task 1188cb9a-fde8-40aa-856b-04e1d9376874 | ITER: 2 START
2019-10-24 23:33:26.144 559 INFO rally.task.runner [-] Task 1188cb9a-fde8-40aa-856b-04e1d9376874 | ITER: 3 START
2019-10-24 23:33:26.147 560 INFO rally.task.runner [-] Task 1188cb9a-fde8-40aa-856b-04e1d9376874 | ITER: 4 START
2019-10-24 23:33:26.830 560 INFO rally.task.runner [-] Task 1188cb9a-fde8-40aa-856b-04e1d9376874 | ITER: 4 END: OK
2019-10-24 23:33:26.831 557 INFO rally.task.runner [-] Task 1188cb9a-fde8-40aa-856b-04e1d9376874 | ITER: 1 END: OK
2019-10-24 23:33:26.836 557 INFO rally.task.runner [-] Task 1188cb9a-fde8-40aa-856b-04e1d9376874 | ITER: 5 START
2019-10-24 23:33:26.836 560 INFO rally.task.runner [-] Task 1188cb9a-fde8-40aa-856b-04e1d9376874 | ITER: 6 START
2019-10-24 23:33:26.886 559 INFO rally.task.runner [-] Task 1188cb9a-fde8-40aa-856b-04e1d9376874 | ITER: 3 END: OK
2019-10-24 23:33:26.891 559 INFO rally.task.runner [-] Task 1188cb9a-fde8-40aa-856b-04e1d9376874 | ITER: 7 START
2019-10-24 23:33:27.004 558 INFO rally.task.runner [-] Task 1188cb9a-fde8-40aa-856b-04e1d9376874 | ITER: 2 END: OK
2019-10-24 23:33:27.009 558 INFO rally.task.runner [-] Task 1188cb9a-fde8-40aa-856b-04e1d9376874 | ITER: 8 START
2019-10-24 23:33:27.445 560 INFO rally.task.runner [-] Task 1188cb9a-fde8-40aa-856b-04e1d9376874 | ITER: 6 END: OK
2019-10-24 23:33:27.450 560 INFO rally.task.runner [-] Task 1188cb9a-fde8-40aa-856b-04e1d9376874 | ITER: 9 START
2019-10-24 23:33:27.541 557 INFO rally.task.runner [-] Task 1188cb9a-fde8-40aa-856b-04e1d9376874 | ITER: 5 END: OK
2019-10-24 23:33:27.546 557 INFO rally.task.runner [-] Task 1188cb9a-fde8-40aa-856b-04e1d9376874 | ITER: 10 START
2019-10-24 23:33:27.671 558 INFO rally.task.runner [-] Task 1188cb9a-fde8-40aa-856b-04e1d9376874 | ITER: 8 END: OK
2019-10-24 23:33:27.763 559 INFO rally.task.runner [-] Task 1188cb9a-fde8-40aa-856b-04e1d9376874 | ITER: 7 END: OK
2019-10-24 23:33:28.191 560 INFO rally.task.runner [-] Task 1188cb9a-fde8-40aa-856b-04e1d9376874 | ITER: 9 END: OK
2019-10-24 23:33:28.250 557 INFO rally.task.runner [-] Task 1188cb9a-fde8-40aa-856b-04e1d9376874 | ITER: 10 END: OK
2019-10-24 23:33:28.274 17 INFO rally.task.context [-] Task 1188cb9a-fde8-40aa-856b-04e1d9376874 | Context users@openstack cleanup() started
2019-10-24 23:33:32.674 17 INFO rally.task.context [-] Task 1188cb9a-fde8-40aa-856b-04e1d9376874 | Context users@openstack cleanup() finished in 4.40 sec
2019-10-24 23:33:33.390 17 INFO rally.task.engine [-] Load duration is: 2.110967
2019-10-24 23:33:33.390 17 INFO rally.task.engine [-] Full runner duration is: 2.157606
2019-10-24 23:33:33.391 17 INFO rally.task.engine [-] Full duration is: 9.366306
2019-10-24 23:33:33.949 17 INFO rally.task.engine [-] Running workload: position = 0 config = { "version": 2, "title": "A cropped version of a bigger task.", "description": "Auto-generated task from a single workload (uuid=c7a494a8-2ab4-4613-86d6-4e5cadd80526)", "subtasks": [ { "title": "Authenticate.validate_nova", "description": "Check Nova Client to ensure validation of token.", "scenario": { "Authenticate.validate_nova": { "repetitions": 2 } }, "contexts": { "users": { "tenants": 3, "users_per_tenant": 2 } }, "runner": { "constant": { "concurrency": 4, "times": 10 } }, "hooks": [], "sla": { "failure_rate": { "max": 0 } } } ] }
2019-10-24 23:33:33.978 17 RALLYDEBUG rally_openstack.contexts.keystone.users [-] Creating 3 tenants using 20 threads
2019-10-24 23:33:35.098 17 RALLYDEBUG rally_openstack.contexts.keystone.users [-] Creating 6 users using 20 threads
2019-10-24 23:33:36.753 17 INFO rally.task.context [-] Task 1188cb9a-fde8-40aa-856b-04e1d9376874 | Context users@openstack setup() finished in 2.77 sec
2019-10-24 23:33:36.763 17 RALLYDEBUG rally.task.runner [-] Starting the constant runner (task UUID: 1188cb9a-fde8-40aa-856b-04e1d9376874). timeout: 0 concurrency: 4 concurrency_per_worker: 1 times: 10 concurrency_overhead: 0 processes_to_start: 4 max_cpu_used: 16
2019-10-24 23:33:36.777 661 RALLYDEBUG rally.task.runner [-] Starting a worker. concurrency: 1 args: {"repetitions": 2} times: 10 method_name: run timeout: 0 duration: None cls:
2019-10-24 23:33:36.780 662 RALLYDEBUG rally.task.runner [-] Starting a worker. concurrency: 1 args: {"repetitions": 2} times: 10 method_name: run timeout: 0 duration: None cls:
2019-10-24 23:33:36.783 663 RALLYDEBUG rally.task.runner [-] Starting a worker. concurrency: 1 args: {"repetitions": 2} times: 10 method_name: run timeout: 0 duration: None cls:
2019-10-24 23:33:36.785 661 INFO rally.task.runner [-] Task 1188cb9a-fde8-40aa-856b-04e1d9376874 | ITER: 1 START
2019-10-24 23:33:36.786 664 RALLYDEBUG rally.task.runner [-] Starting a worker. concurrency: 1 args: {"repetitions": 2} times: 10 method_name: run timeout: 0 duration: None cls:
2019-10-24 23:33:36.788 662 INFO rally.task.runner [-] Task 1188cb9a-fde8-40aa-856b-04e1d9376874 | ITER: 2 START
2019-10-24 23:33:36.791 663 INFO rally.task.runner [-] Task 1188cb9a-fde8-40aa-856b-04e1d9376874 | ITER: 3 START
2019-10-24 23:33:36.794 664 INFO rally.task.runner [-] Task 1188cb9a-fde8-40aa-856b-04e1d9376874 | ITER: 4 START
2019-10-24 23:33:37.258 663 DEBUG novaclient.v2.client [-] REQ: curl -g -i --cacert "/etc/ssl/certs/mcp_os_cacert" -X GET http://10.167.4.35:8774/v2.1/flavors/detail -H "Accept: application/json" -H "User-Agent: python-novaclient" -H "X-Auth-Token: {SHA1}b947c3cbc4d0dcebd2e130431d6759c7206d17e5" _http_log_request /usr/lib/python2.7/site-packages/keystoneauth1/session.py:448
2019-10-24 23:33:37.265 661 DEBUG novaclient.v2.client [-] REQ: curl -g -i --cacert "/etc/ssl/certs/mcp_os_cacert" -X GET http://10.167.4.35:8774/v2.1/flavors/detail -H "Accept: application/json" -H "User-Agent: python-novaclient" -H "X-Auth-Token: {SHA1}05163380f5bf3d71df1991c4d40d0fee2be74ba8" _http_log_request /usr/lib/python2.7/site-packages/keystoneauth1/session.py:448
2019-10-24 23:33:37.264 664 DEBUG novaclient.v2.client [-] REQ: curl -g -i --cacert "/etc/ssl/certs/mcp_os_cacert" -X GET http://10.167.4.35:8774/v2.1/flavors/detail -H "Accept: application/json" -H "User-Agent: python-novaclient" -H "X-Auth-Token: {SHA1}85a0b36c8d189af11e69a0424c165aee317ba2af" _http_log_request /usr/lib/python2.7/site-packages/keystoneauth1/session.py:448
2019-10-24 23:33:37.276 662 DEBUG novaclient.v2.client [-] REQ: curl -g -i --cacert "/etc/ssl/certs/mcp_os_cacert" -X GET http://10.167.4.35:8774/v2.1/flavors/detail -H "Accept: application/json" -H "User-Agent: python-novaclient" -H "X-Auth-Token: {SHA1}e5fd503fa368fad303505cf1cd87162978e5ee53" _http_log_request /usr/lib/python2.7/site-packages/keystoneauth1/session.py:448
2019-10-24 23:33:37.404 661 DEBUG novaclient.v2.client [-] RESP: [200] Connection: close Content-Length: 1014 Content-Type: application/json Date: Thu, 24 Oct 2019 23:33:37 GMT Openstack-Api-Version: compute 2.1 Vary: OpenStack-API-Version, X-OpenStack-Nova-API-Version X-Compute-Request-Id: req-1bafd326-fe69-4ab7-8705-53a97f734e03 X-Openstack-Nova-Api-Version: 2.1 X-Openstack-Request-Id: req-1bafd326-fe69-4ab7-8705-53a97f734e03 _http_log_response /usr/lib/python2.7/site-packages/keystoneauth1/session.py:479
2019-10-24 23:33:37.405 661 DEBUG novaclient.v2.client [-] RESP BODY: {"flavors": [{"name": "rally_full-flavor_alt_c6649e43-93f7-4f24-879f-4cce034e4d4e", "links": [{"href": "http://10.167.4.35:8774/v2.1/flavors/c79b3726-bad5-420a-9291-eda8f533ba53", "rel": "self"}, {"href": "http://10.167.4.35:8774/flavors/c79b3726-bad5-420a-9291-eda8f533ba53", "rel": "bookmark"}], "ram": 1024, "OS-FLV-DISABLED:disabled": false, "vcpus": 1, "swap": "", "os-flavor-access:is_public": true, "rxtx_factor": 1.0, "OS-FLV-EXT-DATA:ephemeral": 0, "disk": 1, "id": "c79b3726-bad5-420a-9291-eda8f533ba53"}, {"name": "rally_full-flavor_c6649e43-93f7-4f24-879f-4cce034e4d4e", "links": [{"href": "http://10.167.4.35:8774/v2.1/flavors/fb2a23f3-755f-49c8-897a-ec6cb11fd002", "rel": "self"}, {"href": "http://10.167.4.35:8774/flavors/fb2a23f3-755f-49c8-897a-ec6cb11fd002", "rel": "bookmark"}], "ram": 512, "OS-FLV-DISABLED:disabled": false, "vcpus": 1, "swap": "", "os-flavor-access:is_public": true, "rxtx_factor": 1.0, "OS-FLV-EXT-DATA:ephemeral": 0, "disk": 1, "id": "fb2a23f3-755f-49c8-897a-ec6cb11fd002"}]} _http_log_response /usr/lib/python2.7/site-packages/keystoneauth1/session.py:511
2019-10-24 23:33:37.405 661 DEBUG novaclient.v2.client [-] GET call to compute for http://10.167.4.35:8774/v2.1/flavors/detail used request id req-1bafd326-fe69-4ab7-8705-53a97f734e03 request /usr/lib/python2.7/site-packages/keystoneauth1/session.py:844
2019-10-24 23:33:37.408 661 DEBUG novaclient.v2.client [-] REQ: curl -g -i --cacert "/etc/ssl/certs/mcp_os_cacert" -X GET http://10.167.4.35:8774/v2.1/flavors/detail -H "Accept: application/json" -H "User-Agent: python-novaclient" -H "X-Auth-Token: {SHA1}05163380f5bf3d71df1991c4d40d0fee2be74ba8" _http_log_request /usr/lib/python2.7/site-packages/keystoneauth1/session.py:448
2019-10-24 23:33:37.413 663 DEBUG novaclient.v2.client [-] RESP: [200] Connection: close Content-Length: 1014 Content-Type: application/json Date: Thu, 24 Oct 2019 23:33:37 GMT Openstack-Api-Version: compute 2.1 Vary: OpenStack-API-Version, X-OpenStack-Nova-API-Version X-Compute-Request-Id: req-cb6ee512-8442-4374-8f07-9504fc7ef338 X-Openstack-Nova-Api-Version: 2.1 X-Openstack-Request-Id: req-cb6ee512-8442-4374-8f07-9504fc7ef338 _http_log_response /usr/lib/python2.7/site-packages/keystoneauth1/session.py:479
2019-10-24 23:33:37.414 663 DEBUG novaclient.v2.client [-] RESP BODY: {"flavors": [{"name": "rally_full-flavor_alt_c6649e43-93f7-4f24-879f-4cce034e4d4e", "links": [{"href": "http://10.167.4.35:8774/v2.1/flavors/c79b3726-bad5-420a-9291-eda8f533ba53", "rel": "self"}, {"href": "http://10.167.4.35:8774/flavors/c79b3726-bad5-420a-9291-eda8f533ba53", "rel": "bookmark"}], "ram": 1024, "OS-FLV-DISABLED:disabled": false, "vcpus": 1, "swap": "", "os-flavor-access:is_public": true, "rxtx_factor": 1.0, "OS-FLV-EXT-DATA:ephemeral": 0, "disk": 1, "id": "c79b3726-bad5-420a-9291-eda8f533ba53"}, {"name": "rally_full-flavor_c6649e43-93f7-4f24-879f-4cce034e4d4e", "links": [{"href": "http://10.167.4.35:8774/v2.1/flavors/fb2a23f3-755f-49c8-897a-ec6cb11fd002", "rel": "self"}, {"href": "http://10.167.4.35:8774/flavors/fb2a23f3-755f-49c8-897a-ec6cb11fd002", "rel": "bookmark"}], "ram": 512, "OS-FLV-DISABLED:disabled": false, "vcpus": 1, "swap": "", "os-flavor-access:is_public": true, "rxtx_factor": 1.0, "OS-FLV-EXT-DATA:ephemeral": 0, "disk": 1, "id": "fb2a23f3-755f-49c8-897a-ec6cb11fd002"}]} _http_log_response /usr/lib/python2.7/site-packages/keystoneauth1/session.py:511
2019-10-24 23:33:37.414 663 DEBUG novaclient.v2.client [-] GET call to compute for http://10.167.4.35:8774/v2.1/flavors/detail used request id req-cb6ee512-8442-4374-8f07-9504fc7ef338 request /usr/lib/python2.7/site-packages/keystoneauth1/session.py:844
2019-10-24 23:33:37.416 663 DEBUG novaclient.v2.client [-] REQ: curl -g -i --cacert "/etc/ssl/certs/mcp_os_cacert" -X GET http://10.167.4.35:8774/v2.1/flavors/detail -H "Accept: application/json" -H "User-Agent: python-novaclient" -H "X-Auth-Token: {SHA1}b947c3cbc4d0dcebd2e130431d6759c7206d17e5" _http_log_request /usr/lib/python2.7/site-packages/keystoneauth1/session.py:448
2019-10-24 23:33:37.417 662 DEBUG novaclient.v2.client [-] RESP: [200] Connection: close Content-Length: 1014 Content-Type: application/json Date: Thu, 24 Oct 2019 23:33:37 GMT Openstack-Api-Version: compute 2.1 Vary: OpenStack-API-Version, X-OpenStack-Nova-API-Version X-Compute-Request-Id: req-83dc4ce6-c370-4c54-9ad3-2ab2c4c30923 X-Openstack-Nova-Api-Version: 2.1 X-Openstack-Request-Id: req-83dc4ce6-c370-4c54-9ad3-2ab2c4c30923 _http_log_response /usr/lib/python2.7/site-packages/keystoneauth1/session.py:479
2019-10-24 23:33:37.418 662 DEBUG novaclient.v2.client [-] RESP BODY: {"flavors": [{"name": "rally_full-flavor_alt_c6649e43-93f7-4f24-879f-4cce034e4d4e", "links": [{"href": "http://10.167.4.35:8774/v2.1/flavors/c79b3726-bad5-420a-9291-eda8f533ba53", "rel": "self"}, {"href": "http://10.167.4.35:8774/flavors/c79b3726-bad5-420a-9291-eda8f533ba53", "rel": "bookmark"}], "ram": 1024, "OS-FLV-DISABLED:disabled": false, "vcpus": 1, "swap": "", "os-flavor-access:is_public": true, "rxtx_factor": 1.0, "OS-FLV-EXT-DATA:ephemeral": 0, "disk": 1, "id": "c79b3726-bad5-420a-9291-eda8f533ba53"}, {"name": "rally_full-flavor_c6649e43-93f7-4f24-879f-4cce034e4d4e", "links": [{"href": "http://10.167.4.35:8774/v2.1/flavors/fb2a23f3-755f-49c8-897a-ec6cb11fd002", "rel": "self"}, {"href": "http://10.167.4.35:8774/flavors/fb2a23f3-755f-49c8-897a-ec6cb11fd002", "rel": "bookmark"}], "ram": 512, "OS-FLV-DISABLED:disabled": false, "vcpus": 1, "swap": "", "os-flavor-access:is_public": true, "rxtx_factor": 1.0, "OS-FLV-EXT-DATA:ephemeral": 0, "disk": 1, "id": "fb2a23f3-755f-49c8-897a-ec6cb11fd002"}]} _http_log_response /usr/lib/python2.7/site-packages/keystoneauth1/session.py:511
2019-10-24 23:33:37.418 662 DEBUG novaclient.v2.client [-] GET call to compute for http://10.167.4.35:8774/v2.1/flavors/detail used request id req-83dc4ce6-c370-4c54-9ad3-2ab2c4c30923 request /usr/lib/python2.7/site-packages/keystoneauth1/session.py:844
2019-10-24 23:33:37.420 662 DEBUG novaclient.v2.client [-] REQ: curl -g -i --cacert "/etc/ssl/certs/mcp_os_cacert" -X GET http://10.167.4.35:8774/v2.1/flavors/detail -H "Accept: application/json" -H "User-Agent: python-novaclient" -H "X-Auth-Token: {SHA1}e5fd503fa368fad303505cf1cd87162978e5ee53" _http_log_request /usr/lib/python2.7/site-packages/keystoneauth1/session.py:448
2019-10-24 23:33:37.431 661 DEBUG novaclient.v2.client [-] RESP: [200] Connection: close Content-Length: 1014 Content-Type: application/json Date: Thu, 24 Oct 2019 23:33:37 GMT Openstack-Api-Version: compute 2.1 Vary: OpenStack-API-Version, X-OpenStack-Nova-API-Version X-Compute-Request-Id: req-b16b985b-e71b-438a-9d32-625679a718ef X-Openstack-Nova-Api-Version: 2.1 X-Openstack-Request-Id: req-b16b985b-e71b-438a-9d32-625679a718ef _http_log_response /usr/lib/python2.7/site-packages/keystoneauth1/session.py:479
2019-10-24 23:33:37.432 661 DEBUG novaclient.v2.client [-] RESP BODY: {"flavors": [{"name": "rally_full-flavor_alt_c6649e43-93f7-4f24-879f-4cce034e4d4e", "links": [{"href": "http://10.167.4.35:8774/v2.1/flavors/c79b3726-bad5-420a-9291-eda8f533ba53", "rel": "self"}, {"href": "http://10.167.4.35:8774/flavors/c79b3726-bad5-420a-9291-eda8f533ba53", "rel": "bookmark"}], "ram": 1024, "OS-FLV-DISABLED:disabled": false, "vcpus": 1, "swap": "", "os-flavor-access:is_public": true, "rxtx_factor": 1.0, "OS-FLV-EXT-DATA:ephemeral": 0, "disk": 1, "id": "c79b3726-bad5-420a-9291-eda8f533ba53"}, {"name": "rally_full-flavor_c6649e43-93f7-4f24-879f-4cce034e4d4e", "links": [{"href": "http://10.167.4.35:8774/v2.1/flavors/fb2a23f3-755f-49c8-897a-ec6cb11fd002", "rel": "self"}, {"href": "http://10.167.4.35:8774/flavors/fb2a23f3-755f-49c8-897a-ec6cb11fd002", "rel": "bookmark"}], "ram": 512, "OS-FLV-DISABLED:disabled": false, "vcpus": 1, "swap": "", "os-flavor-access:is_public": true, "rxtx_factor": 1.0, "OS-FLV-EXT-DATA:ephemeral": 0, "disk": 1, "id": "fb2a23f3-755f-49c8-897a-ec6cb11fd002"}]} _http_log_response /usr/lib/python2.7/site-packages/keystoneauth1/session.py:511
2019-10-24 23:33:37.432 661 DEBUG novaclient.v2.client [-] GET call to compute for http://10.167.4.35:8774/v2.1/flavors/detail used request id req-b16b985b-e71b-438a-9d32-625679a718ef request /usr/lib/python2.7/site-packages/keystoneauth1/session.py:844
2019-10-24 23:33:37.434 661 INFO rally.task.runner [-] Task 1188cb9a-fde8-40aa-856b-04e1d9376874 | ITER: 1 END: OK
2019-10-24 23:33:37.436 663 DEBUG novaclient.v2.client [-] RESP: [200] Connection: close Content-Length: 1014 Content-Type: application/json Date: Thu, 24 Oct 2019 23:33:37 GMT Openstack-Api-Version: compute 2.1 Vary: OpenStack-API-Version, X-OpenStack-Nova-API-Version X-Compute-Request-Id: req-5172ab91-86b3-49c7-a4cf-0ec56a4204c7 X-Openstack-Nova-Api-Version: 2.1 X-Openstack-Request-Id: req-5172ab91-86b3-49c7-a4cf-0ec56a4204c7 _http_log_response /usr/lib/python2.7/site-packages/keystoneauth1/session.py:479
2019-10-24 23:33:37.437 663 DEBUG novaclient.v2.client [-] RESP BODY: {"flavors": [{"name": "rally_full-flavor_alt_c6649e43-93f7-4f24-879f-4cce034e4d4e", "links": [{"href": "http://10.167.4.35:8774/v2.1/flavors/c79b3726-bad5-420a-9291-eda8f533ba53", "rel": "self"}, {"href": "http://10.167.4.35:8774/flavors/c79b3726-bad5-420a-9291-eda8f533ba53", "rel": "bookmark"}], "ram": 1024, "OS-FLV-DISABLED:disabled": false, "vcpus": 1, "swap": "", "os-flavor-access:is_public": true, "rxtx_factor": 1.0, "OS-FLV-EXT-DATA:ephemeral": 0, "disk": 1, "id": "c79b3726-bad5-420a-9291-eda8f533ba53"}, {"name": "rally_full-flavor_c6649e43-93f7-4f24-879f-4cce034e4d4e", "links": [{"href": "http://10.167.4.35:8774/v2.1/flavors/fb2a23f3-755f-49c8-897a-ec6cb11fd002", "rel": "self"}, {"href": "http://10.167.4.35:8774/flavors/fb2a23f3-755f-49c8-897a-ec6cb11fd002", "rel": "bookmark"}], "ram": 512, "OS-FLV-DISABLED:disabled": false, "vcpus": 1, "swap": "", "os-flavor-access:is_public": true, "rxtx_factor": 1.0, "OS-FLV-EXT-DATA:ephemeral": 0, "disk": 1, "id": "fb2a23f3-755f-49c8-897a-ec6cb11fd002"}]} _http_log_response /usr/lib/python2.7/site-packages/keystoneauth1/session.py:511
2019-10-24 23:33:37.437 663 DEBUG novaclient.v2.client [-] GET call to compute for http://10.167.4.35:8774/v2.1/flavors/detail used request id req-5172ab91-86b3-49c7-a4cf-0ec56a4204c7 request /usr/lib/python2.7/site-packages/keystoneauth1/session.py:844
2019-10-24 23:33:37.438 662 DEBUG novaclient.v2.client [-] RESP: [200] Connection: close Content-Length: 1014 Content-Type: application/json Date: Thu, 24 Oct 2019 23:33:37 GMT Openstack-Api-Version: compute 2.1 Vary: OpenStack-API-Version, X-OpenStack-Nova-API-Version X-Compute-Request-Id: req-5c0e5375-e103-4b72-9b01-514baf392c7f X-Openstack-Nova-Api-Version: 2.1 X-Openstack-Request-Id: req-5c0e5375-e103-4b72-9b01-514baf392c7f _http_log_response /usr/lib/python2.7/site-packages/keystoneauth1/session.py:479
2019-10-24 23:33:37.438 663 INFO rally.task.runner [-] Task 1188cb9a-fde8-40aa-856b-04e1d9376874 | ITER: 3 END: OK
2019-10-24 23:33:37.438 662 DEBUG novaclient.v2.client [-] RESP BODY: {"flavors": [{"name": "rally_full-flavor_alt_c6649e43-93f7-4f24-879f-4cce034e4d4e", "links": [{"href": "http://10.167.4.35:8774/v2.1/flavors/c79b3726-bad5-420a-9291-eda8f533ba53", "rel": "self"}, {"href": "http://10.167.4.35:8774/flavors/c79b3726-bad5-420a-9291-eda8f533ba53", "rel": "bookmark"}], "ram": 1024, "OS-FLV-DISABLED:disabled": false, "vcpus": 1, "swap": "", "os-flavor-access:is_public": true, "rxtx_factor": 1.0, "OS-FLV-EXT-DATA:ephemeral": 0, "disk": 1, "id": "c79b3726-bad5-420a-9291-eda8f533ba53"}, {"name": "rally_full-flavor_c6649e43-93f7-4f24-879f-4cce034e4d4e", "links": [{"href": "http://10.167.4.35:8774/v2.1/flavors/fb2a23f3-755f-49c8-897a-ec6cb11fd002", "rel": "self"}, {"href": "http://10.167.4.35:8774/flavors/fb2a23f3-755f-49c8-897a-ec6cb11fd002", "rel": "bookmark"}], "ram": 512, "OS-FLV-DISABLED:disabled": false, "vcpus": 1, "swap": "", "os-flavor-access:is_public": true, "rxtx_factor": 1.0, "OS-FLV-EXT-DATA:ephemeral": 0, "disk": 1, "id": "fb2a23f3-755f-49c8-897a-ec6cb11fd002"}]} _http_log_response /usr/lib/python2.7/site-packages/keystoneauth1/session.py:511
2019-10-24 23:33:37.439 662 DEBUG novaclient.v2.client [-] GET call to compute for http://10.167.4.35:8774/v2.1/flavors/detail used request id req-5c0e5375-e103-4b72-9b01-514baf392c7f request /usr/lib/python2.7/site-packages/keystoneauth1/session.py:844
2019-10-24 23:33:37.439 661 INFO rally.task.runner [-] Task 1188cb9a-fde8-40aa-856b-04e1d9376874 | ITER: 5 START
2019-10-24 23:33:37.440 662 INFO rally.task.runner [-] Task 1188cb9a-fde8-40aa-856b-04e1d9376874 | ITER: 2 END: OK
2019-10-24 23:33:37.441 663 INFO rally.task.runner [-] Task 1188cb9a-fde8-40aa-856b-04e1d9376874 | ITER: 6 START
2019-10-24 23:33:37.446 662 INFO rally.task.runner [-] Task 1188cb9a-fde8-40aa-856b-04e1d9376874 | ITER: 7 START
2019-10-24 23:33:37.511 664 DEBUG novaclient.v2.client [-] RESP: [200] Connection: close Content-Length: 1014 Content-Type: application/json Date: Thu, 24 Oct 2019 23:33:37 GMT Openstack-Api-Version: compute 2.1 Vary: OpenStack-API-Version, X-OpenStack-Nova-API-Version X-Compute-Request-Id: req-c9154343-47ce-4ed8-bdb1-0fa84f59f3a6 X-Openstack-Nova-Api-Version: 2.1 X-Openstack-Request-Id: req-c9154343-47ce-4ed8-bdb1-0fa84f59f3a6 _http_log_response /usr/lib/python2.7/site-packages/keystoneauth1/session.py:479
2019-10-24 23:33:37.512 664 DEBUG novaclient.v2.client [-] RESP BODY: {"flavors": [{"name": "rally_full-flavor_alt_c6649e43-93f7-4f24-879f-4cce034e4d4e", "links": [{"href": "http://10.167.4.35:8774/v2.1/flavors/c79b3726-bad5-420a-9291-eda8f533ba53", "rel": "self"}, {"href": "http://10.167.4.35:8774/flavors/c79b3726-bad5-420a-9291-eda8f533ba53", "rel": "bookmark"}], "ram": 1024, "OS-FLV-DISABLED:disabled": false, "vcpus": 1, "swap": "", "os-flavor-access:is_public": true, "rxtx_factor": 1.0, "OS-FLV-EXT-DATA:ephemeral": 0, "disk": 1, "id": "c79b3726-bad5-420a-9291-eda8f533ba53"}, {"name": "rally_full-flavor_c6649e43-93f7-4f24-879f-4cce034e4d4e", "links": [{"href": "http://10.167.4.35:8774/v2.1/flavors/fb2a23f3-755f-49c8-897a-ec6cb11fd002", "rel": "self"}, {"href": "http://10.167.4.35:8774/flavors/fb2a23f3-755f-49c8-897a-ec6cb11fd002", "rel": "bookmark"}], "ram": 512, "OS-FLV-DISABLED:disabled": false, "vcpus": 1, "swap": "", "os-flavor-access:is_public": true, "rxtx_factor": 1.0, "OS-FLV-EXT-DATA:ephemeral": 0, "disk": 1, "id": "fb2a23f3-755f-49c8-897a-ec6cb11fd002"}]} _http_log_response /usr/lib/python2.7/site-packages/keystoneauth1/session.py:511
2019-10-24 23:33:37.512 664 DEBUG novaclient.v2.client [-] GET call to compute for http://10.167.4.35:8774/v2.1/flavors/detail used request id req-c9154343-47ce-4ed8-bdb1-0fa84f59f3a6 request /usr/lib/python2.7/site-packages/keystoneauth1/session.py:844
