2019-09-15 09:02:54.694 21671 RALLYDEBUG rally_openstack.cleanup.manager [-] Deleting neutron.port object s_rally_78d1ce01_6wH84ICk (d47ff4d0-a550-4942-ac16-d69554618fb4)
2019-09-15 09:02:54.736 21671 RALLYDEBUG rally_openstack.cleanup.manager [-] Deleting neutron.port object s_rally_78d1ce01_bjEMO10N (d53c3175-cf2c-4bde-9320-6c6dcc76a8e1)
2019-09-15 09:02:54.855 21671 RALLYDEBUG rally_openstack.cleanup.manager [-] Deleting neutron.port object s_rally_78d1ce01_w5MdlMH5 (d56dc48a-a5e3-4a94-aa2d-82952d59ca39)
2019-09-15 09:02:54.920 21671 RALLYDEBUG rally_openstack.cleanup.manager [-] Deleting neutron.port object s_rally_78d1ce01_8NSfQbnh (d5e7d86e-39b2-4665-bbe4-5fd566d1698a)
2019-09-15 09:02:54.968 21671 RALLYDEBUG rally_openstack.cleanup.manager [-] Deleting neutron.port object s_rally_78d1ce01_pOz0YnWf (d8b59e57-e3f7-4f72-80cf-625a54043fcb)
2019-09-15 09:02:55.272 21671 RALLYDEBUG rally_openstack.cleanup.manager [-] Deleting neutron.port object s_rally_78d1ce01_x6pdQ0Jf (d8bc3746-f87e-409c-bfb9-60fff2797046)
2019-09-15 09:02:55.330 21671 RALLYDEBUG rally_openstack.cleanup.manager [-] Deleting neutron.port object s_rally_78d1ce01_y8FAEs2P (d97f80a4-71e6-428d-80b5-71e60df1bbf4)
2019-09-15 09:02:55.455 21671 RALLYDEBUG rally_openstack.cleanup.manager [-] Deleting neutron.port object s_rally_78d1ce01_1QqRlexT (d98237b3-48a4-453b-baa9-eb63897b0f08)
2019-09-15 09:02:55.492 21671 RALLYDEBUG rally_openstack.cleanup.manager [-] Deleting neutron.port object s_rally_78d1ce01_Sk3WWeT4 (d9fdaaad-2ca8-4556-a3aa-4f92f1602478)
2019-09-15 09:02:55.564 21671 RALLYDEBUG rally_openstack.cleanup.manager [-] Deleting neutron.port object s_rally_78d1ce01_pZEVqJVG (dad1b776-b6db-42cd-99c2-d3ca378fe68e)
2019-09-15 09:02:55.636 21671 RALLYDEBUG rally_openstack.cleanup.manager [-] Deleting neutron.port object s_rally_78d1ce01_wkHKq7NT (dcf21f82-701d-4705-937f-45ed14789c83)
2019-09-15 09:02:55.648 21671 RALLYDEBUG rally_openstack.cleanup.manager [-] Deleting neutron.port object s_rally_78d1ce01_5eKhMqGH (ddf1c390-724b-44ea-b939-f2dbd93c02a1)
2019-09-15 09:02:55.756 21671 RALLYDEBUG rally_openstack.cleanup.manager [-] Deleting neutron.port object s_rally_78d1ce01_VTCDpOrf (de38ff10-7784-47c7-a7f4-18ca044a1b16)
2019-09-15 09:02:55.984 21671 RALLYDEBUG rally_openstack.cleanup.manager [-] Deleting neutron.port object s_rally_78d1ce01_vSC0v1Zz (deddd3c8-f21b-4bdb-ade8-4146c30c17d7)
2019-09-15 09:02:56.075 21671 RALLYDEBUG rally_openstack.cleanup.manager [-] Deleting neutron.port object s_rally_78d1ce01_bAGwubRm (dfa8846b-b77b-46db-aa2f-c74439527df5)
2019-09-15 09:02:56.085 21671 RALLYDEBUG rally_openstack.cleanup.manager [-] Deleting neutron.port object s_rally_78d1ce01_87uf9m9i (e07c1eae-6807-448b-a992-9ef6be75c765)
2019-09-15 09:02:56.371 21671 RALLYDEBUG rally_openstack.cleanup.manager [-] Deleting neutron.port object s_rally_78d1ce01_4TDdXXX5 (e0d94cd8-0500-4f29-a8a0-bf0e81615605)
2019-09-15 09:02:56.447 21671 RALLYDEBUG rally_openstack.cleanup.manager [-] Deleting neutron.port object s_rally_78d1ce01_IpyBREFT (e3a46c69-68db-43de-9b2c-dc0085545c29)
2019-09-15 09:02:56.566 21671 RALLYDEBUG rally_openstack.cleanup.manager [-] Deleting neutron.port object s_rally_78d1ce01_vDBzL0No (e5452c24-28c3-49f4-9f5d-2f12da2bd6a6)
2019-09-15 09:02:56.852 21671 RALLYDEBUG rally_openstack.cleanup.manager [-] Deleting neutron.port object s_rally_78d1ce01_bL3jVBpY (e54bb784-3d99-48ab-8dfe-9807dda899d9)
2019-09-15 09:02:56.916 21671 RALLYDEBUG rally_openstack.cleanup.manager [-] Deleting neutron.port object s_rally_78d1ce01_VMizUPae (e5f51d21-5d15-4d1f-8690-b435423b0e16)
2019-09-15 09:02:56.942 21671 RALLYDEBUG rally_openstack.cleanup.manager [-] Deleting neutron.port object s_rally_78d1ce01_01h6J0jP (e7a2c8f6-b7a3-4e34-a95b-3ccaf01e984e)
2019-09-15 09:02:56.971 21671 RALLYDEBUG rally_openstack.cleanup.manager [-] Deleting neutron.port object s_rally_78d1ce01_t1AwWbtj (e7f1bd1e-367c-48ae-aac9-0f03ef792fe7)
2019-09-15 09:02:56.978 21671 RALLYDEBUG rally_openstack.cleanup.manager [-] Deleting neutron.port object s_rally_78d1ce01_rDnGWwuQ (e7fdb362-4e99-448c-9643-c8445f1e30c9)
2019-09-15 09:02:57.090 21671 RALLYDEBUG rally_openstack.cleanup.manager [-] Deleting neutron.port object s_rally_78d1ce01_vVRM6gjV (e8364ecc-cec2-4fd9-b2e8-1d5816b0fa4c)
2019-09-15 09:02:57.484 21671 RALLYDEBUG rally_openstack.cleanup.manager [-] Deleting neutron.port object s_rally_78d1ce01_oST4FC00 (e8bbe79a-5849-46ce-9145-1eabf6efc988)
2019-09-15 09:02:57.561 21671 RALLYDEBUG rally_openstack.cleanup.manager [-] Deleting neutron.port object s_rally_78d1ce01_USTs8hjO (e8df9f9c-41e9-4e17-85dd-f74c39142142)
2019-09-15 09:02:57.577 21671 RALLYDEBUG rally_openstack.cleanup.manager [-] Deleting neutron.port object s_rally_78d1ce01_2wJnRRUI (e95b4b6a-6a87-43ab-abad-7a799005f2bf)
2019-09-15 09:02:57.603 21671 RALLYDEBUG rally_openstack.cleanup.manager [-] Deleting neutron.port object s_rally_78d1ce01_3m11lJaK (e96c5424-2ddb-4073-a701-2257fb22979a)
2019-09-15 09:02:57.740 21671 RALLYDEBUG rally_openstack.cleanup.manager [-] Deleting neutron.port object s_rally_78d1ce01_kPxtAWbq (e9e1627a-e120-4bfb-af98-cc51b7233e04)
2019-09-15 09:02:57.758 21671 RALLYDEBUG rally_openstack.cleanup.manager [-] Deleting neutron.port object s_rally_78d1ce01_JYh8XJUL (ec04ee51-49ba-425c-a516-55862addd642)
2019-09-15 09:02:57.802 21671 RALLYDEBUG rally_openstack.cleanup.manager [-] Deleting neutron.port object s_rally_78d1ce01_0B0d9pgu (ec38bc7e-5176-42c4-9bf4-b64c133f2111)
2019-09-15 09:02:57.887 21671 RALLYDEBUG rally_openstack.cleanup.manager [-] Deleting neutron.port object s_rally_78d1ce01_PLjnpwfx (eca35c9e-9569-46f4-83b4-3539f94b973f)
2019-09-15 09:02:57.964 21671 RALLYDEBUG rally_openstack.cleanup.manager [-] Deleting neutron.port object s_rally_78d1ce01_mifhNJQT (ed1de022-3bc9-4c85-8feb-5048058c25ca)
2019-09-15 09:02:58.006 21671 RALLYDEBUG rally_openstack.cleanup.manager [-] Deleting neutron.port object s_rally_78d1ce01_mIZdzz01 (ed907110-3bac-433e-af7f-2693939cb3fa)
2019-09-15 09:02:58.178 21671 RALLYDEBUG rally_openstack.cleanup.manager [-] Deleting neutron.port object s_rally_78d1ce01_uTBlbwBi (ef7b08e0-bfc7-4369-b60b-59dfe50271f2)
2019-09-15 09:02:58.278 21671 RALLYDEBUG rally_openstack.cleanup.manager [-] Deleting neutron.port object s_rally_78d1ce01_kQnAotLi (efa60ba0-a6a0-4d14-972d-b0f23d838fa6)
2019-09-15 09:02:58.716 21671 RALLYDEBUG rally_openstack.cleanup.manager [-] Deleting neutron.port object s_rally_78d1ce01_3wO15HKB (efba8431-fe5d-4140-a078-d322d4e32a23)
2019-09-15 09:02:58.737 21671 RALLYDEBUG rally_openstack.cleanup.manager [-] Deleting neutron.port object s_rally_78d1ce01_rWras0fT (f0205b22-6be1-4692-b163-993d7682b261)
2019-09-15 09:02:58.784 21671 RALLYDEBUG rally_openstack.cleanup.manager [-] Deleting neutron.port object s_rally_78d1ce01_RmBwgUwF (f0b8438b-d98d-49e9-a83d-e50bb54e231a)
2019-09-15 09:02:58.875 21671 RALLYDEBUG rally_openstack.cleanup.manager [-] Deleting neutron.port object s_rally_78d1ce01_FV6gkadU (f114f729-88c0-4f53-86ac-f7a8cd8ecbd2)
2019-09-15 09:02:58.908 21671 RALLYDEBUG rally_openstack.cleanup.manager [-] Deleting neutron.port object s_rally_78d1ce01_T21U6Vj1 (f16717c3-c31d-4839-a922-cd6dec889e59)
2019-09-15 09:02:58.926 21671 RALLYDEBUG rally_openstack.cleanup.manager [-] Deleting neutron.port object s_rally_78d1ce01_l9Z1mxYO (f1b0b5f8-a8ae-4b3b-9ff7-2c4290bd2764)
2019-09-15 09:02:59.102 21671 RALLYDEBUG rally_openstack.cleanup.manager [-] Deleting neutron.port object s_rally_78d1ce01_qz5lfFG2 (f399c2fb-eccb-4a40-a330-ae2cbc4f0c05)
2019-09-15 09:02:59.206 21671 RALLYDEBUG rally_openstack.cleanup.manager [-] Deleting neutron.port object s_rally_78d1ce01_m5t8Cy0T (f3ccffde-fcd9-4106-9e66-c10a65dd7232)
2019-09-15 09:02:59.538 21671 RALLYDEBUG rally_openstack.cleanup.manager [-] Deleting neutron.port object s_rally_78d1ce01_IxiRxBWi (f4522cc4-ce0e-4409-a36f-dabbdfcc6073)
2019-09-15 09:02:59.635 21671 RALLYDEBUG rally_openstack.cleanup.manager [-] Deleting neutron.port object s_rally_78d1ce01_jObYJsMB (f527da32-9bc5-42d7-b4a2-eaff79969da5)
2019-09-15 09:02:59.721 21671 RALLYDEBUG rally_openstack.cleanup.manager [-] Deleting neutron.port object s_rally_78d1ce01_VNDqTvCV (f53ab0ae-ebff-46b1-a3f0-694d50bfffe5)
2019-09-15 09:03:00.044 21671 RALLYDEBUG rally_openstack.cleanup.manager [-] Deleting neutron.port object s_rally_78d1ce01_o2bq2XjM (f5858904-ef10-4164-8883-99a7baf6cbbd)
2019-09-15 09:03:00.071 21671 RALLYDEBUG rally_openstack.cleanup.manager [-] Deleting neutron.port object s_rally_78d1ce01_fEyNolVb (f63e99da-ab4a-4148-98a0-474729f1dc1b)
2019-09-15 09:03:00.118 21671 RALLYDEBUG rally_openstack.cleanup.manager [-] Deleting neutron.port object s_rally_78d1ce01_WrlQlr6v (f6a919eb-2ee8-4546-88a5-466bd180b2d1)
2019-09-15 09:03:00.161 21671 RALLYDEBUG rally_openstack.cleanup.manager [-] Deleting neutron.port object s_rally_78d1ce01_BJCwJrwA (f74a44a6-8c95-4f2a-972c-895a3327e7de)
2019-09-15 09:03:00.206 21671 RALLYDEBUG rally_openstack.cleanup.manager [-] Deleting neutron.port object s_rally_78d1ce01_6CPPocSq (f84303c8-42ca-4537-b727-888e218f7a7e)
2019-09-15 09:03:00.333 21671 RALLYDEBUG rally_openstack.cleanup.manager [-] Deleting neutron.port object s_rally_78d1ce01_ic6Bsjn9 (f9404ed8-eadd-44c5-b59c-c6aeaf60203b)
2019-09-15 09:03:00.383 21671 RALLYDEBUG rally_openstack.cleanup.manager [-] Deleting neutron.port object s_rally_78d1ce01_HbQH6D7r (f94874b7-4105-4e25-a007-8d68a9c68849)
2019-09-15 09:03:00.433 21671 RALLYDEBUG rally_openstack.cleanup.manager [-] Deleting neutron.port object s_rally_78d1ce01_xbQR2Kob (f9f009dc-3fa7-4e8c-8b12-360fe3fb3a8b)
2019-09-15 09:03:00.566 21671 RALLYDEBUG rally_openstack.cleanup.manager [-] Deleting neutron.port object s_rally_78d1ce01_PEWcGk9N (fba07c82-50cf-44c8-b2c0-cb362dba94fe)
2019-09-15 09:03:00.775 21671 RALLYDEBUG rally_openstack.cleanup.manager [-] Deleting neutron.port object s_rally_78d1ce01_mwce6kVP (fbefd333-e8ff-42b2-b024-0fa1d334cbd7)
2019-09-15 09:03:00.925 21671 RALLYDEBUG rally_openstack.cleanup.manager [-] Deleting neutron.port object s_rally_78d1ce01_ZCk87WL4 (fe4ebcaa-4cba-47e2-accc-79ebf63d4b42)
2019-09-15 09:03:01.037 21671 RALLYDEBUG rally_openstack.cleanup.manager [-] Deleting neutron.port object s_rally_78d1ce01_xk88ap8j (fe9e4360-f658-4584-932e-19b0e5973dcb)
2019-09-15 09:03:03.066 21671 RALLYDEBUG rally_openstack.cleanup.manager [-] Cleaning up neutron subnet objects
2019-09-15 09:03:03.507 21671 RALLYDEBUG rally_openstack.cleanup.manager [-] Cleaning up neutron network objects
2019-09-15 09:03:03.986 21671 RALLYDEBUG rally_openstack.cleanup.manager [-] Deleting neutron.network object s_rally_78d1ce01_LcvsFnHq (12308a1c-b16b-45b1-ab3c-343ac986b7b8)
2019-09-15 09:03:04.000 21671 RALLYDEBUG rally_openstack.cleanup.manager [-] Deleting neutron.network object s_rally_78d1ce01_jFtiRLdF (26989ba2-47d6-4c4a-9b12-a97ed9cf4d7e)
2019-09-15 09:03:04.001 21671 RALLYDEBUG rally_openstack.cleanup.manager [-] Deleting neutron.network object s_rally_78d1ce01_B6ItM9Zk (53dafe3c-db4f-4c48-9269-488fa26505e9)
2019-09-15 09:03:04.018 21671 RALLYDEBUG rally_openstack.cleanup.manager [-] Deleting neutron.network object s_rally_78d1ce01_0OMk9q4k (734dc57b-c471-42b7-8645-9994b7e4f10e)
2019-09-15 09:03:04.019 21671 RALLYDEBUG rally_openstack.cleanup.manager [-] Deleting neutron.network object s_rally_78d1ce01_Ee2HZnpV (6f1d8b6f-8117-4133-a0ad-57cfd79983f1)
2019-09-15 09:03:04.034 21671 RALLYDEBUG rally_openstack.cleanup.manager [-] Deleting neutron.network object s_rally_78d1ce01_8D1RQMkI (8cbcce96-73c5-4acc-a0f6-ea41663dd338)
2019-09-15 09:03:04.034 21671 RALLYDEBUG rally_openstack.cleanup.manager [-] Deleting neutron.network object s_rally_78d1ce01_gWBSQmjV (c3268821-7a54-4df2-8e18-0a40a9174bc1)
2019-09-15 09:03:04.038 21671 RALLYDEBUG rally_openstack.cleanup.manager [-] Deleting neutron.network object s_rally_78d1ce01_OD9IbicY (ea008f94-5f93-4688-9b22-5e710acf03f3)
2019-09-15 09:03:06.979 21671 RALLYDEBUG rally_openstack.cleanup.manager [-] Cleaning up neutron router objects
2019-09-15 09:03:07.427 21671 RALLYDEBUG rally_openstack.cleanup.manager [-] Cleaning up neutron security_group objects
2019-09-15 09:03:07.860 21671 INFO rally.task.context [-] Task 55de7d80-0c60-484f-9b4b-41dee91c3f3f | Context cleanup@openstack cleanup() finished in 54.83 sec
2019-09-15 09:03:07.860 21671 INFO rally.task.context [-] Task 55de7d80-0c60-484f-9b4b-41dee91c3f3f | Context quotas@openstack cleanup() started
2019-09-15 09:03:07.957 21671 INFO rally.task.context [-] Task 55de7d80-0c60-484f-9b4b-41dee91c3f3f | Context quotas@openstack cleanup() finished in 96.79 msec
2019-09-15 09:03:07.957 21671 INFO rally.task.context [-] Task 55de7d80-0c60-484f-9b4b-41dee91c3f3f | Context users@openstack cleanup() started
2019-09-15 09:03:10.743 21671 INFO rally.task.context [-] Task 55de7d80-0c60-484f-9b4b-41dee91c3f3f | Context users@openstack cleanup() finished in 2.79 sec
2019-09-15 09:03:12.312 21671 INFO rally.task.engine [-] Load duration is: 58.375564
2019-09-15 09:03:12.313 21671 INFO rally.task.engine [-] Full runner duration is: 58.426963
2019-09-15 09:03:12.313 21671 INFO rally.task.engine [-] Full duration is: 118.974263
2019-09-15 09:03:12.648 21671 INFO rally.task.engine [-] Running workload: position = 1 config = { "version": 2, "title": "A cropped version of a bigger task.", "description": "Auto-generated task from a single workload (uuid=2e0ea1a7-84d8-4071-af8e-481f9c3e264a)", "subtasks": [ { "title": "NeutronNetworks.create_and_update_ports", "description": "Create and update a given number of ports.", "scenario": { "NeutronNetworks.create_and_update_ports": { "network_create_args": {}, "port_create_args": {}, "ports_per_network": 5, "port_update_args": { "admin_state_up": false, "device_id": "dummy_id", "device_owner": "dummy_owner", "name": "_port_updated" } } }, "contexts": { "users": { "tenants": 1, "users_per_tenant": 1 }, "quotas": { "neutron": { "network": -1, "port": -1 } } }, "runner": { "constant": { "times": 40, "concurrency": 20 } }, "hooks": [], "sla": { "failure_rate": { "max": 0 } } } ] }
2019-09-15 09:03:12.676 21671 RALLYDEBUG rally_openstack.contexts.keystone.users [-] Creating 1 tenants using 20 threads
2019-09-15 09:03:13.579 21671 RALLYDEBUG rally_openstack.contexts.keystone.users [-] Creating 1 users using 20 threads
2019-09-15 09:03:14.961 21671 INFO rally.task.context [-] Task 55de7d80-0c60-484f-9b4b-41dee91c3f3f | Context users@openstack setup() finished in 2.28 sec
2019-09-15 09:03:15.465 21671 INFO rally.task.context [-] Task 55de7d80-0c60-484f-9b4b-41dee91c3f3f | Context quotas@openstack setup() finished in 0.50 sec
2019-09-15 09:03:15.465 21671 INFO rally.task.context [-] Task 55de7d80-0c60-484f-9b4b-41dee91c3f3f | Context cleanup@openstack setup() finished in 0.01 msec
2019-09-15 09:03:15.475 21671 RALLYDEBUG rally.task.runner [-] Starting the constant runner (task UUID: 55de7d80-0c60-484f-9b4b-41dee91c3f3f). timeout: 0 concurrency: 20 concurrency_per_worker: 1 times: 40 concurrency_overhead: 4 processes_to_start: 16 max_cpu_used: 16
2019-09-15 09:03:15.489 25548 RALLYDEBUG rally.task.runner [-] Starting a worker. concurrency: 2 args: {"network_create_args": {}, "port_create_args": {}, "ports_per_network": 5, "port_update_args": {"admin_state_up": false, "device_id": "dummy_id", "device_owner": "dummy_owner", "name": "_port_updated"}} times: 40 method_name: run timeout: 0 duration: None cls:
2019-09-15 09:03:15.492 25549 RALLYDEBUG rally.task.runner [-] Starting a worker. concurrency: 2 args: {"network_create_args": {}, "port_create_args": {}, "ports_per_network": 5, "port_update_args": {"admin_state_up": false, "device_id": "dummy_id", "device_owner": "dummy_owner", "name": "_port_updated"}} times: 40 method_name: run timeout: 0 duration: None cls:
2019-09-15 09:03:15.495 25550 RALLYDEBUG rally.task.runner [-] Starting a worker. concurrency: 2 args: {"network_create_args": {}, "port_create_args": {}, "ports_per_network": 5, "port_update_args": {"admin_state_up": false, "device_id": "dummy_id", "device_owner": "dummy_owner", "name": "_port_updated"}} times: 40 method_name: run timeout: 0 duration: None cls:
2019-09-15 09:03:15.499 25551 RALLYDEBUG rally.task.runner [-] Starting a worker. concurrency: 2 args: {"network_create_args": {}, "port_create_args": {}, "ports_per_network": 5, "port_update_args": {"admin_state_up": false, "device_id": "dummy_id", "device_owner": "dummy_owner", "name": "_port_updated"}} times: 40 method_name: run timeout: 0 duration: None cls:
2019-09-15 09:03:15.502 25548 INFO rally.task.runner [-] Task 55de7d80-0c60-484f-9b4b-41dee91c3f3f | ITER: 3 START
2019-09-15 09:03:15.502 25549 INFO rally.task.runner [-] Task 55de7d80-0c60-484f-9b4b-41dee91c3f3f | ITER: 2 START
2019-09-15 09:03:15.502 25553 RALLYDEBUG rally.task.runner [-] Starting a worker. concurrency: 1 args: {"network_create_args": {}, "port_create_args": {}, "ports_per_network": 5, "port_update_args": {"admin_state_up": false, "device_id": "dummy_id", "device_owner": "dummy_owner", "name": "_port_updated"}} times: 40 method_name: run timeout: 0 duration: None cls:
2019-09-15 09:03:15.503 25550 INFO rally.task.runner [-] Task 55de7d80-0c60-484f-9b4b-41dee91c3f3f | ITER: 4 START
2019-09-15 09:03:15.505 25548 WARNING rally_openstack.scenarios.neutron.utils [-] Running this scenario without either the 'network' or 'existing_network' context is deprecated
2019-09-15 09:03:15.506 25550 WARNING rally_openstack.scenarios.neutron.utils [-] Running this scenario without either the 'network' or 'existing_network' context is deprecated
2019-09-15 09:03:15.506 25556 RALLYDEBUG rally.task.runner [-] Starting a worker. concurrency: 1 args: {"network_create_args": {}, "port_create_args": {}, "ports_per_network": 5, "port_update_args": {"admin_state_up": false, "device_id": "dummy_id", "device_owner": "dummy_owner", "name": "_port_updated"}} times: 40 method_name: run timeout: 0 duration: None cls:
2019-09-15 09:03:15.505 25549 WARNING rally_openstack.scenarios.neutron.utils [-] Running this scenario without either the 'network' or 'existing_network' context is deprecated
2019-09-15 09:03:15.506 25548 INFO rally.task.runner [-] Task 55de7d80-0c60-484f-9b4b-41dee91c3f3f | ITER: 1 START
2019-09-15 09:03:15.509 25553 INFO rally.task.runner [-] Task 55de7d80-0c60-484f-9b4b-41dee91c3f3f | ITER: 8 START
2019-09-15 09:03:15.508 25551 INFO rally.task.runner [-] Task 55de7d80-0c60-484f-9b4b-41dee91c3f3f | ITER: 7 START
2019-09-15 09:03:15.511 25553 WARNING rally_openstack.scenarios.neutron.utils [-] Running this scenario without either the 'network' or 'existing_network' context is deprecated
2019-09-15 09:03:15.510 25561 RALLYDEBUG rally.task.runner [-] Starting a worker. concurrency: 1 args: {"network_create_args": {}, "port_create_args": {}, "ports_per_network": 5, "port_update_args": {"admin_state_up": false, "device_id": "dummy_id", "device_owner": "dummy_owner", "name": "_port_updated"}} times: 40 method_name: run timeout: 0 duration: None cls:
2019-09-15 09:03:15.512 25551 WARNING rally_openstack.scenarios.neutron.utils [-] Running this scenario without either the 'network' or 'existing_network' context is deprecated
2019-09-15 09:03:15.514 25556 INFO rally.task.runner [-] Task 55de7d80-0c60-484f-9b4b-41dee91c3f3f | ITER: 10 START
2019-09-15 09:03:15.513 25564 RALLYDEBUG rally.task.runner [-] Starting a worker. concurrency: 1 args: {"network_create_args": {}, "port_create_args": {}, "ports_per_network": 5, "port_update_args": {"admin_state_up": false, "device_id": "dummy_id", "device_owner": "dummy_owner", "name": "_port_updated"}} times: 40 method_name: run timeout: 0 duration: None cls:
2019-09-15 09:03:15.509 25548 WARNING rally_openstack.scenarios.neutron.utils [-] Running this scenario without either the 'network' or 'existing_network' context is deprecated
2019-09-15 09:03:15.516 25556 WARNING rally_openstack.scenarios.neutron.utils [-] Running this scenario without either the 'network' or 'existing_network' context is deprecated
2019-09-15 09:03:15.517 25568 RALLYDEBUG rally.task.runner [-] Starting a worker. concurrency: 1 args: {"network_create_args": {}, "port_create_args": {}, "ports_per_network": 5, "port_update_args": {"admin_state_up": false, "device_id": "dummy_id", "device_owner": "dummy_owner", "name": "_port_updated"}} times: 40 method_name: run timeout: 0 duration: None cls:
2019-09-15 09:03:15.519 25549 INFO rally.task.runner [-] Task 55de7d80-0c60-484f-9b4b-41dee91c3f3f | ITER: 5 START
2019-09-15 09:03:15.520 25564 INFO rally.task.runner [-] Task 55de7d80-0c60-484f-9b4b-41dee91c3f3f | ITER: 12 START
2019-09-15 09:03:15.521 25549 WARNING rally_openstack.scenarios.neutron.utils [-] Running this scenario without either the 'network' or 'existing_network' context is deprecated
2019-09-15 09:03:15.522 25564 WARNING rally_openstack.scenarios.neutron.utils [-] Running this scenario without either the 'network' or 'existing_network' context is deprecated
2019-09-15 09:03:15.522 25561 INFO rally.task.runner [-] Task 55de7d80-0c60-484f-9b4b-41dee91c3f3f | ITER: 11 START
2019-09-15 09:03:15.523 25561 WARNING rally_openstack.scenarios.neutron.utils [-] Running this scenario without either the 'network' or 'existing_network' context is deprecated
2019-09-15 09:03:15.526 25568 INFO rally.task.runner [-] Task 55de7d80-0c60-484f-9b4b-41dee91c3f3f | ITER: 13 START
2019-09-15 09:03:15.526 25551 INFO rally.task.runner [-] Task 55de7d80-0c60-484f-9b4b-41dee91c3f3f | ITER: 9 START
2019-09-15 09:03:15.527 25551 WARNING rally_openstack.scenarios.neutron.utils [-] Running this scenario without either the 'network' or 'existing_network' context is deprecated
2019-09-15 09:03:15.527 25573 RALLYDEBUG rally.task.runner [-] Starting a worker. concurrency: 1 args: {"network_create_args": {}, "port_create_args": {}, "ports_per_network": 5, "port_update_args": {"admin_state_up": false, "device_id": "dummy_id", "device_owner": "dummy_owner", "name": "_port_updated"}} times: 40 method_name: run timeout: 0 duration: None cls:
2019-09-15 09:03:15.528 25568 WARNING rally_openstack.scenarios.neutron.utils [-] Running this scenario without either the 'network' or 'existing_network' context is deprecated
2019-09-15 09:03:15.528 25550 INFO rally.task.runner [-] Task 55de7d80-0c60-484f-9b4b-41dee91c3f3f | ITER: 6 START
2019-09-15 09:03:15.532 25550 WARNING rally_openstack.scenarios.neutron.utils [-] Running this scenario without either the 'network' or 'existing_network' context is deprecated
2019-09-15 09:03:15.533 25580 RALLYDEBUG rally.task.runner [-] Starting a worker. concurrency: 1 args: {"network_create_args": {}, "port_create_args": {}, "ports_per_network": 5, "port_update_args": {"admin_state_up": false, "device_id": "dummy_id", "device_owner": "dummy_owner", "name": "_port_updated"}} times: 40 method_name: run timeout: 0 duration: None cls:
2019-09-15 09:03:15.535 25573 INFO rally.task.runner [-] Task 55de7d80-0c60-484f-9b4b-41dee91c3f3f | ITER: 14 START
2019-09-15 09:03:15.537 25573 WARNING rally_openstack.scenarios.neutron.utils [-] Running this scenario without either the 'network' or 'existing_network' context is deprecated
2019-09-15 09:03:15.540 25580 INFO rally.task.runner [-] Task 55de7d80-0c60-484f-9b4b-41dee91c3f3f | ITER: 15 START
2019-09-15 09:03:15.542 25580 WARNING rally_openstack.scenarios.neutron.utils [-] Running this scenario without either the 'network' or 'existing_network' context is deprecated
2019-09-15 09:03:15.545 25583 RALLYDEBUG rally.task.runner [-] Starting a worker. concurrency: 1 args: {"network_create_args": {}, "port_create_args": {}, "ports_per_network": 5, "port_update_args": {"admin_state_up": false, "device_id": "dummy_id", "device_owner": "dummy_owner", "name": "_port_updated"}} times: 40 method_name: run timeout: 0 duration: None cls:
2019-09-15 09:03:15.551 25583 INFO rally.task.runner [-] Task 55de7d80-0c60-484f-9b4b-41dee91c3f3f | ITER: 16 START
2019-09-15 09:03:15.552 25583 WARNING rally_openstack.scenarios.neutron.utils [-] Running this scenario without either the 'network' or 'existing_network' context is deprecated
2019-09-15 09:03:15.556 25586 RALLYDEBUG rally.task.runner [-] Starting a worker. concurrency: 1 args: {"network_create_args": {}, "port_create_args": {}, "ports_per_network": 5, "port_update_args": {"admin_state_up": false, "device_id": "dummy_id", "device_owner": "dummy_owner", "name": "_port_updated"}} times: 40 method_name: run timeout: 0 duration: None cls:
2019-09-15 09:03:15.561 25589 RALLYDEBUG rally.task.runner [-] Starting a worker. concurrency: 1 args: {"network_create_args": {}, "port_create_args": {}, "ports_per_network": 5, "port_update_args": {"admin_state_up": false, "device_id": "dummy_id", "device_owner": "dummy_owner", "name": "_port_updated"}} times: 40 method_name: run timeout: 0 duration: None cls:
2019-09-15 09:03:15.562 25586 INFO rally.task.runner [-] Task 55de7d80-0c60-484f-9b4b-41dee91c3f3f | ITER: 17 START
2019-09-15 09:03:15.564 25586 WARNING rally_openstack.scenarios.neutron.utils [-] Running this scenario without either the 'network' or 'existing_network' context is deprecated
2019-09-15 09:03:15.567 25589 INFO rally.task.runner [-] Task 55de7d80-0c60-484f-9b4b-41dee91c3f3f | ITER: 18 START
2019-09-15 09:03:15.568 25589 WARNING rally_openstack.scenarios.neutron.utils [-] Running this scenario without either the 'network' or 'existing_network' context is deprecated
2019-09-15 09:03:15.568 25590 RALLYDEBUG rally.task.runner [-] Starting a worker. concurrency: 1 args: {"network_create_args": {}, "port_create_args": {}, "ports_per_network": 5, "port_update_args": {"admin_state_up": false, "device_id": "dummy_id", "device_owner": "dummy_owner", "name": "_port_updated"}} times: 40 method_name: run timeout: 0 duration: None cls:
2019-09-15 09:03:15.569 25593 RALLYDEBUG rally.task.runner [-] Starting a worker. concurrency: 1 args: {"network_create_args": {}, "port_create_args": {}, "ports_per_network": 5, "port_update_args": {"admin_state_up": false, "device_id": "dummy_id", "device_owner": "dummy_owner", "name": "_port_updated"}} times: 40 method_name: run timeout: 0 duration: None cls:
2019-09-15 09:03:15.574 25590 INFO rally.task.runner [-] Task 55de7d80-0c60-484f-9b4b-41dee91c3f3f | ITER: 19 START
2019-09-15 09:03:15.575 25593 INFO rally.task.runner [-] Task 55de7d80-0c60-484f-9b4b-41dee91c3f3f | ITER: 20 START
2019-09-15 09:03:15.576 25590 WARNING rally_openstack.scenarios.neutron.utils [-] Running this scenario without either the 'network' or 'existing_network' context is deprecated
2019-09-15 09:03:15.576 25593 WARNING rally_openstack.scenarios.neutron.utils [-] Running this scenario without either the 'network' or 'existing_network' context is deprecated
2019-09-15 09:03:24.649 25550 INFO rally.task.runner [-] Task 55de7d80-0c60-484f-9b4b-41dee91c3f3f | ITER: 6 END: OK
2019-09-15 09:03:24.653 25550 INFO rally.task.runner [-] Task 55de7d80-0c60-484f-9b4b-41dee91c3f3f | ITER: 21 START
2019-09-15 09:03:24.654 25550 WARNING rally_openstack.scenarios.neutron.utils [-] Running this scenario without either the 'network' or 'existing_network' context is deprecated
2019-09-15 09:03:25.459 25551 INFO rally.task.runner [-] Task 55de7d80-0c60-484f-9b4b-41dee91c3f3f | ITER: 9 END: OK
2019-09-15 09:03:25.464 25551 INFO rally.task.runner [-] Task 55de7d80-0c60-484f-9b4b-41dee91c3f3f | ITER: 22 START
2019-09-15 09:03:25.465 25551 WARNING rally_openstack.scenarios.neutron.utils [-] Running this scenario without either the 'network' or 'existing_network' context is deprecated
2019-09-15 09:03:25.608 25551 INFO rally.task.runner [-] Task 55de7d80-0c60-484f-9b4b-41dee91c3f3f | ITER: 7 END: OK
2019-09-15 09:03:25.613 25551 INFO rally.task.runner [-] Task 55de7d80-0c60-484f-9b4b-41dee91c3f3f | ITER: 23 START
2019-09-15 09:03:25.613 25551 WARNING rally_openstack.scenarios.neutron.utils [-] Running this scenario without either the 'network' or 'existing_network' context is deprecated
2019-09-15 09:03:25.728 25561 INFO rally.task.runner [-] Task 55de7d80-0c60-484f-9b4b-41dee91c3f3f | ITER: 11 END: OK
2019-09-15 09:03:25.733 25561 INFO rally.task.runner [-] Task 55de7d80-0c60-484f-9b4b-41dee91c3f3f | ITER: 24 START
2019-09-15 09:03:25.734 25561 WARNING rally_openstack.scenarios.neutron.utils [-] Running this scenario without either the 'network' or 'existing_network' context is deprecated
2019-09-15 09:03:25.768 25564 INFO rally.task.runner [-] Task 55de7d80-0c60-484f-9b4b-41dee91c3f3f | ITER: 12 END: OK
2019-09-15 09:03:25.772 25564 INFO rally.task.runner [-] Task 55de7d80-0c60-484f-9b4b-41dee91c3f3f | ITER: 25 START
2019-09-15 09:03:25.773 25564 WARNING rally_openstack.scenarios.neutron.utils [-] Running this scenario without either the 'network' or 'existing_network' context is deprecated
2019-09-15 09:03:26.087 25568 INFO rally.task.runner [-] Task 55de7d80-0c60-484f-9b4b-41dee91c3f3f | ITER: 13 END: OK
2019-09-15 09:03:26.092 25568 INFO rally.task.runner [-] Task 55de7d80-0c60-484f-9b4b-41dee91c3f3f | ITER: 26 START
2019-09-15 09:03:26.093 25568 WARNING rally_openstack.scenarios.neutron.utils [-] Running this scenario without either the 'network' or 'existing_network' context is deprecated
2019-09-15 09:03:26.346 25586 INFO rally.task.runner [-] Task 55de7d80-0c60-484f-9b4b-41dee91c3f3f | ITER: 17 END: OK
2019-09-15 09:03:26.351 25586 INFO rally.task.runner [-] Task 55de7d80-0c60-484f-9b4b-41dee91c3f3f | ITER: 27 START
2019-09-15 09:03:26.352 25586 WARNING rally_openstack.scenarios.neutron.utils [-] Running this scenario without either the 'network' or 'existing_network' context is deprecated
2019-09-15 09:03:26.607 25553 INFO rally.task.runner [-] Task 55de7d80-0c60-484f-9b4b-41dee91c3f3f | ITER: 8 END: OK
2019-09-15 09:03:26.612 25553 INFO rally.task.runner [-] Task 55de7d80-0c60-484f-9b4b-41dee91c3f3f | ITER: 28 START
2019-09-15 09:03:26.613 25553 WARNING rally_openstack.scenarios.neutron.utils [-] Running this scenario without either the 'network' or 'existing_network' context is deprecated
2019-09-15 09:03:27.096 25549 INFO rally.task.runner [-] Task 55de7d80-0c60-484f-9b4b-41dee91c3f3f | ITER: 5 END: OK
2019-09-15 09:03:27.100 25549 INFO rally.task.runner [-] Task 55de7d80-0c60-484f-9b4b-41dee91c3f3f | ITER: 29 START
2019-09-15 09:03:27.101 25549 WARNING rally_openstack.scenarios.neutron.utils [-] Running this scenario without either the 'network' or 'existing_network' context is deprecated
2019-09-15 09:03:27.127 25589 INFO rally.task.runner [-] Task 55de7d80-0c60-484f-9b4b-41dee91c3f3f | ITER: 18 END: OK
2019-09-15 09:03:27.131 25589 INFO rally.task.runner [-] Task 55de7d80-0c60-484f-9b4b-41dee91c3f3f | ITER: 30 START
2019-09-15 09:03:27.132 25589 WARNING rally_openstack.scenarios.neutron.utils [-] Running this scenario without either the 'network' or 'existing_network' context is deprecated
2019-09-15 09:03:27.139 25550 INFO rally.task.runner [-] Task 55de7d80-0c60-484f-9b4b-41dee91c3f3f | ITER: 4 END: OK
2019-09-15 09:03:27.143 25550 INFO rally.task.runner [-] Task 55de7d80-0c60-484f-9b4b-41dee91c3f3f | ITER: 31 START
2019-09-15 09:03:27.144 25550 WARNING rally_openstack.scenarios.neutron.utils [-] Running this scenario without either the 'network' or 'existing_network' context is deprecated
2019-09-15 09:03:27.218 25590 INFO rally.task.runner [-] Task 55de7d80-0c60-484f-9b4b-41dee91c3f3f | ITER: 19 END: OK
2019-09-15 09:03:27.221 25556 INFO rally.task.runner [-] Task 55de7d80-0c60-484f-9b4b-41dee91c3f3f | ITER: 10 END: OK
2019-09-15 09:03:27.223 25590 INFO rally.task.runner [-] Task 55de7d80-0c60-484f-9b4b-41dee91c3f3f | ITER: 32 START
2019-09-15 09:03:27.223 25590 WARNING rally_openstack.scenarios.neutron.utils [-] Running this scenario without either the 'network' or 'existing_network' context is deprecated
2019-09-15 09:03:27.226 25556 INFO rally.task.runner [-] Task 55de7d80-0c60-484f-9b4b-41dee91c3f3f | ITER: 33 START
2019-09-15 09:03:27.226 25556 WARNING rally_openstack.scenarios.neutron.utils [-] Running this scenario without either the 'network' or 'existing_network' context is deprecated
2019-09-15 09:03:27.614 25548 INFO rally.task.runner [-] Task 55de7d80-0c60-484f-9b4b-41dee91c3f3f | ITER: 1 END: OK
2019-09-15 09:03:27.619 25548 INFO rally.task.runner [-] Task 55de7d80-0c60-484f-9b4b-41dee91c3f3f | ITER: 34 START
2019-09-15 09:03:27.619 25548 WARNING rally_openstack.scenarios.neutron.utils [-] Running this scenario without either the 'network' or 'existing_network' context is deprecated
2019-09-15 09:03:27.723 25573 INFO rally.task.runner [-] Task 55de7d80-0c60-484f-9b4b-41dee91c3f3f | ITER: 14 END: OK
2019-09-15 09:03:27.728 25573 INFO rally.task.runner [-] Task 55de7d80-0c60-484f-9b4b-41dee91c3f3f | ITER: 35 START
2019-09-15 09:03:27.729 25573 WARNING rally_openstack.scenarios.neutron.utils [-] Running this scenario without either the 'network' or 'existing_network' context is deprecated
2019-09-15 09:03:27.814 25583 INFO rally.task.runner [-] Task 55de7d80-0c60-484f-9b4b-41dee91c3f3f | ITER: 16 END: OK
2019-09-15 09:03:27.818 25583 INFO rally.task.runner [-] Task 55de7d80-0c60-484f-9b4b-41dee91c3f3f | ITER: 36 START
2019-09-15 09:03:27.819 25583 WARNING rally_openstack.scenarios.neutron.utils [-] Running this scenario without either the 'network' or 'existing_network' context is deprecated
2019-09-15 09:03:27.963 25548 INFO rally.task.runner [-] Task 55de7d80-0c60-484f-9b4b-41dee91c3f3f | ITER: 3 END: OK
2019-09-15 09:03:27.968 25548 INFO rally.task.runner [-] Task 55de7d80-0c60-484f-9b4b-41dee91c3f3f | ITER: 37 START
2019-09-15 09:03:27.968 25548 WARNING rally_openstack.scenarios.neutron.utils [-] Running this scenario without either the 'network' or 'existing_network' context is deprecated
2019-09-15 09:03:28.050 25549 INFO rally.task.runner [-] Task 55de7d80-0c60-484f-9b4b-41dee91c3f3f | ITER: 2 END: OK
2019-09-15 09:03:28.054 25549 INFO rally.task.runner [-] Task 55de7d80-0c60-484f-9b4b-41dee91c3f3f | ITER: 38 START
2019-09-15 09:03:28.054 25549 WARNING rally_openstack.scenarios.neutron.utils [-] Running this scenario without either the 'network' or 'existing_network' context is deprecated
2019-09-15 09:03:28.885 25593 INFO rally.task.runner [-] Task 55de7d80-0c60-484f-9b4b-41dee91c3f3f | ITER: 20 END: OK
2019-09-15 09:03:28.890 25593 INFO rally.task.runner [-] Task 55de7d80-0c60-484f-9b4b-41dee91c3f3f | ITER: 39 START
2019-09-15 09:03:28.891 25593 WARNING rally_openstack.scenarios.neutron.utils [-] Running this scenario without either the 'network' or 'existing_network' context is deprecated
2019-09-15 09:03:29.296 25580 INFO rally.task.runner [-] Task 55de7d80-0c60-484f-9b4b-41dee91c3f3f | ITER: 15 END: OK
2019-09-15 09:03:29.301 25580 INFO rally.task.runner [-] Task 55de7d80-0c60-484f-9b4b-41dee91c3f3f | ITER: 40 START
2019-09-15 09:03:29.301 25580 WARNING rally_openstack.scenarios.neutron.utils [-] Running this scenario without either the 'network' or 'existing_network' context is deprecated
2019-09-15 09:03:35.088 25551 INFO rally.task.runner [-] Task 55de7d80-0c60-484f-9b4b-41dee91c3f3f | ITER: 22 END: OK
2019-09-15 09:03:35.145 25564 INFO rally.task.runner [-] Task 55de7d80-0c60-484f-9b4b-41dee91c3f3f | ITER: 25 END: OK
2019-09-15 09:03:35.362 25550 INFO rally.task.runner [-] Task 55de7d80-0c60-484f-9b4b-41dee91c3f3f | ITER: 21 END: OK
2019-09-15 09:03:36.299 25549 INFO rally.task.runner [-] Task 55de7d80-0c60-484f-9b4b-41dee91c3f3f | ITER: 29 END: OK
2019-09-15 09:03:36.835 25568 INFO rally.task.runner [-] Task 55de7d80-0c60-484f-9b4b-41dee91c3f3f | ITER: 26 END: OK
2019-09-15 09:03:36.995 25551 INFO rally.task.runner [-] Task 55de7d80-0c60-484f-9b4b-41dee91c3f3f | ITER: 23 END: OK
2019-09-15 09:03:37.201 25586 INFO rally.task.runner [-] Task 55de7d80-0c60-484f-9b4b-41dee91c3f3f | ITER: 27 END: OK
2019-09-15 09:03:37.282 25583 INFO rally.task.runner [-] Task 55de7d80-0c60-484f-9b4b-41dee91c3f3f | ITER: 36 END: OK
2019-09-15 09:03:37.350 25553 INFO rally.task.runner [-] Task 55de7d80-0c60-484f-9b4b-41dee91c3f3f | ITER: 28 END: OK
2019-09-15 09:03:37.581 25593 INFO rally.task.runner [-] Task 55de7d80-0c60-484f-9b4b-41dee91c3f3f | ITER: 39 END: OK
2019-09-15 09:03:37.646 25561 INFO rally.task.runner [-] Task 55de7d80-0c60-484f-9b4b-41dee91c3f3f | ITER: 24 END: OK
2019-09-15 09:03:37.725 25573 INFO rally.task.runner [-] Task 55de7d80-0c60-484f-9b4b-41dee91c3f3f | ITER: 35 END: OK
2019-09-15 09:03:37.854 25556 INFO rally.task.runner [-] Task 55de7d80-0c60-484f-9b4b-41dee91c3f3f | ITER: 33 END: OK
2019-09-15 09:03:37.860 25550 INFO rally.task.runner [-] Task 55de7d80-0c60-484f-9b4b-41dee91c3f3f | ITER: 31 END: OK
2019-09-15 09:03:38.035 25549 INFO rally.task.runner [-] Task 55de7d80-0c60-484f-9b4b-41dee91c3f3f | ITER: 38 END: OK
2019-09-15 09:03:38.337 25548 INFO rally.task.runner [-] Task 55de7d80-0c60-484f-9b4b-41dee91c3f3f | ITER: 34 END: OK
2019-09-15 09:03:38.440 25548 INFO rally.task.runner [-] Task 55de7d80-0c60-484f-9b4b-41dee91c3f3f | ITER: 37 END: OK
2019-09-15 09:03:38.528 25590 INFO rally.task.runner [-] Task 55de7d80-0c60-484f-9b4b-41dee91c3f3f | ITER: 32 END: OK
2019-09-15 09:03:38.676 25580 INFO rally.task.runner [-] Task 55de7d80-0c60-484f-9b4b-41dee91c3f3f | ITER: 40 END: OK
2019-09-15 09:03:39.579 25589 INFO rally.task.runner [-] Task 55de7d80-0c60-484f-9b4b-41dee91c3f3f | ITER: 30 END: OK
2019-09-15 09:03:39.609 21671 INFO rally.task.context [-] Task 55de7d80-0c60-484f-9b4b-41dee91c3f3f | Context cleanup@openstack cleanup() started
2019-09-15 09:03:39.612 21671 RALLYDEBUG rally_openstack.cleanup.manager [-] Cleaning up neutron vip objects
2019-09-15 09:03:40.011 21671 RALLYDEBUG rally_openstack.cleanup.manager [-] Cleaning up neutron health_monitor objects
2019-09-15 09:03:40.422 21671 RALLYDEBUG rally_openstack.cleanup.manager [-] Cleaning up neutron pool objects
2019-09-15 09:03:40.813 21671 RALLYDEBUG rally_openstack.cleanup.manager [-] Cleaning up neutron loadbalancer objects
2019-09-15 09:03:41.193 21671 RALLYDEBUG rally_openstack.cleanup.manager [-] Cleaning up neutron floatingip objects
2019-09-15 09:03:41.640 21671 RALLYDEBUG rally_openstack.cleanup.manager [-] Cleaning up neutron port objects
2019-09-15 09:03:42.414 21671 RALLYDEBUG rally_openstack.cleanup.manager [-] Deleting neutron.port object s_rally_2e0ea1a7_08fPB3Re (00b55c40-5801-4662-8ab9-9b8f88c4e19f)
2019-09-15 09:03:42.418 21671 RALLYDEBUG rally_openstack.cleanup.manager [-] Deleting neutron.port object s_rally_2e0ea1a7_1jYgNZLq (058830a2-1a20-446d-a10c-543c50548a5b)
2019-09-15 09:03:42.424 21671 RALLYDEBUG rally_openstack.cleanup.manager [-] Deleting neutron.port object s_rally_2e0ea1a7_IktI10bU (03a27f08-1610-4392-8f15-11d84421a1d2)
2019-09-15 09:03:42.427 21671 RALLYDEBUG rally_openstack.cleanup.manager [-] Deleting neutron.port object s_rally_2e0ea1a7_a3NBZfrW (032b8213-cd4f-4ea4-870e-f9acce5fcb89)
2019-09-15 09:03:42.424 21671 RALLYDEBUG rally_openstack.cleanup.manager [-] Deleting neutron.port object s_rally_2e0ea1a7_F0QzLffd (02ff0505-c512-4eb2-af36-f10d02ba42b4)
2019-09-15 09:03:42.441 21671 RALLYDEBUG rally_openstack.cleanup.manager [-] Deleting neutron.port object s_rally_2e0ea1a7_hvnOTu3L (081f0d76-8da9-4c36-8ccd-eafe916b696f)
2019-09-15 09:03:42.447 21671 RALLYDEBUG rally_openstack.cleanup.manager [-] Deleting neutron.port object s_rally_2e0ea1a7_8xvSfq6Y (01475d67-f31f-4a1b-925f-83c80a037f29)
2019-09-15 09:03:42.453 21671 RALLYDEBUG rally_openstack.cleanup.manager [-] Deleting neutron.port object s_rally_2e0ea1a7_xGF8XOG9 (0953323f-cd8f-419e-a6a7-6b145b0d8560)
2019-09-15 09:03:42.475 21671 RALLYDEBUG rally_openstack.cleanup.manager [-] Deleting neutron.port object s_rally_2e0ea1a7_MH2utviI (0498bc0e-3553-4f29-9c10-0729d6471156)
2019-09-15 09:03:42.480 21671 RALLYDEBUG rally_openstack.cleanup.manager [-] Deleting neutron.port object s_rally_2e0ea1a7_k6BRzYci (062bf6c7-f8c4-4dd4-9a02-4d5d2c25f942)
2019-09-15 09:03:42.482 21671 RALLYDEBUG rally_openstack.cleanup.manager [-] Deleting neutron.port object s_rally_2e0ea1a7_6iDVecMg (02fd1c99-cc3f-4d5b-a94f-9757068ec0e2)
2019-09-15 09:03:42.484 21671 RALLYDEBUG rally_openstack.cleanup.manager [-] Deleting neutron.port object s_rally_2e0ea1a7_aPpSGgUK (01bf53ce-0511-4e64-822a-e01f2badf5c6)
2019-09-15 09:03:42.512 21671 RALLYDEBUG rally_openstack.cleanup.manager [-] Deleting neutron.port object s_rally_2e0ea1a7_7JUaauk0 (0bfbde21-c970-4906-944b-1e13bdd85bca)
2019-09-15 09:03:42.516 21671 RALLYDEBUG rally_openstack.cleanup.manager [-] Deleting neutron.port object s_rally_2e0ea1a7_dgOgdlN8 (0b60ce87-b03d-4e52-aed8-cd6ee617dd19)
2019-09-15 09:03:42.520 21671 RALLYDEBUG rally_openstack.cleanup.manager [-] Deleting neutron.port object s_rally_2e0ea1a7_SOzqp1il (0374f282-4ed3-4599-9eb1-1044929cf930)
2019-09-15 09:03:42.523 21671 RALLYDEBUG rally_openstack.cleanup.manager [-] Deleting neutron.port object s_rally_2e0ea1a7_vwJ70DWL (09fb6d72-1784-435c-bb49-79bfb8f059d6)
2019-09-15 09:03:42.531 21671 RALLYDEBUG rally_openstack.cleanup.manager [-] Deleting neutron.port object s_rally_2e0ea1a7_nWmamTPy (0c1529db-f3d7-4bf2-af11-0e831b8c7a5d)
2019-09-15 09:03:42.565 21671 RALLYDEBUG rally_openstack.cleanup.manager [-] Deleting neutron.port object s_rally_2e0ea1a7_XBsI2651 (0cc3aa26-11d1-4dd0-ae32-0c5b95f24bd3)
2019-09-15 09:03:42.578 21671 RALLYDEBUG rally_openstack.cleanup.manager [-] Deleting neutron.port object s_rally_2e0ea1a7_Hnwxe7Ef (0c814c15-d180-42b1-aed4-037e315150b9)
2019-09-15 09:03:42.582 21671 RALLYDEBUG rally_openstack.cleanup.manager [-] Deleting neutron.port object s_rally_2e0ea1a7_6pU7sIFH (0b9f6458-a3fc-4755-9f18-df5174cfa879)
2019-09-15 09:03:44.621 21671 RALLYDEBUG rally_openstack.cleanup.manager [-] Deleting neutron.port object s_rally_2e0ea1a7_yJh3jtvC (0def5bd1-3eec-417c-b920-4c22289d7b33)
2019-09-15 09:03:44.629 21671 RALLYDEBUG rally_openstack.cleanup.manager [-] Deleting neutron.port object s_rally_2e0ea1a7_t6A0u6hB (0ecac8e1-d4fa-4449-ae0c-5a5e8203ed08)
2019-09-15 09:03:44.758 21671 RALLYDEBUG rally_openstack.cleanup.manager [-] Deleting neutron.port object s_rally_2e0ea1a7_Tg65WSea (0f6f794b-4a1e-4800-88b9-55f79c574346)
2019-09-15 09:03:44.872 21671 RALLYDEBUG rally_openstack.cleanup.manager [-] Deleting neutron.port object s_rally_2e0ea1a7_KNwLLgr5 (14539786-fced-4b3f-aae9-a2c3981da781)
2019-09-15 09:03:44.880 21671 RALLYDEBUG rally_openstack.cleanup.manager [-] Deleting neutron.port object s_rally_2e0ea1a7_t6IVEsGR (173fd1e7-dfaf-4897-a29b-1e639f06dcce)
2019-09-15 09:03:45.238 21671 RALLYDEBUG rally_openstack.cleanup.manager [-] Deleting neutron.port object s_rally_2e0ea1a7_sp8or5bC (17fd61dc-1b51-4ae6-b9e0-e136bd265522)
2019-09-15 09:03:45.245 21671 RALLYDEBUG rally_openstack.cleanup.manager [-] Deleting neutron.port object s_rally_2e0ea1a7_pHLB3i6X (196f1f0f-9524-42d4-be27-ae9b7978e1a6)
2019-09-15 09:03:45.256 21671 RALLYDEBUG rally_openstack.cleanup.manager [-] Deleting neutron.port object s_rally_2e0ea1a7_P6DIOb7Y (1bafae65-8a93-47a1-b77a-ccb32141a35f)
2019-09-15 09:03:45.366 21671 RALLYDEBUG rally_openstack.cleanup.manager [-] Deleting neutron.port object s_rally_2e0ea1a7_xWCwTDP4 (1cbe010e-88d6-437c-8afd-631a3c599f24)
2019-09-15 09:03:45.437 21671 RALLYDEBUG rally_openstack.cleanup.manager [-] Deleting neutron.port object s_rally_2e0ea1a7_jnnejqb1 (1efaee5b-87fa-4f5d-bf86-fe53d7aad1f6)
2019-09-15 09:03:45.475 21671 RALLYDEBUG rally_openstack.cleanup.manager [-] Deleting neutron.port object s_rally_2e0ea1a7_ych7WHMO (1f634a43-e95b-4158-a7f7-ee9fefebae67)
2019-09-15 09:03:45.477 21671 RALLYDEBUG rally_openstack.cleanup.manager [-] Deleting neutron.port object s_rally_2e0ea1a7_rjeQTBCB (1fd80db0-8788-4bef-9946-193d2644504a)
2019-09-15 09:03:45.489 21671 RALLYDEBUG rally_openstack.cleanup.manager [-] Deleting neutron.port object s_rally_2e0ea1a7_E6X37hMY (20346db7-d027-435f-beb8-3b61532b01d6)
2019-09-15 09:03:45.504 21671 RALLYDEBUG rally_openstack.cleanup.manager [-] Deleting neutron.port object s_rally_2e0ea1a7_dSAU6BR3 (2147b3cd-1480-4f7b-8236-2a1d32de74f4)
2019-09-15 09:03:45.516 21671 RALLYDEBUG rally_openstack.cleanup.manager [-] Deleting neutron.port object s_rally_2e0ea1a7_fkrey0PU (2174ad42-e3fc-41a4-9619-d55756f3a3d6)
2019-09-15 09:03:45.606 21671 RALLYDEBUG rally_openstack.cleanup.manager [-] Deleting neutron.port object s_rally_2e0ea1a7_6XxDx5Rv (219f93b4-afa8-44bb-9dbb-3921bcf7ede8)
2019-09-15 09:03:45.665 21671 RALLYDEBUG rally_openstack.cleanup.manager [-] Deleting neutron.port object s_rally_2e0ea1a7_ZBlvhqNA (22c838e0-1198-4bfc-ad9f-00e516a5ed9b)
2019-09-15 09:03:45.671 21671 RALLYDEBUG rally_openstack.cleanup.manager [-] Deleting neutron.port object s_rally_2e0ea1a7_1JsjnTMd (23e13172-0522-4e3f-9e57-c5118fd16f5e)
2019-09-15 09:03:45.747 21671 RALLYDEBUG rally_openstack.cleanup.manager [-] Deleting neutron.port object s_rally_2e0ea1a7_NhAmkjZb (2494b179-a7ed-4d2f-b2e3-9b96648d7800)
2019-09-15 09:03:45.748 21671 RALLYDEBUG rally_openstack.cleanup.manager [-] Deleting neutron.port object s_rally_2e0ea1a7_WXajK5uE (257a91e1-0a36-4894-8fd4-13a6ccadf104)
2019-09-15 09:03:46.442 21671 RALLYDEBUG rally_openstack.cleanup.manager [-] Deleting neutron.port object s_rally_2e0ea1a7_Q6bbwq0F (2dc6dd99-81fa-414b-9ee2-4b2afb41e89c)
2019-09-15 09:03:46.566 21671 RALLYDEBUG rally_openstack.cleanup.manager [-] Deleting neutron.port object s_rally_2e0ea1a7_TmHAKDWD (2f799b65-aabe-45f1-acae-87e00db97999)
2019-09-15 09:03:46.918 21671 RALLYDEBUG rally_openstack.cleanup.manager [-] Deleting neutron.port object s_rally_2e0ea1a7_eG9jOGcS (2fb8e14a-4c9c-4f77-92d3-cdcc378fc3c4)
2019-09-15 09:03:47.143 21671 RALLYDEBUG rally_openstack.cleanup.manager [-] Deleting neutron.port object s_rally_2e0ea1a7_oq50xtKZ (3095f002-2e10-40b2-b515-b534821a4bb9)
2019-09-15 09:03:47.160 21671 RALLYDEBUG rally_openstack.cleanup.manager [-] Deleting neutron.port object s_rally_2e0ea1a7_O5P7u3oJ (332bfffe-d140-4824-a909-d1000bbb7ba2)
2019-09-15 09:03:47.186 21671 RALLYDEBUG rally_openstack.cleanup.manager [-] Deleting neutron.port object s_rally_2e0ea1a7_X2kzXxkq (338e87ea-dd36-4fe7-af2b-dfd4fd26569c)
2019-09-15 09:03:47.477 21671 RALLYDEBUG rally_openstack.cleanup.manager [-] Deleting neutron.port object s_rally_2e0ea1a7_10bDYQq3 (34238aee-e473-4065-9e55-d40ce5123d9d)
2019-09-15 09:03:47.555 21671 RALLYDEBUG rally_openstack.cleanup.manager [-] Deleting neutron.port object s_rally_2e0ea1a7_QrBl6e51 (34fcbf2f-e2eb-4bbc-bdf0-c8a91054b55a)
2019-09-15 09:03:47.570 21671 RALLYDEBUG rally_openstack.cleanup.manager [-] Deleting neutron.port object s_rally_2e0ea1a7_goRaqju1 (3607997d-d00a-4468-85f4-704acf895936)
2019-09-15 09:03:47.657 21671 RALLYDEBUG rally_openstack.cleanup.manager [-] Deleting neutron.port object s_rally_2e0ea1a7_KKjYtZ2w (37ddb0c0-e4e8-4bfc-9e02-51c722cc3c67)
2019-09-15 09:03:47.714 21671 RALLYDEBUG rally_openstack.cleanup.manager [-] Deleting neutron.port object s_rally_2e0ea1a7_Q83XmjYO (39fdace6-b2e1-4429-b1db-7e4c38554cf2)
2019-09-15 09:03:47.943 21671 RALLYDEBUG rally_openstack.cleanup.manager [-] Deleting neutron.port object s_rally_2e0ea1a7_eqOJx3Nk (3a007370-60b5-4b10-9b90-bd3cfed934cb)
2019-09-15 09:03:48.076 21671 RALLYDEBUG rally_openstack.cleanup.manager [-] Deleting neutron.port object s_rally_2e0ea1a7_5pmySyaf (3d3eeffa-81b5-41fc-b7ee-eab46bdd2c28)
2019-09-15 09:03:48.081 21671 RALLYDEBUG rally_openstack.cleanup.manager [-] Deleting neutron.port object s_rally_2e0ea1a7_XBrLKvEu (3d5b15a7-4d6a-4f56-8f9d-26e620a1345e)
2019-09-15 09:03:48.113 21671 RALLYDEBUG rally_openstack.cleanup.manager [-] Deleting neutron.port object s_rally_2e0ea1a7_pAJ0295q (3ddc1265-defe-4ab0-b499-0b5899ac4e76)
2019-09-15 09:03:48.118 21671 RALLYDEBUG rally_openstack.cleanup.manager [-] Deleting neutron.port object s_rally_2e0ea1a7_1TUxn8qx (3ebd0e2f-4d6a-4180-8dd6-6b35ff3ec2f3)
2019-09-15 09:03:48.131 21671 RALLYDEBUG rally_openstack.cleanup.manager [-] Deleting neutron.port object s_rally_2e0ea1a7_FnYJQWXt (404e9fb3-2b0c-47a8-94c8-2724fb9aa47a)
2019-09-15 09:03:48.211 21671 RALLYDEBUG rally_openstack.cleanup.manager [-] Deleting neutron.port object s_rally_2e0ea1a7_WZz97hv9 (408e9ca3-9767-49f2-9daa-995978a795b5)
2019-09-15 09:03:48.251 21671 RALLYDEBUG rally_openstack.cleanup.manager [-] Deleting neutron.port object s_rally_2e0ea1a7_sGAFSIyC (41226b7e-083e-4769-bf9f-9a041eac81a9)
2019-09-15 09:03:48.269 21671 RALLYDEBUG rally_openstack.cleanup.manager [-] Deleting neutron.port object s_rally_2e0ea1a7_DnGVG6VW (41593b37-398c-4ae8-8716-a4b4cbbd086f)
2019-09-15 09:03:48.403 21671 RALLYDEBUG rally_openstack.cleanup.manager [-] Deleting neutron.port object s_rally_2e0ea1a7_1cwl0yuA (431be652-2a34-4d8a-b816-b8b0e55c4b40)
2019-09-15 09:03:48.561 21671 RALLYDEBUG rally_openstack.cleanup.manager [-] Deleting neutron.port object s_rally_2e0ea1a7_SDqSg8xX (4335aa4f-3a06-4a4e-a9f1-4444f47c673e)
2019-09-15 09:03:48.725 21671 RALLYDEBUG rally_openstack.cleanup.manager [-] Deleting neutron.port object s_rally_2e0ea1a7_vAx5TAos (45b11724-d096-4334-9d77-7c4a5d942eb5)
2019-09-15 09:03:48.998 21671 RALLYDEBUG rally_openstack.cleanup.manager [-] Deleting neutron.port object s_rally_2e0ea1a7_yKcqMpiv (4613ea72-f519-4a3e-ab6c-77eb99e5143c)
2019-09-15 09:03:49.297 21671 RALLYDEBUG rally_openstack.cleanup.manager [-] Deleting neutron.port object s_rally_2e0ea1a7_L47lR1e0 (471fb64f-5967-4bb8-9f01-1bd826af1a74)
2019-09-15 09:03:49.330 21671 RALLYDEBUG rally_openstack.cleanup.manager [-] Deleting neutron.port object s_rally_2e0ea1a7_gPfnQdbr (4a00b30a-8825-491a-8074-c543b75defa9)
2019-09-15 09:03:49.423 21671 RALLYDEBUG rally_openstack.cleanup.manager [-] Deleting neutron.port object s_rally_2e0ea1a7_b6UN6vrN (4cf1543c-3a20-466f-b993-2698586182d6)
2019-09-15 09:03:49.423 21671 RALLYDEBUG rally_openstack.cleanup.manager [-] Deleting neutron.port object s_rally_2e0ea1a7_XckKjkiK (4daf8306-558b-4fa9-b5de-a1e85da88254)
2019-09-15 09:03:49.462 21671 RALLYDEBUG rally_openstack.cleanup.manager [-] Deleting neutron.port object s_rally_2e0ea1a7_1Tic1riS (4db6e581-80ca-40e9-bd7f-ade81e1b10da)
