2019-09-15 09:03:49.602 21671 RALLYDEBUG rally_openstack.cleanup.manager [-] Deleting neutron.port object s_rally_2e0ea1a7_Gaa39jFc (4fbd4af6-0608-4759-b9fe-debea65950ac)
2019-09-15 09:03:49.795 21671 RALLYDEBUG rally_openstack.cleanup.manager [-] Deleting neutron.port object s_rally_2e0ea1a7_UdhkShys (4fe06a5f-23d8-461e-a20d-45a77aeb7e58)
2019-09-15 09:03:49.979 21671 RALLYDEBUG rally_openstack.cleanup.manager [-] Deleting neutron.port object s_rally_2e0ea1a7_jvhNbsxe (526a0b4c-dbd6-4ac8-8903-033e77917880)
2019-09-15 09:03:49.992 21671 RALLYDEBUG rally_openstack.cleanup.manager [-] Deleting neutron.port object s_rally_2e0ea1a7_BmVE266g (53b87b8c-4c54-4b1a-a9d9-8589e8385808)
2019-09-15 09:03:50.134 21671 RALLYDEBUG rally_openstack.cleanup.manager [-] Deleting neutron.port object s_rally_2e0ea1a7_Ny2L9MIf (5402b1be-afd6-4743-97b2-dd3f18d524ee)
2019-09-15 09:03:50.160 21671 RALLYDEBUG rally_openstack.cleanup.manager [-] Deleting neutron.port object s_rally_2e0ea1a7_RgTuK9pU (54985cce-7463-4537-a636-28e2d761165e)
2019-09-15 09:03:50.311 21671 RALLYDEBUG rally_openstack.cleanup.manager [-] Deleting neutron.port object s_rally_2e0ea1a7_6mivZ9ve (57b0405c-39a3-46d3-9f17-c2eaaf1f58d3)
2019-09-15 09:03:50.344 21671 RALLYDEBUG rally_openstack.cleanup.manager [-] Deleting neutron.port object s_rally_2e0ea1a7_hsnimXlW (584b4509-92d2-4e80-ae95-da197b2485a4)
2019-09-15 09:03:50.364 21671 RALLYDEBUG rally_openstack.cleanup.manager [-] Deleting neutron.port object s_rally_2e0ea1a7_O1y8FZcY (592a9a90-5aca-42c3-abad-a232da789196)
2019-09-15 09:03:50.455 21671 RALLYDEBUG rally_openstack.cleanup.manager [-] Deleting neutron.port object s_rally_2e0ea1a7_dAUiMKee (5989146a-c8a2-42f6-9734-6f66e2dd5747)
2019-09-15 09:03:50.669 21671 RALLYDEBUG rally_openstack.cleanup.manager [-] Deleting neutron.port object s_rally_2e0ea1a7_EnLreXpB (59fcfc6c-d540-4822-b5d6-ff96f09a2fad)
2019-09-15 09:03:50.710 21671 RALLYDEBUG rally_openstack.cleanup.manager [-] Deleting neutron.port object s_rally_2e0ea1a7_u67D9loN (5a05aebf-879b-4f1d-ac80-25719d597fc2)
2019-09-15 09:03:50.719 21671 RALLYDEBUG rally_openstack.cleanup.manager [-] Deleting neutron.port object s_rally_2e0ea1a7_tyUyxiAO (5c8e4873-76c8-4bfa-9e9a-370565203f60)
2019-09-15 09:03:50.828 21671 RALLYDEBUG rally_openstack.cleanup.manager [-] Deleting neutron.port object s_rally_2e0ea1a7_HGjQDq3T (5e0adcb9-08c4-4d17-823c-01318cdbaa56)
2019-09-15 09:03:51.189 21671 RALLYDEBUG rally_openstack.cleanup.manager [-] Deleting neutron.port object s_rally_2e0ea1a7_VD8Q7R21 (5e776664-7e26-4407-92f1-c1804acd663b)
2019-09-15 09:03:51.200 21671 RALLYDEBUG rally_openstack.cleanup.manager [-] Deleting neutron.port object s_rally_2e0ea1a7_J2lh9MLe (61ab9274-e328-4c34-84b5-ec492b3b9fd4)
2019-09-15 09:03:51.324 21671 RALLYDEBUG rally_openstack.cleanup.manager [-] Deleting neutron.port object s_rally_2e0ea1a7_mD02lR3E (633be9ea-ddb9-49d3-86d4-f970c8e1f11e)
2019-09-15 09:03:51.382 21671 RALLYDEBUG rally_openstack.cleanup.manager [-] Deleting neutron.port object s_rally_2e0ea1a7_CstaIwez (63c056bb-1d9e-4aa9-b306-caa81c58a983)
2019-09-15 09:03:51.385 21671 RALLYDEBUG rally_openstack.cleanup.manager [-] Deleting neutron.port object s_rally_2e0ea1a7_Ciw79YOX (64265b22-ff1a-4b5f-ab4e-d94a45cacfa7)
2019-09-15 09:03:51.517 21671 RALLYDEBUG rally_openstack.cleanup.manager [-] Deleting neutron.port object s_rally_2e0ea1a7_8Ridxswr (6452dfc1-e962-4ada-b9cd-c77ce12cc734)
2019-09-15 09:03:51.719 21671 RALLYDEBUG rally_openstack.cleanup.manager [-] Deleting neutron.port object s_rally_2e0ea1a7_nwbgWo78 (66854c2f-89fe-432c-a4d8-db856c5cbf77)
2019-09-15 09:03:51.906 21671 RALLYDEBUG rally_openstack.cleanup.manager [-] Deleting neutron.port object s_rally_2e0ea1a7_MRaP7dXv (69783a1b-0754-4abb-89f4-80a9e529efb0)
2019-09-15 09:03:52.162 21671 RALLYDEBUG rally_openstack.cleanup.manager [-] Deleting neutron.port object s_rally_2e0ea1a7_Bq6sEDR1 (69bc5252-7b2d-4740-b8d1-dea6d83464c7)
2019-09-15 09:03:52.221 21671 RALLYDEBUG rally_openstack.cleanup.manager [-] Deleting neutron.port object s_rally_2e0ea1a7_QSrD1wGY (6bf82d1e-5ad7-422e-9b33-b1f209af8b87)
2019-09-15 09:03:52.493 21671 RALLYDEBUG rally_openstack.cleanup.manager [-] Deleting neutron.port object s_rally_2e0ea1a7_PXooiZHG (6d476717-923e-4d50-970f-764123db40bb)
2019-09-15 09:03:52.591 21671 RALLYDEBUG rally_openstack.cleanup.manager [-] Deleting neutron.port object s_rally_2e0ea1a7_Kpl8HUlm (6d8764f0-cd24-44a9-8dec-e8776ce20f0a)
2019-09-15 09:03:52.599 21671 RALLYDEBUG rally_openstack.cleanup.manager [-] Deleting neutron.port object s_rally_2e0ea1a7_viu4JznB (6e76a2a6-835d-46f5-a719-589c3a230823)
2019-09-15 09:03:52.684 21671 RALLYDEBUG rally_openstack.cleanup.manager [-] Deleting neutron.port object s_rally_2e0ea1a7_LScnR2P8 (72ac3234-9dcb-4f64-976a-75e0d76f1ae0)
2019-09-15 09:03:52.713 21671 RALLYDEBUG rally_openstack.cleanup.manager [-] Deleting neutron.port object s_rally_2e0ea1a7_ge5G2TcS (73655add-07e8-4aaf-8de3-c5b5d64ce1eb)
2019-09-15 09:03:52.713 21671 RALLYDEBUG rally_openstack.cleanup.manager [-] Deleting neutron.port object s_rally_2e0ea1a7_gcNn4v8I (7404c941-5a56-4d89-bf90-11aa2c3ca623)
2019-09-15 09:03:52.725 21671 RALLYDEBUG rally_openstack.cleanup.manager [-] Deleting neutron.port object s_rally_2e0ea1a7_K75GzUrh (74e457b5-972f-4257-9e85-8af430ddacf0)
2019-09-15 09:03:52.805 21671 RALLYDEBUG rally_openstack.cleanup.manager [-] Deleting neutron.port object s_rally_2e0ea1a7_dFmbfjS5 (74f8e99c-4c3f-43c9-a18d-6bc04f0cafce)
2019-09-15 09:03:52.849 21671 RALLYDEBUG rally_openstack.cleanup.manager [-] Deleting neutron.port object s_rally_2e0ea1a7_0Rzhl3Vi (75d6e6e4-3fbe-46db-88af-e380ceeb43c9)
2019-09-15 09:03:53.075 21671 RALLYDEBUG rally_openstack.cleanup.manager [-] Deleting neutron.port object s_rally_2e0ea1a7_ql1urLiE (763863f4-664e-46b9-8c18-c778f47a37f8)
2019-09-15 09:03:53.196 21671 RALLYDEBUG rally_openstack.cleanup.manager [-] Deleting neutron.port object s_rally_2e0ea1a7_USMfWKqH (76713fb2-67be-43fb-872a-56ddb01de844)
2019-09-15 09:03:53.246 21671 RALLYDEBUG rally_openstack.cleanup.manager [-] Deleting neutron.port object s_rally_2e0ea1a7_dnnzBqeS (77e1f6e0-c0aa-4548-900b-9a6046605596)
2019-09-15 09:03:53.264 21671 RALLYDEBUG rally_openstack.cleanup.manager [-] Deleting neutron.port object s_rally_2e0ea1a7_Mv85v6nd (785bf8f7-ee6f-48c4-b4dc-e76d60ab6e93)
2019-09-15 09:03:53.383 21671 RALLYDEBUG rally_openstack.cleanup.manager [-] Deleting neutron.port object s_rally_2e0ea1a7_A8inUTzp (78c2562a-b4f1-4617-a821-b32e893c2059)
2019-09-15 09:03:53.674 21671 RALLYDEBUG rally_openstack.cleanup.manager [-] Deleting neutron.port object s_rally_2e0ea1a7_AyDSUO8Y (7d3cb355-ac65-482c-9dad-7cb2d396a22e)
2019-09-15 09:03:53.716 21671 RALLYDEBUG rally_openstack.cleanup.manager [-] Deleting neutron.port object s_rally_2e0ea1a7_4742QDlU (7f44f4d3-f786-4d76-ab64-2027e33076e2)
2019-09-15 09:03:53.795 21671 RALLYDEBUG rally_openstack.cleanup.manager [-] Deleting neutron.port object s_rally_2e0ea1a7_uQ8qWMT8 (7f5d4cc2-b9fd-4238-a7f6-4f8df2430e03)
2019-09-15 09:03:53.843 21671 RALLYDEBUG rally_openstack.cleanup.manager [-] Deleting neutron.port object s_rally_2e0ea1a7_EzRJeJNx (84f1e70d-d853-4aeb-80c0-aac96951c190)
2019-09-15 09:03:54.265 21671 RALLYDEBUG rally_openstack.cleanup.manager [-] Deleting neutron.port object s_rally_2e0ea1a7_nlm0jeea (87f95e94-507f-4fae-b1d1-610398e055d2)
2019-09-15 09:03:54.364 21671 RALLYDEBUG rally_openstack.cleanup.manager [-] Deleting neutron.port object s_rally_2e0ea1a7_aoPGjRR4 (881e3377-9f24-413a-a2a5-273eb1f7f9fb)
2019-09-15 09:03:54.464 21671 RALLYDEBUG rally_openstack.cleanup.manager [-] Deleting neutron.port object s_rally_2e0ea1a7_mceinu4b (899d82b1-0506-44ac-bea9-740b50cbcda4)
2019-09-15 09:03:54.486 21671 RALLYDEBUG rally_openstack.cleanup.manager [-] Deleting neutron.port object s_rally_2e0ea1a7_wz4OphsJ (8bef1c6a-4f1e-4dca-9e84-cfccfaa0b9b8)
2019-09-15 09:03:54.595 21671 RALLYDEBUG rally_openstack.cleanup.manager [-] Deleting neutron.port object s_rally_2e0ea1a7_89xLoISW (8c0c1a30-33aa-4237-8e03-200e8ced5950)
2019-09-15 09:03:54.643 21671 RALLYDEBUG rally_openstack.cleanup.manager [-] Deleting neutron.port object s_rally_2e0ea1a7_FLmRN0hh (901d49d4-afd7-4899-bdf1-49f1fef6ede6)
2019-09-15 09:03:54.769 21671 RALLYDEBUG rally_openstack.cleanup.manager [-] Deleting neutron.port object s_rally_2e0ea1a7_ICIBfmV7 (91228d7a-975a-485a-8d86-e4425b8e54d0)
2019-09-15 09:03:54.822 21671 RALLYDEBUG rally_openstack.cleanup.manager [-] Deleting neutron.port object s_rally_2e0ea1a7_STupptKn (938ce018-eb01-4606-9190-c54c982a5b96)
2019-09-15 09:03:54.839 21671 RALLYDEBUG rally_openstack.cleanup.manager [-] Deleting neutron.port object s_rally_2e0ea1a7_daX69Tpe (93bf0b74-b2bf-4476-8170-7c98324da999)
2019-09-15 09:03:54.991 21671 RALLYDEBUG rally_openstack.cleanup.manager [-] Deleting neutron.port object s_rally_2e0ea1a7_abCTU1mS (948dd48a-7e23-420d-a45e-7362668b88aa)
2019-09-15 09:03:55.109 21671 RALLYDEBUG rally_openstack.cleanup.manager [-] Deleting neutron.port object s_rally_2e0ea1a7_j6vKyiGv (96af3677-d971-4a95-b54e-d551c24b9913)
2019-09-15 09:03:55.115 21671 RALLYDEBUG rally_openstack.cleanup.manager [-] Deleting neutron.port object s_rally_2e0ea1a7_3yRgEl7R (96bf923b-3571-42e9-97b6-a149a8785dcf)
2019-09-15 09:03:55.306 21671 RALLYDEBUG rally_openstack.cleanup.manager [-] Deleting neutron.port object s_rally_2e0ea1a7_u3Yg4sEM (9761931f-969b-4044-975c-6a62ba05f3fc)
2019-09-15 09:03:55.328 21671 RALLYDEBUG rally_openstack.cleanup.manager [-] Deleting neutron.port object s_rally_2e0ea1a7_B0uuvvTX (977793cf-4e44-4742-86dc-1f7bd5c33fa8)
2019-09-15 09:03:55.607 21671 RALLYDEBUG rally_openstack.cleanup.manager [-] Deleting neutron.port object s_rally_2e0ea1a7_F8y0abhv (995db78c-a6ed-4bc0-bd71-e4793f22ff83)
2019-09-15 09:03:55.631 21671 RALLYDEBUG rally_openstack.cleanup.manager [-] Deleting neutron.port object s_rally_2e0ea1a7_Tg5lLqut (9e02f805-94fa-4f88-8b07-446ac3be0262)
2019-09-15 09:03:55.631 21671 RALLYDEBUG rally_openstack.cleanup.manager [-] Deleting neutron.port object s_rally_2e0ea1a7_pnnI0YLG (9e47f61b-2e32-43cd-a578-4d8bbc0da2b2)
2019-09-15 09:03:55.700 21671 RALLYDEBUG rally_openstack.cleanup.manager [-] Deleting neutron.port object s_rally_2e0ea1a7_WufIkSkH (a1b78a27-360d-4ced-bf67-628b7a4549ca)
2019-09-15 09:03:55.777 21671 RALLYDEBUG rally_openstack.cleanup.manager [-] Deleting neutron.port object s_rally_2e0ea1a7_ODEb9GCd (a2cc78f5-7424-46a1-bfc8-c584c13a73f8)
2019-09-15 09:03:55.895 21671 RALLYDEBUG rally_openstack.cleanup.manager [-] Deleting neutron.port object s_rally_2e0ea1a7_kmchtgtb (a2f9bebe-11e9-478e-b6ea-158cea0cc3b8)
2019-09-15 09:03:56.304 21671 RALLYDEBUG rally_openstack.cleanup.manager [-] Deleting neutron.port object s_rally_2e0ea1a7_39G6nB3R (a322f49a-35d6-49ff-8057-9e4c4d71d11f)
2019-09-15 09:03:56.409 21671 RALLYDEBUG rally_openstack.cleanup.manager [-] Deleting neutron.port object s_rally_2e0ea1a7_TR6OfyTD (a33f658f-4578-44ee-8d28-16ed2c4ebf14)
2019-09-15 09:03:56.468 21671 RALLYDEBUG rally_openstack.cleanup.manager [-] Deleting neutron.port object s_rally_2e0ea1a7_gxvJtAHC (a63a9da9-2018-4455-8956-97687afb68ab)
2019-09-15 09:03:56.609 21671 RALLYDEBUG rally_openstack.cleanup.manager [-] Deleting neutron.port object s_rally_2e0ea1a7_NB75IN6s (a7cbdd82-af8d-421d-a5f3-655d535f7942)
2019-09-15 09:03:56.674 21671 RALLYDEBUG rally_openstack.cleanup.manager [-] Deleting neutron.port object s_rally_2e0ea1a7_XoEVffqq (aa9a5158-e4e5-440b-8ec1-616dab28b7bc)
2019-09-15 09:03:56.777 21671 RALLYDEBUG rally_openstack.cleanup.manager [-] Deleting neutron.port object s_rally_2e0ea1a7_cIuz072i (aade687c-f572-4d86-b868-106046875b5b)
2019-09-15 09:03:56.856 21671 RALLYDEBUG rally_openstack.cleanup.manager [-] Deleting neutron.port object s_rally_2e0ea1a7_QTsECwUD (ab4f2e7e-7010-4c12-b411-b5a618938920)
2019-09-15 09:03:56.885 21671 RALLYDEBUG rally_openstack.cleanup.manager [-] Deleting neutron.port object s_rally_2e0ea1a7_FPkwJvxY (aedd625d-856b-45df-8129-fbba81938542)
2019-09-15 09:03:57.135 21671 RALLYDEBUG rally_openstack.cleanup.manager [-] Deleting neutron.port object s_rally_2e0ea1a7_ckvjatJg (afc7b688-c9d5-4028-ab22-d4af4726034a)
2019-09-15 09:03:57.144 21671 RALLYDEBUG rally_openstack.cleanup.manager [-] Deleting neutron.port object s_rally_2e0ea1a7_jyHsx5yy (b0777ed4-b3a1-4460-9bd7-cac5b502528b)
2019-09-15 09:03:57.175 21671 RALLYDEBUG rally_openstack.cleanup.manager [-] Deleting neutron.port object s_rally_2e0ea1a7_rg4bpFqA (b0e2cc03-9046-48dd-acd0-9d5450106148)
2019-09-15 09:03:57.293 21671 RALLYDEBUG rally_openstack.cleanup.manager [-] Deleting neutron.port object s_rally_2e0ea1a7_Sr1RCnyN (b1077730-ce55-4d33-af10-648a1a8853e1)
2019-09-15 09:03:57.293 21671 RALLYDEBUG rally_openstack.cleanup.manager [-] Deleting neutron.port object s_rally_2e0ea1a7_kfrnyPRY (b276123a-23e5-440d-9b5f-d5c738bbc073)
2019-09-15 09:03:57.306 21671 RALLYDEBUG rally_openstack.cleanup.manager [-] Deleting neutron.port object s_rally_2e0ea1a7_YW7o3KLD (b2920097-4387-4826-b458-dffe2aaabe64)
2019-09-15 09:03:57.543 21671 RALLYDEBUG rally_openstack.cleanup.manager [-] Deleting neutron.port object s_rally_2e0ea1a7_I6fbwvxe (b2a132c1-0900-4cec-96fb-e9ed33bd3f09)
2019-09-15 09:03:57.732 21671 RALLYDEBUG rally_openstack.cleanup.manager [-] Deleting neutron.port object s_rally_2e0ea1a7_GD3hf7Sr (b354f968-16a0-4386-b90d-bd7a7e724b5c)
2019-09-15 09:03:57.795 21671 RALLYDEBUG rally_openstack.cleanup.manager [-] Deleting neutron.port object s_rally_2e0ea1a7_YqvUPhHY (b3bf4c78-241d-4d00-a2d6-4254e0840b49)
2019-09-15 09:03:57.873 21671 RALLYDEBUG rally_openstack.cleanup.manager [-] Deleting neutron.port object s_rally_2e0ea1a7_ZxQ7gqoE (b3fbc2ab-c73c-4651-adc5-8333ec216a75)
2019-09-15 09:03:57.876 21671 RALLYDEBUG rally_openstack.cleanup.manager [-] Deleting neutron.port object s_rally_2e0ea1a7_YfgjguFI (b4e4a0c9-e7a2-447e-a3a5-dc1e9a35be36)
2019-09-15 09:03:58.172 21671 RALLYDEBUG rally_openstack.cleanup.manager [-] Deleting neutron.port object s_rally_2e0ea1a7_NDKLwTyL (b5fc2ea7-7af8-462b-84bf-82a7ca9275eb)
2019-09-15 09:03:58.360 21671 RALLYDEBUG rally_openstack.cleanup.manager [-] Deleting neutron.port object s_rally_2e0ea1a7_laftG1wS (b6555f50-56bf-4832-8ceb-87c0a428360d)
2019-09-15 09:03:58.562 21671 RALLYDEBUG rally_openstack.cleanup.manager [-] Deleting neutron.port object s_rally_2e0ea1a7_TFjg0ho3 (b7c2aec0-c113-4e4b-bf88-9988ad749e06)
2019-09-15 09:03:58.622 21671 RALLYDEBUG rally_openstack.cleanup.manager [-] Deleting neutron.port object s_rally_2e0ea1a7_ZfbbmLBq (b8a5b94d-f3c3-48aa-b48c-c56d4a234724)
2019-09-15 09:03:58.756 21671 RALLYDEBUG rally_openstack.cleanup.manager [-] Deleting neutron.port object s_rally_2e0ea1a7_4o3s8bqV (bded7558-e57e-4de5-858c-b1dc3895a427)
2019-09-15 09:03:58.805 21671 RALLYDEBUG rally_openstack.cleanup.manager [-] Deleting neutron.port object s_rally_2e0ea1a7_3mfZNAl0 (c249dd1b-428c-4ff5-b9f5-e4330544b02b)
2019-09-15 09:03:58.859 21671 RALLYDEBUG rally_openstack.cleanup.manager [-] Deleting neutron.port object s_rally_2e0ea1a7_6Laseq3N (c27b2547-df8c-4ca9-9c22-4798539227da)
2019-09-15 09:03:58.959 21671 RALLYDEBUG rally_openstack.cleanup.manager [-] Deleting neutron.port object s_rally_2e0ea1a7_PIyrSRGR (c39d1127-145f-4a12-8b93-2712d6ad7ec3)
2019-09-15 09:03:59.197 21671 RALLYDEBUG rally_openstack.cleanup.manager [-] Deleting neutron.port object s_rally_2e0ea1a7_4tgJt4da (c538a019-e0dc-47ce-8ce6-e30f9805604c)
2019-09-15 09:03:59.225 21671 RALLYDEBUG rally_openstack.cleanup.manager [-] Deleting neutron.port object s_rally_2e0ea1a7_v2K14TcL (c5ccc26a-79bf-44c7-a59b-58bf2a123cfc)
2019-09-15 09:03:59.232 21671 RALLYDEBUG rally_openstack.cleanup.manager [-] Deleting neutron.port object s_rally_2e0ea1a7_oKUI1RSE (c6b7ea35-189b-4a04-8fdf-366ad5d8e02f)
2019-09-15 09:03:59.273 21671 RALLYDEBUG rally_openstack.cleanup.manager [-] Deleting neutron.port object s_rally_2e0ea1a7_QmRE2Czr (c8d9a435-1bf1-47ac-8cd8-deabb83cc339)
2019-09-15 09:03:59.391 21671 RALLYDEBUG rally_openstack.cleanup.manager [-] Deleting neutron.port object s_rally_2e0ea1a7_jOGtxHTK (ca5d5f52-efc1-4e2b-8589-e723b614931b)
2019-09-15 09:03:59.423 21671 RALLYDEBUG rally_openstack.cleanup.manager [-] Deleting neutron.port object s_rally_2e0ea1a7_uJEAZV1I (cba66028-c71f-42c0-9684-73050bea12e4)
2019-09-15 09:03:59.506 21671 RALLYDEBUG rally_openstack.cleanup.manager [-] Deleting neutron.port object s_rally_2e0ea1a7_8CmAqg5s (cc78c528-5419-47f0-b435-396e8a9a3e67)
2019-09-15 09:03:59.514 21671 RALLYDEBUG rally_openstack.cleanup.manager [-] Deleting neutron.port object s_rally_2e0ea1a7_y1RPXQIk (d0b373c3-6ecd-4023-956a-f4826f335fca)
2019-09-15 09:03:59.669 21671 RALLYDEBUG rally_openstack.cleanup.manager [-] Deleting neutron.port object s_rally_2e0ea1a7_k3GaIpj0 (d0bc9e35-860e-4327-9290-dac6a3f5a461)
2019-09-15 09:04:00.004 21671 RALLYDEBUG rally_openstack.cleanup.manager [-] Deleting neutron.port object s_rally_2e0ea1a7_HqcAfz3E (d3c65d89-bfbc-4999-811e-01d7505595e1)
2019-09-15 09:04:00.037 21671 RALLYDEBUG rally_openstack.cleanup.manager [-] Deleting neutron.port object s_rally_2e0ea1a7_BGoNf9Ba (d70910e3-0cc8-4581-86a3-988828bc128a)
2019-09-15 09:04:00.039 21671 RALLYDEBUG rally_openstack.cleanup.manager [-] Deleting neutron.port object s_rally_2e0ea1a7_8BfRmI0d (d71bd4d0-5ba9-4aeb-b058-9f6bbf258ddb)
2019-09-15 09:04:00.127 21671 RALLYDEBUG rally_openstack.cleanup.manager [-] Deleting neutron.port object s_rally_2e0ea1a7_9VEnIbAM (d7a5a751-44a7-4615-885f-9c743c224139)
2019-09-15 09:04:00.192 21671 RALLYDEBUG rally_openstack.cleanup.manager [-] Deleting neutron.port object s_rally_2e0ea1a7_gBSW0ZoO (d7b6561b-1a80-421a-90a2-46bd92cbe360)
2019-09-15 09:04:00.494 21671 RALLYDEBUG rally_openstack.cleanup.manager [-] Deleting neutron.port object s_rally_2e0ea1a7_LYjZpLUm (d85ae111-f824-4176-a22a-761e90bf7948)
2019-09-15 09:04:00.646 21671 RALLYDEBUG rally_openstack.cleanup.manager [-] Deleting neutron.port object s_rally_2e0ea1a7_cFCDwrUu (d8886824-cd12-4203-8fae-349c01c1c960)
2019-09-15 09:04:00.686 21671 RALLYDEBUG rally_openstack.cleanup.manager [-] Deleting neutron.port object s_rally_2e0ea1a7_kkikXt5H (dae0e331-cecf-4ae3-800b-60fbd26df8e8)
2019-09-15 09:04:00.877 21671 RALLYDEBUG rally_openstack.cleanup.manager [-] Deleting neutron.port object s_rally_2e0ea1a7_egjZAf0n (dc31fa99-4f92-4595-a4b1-a1b0c94fd44f)
2019-09-15 09:04:00.909 21671 RALLYDEBUG rally_openstack.cleanup.manager [-] Deleting neutron.port object s_rally_2e0ea1a7_5tV5aNYo (dc7219fc-2257-4929-9d1c-3d63391f256e)
2019-09-15 09:04:01.013 21671 RALLYDEBUG rally_openstack.cleanup.manager [-] Deleting neutron.port object s_rally_2e0ea1a7_Aph83Qy3 (dd02e0e9-cb7b-42f9-9d29-5789fa7ec294)
2019-09-15 09:04:01.189 21671 RALLYDEBUG rally_openstack.cleanup.manager [-] Deleting neutron.port object s_rally_2e0ea1a7_AexZ6IGM (dd3eb299-1f64-46cb-97a0-aa0d78ec67bf)
2019-09-15 09:04:01.382 21671 RALLYDEBUG rally_openstack.cleanup.manager [-] Deleting neutron.port object s_rally_2e0ea1a7_yXT5wuqU (de0faae8-c1f0-4237-8048-df4aab2d3e02)
2019-09-15 09:04:01.398 21671 RALLYDEBUG rally_openstack.cleanup.manager [-] Deleting neutron.port object s_rally_2e0ea1a7_nH1aZbI0 (e01ea554-4ade-411b-9524-57cd2beede98)
2019-09-15 09:04:01.418 21671 RALLYDEBUG rally_openstack.cleanup.manager [-] Deleting neutron.port object s_rally_2e0ea1a7_ugHVrNpG (e0e076e7-3f22-4404-ae1b-d97188c52132)
2019-09-15 09:04:01.471 21671 RALLYDEBUG rally_openstack.cleanup.manager [-] Deleting neutron.port object s_rally_2e0ea1a7_0Ycm7B0u (e2136f84-92ea-4ed5-a2b1-79eb06285ee4)
2019-09-15 09:04:01.666 21671 RALLYDEBUG rally_openstack.cleanup.manager [-] Deleting neutron.port object s_rally_2e0ea1a7_B5kWOSQ7 (e3c01743-6b2b-4aa0-b239-63f86f5a3fc1)
2019-09-15 09:04:01.745 21671 RALLYDEBUG rally_openstack.cleanup.manager [-] Deleting neutron.port object s_rally_2e0ea1a7_CRYmGWG5 (e49014a3-fe92-47ec-80db-16610eefdccd)
2019-09-15 09:04:01.784 21671 RALLYDEBUG rally_openstack.cleanup.manager [-] Deleting neutron.port object s_rally_2e0ea1a7_2G1DdbRD (e4f704b2-b4a7-47b6-bf87-25f08df6159c)
2019-09-15 09:04:01.941 21671 RALLYDEBUG rally_openstack.cleanup.manager [-] Deleting neutron.port object s_rally_2e0ea1a7_vuBFI8zn (e89592d5-8240-42ed-9921-6afef39407a2)
2019-09-15 09:04:01.978 21671 RALLYDEBUG rally_openstack.cleanup.manager [-] Deleting neutron.port object s_rally_2e0ea1a7_OvSXZe0w (e99f2654-064e-4123-8fda-bae3e563250e)
2019-09-15 09:04:02.052 21671 RALLYDEBUG rally_openstack.cleanup.manager [-] Deleting neutron.port object s_rally_2e0ea1a7_KPmIzydk (ea52f4ce-d4dc-4ce7-ae92-5b2177d3d589)
2019-09-15 09:04:02.296 21671 RALLYDEBUG rally_openstack.cleanup.manager [-] Deleting neutron.port object s_rally_2e0ea1a7_44xrOWiT (ef39d452-9215-41a2-ba5c-f1b766c94506)
2019-09-15 09:04:02.306 21671 RALLYDEBUG rally_openstack.cleanup.manager [-] Deleting neutron.port object s_rally_2e0ea1a7_LrNh7Ssw (ef63b49d-bade-4911-b914-a700890b650a)
2019-09-15 09:04:02.370 21671 RALLYDEBUG rally_openstack.cleanup.manager [-] Deleting neutron.port object s_rally_2e0ea1a7_oBgtAWCC (f026db2f-e85a-4f03-962e-7bfb545e07c9)
2019-09-15 09:04:02.499 21671 RALLYDEBUG rally_openstack.cleanup.manager [-] Deleting neutron.port object s_rally_2e0ea1a7_KDeWP4Xv (f2227fa9-eadb-4292-aadb-3037e032f57e)
2019-09-15 09:04:02.640 21671 RALLYDEBUG rally_openstack.cleanup.manager [-] Deleting neutron.port object s_rally_2e0ea1a7_XlHAxMv2 (f782bd97-831c-41bd-82cd-d87d5d5ea79d)
2019-09-15 09:04:02.816 21671 RALLYDEBUG rally_openstack.cleanup.manager [-] Deleting neutron.port object s_rally_2e0ea1a7_4YPAtjpf (f8b10bca-95a4-4712-b26e-4f041a792e1a)
2019-09-15 09:04:02.991 21671 RALLYDEBUG rally_openstack.cleanup.manager [-] Deleting neutron.port object s_rally_2e0ea1a7_UjxfZ0Zl (f99236e3-4f71-4e26-a643-a62a31df3ad4)
2019-09-15 09:04:03.029 21671 RALLYDEBUG rally_openstack.cleanup.manager [-] Deleting neutron.port object s_rally_2e0ea1a7_hFZ1yHFR (f9edc7eb-81d8-4353-ac30-1454a3e5d9e3)
2019-09-15 09:04:03.075 21671 RALLYDEBUG rally_openstack.cleanup.manager [-] Deleting neutron.port object s_rally_2e0ea1a7_YNWLD8bK (fa1a1e01-474a-484f-96b4-9a2244450067)
2019-09-15 09:04:03.304 21671 RALLYDEBUG rally_openstack.cleanup.manager [-] Deleting neutron.port object s_rally_2e0ea1a7_xJkKagV2 (fe5226be-87ae-4f5e-94f4-a262b0d1d951)
2019-09-15 09:04:03.382 21671 RALLYDEBUG rally_openstack.cleanup.manager [-] Deleting neutron.port object s_rally_2e0ea1a7_1EY3KUG2 (ff3d2b6c-d1da-4903-b231-7ece3e2f97a7)
2019-09-15 09:04:05.291 21671 RALLYDEBUG rally_openstack.cleanup.manager [-] Cleaning up neutron subnet objects
2019-09-15 09:04:05.716 21671 RALLYDEBUG rally_openstack.cleanup.manager [-] Cleaning up neutron network objects
2019-09-15 09:04:06.270 21671 RALLYDEBUG rally_openstack.cleanup.manager [-] Deleting neutron.network object s_rally_2e0ea1a7_QufLmhQl (0af211fb-f6fb-4583-9304-6620783fa89f)
2019-09-15 09:04:06.272 21671 RALLYDEBUG rally_openstack.cleanup.manager [-] Deleting neutron.network object s_rally_2e0ea1a7_fa7zgyRM (0d34a757-6064-4cf5-a101-6696d0e2661f)
2019-09-15 09:04:06.281 21671 RALLYDEBUG rally_openstack.cleanup.manager [-] Deleting neutron.network object s_rally_2e0ea1a7_yZYSQfjl (11ce3da9-c7d5-48b1-87bf-5068252bf6ed)
2019-09-15 09:04:06.299 21671 RALLYDEBUG rally_openstack.cleanup.manager [-] Deleting neutron.network object s_rally_2e0ea1a7_1HIXR79X (1860aa37-3d2d-43f4-acbc-9bb79d0393b5)
2019-09-15 09:04:06.302 21671 RALLYDEBUG rally_openstack.cleanup.manager [-] Deleting neutron.network object s_rally_2e0ea1a7_327XqDzZ (142b1df1-1b8d-4d7e-be5c-0ca438ef997e)
2019-09-15 09:04:06.322 21671 RALLYDEBUG rally_openstack.cleanup.manager [-] Deleting neutron.network object s_rally_2e0ea1a7_hCmjgZ4u (36e809bc-ef4e-49a1-9e11-39accc6fc192)
2019-09-15 09:04:06.329 21671 RALLYDEBUG rally_openstack.cleanup.manager [-] Deleting neutron.network object s_rally_2e0ea1a7_xS9RVmxJ (28b78ee3-ce27-4f02-828f-d47b5a6598ff)
2019-09-15 09:04:06.338 21671 RALLYDEBUG rally_openstack.cleanup.manager [-] Deleting neutron.network object s_rally_2e0ea1a7_0R6Pdmvb (39e42234-5f00-4b0c-8b59-ae0dfa2cc6fd)
2019-09-15 09:04:06.358 21671 RALLYDEBUG rally_openstack.cleanup.manager [-] Deleting neutron.network object s_rally_2e0ea1a7_7mUrKkFh (4d719a58-c822-48b6-86bf-5481309e8d54)
2019-09-15 09:04:06.371 21671 RALLYDEBUG rally_openstack.cleanup.manager [-] Deleting neutron.network object s_rally_2e0ea1a7_Qv4Okazy (4e1917d6-6072-4207-9394-789ce103f237)
2019-09-15 09:04:06.387 21671 RALLYDEBUG rally_openstack.cleanup.manager [-] Deleting neutron.network object s_rally_2e0ea1a7_AgE6FuAD (5a52d859-a340-435f-8bb1-203a531328cd)
2019-09-15 09:04:06.396 21671 RALLYDEBUG rally_openstack.cleanup.manager [-] Deleting neutron.network object s_rally_2e0ea1a7_Xz562wuY (5a2dad4f-08b9-4396-9aa9-0e780ff337b3)
2019-09-15 09:04:06.406 21671 RALLYDEBUG rally_openstack.cleanup.manager [-] Deleting neutron.network object s_rally_2e0ea1a7_WtIkqzWH (5b597f66-5c5e-4c31-b0d5-827a7f4a92f1)
2019-09-15 09:04:06.429 21671 RALLYDEBUG rally_openstack.cleanup.manager [-] Deleting neutron.network object s_rally_2e0ea1a7_KpV3AyYe (653cb853-66af-4369-b279-8614eb04de74)
2019-09-15 09:04:06.475 21671 RALLYDEBUG rally_openstack.cleanup.manager [-] Deleting neutron.network object s_rally_2e0ea1a7_3xuIhrmO (73380df8-fbe6-4553-9a9c-e24f4aaab20c)
2019-09-15 09:04:06.503 21671 RALLYDEBUG rally_openstack.cleanup.manager [-] Deleting neutron.network object s_rally_2e0ea1a7_7eeoPvnX (7943808d-ecb7-481b-8393-c3fe34eb38e1)
2019-09-15 09:04:06.520 21671 RALLYDEBUG rally_openstack.cleanup.manager [-] Deleting neutron.network object s_rally_2e0ea1a7_ZUbPGSdX (7cfb9fe9-422f-44a9-b57c-7b841d459916)
2019-09-15 09:04:06.521 21671 RALLYDEBUG rally_openstack.cleanup.manager [-] Deleting neutron.network object s_rally_2e0ea1a7_9dQehmFi (77e8bffd-8677-445c-8735-5ff478b12aee)
2019-09-15 09:04:06.551 21671 RALLYDEBUG rally_openstack.cleanup.manager [-] Deleting neutron.network object s_rally_2e0ea1a7_7FFsENSj (8509730f-879d-42a4-839c-265637b22059)
2019-09-15 09:04:06.591 21671 RALLYDEBUG rally_openstack.cleanup.manager [-] Deleting neutron.network object s_rally_2e0ea1a7_vUpc6bUV (7dc3024e-37aa-4da0-a8dd-8699acc83ea2)
2019-09-15 09:04:08.711 21671 RALLYDEBUG rally_openstack.cleanup.manager [-] Deleting neutron.network object s_rally_2e0ea1a7_1FzWH5qg (8eaff034-cbf8-4ad9-9663-c7af1bb062f2)
2019-09-15 09:04:08.827 21671 RALLYDEBUG rally_openstack.cleanup.manager [-] Deleting neutron.network object s_rally_2e0ea1a7_uzAZ9LLH (8fb89cc0-756a-438f-9de2-167a86ab7021)
2019-09-15 09:04:08.915 21671 RALLYDEBUG rally_openstack.cleanup.manager [-] Deleting neutron.network object s_rally_2e0ea1a7_YaWRKbI7 (92dba751-a027-4b04-a08b-1d09816c4c79)
2019-09-15 09:04:09.055 21671 RALLYDEBUG rally_openstack.cleanup.manager [-] Deleting neutron.network object s_rally_2e0ea1a7_hRvwzRYY (93665bec-33a6-4318-b4b4-ef549e6ba0e7)
2019-09-15 09:04:09.084 21671 RALLYDEBUG rally_openstack.cleanup.manager [-] Deleting neutron.network object s_rally_2e0ea1a7_3dreuFR5 (99d8d58e-8eb2-465b-88ac-047c5abb01eb)
2019-09-15 09:04:09.159 21671 RALLYDEBUG rally_openstack.cleanup.manager [-] Deleting neutron.network object s_rally_2e0ea1a7_7e3j8Hpo (a393298b-6c14-4853-b28c-c9fec6d7a271)
2019-09-15 09:04:09.160 21671 RALLYDEBUG rally_openstack.cleanup.manager [-] Deleting neutron.network object s_rally_2e0ea1a7_bDo3RzCm (9b12e529-f091-4256-b59d-01d05d0a9c9e)
2019-09-15 09:04:09.301 21671 RALLYDEBUG rally_openstack.cleanup.manager [-] Deleting neutron.network object s_rally_2e0ea1a7_wIrbeZ8Z (a536a463-2e38-48c8-8eac-9725aea121ec)
2019-09-15 09:04:09.389 21671 RALLYDEBUG rally_openstack.cleanup.manager [-] Deleting neutron.network object s_rally_2e0ea1a7_wuLWk0hH (a8d4d239-3cf9-4187-8d05-feb98044c24b)
2019-09-15 09:04:09.408 21671 RALLYDEBUG rally_openstack.cleanup.manager [-] Deleting neutron.network object s_rally_2e0ea1a7_iplDBXDE (ba346334-707d-43ed-b4d4-a7927b394654)
2019-09-15 09:04:09.468 21671 RALLYDEBUG rally_openstack.cleanup.manager [-] Deleting neutron.network object s_rally_2e0ea1a7_JQKDoIFc (ba9ebd83-0a65-4a24-830a-568115fd39b9)
2019-09-15 09:04:09.677 21671 RALLYDEBUG rally_openstack.cleanup.manager [-] Deleting neutron.network object s_rally_2e0ea1a7_xoEU9d3N (d0fc1fdc-910e-4eba-992a-a2264e39c54d)
2019-09-15 09:04:09.774 21671 RALLYDEBUG rally_openstack.cleanup.manager [-] Deleting neutron.network object s_rally_2e0ea1a7_8bmuiRjU (d57ca02e-a978-4a8a-9e9c-dc7aad6f0290)
2019-09-15 09:04:09.879 21671 RALLYDEBUG rally_openstack.cleanup.manager [-] Deleting neutron.network object s_rally_2e0ea1a7_yTvQY77i (d6660d70-174b-4d4d-80ea-5b74b280ad0b)
2019-09-15 09:04:10.274 21671 RALLYDEBUG rally_openstack.cleanup.manager [-] Deleting neutron.network object s_rally_2e0ea1a7_gSvzo5hy (edf0d600-a859-41ad-b1c3-51c41af03fea)
2019-09-15 09:04:10.282 21671 RALLYDEBUG rally_openstack.cleanup.manager [-] Deleting neutron.network object s_rally_2e0ea1a7_g1LsAQni (f109d7fc-6c00-4d7b-969e-f37b814b2316)
2019-09-15 09:04:10.480 21671 RALLYDEBUG rally_openstack.cleanup.manager [-] Deleting neutron.network object s_rally_2e0ea1a7_znPHI2AN (f5cf9967-c14c-4df6-9e46-bfbcce9cfcbe)
2019-09-15 09:04:10.487 21671 RALLYDEBUG rally_openstack.cleanup.manager [-] Deleting neutron.network object s_rally_2e0ea1a7_6T80aukN (f6dcec10-c1a0-4ae0-8433-ea91838360f8)
2019-09-15 09:04:10.488 21671 RALLYDEBUG rally_openstack.cleanup.manager [-] Deleting neutron.network object s_rally_2e0ea1a7_yPc2hFZZ (fd2c4068-d7f0-4971-b4b1-3dc15e4d9db5)
2019-09-15 09:04:10.710 21671 RALLYDEBUG rally_openstack.cleanup.manager [-] Deleting neutron.network object s_rally_2e0ea1a7_PAwhj0uC (ff117278-2aff-4ebe-b05b-4f8def947db3)
2019-09-15 09:04:12.953 21671 RALLYDEBUG rally_openstack.cleanup.manager [-] Cleaning up neutron router objects
2019-09-15 09:04:13.393 21671 RALLYDEBUG rally_openstack.cleanup.manager [-] Cleaning up neutron security_group objects
2019-09-15 09:04:13.823 21671 INFO rally.task.context [-] Task 55de7d80-0c60-484f-9b4b-41dee91c3f3f | Context cleanup@openstack cleanup() finished in 34.21 sec
2019-09-15 09:04:13.824 21671 INFO rally.task.context [-] Task 55de7d80-0c60-484f-9b4b-41dee91c3f3f | Context quotas@openstack cleanup() started
2019-09-15 09:04:13.898 21671 INFO rally.task.context [-] Task 55de7d80-0c60-484f-9b4b-41dee91c3f3f | Context quotas@openstack cleanup() finished in 74.66 msec
2019-09-15 09:04:13.899 21671 INFO rally.task.context [-] Task 55de7d80-0c60-484f-9b4b-41dee91c3f3f | Context users@openstack cleanup() started
2019-09-15 09:04:16.622 21671 INFO rally.task.context [-] Task 55de7d80-0c60-484f-9b4b-41dee91c3f3f | Context users@openstack cleanup() finished in 2.72 sec
2019-09-15 09:04:16.989 21671 INFO rally.task.engine [-] Load duration is: 24.074598
2019-09-15 09:04:16.989 21671 INFO rally.task.engine [-] Full runner duration is: 24.134749
2019-09-15 09:04:16.990 21671 INFO rally.task.engine [-] Full duration is: 63.951747
2019-09-15 09:04:17.307 21671 INFO rally.task.engine [-] Running workload: position = 2 config = { "version": 2, "title": "A cropped version of a bigger task.", "description": "Auto-generated task from a single workload (uuid=1a159760-6e74-4645-961d-c3711842c7ad)", "subtasks": [ { "title": "NeutronNetworks.create_and_delete_ports", "description": "Create and delete a port.", "scenario": { "NeutronNetworks.create_and_delete_ports": { "network_create_args": {}, "port_create_args": {}, "ports_per_network": 5 } }, "contexts": { "users": { "tenants": 1, "users_per_tenant": 1 }, "quotas": { "neutron": { "network": -1, "port": -1 } } }, "runner": { "constant": { "times": 40, "concurrency": 20 } }, "hooks": [], "sla": { "failure_rate": { "max": 0 } } } ] }
2019-09-15 09:04:17.334 21671 RALLYDEBUG rally_openstack.contexts.keystone.users [-] Creating 1 tenants using 20 threads
2019-09-15 09:04:18.333 21671 RALLYDEBUG rally_openstack.contexts.keystone.users [-] Creating 1 users using 20 threads
2019-09-15 09:04:19.782 21671 INFO rally.task.context [-] Task 55de7d80-0c60-484f-9b4b-41dee91c3f3f | Context users@openstack setup() finished in 2.45 sec
2019-09-15 09:04:20.300 21671 INFO rally.task.context [-] Task 55de7d80-0c60-484f-9b4b-41dee91c3f3f | Context quotas@openstack setup() finished in 0.52 sec
2019-09-15 09:04:20.301 21671 INFO rally.task.context [-] Task 55de7d80-0c60-484f-9b4b-41dee91c3f3f | Context cleanup@openstack setup() finished in 0.01 msec
2019-09-15 09:04:20.310 21671 RALLYDEBUG rally.task.runner [-] Starting the constant runner (task UUID: 55de7d80-0c60-484f-9b4b-41dee91c3f3f). timeout: 0 concurrency: 20 concurrency_per_worker: 1 times: 40 concurrency_overhead: 4 processes_to_start: 16 max_cpu_used: 16
2019-09-15 09:04:20.325 25918 RALLYDEBUG rally.task.runner [-] Starting a worker. concurrency: 2 args: {"network_create_args": {}, "port_create_args": {}, "ports_per_network": 5} times: 40 method_name: run timeout: 0 duration: None cls:
2019-09-15 09:04:20.328 25919 RALLYDEBUG rally.task.runner [-] Starting a worker. concurrency: 2 args: {"network_create_args": {}, "port_create_args": {}, "ports_per_network": 5} times: 40 method_name: run timeout: 0 duration: None cls:
2019-09-15 09:04:20.331 25920 RALLYDEBUG rally.task.runner [-] Starting a worker. concurrency: 2 args: {"network_create_args": {}, "port_create_args": {}, "ports_per_network": 5} times: 40 method_name: run timeout: 0 duration: None cls:
2019-09-15 09:04:20.335 25921 RALLYDEBUG rally.task.runner [-] Starting a worker. concurrency: 2 args: {"network_create_args": {}, "port_create_args": {}, "ports_per_network": 5} times: 40 method_name: run timeout: 0 duration: None cls:
2019-09-15 09:04:20.335 25918 INFO rally.task.runner [-] Task 55de7d80-0c60-484f-9b4b-41dee91c3f3f | ITER: 1 START
2019-09-15 09:04:20.337 25923 RALLYDEBUG rally.task.runner [-] Starting a worker. concurrency: 1 args: {"network_create_args": {}, "port_create_args": {}, "ports_per_network": 5} times: 40 method_name: run timeout: 0 duration: None cls:
2019-09-15 09:04:20.337 25918 INFO rally.task.runner [-] Task 55de7d80-0c60-484f-9b4b-41dee91c3f3f | ITER: 3 START
2019-09-15 09:04:20.339 25918 WARNING rally_openstack.scenarios.neutron.utils [-] Running this scenario without either the 'network' or 'existing_network' context is deprecated
2019-09-15 09:04:20.339 25919 INFO rally.task.runner [-] Task 55de7d80-0c60-484f-9b4b-41dee91c3f3f | ITER: 2 START
2019-09-15 09:04:20.342 25919 WARNING rally_openstack.scenarios.neutron.utils [-] Running this scenario without either the 'network' or 'existing_network' context is deprecated
2019-09-15 09:04:20.342 25920 INFO rally.task.runner [-] Task 55de7d80-0c60-484f-9b4b-41dee91c3f3f | ITER: 4 START
2019-09-15 09:04:20.344 25923 INFO rally.task.runner [-] Task 55de7d80-0c60-484f-9b4b-41dee91c3f3f | ITER: 8 START
2019-09-15 09:04:20.340 25918 WARNING rally_openstack.scenarios.neutron.utils [-] Running this scenario without either the 'network' or 'existing_network' context is deprecated
2019-09-15 09:04:20.344 25926 RALLYDEBUG rally.task.runner [-] Starting a worker. concurrency: 1 args: {"network_create_args": {}, "port_create_args": {}, "ports_per_network": 5} times: 40 method_name: run timeout: 0 duration: None cls:
2019-09-15 09:04:20.345 25923 WARNING rally_openstack.scenarios.neutron.utils [-] Running this scenario without either the 'network' or 'existing_network' context is deprecated
2019-09-15 09:04:20.345 25920 WARNING rally_openstack.scenarios.neutron.utils [-] Running this scenario without either the 'network' or 'existing_network' context is deprecated
2019-09-15 09:04:20.345 25921 INFO rally.task.runner [-] Task 55de7d80-0c60-484f-9b4b-41dee91c3f3f | ITER: 6 START
2019-09-15 09:04:20.347 25921 INFO rally.task.runner [-] Task 55de7d80-0c60-484f-9b4b-41dee91c3f3f | ITER: 9 START
2019-09-15 09:04:20.348 25932 RALLYDEBUG rally.task.runner [-] Starting a worker. concurrency: 1 args: {"network_create_args": {}, "port_create_args": {}, "ports_per_network": 5} times: 40 method_name: run timeout: 0 duration: None cls:
2019-09-15 09:04:20.349 25921 WARNING rally_openstack.scenarios.neutron.utils [-] Running this scenario without either the 'network' or 'existing_network' context is deprecated
2019-09-15 09:04:20.351 25926 INFO rally.task.runner [-] Task 55de7d80-0c60-484f-9b4b-41dee91c3f3f | ITER: 10 START
2019-09-15 09:04:20.351 25937 RALLYDEBUG rally.task.runner [-] Starting a worker. concurrency: 1 args: {"network_create_args": {}, "port_create_args": {}, "ports_per_network": 5} times: 40 method_name: run timeout: 0 duration: None cls:
2019-09-15 09:04:20.353 25926 WARNING rally_openstack.scenarios.neutron.utils [-] Running this scenario without either the 'network' or 'existing_network' context is deprecated
2019-09-15 09:04:20.354 25940 RALLYDEBUG rally.task.runner [-] Starting a worker. concurrency: 1 args: {"network_create_args": {}, "port_create_args": {}, "ports_per_network": 5} times: 40 method_name: run timeout: 0 duration: None cls:
2019-09-15 09:04:20.344 25919 INFO rally.task.runner [-] Task 55de7d80-0c60-484f-9b4b-41dee91c3f3f | ITER: 5 START
2019-09-15 09:04:20.346 25920 INFO rally.task.runner [-] Task 55de7d80-0c60-484f-9b4b-41dee91c3f3f | ITER: 7 START
2019-09-15 09:04:20.357 25920 WARNING rally_openstack.scenarios.neutron.utils [-] Running this scenario without either the 'network' or 'existing_network' context is deprecated
2019-09-15 09:04:20.357 25932 INFO rally.task.runner [-] Task 55de7d80-0c60-484f-9b4b-41dee91c3f3f | ITER: 11 START
2019-09-15 09:04:20.357 25937 INFO rally.task.runner [-] Task 55de7d80-0c60-484f-9b4b-41dee91c3f3f | ITER: 12 START
2019-09-15 09:04:20.358 25937 WARNING rally_openstack.scenarios.neutron.utils [-] Running this scenario without either the 'network' or 'existing_network' context is deprecated
2019-09-15 09:04:20.357 25919 WARNING rally_openstack.scenarios.neutron.utils [-] Running this scenario without either the 'network' or 'existing_network' context is deprecated
2019-09-15 09:04:20.359 25932 WARNING rally_openstack.scenarios.neutron.utils [-] Running this scenario without either the 'network' or 'existing_network' context is deprecated
2019-09-15 09:04:20.358 25921 WARNING rally_openstack.scenarios.neutron.utils [-] Running this scenario without either the 'network' or 'existing_network' context is deprecated
2019-09-15 09:04:20.361 25940 INFO rally.task.runner [-] Task 55de7d80-0c60-484f-9b4b-41dee91c3f3f | ITER: 13 START
2019-09-15 09:04:20.363 25940 WARNING rally_openstack.scenarios.neutron.utils [-] Running this scenario without either the 'network' or 'existing_network' context is deprecated
2019-09-15 09:04:20.362 25943 RALLYDEBUG rally.task.runner [-] Starting a worker. concurrency: 1 args: {"network_create_args": {}, "port_create_args": {}, "ports_per_network": 5} times: 40 method_name: run timeout: 0 duration: None cls:
2019-09-15 09:04:20.369 25943 INFO rally.task.runner [-] Task 55de7d80-0c60-484f-9b4b-41dee91c3f3f | ITER: 14 START
2019-09-15 09:04:20.371 25943 WARNING rally_openstack.scenarios.neutron.utils [-] Running this scenario without either the 'network' or 'existing_network' context is deprecated
2019-09-15 09:04:20.372 25950 RALLYDEBUG rally.task.runner [-] Starting a worker. concurrency: 1 args: {"network_create_args": {}, "port_create_args": {}, "ports_per_network": 5} times: 40 method_name: run timeout: 0 duration: None cls:
2019-09-15 09:04:20.381 25950 INFO rally.task.runner [-] Task 55de7d80-0c60-484f-9b4b-41dee91c3f3f | ITER: 15 START
2019-09-15 09:04:20.381 25953 RALLYDEBUG rally.task.runner [-] Starting a worker. concurrency: 1 args: {"network_create_args": {}, "port_create_args": {}, "ports_per_network": 5} times: 40 method_name: run timeout: 0 duration: None cls:
2019-09-15 09:04:20.383 25950 WARNING rally_openstack.scenarios.neutron.utils [-] Running this scenario without either the 'network' or 'existing_network' context is deprecated
2019-09-15 09:04:20.388 25953 INFO rally.task.runner [-] Task 55de7d80-0c60-484f-9b4b-41dee91c3f3f | ITER: 16 START
2019-09-15 09:04:20.390 25953 WARNING rally_openstack.scenarios.neutron.utils [-] Running this scenario without either the 'network' or 'existing_network' context is deprecated
2019-09-15 09:04:20.391 25956 RALLYDEBUG rally.task.runner [-] Starting a worker. concurrency: 1 args: {"network_create_args": {}, "port_create_args": {}, "ports_per_network": 5} times: 40 method_name: run timeout: 0 duration: None cls:
2019-09-15 09:04:20.396 25956 INFO rally.task.runner [-] Task 55de7d80-0c60-484f-9b4b-41dee91c3f3f | ITER: 17 START
2019-09-15 09:04:20.398 25956 WARNING rally_openstack.scenarios.neutron.utils [-] Running this scenario without either the 'network' or 'existing_network' context is deprecated
2019-09-15 09:04:20.397 25959 RALLYDEBUG rally.task.runner [-] Starting a worker. concurrency: 1 args: {"network_create_args": {}, "port_create_args": {}, "ports_per_network": 5} times: 40 method_name: run timeout: 0 duration: None cls:
2019-09-15 09:04:20.403 25959 INFO rally.task.runner [-] Task 55de7d80-0c60-484f-9b4b-41dee91c3f3f | ITER: 18 START
2019-09-15 09:04:20.404 25959 WARNING rally_openstack.scenarios.neutron.utils [-] Running this scenario without either the 'network' or 'existing_network' context is deprecated
2019-09-15 09:04:20.405 25962 RALLYDEBUG rally.task.runner [-] Starting a worker. concurrency: 1 args: {"network_create_args": {}, "port_create_args": {}, "ports_per_network": 5} times: 40 method_name: run timeout: 0 duration: None cls:
2019-09-15 09:04:20.410 25962 INFO rally.task.runner [-] Task 55de7d80-0c60-484f-9b4b-41dee91c3f3f | ITER: 19 START
2019-09-15 09:04:20.410 25965 RALLYDEBUG rally.task.runner [-] Starting a worker. concurrency: 1 args: {"network_create_args": {}, "port_create_args": {}, "ports_per_network": 5} times: 40 method_name: run timeout: 0 duration: None cls:
2019-09-15 09:04:20.411 25962 WARNING rally_openstack.scenarios.neutron.utils [-] Running this scenario without either the 'network' or 'existing_network' context is deprecated
2019-09-15 09:04:20.415 25965 INFO rally.task.runner [-] Task 55de7d80-0c60-484f-9b4b-41dee91c3f3f | ITER: 20 START
2019-09-15 09:04:20.416 25965 WARNING rally_openstack.scenarios.neutron.utils [-] Running this scenario without either the 'network' or 'existing_network' context is deprecated
2019-09-15 09:04:29.486 25956 INFO rally.task.runner [-] Task 55de7d80-0c60-484f-9b4b-41dee91c3f3f | ITER: 17 END: OK
2019-09-15 09:04:29.491 25956 INFO rally.task.runner [-] Task 55de7d80-0c60-484f-9b4b-41dee91c3f3f | ITER: 21 START
2019-09-15 09:04:29.491 25956 WARNING rally_openstack.scenarios.neutron.utils [-] Running this scenario without either the 'network' or 'existing_network' context is deprecated
2019-09-15 09:04:29.671 25918 INFO rally.task.runner [-] Task 55de7d80-0c60-484f-9b4b-41dee91c3f3f | ITER: 3 END: OK
2019-09-15 09:04:29.675 25918 INFO rally.task.runner [-] Task 55de7d80-0c60-484f-9b4b-41dee91c3f3f | ITER: 22 START
2019-09-15 09:04:29.676 25918 WARNING rally_openstack.scenarios.neutron.utils [-] Running this scenario without either the 'network' or 'existing_network' context is deprecated
2019-09-15 09:04:29.984 25940 INFO rally.task.runner [-] Task 55de7d80-0c60-484f-9b4b-41dee91c3f3f | ITER: 13 END: OK
2019-09-15 09:04:29.989 25940 INFO rally.task.runner [-] Task 55de7d80-0c60-484f-9b4b-41dee91c3f3f | ITER: 23 START
2019-09-15 09:04:29.990 25940 WARNING rally_openstack.scenarios.neutron.utils [-] Running this scenario without either the 'network' or 'existing_network' context is deprecated
2019-09-15 09:04:30.599 25926 INFO rally.task.runner [-] Task 55de7d80-0c60-484f-9b4b-41dee91c3f3f | ITER: 10 END: OK
2019-09-15 09:04:30.604 25926 INFO rally.task.runner [-] Task 55de7d80-0c60-484f-9b4b-41dee91c3f3f | ITER: 24 START
2019-09-15 09:04:30.605 25926 WARNING rally_openstack.scenarios.neutron.utils [-] Running this scenario without either the 'network' or 'existing_network' context is deprecated
2019-09-15 09:04:31.959 25932 INFO rally.task.runner [-] Task 55de7d80-0c60-484f-9b4b-41dee91c3f3f | ITER: 11 END: OK
2019-09-15 09:04:31.965 25932 INFO rally.task.runner [-] Task 55de7d80-0c60-484f-9b4b-41dee91c3f3f | ITER: 25 START
2019-09-15 09:04:31.965 25932 WARNING rally_openstack.scenarios.neutron.utils [-] Running this scenario without either the 'network' or 'existing_network' context is deprecated
2019-09-15 09:04:32.252 25921 INFO rally.task.runner [-] Task 55de7d80-0c60-484f-9b4b-41dee91c3f3f | ITER: 6 END: OK
2019-09-15 09:04:32.254 25950 INFO rally.task.runner [-] Task 55de7d80-0c60-484f-9b4b-41dee91c3f3f | ITER: 15 END: OK
2019-09-15 09:04:32.257 25921 INFO rally.task.runner [-] Task 55de7d80-0c60-484f-9b4b-41dee91c3f3f | ITER: 26 START
2019-09-15 09:04:32.257 25921 WARNING rally_openstack.scenarios.neutron.utils [-] Running this scenario without either the 'network' or 'existing_network' context is deprecated
2019-09-15 09:04:32.258 25950 INFO rally.task.runner [-] Task 55de7d80-0c60-484f-9b4b-41dee91c3f3f | ITER: 27 START
2019-09-15 09:04:32.259 25950 WARNING rally_openstack.scenarios.neutron.utils [-] Running this scenario without either the 'network' or 'existing_network' context is deprecated
2019-09-15 09:04:32.545 25920 INFO rally.task.runner [-] Task 55de7d80-0c60-484f-9b4b-41dee91c3f3f | ITER: 7 END: OK
2019-09-15 09:04:32.549 25920 INFO rally.task.runner [-] Task 55de7d80-0c60-484f-9b4b-41dee91c3f3f | ITER: 28 START
2019-09-15 09:04:32.550 25920 WARNING rally_openstack.scenarios.neutron.utils [-] Running this scenario without either the 'network' or 'existing_network' context is deprecated
2019-09-15 09:04:32.988 25920 INFO rally.task.runner [-] Task 55de7d80-0c60-484f-9b4b-41dee91c3f3f | ITER: 4 END: OK
2019-09-15 09:04:32.992 25920 INFO rally.task.runner [-] Task 55de7d80-0c60-484f-9b4b-41dee91c3f3f | ITER: 29 START
2019-09-15 09:04:32.993 25920 WARNING rally_openstack.scenarios.neutron.utils [-] Running this scenario without either the 'network' or 'existing_network' context is deprecated
2019-09-15 09:04:33.124 25943 INFO rally.task.runner [-] Task 55de7d80-0c60-484f-9b4b-41dee91c3f3f | ITER: 14 END: OK
2019-09-15 09:04:33.128 25943 INFO rally.task.runner [-] Task 55de7d80-0c60-484f-9b4b-41dee91c3f3f | ITER: 30 START
2019-09-15 09:04:33.129 25943 WARNING rally_openstack.scenarios.neutron.utils [-] Running this scenario without either the 'network' or 'existing_network' context is deprecated
2019-09-15 09:04:33.208 25919 INFO rally.task.runner [-] Task 55de7d80-0c60-484f-9b4b-41dee91c3f3f | ITER: 5 END: OK
2019-09-15 09:04:33.212 25919 INFO rally.task.runner [-] Task 55de7d80-0c60-484f-9b4b-41dee91c3f3f | ITER: 31 START
2019-09-15 09:04:33.213 25919 WARNING rally_openstack.scenarios.neutron.utils [-] Running this scenario without either the 'network' or 'existing_network' context is deprecated
2019-09-15 09:04:33.591 25937 INFO rally.task.runner [-] Task 55de7d80-0c60-484f-9b4b-41dee91c3f3f | ITER: 12 END: OK
2019-09-15 09:04:33.596 25937 INFO rally.task.runner [-] Task 55de7d80-0c60-484f-9b4b-41dee91c3f3f | ITER: 32 START
2019-09-15 09:04:33.597 25937 WARNING rally_openstack.scenarios.neutron.utils [-] Running this scenario without either the 'network' or 'existing_network' context is deprecated
2019-09-15 09:04:33.642 25965 INFO rally.task.runner [-] Task 55de7d80-0c60-484f-9b4b-41dee91c3f3f | ITER: 20 END: OK
2019-09-15 09:04:33.648 25965 INFO rally.task.runner [-] Task 55de7d80-0c60-484f-9b4b-41dee91c3f3f | ITER: 33 START
2019-09-15 09:04:33.648 25965 WARNING rally_openstack.scenarios.neutron.utils [-] Running this scenario without either the 'network' or 'existing_network' context is deprecated
2019-09-15 09:04:34.260 25921 INFO rally.task.runner [-] Task 55de7d80-0c60-484f-9b4b-41dee91c3f3f | ITER: 9 END: OK
2019-09-15 09:04:34.264 25921 INFO rally.task.runner [-] Task 55de7d80-0c60-484f-9b4b-41dee91c3f3f | ITER: 34 START
2019-09-15 09:04:34.265 25921 WARNING rally_openstack.scenarios.neutron.utils [-] Running this scenario without either the 'network' or 'existing_network' context is deprecated
2019-09-15 09:04:35.269 25953 INFO rally.task.runner [-] Task 55de7d80-0c60-484f-9b4b-41dee91c3f3f | ITER: 16 END: OK
2019-09-15 09:04:35.274 25953 INFO rally.task.runner [-] Task 55de7d80-0c60-484f-9b4b-41dee91c3f3f | ITER: 35 START
2019-09-15 09:04:35.274 25953 WARNING rally_openstack.scenarios.neutron.utils [-] Running this scenario without either the 'network' or 'existing_network' context is deprecated
2019-09-15 09:04:35.807 25918 INFO rally.task.runner [-] Task 55de7d80-0c60-484f-9b4b-41dee91c3f3f | ITER: 1 END: OK
2019-09-15 09:04:35.812 25918 INFO rally.task.runner [-] Task 55de7d80-0c60-484f-9b4b-41dee91c3f3f | ITER: 36 START
2019-09-15 09:04:35.812 25918 WARNING rally_openstack.scenarios.neutron.utils [-] Running this scenario without either the 'network' or 'existing_network' context is deprecated
2019-09-15 09:04:35.820 25923 INFO rally.task.runner [-] Task 55de7d80-0c60-484f-9b4b-41dee91c3f3f | ITER: 8 END: OK
2019-09-15 09:04:35.824 25923 INFO rally.task.runner [-] Task 55de7d80-0c60-484f-9b4b-41dee91c3f3f | ITER: 37 START
2019-09-15 09:04:35.825 25923 WARNING rally_openstack.scenarios.neutron.utils [-] Running this scenario without either the 'network' or 'existing_network' context is deprecated
2019-09-15 09:04:36.000 25959 INFO rally.task.runner [-] Task 55de7d80-0c60-484f-9b4b-41dee91c3f3f | ITER: 18 END: OK
2019-09-15 09:04:36.005 25959 INFO rally.task.runner [-] Task 55de7d80-0c60-484f-9b4b-41dee91c3f3f | ITER: 38 START
2019-09-15 09:04:36.005 25959 WARNING rally_openstack.scenarios.neutron.utils [-] Running this scenario without either the 'network' or 'existing_network' context is deprecated
2019-09-15 09:04:36.049 25919 INFO rally.task.runner [-] Task 55de7d80-0c60-484f-9b4b-41dee91c3f3f | ITER: 2 END: OK
2019-09-15 09:04:36.053 25919 INFO rally.task.runner [-] Task 55de7d80-0c60-484f-9b4b-41dee91c3f3f | ITER: 39 START
