2019-09-15 08:50:27.226 21662 RALLYDEBUG rally.api [-] INFO logs from urllib3 and requests module are hide.
2019-09-15 08:50:27.226 21662 RALLYDEBUG rally.api [-] urllib3 insecure warnings are hidden.
2019-09-15 08:50:27.226 21662 RALLYDEBUG rally.api [-] ERROR log from boto module is hide.
2019-09-15 08:50:29.878 21664 RALLYDEBUG rally.api [-] INFO logs from urllib3 and requests module are hide.
2019-09-15 08:50:29.878 21664 RALLYDEBUG rally.api [-] urllib3 insecure warnings are hidden.
2019-09-15 08:50:29.878 21664 RALLYDEBUG rally.api [-] ERROR log from boto module is hide.
2019-09-15 08:50:31.405 21664 WARNING rally_openstack.platforms.existing [-] endpoint is deprecated and not used.
2019-09-15 08:50:32.510 21666 RALLYDEBUG rally.api [-] INFO logs from urllib3 and requests module are hide.
2019-09-15 08:50:32.510 21666 RALLYDEBUG rally.api [-] urllib3 insecure warnings are hidden.
2019-09-15 08:50:32.510 21666 RALLYDEBUG rally.api [-] ERROR log from boto module is hide.
2019-09-15 08:50:35.766 21669 RALLYDEBUG rally.api [-] INFO logs from urllib3 and requests module are hide.
2019-09-15 08:50:35.766 21669 RALLYDEBUG rally.api [-] urllib3 insecure warnings are hidden.
2019-09-15 08:50:35.766 21669 RALLYDEBUG rally.api [-] ERROR log from boto module is hide.
2019-09-15 08:50:37.594 21671 RALLYDEBUG rally.api [-] INFO logs from urllib3 and requests module are hide.
2019-09-15 08:50:37.594 21671 RALLYDEBUG rally.api [-] urllib3 insecure warnings are hidden.
2019-09-15 08:50:37.595 21671 RALLYDEBUG rally.api [-] ERROR log from boto module is hide.
2019-09-15 08:50:38.997 21671 INFO rally.common.plugin.discover [-] Loading plugins from directories /root/.rally/plugins/*
2019-09-15 08:50:38.998 21671 INFO rally.common.plugin.discover [-] Loaded module with plugins: /root/.rally/plugins/__init__.py
2019-09-15 08:50:39.001 21671 INFO rally.common.plugin.discover [-] Loaded module with plugins: /root/.rally/plugins/trunk_scenario.py
2019-09-15 08:50:39.258 21671 INFO rally.task.engine [-] Task 55de7d80-0c60-484f-9b4b-41dee91c3f3f | Starting: Task validation.
2019-09-15 08:50:39.314 21671 INFO rally.task.engine [-] Task 55de7d80-0c60-484f-9b4b-41dee91c3f3f | Starting: Task validation of syntax.
2019-09-15 08:50:39.558 21671 INFO rally.task.engine [-] Task 55de7d80-0c60-484f-9b4b-41dee91c3f3f | Completed: Task validation of syntax.
2019-09-15 08:50:39.559 21671 INFO rally.task.engine [-] Task 55de7d80-0c60-484f-9b4b-41dee91c3f3f | Starting: Task validation of required platforms.
2019-09-15 08:50:39.629 21671 INFO rally.task.engine [-] Task 55de7d80-0c60-484f-9b4b-41dee91c3f3f | Completed: Task validation of required platforms.
2019-09-15 08:50:39.629 21671 INFO rally.task.engine [-] Task 55de7d80-0c60-484f-9b4b-41dee91c3f3f | Starting: Task validation of semantic.
2019-09-15 08:50:39.629 21671 INFO rally.task.engine [-] Check health of the environment '1a28a2c7-b64a-407c-8550-35306b113570'.
2019-09-15 08:50:40.212 21671 INFO rally.task.engine [-] Platform existing@openstack (available: True): OK!
2019-09-15 08:50:40.232 21671 RALLYDEBUG rally_openstack.contexts.keystone.users [-] Creating 1 tenants using 20 threads
2019-09-15 08:50:41.095 21671 RALLYDEBUG rally_openstack.contexts.keystone.users [-] Creating 1 users using 20 threads
2019-09-15 08:50:42.464 21671 INFO rally.task.context [-] Task 55de7d80-0c60-484f-9b4b-41dee91c3f3f | Context users@openstack setup() finished in 2.23 sec
2019-09-15 08:50:47.123 21671 INFO rally.task.context [-] Task 55de7d80-0c60-484f-9b4b-41dee91c3f3f | Context users@openstack cleanup() started
2019-09-15 08:50:50.350 21671 INFO rally.task.context [-] Task 55de7d80-0c60-484f-9b4b-41dee91c3f3f | Context users@openstack cleanup() finished in 3.23 sec
2019-09-15 08:50:50.351 21671 INFO rally.task.engine [-] Task 55de7d80-0c60-484f-9b4b-41dee91c3f3f | Completed: Task validation of semantic.
2019-09-15 08:50:50.351 21671 INFO rally.task.engine [-] Task 55de7d80-0c60-484f-9b4b-41dee91c3f3f | Completed: Task validation.
2019-09-15 08:50:50.352 21671 INFO rally.api [-] Task 55de7d80-0c60-484f-9b4b-41dee91c3f3f input file is valid.
2019-09-15 08:50:50.352 21671 INFO rally.api [-] Run Task 55de7d80-0c60-484f-9b4b-41dee91c3f3f against Deployment 1a28a2c7-b64a-407c-8550-35306b113570
2019-09-15 08:50:50.352 21671 INFO rally.task.engine [-] Task 55de7d80-0c60-484f-9b4b-41dee91c3f3f | Starting: Running task.
2019-09-15 08:50:50.563 21671 INFO rally.task.engine [-] Running workload: position = 0 config = { "version": 2, "title": "A cropped version of a bigger task.", "description": "Auto-generated task from a single workload (uuid=f683f98f-ee02-48bd-88fb-365ffa890ad2)", "subtasks": [ { "title": "NeutronNetworks.create_and_list_networks", "description": "Check performance of list_networks action and ensure > network quotas are not exceeded", "scenario": { "NeutronNetworks.create_and_list_networks": {} }, "contexts": { "users": { "tenants": 1, "users_per_tenant": 1 }, "quotas": { "neutron": { "network": 119 } } }, "runner": { "constant": { "times": 100, "concurrency": 20 } }, "hooks": [], "sla": { "max_avg_duration_per_atomic": { "neutron.list_networks": 15 }, "failure_rate": { "max": 0 } } } ] }
2019-09-15 08:50:50.589 21671 RALLYDEBUG rally_openstack.contexts.keystone.users [-] Creating 1 tenants using 20 threads
2019-09-15 08:50:51.536 21671 RALLYDEBUG rally_openstack.contexts.keystone.users [-] Creating 1 users using 20 threads
2019-09-15 08:50:52.911 21671 INFO rally.task.context [-] Task 55de7d80-0c60-484f-9b4b-41dee91c3f3f | Context users@openstack setup() finished in 2.32 sec
2019-09-15 08:50:53.443 21671 INFO rally.task.context [-] Task 55de7d80-0c60-484f-9b4b-41dee91c3f3f | Context quotas@openstack setup() finished in 0.53 sec
2019-09-15 08:50:53.444 21671 INFO rally.task.context [-] Task 55de7d80-0c60-484f-9b4b-41dee91c3f3f | Context cleanup@openstack setup() finished in 0.01 msec
2019-09-15 08:50:53.452 21671 RALLYDEBUG rally.task.runner [-] Starting the constant runner (task UUID: 55de7d80-0c60-484f-9b4b-41dee91c3f3f). timeout: 0 concurrency: 20 concurrency_per_worker: 1 times: 100 concurrency_overhead: 4 processes_to_start: 16 max_cpu_used: 16
2019-09-15 08:50:53.464 21796 RALLYDEBUG rally.task.runner [-] Starting a worker. concurrency: 2 args: {} times: 100 method_name: run timeout: 0 duration: None cls:
2019-09-15 08:50:53.468 21799 RALLYDEBUG rally.task.runner [-] Starting a worker. concurrency: 2 args: {} times: 100 method_name: run timeout: 0 duration: None cls:
2019-09-15 08:50:53.469 21797 RALLYDEBUG rally.task.runner [-] Starting a worker. concurrency: 2 args: {} times: 100 method_name: run timeout: 0 duration: None cls:
2019-09-15 08:50:53.485 21796 INFO rally.task.runner [-] Task 55de7d80-0c60-484f-9b4b-41dee91c3f3f | ITER: 1 START
2019-09-15 08:50:53.485 21811 RALLYDEBUG rally.task.runner [-] Starting a worker. concurrency: 1 args: {} times: 100 method_name: run timeout: 0 duration: None cls:
2019-09-15 08:50:53.475 21798 RALLYDEBUG rally.task.runner [-] Starting a worker. concurrency: 2 args: {} times: 100 method_name: run timeout: 0 duration: None cls:
2019-09-15 08:50:53.482 21808 RALLYDEBUG rally.task.runner [-] Starting a worker. concurrency: 1 args: {} times: 100 method_name: run timeout: 0 duration: None cls:
2019-09-15 08:50:53.474 21800 RALLYDEBUG rally.task.runner [-] Starting a worker. concurrency: 1 args: {} times: 100 method_name: run timeout: 0 duration: None cls:
2019-09-15 08:50:53.483 21806 RALLYDEBUG rally.task.runner [-] Starting a worker. concurrency: 1 args: {} times: 100 method_name: run timeout: 0 duration: None cls:
2019-09-15 08:50:53.474 21802 RALLYDEBUG rally.task.runner [-] Starting a worker. concurrency: 1 args: {} times: 100 method_name: run timeout: 0 duration: None cls:
2019-09-15 08:50:53.487 21815 RALLYDEBUG rally.task.runner [-] Starting a worker. concurrency: 1 args: {} times: 100 method_name: run timeout: 0 duration: None cls:
2019-09-15 08:50:53.475 21803 RALLYDEBUG rally.task.runner [-] Starting a worker. concurrency: 1 args: {} times: 100 method_name: run timeout: 0 duration: None cls:
2019-09-15 08:50:53.483 21809 RALLYDEBUG rally.task.runner [-] Starting a worker. concurrency: 1 args: {} times: 100 method_name: run timeout: 0 duration: None cls:
2019-09-15 08:50:53.476 21804 RALLYDEBUG rally.task.runner [-] Starting a worker. concurrency: 1 args: {} times: 100 method_name: run timeout: 0 duration: None cls:
2019-09-15 08:50:53.489 21812 RALLYDEBUG rally.task.runner [-] Starting a worker. concurrency: 1 args: {} times: 100 method_name: run timeout: 0 duration: None cls:
2019-09-15 08:50:53.480 21807 RALLYDEBUG rally.task.runner [-] Starting a worker. concurrency: 1 args: {} times: 100 method_name: run timeout: 0 duration: None cls:
2019-09-15 08:50:53.474 21801 RALLYDEBUG rally.task.runner [-] Starting a worker. concurrency: 1 args: {} times: 100 method_name: run timeout: 0 duration: None cls:
2019-09-15 08:50:53.494 21798 INFO rally.task.runner [-] Task 55de7d80-0c60-484f-9b4b-41dee91c3f3f | ITER: 7 START
2019-09-15 08:50:53.487 21797 INFO rally.task.runner [-] Task 55de7d80-0c60-484f-9b4b-41dee91c3f3f | ITER: 4 START
2019-09-15 08:50:53.496 21796 INFO rally.task.runner [-] Task 55de7d80-0c60-484f-9b4b-41dee91c3f3f | ITER: 3 START
2019-09-15 08:50:53.498 21802 INFO rally.task.runner [-] Task 55de7d80-0c60-484f-9b4b-41dee91c3f3f | ITER: 13 START
2019-09-15 08:50:53.499 21808 INFO rally.task.runner [-] Task 55de7d80-0c60-484f-9b4b-41dee91c3f3f | ITER: 9 START
2019-09-15 08:50:53.499 21799 INFO rally.task.runner [-] Task 55de7d80-0c60-484f-9b4b-41dee91c3f3f | ITER: 2 START
2019-09-15 08:50:53.500 21815 INFO rally.task.runner [-] Task 55de7d80-0c60-484f-9b4b-41dee91c3f3f | ITER: 14 START
2019-09-15 08:50:53.500 21807 INFO rally.task.runner [-] Task 55de7d80-0c60-484f-9b4b-41dee91c3f3f | ITER: 19 START
2019-09-15 08:50:53.498 21800 INFO rally.task.runner [-] Task 55de7d80-0c60-484f-9b4b-41dee91c3f3f | ITER: 10 START
2019-09-15 08:50:53.502 21811 INFO rally.task.runner [-] Task 55de7d80-0c60-484f-9b4b-41dee91c3f3f | ITER: 8 START
2019-09-15 08:50:53.504 21812 INFO rally.task.runner [-] Task 55de7d80-0c60-484f-9b4b-41dee91c3f3f | ITER: 18 START
2019-09-15 08:50:53.504 21804 INFO rally.task.runner [-] Task 55de7d80-0c60-484f-9b4b-41dee91c3f3f | ITER: 17 START
2019-09-15 08:50:53.505 21803 INFO rally.task.runner [-] Task 55de7d80-0c60-484f-9b4b-41dee91c3f3f | ITER: 15 START
2019-09-15 08:50:53.504 21798 INFO rally.task.runner [-] Task 55de7d80-0c60-484f-9b4b-41dee91c3f3f | ITER: 12 START
2019-09-15 08:50:53.507 21799 INFO rally.task.runner [-] Task 55de7d80-0c60-484f-9b4b-41dee91c3f3f | ITER: 6 START
2019-09-15 08:50:53.509 21809 INFO rally.task.runner [-] Task 55de7d80-0c60-484f-9b4b-41dee91c3f3f | ITER: 16 START
2019-09-15 08:50:53.511 21806 INFO rally.task.runner [-] Task 55de7d80-0c60-484f-9b4b-41dee91c3f3f | ITER: 11 START
2019-09-15 08:50:53.511 21797 INFO rally.task.runner [-] Task 55de7d80-0c60-484f-9b4b-41dee91c3f3f | ITER: 5 START
2019-09-15 08:50:53.513 21801 INFO rally.task.runner [-] Task 55de7d80-0c60-484f-9b4b-41dee91c3f3f | ITER: 20 START
2019-09-15 08:50:54.547 21806 INFO rally.task.runner [-] Task 55de7d80-0c60-484f-9b4b-41dee91c3f3f | ITER: 11 END: OK
2019-09-15 08:50:54.551 21806 INFO rally.task.runner [-] Task 55de7d80-0c60-484f-9b4b-41dee91c3f3f | ITER: 21 START
2019-09-15 08:50:54.606 21811 INFO rally.task.runner [-] Task 55de7d80-0c60-484f-9b4b-41dee91c3f3f | ITER: 8 END: OK
2019-09-15 08:50:54.609 21811 INFO rally.task.runner [-] Task 55de7d80-0c60-484f-9b4b-41dee91c3f3f | ITER: 22 START
2019-09-15 08:50:54.770 21801 INFO rally.task.runner [-] Task 55de7d80-0c60-484f-9b4b-41dee91c3f3f | ITER: 20 END: OK
2019-09-15 08:50:54.773 21801 INFO rally.task.runner [-] Task 55de7d80-0c60-484f-9b4b-41dee91c3f3f | ITER: 23 START
2019-09-15 08:50:54.793 21815 INFO rally.task.runner [-] Task 55de7d80-0c60-484f-9b4b-41dee91c3f3f | ITER: 14 END: OK
2019-09-15 08:50:54.796 21815 INFO rally.task.runner [-] Task 55de7d80-0c60-484f-9b4b-41dee91c3f3f | ITER: 24 START
2019-09-15 08:50:55.025 21802 INFO rally.task.runner [-] Task 55de7d80-0c60-484f-9b4b-41dee91c3f3f | ITER: 13 END: OK
2019-09-15 08:50:55.029 21802 INFO rally.task.runner [-] Task 55de7d80-0c60-484f-9b4b-41dee91c3f3f | ITER: 25 START
2019-09-15 08:50:55.060 21812 INFO rally.task.runner [-] Task 55de7d80-0c60-484f-9b4b-41dee91c3f3f | ITER: 18 END: OK
2019-09-15 08:50:55.064 21812 INFO rally.task.runner [-] Task 55de7d80-0c60-484f-9b4b-41dee91c3f3f | ITER: 26 START
2019-09-15 08:50:55.152 21808 INFO rally.task.runner [-] Task 55de7d80-0c60-484f-9b4b-41dee91c3f3f | ITER: 9 END: OK
2019-09-15 08:50:55.156 21808 INFO rally.task.runner [-] Task 55de7d80-0c60-484f-9b4b-41dee91c3f3f | ITER: 27 START
2019-09-15 08:50:55.166 21803 INFO rally.task.runner [-] Task 55de7d80-0c60-484f-9b4b-41dee91c3f3f | ITER: 15 END: OK
2019-09-15 08:50:55.170 21803 INFO rally.task.runner [-] Task 55de7d80-0c60-484f-9b4b-41dee91c3f3f | ITER: 28 START
2019-09-15 08:50:55.218 21796 INFO rally.task.runner [-] Task 55de7d80-0c60-484f-9b4b-41dee91c3f3f | ITER: 1 END: OK
2019-09-15 08:50:55.229 21796 INFO rally.task.runner [-] Task 55de7d80-0c60-484f-9b4b-41dee91c3f3f | ITER: 29 START
2019-09-15 08:50:55.261 21800 INFO rally.task.runner [-] Task 55de7d80-0c60-484f-9b4b-41dee91c3f3f | ITER: 10 END: OK
2019-09-15 08:50:55.265 21800 INFO rally.task.runner [-] Task 55de7d80-0c60-484f-9b4b-41dee91c3f3f | ITER: 30 START
2019-09-15 08:50:55.310 21809 INFO rally.task.runner [-] Task 55de7d80-0c60-484f-9b4b-41dee91c3f3f | ITER: 16 END: OK
2019-09-15 08:50:55.313 21809 INFO rally.task.runner [-] Task 55de7d80-0c60-484f-9b4b-41dee91c3f3f | ITER: 31 START
2019-09-15 08:50:55.352 21797 INFO rally.task.runner [-] Task 55de7d80-0c60-484f-9b4b-41dee91c3f3f | ITER: 5 END: OK
2019-09-15 08:50:55.357 21797 INFO rally.task.runner [-] Task 55de7d80-0c60-484f-9b4b-41dee91c3f3f | ITER: 32 START
2019-09-15 08:50:55.392 21804 INFO rally.task.runner [-] Task 55de7d80-0c60-484f-9b4b-41dee91c3f3f | ITER: 17 END: OK
2019-09-15 08:50:55.396 21804 INFO rally.task.runner [-] Task 55de7d80-0c60-484f-9b4b-41dee91c3f3f | ITER: 33 START
2019-09-15 08:50:55.426 21807 INFO rally.task.runner [-] Task 55de7d80-0c60-484f-9b4b-41dee91c3f3f | ITER: 19 END: OK
2019-09-15 08:50:55.429 21807 INFO rally.task.runner [-] Task 55de7d80-0c60-484f-9b4b-41dee91c3f3f | ITER: 34 START
2019-09-15 08:50:55.501 21797 INFO rally.task.runner [-] Task 55de7d80-0c60-484f-9b4b-41dee91c3f3f | ITER: 4 END: OK
2019-09-15 08:50:55.505 21797 INFO rally.task.runner [-] Task 55de7d80-0c60-484f-9b4b-41dee91c3f3f | ITER: 35 START
2019-09-15 08:50:55.761 21799 INFO rally.task.runner [-] Task 55de7d80-0c60-484f-9b4b-41dee91c3f3f | ITER: 6 END: OK
2019-09-15 08:50:55.766 21799 INFO rally.task.runner [-] Task 55de7d80-0c60-484f-9b4b-41dee91c3f3f | ITER: 36 START
2019-09-15 08:50:55.775 21796 INFO rally.task.runner [-] Task 55de7d80-0c60-484f-9b4b-41dee91c3f3f | ITER: 3 END: OK
2019-09-15 08:50:55.777 21798 INFO rally.task.runner [-] Task 55de7d80-0c60-484f-9b4b-41dee91c3f3f | ITER: 7 END: OK
2019-09-15 08:50:55.779 21796 INFO rally.task.runner [-] Task 55de7d80-0c60-484f-9b4b-41dee91c3f3f | ITER: 37 START
2019-09-15 08:50:55.782 21798 INFO rally.task.runner [-] Task 55de7d80-0c60-484f-9b4b-41dee91c3f3f | ITER: 38 START
2019-09-15 08:50:55.783 21799 INFO rally.task.runner [-] Task 55de7d80-0c60-484f-9b4b-41dee91c3f3f | ITER: 2 END: OK
2019-09-15 08:50:55.789 21799 INFO rally.task.runner [-] Task 55de7d80-0c60-484f-9b4b-41dee91c3f3f | ITER: 39 START
2019-09-15 08:50:55.792 21798 INFO rally.task.runner [-] Task 55de7d80-0c60-484f-9b4b-41dee91c3f3f | ITER: 12 END: OK
2019-09-15 08:50:55.795 21798 INFO rally.task.runner [-] Task 55de7d80-0c60-484f-9b4b-41dee91c3f3f | ITER: 40 START
2019-09-15 08:50:55.861 21806 INFO rally.task.runner [-] Task 55de7d80-0c60-484f-9b4b-41dee91c3f3f | ITER: 21 END: OK
2019-09-15 08:50:55.864 21806 INFO rally.task.runner [-] Task 55de7d80-0c60-484f-9b4b-41dee91c3f3f | ITER: 41 START
2019-09-15 08:50:56.197 21801 INFO rally.task.runner [-] Task 55de7d80-0c60-484f-9b4b-41dee91c3f3f | ITER: 23 END: OK
2019-09-15 08:50:56.201 21801 INFO rally.task.runner [-] Task 55de7d80-0c60-484f-9b4b-41dee91c3f3f | ITER: 42 START
2019-09-15 08:50:56.241 21815 INFO rally.task.runner [-] Task 55de7d80-0c60-484f-9b4b-41dee91c3f3f | ITER: 24 END: OK
2019-09-15 08:50:56.245 21815 INFO rally.task.runner [-] Task 55de7d80-0c60-484f-9b4b-41dee91c3f3f | ITER: 43 START
2019-09-15 08:50:56.245 21811 INFO rally.task.runner [-] Task 55de7d80-0c60-484f-9b4b-41dee91c3f3f | ITER: 22 END: OK
2019-09-15 08:50:56.249 21811 INFO rally.task.runner [-] Task 55de7d80-0c60-484f-9b4b-41dee91c3f3f | ITER: 44 START
2019-09-15 08:50:56.302 21808 INFO rally.task.runner [-] Task 55de7d80-0c60-484f-9b4b-41dee91c3f3f | ITER: 27 END: OK
2019-09-15 08:50:56.306 21808 INFO rally.task.runner [-] Task 55de7d80-0c60-484f-9b4b-41dee91c3f3f | ITER: 45 START
2019-09-15 08:50:56.405 21802 INFO rally.task.runner [-] Task 55de7d80-0c60-484f-9b4b-41dee91c3f3f | ITER: 25 END: OK
2019-09-15 08:50:56.408 21802 INFO rally.task.runner [-] Task 55de7d80-0c60-484f-9b4b-41dee91c3f3f | ITER: 46 START
2019-09-15 08:50:56.653 21812 INFO rally.task.runner [-] Task 55de7d80-0c60-484f-9b4b-41dee91c3f3f | ITER: 26 END: OK
2019-09-15 08:50:56.657 21812 INFO rally.task.runner [-] Task 55de7d80-0c60-484f-9b4b-41dee91c3f3f | ITER: 47 START
2019-09-15 08:50:56.756 21809 INFO rally.task.runner [-] Task 55de7d80-0c60-484f-9b4b-41dee91c3f3f | ITER: 31 END: OK
2019-09-15 08:50:56.760 21809 INFO rally.task.runner [-] Task 55de7d80-0c60-484f-9b4b-41dee91c3f3f | ITER: 48 START
2019-09-15 08:50:56.763 21796 INFO rally.task.runner [-] Task 55de7d80-0c60-484f-9b4b-41dee91c3f3f | ITER: 29 END: OK
2019-09-15 08:50:56.767 21796 INFO rally.task.runner [-] Task 55de7d80-0c60-484f-9b4b-41dee91c3f3f | ITER: 49 START
2019-09-15 08:50:56.844 21798 INFO rally.task.runner [-] Task 55de7d80-0c60-484f-9b4b-41dee91c3f3f | ITER: 40 END: OK
2019-09-15 08:50:56.847 21798 INFO rally.task.runner [-] Task 55de7d80-0c60-484f-9b4b-41dee91c3f3f | ITER: 50 START
2019-09-15 08:50:56.891 21800 INFO rally.task.runner [-] Task 55de7d80-0c60-484f-9b4b-41dee91c3f3f | ITER: 30 END: OK
2019-09-15 08:50:56.895 21800 INFO rally.task.runner [-] Task 55de7d80-0c60-484f-9b4b-41dee91c3f3f | ITER: 51 START
2019-09-15 08:50:57.040 21797 INFO rally.task.runner [-] Task 55de7d80-0c60-484f-9b4b-41dee91c3f3f | ITER: 32 END: OK
2019-09-15 08:50:57.043 21797 INFO rally.task.runner [-] Task 55de7d80-0c60-484f-9b4b-41dee91c3f3f | ITER: 52 START
2019-09-15 08:50:57.141 21811 INFO rally.task.runner [-] Task 55de7d80-0c60-484f-9b4b-41dee91c3f3f | ITER: 44 END: OK
2019-09-15 08:50:57.145 21811 INFO rally.task.runner [-] Task 55de7d80-0c60-484f-9b4b-41dee91c3f3f | ITER: 53 START
2019-09-15 08:50:57.401 21807 INFO rally.task.runner [-] Task 55de7d80-0c60-484f-9b4b-41dee91c3f3f | ITER: 34 END: OK
2019-09-15 08:50:57.405 21807 INFO rally.task.runner [-] Task 55de7d80-0c60-484f-9b4b-41dee91c3f3f | ITER: 54 START
2019-09-15 08:50:57.513 21797 INFO rally.task.runner [-] Task 55de7d80-0c60-484f-9b4b-41dee91c3f3f | ITER: 35 END: OK
2019-09-15 08:50:57.517 21797 INFO rally.task.runner [-] Task 55de7d80-0c60-484f-9b4b-41dee91c3f3f | ITER: 55 START
2019-09-15 08:50:57.530 21809 INFO rally.task.runner [-] Task 55de7d80-0c60-484f-9b4b-41dee91c3f3f | ITER: 48 END: OK
2019-09-15 08:50:57.534 21809 INFO rally.task.runner [-] Task 55de7d80-0c60-484f-9b4b-41dee91c3f3f | ITER: 56 START
2019-09-15 08:50:57.628 21803 INFO rally.task.runner [-] Task 55de7d80-0c60-484f-9b4b-41dee91c3f3f | ITER: 28 END: OK
2019-09-15 08:50:57.632 21803 INFO rally.task.runner [-] Task 55de7d80-0c60-484f-9b4b-41dee91c3f3f | ITER: 57 START
2019-09-15 08:50:58.016 21796 INFO rally.task.runner [-] Task 55de7d80-0c60-484f-9b4b-41dee91c3f3f | ITER: 37 END: OK
2019-09-15 08:50:58.020 21796 INFO rally.task.runner [-] Task 55de7d80-0c60-484f-9b4b-41dee91c3f3f | ITER: 58 START
2019-09-15 08:50:58.135 21804 INFO rally.task.runner [-] Task 55de7d80-0c60-484f-9b4b-41dee91c3f3f | ITER: 33 END: OK
2019-09-15 08:50:58.138 21804 INFO rally.task.runner [-] Task 55de7d80-0c60-484f-9b4b-41dee91c3f3f | ITER: 59 START
2019-09-15 08:50:58.173 21801 INFO rally.task.runner [-] Task 55de7d80-0c60-484f-9b4b-41dee91c3f3f | ITER: 42 END: OK
2019-09-15 08:50:58.177 21801 INFO rally.task.runner [-] Task 55de7d80-0c60-484f-9b4b-41dee91c3f3f | ITER: 60 START
2019-09-15 08:50:58.284 21806 INFO rally.task.runner [-] Task 55de7d80-0c60-484f-9b4b-41dee91c3f3f | ITER: 41 END: OK
2019-09-15 08:50:58.288 21806 INFO rally.task.runner [-] Task 55de7d80-0c60-484f-9b4b-41dee91c3f3f | ITER: 61 START
2019-09-15 08:50:58.359 21799 INFO rally.task.runner [-] Task 55de7d80-0c60-484f-9b4b-41dee91c3f3f | ITER: 36 END: OK
2019-09-15 08:50:58.360 21800 INFO rally.task.runner [-] Task 55de7d80-0c60-484f-9b4b-41dee91c3f3f | ITER: 51 END: OK
2019-09-15 08:50:58.362 21799 INFO rally.task.runner [-] Task 55de7d80-0c60-484f-9b4b-41dee91c3f3f | ITER: 62 START
2019-09-15 08:50:58.364 21800 INFO rally.task.runner [-] Task 55de7d80-0c60-484f-9b4b-41dee91c3f3f | ITER: 63 START
2019-09-15 08:50:58.365 21802 INFO rally.task.runner [-] Task 55de7d80-0c60-484f-9b4b-41dee91c3f3f | ITER: 46 END: OK
2019-09-15 08:50:58.368 21802 INFO rally.task.runner [-] Task 55de7d80-0c60-484f-9b4b-41dee91c3f3f | ITER: 64 START
2019-09-15 08:50:58.407 21798 INFO rally.task.runner [-] Task 55de7d80-0c60-484f-9b4b-41dee91c3f3f | ITER: 38 END: OK
2019-09-15 08:50:58.411 21798 INFO rally.task.runner [-] Task 55de7d80-0c60-484f-9b4b-41dee91c3f3f | ITER: 65 START
2019-09-15 08:50:58.658 21808 INFO rally.task.runner [-] Task 55de7d80-0c60-484f-9b4b-41dee91c3f3f | ITER: 45 END: OK
2019-09-15 08:50:58.662 21808 INFO rally.task.runner [-] Task 55de7d80-0c60-484f-9b4b-41dee91c3f3f | ITER: 66 START
2019-09-15 08:50:58.750 21815 INFO rally.task.runner [-] Task 55de7d80-0c60-484f-9b4b-41dee91c3f3f | ITER: 43 END: OK
2019-09-15 08:50:58.754 21815 INFO rally.task.runner [-] Task 55de7d80-0c60-484f-9b4b-41dee91c3f3f | ITER: 67 START
2019-09-15 08:50:58.890 21797 INFO rally.task.runner [-] Task 55de7d80-0c60-484f-9b4b-41dee91c3f3f | ITER: 52 END: OK
2019-09-15 08:50:58.894 21797 INFO rally.task.runner [-] Task 55de7d80-0c60-484f-9b4b-41dee91c3f3f | ITER: 68 START
2019-09-15 08:50:58.915 21811 INFO rally.task.runner [-] Task 55de7d80-0c60-484f-9b4b-41dee91c3f3f | ITER: 53 END: OK
2019-09-15 08:50:58.916 21812 INFO rally.task.runner [-] Task 55de7d80-0c60-484f-9b4b-41dee91c3f3f | ITER: 47 END: OK
2019-09-15 08:50:58.918 21811 INFO rally.task.runner [-] Task 55de7d80-0c60-484f-9b4b-41dee91c3f3f | ITER: 69 START
2019-09-15 08:50:58.919 21812 INFO rally.task.runner [-] Task 55de7d80-0c60-484f-9b4b-41dee91c3f3f | ITER: 70 START
2019-09-15 08:50:58.924 21797 INFO rally.task.runner [-] Task 55de7d80-0c60-484f-9b4b-41dee91c3f3f | ITER: 55 END: OK
2019-09-15 08:50:58.927 21797 INFO rally.task.runner [-] Task 55de7d80-0c60-484f-9b4b-41dee91c3f3f | ITER: 71 START
2019-09-15 08:50:59.023 21796 INFO rally.task.runner [-] Task 55de7d80-0c60-484f-9b4b-41dee91c3f3f | ITER: 49 END: OK
2019-09-15 08:50:59.026 21798 INFO rally.task.runner [-] Task 55de7d80-0c60-484f-9b4b-41dee91c3f3f | ITER: 50 END: OK
2019-09-15 08:50:59.027 21799 INFO rally.task.runner [-] Task 55de7d80-0c60-484f-9b4b-41dee91c3f3f | ITER: 39 END: OK
2019-09-15 08:50:59.027 21796 INFO rally.task.runner [-] Task 55de7d80-0c60-484f-9b4b-41dee91c3f3f | ITER: 72 START
2019-09-15 08:50:59.030 21798 INFO rally.task.runner [-] Task 55de7d80-0c60-484f-9b4b-41dee91c3f3f | ITER: 73 START
2019-09-15 08:50:59.030 21799 INFO rally.task.runner [-] Task 55de7d80-0c60-484f-9b4b-41dee91c3f3f | ITER: 74 START
2019-09-15 08:50:59.083 21809 INFO rally.task.runner [-] Task 55de7d80-0c60-484f-9b4b-41dee91c3f3f | ITER: 56 END: OK
2019-09-15 08:50:59.087 21809 INFO rally.task.runner [-] Task 55de7d80-0c60-484f-9b4b-41dee91c3f3f | ITER: 75 START
2019-09-15 08:50:59.419 21803 INFO rally.task.runner [-] Task 55de7d80-0c60-484f-9b4b-41dee91c3f3f | ITER: 57 END: OK
2019-09-15 08:50:59.422 21803 INFO rally.task.runner [-] Task 55de7d80-0c60-484f-9b4b-41dee91c3f3f | ITER: 76 START
2019-09-15 08:50:59.532 21806 INFO rally.task.runner [-] Task 55de7d80-0c60-484f-9b4b-41dee91c3f3f | ITER: 61 END: OK
2019-09-15 08:50:59.535 21806 INFO rally.task.runner [-] Task 55de7d80-0c60-484f-9b4b-41dee91c3f3f | ITER: 77 START
2019-09-15 08:50:59.551 21796 INFO rally.task.runner [-] Task 55de7d80-0c60-484f-9b4b-41dee91c3f3f | ITER: 58 END: OK
2019-09-15 08:50:59.554 21796 INFO rally.task.runner [-] Task 55de7d80-0c60-484f-9b4b-41dee91c3f3f | ITER: 78 START
2019-09-15 08:50:59.558 21807 INFO rally.task.runner [-] Task 55de7d80-0c60-484f-9b4b-41dee91c3f3f | ITER: 54 END: OK
2019-09-15 08:50:59.561 21807 INFO rally.task.runner [-] Task 55de7d80-0c60-484f-9b4b-41dee91c3f3f | ITER: 79 START
2019-09-15 08:50:59.676 21801 INFO rally.task.runner [-] Task 55de7d80-0c60-484f-9b4b-41dee91c3f3f | ITER: 60 END: OK
2019-09-15 08:50:59.680 21801 INFO rally.task.runner [-] Task 55de7d80-0c60-484f-9b4b-41dee91c3f3f | ITER: 80 START
2019-09-15 08:50:59.769 21799 INFO rally.task.runner [-] Task 55de7d80-0c60-484f-9b4b-41dee91c3f3f | ITER: 62 END: OK
2019-09-15 08:50:59.772 21799 INFO rally.task.runner [-] Task 55de7d80-0c60-484f-9b4b-41dee91c3f3f | ITER: 81 START
2019-09-15 08:50:59.834 21804 INFO rally.task.runner [-] Task 55de7d80-0c60-484f-9b4b-41dee91c3f3f | ITER: 59 END: OK
2019-09-15 08:50:59.837 21804 INFO rally.task.runner [-] Task 55de7d80-0c60-484f-9b4b-41dee91c3f3f | ITER: 82 START
2019-09-15 08:50:59.839 21802 INFO rally.task.runner [-] Task 55de7d80-0c60-484f-9b4b-41dee91c3f3f | ITER: 64 END: OK
2019-09-15 08:50:59.842 21802 INFO rally.task.runner [-] Task 55de7d80-0c60-484f-9b4b-41dee91c3f3f | ITER: 83 START
2019-09-15 08:51:00.068 21798 INFO rally.task.runner [-] Task 55de7d80-0c60-484f-9b4b-41dee91c3f3f | ITER: 65 END: OK
2019-09-15 08:51:00.071 21798 INFO rally.task.runner [-] Task 55de7d80-0c60-484f-9b4b-41dee91c3f3f | ITER: 84 START
2019-09-15 08:51:00.189 21797 INFO rally.task.runner [-] Task 55de7d80-0c60-484f-9b4b-41dee91c3f3f | ITER: 68 END: OK
2019-09-15 08:51:00.192 21797 INFO rally.task.runner [-] Task 55de7d80-0c60-484f-9b4b-41dee91c3f3f | ITER: 85 START
2019-09-15 08:51:00.217 21800 INFO rally.task.runner [-] Task 55de7d80-0c60-484f-9b4b-41dee91c3f3f | ITER: 63 END: OK
2019-09-15 08:51:00.220 21800 INFO rally.task.runner [-] Task 55de7d80-0c60-484f-9b4b-41dee91c3f3f | ITER: 86 START
2019-09-15 08:51:00.444 21812 INFO rally.task.runner [-] Task 55de7d80-0c60-484f-9b4b-41dee91c3f3f | ITER: 70 END: OK
2019-09-15 08:51:00.448 21812 INFO rally.task.runner [-] Task 55de7d80-0c60-484f-9b4b-41dee91c3f3f | ITER: 87 START
2019-09-15 08:51:00.485 21796 INFO rally.task.runner [-] Task 55de7d80-0c60-484f-9b4b-41dee91c3f3f | ITER: 72 END: OK
2019-09-15 08:51:00.488 21796 INFO rally.task.runner [-] Task 55de7d80-0c60-484f-9b4b-41dee91c3f3f | ITER: 88 START
2019-09-15 08:51:00.520 21815 INFO rally.task.runner [-] Task 55de7d80-0c60-484f-9b4b-41dee91c3f3f | ITER: 67 END: OK
2019-09-15 08:51:00.524 21815 INFO rally.task.runner [-] Task 55de7d80-0c60-484f-9b4b-41dee91c3f3f | ITER: 89 START
2019-09-15 08:51:00.606 21811 INFO rally.task.runner [-] Task 55de7d80-0c60-484f-9b4b-41dee91c3f3f | ITER: 69 END: OK
2019-09-15 08:51:00.610 21811 INFO rally.task.runner [-] Task 55de7d80-0c60-484f-9b4b-41dee91c3f3f | ITER: 90 START
2019-09-15 08:51:00.657 21799 INFO rally.task.runner [-] Task 55de7d80-0c60-484f-9b4b-41dee91c3f3f | ITER: 74 END: OK
2019-09-15 08:51:00.661 21799 INFO rally.task.runner [-] Task 55de7d80-0c60-484f-9b4b-41dee91c3f3f | ITER: 91 START
2019-09-15 08:51:00.736 21803 INFO rally.task.runner [-] Task 55de7d80-0c60-484f-9b4b-41dee91c3f3f | ITER: 76 END: OK
2019-09-15 08:51:00.740 21803 INFO rally.task.runner [-] Task 55de7d80-0c60-484f-9b4b-41dee91c3f3f | ITER: 92 START
2019-09-15 08:51:00.762 21798 INFO rally.task.runner [-] Task 55de7d80-0c60-484f-9b4b-41dee91c3f3f | ITER: 73 END: OK
2019-09-15 08:51:00.765 21798 INFO rally.task.runner [-] Task 55de7d80-0c60-484f-9b4b-41dee91c3f3f | ITER: 93 START
2019-09-15 08:51:00.876 21806 INFO rally.task.runner [-] Task 55de7d80-0c60-484f-9b4b-41dee91c3f3f | ITER: 77 END: OK
2019-09-15 08:51:00.880 21806 INFO rally.task.runner [-] Task 55de7d80-0c60-484f-9b4b-41dee91c3f3f | ITER: 94 START
2019-09-15 08:51:01.076 21802 INFO rally.task.runner [-] Task 55de7d80-0c60-484f-9b4b-41dee91c3f3f | ITER: 83 END: OK
2019-09-15 08:51:01.080 21802 INFO rally.task.runner [-] Task 55de7d80-0c60-484f-9b4b-41dee91c3f3f | ITER: 95 START
2019-09-15 08:51:01.392 21808 INFO rally.task.runner [-] Task 55de7d80-0c60-484f-9b4b-41dee91c3f3f | ITER: 66 END: OK
2019-09-15 08:51:01.393 21809 INFO rally.task.runner [-] Task 55de7d80-0c60-484f-9b4b-41dee91c3f3f | ITER: 75 END: OK
2019-09-15 08:51:01.396 21808 INFO rally.task.runner [-] Task 55de7d80-0c60-484f-9b4b-41dee91c3f3f | ITER: 96 START
2019-09-15 08:51:01.396 21809 INFO rally.task.runner [-] Task 55de7d80-0c60-484f-9b4b-41dee91c3f3f | ITER: 97 START
2019-09-15 08:51:01.397 21797 INFO rally.task.runner [-] Task 55de7d80-0c60-484f-9b4b-41dee91c3f3f | ITER: 71 END: OK
2019-09-15 08:51:01.401 21797 INFO rally.task.runner [-] Task 55de7d80-0c60-484f-9b4b-41dee91c3f3f | ITER: 98 START
2019-09-15 08:51:01.517 21799 INFO rally.task.runner [-] Task 55de7d80-0c60-484f-9b4b-41dee91c3f3f | ITER: 81 END: OK
2019-09-15 08:51:01.520 21799 INFO rally.task.runner [-] Task 55de7d80-0c60-484f-9b4b-41dee91c3f3f | ITER: 99 START
2019-09-15 08:51:01.588 21801 INFO rally.task.runner [-] Task 55de7d80-0c60-484f-9b4b-41dee91c3f3f | ITER: 80 END: OK
2019-09-15 08:51:01.588 21804 INFO rally.task.runner [-] Task 55de7d80-0c60-484f-9b4b-41dee91c3f3f | ITER: 82 END: OK
2019-09-15 08:51:01.591 21801 INFO rally.task.runner [-] Task 55de7d80-0c60-484f-9b4b-41dee91c3f3f | ITER: 100 START
2019-09-15 08:51:01.915 21797 INFO rally.task.runner [-] Task 55de7d80-0c60-484f-9b4b-41dee91c3f3f | ITER: 85 END: OK
2019-09-15 08:51:02.085 21812 INFO rally.task.runner [-] Task 55de7d80-0c60-484f-9b4b-41dee91c3f3f | ITER: 87 END: OK
2019-09-15 08:51:02.110 21796 INFO rally.task.runner [-] Task 55de7d80-0c60-484f-9b4b-41dee91c3f3f | ITER: 78 END: OK
2019-09-15 08:51:02.180 21807 INFO rally.task.runner [-] Task 55de7d80-0c60-484f-9b4b-41dee91c3f3f | ITER: 79 END: OK
2019-09-15 08:51:02.228 21798 INFO rally.task.runner [-] Task 55de7d80-0c60-484f-9b4b-41dee91c3f3f | ITER: 84 END: OK
2019-09-15 08:51:02.281 21796 INFO rally.task.runner [-] Task 55de7d80-0c60-484f-9b4b-41dee91c3f3f | ITER: 88 END: OK
2019-09-15 08:51:02.377 21811 INFO rally.task.runner [-] Task 55de7d80-0c60-484f-9b4b-41dee91c3f3f | ITER: 90 END: OK
2019-09-15 08:51:02.536 21800 INFO rally.task.runner [-] Task 55de7d80-0c60-484f-9b4b-41dee91c3f3f | ITER: 86 END: OK
2019-09-15 08:51:02.649 21808 INFO rally.task.runner [-] Task 55de7d80-0c60-484f-9b4b-41dee91c3f3f | ITER: 96 END: OK
2019-09-15 08:51:02.825 21798 INFO rally.task.runner [-] Task 55de7d80-0c60-484f-9b4b-41dee91c3f3f | ITER: 93 END: OK
2019-09-15 08:51:02.849 21799 INFO rally.task.runner [-] Task 55de7d80-0c60-484f-9b4b-41dee91c3f3f | ITER: 91 END: OK
2019-09-15 08:51:02.899 21815 INFO rally.task.runner [-] Task 55de7d80-0c60-484f-9b4b-41dee91c3f3f | ITER: 89 END: OK
2019-09-15 08:51:02.901 21806 INFO rally.task.runner [-] Task 55de7d80-0c60-484f-9b4b-41dee91c3f3f | ITER: 94 END: OK
2019-09-15 08:51:03.035 21802 INFO rally.task.runner [-] Task 55de7d80-0c60-484f-9b4b-41dee91c3f3f | ITER: 95 END: OK
2019-09-15 08:51:03.105 21797 INFO rally.task.runner [-] Task 55de7d80-0c60-484f-9b4b-41dee91c3f3f | ITER: 98 END: OK
2019-09-15 08:51:03.178 21803 INFO rally.task.runner [-] Task 55de7d80-0c60-484f-9b4b-41dee91c3f3f | ITER: 92 END: OK
2019-09-15 08:51:03.346 21799 INFO rally.task.runner [-] Task 55de7d80-0c60-484f-9b4b-41dee91c3f3f | ITER: 99 END: OK
2019-09-15 08:51:03.376 21801 INFO rally.task.runner [-] Task 55de7d80-0c60-484f-9b4b-41dee91c3f3f | ITER: 100 END: OK
2019-09-15 08:51:03.419 21809 INFO rally.task.runner [-] Task 55de7d80-0c60-484f-9b4b-41dee91c3f3f | ITER: 97 END: OK
2019-09-15 08:51:03.444 21671 INFO rally.task.context [-] Task 55de7d80-0c60-484f-9b4b-41dee91c3f3f | Context cleanup@openstack cleanup() started
2019-09-15 08:51:03.448 21671 RALLYDEBUG rally_openstack.cleanup.manager [-] Cleaning up neutron vip objects
2019-09-15 08:51:03.840 21671 RALLYDEBUG rally_openstack.cleanup.manager [-] Cleaning up neutron health_monitor objects
2019-09-15 08:51:04.236 21671 RALLYDEBUG rally_openstack.cleanup.manager [-] Cleaning up neutron pool objects
2019-09-15 08:51:04.625 21671 RALLYDEBUG rally_openstack.cleanup.manager [-] Cleaning up neutron loadbalancer objects
2019-09-15 08:51:05.030 21671 RALLYDEBUG rally_openstack.cleanup.manager [-] Cleaning up neutron floatingip objects
2019-09-15 08:51:05.478 21671 RALLYDEBUG rally_openstack.cleanup.manager [-] Cleaning up neutron port objects
2019-09-15 08:51:05.895 21671 RALLYDEBUG rally_openstack.cleanup.manager [-] Cleaning up neutron subnet objects
2019-09-15 08:51:06.315 21671 RALLYDEBUG rally_openstack.cleanup.manager [-] Cleaning up neutron network objects
2019-09-15 08:51:07.065 21671 RALLYDEBUG rally_openstack.cleanup.manager [-] Deleting neutron.network object s_rally_f683f98f_A4DxeuHB (12bde42b-2ce0-425c-a302-83bdab42ea56)
2019-09-15 08:51:07.066 21671 RALLYDEBUG rally_openstack.cleanup.manager [-] Deleting neutron.network object s_rally_f683f98f_SUuYsNvN (0697b5d8-cc2f-4cd9-87cc-eaa5ef45232e)
2019-09-15 08:51:07.069 21671 RALLYDEBUG rally_openstack.cleanup.manager [-] Deleting neutron.network object s_rally_f683f98f_kvbFieVe (1736732d-3f4a-41a2-b65f-d320d85492a4)
2019-09-15 08:51:07.072 21671 RALLYDEBUG rally_openstack.cleanup.manager [-] Deleting neutron.network object s_rally_f683f98f_jUwC7MbN (16f07067-0a54-4039-bae7-605b59125804)
2019-09-15 08:51:07.086 21671 RALLYDEBUG rally_openstack.cleanup.manager [-] Deleting neutron.network object s_rally_f683f98f_np5XwYSM (02fd8e33-510e-483a-9f36-2ad851225ac5)
2019-09-15 08:51:07.091 21671 RALLYDEBUG rally_openstack.cleanup.manager [-] Deleting neutron.network object s_rally_f683f98f_LXXCrmQR (1abb30ca-834b-4bb9-bf3f-3ef05291501c)
2019-09-15 08:51:07.091 21671 RALLYDEBUG rally_openstack.cleanup.manager [-] Deleting neutron.network object s_rally_f683f98f_XOGyv6z8 (08c86822-a136-41fa-9ddb-9895fd522c3b)
2019-09-15 08:51:07.093 21671 RALLYDEBUG rally_openstack.cleanup.manager [-] Deleting neutron.network object s_rally_f683f98f_ECMTwjZq (076af3ac-debf-4452-85e6-753546fee873)
2019-09-15 08:51:07.098 21671 RALLYDEBUG rally_openstack.cleanup.manager [-] Deleting neutron.network object s_rally_f683f98f_mHD39CAU (09aec06a-cae4-495b-b9f9-b9245b8abd62)
2019-09-15 08:51:07.098 21671 RALLYDEBUG rally_openstack.cleanup.manager [-] Deleting neutron.network object s_rally_f683f98f_U2GtRRpc (19a768bf-d255-40d1-bac6-d0835e9671ba)
2019-09-15 08:51:07.099 21671 RALLYDEBUG rally_openstack.cleanup.manager [-] Deleting neutron.network object s_rally_f683f98f_GUVFIgqM (051ba6e8-f3c9-4b61-b804-a8f7f0aa08fc)
2019-09-15 08:51:07.102 21671 RALLYDEBUG rally_openstack.cleanup.manager [-] Deleting neutron.network object s_rally_f683f98f_SLCUbwnZ (11a46a5f-81f6-4b79-8d9c-ccf8a3ba182f)
2019-09-15 08:51:07.104 21671 RALLYDEBUG rally_openstack.cleanup.manager [-] Deleting neutron.network object s_rally_f683f98f_IkkxwFgt (18b8bd9a-151a-4d90-9e68-510bc35c5c52)
2019-09-15 08:51:07.117 21671 RALLYDEBUG rally_openstack.cleanup.manager [-] Deleting neutron.network object s_rally_f683f98f_AO86qyg2 (20a97fa9-267b-4af4-8d91-c181664b0574)
2019-09-15 08:51:07.121 21671 RALLYDEBUG rally_openstack.cleanup.manager [-] Deleting neutron.network object s_rally_f683f98f_2N7wnM5C (0470703a-7c05-4d07-a078-76e4af2b7ce1)
2019-09-15 08:51:07.131 21671 RALLYDEBUG rally_openstack.cleanup.manager [-] Deleting neutron.network object s_rally_f683f98f_X76VTnQC (16374e5f-6507-481a-b5fe-586bafa37ce5)
2019-09-15 08:51:07.132 21671 RALLYDEBUG rally_openstack.cleanup.manager [-] Deleting neutron.network object s_rally_f683f98f_rIxrJXIM (1f6b546a-0ae1-48e7-b5bf-d8c23a3432b6)
2019-09-15 08:51:07.155 21671 RALLYDEBUG rally_openstack.cleanup.manager [-] Deleting neutron.network object s_rally_f683f98f_Za6xx38s (0fd8df4a-c006-4b63-a9eb-8b5f1aee6ad5)
2019-09-15 08:51:07.168 21671 RALLYDEBUG rally_openstack.cleanup.manager [-] Deleting neutron.network object s_rally_f683f98f_JbhJtbKf (2170eb0b-d652-4f31-a82a-7d24be5e0b1e)
2019-09-15 08:51:07.221 21671 RALLYDEBUG rally_openstack.cleanup.manager [-] Deleting neutron.network object s_rally_f683f98f_2NZ4EF1o (22197697-f455-4a30-8aa9-767fef17b1b4)
2019-09-15 08:51:09.426 21671 RALLYDEBUG rally_openstack.cleanup.manager [-] Deleting neutron.network object s_rally_f683f98f_TJNkjIZ2 (267decbc-2fef-4812-8261-2ea5f3cb8de5)
2019-09-15 08:51:09.750 21671 RALLYDEBUG rally_openstack.cleanup.manager [-] Deleting neutron.network object s_rally_f683f98f_GZvzQeRK (28be7bf7-058a-4d63-afc5-7fa68096ded2)
2019-09-15 08:51:09.913 21671 RALLYDEBUG rally_openstack.cleanup.manager [-] Deleting neutron.network object s_rally_f683f98f_NM2kWIkX (2c9b8e3a-3e84-4acc-aa14-262bfd4d7ae8)
2019-09-15 08:51:10.000 21671 RALLYDEBUG rally_openstack.cleanup.manager [-] Deleting neutron.network object s_rally_f683f98f_QJM5pp2s (2d1725c3-f9fe-4d4a-8ab6-63650c2d75a1)
2019-09-15 08:51:10.182 21671 RALLYDEBUG rally_openstack.cleanup.manager [-] Deleting neutron.network object s_rally_f683f98f_kEwHiOgY (311bef96-a2f6-4a36-b690-ea83d7936424)
2019-09-15 08:51:10.224 21671 RALLYDEBUG rally_openstack.cleanup.manager [-] Deleting neutron.network object s_rally_f683f98f_mtZCQmwj (3128032e-4ae0-41c1-9890-f31ff5e4a366)
2019-09-15 08:51:10.285 21671 RALLYDEBUG rally_openstack.cleanup.manager [-] Deleting neutron.network object s_rally_f683f98f_rhpDZKl8 (31ca0dae-6910-40ec-b522-d21090799481)
2019-09-15 08:51:10.301 21671 RALLYDEBUG rally_openstack.cleanup.manager [-] Deleting neutron.network object s_rally_f683f98f_PRR1UpIf (32650340-3af4-4d0c-a5b8-6bb6acccf0b8)
2019-09-15 08:51:10.323 21671 RALLYDEBUG rally_openstack.cleanup.manager [-] Deleting neutron.network object s_rally_f683f98f_EDpSKIo5 (3e4ca994-5919-4de1-b935-49d9d11c7c20)
2019-09-15 08:51:10.362 21671 RALLYDEBUG rally_openstack.cleanup.manager [-] Deleting neutron.network object s_rally_f683f98f_wL52PMQ1 (3eea53f1-bee4-47a9-9e9a-f0675e2afedd)
2019-09-15 08:51:10.383 21671 RALLYDEBUG rally_openstack.cleanup.manager [-] Deleting neutron.network object s_rally_f683f98f_werGG27Y (3f2496a2-c6b9-4265-902c-ca3c81e3905b)
2019-09-15 08:51:10.394 21671 RALLYDEBUG rally_openstack.cleanup.manager [-] Deleting neutron.network object s_rally_f683f98f_WetQWvTw (40831f3d-9aa8-4b09-8f53-c9c2525ff2fa)
2019-09-15 08:51:10.455 21671 RALLYDEBUG rally_openstack.cleanup.manager [-] Deleting neutron.network object s_rally_f683f98f_GLVYpEra (419e1aa0-8bbc-464c-84b8-3acd7e1336d7)
2019-09-15 08:51:10.526 21671 RALLYDEBUG rally_openstack.cleanup.manager [-] Deleting neutron.network object s_rally_f683f98f_7AAOcBKT (4252cf5f-bfd6-4fb6-9864-c97accd4bcb6)
2019-09-15 08:51:10.549 21671 RALLYDEBUG rally_openstack.cleanup.manager [-] Deleting neutron.network object s_rally_f683f98f_2A2L8R5e (455f2af9-284a-4846-bd61-3c2516cab7ec)
2019-09-15 08:51:10.571 21671 RALLYDEBUG rally_openstack.cleanup.manager [-] Deleting neutron.network object s_rally_f683f98f_yJMGJgK9 (47c4c516-4905-4acd-bb16-2586958a258c)
2019-09-15 08:51:10.613 21671 RALLYDEBUG rally_openstack.cleanup.manager [-] Deleting neutron.network object s_rally_f683f98f_Vh3l5xyf (4a7e4032-5b76-42a8-80aa-6b41c3241780)
2019-09-15 08:51:10.837 21671 RALLYDEBUG rally_openstack.cleanup.manager [-] Deleting neutron.network object s_rally_f683f98f_nNR1T7jy (4ce189ec-13e0-421f-bd78-eceb7ba1752d)
2019-09-15 08:51:11.066 21671 RALLYDEBUG rally_openstack.cleanup.manager [-] Deleting neutron.network object s_rally_f683f98f_fE8BsiCJ (4d6fa39a-281d-48ba-89f8-5ea959929e6b)
2019-09-15 08:51:11.096 21671 RALLYDEBUG rally_openstack.cleanup.manager [-] Deleting neutron.network object s_rally_f683f98f_CWLHgoyX (4f8c0576-d5f3-4ff9-89ca-f8c5e63cf9c9)
2019-09-15 08:51:11.437 21671 RALLYDEBUG rally_openstack.cleanup.manager [-] Deleting neutron.network object s_rally_f683f98f_CGcxe8GO (5307a1ba-adc1-4c6d-97e2-75602c6d533b)
2019-09-15 08:51:11.770 21671 RALLYDEBUG rally_openstack.cleanup.manager [-] Deleting neutron.network object s_rally_f683f98f_6QNEILKB (53fce57f-1189-49f0-bc4d-5b1e4e27b26c)
2019-09-15 08:51:12.072 21671 RALLYDEBUG rally_openstack.cleanup.manager [-] Deleting neutron.network object s_rally_f683f98f_L3EPXsf1 (570abb92-354e-4f88-976f-6ae6aad0a067)
2019-09-15 08:51:12.287 21671 RALLYDEBUG rally_openstack.cleanup.manager [-] Deleting neutron.network object s_rally_f683f98f_oJCvX6mS (583565e7-1155-4796-ab26-a083923bd3ad)
2019-09-15 08:51:12.361 21671 RALLYDEBUG rally_openstack.cleanup.manager [-] Deleting neutron.network object s_rally_f683f98f_B0FLDiD6 (5d4114df-430e-41a3-a97f-766b7771046b)
2019-09-15 08:51:12.524 21671 RALLYDEBUG rally_openstack.cleanup.manager [-] Deleting neutron.network object s_rally_f683f98f_2OHhodtU (5e139bfe-ef67-40d7-8334-fef8c4e36a2e)
2019-09-15 08:51:12.627 21671 RALLYDEBUG rally_openstack.cleanup.manager [-] Deleting neutron.network object s_rally_f683f98f_RQBZxCEd (5e9dee91-e374-4d4f-98e5-f68bceb6a24a)
2019-09-15 08:51:12.700 21671 RALLYDEBUG rally_openstack.cleanup.manager [-] Deleting neutron.network object s_rally_f683f98f_mvIHDnHp (5f822e4f-2095-405f-9b30-d2fc3c5e3e10)
2019-09-15 08:51:12.754 21671 RALLYDEBUG rally_openstack.cleanup.manager [-] Deleting neutron.network object s_rally_f683f98f_CLTVf3Nb (5f99fd3f-1ef0-4c40-b26b-4db5d045bca6)
2019-09-15 08:51:12.761 21671 RALLYDEBUG rally_openstack.cleanup.manager [-] Deleting neutron.network object s_rally_f683f98f_RSXYST10 (70adb9bc-2646-4be3-a518-2e924db419ab)
2019-09-15 08:51:12.886 21671 RALLYDEBUG rally_openstack.cleanup.manager [-] Deleting neutron.network object s_rally_f683f98f_7fs37Po4 (74f208da-04dc-44e0-8297-079df0f5fc92)
2019-09-15 08:51:13.054 21671 RALLYDEBUG rally_openstack.cleanup.manager [-] Deleting neutron.network object s_rally_f683f98f_yXwp7CZC (794efadb-32c1-4be1-9bb8-d5f726d16dc2)
2019-09-15 08:51:13.063 21671 RALLYDEBUG rally_openstack.cleanup.manager [-] Deleting neutron.network object s_rally_f683f98f_WJbUbO5w (7b481525-856b-4962-8795-78a56a9a1075)
2019-09-15 08:51:13.433 21671 RALLYDEBUG rally_openstack.cleanup.manager [-] Deleting neutron.network object s_rally_f683f98f_dovcbGna (7b5b8ba7-fd1a-4ac4-9080-26db78dd7439)
2019-09-15 08:51:13.453 21671 RALLYDEBUG rally_openstack.cleanup.manager [-] Deleting neutron.network object s_rally_f683f98f_IGxW80Lc (7c1a75d5-9607-4785-91d1-92db5447439e)
2019-09-15 08:51:13.468 21671 RALLYDEBUG rally_openstack.cleanup.manager [-] Deleting neutron.network object s_rally_f683f98f_Zf3IrMaD (7dae59d1-7610-47c8-bdc7-11db9d93bc2f)
2019-09-15 08:51:13.523 21671 RALLYDEBUG rally_openstack.cleanup.manager [-] Deleting neutron.network object s_rally_f683f98f_L75N6X2a (7dcb3bbb-e311-405a-bb0f-c9679a97ccdf)
2019-09-15 08:51:13.601 21671 RALLYDEBUG rally_openstack.cleanup.manager [-] Deleting neutron.network object s_rally_f683f98f_pkaGOt5c (8322b4dd-26a7-4190-84c4-f84aa9e709eb)
2019-09-15 08:51:13.975 21671 RALLYDEBUG rally_openstack.cleanup.manager [-] Deleting neutron.network object s_rally_f683f98f_XWVc4z5A (8566c71c-31de-4caa-8d54-1ec767ede0af)
2019-09-15 08:51:14.110 21671 RALLYDEBUG rally_openstack.cleanup.manager [-] Deleting neutron.network object s_rally_f683f98f_gReUTJdO (86c6ed3e-ca63-4991-8aca-e33f103c8f16)
2019-09-15 08:51:14.110 21671 RALLYDEBUG rally_openstack.cleanup.manager [-] Deleting neutron.network object s_rally_f683f98f_n5x6c7Ry (8e3187ab-a092-4a96-9663-6f2a3077b8a5)
2019-09-15 08:51:14.483 21671 RALLYDEBUG rally_openstack.cleanup.manager [-] Deleting neutron.network object s_rally_f683f98f_IrYyZK2c (8eff4dfe-bf37-42de-8fd0-76a9713aaf23)
2019-09-15 08:51:14.603 21671 RALLYDEBUG rally_openstack.cleanup.manager [-] Deleting neutron.network object s_rally_f683f98f_iKyS5Xyv (916bc6d2-c0d2-4237-a888-d832c0cb2279)
2019-09-15 08:51:14.696 21671 RALLYDEBUG rally_openstack.cleanup.manager [-] Deleting neutron.network object s_rally_f683f98f_cIRgUX6a (94408cca-708d-4f69-b4b9-669c16d6690e)
2019-09-15 08:51:14.874 21671 RALLYDEBUG rally_openstack.cleanup.manager [-] Deleting neutron.network object s_rally_f683f98f_z1J66VQH (94b8e400-5e27-4901-8719-2cce1113e4d9)
2019-09-15 08:51:14.906 21671 RALLYDEBUG rally_openstack.cleanup.manager [-] Deleting neutron.network object s_rally_f683f98f_CR1LdXj7 (9808b408-c859-4980-8611-0fdcc709be99)
2019-09-15 08:51:14.922 21671 RALLYDEBUG rally_openstack.cleanup.manager [-] Deleting neutron.network object s_rally_f683f98f_LVPCMIWf (98fd429d-3194-47bb-88b9-a84eee5effc2)
2019-09-15 08:51:15.054 21671 RALLYDEBUG rally_openstack.cleanup.manager [-] Deleting neutron.network object s_rally_f683f98f_yMwDq8ju (9f3b9ce9-7cf6-4244-8840-aff3caaca799)
2019-09-15 08:51:15.171 21671 RALLYDEBUG rally_openstack.cleanup.manager [-] Deleting neutron.network object s_rally_f683f98f_044Ym6Wh (9fe0a72f-a45e-46e7-a5b6-e9db622a6733)
2019-09-15 08:51:15.382 21671 RALLYDEBUG rally_openstack.cleanup.manager [-] Deleting neutron.network object s_rally_f683f98f_2RDvctG7 (a052ca0d-5b65-47d8-8557-f17ecb9ed1f3)
2019-09-15 08:51:15.705 21671 RALLYDEBUG rally_openstack.cleanup.manager [-] Deleting neutron.network object s_rally_f683f98f_ZdpR0lQb (a4440c7f-efda-4120-b500-41308d6e5d08)
2019-09-15 08:51:15.849 21671 RALLYDEBUG rally_openstack.cleanup.manager [-] Deleting neutron.network object s_rally_f683f98f_V4kJVmBo (a505d12b-c0e4-40d1-83a0-98c6005add06)
2019-09-15 08:51:15.851 21671 RALLYDEBUG rally_openstack.cleanup.manager [-] Deleting neutron.network object s_rally_f683f98f_vAS6a7J2 (a5f4f486-5473-4012-94b2-957d8fd3d586)
2019-09-15 08:51:15.912 21671 RALLYDEBUG rally_openstack.cleanup.manager [-] Deleting neutron.network object s_rally_f683f98f_h5yOKXn9 (a66dcb87-64c6-465c-9a0f-5dc3a8337c4d)
2019-09-15 08:51:16.135 21671 RALLYDEBUG rally_openstack.cleanup.manager [-] Deleting neutron.network object s_rally_f683f98f_6fWhBkya (aae688da-01b3-44f5-9112-f8d8af5dbd05)
2019-09-15 08:51:16.224 21671 RALLYDEBUG rally_openstack.cleanup.manager [-] Deleting neutron.network object s_rally_f683f98f_7FVwRyRQ (aafe81f8-1fbc-4a25-86e1-d7f8bbeed3c3)
2019-09-15 08:51:16.411 21671 RALLYDEBUG rally_openstack.cleanup.manager [-] Deleting neutron.network object s_rally_f683f98f_1rI0pU8v (ad20f5a3-fc2f-4c14-8b06-c565c547ab2b)
2019-09-15 08:51:16.422 21671 RALLYDEBUG rally_openstack.cleanup.manager [-] Deleting neutron.network object s_rally_f683f98f_zCduhn2Q (adf05351-8187-49cf-8946-5f783ac4ba47)
2019-09-15 08:51:16.480 21671 RALLYDEBUG rally_openstack.cleanup.manager [-] Deleting neutron.network object s_rally_f683f98f_d0NC1Kd6 (afc8ee8c-f764-4e5c-a5a0-d929888f8f16)
2019-09-15 08:51:16.544 21671 RALLYDEBUG rally_openstack.cleanup.manager [-] Deleting neutron.network object s_rally_f683f98f_2kHDEVpv (b04ce532-e4ea-4a3b-9a6b-373d558a0b38)
2019-09-15 08:51:16.865 21671 RALLYDEBUG rally_openstack.cleanup.manager [-] Deleting neutron.network object s_rally_f683f98f_btLv4TKa (b2292a79-b148-4af3-bc03-551457790f0c)
2019-09-15 08:51:17.047 21671 RALLYDEBUG rally_openstack.cleanup.manager [-] Deleting neutron.network object s_rally_f683f98f_KTpooPF1 (b2466fe0-7b9a-41da-a20b-cfdde950031e)
2019-09-15 08:51:17.153 21671 RALLYDEBUG rally_openstack.cleanup.manager [-] Deleting neutron.network object s_rally_f683f98f_DUwKI424 (b65e6908-73c3-49a3-9294-e0642c6313d0)
2019-09-15 08:51:17.265 21671 RALLYDEBUG rally_openstack.cleanup.manager [-] Deleting neutron.network object s_rally_f683f98f_aduTX0XM (bb16d34e-fedf-48cf-b3e7-69d66d912a37)
2019-09-15 08:51:17.448 21671 RALLYDEBUG rally_openstack.cleanup.manager [-] Deleting neutron.network object s_rally_f683f98f_JBOVVURl (bb7c3ece-9d24-4032-b496-4497a2bb5904)
2019-09-15 08:51:17.642 21671 RALLYDEBUG rally_openstack.cleanup.manager [-] Deleting neutron.network object s_rally_f683f98f_iTy5wovw (bbcb2123-eecb-4309-b957-60c13c48a0df)
2019-09-15 08:51:17.891 21671 RALLYDEBUG rally_openstack.cleanup.manager [-] Deleting neutron.network object s_rally_f683f98f_QqMdHEd1 (c500751b-9183-4bf8-861e-227ac217b5c5)
2019-09-15 08:51:17.894 21671 RALLYDEBUG rally_openstack.cleanup.manager [-] Deleting neutron.network object s_rally_f683f98f_z4Rig587 (bda607da-bf2c-40ab-962e-c9475f235318)
2019-09-15 08:51:17.933 21671 RALLYDEBUG rally_openstack.cleanup.manager [-] Deleting neutron.network object s_rally_f683f98f_FoCwM3T8 (d5bfc940-be0f-414c-a021-1cf2dd5e03e6)
2019-09-15 08:51:18.025 21671 RALLYDEBUG rally_openstack.cleanup.manager [-] Deleting neutron.network object s_rally_f683f98f_p2h25RVl (d9387262-9e60-4039-b6a8-714ec29ba35e)
2019-09-15 08:51:18.507 21671 RALLYDEBUG rally_openstack.cleanup.manager [-] Deleting neutron.network object s_rally_f683f98f_RwS3s1cT (da7cd818-9a49-4b20-98f0-c0d244d5d572)
2019-09-15 08:51:18.600 21671 RALLYDEBUG rally_openstack.cleanup.manager [-] Deleting neutron.network object s_rally_f683f98f_3fEY5RBF (def4645b-52c2-446e-b61c-743fb7c3c0c1)
2019-09-15 08:51:18.610 21671 RALLYDEBUG rally_openstack.cleanup.manager [-] Deleting neutron.network object s_rally_f683f98f_lUIx6pbX (e2231c9d-4cfd-4369-828c-b3ad2b87be78)
2019-09-15 08:51:18.744 21671 RALLYDEBUG rally_openstack.cleanup.manager [-] Deleting neutron.network object s_rally_f683f98f_0JbtHuAF (ebceee12-be0f-40f2-9e29-6e364f32ef0d)
2019-09-15 08:51:18.763 21671 RALLYDEBUG rally_openstack.cleanup.manager [-] Deleting neutron.network object s_rally_f683f98f_ukDFdu9g (ec89f6ea-a0a6-4480-bf80-93586f332706)
2019-09-15 08:51:18.800 21671 RALLYDEBUG rally_openstack.cleanup.manager [-] Deleting neutron.network object s_rally_f683f98f_GGWJeAOi (f44e1075-a99b-4b79-b29d-582e44023008)
