2019-09-15 08:55:19.177 23776 INFO rally.task.runner [-] Task 55de7d80-0c60-484f-9b4b-41dee91c3f3f | ITER: 10 START
2019-09-15 08:55:19.177 23781 RALLYDEBUG rally.task.runner [-] Starting a worker. concurrency: 1 args: {"network_create_args": {}, "subnet_create_args": {}, "subnet_cidr_start": "1.1.0.0/30", "subnets_per_network": 2} times: 40 method_name: run timeout: 0 duration: None cls:
2019-09-15 08:55:19.179 23776 WARNING rally_openstack.scenarios.neutron.utils [-] Running this scenario without either the 'network' or 'existing_network' context is deprecated
2019-09-15 08:55:19.179 23769 INFO rally.task.runner [-] Task 55de7d80-0c60-484f-9b4b-41dee91c3f3f | ITER: 9 START
2019-09-15 08:55:19.184 23767 INFO rally.task.runner [-] Task 55de7d80-0c60-484f-9b4b-41dee91c3f3f | ITER: 4 START
2019-09-15 08:55:19.184 23768 INFO rally.task.runner [-] Task 55de7d80-0c60-484f-9b4b-41dee91c3f3f | ITER: 7 START
2019-09-15 08:55:19.180 23769 WARNING rally_openstack.scenarios.neutron.utils [-] Running this scenario without either the 'network' or 'existing_network' context is deprecated
2019-09-15 08:55:19.184 23781 INFO rally.task.runner [-] Task 55de7d80-0c60-484f-9b4b-41dee91c3f3f | ITER: 11 START
2019-09-15 08:55:19.186 23768 WARNING rally_openstack.scenarios.neutron.utils [-] Running this scenario without either the 'network' or 'existing_network' context is deprecated
2019-09-15 08:55:19.185 23767 WARNING rally_openstack.scenarios.neutron.utils [-] Running this scenario without either the 'network' or 'existing_network' context is deprecated
2019-09-15 08:55:19.186 23786 RALLYDEBUG rally.task.runner [-] Starting a worker. concurrency: 1 args: {"network_create_args": {}, "subnet_create_args": {}, "subnet_cidr_start": "1.1.0.0/30", "subnets_per_network": 2} times: 40 method_name: run timeout: 0 duration: None cls:
2019-09-15 08:55:19.187 23781 WARNING rally_openstack.scenarios.neutron.utils [-] Running this scenario without either the 'network' or 'existing_network' context is deprecated
2019-09-15 08:55:19.189 23790 RALLYDEBUG rally.task.runner [-] Starting a worker. concurrency: 1 args: {"network_create_args": {}, "subnet_create_args": {}, "subnet_cidr_start": "1.1.0.0/30", "subnets_per_network": 2} times: 40 method_name: run timeout: 0 duration: None cls:
2019-09-15 08:55:19.194 23786 INFO rally.task.runner [-] Task 55de7d80-0c60-484f-9b4b-41dee91c3f3f | ITER: 12 START
2019-09-15 08:55:19.193 23793 RALLYDEBUG rally.task.runner [-] Starting a worker. concurrency: 1 args: {"network_create_args": {}, "subnet_create_args": {}, "subnet_cidr_start": "1.1.0.0/30", "subnets_per_network": 2} times: 40 method_name: run timeout: 0 duration: None cls:
2019-09-15 08:55:19.195 23786 WARNING rally_openstack.scenarios.neutron.utils [-] Running this scenario without either the 'network' or 'existing_network' context is deprecated
2019-09-15 08:55:19.197 23794 RALLYDEBUG rally.task.runner [-] Starting a worker. concurrency: 1 args: {"network_create_args": {}, "subnet_create_args": {}, "subnet_cidr_start": "1.1.0.0/30", "subnets_per_network": 2} times: 40 method_name: run timeout: 0 duration: None cls:
2019-09-15 08:55:19.199 23793 INFO rally.task.runner [-] Task 55de7d80-0c60-484f-9b4b-41dee91c3f3f | ITER: 14 START
2019-09-15 08:55:19.201 23793 WARNING rally_openstack.scenarios.neutron.utils [-] Running this scenario without either the 'network' or 'existing_network' context is deprecated
2019-09-15 08:55:19.203 23790 INFO rally.task.runner [-] Task 55de7d80-0c60-484f-9b4b-41dee91c3f3f | ITER: 13 START
2019-09-15 08:55:19.204 23794 INFO rally.task.runner [-] Task 55de7d80-0c60-484f-9b4b-41dee91c3f3f | ITER: 15 START
2019-09-15 08:55:19.205 23790 WARNING rally_openstack.scenarios.neutron.utils [-] Running this scenario without either the 'network' or 'existing_network' context is deprecated
2019-09-15 08:55:19.205 23794 WARNING rally_openstack.scenarios.neutron.utils [-] Running this scenario without either the 'network' or 'existing_network' context is deprecated
2019-09-15 08:55:19.207 23798 RALLYDEBUG rally.task.runner [-] Starting a worker. concurrency: 1 args: {"network_create_args": {}, "subnet_create_args": {}, "subnet_cidr_start": "1.1.0.0/30", "subnets_per_network": 2} times: 40 method_name: run timeout: 0 duration: None cls:
2019-09-15 08:55:19.214 23804 RALLYDEBUG rally.task.runner [-] Starting a worker. concurrency: 1 args: {"network_create_args": {}, "subnet_create_args": {}, "subnet_cidr_start": "1.1.0.0/30", "subnets_per_network": 2} times: 40 method_name: run timeout: 0 duration: None cls:
2019-09-15 08:55:19.215 23798 INFO rally.task.runner [-] Task 55de7d80-0c60-484f-9b4b-41dee91c3f3f | ITER: 16 START
2019-09-15 08:55:19.218 23798 WARNING rally_openstack.scenarios.neutron.utils [-] Running this scenario without either the 'network' or 'existing_network' context is deprecated
2019-09-15 08:55:19.221 23804 INFO rally.task.runner [-] Task 55de7d80-0c60-484f-9b4b-41dee91c3f3f | ITER: 17 START
2019-09-15 08:55:19.223 23804 WARNING rally_openstack.scenarios.neutron.utils [-] Running this scenario without either the 'network' or 'existing_network' context is deprecated
2019-09-15 08:55:19.222 23807 RALLYDEBUG rally.task.runner [-] Starting a worker. concurrency: 1 args: {"network_create_args": {}, "subnet_create_args": {}, "subnet_cidr_start": "1.1.0.0/30", "subnets_per_network": 2} times: 40 method_name: run timeout: 0 duration: None cls:
2019-09-15 08:55:19.227 23810 RALLYDEBUG rally.task.runner [-] Starting a worker. concurrency: 1 args: {"network_create_args": {}, "subnet_create_args": {}, "subnet_cidr_start": "1.1.0.0/30", "subnets_per_network": 2} times: 40 method_name: run timeout: 0 duration: None cls:
2019-09-15 08:55:19.229 23807 INFO rally.task.runner [-] Task 55de7d80-0c60-484f-9b4b-41dee91c3f3f | ITER: 18 START
2019-09-15 08:55:19.230 23807 WARNING rally_openstack.scenarios.neutron.utils [-] Running this scenario without either the 'network' or 'existing_network' context is deprecated
2019-09-15 08:55:19.233 23810 INFO rally.task.runner [-] Task 55de7d80-0c60-484f-9b4b-41dee91c3f3f | ITER: 19 START
2019-09-15 08:55:19.234 23810 WARNING rally_openstack.scenarios.neutron.utils [-] Running this scenario without either the 'network' or 'existing_network' context is deprecated
2019-09-15 08:55:19.235 23813 RALLYDEBUG rally.task.runner [-] Starting a worker. concurrency: 1 args: {"network_create_args": {}, "subnet_create_args": {}, "subnet_cidr_start": "1.1.0.0/30", "subnets_per_network": 2} times: 40 method_name: run timeout: 0 duration: None cls:
2019-09-15 08:55:19.240 23813 INFO rally.task.runner [-] Task 55de7d80-0c60-484f-9b4b-41dee91c3f3f | ITER: 20 START
2019-09-15 08:55:19.242 23813 WARNING rally_openstack.scenarios.neutron.utils [-] Running this scenario without either the 'network' or 'existing_network' context is deprecated
2019-09-15 08:55:20.213 23781 RALLYDEBUG rally_openstack.wrappers.network [-] CIDR generated: 1.1.4.96/30
2019-09-15 08:55:20.213 23793 RALLYDEBUG rally_openstack.wrappers.network [-] CIDR generated: 1.1.4.100/30
2019-09-15 08:55:20.214 23771 RALLYDEBUG rally_openstack.wrappers.network [-] CIDR generated: 1.1.4.104/30
2019-09-15 08:55:20.215 23776 RALLYDEBUG rally_openstack.wrappers.network [-] CIDR generated: 1.1.4.112/30
2019-09-15 08:55:20.215 23768 RALLYDEBUG rally_openstack.wrappers.network [-] CIDR generated: 1.1.4.108/30
2019-09-15 08:55:20.216 23769 RALLYDEBUG rally_openstack.wrappers.network [-] CIDR generated: 1.1.4.120/30
2019-09-15 08:55:20.218 23767 RALLYDEBUG rally_openstack.wrappers.network [-] CIDR generated: 1.1.4.124/30
2019-09-15 08:55:20.216 23767 RALLYDEBUG rally_openstack.wrappers.network [-] CIDR generated: 1.1.4.116/30
2019-09-15 08:55:20.222 23766 RALLYDEBUG rally_openstack.wrappers.network [-] CIDR generated: 1.1.4.128/30
2019-09-15 08:55:20.263 23786 RALLYDEBUG rally_openstack.wrappers.network [-] CIDR generated: 1.1.4.132/30
2019-09-15 08:55:20.410 23807 RALLYDEBUG rally_openstack.wrappers.network [-] CIDR generated: 1.1.4.136/30
2019-09-15 08:55:20.421 23768 RALLYDEBUG rally_openstack.wrappers.network [-] CIDR generated: 1.1.4.140/30
2019-09-15 08:55:20.539 23794 RALLYDEBUG rally_openstack.wrappers.network [-] CIDR generated: 1.1.4.144/30
2019-09-15 08:55:20.683 23804 RALLYDEBUG rally_openstack.wrappers.network [-] CIDR generated: 1.1.4.148/30
2019-09-15 08:55:20.748 23813 RALLYDEBUG rally_openstack.wrappers.network [-] CIDR generated: 1.1.4.152/30
2019-09-15 08:55:20.766 23810 RALLYDEBUG rally_openstack.wrappers.network [-] CIDR generated: 1.1.4.156/30
2019-09-15 08:55:20.814 23790 RALLYDEBUG rally_openstack.wrappers.network [-] CIDR generated: 1.1.4.160/30
2019-09-15 08:55:20.887 23766 RALLYDEBUG rally_openstack.wrappers.network [-] CIDR generated: 1.1.4.164/30
2019-09-15 08:55:21.014 23769 RALLYDEBUG rally_openstack.wrappers.network [-] CIDR generated: 1.1.4.168/30
2019-09-15 08:55:21.026 23798 RALLYDEBUG rally_openstack.wrappers.network [-] CIDR generated: 1.1.4.172/30
2019-09-15 08:55:21.282 23767 RALLYDEBUG rally_openstack.wrappers.network [-] CIDR generated: 1.1.4.176/30
2019-09-15 08:55:21.563 23810 RALLYDEBUG rally_openstack.wrappers.network [-] CIDR generated: 1.1.4.180/30
2019-09-15 08:55:21.809 23766 RALLYDEBUG rally_openstack.wrappers.network [-] CIDR generated: 1.1.4.184/30
2019-09-15 08:55:21.897 23790 RALLYDEBUG rally_openstack.wrappers.network [-] CIDR generated: 1.1.4.188/30
2019-09-15 08:55:22.138 23804 RALLYDEBUG rally_openstack.wrappers.network [-] CIDR generated: 1.1.4.192/30
2019-09-15 08:55:22.210 23767 RALLYDEBUG rally_openstack.wrappers.network [-] CIDR generated: 1.1.4.196/30
2019-09-15 08:55:22.233 23781 RALLYDEBUG rally_openstack.wrappers.network [-] CIDR generated: 1.1.4.200/30
2019-09-15 08:55:22.266 23769 RALLYDEBUG rally_openstack.wrappers.network [-] CIDR generated: 1.1.4.204/30
2019-09-15 08:55:22.267 23776 RALLYDEBUG rally_openstack.wrappers.network [-] CIDR generated: 1.1.4.208/30
2019-09-15 08:55:22.395 23793 RALLYDEBUG rally_openstack.wrappers.network [-] CIDR generated: 1.1.4.212/30
2019-09-15 08:55:22.483 23794 RALLYDEBUG rally_openstack.wrappers.network [-] CIDR generated: 1.1.4.216/30
2019-09-15 08:55:22.568 23807 RALLYDEBUG rally_openstack.wrappers.network [-] CIDR generated: 1.1.4.220/30
2019-09-15 08:55:22.661 23813 RALLYDEBUG rally_openstack.wrappers.network [-] CIDR generated: 1.1.4.224/30
2019-09-15 08:55:22.684 23768 RALLYDEBUG rally_openstack.wrappers.network [-] CIDR generated: 1.1.4.228/30
2019-09-15 08:55:22.976 23766 RALLYDEBUG rally_openstack.wrappers.network [-] CIDR generated: 1.1.4.232/30
2019-09-15 08:55:23.099 23771 RALLYDEBUG rally_openstack.wrappers.network [-] CIDR generated: 1.1.4.236/30
2019-09-15 08:55:23.462 23786 RALLYDEBUG rally_openstack.wrappers.network [-] CIDR generated: 1.1.4.240/30
2019-09-15 08:55:23.633 23768 RALLYDEBUG rally_openstack.wrappers.network [-] CIDR generated: 1.1.4.244/30
2019-09-15 08:55:23.976 23769 RALLYDEBUG rally_openstack.wrappers.network [-] CIDR generated: 1.1.4.248/30
2019-09-15 08:55:24.007 23798 RALLYDEBUG rally_openstack.wrappers.network [-] CIDR generated: 1.1.4.252/30
2019-09-15 08:55:25.484 23767 INFO rally.task.runner [-] Task 55de7d80-0c60-484f-9b4b-41dee91c3f3f | ITER: 2 END: OK
2019-09-15 08:55:25.489 23767 INFO rally.task.runner [-] Task 55de7d80-0c60-484f-9b4b-41dee91c3f3f | ITER: 21 START
2019-09-15 08:55:25.489 23767 WARNING rally_openstack.scenarios.neutron.utils [-] Running this scenario without either the 'network' or 'existing_network' context is deprecated
2019-09-15 08:55:26.479 23767 RALLYDEBUG rally_openstack.wrappers.network [-] CIDR generated: 1.1.5.0/30
2019-09-15 08:55:26.574 23767 INFO rally.task.runner [-] Task 55de7d80-0c60-484f-9b4b-41dee91c3f3f | ITER: 4 END: OK
2019-09-15 08:55:26.578 23767 INFO rally.task.runner [-] Task 55de7d80-0c60-484f-9b4b-41dee91c3f3f | ITER: 22 START
2019-09-15 08:55:26.579 23767 WARNING rally_openstack.scenarios.neutron.utils [-] Running this scenario without either the 'network' or 'existing_network' context is deprecated
2019-09-15 08:55:26.723 23771 INFO rally.task.runner [-] Task 55de7d80-0c60-484f-9b4b-41dee91c3f3f | ITER: 8 END: OK
2019-09-15 08:55:26.727 23771 INFO rally.task.runner [-] Task 55de7d80-0c60-484f-9b4b-41dee91c3f3f | ITER: 23 START
2019-09-15 08:55:26.728 23771 WARNING rally_openstack.scenarios.neutron.utils [-] Running this scenario without either the 'network' or 'existing_network' context is deprecated
2019-09-15 08:55:27.510 23813 INFO rally.task.runner [-] Task 55de7d80-0c60-484f-9b4b-41dee91c3f3f | ITER: 20 END: OK
2019-09-15 08:55:27.514 23813 INFO rally.task.runner [-] Task 55de7d80-0c60-484f-9b4b-41dee91c3f3f | ITER: 24 START
2019-09-15 08:55:27.515 23813 WARNING rally_openstack.scenarios.neutron.utils [-] Running this scenario without either the 'network' or 'existing_network' context is deprecated
2019-09-15 08:55:27.585 23767 RALLYDEBUG rally_openstack.wrappers.network [-] CIDR generated: 1.1.5.4/30
2019-09-15 08:55:27.598 23771 RALLYDEBUG rally_openstack.wrappers.network [-] CIDR generated: 1.1.5.8/30
2019-09-15 08:55:27.707 23790 INFO rally.task.runner [-] Task 55de7d80-0c60-484f-9b4b-41dee91c3f3f | ITER: 13 END: OK
2019-09-15 08:55:27.711 23790 INFO rally.task.runner [-] Task 55de7d80-0c60-484f-9b4b-41dee91c3f3f | ITER: 25 START
2019-09-15 08:55:27.712 23790 WARNING rally_openstack.scenarios.neutron.utils [-] Running this scenario without either the 'network' or 'existing_network' context is deprecated
2019-09-15 08:55:27.834 23767 RALLYDEBUG rally_openstack.wrappers.network [-] CIDR generated: 1.1.5.12/30
2019-09-15 08:55:27.901 23810 INFO rally.task.runner [-] Task 55de7d80-0c60-484f-9b4b-41dee91c3f3f | ITER: 19 END: OK
2019-09-15 08:55:27.906 23810 INFO rally.task.runner [-] Task 55de7d80-0c60-484f-9b4b-41dee91c3f3f | ITER: 26 START
2019-09-15 08:55:27.907 23810 WARNING rally_openstack.scenarios.neutron.utils [-] Running this scenario without either the 'network' or 'existing_network' context is deprecated
2019-09-15 08:55:28.202 23793 INFO rally.task.runner [-] Task 55de7d80-0c60-484f-9b4b-41dee91c3f3f | ITER: 14 END: OK
2019-09-15 08:55:28.206 23793 INFO rally.task.runner [-] Task 55de7d80-0c60-484f-9b4b-41dee91c3f3f | ITER: 27 START
2019-09-15 08:55:28.207 23793 WARNING rally_openstack.scenarios.neutron.utils [-] Running this scenario without either the 'network' or 'existing_network' context is deprecated
2019-09-15 08:55:28.235 23766 INFO rally.task.runner [-] Task 55de7d80-0c60-484f-9b4b-41dee91c3f3f | ITER: 1 END: OK
2019-09-15 08:55:28.239 23766 INFO rally.task.runner [-] Task 55de7d80-0c60-484f-9b4b-41dee91c3f3f | ITER: 28 START
2019-09-15 08:55:28.240 23766 WARNING rally_openstack.scenarios.neutron.utils [-] Running this scenario without either the 'network' or 'existing_network' context is deprecated
2019-09-15 08:55:28.373 23807 INFO rally.task.runner [-] Task 55de7d80-0c60-484f-9b4b-41dee91c3f3f | ITER: 18 END: OK
2019-09-15 08:55:28.378 23807 INFO rally.task.runner [-] Task 55de7d80-0c60-484f-9b4b-41dee91c3f3f | ITER: 29 START
2019-09-15 08:55:28.378 23807 WARNING rally_openstack.scenarios.neutron.utils [-] Running this scenario without either the 'network' or 'existing_network' context is deprecated
2019-09-15 08:55:28.479 23813 RALLYDEBUG rally_openstack.wrappers.network [-] CIDR generated: 1.1.5.16/30
2019-09-15 08:55:28.609 23810 RALLYDEBUG rally_openstack.wrappers.network [-] CIDR generated: 1.1.5.20/30
2019-09-15 08:55:29.162 23767 RALLYDEBUG rally_openstack.wrappers.network [-] CIDR generated: 1.1.5.24/30
2019-09-15 08:55:29.173 23771 RALLYDEBUG rally_openstack.wrappers.network [-] CIDR generated: 1.1.5.28/30
2019-09-15 08:55:29.277 23790 RALLYDEBUG rally_openstack.wrappers.network [-] CIDR generated: 1.1.5.32/30
2019-09-15 08:55:29.313 23793 RALLYDEBUG rally_openstack.wrappers.network [-] CIDR generated: 1.1.5.36/30
2019-09-15 08:55:29.357 23766 RALLYDEBUG rally_openstack.wrappers.network [-] CIDR generated: 1.1.5.40/30
2019-09-15 08:55:29.453 23807 RALLYDEBUG rally_openstack.wrappers.network [-] CIDR generated: 1.1.5.44/30
2019-09-15 08:55:29.648 23798 INFO rally.task.runner [-] Task 55de7d80-0c60-484f-9b4b-41dee91c3f3f | ITER: 16 END: OK
2019-09-15 08:55:29.653 23798 INFO rally.task.runner [-] Task 55de7d80-0c60-484f-9b4b-41dee91c3f3f | ITER: 30 START
2019-09-15 08:55:29.654 23798 WARNING rally_openstack.scenarios.neutron.utils [-] Running this scenario without either the 'network' or 'existing_network' context is deprecated
2019-09-15 08:55:29.697 23766 INFO rally.task.runner [-] Task 55de7d80-0c60-484f-9b4b-41dee91c3f3f | ITER: 3 END: OK
2019-09-15 08:55:29.702 23766 INFO rally.task.runner [-] Task 55de7d80-0c60-484f-9b4b-41dee91c3f3f | ITER: 31 START
2019-09-15 08:55:29.702 23766 WARNING rally_openstack.scenarios.neutron.utils [-] Running this scenario without either the 'network' or 'existing_network' context is deprecated
2019-09-15 08:55:29.797 23776 INFO rally.task.runner [-] Task 55de7d80-0c60-484f-9b4b-41dee91c3f3f | ITER: 10 END: OK
2019-09-15 08:55:29.801 23776 INFO rally.task.runner [-] Task 55de7d80-0c60-484f-9b4b-41dee91c3f3f | ITER: 32 START
2019-09-15 08:55:29.802 23776 WARNING rally_openstack.scenarios.neutron.utils [-] Running this scenario without either the 'network' or 'existing_network' context is deprecated
2019-09-15 08:55:29.882 23781 INFO rally.task.runner [-] Task 55de7d80-0c60-484f-9b4b-41dee91c3f3f | ITER: 11 END: OK
2019-09-15 08:55:29.886 23781 INFO rally.task.runner [-] Task 55de7d80-0c60-484f-9b4b-41dee91c3f3f | ITER: 33 START
2019-09-15 08:55:29.887 23781 WARNING rally_openstack.scenarios.neutron.utils [-] Running this scenario without either the 'network' or 'existing_network' context is deprecated
2019-09-15 08:55:30.309 23768 INFO rally.task.runner [-] Task 55de7d80-0c60-484f-9b4b-41dee91c3f3f | ITER: 5 END: OK
2019-09-15 08:55:30.313 23768 INFO rally.task.runner [-] Task 55de7d80-0c60-484f-9b4b-41dee91c3f3f | ITER: 34 START
2019-09-15 08:55:30.314 23768 WARNING rally_openstack.scenarios.neutron.utils [-] Running this scenario without either the 'network' or 'existing_network' context is deprecated
2019-09-15 08:55:30.466 23768 INFO rally.task.runner [-] Task 55de7d80-0c60-484f-9b4b-41dee91c3f3f | ITER: 7 END: OK
2019-09-15 08:55:30.471 23768 INFO rally.task.runner [-] Task 55de7d80-0c60-484f-9b4b-41dee91c3f3f | ITER: 35 START
2019-09-15 08:55:30.471 23768 WARNING rally_openstack.scenarios.neutron.utils [-] Running this scenario without either the 'network' or 'existing_network' context is deprecated
2019-09-15 08:55:30.658 23794 INFO rally.task.runner [-] Task 55de7d80-0c60-484f-9b4b-41dee91c3f3f | ITER: 15 END: OK
2019-09-15 08:55:30.662 23794 INFO rally.task.runner [-] Task 55de7d80-0c60-484f-9b4b-41dee91c3f3f | ITER: 36 START
2019-09-15 08:55:30.663 23794 WARNING rally_openstack.scenarios.neutron.utils [-] Running this scenario without either the 'network' or 'existing_network' context is deprecated
2019-09-15 08:55:30.676 23798 RALLYDEBUG rally_openstack.wrappers.network [-] CIDR generated: 1.1.5.48/30
2019-09-15 08:55:30.794 23766 RALLYDEBUG rally_openstack.wrappers.network [-] CIDR generated: 1.1.5.52/30
2019-09-15 08:55:30.839 23776 RALLYDEBUG rally_openstack.wrappers.network [-] CIDR generated: 1.1.5.56/30
2019-09-15 08:55:30.990 23781 RALLYDEBUG rally_openstack.wrappers.network [-] CIDR generated: 1.1.5.60/30
2019-09-15 08:55:31.119 23810 RALLYDEBUG rally_openstack.wrappers.network [-] CIDR generated: 1.1.5.64/30
2019-09-15 08:55:31.137 23768 RALLYDEBUG rally_openstack.wrappers.network [-] CIDR generated: 1.1.5.68/30
2019-09-15 08:55:31.210 23790 RALLYDEBUG rally_openstack.wrappers.network [-] CIDR generated: 1.1.5.72/30
2019-09-15 08:55:31.244 23807 RALLYDEBUG rally_openstack.wrappers.network [-] CIDR generated: 1.1.5.76/30
2019-09-15 08:55:31.746 23766 RALLYDEBUG rally_openstack.wrappers.network [-] CIDR generated: 1.1.5.80/30
2019-09-15 08:55:31.827 23794 RALLYDEBUG rally_openstack.wrappers.network [-] CIDR generated: 1.1.5.84/30
2019-09-15 08:55:31.974 23768 RALLYDEBUG rally_openstack.wrappers.network [-] CIDR generated: 1.1.5.88/30
2019-09-15 08:55:32.546 23813 RALLYDEBUG rally_openstack.wrappers.network [-] CIDR generated: 1.1.5.92/30
2019-09-15 08:55:32.611 23766 RALLYDEBUG rally_openstack.wrappers.network [-] CIDR generated: 1.1.5.96/30
2019-09-15 08:55:32.704 23776 RALLYDEBUG rally_openstack.wrappers.network [-] CIDR generated: 1.1.5.100/30
2019-09-15 08:55:32.775 23798 RALLYDEBUG rally_openstack.wrappers.network [-] CIDR generated: 1.1.5.104/30
2019-09-15 08:55:32.917 23781 RALLYDEBUG rally_openstack.wrappers.network [-] CIDR generated: 1.1.5.108/30
2019-09-15 08:55:33.102 23768 RALLYDEBUG rally_openstack.wrappers.network [-] CIDR generated: 1.1.5.112/30
2019-09-15 08:55:33.201 23768 RALLYDEBUG rally_openstack.wrappers.network [-] CIDR generated: 1.1.5.116/30
2019-09-15 08:55:33.274 23804 INFO rally.task.runner [-] Task 55de7d80-0c60-484f-9b4b-41dee91c3f3f | ITER: 17 END: OK
2019-09-15 08:55:33.279 23804 INFO rally.task.runner [-] Task 55de7d80-0c60-484f-9b4b-41dee91c3f3f | ITER: 37 START
2019-09-15 08:55:33.280 23804 WARNING rally_openstack.scenarios.neutron.utils [-] Running this scenario without either the 'network' or 'existing_network' context is deprecated
2019-09-15 08:55:33.831 23769 INFO rally.task.runner [-] Task 55de7d80-0c60-484f-9b4b-41dee91c3f3f | ITER: 9 END: OK
2019-09-15 08:55:33.835 23769 INFO rally.task.runner [-] Task 55de7d80-0c60-484f-9b4b-41dee91c3f3f | ITER: 38 START
2019-09-15 08:55:33.836 23769 WARNING rally_openstack.scenarios.neutron.utils [-] Running this scenario without either the 'network' or 'existing_network' context is deprecated
2019-09-15 08:55:34.039 23804 RALLYDEBUG rally_openstack.wrappers.network [-] CIDR generated: 1.1.5.120/30
2019-09-15 08:55:34.181 23786 INFO rally.task.runner [-] Task 55de7d80-0c60-484f-9b4b-41dee91c3f3f | ITER: 12 END: OK
2019-09-15 08:55:34.185 23786 INFO rally.task.runner [-] Task 55de7d80-0c60-484f-9b4b-41dee91c3f3f | ITER: 39 START
2019-09-15 08:55:34.186 23786 WARNING rally_openstack.scenarios.neutron.utils [-] Running this scenario without either the 'network' or 'existing_network' context is deprecated
2019-09-15 08:55:34.246 23793 RALLYDEBUG rally_openstack.wrappers.network [-] CIDR generated: 1.1.5.124/30
2019-09-15 08:55:34.376 23794 RALLYDEBUG rally_openstack.wrappers.network [-] CIDR generated: 1.1.5.128/30
2019-09-15 08:55:34.701 23767 INFO rally.task.runner [-] Task 55de7d80-0c60-484f-9b4b-41dee91c3f3f | ITER: 21 END: OK
2019-09-15 08:55:34.705 23767 INFO rally.task.runner [-] Task 55de7d80-0c60-484f-9b4b-41dee91c3f3f | ITER: 40 START
2019-09-15 08:55:34.706 23767 WARNING rally_openstack.scenarios.neutron.utils [-] Running this scenario without either the 'network' or 'existing_network' context is deprecated
2019-09-15 08:55:35.323 23786 RALLYDEBUG rally_openstack.wrappers.network [-] CIDR generated: 1.1.5.132/30
2019-09-15 08:55:35.596 23769 RALLYDEBUG rally_openstack.wrappers.network [-] CIDR generated: 1.1.5.136/30
2019-09-15 08:55:35.623 23767 RALLYDEBUG rally_openstack.wrappers.network [-] CIDR generated: 1.1.5.140/30
2019-09-15 08:55:35.843 23769 INFO rally.task.runner [-] Task 55de7d80-0c60-484f-9b4b-41dee91c3f3f | ITER: 6 END: OK
2019-09-15 08:55:36.574 23769 RALLYDEBUG rally_openstack.wrappers.network [-] CIDR generated: 1.1.5.144/30
2019-09-15 08:55:36.777 23767 RALLYDEBUG rally_openstack.wrappers.network [-] CIDR generated: 1.1.5.148/30
2019-09-15 08:55:37.008 23813 INFO rally.task.runner [-] Task 55de7d80-0c60-484f-9b4b-41dee91c3f3f | ITER: 24 END: OK
2019-09-15 08:55:37.352 23804 RALLYDEBUG rally_openstack.wrappers.network [-] CIDR generated: 1.1.5.152/30
2019-09-15 08:55:37.650 23767 INFO rally.task.runner [-] Task 55de7d80-0c60-484f-9b4b-41dee91c3f3f | ITER: 22 END: OK
2019-09-15 08:55:37.763 23771 INFO rally.task.runner [-] Task 55de7d80-0c60-484f-9b4b-41dee91c3f3f | ITER: 23 END: OK
2019-09-15 08:55:38.125 23786 RALLYDEBUG rally_openstack.wrappers.network [-] CIDR generated: 1.1.5.156/30
2019-09-15 08:55:38.481 23776 INFO rally.task.runner [-] Task 55de7d80-0c60-484f-9b4b-41dee91c3f3f | ITER: 32 END: OK
2019-09-15 08:55:38.503 23768 INFO rally.task.runner [-] Task 55de7d80-0c60-484f-9b4b-41dee91c3f3f | ITER: 34 END: OK
2019-09-15 08:55:38.724 23810 INFO rally.task.runner [-] Task 55de7d80-0c60-484f-9b4b-41dee91c3f3f | ITER: 26 END: OK
2019-09-15 08:55:39.052 23790 INFO rally.task.runner [-] Task 55de7d80-0c60-484f-9b4b-41dee91c3f3f | ITER: 25 END: OK
2019-09-15 08:55:39.355 23794 INFO rally.task.runner [-] Task 55de7d80-0c60-484f-9b4b-41dee91c3f3f | ITER: 36 END: OK
2019-09-15 08:55:39.596 23798 INFO rally.task.runner [-] Task 55de7d80-0c60-484f-9b4b-41dee91c3f3f | ITER: 30 END: OK
2019-09-15 08:55:39.769 23766 INFO rally.task.runner [-] Task 55de7d80-0c60-484f-9b4b-41dee91c3f3f | ITER: 31 END: OK
2019-09-15 08:55:39.812 23807 INFO rally.task.runner [-] Task 55de7d80-0c60-484f-9b4b-41dee91c3f3f | ITER: 29 END: OK
2019-09-15 08:55:40.110 23766 INFO rally.task.runner [-] Task 55de7d80-0c60-484f-9b4b-41dee91c3f3f | ITER: 28 END: OK
2019-09-15 08:55:40.294 23793 INFO rally.task.runner [-] Task 55de7d80-0c60-484f-9b4b-41dee91c3f3f | ITER: 27 END: OK
2019-09-15 08:55:40.863 23769 INFO rally.task.runner [-] Task 55de7d80-0c60-484f-9b4b-41dee91c3f3f | ITER: 38 END: OK
2019-09-15 08:55:40.929 23767 INFO rally.task.runner [-] Task 55de7d80-0c60-484f-9b4b-41dee91c3f3f | ITER: 40 END: OK
2019-09-15 08:55:41.012 23768 INFO rally.task.runner [-] Task 55de7d80-0c60-484f-9b4b-41dee91c3f3f | ITER: 35 END: OK
2019-09-15 08:55:41.156 23804 INFO rally.task.runner [-] Task 55de7d80-0c60-484f-9b4b-41dee91c3f3f | ITER: 37 END: OK
2019-09-15 08:55:41.545 23781 INFO rally.task.runner [-] Task 55de7d80-0c60-484f-9b4b-41dee91c3f3f | ITER: 33 END: OK
2019-09-15 08:55:42.265 23786 INFO rally.task.runner [-] Task 55de7d80-0c60-484f-9b4b-41dee91c3f3f | ITER: 39 END: OK
2019-09-15 08:55:42.295 21671 INFO rally.task.context [-] Task 55de7d80-0c60-484f-9b4b-41dee91c3f3f | Context cleanup@openstack cleanup() started
2019-09-15 08:55:42.299 21671 RALLYDEBUG rally_openstack.cleanup.manager [-] Cleaning up neutron vip objects
2019-09-15 08:55:42.716 21671 RALLYDEBUG rally_openstack.cleanup.manager [-] Cleaning up neutron health_monitor objects
2019-09-15 08:55:43.117 21671 RALLYDEBUG rally_openstack.cleanup.manager [-] Cleaning up neutron pool objects
2019-09-15 08:55:43.517 21671 RALLYDEBUG rally_openstack.cleanup.manager [-] Cleaning up neutron loadbalancer objects
2019-09-15 08:55:43.923 21671 RALLYDEBUG rally_openstack.cleanup.manager [-] Cleaning up neutron floatingip objects
2019-09-15 08:55:44.678 21671 RALLYDEBUG rally_openstack.cleanup.manager [-] Cleaning up neutron port objects
2019-09-15 08:55:45.175 21671 RALLYDEBUG rally_openstack.cleanup.manager [-] Cleaning up neutron subnet objects
2019-09-15 08:55:45.605 21671 RALLYDEBUG rally_openstack.cleanup.manager [-] Cleaning up neutron network objects
2019-09-15 08:55:46.135 21671 RALLYDEBUG rally_openstack.cleanup.manager [-] Deleting neutron.network object s_rally_45f8cec1_AVUwP4fz (04ee0478-6dfb-4f95-8172-bcfe4926f00c)
2019-09-15 08:55:46.143 21671 RALLYDEBUG rally_openstack.cleanup.manager [-] Deleting neutron.network object s_rally_45f8cec1_mqrBk3Oy (08467811-3f7a-4e69-8289-35bffdb0c9d9)
2019-09-15 08:55:46.155 21671 RALLYDEBUG rally_openstack.cleanup.manager [-] Deleting neutron.network object s_rally_45f8cec1_Ai3bK0j7 (0b18e292-79ef-401f-8550-9b6be4f281bf)
2019-09-15 08:55:46.169 21671 RALLYDEBUG rally_openstack.cleanup.manager [-] Deleting neutron.network object s_rally_45f8cec1_kEY99eNn (173e84c1-2b25-4ae1-8a0b-f9eb85715ca0)
2019-09-15 08:55:46.173 21671 RALLYDEBUG rally_openstack.cleanup.manager [-] Deleting neutron.network object s_rally_45f8cec1_z1euYrSm (13186c41-1e85-4734-b90b-9ec54a0fd655)
2019-09-15 08:55:46.174 21671 RALLYDEBUG rally_openstack.cleanup.manager [-] Deleting neutron.network object s_rally_45f8cec1_zeYax2qS (0db1d103-9b8d-4a7c-b46d-a42df0667aa2)
2019-09-15 08:55:46.178 21671 RALLYDEBUG rally_openstack.cleanup.manager [-] Deleting neutron.network object s_rally_45f8cec1_3btLIlF1 (1860ae5a-dcdb-4cac-9954-4a9bdbe77b78)
2019-09-15 08:55:46.214 21671 RALLYDEBUG rally_openstack.cleanup.manager [-] Deleting neutron.network object s_rally_45f8cec1_80jQcyrG (21e982e0-ff16-4d4b-922a-1bcc674bba15)
2019-09-15 08:55:46.233 21671 RALLYDEBUG rally_openstack.cleanup.manager [-] Deleting neutron.network object s_rally_45f8cec1_6I8mMi72 (189641fb-15b7-442e-82da-7fc8ca0d90ae)
2019-09-15 08:55:46.234 21671 RALLYDEBUG rally_openstack.cleanup.manager [-] Deleting neutron.network object s_rally_45f8cec1_JBXaI2Fv (29b17dee-8bea-4ae3-8d95-7c039dbafc0b)
2019-09-15 08:55:46.236 21671 RALLYDEBUG rally_openstack.cleanup.manager [-] Deleting neutron.network object s_rally_45f8cec1_xlh5E7IA (1f340c06-8446-41e9-a01c-c93f779193f4)
2019-09-15 08:55:46.248 21671 RALLYDEBUG rally_openstack.cleanup.manager [-] Deleting neutron.network object s_rally_45f8cec1_KZM3Qt6k (304ba0d0-279e-4ca6-90fb-d4c445325fbe)
2019-09-15 08:55:46.274 21671 RALLYDEBUG rally_openstack.cleanup.manager [-] Deleting neutron.network object s_rally_45f8cec1_7m4hd0tn (27e910b3-7844-4c9d-b782-eb1483a193d2)
2019-09-15 08:55:46.289 21671 RALLYDEBUG rally_openstack.cleanup.manager [-] Deleting neutron.network object s_rally_45f8cec1_Cy9TsYFH (42bddfae-7460-4561-b366-e0113577eaa0)
2019-09-15 08:55:46.333 21671 RALLYDEBUG rally_openstack.cleanup.manager [-] Deleting neutron.network object s_rally_45f8cec1_TG31ja0T (43befb28-d2aa-41f5-96ad-b6bd4181c1e7)
2019-09-15 08:55:46.374 21671 RALLYDEBUG rally_openstack.cleanup.manager [-] Deleting neutron.network object s_rally_45f8cec1_CBc66WuG (351e43a6-ad8c-4a37-8b4d-052119c94e3c)
2019-09-15 08:55:46.375 21671 RALLYDEBUG rally_openstack.cleanup.manager [-] Deleting neutron.network object s_rally_45f8cec1_bvyeE3Zf (446690ad-5422-495b-a893-49a4af9bc46d)
2019-09-15 08:55:46.418 21671 RALLYDEBUG rally_openstack.cleanup.manager [-] Deleting neutron.network object s_rally_45f8cec1_VJVSz7oc (7091c595-5315-434c-a737-a825a395070d)
2019-09-15 08:55:46.412 21671 RALLYDEBUG rally_openstack.cleanup.manager [-] Deleting neutron.network object s_rally_45f8cec1_70OgjuNi (5b888fe5-de7e-4fb9-a032-aade9505e8e0)
2019-09-15 08:55:46.457 21671 RALLYDEBUG rally_openstack.cleanup.manager [-] Deleting neutron.network object s_rally_45f8cec1_2JwHPCj8 (6b43f47d-9eb2-478b-abea-c71968f51783)
2019-09-15 08:55:48.606 21671 RALLYDEBUG rally_openstack.cleanup.manager [-] Deleting neutron.network object s_rally_45f8cec1_S9p37pXa (79c67a3f-3c59-4d38-af74-5c9aa57c87c9)
2019-09-15 08:55:48.815 21671 RALLYDEBUG rally_openstack.cleanup.manager [-] Deleting neutron.network object s_rally_45f8cec1_Od6BQ5Gf (7ccf2ed0-3125-4599-80b1-07e1f64ef904)
2019-09-15 08:55:48.835 21671 RALLYDEBUG rally_openstack.cleanup.manager [-] Deleting neutron.network object s_rally_45f8cec1_5MfK3uki (93159a0e-ce3d-4d68-8d35-25b7e918817e)
2019-09-15 08:55:48.862 21671 RALLYDEBUG rally_openstack.cleanup.manager [-] Deleting neutron.network object s_rally_45f8cec1_XXMadZYO (9339da6c-9913-4939-a48e-54f7a2bf7837)
2019-09-15 08:55:48.971 21671 RALLYDEBUG rally_openstack.cleanup.manager [-] Deleting neutron.network object s_rally_45f8cec1_mpvwk7Zl (98897e84-e108-4a43-b33d-37ce3f0ffa5b)
2019-09-15 08:55:49.082 21671 RALLYDEBUG rally_openstack.cleanup.manager [-] Deleting neutron.network object s_rally_45f8cec1_lszoY98K (997bc6d1-11c7-49b5-9768-e9dbecebb63b)
2019-09-15 08:55:49.212 21671 RALLYDEBUG rally_openstack.cleanup.manager [-] Deleting neutron.network object s_rally_45f8cec1_6FyrbPjY (9cfe0ffd-4d9a-4068-88b4-abe33ed0727e)
2019-09-15 08:55:49.225 21671 RALLYDEBUG rally_openstack.cleanup.manager [-] Deleting neutron.network object s_rally_45f8cec1_7LLnFLqB (a36395e7-8d99-4cd3-a112-0847f877fb50)
2019-09-15 08:55:49.345 21671 RALLYDEBUG rally_openstack.cleanup.manager [-] Deleting neutron.network object s_rally_45f8cec1_JpG02mks (a3d21854-6152-4c67-b367-110924cd46cd)
2019-09-15 08:55:49.497 21671 RALLYDEBUG rally_openstack.cleanup.manager [-] Deleting neutron.network object s_rally_45f8cec1_ferQrBBF (aa95a3d1-d840-42f9-a1f4-707ed4e4cb74)
2019-09-15 08:55:49.549 21671 RALLYDEBUG rally_openstack.cleanup.manager [-] Deleting neutron.network object s_rally_45f8cec1_t1giWZQ2 (b09fafde-7f1d-4022-bb14-852025f5f354)
2019-09-15 08:55:49.611 21671 RALLYDEBUG rally_openstack.cleanup.manager [-] Deleting neutron.network object s_rally_45f8cec1_poTmb6LA (b65c2916-d508-4312-9ce9-e58dcfbfa533)
2019-09-15 08:55:49.813 21671 RALLYDEBUG rally_openstack.cleanup.manager [-] Deleting neutron.network object s_rally_45f8cec1_08cBI3BY (bee92c1f-69fe-4238-ba66-d5367a6cb44e)
2019-09-15 08:55:50.029 21671 RALLYDEBUG rally_openstack.cleanup.manager [-] Deleting neutron.network object s_rally_45f8cec1_cF6DEB8v (bfd6be45-74e0-4d06-ade4-5cfe9379ea30)
2019-09-15 08:55:50.126 21671 RALLYDEBUG rally_openstack.cleanup.manager [-] Deleting neutron.network object s_rally_45f8cec1_pMHcl78V (c151e63c-8607-4719-81fd-4378af20fd44)
2019-09-15 08:55:50.131 21671 RALLYDEBUG rally_openstack.cleanup.manager [-] Deleting neutron.network object s_rally_45f8cec1_dvt5dWWW (cf09bf36-b1b6-49a4-8ea2-4e0ba2ab1a9b)
2019-09-15 08:55:50.138 21671 RALLYDEBUG rally_openstack.cleanup.manager [-] Deleting neutron.network object s_rally_45f8cec1_mbIJE36r (dc8b2cae-560b-4eae-b5ff-6adbbcda89f8)
2019-09-15 08:55:50.205 21671 RALLYDEBUG rally_openstack.cleanup.manager [-] Deleting neutron.network object s_rally_45f8cec1_r9477WhV (e7bb3ee9-7259-401d-9b3f-f296bfc0c1c0)
2019-09-15 08:55:50.328 21671 RALLYDEBUG rally_openstack.cleanup.manager [-] Deleting neutron.network object s_rally_45f8cec1_WUuJ0nkF (ea822587-3163-457f-8f55-27061ea1dc58)
2019-09-15 08:55:50.820 21671 RALLYDEBUG rally_openstack.cleanup.manager [-] Deleting neutron.network object s_rally_45f8cec1_MUx4UE1r (f47d36a9-2557-4b39-b048-d5b876b933be)
2019-09-15 08:55:53.619 21671 RALLYDEBUG rally_openstack.cleanup.manager [-] Cleaning up neutron router objects
2019-09-15 08:55:54.045 21671 RALLYDEBUG rally_openstack.cleanup.manager [-] Cleaning up neutron security_group objects
2019-09-15 08:55:54.480 21671 INFO rally.task.context [-] Task 55de7d80-0c60-484f-9b4b-41dee91c3f3f | Context cleanup@openstack cleanup() finished in 12.19 sec
2019-09-15 08:55:54.481 21671 INFO rally.task.context [-] Task 55de7d80-0c60-484f-9b4b-41dee91c3f3f | Context quotas@openstack cleanup() started
2019-09-15 08:55:54.551 21671 INFO rally.task.context [-] Task 55de7d80-0c60-484f-9b4b-41dee91c3f3f | Context quotas@openstack cleanup() finished in 70.37 msec
2019-09-15 08:55:54.552 21671 INFO rally.task.context [-] Task 55de7d80-0c60-484f-9b4b-41dee91c3f3f | Context users@openstack cleanup() started
2019-09-15 08:55:57.275 21671 INFO rally.task.context [-] Task 55de7d80-0c60-484f-9b4b-41dee91c3f3f | Context users@openstack cleanup() finished in 2.72 sec
2019-09-15 08:55:58.539 21671 INFO rally.task.engine [-] Load duration is: 23.098834
2019-09-15 08:55:58.540 21671 INFO rally.task.engine [-] Full runner duration is: 23.155813
2019-09-15 08:55:58.540 21671 INFO rally.task.engine [-] Full duration is: 41.092081
2019-09-15 08:55:58.940 21671 INFO rally.task.engine [-] Running workload: position = 0 config = { "version": 2, "title": "A cropped version of a bigger task.", "description": "Auto-generated task from a single workload (uuid=599a9fca-a244-4b49-ae6d-a7d04878302b)", "subtasks": [ { "title": "NeutronNetworks.create_and_list_routers", "description": "Create and a given number of routers and list all routers.", "scenario": { "NeutronNetworks.create_and_list_routers": { "network_create_args": null, "subnet_create_args": null, "subnet_cidr_start": "1.1.0.0/30", "subnets_per_network": 2, "router_create_args": null } }, "contexts": { "users": { "tenants": 1, "users_per_tenant": 1 }, "quotas": { "neutron": { "network": -1, "subnet": -1, "router": -1 } } }, "runner": { "constant": { "times": 40, "concurrency": 20 } }, "hooks": [], "sla": { "failure_rate": { "max": 0 } } } ] }
2019-09-15 08:55:58.970 21671 RALLYDEBUG rally_openstack.contexts.keystone.users [-] Creating 1 tenants using 20 threads
2019-09-15 08:55:59.895 21671 RALLYDEBUG rally_openstack.contexts.keystone.users [-] Creating 1 users using 20 threads
2019-09-15 08:56:01.250 21671 INFO rally.task.context [-] Task 55de7d80-0c60-484f-9b4b-41dee91c3f3f | Context users@openstack setup() finished in 2.28 sec
2019-09-15 08:56:01.788 21671 INFO rally.task.context [-] Task 55de7d80-0c60-484f-9b4b-41dee91c3f3f | Context quotas@openstack setup() finished in 0.54 sec
2019-09-15 08:56:01.788 21671 INFO rally.task.context [-] Task 55de7d80-0c60-484f-9b4b-41dee91c3f3f | Context cleanup@openstack setup() finished in 0.02 msec
2019-09-15 08:56:01.798 21671 RALLYDEBUG rally.task.runner [-] Starting the constant runner (task UUID: 55de7d80-0c60-484f-9b4b-41dee91c3f3f). timeout: 0 concurrency: 20 concurrency_per_worker: 1 times: 40 concurrency_overhead: 4 processes_to_start: 16 max_cpu_used: 16
2019-09-15 08:56:01.812 24136 RALLYDEBUG rally.task.runner [-] Starting a worker. concurrency: 2 args: {"network_create_args": null, "subnet_create_args": null, "subnet_cidr_start": "1.1.0.0/30", "subnets_per_network": 2, "router_create_args": null} times: 40 method_name: run timeout: 0 duration: None cls:
2019-09-15 08:56:01.814 24137 RALLYDEBUG rally.task.runner [-] Starting a worker. concurrency: 2 args: {"network_create_args": null, "subnet_create_args": null, "subnet_cidr_start": "1.1.0.0/30", "subnets_per_network": 2, "router_create_args": null} times: 40 method_name: run timeout: 0 duration: None cls:
2019-09-15 08:56:01.818 24138 RALLYDEBUG rally.task.runner [-] Starting a worker. concurrency: 2 args: {"network_create_args": null, "subnet_create_args": null, "subnet_cidr_start": "1.1.0.0/30", "subnets_per_network": 2, "router_create_args": null} times: 40 method_name: run timeout: 0 duration: None cls:
2019-09-15 08:56:01.820 24136 INFO rally.task.runner [-] Task 55de7d80-0c60-484f-9b4b-41dee91c3f3f | ITER: 1 START
2019-09-15 08:56:01.821 24139 RALLYDEBUG rally.task.runner [-] Starting a worker. concurrency: 2 args: {"network_create_args": null, "subnet_create_args": null, "subnet_cidr_start": "1.1.0.0/30", "subnets_per_network": 2, "router_create_args": null} times: 40 method_name: run timeout: 0 duration: None cls:
2019-09-15 08:56:01.824 24140 RALLYDEBUG rally.task.runner [-] Starting a worker. concurrency: 1 args: {"network_create_args": null, "subnet_create_args": null, "subnet_cidr_start": "1.1.0.0/30", "subnets_per_network": 2, "router_create_args": null} times: 40 method_name: run timeout: 0 duration: None cls:
2019-09-15 08:56:01.825 24137 INFO rally.task.runner [-] Task 55de7d80-0c60-484f-9b4b-41dee91c3f3f | ITER: 2 START
2019-09-15 08:56:01.827 24138 INFO rally.task.runner [-] Task 55de7d80-0c60-484f-9b4b-41dee91c3f3f | ITER: 5 START
2019-09-15 08:56:01.828 24144 RALLYDEBUG rally.task.runner [-] Starting a worker. concurrency: 1 args: {"network_create_args": null, "subnet_create_args": null, "subnet_cidr_start": "1.1.0.0/30", "subnets_per_network": 2, "router_create_args": null} times: 40 method_name: run timeout: 0 duration: None cls:
2019-09-15 08:56:01.830 24140 INFO rally.task.runner [-] Task 55de7d80-0c60-484f-9b4b-41dee91c3f3f | ITER: 8 START
2019-09-15 08:56:01.831 24139 INFO rally.task.runner [-] Task 55de7d80-0c60-484f-9b4b-41dee91c3f3f | ITER: 6 START
2019-09-15 08:56:01.831 24148 RALLYDEBUG rally.task.runner [-] Starting a worker. concurrency: 1 args: {"network_create_args": null, "subnet_create_args": null, "subnet_cidr_start": "1.1.0.0/30", "subnets_per_network": 2, "router_create_args": null} times: 40 method_name: run timeout: 0 duration: None cls:
2019-09-15 08:56:01.827 24137 INFO rally.task.runner [-] Task 55de7d80-0c60-484f-9b4b-41dee91c3f3f | ITER: 4 START
2019-09-15 08:56:01.834 24144 INFO rally.task.runner [-] Task 55de7d80-0c60-484f-9b4b-41dee91c3f3f | ITER: 10 START
2019-09-15 08:56:01.832 24139 INFO rally.task.runner [-] Task 55de7d80-0c60-484f-9b4b-41dee91c3f3f | ITER: 9 START
2019-09-15 08:56:01.837 24148 INFO rally.task.runner [-] Task 55de7d80-0c60-484f-9b4b-41dee91c3f3f | ITER: 11 START
2019-09-15 08:56:01.837 24153 RALLYDEBUG rally.task.runner [-] Starting a worker. concurrency: 1 args: {"network_create_args": null, "subnet_create_args": null, "subnet_cidr_start": "1.1.0.0/30", "subnets_per_network": 2, "router_create_args": null} times: 40 method_name: run timeout: 0 duration: None cls:
2019-09-15 08:56:01.840 24136 INFO rally.task.runner [-] Task 55de7d80-0c60-484f-9b4b-41dee91c3f3f | ITER: 3 START
2019-09-15 08:56:01.843 24159 RALLYDEBUG rally.task.runner [-] Starting a worker. concurrency: 1 args: {"network_create_args": null, "subnet_create_args": null, "subnet_cidr_start": "1.1.0.0/30", "subnets_per_network": 2, "router_create_args": null} times: 40 method_name: run timeout: 0 duration: None cls:
2019-09-15 08:56:01.846 24138 INFO rally.task.runner [-] Task 55de7d80-0c60-484f-9b4b-41dee91c3f3f | ITER: 7 START
2019-09-15 08:56:01.849 24153 INFO rally.task.runner [-] Task 55de7d80-0c60-484f-9b4b-41dee91c3f3f | ITER: 12 START
2019-09-15 08:56:01.849 24163 RALLYDEBUG rally.task.runner [-] Starting a worker. concurrency: 1 args: {"network_create_args": null, "subnet_create_args": null, "subnet_cidr_start": "1.1.0.0/30", "subnets_per_network": 2, "router_create_args": null} times: 40 method_name: run timeout: 0 duration: None cls:
2019-09-15 08:56:01.851 24159 INFO rally.task.runner [-] Task 55de7d80-0c60-484f-9b4b-41dee91c3f3f | ITER: 13 START
2019-09-15 08:56:01.856 24163 INFO rally.task.runner [-] Task 55de7d80-0c60-484f-9b4b-41dee91c3f3f | ITER: 14 START
2019-09-15 08:56:01.855 24166 RALLYDEBUG rally.task.runner [-] Starting a worker. concurrency: 1 args: {"network_create_args": null, "subnet_create_args": null, "subnet_cidr_start": "1.1.0.0/30", "subnets_per_network": 2, "router_create_args": null} times: 40 method_name: run timeout: 0 duration: None cls:
2019-09-15 08:56:01.862 24166 INFO rally.task.runner [-] Task 55de7d80-0c60-484f-9b4b-41dee91c3f3f | ITER: 15 START
2019-09-15 08:56:01.869 24173 RALLYDEBUG rally.task.runner [-] Starting a worker. concurrency: 1 args: {"network_create_args": null, "subnet_create_args": null, "subnet_cidr_start": "1.1.0.0/30", "subnets_per_network": 2, "router_create_args": null} times: 40 method_name: run timeout: 0 duration: None cls:
2019-09-15 08:56:01.875 24173 INFO rally.task.runner [-] Task 55de7d80-0c60-484f-9b4b-41dee91c3f3f | ITER: 16 START
2019-09-15 08:56:01.877 24174 RALLYDEBUG rally.task.runner [-] Starting a worker. concurrency: 1 args: {"network_create_args": null, "subnet_create_args": null, "subnet_cidr_start": "1.1.0.0/30", "subnets_per_network": 2, "router_create_args": null} times: 40 method_name: run timeout: 0 duration: None cls:
2019-09-15 08:56:01.884 24174 INFO rally.task.runner [-] Task 55de7d80-0c60-484f-9b4b-41dee91c3f3f | ITER: 17 START
2019-09-15 08:56:01.885 24177 RALLYDEBUG rally.task.runner [-] Starting a worker. concurrency: 1 args: {"network_create_args": null, "subnet_create_args": null, "subnet_cidr_start": "1.1.0.0/30", "subnets_per_network": 2, "router_create_args": null} times: 40 method_name: run timeout: 0 duration: None cls:
2019-09-15 08:56:01.888 24178 RALLYDEBUG rally.task.runner [-] Starting a worker. concurrency: 1 args: {"network_create_args": null, "subnet_create_args": null, "subnet_cidr_start": "1.1.0.0/30", "subnets_per_network": 2, "router_create_args": null} times: 40 method_name: run timeout: 0 duration: None cls:
2019-09-15 08:56:01.890 24177 INFO rally.task.runner [-] Task 55de7d80-0c60-484f-9b4b-41dee91c3f3f | ITER: 18 START
2019-09-15 08:56:01.892 24181 RALLYDEBUG rally.task.runner [-] Starting a worker. concurrency: 1 args: {"network_create_args": null, "subnet_create_args": null, "subnet_cidr_start": "1.1.0.0/30", "subnets_per_network": 2, "router_create_args": null} times: 40 method_name: run timeout: 0 duration: None cls:
2019-09-15 08:56:01.893 24178 INFO rally.task.runner [-] Task 55de7d80-0c60-484f-9b4b-41dee91c3f3f | ITER: 19 START
2019-09-15 08:56:01.897 24181 INFO rally.task.runner [-] Task 55de7d80-0c60-484f-9b4b-41dee91c3f3f | ITER: 20 START
2019-09-15 08:56:02.768 24136 RALLYDEBUG rally_openstack.wrappers.network [-] CIDR generated: 1.1.5.160/30
2019-09-15 08:56:02.835 24137 RALLYDEBUG rally_openstack.wrappers.network [-] CIDR generated: 1.1.5.164/30
2019-09-15 08:56:02.868 24153 RALLYDEBUG rally_openstack.wrappers.network [-] CIDR generated: 1.1.5.168/30
2019-09-15 08:56:02.869 24148 RALLYDEBUG rally_openstack.wrappers.network [-] CIDR generated: 1.1.5.172/30
2019-09-15 08:56:02.959 24144 RALLYDEBUG rally_openstack.wrappers.network [-] CIDR generated: 1.1.5.176/30
2019-09-15 08:56:02.985 24166 RALLYDEBUG rally_openstack.wrappers.network [-] CIDR generated: 1.1.5.180/30
2019-09-15 08:56:02.989 24159 RALLYDEBUG rally_openstack.wrappers.network [-] CIDR generated: 1.1.5.184/30
2019-09-15 08:56:02.989 24137 RALLYDEBUG rally_openstack.wrappers.network [-] CIDR generated: 1.1.5.188/30
2019-09-15 08:56:02.999 24138 RALLYDEBUG rally_openstack.wrappers.network [-] CIDR generated: 1.1.5.192/30
2019-09-15 08:56:03.002 24173 RALLYDEBUG rally_openstack.wrappers.network [-] CIDR generated: 1.1.5.196/30
2019-09-15 08:56:03.052 24177 RALLYDEBUG rally_openstack.wrappers.network [-] CIDR generated: 1.1.5.200/30
2019-09-15 08:56:03.130 24139 RALLYDEBUG rally_openstack.wrappers.network [-] CIDR generated: 1.1.5.204/30
2019-09-15 08:56:03.139 24181 RALLYDEBUG rally_openstack.wrappers.network [-] CIDR generated: 1.1.5.208/30
2019-09-15 08:56:03.142 24138 RALLYDEBUG rally_openstack.wrappers.network [-] CIDR generated: 1.1.5.212/30
2019-09-15 08:56:03.151 24174 RALLYDEBUG rally_openstack.wrappers.network [-] CIDR generated: 1.1.5.216/30
2019-09-15 08:56:03.168 24140 RALLYDEBUG rally_openstack.wrappers.network [-] CIDR generated: 1.1.5.220/30
2019-09-15 08:56:03.217 24139 RALLYDEBUG rally_openstack.wrappers.network [-] CIDR generated: 1.1.5.224/30
2019-09-15 08:56:03.598 24137 RALLYDEBUG rally_openstack.wrappers.network [-] CIDR generated: 1.1.5.228/30
2019-09-15 08:56:03.637 24136 RALLYDEBUG rally_openstack.wrappers.network [-] CIDR generated: 1.1.5.232/30
2019-09-15 08:56:03.675 24178 RALLYDEBUG rally_openstack.wrappers.network [-] CIDR generated: 1.1.5.236/30
2019-09-15 08:56:03.701 24163 RALLYDEBUG rally_openstack.wrappers.network [-] CIDR generated: 1.1.5.240/30
2019-09-15 08:56:04.056 24138 RALLYDEBUG rally_openstack.wrappers.network [-] CIDR generated: 1.1.5.244/30
2019-09-15 08:56:04.268 24137 RALLYDEBUG rally_openstack.wrappers.network [-] CIDR generated: 1.1.5.248/30
2019-09-15 08:56:04.573 24153 RALLYDEBUG rally_openstack.wrappers.network [-] CIDR generated: 1.1.5.252/30
2019-09-15 08:56:04.691 24177 RALLYDEBUG rally_openstack.wrappers.network [-] CIDR generated: 1.1.6.0/30
2019-09-15 08:56:05.069 24173 RALLYDEBUG rally_openstack.wrappers.network [-] CIDR generated: 1.1.6.4/30
2019-09-15 08:56:05.149 24178 RALLYDEBUG rally_openstack.wrappers.network [-] CIDR generated: 1.1.6.8/30
2019-09-15 08:56:05.191 24181 RALLYDEBUG rally_openstack.wrappers.network [-] CIDR generated: 1.1.6.12/30
2019-09-15 08:56:05.205 24136 RALLYDEBUG rally_openstack.wrappers.network [-] CIDR generated: 1.1.6.16/30
2019-09-15 08:56:05.207 24166 RALLYDEBUG rally_openstack.wrappers.network [-] CIDR generated: 1.1.6.20/30
2019-09-15 08:56:05.231 24140 RALLYDEBUG rally_openstack.wrappers.network [-] CIDR generated: 1.1.6.24/30
2019-09-15 08:56:05.282 24138 RALLYDEBUG rally_openstack.wrappers.network [-] CIDR generated: 1.1.6.28/30
2019-09-15 08:56:05.489 24136 RALLYDEBUG rally_openstack.wrappers.network [-] CIDR generated: 1.1.6.32/30
2019-09-15 08:56:05.580 24159 RALLYDEBUG rally_openstack.wrappers.network [-] CIDR generated: 1.1.6.36/30
2019-09-15 08:56:05.652 24139 RALLYDEBUG rally_openstack.wrappers.network [-] CIDR generated: 1.1.6.40/30
2019-09-15 08:56:06.221 24144 RALLYDEBUG rally_openstack.wrappers.network [-] CIDR generated: 1.1.6.44/30
2019-09-15 08:56:07.648 24148 RALLYDEBUG rally_openstack.wrappers.network [-] CIDR generated: 1.1.6.48/30
2019-09-15 08:56:08.764 24139 RALLYDEBUG rally_openstack.wrappers.network [-] CIDR generated: 1.1.6.52/30
2019-09-15 08:56:08.945 24174 RALLYDEBUG rally_openstack.wrappers.network [-] CIDR generated: 1.1.6.56/30
2019-09-15 08:56:09.862 24163 RALLYDEBUG rally_openstack.wrappers.network [-] CIDR generated: 1.1.6.60/30
2019-09-15 08:56:12.301 24153 INFO rally.task.runner [-] Task 55de7d80-0c60-484f-9b4b-41dee91c3f3f | ITER: 12 END: OK
2019-09-15 08:56:12.303 24153 INFO rally.task.runner [-] Task 55de7d80-0c60-484f-9b4b-41dee91c3f3f | ITER: 21 START
2019-09-15 08:56:13.525 24153 RALLYDEBUG rally_openstack.wrappers.network [-] CIDR generated: 1.1.6.64/30
2019-09-15 08:56:15.056 24137 INFO rally.task.runner [-] Task 55de7d80-0c60-484f-9b4b-41dee91c3f3f | ITER: 4 END: OK
2019-09-15 08:56:15.060 24137 INFO rally.task.runner [-] Task 55de7d80-0c60-484f-9b4b-41dee91c3f3f | ITER: 22 START
2019-09-15 08:56:15.096 24166 INFO rally.task.runner [-] Task 55de7d80-0c60-484f-9b4b-41dee91c3f3f | ITER: 15 END: OK
2019-09-15 08:56:15.100 24166 INFO rally.task.runner [-] Task 55de7d80-0c60-484f-9b4b-41dee91c3f3f | ITER: 23 START
2019-09-15 08:56:15.509 24140 INFO rally.task.runner [-] Task 55de7d80-0c60-484f-9b4b-41dee91c3f3f | ITER: 8 END: OK
2019-09-15 08:56:15.513 24140 INFO rally.task.runner [-] Task 55de7d80-0c60-484f-9b4b-41dee91c3f3f | ITER: 24 START
2019-09-15 08:56:15.822 24166 RALLYDEBUG rally_openstack.wrappers.network [-] CIDR generated: 1.1.6.68/30
2019-09-15 08:56:16.058 24140 RALLYDEBUG rally_openstack.wrappers.network [-] CIDR generated: 1.1.6.72/30
2019-09-15 08:56:16.246 24137 INFO rally.task.runner [-] Task 55de7d80-0c60-484f-9b4b-41dee91c3f3f | ITER: 2 END: OK
