2019-09-15 09:04:36.054 25919 WARNING rally_openstack.scenarios.neutron.utils [-] Running this scenario without either the 'network' or 'existing_network' context is deprecated
2019-09-15 09:04:36.205 25962 INFO rally.task.runner [-] Task 55de7d80-0c60-484f-9b4b-41dee91c3f3f | ITER: 19 END: OK
2019-09-15 09:04:36.209 25962 INFO rally.task.runner [-] Task 55de7d80-0c60-484f-9b4b-41dee91c3f3f | ITER: 40 START
2019-09-15 09:04:36.210 25962 WARNING rally_openstack.scenarios.neutron.utils [-] Running this scenario without either the 'network' or 'existing_network' context is deprecated
2019-09-15 09:04:39.282 25918 INFO rally.task.runner [-] Task 55de7d80-0c60-484f-9b4b-41dee91c3f3f | ITER: 22 END: OK
2019-09-15 09:04:42.854 25943 INFO rally.task.runner [-] Task 55de7d80-0c60-484f-9b4b-41dee91c3f3f | ITER: 30 END: OK
2019-09-15 09:04:43.319 25950 INFO rally.task.runner [-] Task 55de7d80-0c60-484f-9b4b-41dee91c3f3f | ITER: 27 END: OK
2019-09-15 09:04:43.494 25920 INFO rally.task.runner [-] Task 55de7d80-0c60-484f-9b4b-41dee91c3f3f | ITER: 28 END: OK
2019-09-15 09:04:43.822 25921 INFO rally.task.runner [-] Task 55de7d80-0c60-484f-9b4b-41dee91c3f3f | ITER: 26 END: OK
2019-09-15 09:04:43.910 25919 INFO rally.task.runner [-] Task 55de7d80-0c60-484f-9b4b-41dee91c3f3f | ITER: 31 END: OK
2019-09-15 09:04:44.137 25932 INFO rally.task.runner [-] Task 55de7d80-0c60-484f-9b4b-41dee91c3f3f | ITER: 25 END: OK
2019-09-15 09:04:45.083 25940 INFO rally.task.runner [-] Task 55de7d80-0c60-484f-9b4b-41dee91c3f3f | ITER: 23 END: OK
2019-09-15 09:04:45.175 25937 INFO rally.task.runner [-] Task 55de7d80-0c60-484f-9b4b-41dee91c3f3f | ITER: 32 END: OK
2019-09-15 09:04:45.420 25920 INFO rally.task.runner [-] Task 55de7d80-0c60-484f-9b4b-41dee91c3f3f | ITER: 29 END: OK
2019-09-15 09:04:45.461 25918 INFO rally.task.runner [-] Task 55de7d80-0c60-484f-9b4b-41dee91c3f3f | ITER: 36 END: OK
2019-09-15 09:04:45.481 25926 INFO rally.task.runner [-] Task 55de7d80-0c60-484f-9b4b-41dee91c3f3f | ITER: 24 END: OK
2019-09-15 09:04:45.861 25921 INFO rally.task.runner [-] Task 55de7d80-0c60-484f-9b4b-41dee91c3f3f | ITER: 34 END: OK
2019-09-15 09:04:46.136 25953 INFO rally.task.runner [-] Task 55de7d80-0c60-484f-9b4b-41dee91c3f3f | ITER: 35 END: OK
2019-09-15 09:04:46.358 25923 INFO rally.task.runner [-] Task 55de7d80-0c60-484f-9b4b-41dee91c3f3f | ITER: 37 END: OK
2019-09-15 09:04:46.491 25956 INFO rally.task.runner [-] Task 55de7d80-0c60-484f-9b4b-41dee91c3f3f | ITER: 21 END: OK
2019-09-15 09:04:46.602 25965 INFO rally.task.runner [-] Task 55de7d80-0c60-484f-9b4b-41dee91c3f3f | ITER: 33 END: OK
2019-09-15 09:04:46.783 25919 INFO rally.task.runner [-] Task 55de7d80-0c60-484f-9b4b-41dee91c3f3f | ITER: 39 END: OK
2019-09-15 09:04:46.868 25962 INFO rally.task.runner [-] Task 55de7d80-0c60-484f-9b4b-41dee91c3f3f | ITER: 40 END: OK
2019-09-15 09:04:46.930 25959 INFO rally.task.runner [-] Task 55de7d80-0c60-484f-9b4b-41dee91c3f3f | ITER: 38 END: OK
2019-09-15 09:04:46.957 21671 INFO rally.task.context [-] Task 55de7d80-0c60-484f-9b4b-41dee91c3f3f | Context cleanup@openstack cleanup() started
2019-09-15 09:04:46.960 21671 RALLYDEBUG rally_openstack.cleanup.manager [-] Cleaning up neutron vip objects
2019-09-15 09:04:47.354 21671 RALLYDEBUG rally_openstack.cleanup.manager [-] Cleaning up neutron health_monitor objects
2019-09-15 09:04:47.757 21671 RALLYDEBUG rally_openstack.cleanup.manager [-] Cleaning up neutron pool objects
2019-09-15 09:04:48.156 21671 RALLYDEBUG rally_openstack.cleanup.manager [-] Cleaning up neutron loadbalancer objects
2019-09-15 09:04:48.555 21671 RALLYDEBUG rally_openstack.cleanup.manager [-] Cleaning up neutron floatingip objects
2019-09-15 09:04:48.993 21671 RALLYDEBUG rally_openstack.cleanup.manager [-] Cleaning up neutron port objects
2019-09-15 09:04:49.416 21671 RALLYDEBUG rally_openstack.cleanup.manager [-] Cleaning up neutron subnet objects
2019-09-15 09:04:49.844 21671 RALLYDEBUG rally_openstack.cleanup.manager [-] Cleaning up neutron network objects
2019-09-15 09:04:50.429 21671 RALLYDEBUG rally_openstack.cleanup.manager [-] Deleting neutron.network object s_rally_1a159760_MQZiM8I4 (1a788b75-6976-48ba-8c42-9097623a01d3)
2019-09-15 09:04:50.433 21671 RALLYDEBUG rally_openstack.cleanup.manager [-] Deleting neutron.network object s_rally_1a159760_5lnsD8yL (406bb0bc-80c6-436c-b43f-2190ff48c471)
2019-09-15 09:04:50.435 21671 RALLYDEBUG rally_openstack.cleanup.manager [-] Deleting neutron.network object s_rally_1a159760_KqK3jS4l (2e881a4f-f295-44ec-a209-a1511b327053)
2019-09-15 09:04:50.441 21671 RALLYDEBUG rally_openstack.cleanup.manager [-] Deleting neutron.network object s_rally_1a159760_Fiiw2gKi (516a6340-22a7-441c-864a-b785d3c82522)
2019-09-15 09:04:50.442 21671 RALLYDEBUG rally_openstack.cleanup.manager [-] Deleting neutron.network object s_rally_1a159760_PI98eVaK (1bcb1bf7-29ac-47e3-9036-424ece804b05)
2019-09-15 09:04:50.453 21671 RALLYDEBUG rally_openstack.cleanup.manager [-] Deleting neutron.network object s_rally_1a159760_m1BJI88a (41c1b305-1d1d-43f3-bd35-dfa8e361f541)
2019-09-15 09:04:50.460 21671 RALLYDEBUG rally_openstack.cleanup.manager [-] Deleting neutron.network object s_rally_1a159760_L5XqrsI2 (0ac4f483-5641-406e-8cad-a1e0fa3d7b0c)
2019-09-15 09:04:50.470 21671 RALLYDEBUG rally_openstack.cleanup.manager [-] Deleting neutron.network object s_rally_1a159760_iehtICac (3c68e43c-10df-4569-bd44-0872fa3735d7)
2019-09-15 09:04:50.475 21671 RALLYDEBUG rally_openstack.cleanup.manager [-] Deleting neutron.network object s_rally_1a159760_ye7yKZgZ (37246d87-8b5b-4557-81c6-87a2db3b6658)
2019-09-15 09:04:50.476 21671 RALLYDEBUG rally_openstack.cleanup.manager [-] Deleting neutron.network object s_rally_1a159760_rB3pFlE5 (53054928-aac6-4779-8723-06f1071e1b2a)
2019-09-15 09:04:50.487 21671 RALLYDEBUG rally_openstack.cleanup.manager [-] Deleting neutron.network object s_rally_1a159760_IuxjWCuS (613f2e6e-abd9-4d5a-837b-093db924f442)
2019-09-15 09:04:50.489 21671 RALLYDEBUG rally_openstack.cleanup.manager [-] Deleting neutron.network object s_rally_1a159760_jQXlwmxA (2fc20305-c5a8-450e-8f3a-38fcc5f09b12)
2019-09-15 09:04:50.492 21671 RALLYDEBUG rally_openstack.cleanup.manager [-] Deleting neutron.network object s_rally_1a159760_Mg4AxWC1 (692d2878-87b3-47e2-8e4f-e7138851b214)
2019-09-15 09:04:50.504 21671 RALLYDEBUG rally_openstack.cleanup.manager [-] Deleting neutron.network object s_rally_1a159760_DDHXQLaa (5b1f4ccd-a113-4d54-9fef-6da7bfcee70f)
2019-09-15 09:04:50.504 21671 RALLYDEBUG rally_openstack.cleanup.manager [-] Deleting neutron.network object s_rally_1a159760_P7lU2Jc0 (1f7ce1f5-ccf0-42f4-813a-2b9b5115a186)
2019-09-15 09:04:50.509 21671 RALLYDEBUG rally_openstack.cleanup.manager [-] Deleting neutron.network object s_rally_1a159760_p77HnEAk (6e0b67c4-9934-414e-9c79-b802f649ff35)
2019-09-15 09:04:50.523 21671 RALLYDEBUG rally_openstack.cleanup.manager [-] Deleting neutron.network object s_rally_1a159760_2kxzSwuW (38081652-053f-4a06-81fe-6db240153d09)
2019-09-15 09:04:50.526 21671 RALLYDEBUG rally_openstack.cleanup.manager [-] Deleting neutron.network object s_rally_1a159760_f0ywpBvZ (802bd018-ddaf-429b-9081-ae53d7064c0f)
2019-09-15 09:04:50.540 21671 RALLYDEBUG rally_openstack.cleanup.manager [-] Deleting neutron.network object s_rally_1a159760_kUhadfNV (79db2a66-5eb2-42b8-9356-9005d3c26b38)
2019-09-15 09:04:50.556 21671 RALLYDEBUG rally_openstack.cleanup.manager [-] Deleting neutron.network object s_rally_1a159760_TYKdpbJY (82764ce4-a9fb-40b7-8980-f140a5d4001d)
2019-09-15 09:04:52.841 21671 RALLYDEBUG rally_openstack.cleanup.manager [-] Deleting neutron.network object s_rally_1a159760_FHG9CrG8 (834d9aa6-ddf5-4277-bcfb-e8d9a7331092)
2019-09-15 09:04:52.874 21671 RALLYDEBUG rally_openstack.cleanup.manager [-] Deleting neutron.network object s_rally_1a159760_9V3BVIF1 (836bf59d-51b6-4665-9829-6f50fb4d6227)
2019-09-15 09:04:52.958 21671 RALLYDEBUG rally_openstack.cleanup.manager [-] Deleting neutron.network object s_rally_1a159760_W3NzV50X (85ad63b0-59db-4331-925e-3b6057267d2d)
2019-09-15 09:04:53.159 21671 RALLYDEBUG rally_openstack.cleanup.manager [-] Deleting neutron.network object s_rally_1a159760_O7DXZ68I (87dbeaa4-8f24-4958-8a5e-019c2bf2ea05)
2019-09-15 09:04:53.204 21671 RALLYDEBUG rally_openstack.cleanup.manager [-] Deleting neutron.network object s_rally_1a159760_ZH5YLWBG (87e6c3ca-47af-4fbd-a42b-253120d4b915)
2019-09-15 09:04:53.455 21671 RALLYDEBUG rally_openstack.cleanup.manager [-] Deleting neutron.network object s_rally_1a159760_R0j5r2Mc (8a910e60-2da4-48d8-8738-70587e60d120)
2019-09-15 09:04:53.543 21671 RALLYDEBUG rally_openstack.cleanup.manager [-] Deleting neutron.network object s_rally_1a159760_ipOJub4j (9237d3a9-3fab-4f5f-92d6-48d05c29ba0c)
2019-09-15 09:04:53.544 21671 RALLYDEBUG rally_openstack.cleanup.manager [-] Deleting neutron.network object s_rally_1a159760_uaQplo9q (9070daa9-f9f8-401b-9af6-b9bfab844325)
2019-09-15 09:04:53.570 21671 RALLYDEBUG rally_openstack.cleanup.manager [-] Deleting neutron.network object s_rally_1a159760_y5L4noda (ad29d891-37a4-4167-9256-09030dd6550e)
2019-09-15 09:04:53.634 21671 RALLYDEBUG rally_openstack.cleanup.manager [-] Deleting neutron.network object s_rally_1a159760_qyZVzzkU (ae64469f-1f7b-428e-85e1-b824fe9079d7)
2019-09-15 09:04:53.711 21671 RALLYDEBUG rally_openstack.cleanup.manager [-] Deleting neutron.network object s_rally_1a159760_89MLv2du (bd49e658-a981-4c40-b140-651f8370a845)
2019-09-15 09:04:53.724 21671 RALLYDEBUG rally_openstack.cleanup.manager [-] Deleting neutron.network object s_rally_1a159760_Dl4YIFqQ (bd97fb89-d52c-4efa-9777-82ebec123429)
2019-09-15 09:04:53.808 21671 RALLYDEBUG rally_openstack.cleanup.manager [-] Deleting neutron.network object s_rally_1a159760_bZWBQK0j (c2174ee0-e192-49a7-9f18-467ed91e0690)
2019-09-15 09:04:53.852 21671 RALLYDEBUG rally_openstack.cleanup.manager [-] Deleting neutron.network object s_rally_1a159760_1zarNvPU (c81094f5-c7e7-4ca1-9202-360670941479)
2019-09-15 09:04:53.873 21671 RALLYDEBUG rally_openstack.cleanup.manager [-] Deleting neutron.network object s_rally_1a159760_8TQLrkj0 (d18614f1-3e61-493f-9707-2a31ddd078a2)
2019-09-15 09:04:54.033 21671 RALLYDEBUG rally_openstack.cleanup.manager [-] Deleting neutron.network object s_rally_1a159760_bur9vjiO (e1805edc-202b-4826-b052-8e5f3cd656a5)
2019-09-15 09:04:54.050 21671 RALLYDEBUG rally_openstack.cleanup.manager [-] Deleting neutron.network object s_rally_1a159760_im1AR0F7 (e633c3b6-9ad0-4023-830f-8cbbfeed05a5)
2019-09-15 09:04:54.062 21671 RALLYDEBUG rally_openstack.cleanup.manager [-] Deleting neutron.network object s_rally_1a159760_ElvzQxKi (f21ef6d9-2abb-42b9-81a0-a3af8d3a9358)
2019-09-15 09:04:54.192 21671 RALLYDEBUG rally_openstack.cleanup.manager [-] Deleting neutron.network object s_rally_1a159760_njv4PYeT (f428fdf7-3ae4-4f34-88b2-1a9608621c15)
2019-09-15 09:04:54.192 21671 RALLYDEBUG rally_openstack.cleanup.manager [-] Deleting neutron.network object s_rally_1a159760_GNWnwrFR (f551be30-795b-408b-958b-0d35ec45ed5d)
2019-09-15 09:04:57.182 21671 RALLYDEBUG rally_openstack.cleanup.manager [-] Cleaning up neutron router objects
2019-09-15 09:04:57.678 21671 RALLYDEBUG rally_openstack.cleanup.manager [-] Cleaning up neutron security_group objects
2019-09-15 09:04:58.132 21671 INFO rally.task.context [-] Task 55de7d80-0c60-484f-9b4b-41dee91c3f3f | Context cleanup@openstack cleanup() finished in 11.17 sec
2019-09-15 09:04:58.132 21671 INFO rally.task.context [-] Task 55de7d80-0c60-484f-9b4b-41dee91c3f3f | Context quotas@openstack cleanup() started
2019-09-15 09:04:58.208 21671 INFO rally.task.context [-] Task 55de7d80-0c60-484f-9b4b-41dee91c3f3f | Context quotas@openstack cleanup() finished in 75.73 msec
2019-09-15 09:04:58.208 21671 INFO rally.task.context [-] Task 55de7d80-0c60-484f-9b4b-41dee91c3f3f | Context users@openstack cleanup() started
2019-09-15 09:05:01.054 21671 INFO rally.task.context [-] Task 55de7d80-0c60-484f-9b4b-41dee91c3f3f | Context users@openstack cleanup() finished in 2.85 sec
2019-09-15 09:05:01.505 21671 INFO rally.task.engine [-] Load duration is: 26.591714
2019-09-15 09:05:01.505 21671 INFO rally.task.engine [-] Full runner duration is: 26.647099
2019-09-15 09:05:01.506 21671 INFO rally.task.engine [-] Full duration is: 43.728235
2019-09-15 09:05:01.978 21671 INFO rally.task.engine [-] Running workload: position = 0 config = { "version": 2, "title": "A cropped version of a bigger task.", "description": "Auto-generated task from a single workload (uuid=97d1d5b4-7135-4bd9-95c3-ea51ec7dcb8b)", "subtasks": [ { "title": "Quotas.neutron_update", "description": "Update quotas for neutron.", "scenario": { "Quotas.neutron_update": { "max_quota": 1024 } }, "contexts": { "users": { "tenants": 20, "users_per_tenant": 1 } }, "runner": { "constant": { "times": 40, "concurrency": 20 } }, "hooks": [], "sla": { "failure_rate": { "max": 0 } } } ] }
2019-09-15 09:05:02.001 21671 RALLYDEBUG rally_openstack.contexts.keystone.users [-] Creating 20 tenants using 20 threads
2019-09-15 09:05:04.197 21671 RALLYDEBUG rally_openstack.contexts.keystone.users [-] Creating 20 users using 20 threads
2019-09-15 09:05:07.252 21671 INFO rally.task.context [-] Task 55de7d80-0c60-484f-9b4b-41dee91c3f3f | Context users@openstack setup() finished in 5.25 sec
2019-09-15 09:05:07.253 21671 INFO rally.task.context [-] Task 55de7d80-0c60-484f-9b4b-41dee91c3f3f | Context admin_cleanup@openstack setup() finished in 0.01 msec
2019-09-15 09:05:07.262 21671 RALLYDEBUG rally.task.runner [-] Starting the constant runner (task UUID: 55de7d80-0c60-484f-9b4b-41dee91c3f3f). timeout: 0 concurrency: 20 concurrency_per_worker: 1 times: 40 concurrency_overhead: 4 processes_to_start: 16 max_cpu_used: 16
2019-09-15 09:05:07.278 26288 RALLYDEBUG rally.task.runner [-] Starting a worker. concurrency: 2 args: {"max_quota": 1024} times: 40 method_name: run timeout: 0 duration: None cls:
2019-09-15 09:05:07.281 26289 RALLYDEBUG rally.task.runner [-] Starting a worker. concurrency: 2 args: {"max_quota": 1024} times: 40 method_name: run timeout: 0 duration: None cls:
2019-09-15 09:05:07.284 26290 RALLYDEBUG rally.task.runner [-] Starting a worker. concurrency: 2 args: {"max_quota": 1024} times: 40 method_name: run timeout: 0 duration: None cls:
2019-09-15 09:05:07.288 26291 RALLYDEBUG rally.task.runner [-] Starting a worker. concurrency: 2 args: {"max_quota": 1024} times: 40 method_name: run timeout: 0 duration: None cls:
2019-09-15 09:05:07.290 26288 INFO rally.task.runner [-] Task 55de7d80-0c60-484f-9b4b-41dee91c3f3f | ITER: 1 START
2019-09-15 09:05:07.291 26292 RALLYDEBUG rally.task.runner [-] Starting a worker. concurrency: 1 args: {"max_quota": 1024} times: 40 method_name: run timeout: 0 duration: None cls:
2019-09-15 09:05:07.293 26289 INFO rally.task.runner [-] Task 55de7d80-0c60-484f-9b4b-41dee91c3f3f | ITER: 2 START
2019-09-15 09:05:07.295 26293 RALLYDEBUG rally.task.runner [-] Starting a worker. concurrency: 1 args: {"max_quota": 1024} times: 40 method_name: run timeout: 0 duration: None cls:
2019-09-15 09:05:07.299 26296 RALLYDEBUG rally.task.runner [-] Starting a worker. concurrency: 1 args: {"max_quota": 1024} times: 40 method_name: run timeout: 0 duration: None cls:
2019-09-15 09:05:07.300 26290 INFO rally.task.runner [-] Task 55de7d80-0c60-484f-9b4b-41dee91c3f3f | ITER: 3 START
2019-09-15 09:05:07.301 26292 INFO rally.task.runner [-] Task 55de7d80-0c60-484f-9b4b-41dee91c3f3f | ITER: 7 START
2019-09-15 09:05:07.306 26293 INFO rally.task.runner [-] Task 55de7d80-0c60-484f-9b4b-41dee91c3f3f | ITER: 9 START
2019-09-15 09:05:07.309 26291 INFO rally.task.runner [-] Task 55de7d80-0c60-484f-9b4b-41dee91c3f3f | ITER: 5 START
2019-09-15 09:05:07.310 26296 INFO rally.task.runner [-] Task 55de7d80-0c60-484f-9b4b-41dee91c3f3f | ITER: 11 START
2019-09-15 09:05:07.309 26302 RALLYDEBUG rally.task.runner [-] Starting a worker. concurrency: 1 args: {"max_quota": 1024} times: 40 method_name: run timeout: 0 duration: None cls:
2019-09-15 09:05:07.316 26290 INFO rally.task.runner [-] Task 55de7d80-0c60-484f-9b4b-41dee91c3f3f | ITER: 8 START
2019-09-15 09:05:07.319 26289 INFO rally.task.runner [-] Task 55de7d80-0c60-484f-9b4b-41dee91c3f3f | ITER: 6 START
2019-09-15 09:05:07.318 26308 RALLYDEBUG rally.task.runner [-] Starting a worker. concurrency: 1 args: {"max_quota": 1024} times: 40 method_name: run timeout: 0 duration: None cls:
2019-09-15 09:05:07.318 26288 INFO rally.task.runner [-] Task 55de7d80-0c60-484f-9b4b-41dee91c3f3f | ITER: 4 START
2019-09-15 09:05:07.314 26291 INFO rally.task.runner [-] Task 55de7d80-0c60-484f-9b4b-41dee91c3f3f | ITER: 10 START
2019-09-15 09:05:07.322 26302 INFO rally.task.runner [-] Task 55de7d80-0c60-484f-9b4b-41dee91c3f3f | ITER: 12 START
2019-09-15 09:05:07.322 26312 RALLYDEBUG rally.task.runner [-] Starting a worker. concurrency: 1 args: {"max_quota": 1024} times: 40 method_name: run timeout: 0 duration: None cls:
2019-09-15 09:05:07.331 26308 INFO rally.task.runner [-] Task 55de7d80-0c60-484f-9b4b-41dee91c3f3f | ITER: 13 START
2019-09-15 09:05:07.331 26318 RALLYDEBUG rally.task.runner [-] Starting a worker. concurrency: 1 args: {"max_quota": 1024} times: 40 method_name: run timeout: 0 duration: None cls:
2019-09-15 09:05:07.333 26312 INFO rally.task.runner [-] Task 55de7d80-0c60-484f-9b4b-41dee91c3f3f | ITER: 14 START
2019-09-15 09:05:07.338 26321 RALLYDEBUG rally.task.runner [-] Starting a worker. concurrency: 1 args: {"max_quota": 1024} times: 40 method_name: run timeout: 0 duration: None cls:
2019-09-15 09:05:07.342 26318 INFO rally.task.runner [-] Task 55de7d80-0c60-484f-9b4b-41dee91c3f3f | ITER: 15 START
2019-09-15 09:05:07.344 26324 RALLYDEBUG rally.task.runner [-] Starting a worker. concurrency: 1 args: {"max_quota": 1024} times: 40 method_name: run timeout: 0 duration: None cls:
2019-09-15 09:05:07.352 26321 INFO rally.task.runner [-] Task 55de7d80-0c60-484f-9b4b-41dee91c3f3f | ITER: 16 START
2019-09-15 09:05:07.352 26327 RALLYDEBUG rally.task.runner [-] Starting a worker. concurrency: 1 args: {"max_quota": 1024} times: 40 method_name: run timeout: 0 duration: None cls:
2019-09-15 09:05:07.354 26324 INFO rally.task.runner [-] Task 55de7d80-0c60-484f-9b4b-41dee91c3f3f | ITER: 17 START
2019-09-15 09:05:07.358 26330 RALLYDEBUG rally.task.runner [-] Starting a worker. concurrency: 1 args: {"max_quota": 1024} times: 40 method_name: run timeout: 0 duration: None cls:
2019-09-15 09:05:07.363 26327 INFO rally.task.runner [-] Task 55de7d80-0c60-484f-9b4b-41dee91c3f3f | ITER: 18 START
2019-09-15 09:05:07.366 26333 RALLYDEBUG rally.task.runner [-] Starting a worker. concurrency: 1 args: {"max_quota": 1024} times: 40 method_name: run timeout: 0 duration: None cls:
2019-09-15 09:05:07.367 26330 INFO rally.task.runner [-] Task 55de7d80-0c60-484f-9b4b-41dee91c3f3f | ITER: 19 START
2019-09-15 09:05:07.373 26333 INFO rally.task.runner [-] Task 55de7d80-0c60-484f-9b4b-41dee91c3f3f | ITER: 20 START
2019-09-15 09:05:07.889 26292 INFO rally.task.runner [-] Task 55de7d80-0c60-484f-9b4b-41dee91c3f3f | ITER: 7 END: OK
2019-09-15 09:05:07.898 26292 INFO rally.task.runner [-] Task 55de7d80-0c60-484f-9b4b-41dee91c3f3f | ITER: 21 START
2019-09-15 09:05:07.942 26291 INFO rally.task.runner [-] Task 55de7d80-0c60-484f-9b4b-41dee91c3f3f | ITER: 10 END: OK
2019-09-15 09:05:07.949 26308 INFO rally.task.runner [-] Task 55de7d80-0c60-484f-9b4b-41dee91c3f3f | ITER: 13 END: OK
2019-09-15 09:05:07.951 26291 INFO rally.task.runner [-] Task 55de7d80-0c60-484f-9b4b-41dee91c3f3f | ITER: 22 START
2019-09-15 09:05:07.956 26308 INFO rally.task.runner [-] Task 55de7d80-0c60-484f-9b4b-41dee91c3f3f | ITER: 23 START
2019-09-15 09:05:07.960 26324 INFO rally.task.runner [-] Task 55de7d80-0c60-484f-9b4b-41dee91c3f3f | ITER: 17 END: OK
2019-09-15 09:05:07.961 26302 INFO rally.task.runner [-] Task 55de7d80-0c60-484f-9b4b-41dee91c3f3f | ITER: 12 END: OK
2019-09-15 09:05:07.962 26293 INFO rally.task.runner [-] Task 55de7d80-0c60-484f-9b4b-41dee91c3f3f | ITER: 9 END: OK
2019-09-15 09:05:07.964 26289 INFO rally.task.runner [-] Task 55de7d80-0c60-484f-9b4b-41dee91c3f3f | ITER: 6 END: OK
2019-09-15 09:05:07.968 26302 INFO rally.task.runner [-] Task 55de7d80-0c60-484f-9b4b-41dee91c3f3f | ITER: 25 START
2019-09-15 09:05:07.968 26324 INFO rally.task.runner [-] Task 55de7d80-0c60-484f-9b4b-41dee91c3f3f | ITER: 24 START
2019-09-15 09:05:07.969 26293 INFO rally.task.runner [-] Task 55de7d80-0c60-484f-9b4b-41dee91c3f3f | ITER: 26 START
2019-09-15 09:05:07.970 26290 INFO rally.task.runner [-] Task 55de7d80-0c60-484f-9b4b-41dee91c3f3f | ITER: 3 END: OK
2019-09-15 09:05:07.971 26289 INFO rally.task.runner [-] Task 55de7d80-0c60-484f-9b4b-41dee91c3f3f | ITER: 27 START
2019-09-15 09:05:07.978 26290 INFO rally.task.runner [-] Task 55de7d80-0c60-484f-9b4b-41dee91c3f3f | ITER: 28 START
2019-09-15 09:05:08.046 26296 INFO rally.task.runner [-] Task 55de7d80-0c60-484f-9b4b-41dee91c3f3f | ITER: 11 END: OK
2019-09-15 09:05:08.051 26289 INFO rally.task.runner [-] Task 55de7d80-0c60-484f-9b4b-41dee91c3f3f | ITER: 2 END: OK
2019-09-15 09:05:08.052 26288 INFO rally.task.runner [-] Task 55de7d80-0c60-484f-9b4b-41dee91c3f3f | ITER: 1 END: OK
2019-09-15 09:05:08.054 26296 INFO rally.task.runner [-] Task 55de7d80-0c60-484f-9b4b-41dee91c3f3f | ITER: 29 START
2019-09-15 09:05:08.058 26289 INFO rally.task.runner [-] Task 55de7d80-0c60-484f-9b4b-41dee91c3f3f | ITER: 30 START
2019-09-15 09:05:08.061 26288 INFO rally.task.runner [-] Task 55de7d80-0c60-484f-9b4b-41dee91c3f3f | ITER: 31 START
2019-09-15 09:05:08.086 26333 INFO rally.task.runner [-] Task 55de7d80-0c60-484f-9b4b-41dee91c3f3f | ITER: 20 END: OK
2019-09-15 09:05:08.094 26333 INFO rally.task.runner [-] Task 55de7d80-0c60-484f-9b4b-41dee91c3f3f | ITER: 32 START
2019-09-15 09:05:08.223 26290 INFO rally.task.runner [-] Task 55de7d80-0c60-484f-9b4b-41dee91c3f3f | ITER: 8 END: OK
2019-09-15 09:05:08.230 26290 INFO rally.task.runner [-] Task 55de7d80-0c60-484f-9b4b-41dee91c3f3f | ITER: 33 START
2019-09-15 09:05:08.252 26288 INFO rally.task.runner [-] Task 55de7d80-0c60-484f-9b4b-41dee91c3f3f | ITER: 4 END: OK
2019-09-15 09:05:08.260 26288 INFO rally.task.runner [-] Task 55de7d80-0c60-484f-9b4b-41dee91c3f3f | ITER: 34 START
2019-09-15 09:05:08.314 26312 INFO rally.task.runner [-] Task 55de7d80-0c60-484f-9b4b-41dee91c3f3f | ITER: 14 END: OK
2019-09-15 09:05:08.320 26312 INFO rally.task.runner [-] Task 55de7d80-0c60-484f-9b4b-41dee91c3f3f | ITER: 35 START
2019-09-15 09:05:08.323 26318 INFO rally.task.runner [-] Task 55de7d80-0c60-484f-9b4b-41dee91c3f3f | ITER: 15 END: OK
2019-09-15 09:05:08.330 26318 INFO rally.task.runner [-] Task 55de7d80-0c60-484f-9b4b-41dee91c3f3f | ITER: 36 START
2019-09-15 09:05:08.457 26289 INFO rally.task.runner [-] Task 55de7d80-0c60-484f-9b4b-41dee91c3f3f | ITER: 27 END: OK
2019-09-15 09:05:08.460 26324 INFO rally.task.runner [-] Task 55de7d80-0c60-484f-9b4b-41dee91c3f3f | ITER: 24 END: OK
2019-09-15 09:05:08.465 26289 INFO rally.task.runner [-] Task 55de7d80-0c60-484f-9b4b-41dee91c3f3f | ITER: 37 START
2019-09-15 09:05:08.468 26324 INFO rally.task.runner [-] Task 55de7d80-0c60-484f-9b4b-41dee91c3f3f | ITER: 38 START
2019-09-15 09:05:08.532 26330 INFO rally.task.runner [-] Task 55de7d80-0c60-484f-9b4b-41dee91c3f3f | ITER: 19 END: OK
2019-09-15 09:05:08.539 26330 INFO rally.task.runner [-] Task 55de7d80-0c60-484f-9b4b-41dee91c3f3f | ITER: 39 START
2019-09-15 09:05:08.542 26296 INFO rally.task.runner [-] Task 55de7d80-0c60-484f-9b4b-41dee91c3f3f | ITER: 29 END: OK
2019-09-15 09:05:08.550 26296 INFO rally.task.runner [-] Task 55de7d80-0c60-484f-9b4b-41dee91c3f3f | ITER: 40 START
2019-09-15 09:05:08.637 26327 INFO rally.task.runner [-] Task 55de7d80-0c60-484f-9b4b-41dee91c3f3f | ITER: 18 END: OK
2019-09-15 09:05:08.644 26291 INFO rally.task.runner [-] Task 55de7d80-0c60-484f-9b4b-41dee91c3f3f | ITER: 5 END: OK
2019-09-15 09:05:08.685 26291 INFO rally.task.runner [-] Task 55de7d80-0c60-484f-9b4b-41dee91c3f3f | ITER: 22 END: OK
2019-09-15 09:05:08.758 26292 INFO rally.task.runner [-] Task 55de7d80-0c60-484f-9b4b-41dee91c3f3f | ITER: 21 END: OK
2019-09-15 09:05:08.769 26308 INFO rally.task.runner [-] Task 55de7d80-0c60-484f-9b4b-41dee91c3f3f | ITER: 23 END: OK
2019-09-15 09:05:08.837 26312 INFO rally.task.runner [-] Task 55de7d80-0c60-484f-9b4b-41dee91c3f3f | ITER: 35 END: OK
2019-09-15 09:05:08.843 26321 INFO rally.task.runner [-] Task 55de7d80-0c60-484f-9b4b-41dee91c3f3f | ITER: 16 END: OK
2019-09-15 09:05:08.875 26288 INFO rally.task.runner [-] Task 55de7d80-0c60-484f-9b4b-41dee91c3f3f | ITER: 31 END: OK
2019-09-15 09:05:08.930 26324 INFO rally.task.runner [-] Task 55de7d80-0c60-484f-9b4b-41dee91c3f3f | ITER: 38 END: OK
2019-09-15 09:05:08.950 26293 INFO rally.task.runner [-] Task 55de7d80-0c60-484f-9b4b-41dee91c3f3f | ITER: 26 END: OK
2019-09-15 09:05:09.046 26333 INFO rally.task.runner [-] Task 55de7d80-0c60-484f-9b4b-41dee91c3f3f | ITER: 32 END: OK
2019-09-15 09:05:09.123 26302 INFO rally.task.runner [-] Task 55de7d80-0c60-484f-9b4b-41dee91c3f3f | ITER: 25 END: OK
2019-09-15 09:05:09.143 26288 INFO rally.task.runner [-] Task 55de7d80-0c60-484f-9b4b-41dee91c3f3f | ITER: 34 END: OK
2019-09-15 09:05:09.186 26290 INFO rally.task.runner [-] Task 55de7d80-0c60-484f-9b4b-41dee91c3f3f | ITER: 33 END: OK
2019-09-15 09:05:09.354 26318 INFO rally.task.runner [-] Task 55de7d80-0c60-484f-9b4b-41dee91c3f3f | ITER: 36 END: OK
2019-09-15 09:05:09.401 26289 INFO rally.task.runner [-] Task 55de7d80-0c60-484f-9b4b-41dee91c3f3f | ITER: 30 END: OK
2019-09-15 09:05:09.433 26290 INFO rally.task.runner [-] Task 55de7d80-0c60-484f-9b4b-41dee91c3f3f | ITER: 28 END: OK
2019-09-15 09:05:09.456 26330 INFO rally.task.runner [-] Task 55de7d80-0c60-484f-9b4b-41dee91c3f3f | ITER: 39 END: OK
2019-09-15 09:05:09.458 26296 INFO rally.task.runner [-] Task 55de7d80-0c60-484f-9b4b-41dee91c3f3f | ITER: 40 END: OK
2019-09-15 09:05:09.497 26289 INFO rally.task.runner [-] Task 55de7d80-0c60-484f-9b4b-41dee91c3f3f | ITER: 37 END: OK
2019-09-15 09:05:09.524 21671 INFO rally.task.context [-] Task 55de7d80-0c60-484f-9b4b-41dee91c3f3f | Context admin_cleanup@openstack cleanup() started
2019-09-15 09:05:09.526 21671 RALLYDEBUG rally_openstack.cleanup.manager [-] Cleaning up neutron quota objects
2019-09-15 09:05:11.135 21671 INFO rally.task.context [-] Task 55de7d80-0c60-484f-9b4b-41dee91c3f3f | Context admin_cleanup@openstack cleanup() finished in 1.61 sec
2019-09-15 09:05:11.135 21671 INFO rally.task.context [-] Task 55de7d80-0c60-484f-9b4b-41dee91c3f3f | Context users@openstack cleanup() started
2019-09-15 09:05:32.514 21671 INFO rally.task.context [-] Task 55de7d80-0c60-484f-9b4b-41dee91c3f3f | Context users@openstack cleanup() finished in 21.38 sec
2019-09-15 09:05:34.358 21671 INFO rally.task.engine [-] Load duration is: 2.20528
2019-09-15 09:05:34.358 21671 INFO rally.task.engine [-] Full runner duration is: 2.26147
2019-09-15 09:05:34.359 21671 INFO rally.task.engine [-] Full duration is: 30.516136
2019-09-15 09:05:34.966 21671 INFO rally.task.engine [-] Running workload: position = 0 config = { "version": 2, "title": "A cropped version of a bigger task.", "description": "Auto-generated task from a single workload (uuid=54d6d107-aace-402d-8adf-994a5d242afb)", "subtasks": [ { "title": "NeutronTrunks.create_and_list_trunk_subports", "description": "", "scenario": { "NeutronTrunks.create_and_list_trunk_subports": { "subport_count": 125 } }, "contexts": { "users": { "tenants": 1, "users_per_tenant": 1 }, "quotas": { "neutron": { "network": -1, "port": 1000 } } }, "runner": { "constant": { "times": 4, "concurrency": 4 } }, "hooks": [], "sla": { "failure_rate": { "max": 0 } } } ] }
2019-09-15 09:05:34.994 21671 RALLYDEBUG rally_openstack.contexts.keystone.users [-] Creating 1 tenants using 20 threads
2019-09-15 09:05:35.894 21671 RALLYDEBUG rally_openstack.contexts.keystone.users [-] Creating 1 users using 20 threads
2019-09-15 09:05:37.331 21671 INFO rally.task.context [-] Task 55de7d80-0c60-484f-9b4b-41dee91c3f3f | Context users@openstack setup() finished in 2.34 sec
2019-09-15 09:05:37.840 21671 INFO rally.task.context [-] Task 55de7d80-0c60-484f-9b4b-41dee91c3f3f | Context quotas@openstack setup() finished in 0.51 sec
2019-09-15 09:05:37.841 21671 INFO rally.task.context [-] Task 55de7d80-0c60-484f-9b4b-41dee91c3f3f | Context cleanup@openstack setup() finished in 0.01 msec
2019-09-15 09:05:37.850 21671 RALLYDEBUG rally.task.runner [-] Starting the constant runner (task UUID: 55de7d80-0c60-484f-9b4b-41dee91c3f3f). timeout: 0 concurrency: 4 concurrency_per_worker: 1 times: 4 concurrency_overhead: 0 processes_to_start: 4 max_cpu_used: 16
2019-09-15 09:05:37.865 26478 RALLYDEBUG rally.task.runner [-] Starting a worker. concurrency: 1 args: {"subport_count": 125} times: 4 method_name: run timeout: 0 duration: None cls:
2019-09-15 09:05:37.868 26479 RALLYDEBUG rally.task.runner [-] Starting a worker. concurrency: 1 args: {"subport_count": 125} times: 4 method_name: run timeout: 0 duration: None cls:
2019-09-15 09:05:37.872 26478 INFO rally.task.runner [-] Task 55de7d80-0c60-484f-9b4b-41dee91c3f3f | ITER: 1 START
2019-09-15 09:05:37.871 26480 RALLYDEBUG rally.task.runner [-] Starting a worker. concurrency: 1 args: {"subport_count": 125} times: 4 method_name: run timeout: 0 duration: None cls:
2019-09-15 09:05:37.874 26479 INFO rally.task.runner [-] Task 55de7d80-0c60-484f-9b4b-41dee91c3f3f | ITER: 2 START
2019-09-15 09:05:37.875 26481 RALLYDEBUG rally.task.runner [-] Starting a worker. concurrency: 1 args: {"subport_count": 125} times: 4 method_name: run timeout: 0 duration: None cls:
2019-09-15 09:05:37.877 26480 INFO rally.task.runner [-] Task 55de7d80-0c60-484f-9b4b-41dee91c3f3f | ITER: 3 START
2019-09-15 09:05:37.881 26481 INFO rally.task.runner [-] Task 55de7d80-0c60-484f-9b4b-41dee91c3f3f | ITER: 4 START
2019-09-15 09:07:23.199 26479 WARNING rally.task.atomic [-] 'optional_action_timer' is deprecated since rally v0.10.0.Please use action_timer instead, we have improved atomic actions, now do not need to explicitly close original action.
2019-09-15 09:07:23.238 26479 WARNING rally.task.atomic [-] 'optional_action_timer' is deprecated since rally v0.10.0.Please use action_timer instead, we have improved atomic actions, now do not need to explicitly close original action.
2019-09-15 09:07:23.931 26479 INFO rally.task.runner [-] Task 55de7d80-0c60-484f-9b4b-41dee91c3f3f | ITER: 2 END: OK
2019-09-15 09:07:24.268 26478 WARNING rally.task.atomic [-] 'optional_action_timer' is deprecated since rally v0.10.0.Please use action_timer instead, we have improved atomic actions, now do not need to explicitly close original action.
2019-09-15 09:07:24.305 26478 WARNING rally.task.atomic [-] 'optional_action_timer' is deprecated since rally v0.10.0.Please use action_timer instead, we have improved atomic actions, now do not need to explicitly close original action.
2019-09-15 09:07:24.845 26478 INFO rally.task.runner [-] Task 55de7d80-0c60-484f-9b4b-41dee91c3f3f | ITER: 1 END: OK
2019-09-15 09:07:25.329 26480 WARNING rally.task.atomic [-] 'optional_action_timer' is deprecated since rally v0.10.0.Please use action_timer instead, we have improved atomic actions, now do not need to explicitly close original action.
2019-09-15 09:07:25.367 26480 WARNING rally.task.atomic [-] 'optional_action_timer' is deprecated since rally v0.10.0.Please use action_timer instead, we have improved atomic actions, now do not need to explicitly close original action.
2019-09-15 09:07:25.841 26480 INFO rally.task.runner [-] Task 55de7d80-0c60-484f-9b4b-41dee91c3f3f | ITER: 3 END: OK
2019-09-15 09:07:26.218 26481 WARNING rally.task.atomic [-] 'optional_action_timer' is deprecated since rally v0.10.0.Please use action_timer instead, we have improved atomic actions, now do not need to explicitly close original action.
2019-09-15 09:07:26.253 26481 WARNING rally.task.atomic [-] 'optional_action_timer' is deprecated since rally v0.10.0.Please use action_timer instead, we have improved atomic actions, now do not need to explicitly close original action.
2019-09-15 09:07:26.735 26481 INFO rally.task.runner [-] Task 55de7d80-0c60-484f-9b4b-41dee91c3f3f | ITER: 4 END: OK
2019-09-15 09:07:26.760 21671 INFO rally.task.context [-] Task 55de7d80-0c60-484f-9b4b-41dee91c3f3f | Context cleanup@openstack cleanup() started
2019-09-15 09:07:26.763 21671 RALLYDEBUG rally_openstack.cleanup.manager [-] Cleaning up neutron vip objects
2019-09-15 09:07:27.177 21671 RALLYDEBUG rally_openstack.cleanup.manager [-] Cleaning up neutron health_monitor objects
2019-09-15 09:07:27.592 21671 RALLYDEBUG rally_openstack.cleanup.manager [-] Cleaning up neutron pool objects
2019-09-15 09:07:28.000 21671 RALLYDEBUG rally_openstack.cleanup.manager [-] Cleaning up neutron loadbalancer objects
2019-09-15 09:07:28.406 21671 RALLYDEBUG rally_openstack.cleanup.manager [-] Cleaning up neutron floatingip objects
2019-09-15 09:07:28.977 21671 RALLYDEBUG rally_openstack.cleanup.manager [-] Cleaning up neutron port objects
2019-09-15 09:07:30.566 21671 RALLYDEBUG rally_openstack.cleanup.manager [-] Deleting neutron.port object s_rally_54d6d107_Jp1i9Whc (0502be9e-c04f-4682-b346-01bcbf1686fe)
2019-09-15 09:07:30.569 21671 RALLYDEBUG rally_openstack.cleanup.manager [-] Deleting neutron.port object s_rally_54d6d107_sPYHXL6H (094a94f9-9474-4160-bf9b-f0a4023f2a05)
2019-09-15 09:07:30.573 21671 RALLYDEBUG rally_openstack.cleanup.manager [-] Deleting neutron.port object s_rally_54d6d107_hzNK6l7k (0be713d8-1033-470c-9350-3efc9bacf992)
2019-09-15 09:07:30.578 21671 RALLYDEBUG rally_openstack.cleanup.manager [-] Deleting neutron.port object s_rally_54d6d107_NmJIgdnW (07d7b2f8-5def-4986-92be-c3b91fc88424)
2019-09-15 09:07:30.579 21671 RALLYDEBUG rally_openstack.cleanup.manager [-] Deleting neutron.port object s_rally_54d6d107_Lmqn0b4P (08188dbe-33be-4497-8f75-29548ce99394)
2019-09-15 09:07:30.580 21671 RALLYDEBUG rally_openstack.cleanup.manager [-] Deleting neutron.port object s_rally_54d6d107_jRIgSlxE (07a95322-2782-4d06-978d-e0dcdbdea25b)
2019-09-15 09:07:30.587 21671 RALLYDEBUG rally_openstack.cleanup.manager [-] Deleting neutron.port object s_rally_54d6d107_cyksgmFd (083ab91c-7526-4329-afb2-fa605a043b51)
2019-09-15 09:07:30.588 21671 RALLYDEBUG rally_openstack.cleanup.manager [-] Deleting neutron.port object s_rally_54d6d107_QcLr0O59 (02be18ee-b4c7-463a-b699-9cc4f471ee82)
2019-09-15 09:07:30.600 21671 RALLYDEBUG rally_openstack.cleanup.manager [-] Deleting neutron.port object s_rally_54d6d107_KBeS6PQV (0bce6da2-97b4-4959-9f11-f65260079b75)
2019-09-15 09:07:30.603 21671 RALLYDEBUG rally_openstack.cleanup.manager [-] Deleting neutron.port object s_rally_54d6d107_fuhooHii (00520a2f-9481-4eae-a35b-8fb34b742539)
2019-09-15 09:07:30.606 21671 RALLYDEBUG rally_openstack.cleanup.manager [-] Deleting neutron.port object s_rally_54d6d107_wk2M5QKf (0b62b2d3-68ab-4f2d-b992-707375aa0a98)
2019-09-15 09:07:30.608 21671 RALLYDEBUG rally_openstack.cleanup.manager [-] Deleting neutron.port object s_rally_54d6d107_f5CMVOWe (02e81b38-373b-4163-ab7e-fc4b8b50127d)
2019-09-15 09:07:30.612 21671 RALLYDEBUG rally_openstack.cleanup.manager [-] Deleting neutron.port object s_rally_54d6d107_eJ7MIok8 (006dd737-ca4c-47ab-8b45-fe017beb7b13)
2019-09-15 09:07:30.613 21671 RALLYDEBUG rally_openstack.cleanup.manager [-] Deleting neutron.port object s_rally_54d6d107_hm5VyUnr (0058d2da-a0d9-408f-afda-1f95ce57c6f1)
2019-09-15 09:07:30.626 21671 RALLYDEBUG rally_openstack.cleanup.manager [-] Deleting neutron.port object s_rally_54d6d107_Jtnq8pfH (08e3c001-26fb-457d-8a49-af1c759468f5)
2019-09-15 09:07:30.627 21671 RALLYDEBUG rally_openstack.cleanup.manager [-] Deleting neutron.port object s_rally_54d6d107_YxcfVbqC (03e29a25-8fcb-4670-8794-443045a7d67a)
2019-09-15 09:07:30.635 21671 RALLYDEBUG rally_openstack.cleanup.manager [-] Deleting neutron.port object s_rally_54d6d107_3C3PeTTa (0995c030-b842-429f-ba9c-eaf2bc76209f)
2019-09-15 09:07:30.645 21671 RALLYDEBUG rally_openstack.cleanup.manager [-] Deleting neutron.port object s_rally_54d6d107_eijowKdj (0a5bbe42-e381-4d75-b6c2-0eb8652c2002)
2019-09-15 09:07:30.653 21671 RALLYDEBUG rally_openstack.cleanup.manager [-] Deleting neutron.port object s_rally_54d6d107_m09eFqjC (067e341a-10e1-4c1f-be09-441842435170)
2019-09-15 09:07:30.682 21671 RALLYDEBUG rally_openstack.cleanup.manager [-] Deleting neutron.port object s_rally_54d6d107_CAnCHUS6 (01183b25-a1f8-4acc-ae5a-65e9eea9816f)
2019-09-15 09:07:33.081 21671 RALLYDEBUG rally_openstack.cleanup.manager [-] Deleting neutron.port object s_rally_54d6d107_8y1h1Tki (0c4aa074-0903-48e2-920f-79cabeab8d8d)
2019-09-15 09:07:33.156 21671 RALLYDEBUG rally_openstack.cleanup.manager [-] Deleting neutron.port object s_rally_54d6d107_PmGtjcpH (0dbded38-0575-4de6-8773-b1a861b4e9ca)
2019-09-15 09:07:33.184 21671 RALLYDEBUG rally_openstack.cleanup.manager [-] Deleting neutron.port object s_rally_54d6d107_7O06nTcz (0e0238a7-3ffc-4801-973c-c4a5e6077a8c)
2019-09-15 09:07:33.234 21671 RALLYDEBUG rally_openstack.cleanup.manager [-] Deleting neutron.port object s_rally_54d6d107_eqpboAo7 (0e034935-e731-4c92-9246-5eafa6f83ec4)
2019-09-15 09:07:33.284 21671 RALLYDEBUG rally_openstack.cleanup.manager [-] Deleting neutron.port object s_rally_54d6d107_JG7ZW7Au (0e252350-0287-4f41-892c-f8378218a402)
2019-09-15 09:07:33.305 21671 RALLYDEBUG rally_openstack.cleanup.manager [-] Deleting neutron.port object s_rally_54d6d107_XKCZgSLR (0f5e3223-150b-4780-bc3e-ace801cfaa48)
2019-09-15 09:07:33.527 21671 RALLYDEBUG rally_openstack.cleanup.manager [-] Deleting neutron.port object s_rally_54d6d107_7KChHN3H (0f9919c5-1121-4888-8118-2b359c2067da)
2019-09-15 09:07:33.650 21671 RALLYDEBUG rally_openstack.cleanup.manager [-] Deleting neutron.port object s_rally_54d6d107_prXSMIf1 (0fbe79cd-ee50-4fe9-a9ca-46b7172e27d7)
2019-09-15 09:07:33.728 21671 RALLYDEBUG rally_openstack.cleanup.manager [-] Deleting neutron.port object s_rally_54d6d107_DT84Ntqp (101cc8d2-ad8b-4ca1-addb-2d618881e6d0)
2019-09-15 09:07:33.739 21671 RALLYDEBUG rally_openstack.cleanup.manager [-] Deleting neutron.port object s_rally_54d6d107_5cs0qMuD (10268428-9f87-41e5-ada6-f3af7eb61bf1)
2019-09-15 09:07:33.832 21671 RALLYDEBUG rally_openstack.cleanup.manager [-] Deleting neutron.port object s_rally_54d6d107_mMnWYlq9 (1203b29d-b548-4312-bc4b-7866e759c3ad)
2019-09-15 09:07:33.894 21671 RALLYDEBUG rally_openstack.cleanup.manager [-] Deleting neutron.port object s_rally_54d6d107_YDIaeMHP (12084f34-b38e-49fa-b252-d436d014c5ca)
2019-09-15 09:07:33.897 21671 RALLYDEBUG rally_openstack.cleanup.manager [-] Deleting neutron.port object s_rally_54d6d107_9fVj6otl (1317c519-7206-4cf0-b2f0-a04beee2b549)
2019-09-15 09:07:34.005 21671 RALLYDEBUG rally_openstack.cleanup.manager [-] Deleting neutron.port object s_rally_54d6d107_IsuEKwfz (138cf362-c114-4464-abe1-8c10135fa028)
2019-09-15 09:07:34.046 21671 RALLYDEBUG rally_openstack.cleanup.manager [-] Deleting neutron.port object s_rally_54d6d107_yHyDjW5Z (13dbe4a8-3b06-4586-bf9b-d8ac76bec972)
2019-09-15 09:07:34.167 21671 RALLYDEBUG rally_openstack.cleanup.manager [-] Deleting neutron.port object s_rally_54d6d107_2PyVML15 (13df71f3-1bfe-411d-8b1b-ca48c04bee19)
2019-09-15 09:07:34.181 21671 RALLYDEBUG rally_openstack.cleanup.manager [-] Deleting neutron.port object s_rally_54d6d107_RPuedmiZ (15675528-40d0-429a-99cd-f149d4876441)
2019-09-15 09:07:34.182 21671 RALLYDEBUG rally_openstack.cleanup.manager [-] Deleting neutron.port object s_rally_54d6d107_ws59Zjzr (14e2f2f9-4f9f-4cb9-8ed2-8787fd8b9a0d)
2019-09-15 09:07:34.241 21671 RALLYDEBUG rally_openstack.cleanup.manager [-] Deleting neutron.port object s_rally_54d6d107_zPmq9Ell (15bff81a-8128-4e77-8776-6096f80fb775)
2019-09-15 09:07:34.378 21671 RALLYDEBUG rally_openstack.cleanup.manager [-] Deleting neutron.port object s_rally_54d6d107_NS28gZOn (16c01c17-c775-4b91-bb39-c4cbe7fb4630)
2019-09-15 09:07:35.154 21671 RALLYDEBUG rally_openstack.cleanup.manager [-] Deleting neutron.port object s_rally_54d6d107_Kt5jz7Q8 (16f9e7fc-53b7-4acb-b272-197cdf586f94)
2019-09-15 09:07:35.336 21671 RALLYDEBUG rally_openstack.cleanup.manager [-] Deleting neutron.port object s_rally_54d6d107_aj2WtgDC (172f61cf-3d26-4585-8d71-a69acf1e456b)
2019-09-15 09:07:35.351 21671 RALLYDEBUG rally_openstack.cleanup.manager [-] Deleting neutron.port object s_rally_54d6d107_x4f0anM8 (17c58392-9d1f-4e70-a30d-f5578c987303)
2019-09-15 09:07:35.489 21671 RALLYDEBUG rally_openstack.cleanup.manager [-] Deleting neutron.port object s_rally_54d6d107_GznuEz1V (18dae61c-49fd-4d80-81df-ed7866f700c5)
2019-09-15 09:07:35.620 21671 RALLYDEBUG rally_openstack.cleanup.manager [-] Deleting neutron.port object s_rally_54d6d107_otX12U8h (1996397c-8053-4dca-b0a0-084a9c0e1b5e)
2019-09-15 09:07:35.690 21671 RALLYDEBUG rally_openstack.cleanup.manager [-] Deleting neutron.port object s_rally_54d6d107_K7wIKUBa (199f36a0-5c35-4252-af56-5a49cff30eb3)
2019-09-15 09:07:35.717 21671 RALLYDEBUG rally_openstack.cleanup.manager [-] Deleting neutron.port object s_rally_54d6d107_fBh6pvHo (1a4c34bc-ae93-4e38-a33c-c904807ce2d8)
2019-09-15 09:07:35.896 21671 RALLYDEBUG rally_openstack.cleanup.manager [-] Deleting neutron.port object s_rally_54d6d107_ITplU0sF (1b5f658b-a4f3-4a66-8da1-fc666b01b349)
2019-09-15 09:07:35.914 21671 RALLYDEBUG rally_openstack.cleanup.manager [-] Deleting neutron.port object s_rally_54d6d107_3VQ5XyX4 (1bacdad7-ee1f-48e7-9088-dde95761b9f4)
2019-09-15 09:07:36.086 21671 RALLYDEBUG rally_openstack.cleanup.manager [-] Deleting neutron.port object s_rally_54d6d107_O4rd7cXR (1bad5d30-aaae-4ad3-b1d1-2f1f48bf39d9)
2019-09-15 09:07:36.163 21671 RALLYDEBUG rally_openstack.cleanup.manager [-] Deleting neutron.port object s_rally_54d6d107_gu7eNjFW (1bf17c64-bb93-4ed4-9eec-e5a0f1e3c486)
2019-09-15 09:07:36.226 21671 RALLYDEBUG rally_openstack.cleanup.manager [-] Deleting neutron.port object s_rally_54d6d107_LKzNOAIu (1c99f1fb-3624-433e-bfd0-af0604a13608)
2019-09-15 09:07:36.335 21671 RALLYDEBUG rally_openstack.cleanup.manager [-] Deleting neutron.port object s_rally_54d6d107_7H4FDhkT (1d43ba28-fa83-423b-85fa-ed2b9659b394)
2019-09-15 09:07:36.525 21671 RALLYDEBUG rally_openstack.cleanup.manager [-] Deleting neutron.port object s_rally_54d6d107_DG4qoDUT (1d7f144a-0c1a-45fc-9c9f-31a2226d7513)
2019-09-15 09:07:36.579 21671 RALLYDEBUG rally_openstack.cleanup.manager [-] Deleting neutron.port object s_rally_54d6d107_Tuvp5kwC (1eda7626-fc9f-4a79-9688-ec9d8595855b)
2019-09-15 09:07:36.622 21671 RALLYDEBUG rally_openstack.cleanup.manager [-] Deleting neutron.port object s_rally_54d6d107_vxDjgKJI (1f80e53a-5903-4228-80eb-6de0368a68ae)
2019-09-15 09:07:36.822 21671 RALLYDEBUG rally_openstack.cleanup.manager [-] Deleting neutron.port object s_rally_54d6d107_qiXLo4Zz (1fb7c912-deb6-4679-a112-d27c501e815b)
2019-09-15 09:07:37.018 21671 RALLYDEBUG rally_openstack.cleanup.manager [-] Deleting neutron.port object s_rally_54d6d107_psybFzTL (20479768-65d0-41c8-bb65-0968f7817507)
2019-09-15 09:07:37.136 21671 RALLYDEBUG rally_openstack.cleanup.manager [-] Deleting neutron.port object s_rally_54d6d107_WNGKKJfd (21d3fa67-af8b-4dd7-a3d4-dce1d0d22a1d)
2019-09-15 09:07:37.298 21671 RALLYDEBUG rally_openstack.cleanup.manager [-] Deleting neutron.port object s_rally_54d6d107_gocCPbYW (231b9c9c-b9d4-4251-b1e9-a4d21a17e1d4)
2019-09-15 09:07:37.421 21671 RALLYDEBUG rally_openstack.cleanup.manager [-] Deleting neutron.port object s_rally_54d6d107_UlXhgGJc (23636961-c80e-4551-8662-d668c0342b11)
2019-09-15 09:07:37.536 21671 RALLYDEBUG rally_openstack.cleanup.manager [-] Deleting neutron.port object s_rally_54d6d107_hpPVIxOy (26063e89-537e-4a50-83ec-1d67b38a8384)
2019-09-15 09:07:37.813 21671 RALLYDEBUG rally_openstack.cleanup.manager [-] Deleting neutron.port object s_rally_54d6d107_zpxA9GMw (268fdc62-c767-4c7c-99d7-7849b3569992)
2019-09-15 09:07:37.842 21671 RALLYDEBUG rally_openstack.cleanup.manager [-] Deleting neutron.port object s_rally_54d6d107_sUewTcjp (27c5c697-9f75-40b1-8ec1-c7004163c881)
2019-09-15 09:07:37.904 21671 RALLYDEBUG rally_openstack.cleanup.manager [-] Deleting neutron.port object s_rally_54d6d107_cKrKzyvb (28310048-5149-4902-8e0a-a3c7b30f3f2f)
2019-09-15 09:07:37.961 21671 RALLYDEBUG rally_openstack.cleanup.manager [-] Deleting neutron.port object s_rally_54d6d107_BukZbx98 (28559066-c8a6-46f4-b196-5947e58cefd7)
2019-09-15 09:07:38.379 21671 RALLYDEBUG rally_openstack.cleanup.manager [-] Deleting neutron.port object s_rally_54d6d107_asiW6ywy (28ab0431-24a8-43b2-99cd-4bb29280c4d5)
2019-09-15 09:07:38.387 21671 RALLYDEBUG rally_openstack.cleanup.manager [-] Deleting neutron.port object s_rally_54d6d107_17KPQ5aZ (2924e156-bf9f-46a4-96bf-ed047ecd2afc)
2019-09-15 09:07:38.497 21671 RALLYDEBUG rally_openstack.cleanup.manager [-] Deleting neutron.port object s_rally_54d6d107_eA0biZAE (296234ed-e2a4-4855-937b-4ba6eae35f82)
2019-09-15 09:07:38.531 21671 RALLYDEBUG rally_openstack.cleanup.manager [-] Deleting neutron.port object s_rally_54d6d107_tsrS6vLq (2b5ad70d-879e-4955-b192-6a2c660e03a7)
2019-09-15 09:07:38.585 21671 RALLYDEBUG rally_openstack.cleanup.manager [-] Deleting neutron.port object s_rally_54d6d107_ctj7HOfz (2b6d31a6-1b22-4c33-89b6-6631baeeeeee)
2019-09-15 09:07:38.719 21671 RALLYDEBUG rally_openstack.cleanup.manager [-] Deleting neutron.port object s_rally_54d6d107_PD6sDDGX (2c1a85b8-4536-4c05-8f5c-e433158e67e3)
2019-09-15 09:07:38.821 21671 RALLYDEBUG rally_openstack.cleanup.manager [-] Deleting neutron.port object s_rally_54d6d107_ixiEiyXX (2c9c2e10-1517-4d07-aed4-18bde8f68cb3)
2019-09-15 09:07:38.939 21671 RALLYDEBUG rally_openstack.cleanup.manager [-] Deleting neutron.port object s_rally_54d6d107_8MoBiz0V (2d06c1f6-3c64-4d94-9958-98a92f51dc48)
2019-09-15 09:07:39.443 21671 RALLYDEBUG rally_openstack.cleanup.manager [-] Deleting neutron.port object s_rally_54d6d107_kUKlzkQx (2eeae382-8a07-4d71-a4fc-ad9f1cd08fea)
2019-09-15 09:07:39.503 21671 RALLYDEBUG rally_openstack.cleanup.manager [-] Deleting neutron.port object s_rally_54d6d107_mIon1n1w (2f4ba072-ea43-4fbd-8aa3-c9a7bb694b03)
2019-09-15 09:07:39.640 21671 RALLYDEBUG rally_openstack.cleanup.manager [-] Deleting neutron.port object s_rally_54d6d107_cajevpq8 (305d3262-88e2-42de-abb7-1883811a787c)
2019-09-15 09:07:39.661 21671 RALLYDEBUG rally_openstack.cleanup.manager [-] Deleting neutron.port object s_rally_54d6d107_5DzXmgqv (30f788ba-ab54-4203-8ba4-6be290dd4903)
2019-09-15 09:07:39.789 21671 RALLYDEBUG rally_openstack.cleanup.manager [-] Deleting neutron.port object s_rally_54d6d107_mjn47dga (30f88d62-c165-4ae1-93e8-615f5507be7d)
2019-09-15 09:07:39.819 21671 RALLYDEBUG rally_openstack.cleanup.manager [-] Deleting neutron.port object s_rally_54d6d107_7dKLv2u8 (31409658-3a6b-4aa3-9562-bb06f356a44f)
2019-09-15 09:07:39.883 21671 RALLYDEBUG rally_openstack.cleanup.manager [-] Deleting neutron.port object s_rally_54d6d107_Regxmn3K (31c25ff1-41cf-41e7-a49b-8ca7b4d04a4a)
2019-09-15 09:07:39.886 21671 RALLYDEBUG rally_openstack.cleanup.manager [-] Deleting neutron.port object s_rally_54d6d107_FAuYUpL5 (31cef466-d003-4418-9ccf-06f4eb355c68)
2019-09-15 09:07:39.990 21671 RALLYDEBUG rally_openstack.cleanup.manager [-] Deleting neutron.port object s_rally_54d6d107_gqgKJPkR (32034625-8e9c-4797-97fc-d02390f6e45d)
2019-09-15 09:07:40.170 21671 RALLYDEBUG rally_openstack.cleanup.manager [-] Deleting neutron.port object s_rally_54d6d107_m8nWdr14 (3255c88f-797c-4ec0-9075-d3b9ca8f6048)
2019-09-15 09:07:40.339 21671 RALLYDEBUG rally_openstack.cleanup.manager [-] Deleting neutron.port object s_rally_54d6d107_hZmBKBtL (326110ff-6656-4452-9ed9-a1892f660436)
2019-09-15 09:07:40.600 21671 RALLYDEBUG rally_openstack.cleanup.manager [-] Deleting neutron.port object s_rally_54d6d107_ld0H7jJK (327aa3f9-3899-4f77-a5f7-725e212845fb)
2019-09-15 09:07:40.624 21671 RALLYDEBUG rally_openstack.cleanup.manager [-] Deleting neutron.port object s_rally_54d6d107_I9yHv7b9 (33274b22-0460-40aa-89a8-9a556776f6ab)
2019-09-15 09:07:40.893 21671 RALLYDEBUG rally_openstack.cleanup.manager [-] Deleting neutron.port object s_rally_54d6d107_EDuXlRts (3378f033-9e1d-480b-b1b4-d7c310a03d59)
2019-09-15 09:07:40.927 21671 RALLYDEBUG rally_openstack.cleanup.manager [-] Deleting neutron.port object s_rally_54d6d107_I7Z7l5eE (33cb0b59-6290-49b2-963c-76e11ddb826c)
2019-09-15 09:07:40.999 21671 RALLYDEBUG rally_openstack.cleanup.manager [-] Deleting neutron.port object s_rally_54d6d107_6HcGaXTM (34553834-f8b1-49c5-806d-2f54deaf4a43)
2019-09-15 09:07:41.033 21671 RALLYDEBUG rally_openstack.cleanup.manager [-] Deleting neutron.port object s_rally_54d6d107_Fsf713q5 (34b00e74-cd34-4e81-8665-8b25baeccd4c)
2019-09-15 09:07:41.230 21671 RALLYDEBUG rally_openstack.cleanup.manager [-] Deleting neutron.port object s_rally_54d6d107_2R9Z6lwa (34bc2db2-da1d-4e86-9029-3077d2106a16)
2019-09-15 09:07:41.328 21671 RALLYDEBUG rally_openstack.cleanup.manager [-] Deleting neutron.port object s_rally_54d6d107_6C46p1HD (35204e7a-1247-4823-aacf-4f443f9daac7)
2019-09-15 09:07:41.645 21671 RALLYDEBUG rally_openstack.cleanup.manager [-] Deleting neutron.port object s_rally_54d6d107_7FqJ5ePj (3522d846-3b53-4698-b427-932e7432604c)
2019-09-15 09:07:41.698 21671 RALLYDEBUG rally_openstack.cleanup.manager [-] Deleting neutron.port object s_rally_54d6d107_QZVJG4RX (3544e099-f8e5-4951-bc07-7310bd15712e)
2019-09-15 09:07:41.823 21671 RALLYDEBUG rally_openstack.cleanup.manager [-] Deleting neutron.port object s_rally_54d6d107_WuX8tEvu (35bc4bd1-47ea-4479-92c7-59a5962557cc)
2019-09-15 09:07:41.847 21671 RALLYDEBUG rally_openstack.cleanup.manager [-] Deleting neutron.port object s_rally_54d6d107_63vSaWvr (362d0953-f64c-4d27-8ff0-f7e26ff0b534)
2019-09-15 09:07:41.894 21671 RALLYDEBUG rally_openstack.cleanup.manager [-] Deleting neutron.port object s_rally_54d6d107_3BhEf051 (363ae421-7ab0-42ef-97df-9fd5f5be802c)
2019-09-15 09:07:42.016 21671 RALLYDEBUG rally_openstack.cleanup.manager [-] Deleting neutron.port object s_rally_54d6d107_Fm4Bclhm (3739a666-0277-4ba5-ae54-559bcee2fbf2)
