2019-09-15 07:16:28.364 8 RALLYDEBUG rally.api [-] INFO logs from urllib3 and requests module are hide.
2019-09-15 07:16:28.364 8 RALLYDEBUG rally.api [-] urllib3 insecure warnings are hidden.
2019-09-15 07:16:28.364 8 RALLYDEBUG rally.api [-] ERROR log from boto module is hide.
2019-09-15 07:16:29.885 8 ERROR rally.cli.cliutils [-] Unexpected exception in CLI: DBRecordNotFound: Record for uuid or name is opnfv-rally not found in table envs
2019-09-15 07:16:29.885 8 ERROR rally.cli.cliutils
Traceback (most recent call last):
2019-09-15 07:16:29.885 8 ERROR rally.cli.cliutils
File "/usr/lib/python2.7/site-packages/rally/cli/cliutils.py", line 674, in run
2019-09-15 07:16:29.885 8 ERROR rally.cli.cliutils ret = fn(*fn_args, **fn_kwargs)
2019-09-15 07:16:29.885 8 ERROR rally.cli.cliutils File "", line 2, in destroy
2019-09-15 07:16:29.885 8 ERROR rally.cli.cliutils
File "/usr/lib/python2.7/site-packages/rally/cli/envutils.py", line 69, in default_from_global
2019-09-15 07:16:29.885 8 ERROR rally.cli.cliutils return f(*args, **kwargs)
2019-09-15 07:16:29.885 8 ERROR rally.cli.cliutils File "", line 2, in destroy
2019-09-15 07:16:29.885 8 ERROR rally.cli.cliutils
File "/usr/lib/python2.7/site-packages/rally/plugins/__init__.py", line 51, in ensure_plugins_are_loaded
2019-09-15 07:16:29.885 8 ERROR rally.cli.cliutils return f(*args, **kwargs)
2019-09-15 07:16:29.885 8 ERROR rally.cli.cliutils
File "/usr/lib/python2.7/site-packages/rally/cli/commands/deployment.py", line 140, in destroy
2019-09-15 07:16:29.885 8 ERROR rally.cli.cliutils api.deployment.destroy(deployment=deployment)
2019-09-15 07:16:29.885 8 ERROR rally.cli.cliutils
File "/usr/lib/python2.7/site-packages/rally/api.py", line 115, in destroy
2019-09-15 07:16:29.885 8 ERROR rally.cli.cliutils deploy = objects.Deployment.get(deployment)
2019-09-15 07:16:29.885 8 ERROR rally.cli.cliutils
File "/usr/lib/python2.7/site-packages/rally/common/objects/deploy.py", line 124, in get
2019-09-15 07:16:29.885 8 ERROR rally.cli.cliutils return Deployment(env_mgr.EnvManager.get(deploy))
2019-09-15 07:16:29.885 8 ERROR rally.cli.cliutils
File "/usr/lib/python2.7/site-packages/rally/env/env_mgr.py", line 212, in get
2019-09-15 07:16:29.885 8 ERROR rally.cli.cliutils return cls(db.env_get(uuid_or_name))
2019-09-15 07:16:29.885 8 ERROR rally.cli.cliutils
File "/usr/lib/python2.7/site-packages/rally/common/db/api.py", line 135, in wrapper
2019-09-15 07:16:29.885 8 ERROR rally.cli.cliutils result = f(session, *args, **kwargs)
2019-09-15 07:16:29.885 8 ERROR rally.cli.cliutils
File "/usr/lib/python2.7/site-packages/rally/common/db/api.py", line 521, in env_get
2019-09-15 07:16:29.885 8 ERROR rally.cli.cliutils criteria="uuid or name is %s" % uuid_or_name, table="envs")
2019-09-15 07:16:29.885 8 ERROR rally.cli.cliutils DBRecordNotFound: Record for uuid or name is opnfv-rally not found in table envs
2019-09-15 07:16:29.885 8 ERROR rally.cli.cliutils
2019-09-15 07:16:30.743 10 RALLYDEBUG rally.api [-] INFO logs from urllib3 and requests module are hide.
2019-09-15 07:16:30.743 10 RALLYDEBUG rally.api [-] urllib3 insecure warnings are hidden.
2019-09-15 07:16:30.743 10 RALLYDEBUG rally.api [-] ERROR log from boto module is hide.
2019-09-15 07:16:32.505 10 WARNING rally_openstack.platforms.existing [-] endpoint is deprecated and not used.
2019-09-15 07:16:33.491 12 RALLYDEBUG rally.api [-] INFO logs from urllib3 and requests module are hide.
2019-09-15 07:16:33.491 12 RALLYDEBUG rally.api [-] urllib3 insecure warnings are hidden.
2019-09-15 07:16:33.491 12 RALLYDEBUG rally.api [-] ERROR log from boto module is hide.
2019-09-15 07:16:36.748 15 RALLYDEBUG rally.api [-] INFO logs from urllib3 and requests module are hide.
2019-09-15 07:16:36.748 15 RALLYDEBUG rally.api [-] urllib3 insecure warnings are hidden.
2019-09-15 07:16:36.748 15 RALLYDEBUG rally.api [-] ERROR log from boto module is hide.
2019-09-15 07:16:37.951 17 RALLYDEBUG rally.api [-] INFO logs from urllib3 and requests module are hide.
2019-09-15 07:16:37.951 17 RALLYDEBUG rally.api [-] urllib3 insecure warnings are hidden.
2019-09-15 07:16:37.952 17 RALLYDEBUG rally.api [-] ERROR log from boto module is hide.
2019-09-15 07:16:39.569 17 INFO rally.task.engine [-] Task a3cd0a8e-8ef7-412c-b87c-ac0feb65a206 | Starting: Task validation.
2019-09-15 07:16:39.634 17 INFO rally.task.engine [-] Task a3cd0a8e-8ef7-412c-b87c-ac0feb65a206 | Starting: Task validation of syntax.
2019-09-15 07:16:39.730 17 INFO rally.task.engine [-] Task a3cd0a8e-8ef7-412c-b87c-ac0feb65a206 | Completed: Task validation of syntax.
2019-09-15 07:16:39.730 17 INFO rally.task.engine [-] Task a3cd0a8e-8ef7-412c-b87c-ac0feb65a206 | Starting: Task validation of required platforms.
2019-09-15 07:16:39.773 17 INFO rally.task.engine [-] Task a3cd0a8e-8ef7-412c-b87c-ac0feb65a206 | Completed: Task validation of required platforms.
2019-09-15 07:16:39.773 17 INFO rally.task.engine [-] Task a3cd0a8e-8ef7-412c-b87c-ac0feb65a206 | Starting: Task validation of semantic.
2019-09-15 07:16:39.773 17 INFO rally.task.engine [-] Check health of the environment '73d2665d-4f4c-4c2a-8bb7-aa6f3f73ddf4'.
2019-09-15 07:16:40.376 17 INFO rally.task.engine [-] Platform existing@openstack (available: True): OK!
2019-09-15 07:16:40.394 17 RALLYDEBUG rally_openstack.contexts.keystone.users [-] Creating 1 tenants using 20 threads
2019-09-15 07:16:41.266 17 RALLYDEBUG rally_openstack.contexts.keystone.users [-] Creating 1 users using 20 threads
2019-09-15 07:16:42.586 17 INFO rally.task.context [-] Task a3cd0a8e-8ef7-412c-b87c-ac0feb65a206 | Context users@openstack setup() finished in 2.19 sec
2019-09-15 07:16:42.642 17 INFO rally.task.context [-] Task a3cd0a8e-8ef7-412c-b87c-ac0feb65a206 | Context users@openstack cleanup() started
2019-09-15 07:16:45.763 17 INFO rally.task.context [-] Task a3cd0a8e-8ef7-412c-b87c-ac0feb65a206 | Context users@openstack cleanup() finished in 3.12 sec
2019-09-15 07:16:45.764 17 INFO rally.task.engine [-] Task a3cd0a8e-8ef7-412c-b87c-ac0feb65a206 | Completed: Task validation of semantic.
2019-09-15 07:16:45.764 17 INFO rally.task.engine [-] Task a3cd0a8e-8ef7-412c-b87c-ac0feb65a206 | Completed: Task validation.
2019-09-15 07:16:45.764 17 INFO rally.api [-] Task a3cd0a8e-8ef7-412c-b87c-ac0feb65a206 input file is valid.
2019-09-15 07:16:45.765 17 INFO rally.api [-] Run Task a3cd0a8e-8ef7-412c-b87c-ac0feb65a206 against Deployment 73d2665d-4f4c-4c2a-8bb7-aa6f3f73ddf4
2019-09-15 07:16:45.765 17 INFO rally.task.engine [-] Task a3cd0a8e-8ef7-412c-b87c-ac0feb65a206 | Starting: Running task.
2019-09-15 07:16:45.979 17 INFO rally.task.engine [-] Running workload: position = 0 config = { "version": 2, "title": "A cropped version of a bigger task.", "description": "Auto-generated task from a single workload (uuid=4bd2c3dd-c0bc-422c-94db-cc997df06889)", "subtasks": [ { "title": "Authenticate.keystone", "description": "Check Keystone Client.", "scenario": { "Authenticate.keystone": {} }, "contexts": { "users": { "tenants": 3, "users_per_tenant": 2 } }, "runner": { "constant": { "concurrency": 4, "times": 10 } }, "hooks": [], "sla": { "failure_rate": { "max": 0 } } } ] }
2019-09-15 07:16:45.998 17 RALLYDEBUG rally_openstack.contexts.keystone.users [-] Creating 3 tenants using 20 threads
2019-09-15 07:16:47.027 17 RALLYDEBUG rally_openstack.contexts.keystone.users [-] Creating 6 users using 20 threads
2019-09-15 07:16:48.822 17 INFO rally.task.context [-] Task a3cd0a8e-8ef7-412c-b87c-ac0feb65a206 | Context users@openstack setup() finished in 2.82 sec
2019-09-15 07:16:48.833 17 RALLYDEBUG rally.task.runner [-] Starting the constant runner (task UUID: a3cd0a8e-8ef7-412c-b87c-ac0feb65a206). timeout: 0 concurrency: 4 concurrency_per_worker: 1 times: 10 concurrency_overhead: 0 processes_to_start: 4 max_cpu_used: 16
2019-09-15 07:16:48.896 142 RALLYDEBUG rally.task.runner [-] Starting a worker. concurrency: 1 args: {} times: 10 method_name: run timeout: 0 duration: None cls:
2019-09-15 07:16:48.899 144 RALLYDEBUG rally.task.runner [-] Starting a worker. concurrency: 1 args: {} times: 10 method_name: run timeout: 0 duration: None cls:
2019-09-15 07:16:48.899 143 RALLYDEBUG rally.task.runner [-] Starting a worker. concurrency: 1 args: {} times: 10 method_name: run timeout: 0 duration: None cls:
2019-09-15 07:16:48.903 142 INFO rally.task.runner [-] Task a3cd0a8e-8ef7-412c-b87c-ac0feb65a206 | ITER: 1 START
2019-09-15 07:16:48.903 144 INFO rally.task.runner [-] Task a3cd0a8e-8ef7-412c-b87c-ac0feb65a206 | ITER: 2 START
2019-09-15 07:16:48.905 145 RALLYDEBUG rally.task.runner [-] Starting a worker. concurrency: 1 args: {} times: 10 method_name: run timeout: 0 duration: None cls:
2019-09-15 07:16:48.906 143 INFO rally.task.runner [-] Task a3cd0a8e-8ef7-412c-b87c-ac0feb65a206 | ITER: 3 START
2019-09-15 07:16:48.912 145 INFO rally.task.runner [-] Task a3cd0a8e-8ef7-412c-b87c-ac0feb65a206 | ITER: 4 START
2019-09-15 07:16:49.328 142 INFO rally.task.runner [-] Task a3cd0a8e-8ef7-412c-b87c-ac0feb65a206 | ITER: 1 END: OK
2019-09-15 07:16:49.333 143 INFO rally.task.runner [-] Task a3cd0a8e-8ef7-412c-b87c-ac0feb65a206 | ITER: 3 END: OK
2019-09-15 07:16:49.333 142 INFO rally.task.runner [-] Task a3cd0a8e-8ef7-412c-b87c-ac0feb65a206 | ITER: 5 START
2019-09-15 07:16:49.336 143 INFO rally.task.runner [-] Task a3cd0a8e-8ef7-412c-b87c-ac0feb65a206 | ITER: 6 START
2019-09-15 07:16:49.355 144 INFO rally.task.runner [-] Task a3cd0a8e-8ef7-412c-b87c-ac0feb65a206 | ITER: 2 END: OK
2019-09-15 07:16:49.360 144 INFO rally.task.runner [-] Task a3cd0a8e-8ef7-412c-b87c-ac0feb65a206 | ITER: 7 START
2019-09-15 07:16:49.415 145 INFO rally.task.runner [-] Task a3cd0a8e-8ef7-412c-b87c-ac0feb65a206 | ITER: 4 END: OK
2019-09-15 07:16:49.420 145 INFO rally.task.runner [-] Task a3cd0a8e-8ef7-412c-b87c-ac0feb65a206 | ITER: 8 START
2019-09-15 07:16:49.686 142 INFO rally.task.runner [-] Task a3cd0a8e-8ef7-412c-b87c-ac0feb65a206 | ITER: 5 END: OK
2019-09-15 07:16:49.690 142 INFO rally.task.runner [-] Task a3cd0a8e-8ef7-412c-b87c-ac0feb65a206 | ITER: 9 START
2019-09-15 07:16:49.692 143 INFO rally.task.runner [-] Task a3cd0a8e-8ef7-412c-b87c-ac0feb65a206 | ITER: 6 END: OK
2019-09-15 07:16:49.696 143 INFO rally.task.runner [-] Task a3cd0a8e-8ef7-412c-b87c-ac0feb65a206 | ITER: 10 START
2019-09-15 07:16:49.706 144 INFO rally.task.runner [-] Task a3cd0a8e-8ef7-412c-b87c-ac0feb65a206 | ITER: 7 END: OK
2019-09-15 07:16:49.848 145 INFO rally.task.runner [-] Task a3cd0a8e-8ef7-412c-b87c-ac0feb65a206 | ITER: 8 END: OK
2019-09-15 07:16:50.026 142 INFO rally.task.runner [-] Task a3cd0a8e-8ef7-412c-b87c-ac0feb65a206 | ITER: 9 END: OK
2019-09-15 07:16:50.030 143 INFO rally.task.runner [-] Task a3cd0a8e-8ef7-412c-b87c-ac0feb65a206 | ITER: 10 END: OK
2019-09-15 07:16:50.056 17 INFO rally.task.context [-] Task a3cd0a8e-8ef7-412c-b87c-ac0feb65a206 | Context users@openstack cleanup() started
2019-09-15 07:16:55.386 17 INFO rally.task.context [-] Task a3cd0a8e-8ef7-412c-b87c-ac0feb65a206 | Context users@openstack cleanup() finished in 5.33 sec
2019-09-15 07:16:56.096 17 INFO rally.task.engine [-] Load duration is: 1.125176
2019-09-15 07:16:56.096 17 INFO rally.task.engine [-] Full runner duration is: 1.223961
2019-09-15 07:16:56.097 17 INFO rally.task.engine [-] Full duration is: 9.39041
2019-09-15 07:16:56.374 17 INFO rally.task.engine [-] Running workload: position = 0 config = { "version": 2, "title": "A cropped version of a bigger task.", "description": "Auto-generated task from a single workload (uuid=db794ee7-9fd9-4414-ba47-45b514a4eb95)", "subtasks": [ { "title": "Authenticate.validate_cinder", "description": "Check Cinder Client to ensure validation of token.", "scenario": { "Authenticate.validate_cinder": { "repetitions": 2 } }, "contexts": { "users": { "tenants": 3, "users_per_tenant": 2 } }, "runner": { "constant": { "concurrency": 4, "times": 10 } }, "hooks": [], "sla": { "failure_rate": { "max": 0 } } } ] }
2019-09-15 07:16:56.401 17 RALLYDEBUG rally_openstack.contexts.keystone.users [-] Creating 3 tenants using 20 threads
2019-09-15 07:16:57.536 17 RALLYDEBUG rally_openstack.contexts.keystone.users [-] Creating 6 users using 20 threads
2019-09-15 07:16:59.192 17 INFO rally.task.context [-] Task a3cd0a8e-8ef7-412c-b87c-ac0feb65a206 | Context users@openstack setup() finished in 2.79 sec
2019-09-15 07:16:59.201 17 RALLYDEBUG rally.task.runner [-] Starting the constant runner (task UUID: a3cd0a8e-8ef7-412c-b87c-ac0feb65a206). timeout: 0 concurrency: 4 concurrency_per_worker: 1 times: 10 concurrency_overhead: 0 processes_to_start: 4 max_cpu_used: 16
2019-09-15 07:16:59.215 246 RALLYDEBUG rally.task.runner [-] Starting a worker. concurrency: 1 args: {"repetitions": 2} times: 10 method_name: run timeout: 0 duration: None cls:
2019-09-15 07:16:59.217 247 RALLYDEBUG rally.task.runner [-] Starting a worker. concurrency: 1 args: {"repetitions": 2} times: 10 method_name: run timeout: 0 duration: None cls:
2019-09-15 07:16:59.221 248 RALLYDEBUG rally.task.runner [-] Starting a worker. concurrency: 1 args: {"repetitions": 2} times: 10 method_name: run timeout: 0 duration: None cls:
2019-09-15 07:16:59.223 246 INFO rally.task.runner [-] Task a3cd0a8e-8ef7-412c-b87c-ac0feb65a206 | ITER: 1 START
2019-09-15 07:16:59.224 249 RALLYDEBUG rally.task.runner [-] Starting a worker. concurrency: 1 args: {"repetitions": 2} times: 10 method_name: run timeout: 0 duration: None cls:
2019-09-15 07:16:59.225 247 INFO rally.task.runner [-] Task a3cd0a8e-8ef7-412c-b87c-ac0feb65a206 | ITER: 2 START
2019-09-15 07:16:59.228 248 INFO rally.task.runner [-] Task a3cd0a8e-8ef7-412c-b87c-ac0feb65a206 | ITER: 3 START
2019-09-15 07:16:59.231 249 INFO rally.task.runner [-] Task a3cd0a8e-8ef7-412c-b87c-ac0feb65a206 | ITER: 4 START
2019-09-15 07:16:59.821 246 INFO rally.task.runner [-] Task a3cd0a8e-8ef7-412c-b87c-ac0feb65a206 | ITER: 1 END: OK
2019-09-15 07:16:59.825 246 INFO rally.task.runner [-] Task a3cd0a8e-8ef7-412c-b87c-ac0feb65a206 | ITER: 5 START
2019-09-15 07:16:59.830 248 INFO rally.task.runner [-] Task a3cd0a8e-8ef7-412c-b87c-ac0feb65a206 | ITER: 3 END: OK
2019-09-15 07:16:59.834 248 INFO rally.task.runner [-] Task a3cd0a8e-8ef7-412c-b87c-ac0feb65a206 | ITER: 6 START
2019-09-15 07:16:59.839 247 INFO rally.task.runner [-] Task a3cd0a8e-8ef7-412c-b87c-ac0feb65a206 | ITER: 2 END: OK
2019-09-15 07:16:59.843 247 INFO rally.task.runner [-] Task a3cd0a8e-8ef7-412c-b87c-ac0feb65a206 | ITER: 7 START
2019-09-15 07:17:00.197 249 INFO rally.task.runner [-] Task a3cd0a8e-8ef7-412c-b87c-ac0feb65a206 | ITER: 4 END: OK
2019-09-15 07:17:00.201 249 INFO rally.task.runner [-] Task a3cd0a8e-8ef7-412c-b87c-ac0feb65a206 | ITER: 8 START
2019-09-15 07:17:00.263 247 INFO rally.task.runner [-] Task a3cd0a8e-8ef7-412c-b87c-ac0feb65a206 | ITER: 7 END: OK
2019-09-15 07:17:00.267 247 INFO rally.task.runner [-] Task a3cd0a8e-8ef7-412c-b87c-ac0feb65a206 | ITER: 9 START
2019-09-15 07:17:00.346 248 INFO rally.task.runner [-] Task a3cd0a8e-8ef7-412c-b87c-ac0feb65a206 | ITER: 6 END: OK
2019-09-15 07:17:00.350 248 INFO rally.task.runner [-] Task a3cd0a8e-8ef7-412c-b87c-ac0feb65a206 | ITER: 10 START
2019-09-15 07:17:00.622 249 INFO rally.task.runner [-] Task a3cd0a8e-8ef7-412c-b87c-ac0feb65a206 | ITER: 8 END: OK
2019-09-15 07:17:00.684 246 INFO rally.task.runner [-] Task a3cd0a8e-8ef7-412c-b87c-ac0feb65a206 | ITER: 5 END: OK
2019-09-15 07:17:00.716 247 INFO rally.task.runner [-] Task a3cd0a8e-8ef7-412c-b87c-ac0feb65a206 | ITER: 9 END: OK
2019-09-15 07:17:00.768 248 INFO rally.task.runner [-] Task a3cd0a8e-8ef7-412c-b87c-ac0feb65a206 | ITER: 10 END: OK
2019-09-15 07:17:00.796 17 INFO rally.task.context [-] Task a3cd0a8e-8ef7-412c-b87c-ac0feb65a206 | Context users@openstack cleanup() started
2019-09-15 07:17:06.214 17 INFO rally.task.context [-] Task a3cd0a8e-8ef7-412c-b87c-ac0feb65a206 | Context users@openstack cleanup() finished in 5.42 sec
2019-09-15 07:17:06.469 17 INFO rally.task.engine [-] Load duration is: 1.543745
2019-09-15 07:17:06.470 17 INFO rally.task.engine [-] Full runner duration is: 1.595442
2019-09-15 07:17:06.470 17 INFO rally.task.engine [-] Full duration is: 9.815621
2019-09-15 07:17:06.875 17 INFO rally.task.engine [-] Running workload: position = 0 config = { "version": 2, "title": "A cropped version of a bigger task.", "description": "Auto-generated task from a single workload (uuid=6c3f8eab-db31-470e-9d0f-9123826dcc0c)", "subtasks": [ { "title": "Authenticate.validate_glance", "description": "Check Glance Client to ensure validation of token.", "scenario": { "Authenticate.validate_glance": { "repetitions": 2 } }, "contexts": { "users": { "tenants": 3, "users_per_tenant": 2 } }, "runner": { "constant": { "concurrency": 4, "times": 10 } }, "hooks": [], "sla": { "failure_rate": { "max": 0 } } } ] }
2019-09-15 07:17:06.898 17 RALLYDEBUG rally_openstack.contexts.keystone.users [-] Creating 3 tenants using 20 threads
2019-09-15 07:17:07.933 17 RALLYDEBUG rally_openstack.contexts.keystone.users [-] Creating 6 users using 20 threads
2019-09-15 07:17:09.768 17 INFO rally.task.context [-] Task a3cd0a8e-8ef7-412c-b87c-ac0feb65a206 | Context users@openstack setup() finished in 2.87 sec
2019-09-15 07:17:09.775 17 RALLYDEBUG rally.task.runner [-] Starting the constant runner (task UUID: a3cd0a8e-8ef7-412c-b87c-ac0feb65a206). timeout: 0 concurrency: 4 concurrency_per_worker: 1 times: 10 concurrency_overhead: 0 processes_to_start: 4 max_cpu_used: 16
2019-09-15 07:17:09.788 350 RALLYDEBUG rally.task.runner [-] Starting a worker. concurrency: 1 args: {"repetitions": 2} times: 10 method_name: run timeout: 0 duration: None cls:
2019-09-15 07:17:09.791 351 RALLYDEBUG rally.task.runner [-] Starting a worker. concurrency: 1 args: {"repetitions": 2} times: 10 method_name: run timeout: 0 duration: None cls:
2019-09-15 07:17:09.793 352 RALLYDEBUG rally.task.runner [-] Starting a worker. concurrency: 1 args: {"repetitions": 2} times: 10 method_name: run timeout: 0 duration: None cls:
2019-09-15 07:17:09.796 350 INFO rally.task.runner [-] Task a3cd0a8e-8ef7-412c-b87c-ac0feb65a206 | ITER: 1 START
2019-09-15 07:17:09.796 353 RALLYDEBUG rally.task.runner [-] Starting a worker. concurrency: 1 args: {"repetitions": 2} times: 10 method_name: run timeout: 0 duration: None cls:
2019-09-15 07:17:09.798 351 INFO rally.task.runner [-] Task a3cd0a8e-8ef7-412c-b87c-ac0feb65a206 | ITER: 2 START
2019-09-15 07:17:09.801 352 INFO rally.task.runner [-] Task a3cd0a8e-8ef7-412c-b87c-ac0feb65a206 | ITER: 3 START
2019-09-15 07:17:09.803 353 INFO rally.task.runner [-] Task a3cd0a8e-8ef7-412c-b87c-ac0feb65a206 | ITER: 4 START
2019-09-15 07:17:10.521 351 INFO rally.task.runner [-] Task a3cd0a8e-8ef7-412c-b87c-ac0feb65a206 | ITER: 2 END: OK
2019-09-15 07:17:10.526 351 INFO rally.task.runner [-] Task a3cd0a8e-8ef7-412c-b87c-ac0feb65a206 | ITER: 5 START
2019-09-15 07:17:10.651 350 INFO rally.task.runner [-] Task a3cd0a8e-8ef7-412c-b87c-ac0feb65a206 | ITER: 1 END: OK
2019-09-15 07:17:10.653 353 INFO rally.task.runner [-] Task a3cd0a8e-8ef7-412c-b87c-ac0feb65a206 | ITER: 4 END: OK
2019-09-15 07:17:10.656 350 INFO rally.task.runner [-] Task a3cd0a8e-8ef7-412c-b87c-ac0feb65a206 | ITER: 6 START
2019-09-15 07:17:10.658 353 INFO rally.task.runner [-] Task a3cd0a8e-8ef7-412c-b87c-ac0feb65a206 | ITER: 7 START
2019-09-15 07:17:10.658 352 INFO rally.task.runner [-] Task a3cd0a8e-8ef7-412c-b87c-ac0feb65a206 | ITER: 3 END: OK
2019-09-15 07:17:10.664 352 INFO rally.task.runner [-] Task a3cd0a8e-8ef7-412c-b87c-ac0feb65a206 | ITER: 8 START
2019-09-15 07:17:11.128 351 INFO rally.task.runner [-] Task a3cd0a8e-8ef7-412c-b87c-ac0feb65a206 | ITER: 5 END: OK
2019-09-15 07:17:11.133 351 INFO rally.task.runner [-] Task a3cd0a8e-8ef7-412c-b87c-ac0feb65a206 | ITER: 9 START
2019-09-15 07:17:11.210 353 INFO rally.task.runner [-] Task a3cd0a8e-8ef7-412c-b87c-ac0feb65a206 | ITER: 7 END: OK
2019-09-15 07:17:11.214 353 INFO rally.task.runner [-] Task a3cd0a8e-8ef7-412c-b87c-ac0feb65a206 | ITER: 10 START
2019-09-15 07:17:11.273 352 INFO rally.task.runner [-] Task a3cd0a8e-8ef7-412c-b87c-ac0feb65a206 | ITER: 8 END: OK
2019-09-15 07:17:11.320 350 INFO rally.task.runner [-] Task a3cd0a8e-8ef7-412c-b87c-ac0feb65a206 | ITER: 6 END: OK
2019-09-15 07:17:11.875 351 INFO rally.task.runner [-] Task a3cd0a8e-8ef7-412c-b87c-ac0feb65a206 | ITER: 9 END: OK
2019-09-15 07:17:11.917 353 INFO rally.task.runner [-] Task a3cd0a8e-8ef7-412c-b87c-ac0feb65a206 | ITER: 10 END: OK
2019-09-15 07:17:11.947 17 INFO rally.task.context [-] Task a3cd0a8e-8ef7-412c-b87c-ac0feb65a206 | Context users@openstack cleanup() started
2019-09-15 07:17:17.247 17 INFO rally.task.context [-] Task a3cd0a8e-8ef7-412c-b87c-ac0feb65a206 | Context users@openstack cleanup() finished in 5.30 sec
2019-09-15 07:17:19.002 17 INFO rally.task.engine [-] Load duration is: 2.118977
2019-09-15 07:17:19.003 17 INFO rally.task.engine [-] Full runner duration is: 2.171944
2019-09-15 07:17:19.003 17 INFO rally.task.engine [-] Full duration is: 10.352093
2019-09-15 07:17:19.585 17 INFO rally.task.engine [-] Running workload: position = 0 config = { "version": 2, "title": "A cropped version of a bigger task.", "description": "Auto-generated task from a single workload (uuid=934d4e66-1978-495e-bc60-93ca72189f32)", "subtasks": [ { "title": "Authenticate.validate_heat", "description": "Check Heat Client to ensure validation of token.", "scenario": { "Authenticate.validate_heat": { "repetitions": 2 } }, "contexts": { "users": { "tenants": 3, "users_per_tenant": 2 } }, "runner": { "constant": { "concurrency": 4, "times": 10 } }, "hooks": [], "sla": { "failure_rate": { "max": 0 } } } ] }
2019-09-15 07:17:19.609 17 RALLYDEBUG rally_openstack.contexts.keystone.users [-] Creating 3 tenants using 20 threads
2019-09-15 07:17:20.700 17 RALLYDEBUG rally_openstack.contexts.keystone.users [-] Creating 6 users using 20 threads
2019-09-15 07:17:22.367 17 INFO rally.task.context [-] Task a3cd0a8e-8ef7-412c-b87c-ac0feb65a206 | Context users@openstack setup() finished in 2.76 sec
2019-09-15 07:17:22.376 17 RALLYDEBUG rally.task.runner [-] Starting the constant runner (task UUID: a3cd0a8e-8ef7-412c-b87c-ac0feb65a206). timeout: 0 concurrency: 4 concurrency_per_worker: 1 times: 10 concurrency_overhead: 0 processes_to_start: 4 max_cpu_used: 16
2019-09-15 07:17:22.389 454 RALLYDEBUG rally.task.runner [-] Starting a worker. concurrency: 1 args: {"repetitions": 2} times: 10 method_name: run timeout: 0 duration: None cls:
2019-09-15 07:17:22.392 455 RALLYDEBUG rally.task.runner [-] Starting a worker. concurrency: 1 args: {"repetitions": 2} times: 10 method_name: run timeout: 0 duration: None cls:
2019-09-15 07:17:22.395 456 RALLYDEBUG rally.task.runner [-] Starting a worker. concurrency: 1 args: {"repetitions": 2} times: 10 method_name: run timeout: 0 duration: None cls:
2019-09-15 07:17:22.397 454 INFO rally.task.runner [-] Task a3cd0a8e-8ef7-412c-b87c-ac0feb65a206 | ITER: 1 START
2019-09-15 07:17:22.398 457 RALLYDEBUG rally.task.runner [-] Starting a worker. concurrency: 1 args: {"repetitions": 2} times: 10 method_name: run timeout: 0 duration: None cls:
2019-09-15 07:17:22.400 455 INFO rally.task.runner [-] Task a3cd0a8e-8ef7-412c-b87c-ac0feb65a206 | ITER: 2 START
2019-09-15 07:17:22.402 456 INFO rally.task.runner [-] Task a3cd0a8e-8ef7-412c-b87c-ac0feb65a206 | ITER: 3 START
2019-09-15 07:17:22.405 457 INFO rally.task.runner [-] Task a3cd0a8e-8ef7-412c-b87c-ac0feb65a206 | ITER: 4 START
2019-09-15 07:17:23.570 457 INFO rally.task.runner [-] Task a3cd0a8e-8ef7-412c-b87c-ac0feb65a206 | ITER: 4 END: OK
2019-09-15 07:17:23.575 457 INFO rally.task.runner [-] Task a3cd0a8e-8ef7-412c-b87c-ac0feb65a206 | ITER: 5 START
2019-09-15 07:17:23.710 454 INFO rally.task.runner [-] Task a3cd0a8e-8ef7-412c-b87c-ac0feb65a206 | ITER: 1 END: OK
2019-09-15 07:17:23.715 454 INFO rally.task.runner [-] Task a3cd0a8e-8ef7-412c-b87c-ac0feb65a206 | ITER: 6 START
2019-09-15 07:17:24.129 456 INFO rally.task.runner [-] Task a3cd0a8e-8ef7-412c-b87c-ac0feb65a206 | ITER: 3 END: OK
2019-09-15 07:17:24.134 456 INFO rally.task.runner [-] Task a3cd0a8e-8ef7-412c-b87c-ac0feb65a206 | ITER: 7 START
2019-09-15 07:17:24.301 455 INFO rally.task.runner [-] Task a3cd0a8e-8ef7-412c-b87c-ac0feb65a206 | ITER: 2 END: OK
2019-09-15 07:17:24.305 455 INFO rally.task.runner [-] Task a3cd0a8e-8ef7-412c-b87c-ac0feb65a206 | ITER: 8 START
2019-09-15 07:17:24.643 457 INFO rally.task.runner [-] Task a3cd0a8e-8ef7-412c-b87c-ac0feb65a206 | ITER: 5 END: OK
2019-09-15 07:17:24.648 457 INFO rally.task.runner [-] Task a3cd0a8e-8ef7-412c-b87c-ac0feb65a206 | ITER: 9 START
2019-09-15 07:17:24.724 456 INFO rally.task.runner [-] Task a3cd0a8e-8ef7-412c-b87c-ac0feb65a206 | ITER: 7 END: OK
2019-09-15 07:17:24.728 456 INFO rally.task.runner [-] Task a3cd0a8e-8ef7-412c-b87c-ac0feb65a206 | ITER: 10 START
2019-09-15 07:17:24.742 454 INFO rally.task.runner [-] Task a3cd0a8e-8ef7-412c-b87c-ac0feb65a206 | ITER: 6 END: OK
2019-09-15 07:17:25.094 455 INFO rally.task.runner [-] Task a3cd0a8e-8ef7-412c-b87c-ac0feb65a206 | ITER: 8 END: OK
2019-09-15 07:17:25.201 456 INFO rally.task.runner [-] Task a3cd0a8e-8ef7-412c-b87c-ac0feb65a206 | ITER: 10 END: OK
2019-09-15 07:17:25.405 457 INFO rally.task.runner [-] Task a3cd0a8e-8ef7-412c-b87c-ac0feb65a206 | ITER: 9 END: OK
2019-09-15 07:17:25.427 17 INFO rally.task.context [-] Task a3cd0a8e-8ef7-412c-b87c-ac0feb65a206 | Context users@openstack cleanup() started
2019-09-15 07:17:30.404 17 INFO rally.task.context [-] Task a3cd0a8e-8ef7-412c-b87c-ac0feb65a206 | Context users@openstack cleanup() finished in 4.98 sec
2019-09-15 07:17:31.707 17 INFO rally.task.engine [-] Load duration is: 3.006338
2019-09-15 07:17:31.707 17 INFO rally.task.engine [-] Full runner duration is: 3.051302
2019-09-15 07:17:31.708 17 INFO rally.task.engine [-] Full duration is: 10.798406
2019-09-15 07:17:32.289 17 INFO rally.task.engine [-] Running workload: position = 0 config = { "version": 2, "title": "A cropped version of a bigger task.", "description": "Auto-generated task from a single workload (uuid=9a18291e-9b27-4e0c-bc1b-c7665b51946c)", "subtasks": [ { "title": "Authenticate.validate_neutron", "description": "Check Neutron Client to ensure validation of token.", "scenario": { "Authenticate.validate_neutron": { "repetitions": 2 } }, "contexts": { "users": { "tenants": 3, "users_per_tenant": 2 } }, "runner": { "constant": { "concurrency": 4, "times": 10 } }, "hooks": [], "sla": { "failure_rate": { "max": 0 } } } ] }
2019-09-15 07:17:32.317 17 RALLYDEBUG rally_openstack.contexts.keystone.users [-] Creating 3 tenants using 20 threads
2019-09-15 07:17:33.372 17 RALLYDEBUG rally_openstack.contexts.keystone.users [-] Creating 6 users using 20 threads
2019-09-15 07:17:35.141 17 INFO rally.task.context [-] Task a3cd0a8e-8ef7-412c-b87c-ac0feb65a206 | Context users@openstack setup() finished in 2.82 sec
2019-09-15 07:17:35.150 17 RALLYDEBUG rally.task.runner [-] Starting the constant runner (task UUID: a3cd0a8e-8ef7-412c-b87c-ac0feb65a206). timeout: 0 concurrency: 4 concurrency_per_worker: 1 times: 10 concurrency_overhead: 0 processes_to_start: 4 max_cpu_used: 16
2019-09-15 07:17:35.164 558 RALLYDEBUG rally.task.runner [-] Starting a worker. concurrency: 1 args: {"repetitions": 2} times: 10 method_name: run timeout: 0 duration: None cls:
2019-09-15 07:17:35.167 559 RALLYDEBUG rally.task.runner [-] Starting a worker. concurrency: 1 args: {"repetitions": 2} times: 10 method_name: run timeout: 0 duration: None cls:
2019-09-15 07:17:35.170 560 RALLYDEBUG rally.task.runner [-] Starting a worker. concurrency: 1 args: {"repetitions": 2} times: 10 method_name: run timeout: 0 duration: None cls:
2019-09-15 07:17:35.172 558 INFO rally.task.runner [-] Task a3cd0a8e-8ef7-412c-b87c-ac0feb65a206 | ITER: 1 START
2019-09-15 07:17:35.174 561 RALLYDEBUG rally.task.runner [-] Starting a worker. concurrency: 1 args: {"repetitions": 2} times: 10 method_name: run timeout: 0 duration: None cls:
2019-09-15 07:17:35.175 559 INFO rally.task.runner [-] Task a3cd0a8e-8ef7-412c-b87c-ac0feb65a206 | ITER: 2 START
2019-09-15 07:17:35.178 560 INFO rally.task.runner [-] Task a3cd0a8e-8ef7-412c-b87c-ac0feb65a206 | ITER: 3 START
2019-09-15 07:17:35.181 561 INFO rally.task.runner [-] Task a3cd0a8e-8ef7-412c-b87c-ac0feb65a206 | ITER: 4 START
2019-09-15 07:17:35.965 559 INFO rally.task.runner [-] Task a3cd0a8e-8ef7-412c-b87c-ac0feb65a206 | ITER: 2 END: OK
2019-09-15 07:17:35.970 559 INFO rally.task.runner [-] Task a3cd0a8e-8ef7-412c-b87c-ac0feb65a206 | ITER: 5 START
2019-09-15 07:17:35.972 558 INFO rally.task.runner [-] Task a3cd0a8e-8ef7-412c-b87c-ac0feb65a206 | ITER: 1 END: OK
2019-09-15 07:17:35.977 558 INFO rally.task.runner [-] Task a3cd0a8e-8ef7-412c-b87c-ac0feb65a206 | ITER: 6 START
2019-09-15 07:17:36.030 560 INFO rally.task.runner [-] Task a3cd0a8e-8ef7-412c-b87c-ac0feb65a206 | ITER: 3 END: OK
2019-09-15 07:17:36.035 560 INFO rally.task.runner [-] Task a3cd0a8e-8ef7-412c-b87c-ac0feb65a206 | ITER: 7 START
2019-09-15 07:17:36.076 561 INFO rally.task.runner [-] Task a3cd0a8e-8ef7-412c-b87c-ac0feb65a206 | ITER: 4 END: OK
2019-09-15 07:17:36.082 561 INFO rally.task.runner [-] Task a3cd0a8e-8ef7-412c-b87c-ac0feb65a206 | ITER: 8 START
2019-09-15 07:17:36.652 560 INFO rally.task.runner [-] Task a3cd0a8e-8ef7-412c-b87c-ac0feb65a206 | ITER: 7 END: OK
2019-09-15 07:17:36.656 560 INFO rally.task.runner [-] Task a3cd0a8e-8ef7-412c-b87c-ac0feb65a206 | ITER: 9 START
2019-09-15 07:17:36.731 558 INFO rally.task.runner [-] Task a3cd0a8e-8ef7-412c-b87c-ac0feb65a206 | ITER: 6 END: OK
2019-09-15 07:17:36.735 558 INFO rally.task.runner [-] Task a3cd0a8e-8ef7-412c-b87c-ac0feb65a206 | ITER: 10 START
2019-09-15 07:17:36.875 561 INFO rally.task.runner [-] Task a3cd0a8e-8ef7-412c-b87c-ac0feb65a206 | ITER: 8 END: OK
2019-09-15 07:17:36.953 559 INFO rally.task.runner [-] Task a3cd0a8e-8ef7-412c-b87c-ac0feb65a206 | ITER: 5 END: OK
2019-09-15 07:17:37.264 560 INFO rally.task.runner [-] Task a3cd0a8e-8ef7-412c-b87c-ac0feb65a206 | ITER: 9 END: OK
2019-09-15 07:17:37.329 558 INFO rally.task.runner [-] Task a3cd0a8e-8ef7-412c-b87c-ac0feb65a206 | ITER: 10 END: OK
2019-09-15 07:17:37.353 17 INFO rally.task.context [-] Task a3cd0a8e-8ef7-412c-b87c-ac0feb65a206 | Context users@openstack cleanup() started
2019-09-15 07:17:42.757 17 INFO rally.task.context [-] Task a3cd0a8e-8ef7-412c-b87c-ac0feb65a206 | Context users@openstack cleanup() finished in 5.40 sec
2019-09-15 07:17:44.393 17 INFO rally.task.engine [-] Load duration is: 2.154055
2019-09-15 07:17:44.393 17 INFO rally.task.engine [-] Full runner duration is: 2.203103
2019-09-15 07:17:44.394 17 INFO rally.task.engine [-] Full duration is: 10.44288
2019-09-15 07:17:44.932 17 INFO rally.task.engine [-] Running workload: position = 0 config = { "version": 2, "title": "A cropped version of a bigger task.", "description": "Auto-generated task from a single workload (uuid=1de9a096-adad-4e7e-b57a-e94c63ab816b)", "subtasks": [ { "title": "Authenticate.validate_nova", "description": "Check Nova Client to ensure validation of token.", "scenario": { "Authenticate.validate_nova": { "repetitions": 2 } }, "contexts": { "users": { "tenants": 3, "users_per_tenant": 2 } }, "runner": { "constant": { "concurrency": 4, "times": 10 } }, "hooks": [], "sla": { "failure_rate": { "max": 0 } } } ] }
2019-09-15 07:17:44.957 17 RALLYDEBUG rally_openstack.contexts.keystone.users [-] Creating 3 tenants using 20 threads
2019-09-15 07:17:45.932 17 RALLYDEBUG rally_openstack.contexts.keystone.users [-] Creating 6 users using 20 threads
2019-09-15 07:17:47.623 17 INFO rally.task.context [-] Task a3cd0a8e-8ef7-412c-b87c-ac0feb65a206 | Context users@openstack setup() finished in 2.67 sec
2019-09-15 07:17:47.627 17 RALLYDEBUG rally.task.runner [-] Starting the constant runner (task UUID: a3cd0a8e-8ef7-412c-b87c-ac0feb65a206). timeout: 0 concurrency: 4 concurrency_per_worker: 1 times: 10 concurrency_overhead: 0 processes_to_start: 4 max_cpu_used: 16
2019-09-15 07:17:47.638 662 RALLYDEBUG rally.task.runner [-] Starting a worker. concurrency: 1 args: {"repetitions": 2} times: 10 method_name: run timeout: 0 duration: None cls:
2019-09-15 07:17:47.639 663 RALLYDEBUG rally.task.runner [-] Starting a worker. concurrency: 1 args: {"repetitions": 2} times: 10 method_name: run timeout: 0 duration: None cls:
2019-09-15 07:17:47.641 664 RALLYDEBUG rally.task.runner [-] Starting a worker. concurrency: 1 args: {"repetitions": 2} times: 10 method_name: run timeout: 0 duration: None cls:
2019-09-15 07:17:47.643 665 RALLYDEBUG rally.task.runner [-] Starting a worker. concurrency: 1 args: {"repetitions": 2} times: 10 method_name: run timeout: 0 duration: None cls:
2019-09-15 07:17:47.646 662 INFO rally.task.runner [-] Task a3cd0a8e-8ef7-412c-b87c-ac0feb65a206 | ITER: 1 START
2019-09-15 07:17:47.647 663 INFO rally.task.runner [-] Task a3cd0a8e-8ef7-412c-b87c-ac0feb65a206 | ITER: 2 START
2019-09-15 07:17:47.648 664 INFO rally.task.runner [-] Task a3cd0a8e-8ef7-412c-b87c-ac0feb65a206 | ITER: 3 START
2019-09-15 07:17:47.650 665 INFO rally.task.runner [-] Task a3cd0a8e-8ef7-412c-b87c-ac0feb65a206 | ITER: 4 START
2019-09-15 07:17:48.123 662 DEBUG novaclient.v2.client [-] REQ: curl -g -i --cacert "/etc/ssl/certs/mcp_os_cacert" -X GET http://10.167.4.35:8774/v2.1/flavors/detail -H "Accept: application/json" -H "User-Agent: python-novaclient" -H "X-Auth-Token: {SHA1}56a1417b34b0678d00f987efff81dcad1a188fd6" _http_log_request /usr/lib/python2.7/site-packages/keystoneauth1/session.py:448
2019-09-15 07:17:48.123 665 DEBUG novaclient.v2.client [-] REQ: curl -g -i --cacert "/etc/ssl/certs/mcp_os_cacert" -X GET http://10.167.4.35:8774/v2.1/flavors/detail -H "Accept: application/json" -H "User-Agent: python-novaclient" -H "X-Auth-Token: {SHA1}4d60506d972025ab631cd9398bd669f78b1f4232" _http_log_request /usr/lib/python2.7/site-packages/keystoneauth1/session.py:448
2019-09-15 07:17:48.125 664 DEBUG novaclient.v2.client [-] REQ: curl -g -i --cacert "/etc/ssl/certs/mcp_os_cacert" -X GET http://10.167.4.35:8774/v2.1/flavors/detail -H "Accept: application/json" -H "User-Agent: python-novaclient" -H "X-Auth-Token: {SHA1}571c085b25d44c63579f1ed29f64ae664986a775" _http_log_request /usr/lib/python2.7/site-packages/keystoneauth1/session.py:448
2019-09-15 07:17:48.210 663 DEBUG novaclient.v2.client [-] REQ: curl -g -i --cacert "/etc/ssl/certs/mcp_os_cacert" -X GET http://10.167.4.35:8774/v2.1/flavors/detail -H "Accept: application/json" -H "User-Agent: python-novaclient" -H "X-Auth-Token: {SHA1}37ba89aa21eff37ff9253dd1b566ad0f6c417776" _http_log_request /usr/lib/python2.7/site-packages/keystoneauth1/session.py:448
2019-09-15 07:17:48.291 664 DEBUG novaclient.v2.client [-] RESP: [200] Connection: close Content-Length: 1014 Content-Type: application/json Date: Sun, 15 Sep 2019 07:17:48 GMT Openstack-Api-Version: compute 2.1 Vary: OpenStack-API-Version, X-OpenStack-Nova-API-Version X-Compute-Request-Id: req-37490908-b809-4c8a-9a56-13f0ebebaf7e X-Openstack-Nova-Api-Version: 2.1 X-Openstack-Request-Id: req-37490908-b809-4c8a-9a56-13f0ebebaf7e _http_log_response /usr/lib/python2.7/site-packages/keystoneauth1/session.py:479
2019-09-15 07:17:48.291 664 DEBUG novaclient.v2.client [-] RESP BODY: {"flavors": [{"name": "rally_full-flavor_alt_381dfadb-ceb8-4a09-b996-88424cbfdaaa", "links": [{"href": "http://10.167.4.35:8774/v2.1/flavors/07aee0db-6b1a-409a-94ef-f653db152dc9", "rel": "self"}, {"href": "http://10.167.4.35:8774/flavors/07aee0db-6b1a-409a-94ef-f653db152dc9", "rel": "bookmark"}], "ram": 1024, "OS-FLV-DISABLED:disabled": false, "vcpus": 1, "swap": "", "os-flavor-access:is_public": true, "rxtx_factor": 1.0, "OS-FLV-EXT-DATA:ephemeral": 0, "disk": 1, "id": "07aee0db-6b1a-409a-94ef-f653db152dc9"}, {"name": "rally_full-flavor_381dfadb-ceb8-4a09-b996-88424cbfdaaa", "links": [{"href": "http://10.167.4.35:8774/v2.1/flavors/b7082a89-a5da-4e14-8998-317570e2b3ee", "rel": "self"}, {"href": "http://10.167.4.35:8774/flavors/b7082a89-a5da-4e14-8998-317570e2b3ee", "rel": "bookmark"}], "ram": 512, "OS-FLV-DISABLED:disabled": false, "vcpus": 1, "swap": "", "os-flavor-access:is_public": true, "rxtx_factor": 1.0, "OS-FLV-EXT-DATA:ephemeral": 0, "disk": 1, "id": "b7082a89-a5da-4e14-8998-317570e2b3ee"}]} _http_log_response /usr/lib/python2.7/site-packages/keystoneauth1/session.py:511
2019-09-15 07:17:48.292 664 DEBUG novaclient.v2.client [-] GET call to compute for http://10.167.4.35:8774/v2.1/flavors/detail used request id req-37490908-b809-4c8a-9a56-13f0ebebaf7e request /usr/lib/python2.7/site-packages/keystoneauth1/session.py:844
2019-09-15 07:17:48.293 664 DEBUG novaclient.v2.client [-] REQ: curl -g -i --cacert "/etc/ssl/certs/mcp_os_cacert" -X GET http://10.167.4.35:8774/v2.1/flavors/detail -H "Accept: application/json" -H "User-Agent: python-novaclient" -H "X-Auth-Token: {SHA1}571c085b25d44c63579f1ed29f64ae664986a775" _http_log_request /usr/lib/python2.7/site-packages/keystoneauth1/session.py:448
2019-09-15 07:17:48.296 662 DEBUG novaclient.v2.client [-] RESP: [200] Connection: close Content-Length: 1014 Content-Type: application/json Date: Sun, 15 Sep 2019 07:17:48 GMT Openstack-Api-Version: compute 2.1 Vary: OpenStack-API-Version, X-OpenStack-Nova-API-Version X-Compute-Request-Id: req-d4e6e4d3-2482-4e29-9db8-229a8ad1f35f X-Openstack-Nova-Api-Version: 2.1 X-Openstack-Request-Id: req-d4e6e4d3-2482-4e29-9db8-229a8ad1f35f _http_log_response /usr/lib/python2.7/site-packages/keystoneauth1/session.py:479
2019-09-15 07:17:48.297 662 DEBUG novaclient.v2.client [-] RESP BODY: {"flavors": [{"name": "rally_full-flavor_alt_381dfadb-ceb8-4a09-b996-88424cbfdaaa", "links": [{"href": "http://10.167.4.35:8774/v2.1/flavors/07aee0db-6b1a-409a-94ef-f653db152dc9", "rel": "self"}, {"href": "http://10.167.4.35:8774/flavors/07aee0db-6b1a-409a-94ef-f653db152dc9", "rel": "bookmark"}], "ram": 1024, "OS-FLV-DISABLED:disabled": false, "vcpus": 1, "swap": "", "os-flavor-access:is_public": true, "rxtx_factor": 1.0, "OS-FLV-EXT-DATA:ephemeral": 0, "disk": 1, "id": "07aee0db-6b1a-409a-94ef-f653db152dc9"}, {"name": "rally_full-flavor_381dfadb-ceb8-4a09-b996-88424cbfdaaa", "links": [{"href": "http://10.167.4.35:8774/v2.1/flavors/b7082a89-a5da-4e14-8998-317570e2b3ee", "rel": "self"}, {"href": "http://10.167.4.35:8774/flavors/b7082a89-a5da-4e14-8998-317570e2b3ee", "rel": "bookmark"}], "ram": 512, "OS-FLV-DISABLED:disabled": false, "vcpus": 1, "swap": "", "os-flavor-access:is_public": true, "rxtx_factor": 1.0, "OS-FLV-EXT-DATA:ephemeral": 0, "disk": 1, "id": "b7082a89-a5da-4e14-8998-317570e2b3ee"}]} _http_log_response /usr/lib/python2.7/site-packages/keystoneauth1/session.py:511
2019-09-15 07:17:48.297 662 DEBUG novaclient.v2.client [-] GET call to compute for http://10.167.4.35:8774/v2.1/flavors/detail used request id req-d4e6e4d3-2482-4e29-9db8-229a8ad1f35f request /usr/lib/python2.7/site-packages/keystoneauth1/session.py:844
2019-09-15 07:17:48.299 662 DEBUG novaclient.v2.client [-] REQ: curl -g -i --cacert "/etc/ssl/certs/mcp_os_cacert" -X GET http://10.167.4.35:8774/v2.1/flavors/detail -H "Accept: application/json" -H "User-Agent: python-novaclient" -H "X-Auth-Token: {SHA1}56a1417b34b0678d00f987efff81dcad1a188fd6" _http_log_request /usr/lib/python2.7/site-packages/keystoneauth1/session.py:448
2019-09-15 07:17:48.302 665 DEBUG novaclient.v2.client [-] RESP: [200] Connection: close Content-Length: 1014 Content-Type: application/json Date: Sun, 15 Sep 2019 07:17:48 GMT Openstack-Api-Version: compute 2.1 Vary: OpenStack-API-Version, X-OpenStack-Nova-API-Version X-Compute-Request-Id: req-760c58ef-c3ff-40b3-8459-467edca803fd X-Openstack-Nova-Api-Version: 2.1 X-Openstack-Request-Id: req-760c58ef-c3ff-40b3-8459-467edca803fd _http_log_response /usr/lib/python2.7/site-packages/keystoneauth1/session.py:479
2019-09-15 07:17:48.302 665 DEBUG novaclient.v2.client [-] RESP BODY: {"flavors": [{"name": "rally_full-flavor_alt_381dfadb-ceb8-4a09-b996-88424cbfdaaa", "links": [{"href": "http://10.167.4.35:8774/v2.1/flavors/07aee0db-6b1a-409a-94ef-f653db152dc9", "rel": "self"}, {"href": "http://10.167.4.35:8774/flavors/07aee0db-6b1a-409a-94ef-f653db152dc9", "rel": "bookmark"}], "ram": 1024, "OS-FLV-DISABLED:disabled": false, "vcpus": 1, "swap": "", "os-flavor-access:is_public": true, "rxtx_factor": 1.0, "OS-FLV-EXT-DATA:ephemeral": 0, "disk": 1, "id": "07aee0db-6b1a-409a-94ef-f653db152dc9"}, {"name": "rally_full-flavor_381dfadb-ceb8-4a09-b996-88424cbfdaaa", "links": [{"href": "http://10.167.4.35:8774/v2.1/flavors/b7082a89-a5da-4e14-8998-317570e2b3ee", "rel": "self"}, {"href": "http://10.167.4.35:8774/flavors/b7082a89-a5da-4e14-8998-317570e2b3ee", "rel": "bookmark"}], "ram": 512, "OS-FLV-DISABLED:disabled": false, "vcpus": 1, "swap": "", "os-flavor-access:is_public": true, "rxtx_factor": 1.0, "OS-FLV-EXT-DATA:ephemeral": 0, "disk": 1, "id": "b7082a89-a5da-4e14-8998-317570e2b3ee"}]} _http_log_response /usr/lib/python2.7/site-packages/keystoneauth1/session.py:511
2019-09-15 07:17:48.303 665 DEBUG novaclient.v2.client [-] GET call to compute for http://10.167.4.35:8774/v2.1/flavors/detail used request id req-760c58ef-c3ff-40b3-8459-467edca803fd request /usr/lib/python2.7/site-packages/keystoneauth1/session.py:844
2019-09-15 07:17:48.303 665 DEBUG novaclient.v2.client [-] REQ: curl -g -i --cacert "/etc/ssl/certs/mcp_os_cacert" -X GET http://10.167.4.35:8774/v2.1/flavors/detail -H "Accept: application/json" -H "User-Agent: python-novaclient" -H "X-Auth-Token: {SHA1}4d60506d972025ab631cd9398bd669f78b1f4232" _http_log_request /usr/lib/python2.7/site-packages/keystoneauth1/session.py:448
2019-09-15 07:17:48.320 664 DEBUG novaclient.v2.client [-] RESP: [200] Connection: close Content-Length: 1014 Content-Type: application/json Date: Sun, 15 Sep 2019 07:17:48 GMT Openstack-Api-Version: compute 2.1 Vary: OpenStack-API-Version, X-OpenStack-Nova-API-Version X-Compute-Request-Id: req-8a395eb9-db17-46a3-b928-af91640b4d57 X-Openstack-Nova-Api-Version: 2.1 X-Openstack-Request-Id: req-8a395eb9-db17-46a3-b928-af91640b4d57 _http_log_response /usr/lib/python2.7/site-packages/keystoneauth1/session.py:479
2019-09-15 07:17:48.320 664 DEBUG novaclient.v2.client [-] RESP BODY: {"flavors": [{"name": "rally_full-flavor_alt_381dfadb-ceb8-4a09-b996-88424cbfdaaa", "links": [{"href": "http://10.167.4.35:8774/v2.1/flavors/07aee0db-6b1a-409a-94ef-f653db152dc9", "rel": "self"}, {"href": "http://10.167.4.35:8774/flavors/07aee0db-6b1a-409a-94ef-f653db152dc9", "rel": "bookmark"}], "ram": 1024, "OS-FLV-DISABLED:disabled": false, "vcpus": 1, "swap": "", "os-flavor-access:is_public": true, "rxtx_factor": 1.0, "OS-FLV-EXT-DATA:ephemeral": 0, "disk": 1, "id": "07aee0db-6b1a-409a-94ef-f653db152dc9"}, {"name": "rally_full-flavor_381dfadb-ceb8-4a09-b996-88424cbfdaaa", "links": [{"href": "http://10.167.4.35:8774/v2.1/flavors/b7082a89-a5da-4e14-8998-317570e2b3ee", "rel": "self"}, {"href": "http://10.167.4.35:8774/flavors/b7082a89-a5da-4e14-8998-317570e2b3ee", "rel": "bookmark"}], "ram": 512, "OS-FLV-DISABLED:disabled": false, "vcpus": 1, "swap": "", "os-flavor-access:is_public": true, "rxtx_factor": 1.0, "OS-FLV-EXT-DATA:ephemeral": 0, "disk": 1, "id": "b7082a89-a5da-4e14-8998-317570e2b3ee"}]} _http_log_response /usr/lib/python2.7/site-packages/keystoneauth1/session.py:511
2019-09-15 07:17:48.321 664 DEBUG novaclient.v2.client [-] GET call to compute for http://10.167.4.35:8774/v2.1/flavors/detail used request id req-8a395eb9-db17-46a3-b928-af91640b4d57 request /usr/lib/python2.7/site-packages/keystoneauth1/session.py:844
2019-09-15 07:17:48.321 664 INFO rally.task.runner [-] Task a3cd0a8e-8ef7-412c-b87c-ac0feb65a206 | ITER: 3 END: OK
2019-09-15 07:17:48.323 662 DEBUG novaclient.v2.client [-] RESP: [200] Connection: close Content-Length: 1014 Content-Type: application/json Date: Sun, 15 Sep 2019 07:17:48 GMT Openstack-Api-Version: compute 2.1 Vary: OpenStack-API-Version, X-OpenStack-Nova-API-Version X-Compute-Request-Id: req-3637ccf9-d81f-4dac-a3be-3835d481ea23 X-Openstack-Nova-Api-Version: 2.1 X-Openstack-Request-Id: req-3637ccf9-d81f-4dac-a3be-3835d481ea23 _http_log_response /usr/lib/python2.7/site-packages/keystoneauth1/session.py:479
2019-09-15 07:17:48.324 662 DEBUG novaclient.v2.client [-] RESP BODY: {"flavors": [{"name": "rally_full-flavor_alt_381dfadb-ceb8-4a09-b996-88424cbfdaaa", "links": [{"href": "http://10.167.4.35:8774/v2.1/flavors/07aee0db-6b1a-409a-94ef-f653db152dc9", "rel": "self"}, {"href": "http://10.167.4.35:8774/flavors/07aee0db-6b1a-409a-94ef-f653db152dc9", "rel": "bookmark"}], "ram": 1024, "OS-FLV-DISABLED:disabled": false, "vcpus": 1, "swap": "", "os-flavor-access:is_public": true, "rxtx_factor": 1.0, "OS-FLV-EXT-DATA:ephemeral": 0, "disk": 1, "id": "07aee0db-6b1a-409a-94ef-f653db152dc9"}, {"name": "rally_full-flavor_381dfadb-ceb8-4a09-b996-88424cbfdaaa", "links": [{"href": "http://10.167.4.35:8774/v2.1/flavors/b7082a89-a5da-4e14-8998-317570e2b3ee", "rel": "self"}, {"href": "http://10.167.4.35:8774/flavors/b7082a89-a5da-4e14-8998-317570e2b3ee", "rel": "bookmark"}], "ram": 512, "OS-FLV-DISABLED:disabled": false, "vcpus": 1, "swap": "", "os-flavor-access:is_public": true, "rxtx_factor": 1.0, "OS-FLV-EXT-DATA:ephemeral": 0, "disk": 1, "id": "b7082a89-a5da-4e14-8998-317570e2b3ee"}]} _http_log_response /usr/lib/python2.7/site-packages/keystoneauth1/session.py:511
2019-09-15 07:17:48.324 662 DEBUG novaclient.v2.client [-] GET call to compute for http://10.167.4.35:8774/v2.1/flavors/detail used request id req-3637ccf9-d81f-4dac-a3be-3835d481ea23 request /usr/lib/python2.7/site-packages/keystoneauth1/session.py:844
2019-09-15 07:17:48.325 665 DEBUG novaclient.v2.client [-] RESP: [200] Connection: close Content-Length: 1014 Content-Type: application/json Date: Sun, 15 Sep 2019 07:17:48 GMT Openstack-Api-Version: compute 2.1 Vary: OpenStack-API-Version, X-OpenStack-Nova-API-Version X-Compute-Request-Id: req-148d8fd0-b7d0-415e-9c95-5d1bc6f4742f X-Openstack-Nova-Api-Version: 2.1 X-Openstack-Request-Id: req-148d8fd0-b7d0-415e-9c95-5d1bc6f4742f _http_log_response /usr/lib/python2.7/site-packages/keystoneauth1/session.py:479
2019-09-15 07:17:48.325 665 DEBUG novaclient.v2.client [-] RESP BODY: {"flavors": [{"name": "rally_full-flavor_alt_381dfadb-ceb8-4a09-b996-88424cbfdaaa", "links": [{"href": "http://10.167.4.35:8774/v2.1/flavors/07aee0db-6b1a-409a-94ef-f653db152dc9", "rel": "self"}, {"href": "http://10.167.4.35:8774/flavors/07aee0db-6b1a-409a-94ef-f653db152dc9", "rel": "bookmark"}], "ram": 1024, "OS-FLV-DISABLED:disabled": false, "vcpus": 1, "swap": "", "os-flavor-access:is_public": true, "rxtx_factor": 1.0, "OS-FLV-EXT-DATA:ephemeral": 0, "disk": 1, "id": "07aee0db-6b1a-409a-94ef-f653db152dc9"}, {"name": "rally_full-flavor_381dfadb-ceb8-4a09-b996-88424cbfdaaa", "links": [{"href": "http://10.167.4.35:8774/v2.1/flavors/b7082a89-a5da-4e14-8998-317570e2b3ee", "rel": "self"}, {"href": "http://10.167.4.35:8774/flavors/b7082a89-a5da-4e14-8998-317570e2b3ee", "rel": "bookmark"}], "ram": 512, "OS-FLV-DISABLED:disabled": false, "vcpus": 1, "swap": "", "os-flavor-access:is_public": true, "rxtx_factor": 1.0, "OS-FLV-EXT-DATA:ephemeral": 0, "disk": 1, "id": "b7082a89-a5da-4e14-8998-317570e2b3ee"}]} _http_log_response /usr/lib/python2.7/site-packages/keystoneauth1/session.py:511
2019-09-15 07:17:48.325 665 DEBUG novaclient.v2.client [-] GET call to compute for http://10.167.4.35:8774/v2.1/flavors/detail used request id req-148d8fd0-b7d0-415e-9c95-5d1bc6f4742f request /usr/lib/python2.7/site-packages/keystoneauth1/session.py:844
2019-09-15 07:17:48.325 662 INFO rally.task.runner [-] Task a3cd0a8e-8ef7-412c-b87c-ac0feb65a206 | ITER: 1 END: OK
2019-09-15 07:17:48.325 664 INFO rally.task.runner [-] Task a3cd0a8e-8ef7-412c-b87c-ac0feb65a206 | ITER: 5 START
2019-09-15 07:17:48.326 665 INFO rally.task.runner [-] Task a3cd0a8e-8ef7-412c-b87c-ac0feb65a206 | ITER: 4 END: OK
2019-09-15 07:17:48.329 665 INFO rally.task.runner [-] Task a3cd0a8e-8ef7-412c-b87c-ac0feb65a206 | ITER: 7 START
2019-09-15 07:17:48.330 662 INFO rally.task.runner [-] Task a3cd0a8e-8ef7-412c-b87c-ac0feb65a206 | ITER: 6 START
2019-09-15 07:17:48.354 663 DEBUG novaclient.v2.client [-] RESP: [200] Connection: close Content-Length: 1014 Content-Type: application/json Date: Sun, 15 Sep 2019 07:17:48 GMT Openstack-Api-Version: compute 2.1 Vary: OpenStack-API-Version, X-OpenStack-Nova-API-Version X-Compute-Request-Id: req-5b6949e9-5ff1-48b9-8587-302282d04450 X-Openstack-Nova-Api-Version: 2.1 X-Openstack-Request-Id: req-5b6949e9-5ff1-48b9-8587-302282d04450 _http_log_response /usr/lib/python2.7/site-packages/keystoneauth1/session.py:479
2019-09-15 07:17:48.355 663 DEBUG novaclient.v2.client [-] RESP BODY: {"flavors": [{"name": "rally_full-flavor_alt_381dfadb-ceb8-4a09-b996-88424cbfdaaa", "links": [{"href": "http://10.167.4.35:8774/v2.1/flavors/07aee0db-6b1a-409a-94ef-f653db152dc9", "rel": "self"}, {"href": "http://10.167.4.35:8774/flavors/07aee0db-6b1a-409a-94ef-f653db152dc9", "rel": "bookmark"}], "ram": 1024, "OS-FLV-DISABLED:disabled": false, "vcpus": 1, "swap": "", "os-flavor-access:is_public": true, "rxtx_factor": 1.0, "OS-FLV-EXT-DATA:ephemeral": 0, "disk": 1, "id": "07aee0db-6b1a-409a-94ef-f653db152dc9"}, {"name": "rally_full-flavor_381dfadb-ceb8-4a09-b996-88424cbfdaaa", "links": [{"href": "http://10.167.4.35:8774/v2.1/flavors/b7082a89-a5da-4e14-8998-317570e2b3ee", "rel": "self"}, {"href": "http://10.167.4.35:8774/flavors/b7082a89-a5da-4e14-8998-317570e2b3ee", "rel": "bookmark"}], "ram": 512, "OS-FLV-DISABLED:disabled": false, "vcpus": 1, "swap": "", "os-flavor-access:is_public": true, "rxtx_factor": 1.0, "OS-FLV-EXT-DATA:ephemeral": 0, "disk": 1, "id": "b7082a89-a5da-4e14-8998-317570e2b3ee"}]} _http_log_response /usr/lib/python2.7/site-packages/keystoneauth1/session.py:511
2019-09-15 07:17:48.356 663 DEBUG novaclient.v2.client [-] GET call to compute for http://10.167.4.35:8774/v2.1/flavors/detail used request id req-5b6949e9-5ff1-48b9-8587-302282d04450 request /usr/lib/python2.7/site-packages/keystoneauth1/session.py:844
