2019-09-01 08:50:42.231 23755 WARNING rally_openstack.scenarios.neutron.utils [-] Running this scenario without either the 'network' or 'existing_network' context is deprecated
2019-09-01 08:50:42.233 23752 INFO rally.task.runner [-] Task 802e221d-3f14-4e6c-8d9a-cdeaa6132b43 | ITER: 3 START
2019-09-01 08:50:42.233 23768 RALLYDEBUG rally.task.runner [-] Starting a worker. concurrency: 1 args: {"network_create_args": {}, "subnet_create_args": {}, "subnet_cidr_start": "1.1.0.0/30", "subnets_per_network": 2} times: 40 method_name: run timeout: 0 duration: None cls:
2019-09-01 08:50:42.234 23752 WARNING rally_openstack.scenarios.neutron.utils [-] Running this scenario without either the 'network' or 'existing_network' context is deprecated
2019-09-01 08:50:42.235 23760 INFO rally.task.runner [-] Task 802e221d-3f14-4e6c-8d9a-cdeaa6132b43 | ITER: 10 START
2019-09-01 08:50:42.237 23760 WARNING rally_openstack.scenarios.neutron.utils [-] Running this scenario without either the 'network' or 'existing_network' context is deprecated
2019-09-01 08:50:42.236 23772 RALLYDEBUG rally.task.runner [-] Starting a worker. concurrency: 1 args: {"network_create_args": {}, "subnet_create_args": {}, "subnet_cidr_start": "1.1.0.0/30", "subnets_per_network": 2} times: 40 method_name: run timeout: 0 duration: None cls:
2019-09-01 08:50:42.239 23754 INFO rally.task.runner [-] Task 802e221d-3f14-4e6c-8d9a-cdeaa6132b43 | ITER: 7 START
2019-09-01 08:50:42.239 23765 INFO rally.task.runner [-] Task 802e221d-3f14-4e6c-8d9a-cdeaa6132b43 | ITER: 11 START
2019-09-01 08:50:42.240 23754 WARNING rally_openstack.scenarios.neutron.utils [-] Running this scenario without either the 'network' or 'existing_network' context is deprecated
2019-09-01 08:50:42.240 23768 INFO rally.task.runner [-] Task 802e221d-3f14-4e6c-8d9a-cdeaa6132b43 | ITER: 12 START
2019-09-01 08:50:42.232 23755 WARNING rally_openstack.scenarios.neutron.utils [-] Running this scenario without either the 'network' or 'existing_network' context is deprecated
2019-09-01 08:50:42.240 23773 RALLYDEBUG rally.task.runner [-] Starting a worker. concurrency: 1 args: {"network_create_args": {}, "subnet_create_args": {}, "subnet_cidr_start": "1.1.0.0/30", "subnets_per_network": 2} times: 40 method_name: run timeout: 0 duration: None cls:
2019-09-01 08:50:42.242 23768 WARNING rally_openstack.scenarios.neutron.utils [-] Running this scenario without either the 'network' or 'existing_network' context is deprecated
2019-09-01 08:50:42.242 23765 WARNING rally_openstack.scenarios.neutron.utils [-] Running this scenario without either the 'network' or 'existing_network' context is deprecated
2019-09-01 08:50:42.241 23753 INFO rally.task.runner [-] Task 802e221d-3f14-4e6c-8d9a-cdeaa6132b43 | ITER: 5 START
2019-09-01 08:50:42.245 23753 WARNING rally_openstack.scenarios.neutron.utils [-] Running this scenario without either the 'network' or 'existing_network' context is deprecated
2019-09-01 08:50:42.246 23772 INFO rally.task.runner [-] Task 802e221d-3f14-4e6c-8d9a-cdeaa6132b43 | ITER: 13 START
2019-09-01 08:50:42.246 23779 RALLYDEBUG rally.task.runner [-] Starting a worker. concurrency: 1 args: {"network_create_args": {}, "subnet_create_args": {}, "subnet_cidr_start": "1.1.0.0/30", "subnets_per_network": 2} times: 40 method_name: run timeout: 0 duration: None cls:
2019-09-01 08:50:42.248 23772 WARNING rally_openstack.scenarios.neutron.utils [-] Running this scenario without either the 'network' or 'existing_network' context is deprecated
2019-09-01 08:50:42.248 23773 INFO rally.task.runner [-] Task 802e221d-3f14-4e6c-8d9a-cdeaa6132b43 | ITER: 14 START
2019-09-01 08:50:42.250 23773 WARNING rally_openstack.scenarios.neutron.utils [-] Running this scenario without either the 'network' or 'existing_network' context is deprecated
2019-09-01 08:50:42.255 23779 INFO rally.task.runner [-] Task 802e221d-3f14-4e6c-8d9a-cdeaa6132b43 | ITER: 15 START
2019-09-01 08:50:42.257 23779 WARNING rally_openstack.scenarios.neutron.utils [-] Running this scenario without either the 'network' or 'existing_network' context is deprecated
2019-09-01 08:50:42.256 23787 RALLYDEBUG rally.task.runner [-] Starting a worker. concurrency: 1 args: {"network_create_args": {}, "subnet_create_args": {}, "subnet_cidr_start": "1.1.0.0/30", "subnets_per_network": 2} times: 40 method_name: run timeout: 0 duration: None cls:
2019-09-01 08:50:42.264 23787 INFO rally.task.runner [-] Task 802e221d-3f14-4e6c-8d9a-cdeaa6132b43 | ITER: 16 START
2019-09-01 08:50:42.266 23790 RALLYDEBUG rally.task.runner [-] Starting a worker. concurrency: 1 args: {"network_create_args": {}, "subnet_create_args": {}, "subnet_cidr_start": "1.1.0.0/30", "subnets_per_network": 2} times: 40 method_name: run timeout: 0 duration: None cls:
2019-09-01 08:50:42.267 23787 WARNING rally_openstack.scenarios.neutron.utils [-] Running this scenario without either the 'network' or 'existing_network' context is deprecated
2019-09-01 08:50:42.272 23790 INFO rally.task.runner [-] Task 802e221d-3f14-4e6c-8d9a-cdeaa6132b43 | ITER: 17 START
2019-09-01 08:50:42.274 23790 WARNING rally_openstack.scenarios.neutron.utils [-] Running this scenario without either the 'network' or 'existing_network' context is deprecated
2019-09-01 08:50:42.277 23793 RALLYDEBUG rally.task.runner [-] Starting a worker. concurrency: 1 args: {"network_create_args": {}, "subnet_create_args": {}, "subnet_cidr_start": "1.1.0.0/30", "subnets_per_network": 2} times: 40 method_name: run timeout: 0 duration: None cls:
2019-09-01 08:50:42.284 23793 INFO rally.task.runner [-] Task 802e221d-3f14-4e6c-8d9a-cdeaa6132b43 | ITER: 18 START
2019-09-01 08:50:42.284 23796 RALLYDEBUG rally.task.runner [-] Starting a worker. concurrency: 1 args: {"network_create_args": {}, "subnet_create_args": {}, "subnet_cidr_start": "1.1.0.0/30", "subnets_per_network": 2} times: 40 method_name: run timeout: 0 duration: None cls:
2019-09-01 08:50:42.286 23793 WARNING rally_openstack.scenarios.neutron.utils [-] Running this scenario without either the 'network' or 'existing_network' context is deprecated
2019-09-01 08:50:42.290 23796 INFO rally.task.runner [-] Task 802e221d-3f14-4e6c-8d9a-cdeaa6132b43 | ITER: 19 START
2019-09-01 08:50:42.290 23799 RALLYDEBUG rally.task.runner [-] Starting a worker. concurrency: 1 args: {"network_create_args": {}, "subnet_create_args": {}, "subnet_cidr_start": "1.1.0.0/30", "subnets_per_network": 2} times: 40 method_name: run timeout: 0 duration: None cls:
2019-09-01 08:50:42.291 23796 WARNING rally_openstack.scenarios.neutron.utils [-] Running this scenario without either the 'network' or 'existing_network' context is deprecated
2019-09-01 08:50:42.295 23799 INFO rally.task.runner [-] Task 802e221d-3f14-4e6c-8d9a-cdeaa6132b43 | ITER: 20 START
2019-09-01 08:50:42.296 23799 WARNING rally_openstack.scenarios.neutron.utils [-] Running this scenario without either the 'network' or 'existing_network' context is deprecated
2019-09-01 08:50:42.985 23752 RALLYDEBUG rally_openstack.wrappers.network [-] CIDR generated: 1.1.4.96/30
2019-09-01 08:50:43.001 23773 RALLYDEBUG rally_openstack.wrappers.network [-] CIDR generated: 1.1.4.100/30
2019-09-01 08:50:43.030 23753 RALLYDEBUG rally_openstack.wrappers.network [-] CIDR generated: 1.1.4.104/30
2019-09-01 08:50:43.063 23787 RALLYDEBUG rally_openstack.wrappers.network [-] CIDR generated: 1.1.4.108/30
2019-09-01 08:50:43.206 23752 RALLYDEBUG rally_openstack.wrappers.network [-] CIDR generated: 1.1.4.112/30
2019-09-01 08:50:43.224 23772 RALLYDEBUG rally_openstack.wrappers.network [-] CIDR generated: 1.1.4.116/30
2019-09-01 08:50:43.245 23757 RALLYDEBUG rally_openstack.wrappers.network [-] CIDR generated: 1.1.4.120/30
2019-09-01 08:50:43.250 23768 RALLYDEBUG rally_openstack.wrappers.network [-] CIDR generated: 1.1.4.124/30
2019-09-01 08:50:43.337 23760 RALLYDEBUG rally_openstack.wrappers.network [-] CIDR generated: 1.1.4.128/30
2019-09-01 08:50:43.374 23754 RALLYDEBUG rally_openstack.wrappers.network [-] CIDR generated: 1.1.4.132/30
2019-09-01 08:50:43.411 23765 RALLYDEBUG rally_openstack.wrappers.network [-] CIDR generated: 1.1.4.136/30
2019-09-01 08:50:43.510 23799 RALLYDEBUG rally_openstack.wrappers.network [-] CIDR generated: 1.1.4.140/30
2019-09-01 08:50:43.537 23755 RALLYDEBUG rally_openstack.wrappers.network [-] CIDR generated: 1.1.4.144/30
2019-09-01 08:50:43.550 23790 RALLYDEBUG rally_openstack.wrappers.network [-] CIDR generated: 1.1.4.148/30
2019-09-01 08:50:43.682 23779 RALLYDEBUG rally_openstack.wrappers.network [-] CIDR generated: 1.1.4.152/30
2019-09-01 08:50:43.807 23754 RALLYDEBUG rally_openstack.wrappers.network [-] CIDR generated: 1.1.4.156/30
2019-09-01 08:50:43.871 23793 RALLYDEBUG rally_openstack.wrappers.network [-] CIDR generated: 1.1.4.160/30
2019-09-01 08:50:43.873 23753 RALLYDEBUG rally_openstack.wrappers.network [-] CIDR generated: 1.1.4.164/30
2019-09-01 08:50:43.878 23755 RALLYDEBUG rally_openstack.wrappers.network [-] CIDR generated: 1.1.4.168/30
2019-09-01 08:50:43.925 23796 RALLYDEBUG rally_openstack.wrappers.network [-] CIDR generated: 1.1.4.172/30
2019-09-01 08:50:43.982 23753 RALLYDEBUG rally_openstack.wrappers.network [-] CIDR generated: 1.1.4.176/30
2019-09-01 08:50:44.513 23765 RALLYDEBUG rally_openstack.wrappers.network [-] CIDR generated: 1.1.4.180/30
2019-09-01 08:50:44.656 23754 RALLYDEBUG rally_openstack.wrappers.network [-] CIDR generated: 1.1.4.184/30
2019-09-01 08:50:44.672 23779 RALLYDEBUG rally_openstack.wrappers.network [-] CIDR generated: 1.1.4.188/30
2019-09-01 08:50:44.802 23754 RALLYDEBUG rally_openstack.wrappers.network [-] CIDR generated: 1.1.4.192/30
2019-09-01 08:50:44.930 23790 RALLYDEBUG rally_openstack.wrappers.network [-] CIDR generated: 1.1.4.196/30
2019-09-01 08:50:44.964 23752 RALLYDEBUG rally_openstack.wrappers.network [-] CIDR generated: 1.1.4.200/30
2019-09-01 08:50:45.089 23752 RALLYDEBUG rally_openstack.wrappers.network [-] CIDR generated: 1.1.4.204/30
2019-09-01 08:50:45.160 23796 RALLYDEBUG rally_openstack.wrappers.network [-] CIDR generated: 1.1.4.208/30
2019-09-01 08:50:45.177 23793 RALLYDEBUG rally_openstack.wrappers.network [-] CIDR generated: 1.1.4.212/30
2019-09-01 08:50:45.220 23799 RALLYDEBUG rally_openstack.wrappers.network [-] CIDR generated: 1.1.4.216/30
2019-09-01 08:50:45.284 23757 RALLYDEBUG rally_openstack.wrappers.network [-] CIDR generated: 1.1.4.220/30
2019-09-01 08:50:45.380 23753 RALLYDEBUG rally_openstack.wrappers.network [-] CIDR generated: 1.1.4.224/30
2019-09-01 08:50:45.410 23772 RALLYDEBUG rally_openstack.wrappers.network [-] CIDR generated: 1.1.4.228/30
2019-09-01 08:50:45.505 23768 RALLYDEBUG rally_openstack.wrappers.network [-] CIDR generated: 1.1.4.232/30
2019-09-01 08:50:45.540 23755 RALLYDEBUG rally_openstack.wrappers.network [-] CIDR generated: 1.1.4.236/30
2019-09-01 08:50:46.547 23773 RALLYDEBUG rally_openstack.wrappers.network [-] CIDR generated: 1.1.4.240/30
2019-09-01 08:50:46.708 23787 RALLYDEBUG rally_openstack.wrappers.network [-] CIDR generated: 1.1.4.244/30
2019-09-01 08:50:46.747 23755 RALLYDEBUG rally_openstack.wrappers.network [-] CIDR generated: 1.1.4.248/30
2019-09-01 08:50:46.918 23760 RALLYDEBUG rally_openstack.wrappers.network [-] CIDR generated: 1.1.4.252/30
2019-09-01 08:50:48.755 23768 INFO rally.task.runner [-] Task 802e221d-3f14-4e6c-8d9a-cdeaa6132b43 | ITER: 12 END: OK
2019-09-01 08:50:48.760 23768 INFO rally.task.runner [-] Task 802e221d-3f14-4e6c-8d9a-cdeaa6132b43 | ITER: 21 START
2019-09-01 08:50:48.761 23768 WARNING rally_openstack.scenarios.neutron.utils [-] Running this scenario without either the 'network' or 'existing_network' context is deprecated
2019-09-01 08:50:49.012 23796 INFO rally.task.runner [-] Task 802e221d-3f14-4e6c-8d9a-cdeaa6132b43 | ITER: 19 END: OK
2019-09-01 08:50:49.016 23796 INFO rally.task.runner [-] Task 802e221d-3f14-4e6c-8d9a-cdeaa6132b43 | ITER: 22 START
2019-09-01 08:50:49.017 23796 WARNING rally_openstack.scenarios.neutron.utils [-] Running this scenario without either the 'network' or 'existing_network' context is deprecated
2019-09-01 08:50:49.097 23787 INFO rally.task.runner [-] Task 802e221d-3f14-4e6c-8d9a-cdeaa6132b43 | ITER: 16 END: OK
2019-09-01 08:50:49.102 23787 INFO rally.task.runner [-] Task 802e221d-3f14-4e6c-8d9a-cdeaa6132b43 | ITER: 23 START
2019-09-01 08:50:49.103 23787 WARNING rally_openstack.scenarios.neutron.utils [-] Running this scenario without either the 'network' or 'existing_network' context is deprecated
2019-09-01 08:50:49.545 23768 RALLYDEBUG rally_openstack.wrappers.network [-] CIDR generated: 1.1.5.0/30
2019-09-01 08:50:49.871 23757 INFO rally.task.runner [-] Task 802e221d-3f14-4e6c-8d9a-cdeaa6132b43 | ITER: 9 END: OK
2019-09-01 08:50:49.876 23757 INFO rally.task.runner [-] Task 802e221d-3f14-4e6c-8d9a-cdeaa6132b43 | ITER: 24 START
2019-09-01 08:50:49.877 23757 WARNING rally_openstack.scenarios.neutron.utils [-] Running this scenario without either the 'network' or 'existing_network' context is deprecated
2019-09-01 08:50:49.979 23754 INFO rally.task.runner [-] Task 802e221d-3f14-4e6c-8d9a-cdeaa6132b43 | ITER: 7 END: OK
2019-09-01 08:50:49.983 23754 INFO rally.task.runner [-] Task 802e221d-3f14-4e6c-8d9a-cdeaa6132b43 | ITER: 25 START
2019-09-01 08:50:49.983 23754 WARNING rally_openstack.scenarios.neutron.utils [-] Running this scenario without either the 'network' or 'existing_network' context is deprecated
2019-09-01 08:50:50.315 23796 RALLYDEBUG rally_openstack.wrappers.network [-] CIDR generated: 1.1.5.4/30
2019-09-01 08:50:50.328 23787 RALLYDEBUG rally_openstack.wrappers.network [-] CIDR generated: 1.1.5.8/30
2019-09-01 08:50:50.344 23793 INFO rally.task.runner [-] Task 802e221d-3f14-4e6c-8d9a-cdeaa6132b43 | ITER: 18 END: OK
2019-09-01 08:50:50.349 23793 INFO rally.task.runner [-] Task 802e221d-3f14-4e6c-8d9a-cdeaa6132b43 | ITER: 26 START
2019-09-01 08:50:50.349 23793 WARNING rally_openstack.scenarios.neutron.utils [-] Running this scenario without either the 'network' or 'existing_network' context is deprecated
2019-09-01 08:50:50.435 23754 INFO rally.task.runner [-] Task 802e221d-3f14-4e6c-8d9a-cdeaa6132b43 | ITER: 4 END: OK
2019-09-01 08:50:50.439 23754 INFO rally.task.runner [-] Task 802e221d-3f14-4e6c-8d9a-cdeaa6132b43 | ITER: 27 START
2019-09-01 08:50:50.440 23754 WARNING rally_openstack.scenarios.neutron.utils [-] Running this scenario without either the 'network' or 'existing_network' context is deprecated
2019-09-01 08:50:50.492 23752 INFO rally.task.runner [-] Task 802e221d-3f14-4e6c-8d9a-cdeaa6132b43 | ITER: 3 END: OK
2019-09-01 08:50:50.496 23752 INFO rally.task.runner [-] Task 802e221d-3f14-4e6c-8d9a-cdeaa6132b43 | ITER: 28 START
2019-09-01 08:50:50.497 23752 WARNING rally_openstack.scenarios.neutron.utils [-] Running this scenario without either the 'network' or 'existing_network' context is deprecated
2019-09-01 08:50:50.558 23765 INFO rally.task.runner [-] Task 802e221d-3f14-4e6c-8d9a-cdeaa6132b43 | ITER: 11 END: OK
2019-09-01 08:50:50.562 23765 INFO rally.task.runner [-] Task 802e221d-3f14-4e6c-8d9a-cdeaa6132b43 | ITER: 29 START
2019-09-01 08:50:50.563 23765 WARNING rally_openstack.scenarios.neutron.utils [-] Running this scenario without either the 'network' or 'existing_network' context is deprecated
2019-09-01 08:50:50.623 23757 RALLYDEBUG rally_openstack.wrappers.network [-] CIDR generated: 1.1.5.12/30
2019-09-01 08:50:50.954 23799 INFO rally.task.runner [-] Task 802e221d-3f14-4e6c-8d9a-cdeaa6132b43 | ITER: 20 END: OK
2019-09-01 08:50:50.959 23799 INFO rally.task.runner [-] Task 802e221d-3f14-4e6c-8d9a-cdeaa6132b43 | ITER: 30 START
2019-09-01 08:50:50.960 23799 WARNING rally_openstack.scenarios.neutron.utils [-] Running this scenario without either the 'network' or 'existing_network' context is deprecated
2019-09-01 08:50:50.963 23754 RALLYDEBUG rally_openstack.wrappers.network [-] CIDR generated: 1.1.5.16/30
2019-09-01 08:50:50.965 23793 RALLYDEBUG rally_openstack.wrappers.network [-] CIDR generated: 1.1.5.20/30
2019-09-01 08:50:51.048 23773 INFO rally.task.runner [-] Task 802e221d-3f14-4e6c-8d9a-cdeaa6132b43 | ITER: 14 END: OK
2019-09-01 08:50:51.053 23773 INFO rally.task.runner [-] Task 802e221d-3f14-4e6c-8d9a-cdeaa6132b43 | ITER: 31 START
2019-09-01 08:50:51.054 23773 WARNING rally_openstack.scenarios.neutron.utils [-] Running this scenario without either the 'network' or 'existing_network' context is deprecated
2019-09-01 08:50:51.366 23790 INFO rally.task.runner [-] Task 802e221d-3f14-4e6c-8d9a-cdeaa6132b43 | ITER: 17 END: OK
2019-09-01 08:50:51.371 23790 INFO rally.task.runner [-] Task 802e221d-3f14-4e6c-8d9a-cdeaa6132b43 | ITER: 32 START
2019-09-01 08:50:51.372 23790 WARNING rally_openstack.scenarios.neutron.utils [-] Running this scenario without either the 'network' or 'existing_network' context is deprecated
2019-09-01 08:50:51.526 23754 RALLYDEBUG rally_openstack.wrappers.network [-] CIDR generated: 1.1.5.24/30
2019-09-01 08:50:51.576 23753 INFO rally.task.runner [-] Task 802e221d-3f14-4e6c-8d9a-cdeaa6132b43 | ITER: 5 END: OK
2019-09-01 08:50:51.582 23753 INFO rally.task.runner [-] Task 802e221d-3f14-4e6c-8d9a-cdeaa6132b43 | ITER: 33 START
2019-09-01 08:50:51.583 23753 WARNING rally_openstack.scenarios.neutron.utils [-] Running this scenario without either the 'network' or 'existing_network' context is deprecated
2019-09-01 08:50:51.724 23765 RALLYDEBUG rally_openstack.wrappers.network [-] CIDR generated: 1.1.5.28/30
2019-09-01 08:50:51.893 23787 RALLYDEBUG rally_openstack.wrappers.network [-] CIDR generated: 1.1.5.32/30
2019-09-01 08:50:51.916 23799 RALLYDEBUG rally_openstack.wrappers.network [-] CIDR generated: 1.1.5.36/30
2019-09-01 08:50:52.002 23773 RALLYDEBUG rally_openstack.wrappers.network [-] CIDR generated: 1.1.5.40/30
2019-09-01 08:50:52.029 23790 RALLYDEBUG rally_openstack.wrappers.network [-] CIDR generated: 1.1.5.44/30
2019-09-01 08:50:52.192 23752 RALLYDEBUG rally_openstack.wrappers.network [-] CIDR generated: 1.1.5.48/30
2019-09-01 08:50:52.326 23760 INFO rally.task.runner [-] Task 802e221d-3f14-4e6c-8d9a-cdeaa6132b43 | ITER: 10 END: OK
2019-09-01 08:50:52.331 23760 INFO rally.task.runner [-] Task 802e221d-3f14-4e6c-8d9a-cdeaa6132b43 | ITER: 34 START
2019-09-01 08:50:52.332 23760 WARNING rally_openstack.scenarios.neutron.utils [-] Running this scenario without either the 'network' or 'existing_network' context is deprecated
2019-09-01 08:50:52.621 23753 RALLYDEBUG rally_openstack.wrappers.network [-] CIDR generated: 1.1.5.52/30
2019-09-01 08:50:52.633 23752 INFO rally.task.runner [-] Task 802e221d-3f14-4e6c-8d9a-cdeaa6132b43 | ITER: 1 END: OK
2019-09-01 08:50:52.638 23752 INFO rally.task.runner [-] Task 802e221d-3f14-4e6c-8d9a-cdeaa6132b43 | ITER: 35 START
2019-09-01 08:50:52.638 23752 WARNING rally_openstack.scenarios.neutron.utils [-] Running this scenario without either the 'network' or 'existing_network' context is deprecated
2019-09-01 08:50:52.642 23779 INFO rally.task.runner [-] Task 802e221d-3f14-4e6c-8d9a-cdeaa6132b43 | ITER: 15 END: OK
2019-09-01 08:50:52.646 23779 INFO rally.task.runner [-] Task 802e221d-3f14-4e6c-8d9a-cdeaa6132b43 | ITER: 36 START
2019-09-01 08:50:52.647 23779 WARNING rally_openstack.scenarios.neutron.utils [-] Running this scenario without either the 'network' or 'existing_network' context is deprecated
2019-09-01 08:50:52.833 23796 RALLYDEBUG rally_openstack.wrappers.network [-] CIDR generated: 1.1.5.56/30
2019-09-01 08:50:52.874 23772 INFO rally.task.runner [-] Task 802e221d-3f14-4e6c-8d9a-cdeaa6132b43 | ITER: 13 END: OK
2019-09-01 08:50:52.879 23772 INFO rally.task.runner [-] Task 802e221d-3f14-4e6c-8d9a-cdeaa6132b43 | ITER: 37 START
2019-09-01 08:50:52.880 23772 WARNING rally_openstack.scenarios.neutron.utils [-] Running this scenario without either the 'network' or 'existing_network' context is deprecated
2019-09-01 08:50:52.930 23760 RALLYDEBUG rally_openstack.wrappers.network [-] CIDR generated: 1.1.5.60/30
2019-09-01 08:50:52.987 23793 RALLYDEBUG rally_openstack.wrappers.network [-] CIDR generated: 1.1.5.64/30
2019-09-01 08:50:52.989 23799 RALLYDEBUG rally_openstack.wrappers.network [-] CIDR generated: 1.1.5.68/30
2019-09-01 08:50:53.267 23790 RALLYDEBUG rally_openstack.wrappers.network [-] CIDR generated: 1.1.5.72/30
2019-09-01 08:50:53.293 23752 RALLYDEBUG rally_openstack.wrappers.network [-] CIDR generated: 1.1.5.76/30
2019-09-01 08:50:53.354 23755 INFO rally.task.runner [-] Task 802e221d-3f14-4e6c-8d9a-cdeaa6132b43 | ITER: 6 END: OK
2019-09-01 08:50:53.357 23779 RALLYDEBUG rally_openstack.wrappers.network [-] CIDR generated: 1.1.5.80/30
2019-09-01 08:50:53.359 23755 INFO rally.task.runner [-] Task 802e221d-3f14-4e6c-8d9a-cdeaa6132b43 | ITER: 38 START
2019-09-01 08:50:53.360 23755 WARNING rally_openstack.scenarios.neutron.utils [-] Running this scenario without either the 'network' or 'existing_network' context is deprecated
2019-09-01 08:50:53.527 23752 RALLYDEBUG rally_openstack.wrappers.network [-] CIDR generated: 1.1.5.84/30
2019-09-01 08:50:53.536 23772 RALLYDEBUG rally_openstack.wrappers.network [-] CIDR generated: 1.1.5.88/30
2019-09-01 08:50:53.650 23768 RALLYDEBUG rally_openstack.wrappers.network [-] CIDR generated: 1.1.5.92/30
2019-09-01 08:50:54.045 23753 INFO rally.task.runner [-] Task 802e221d-3f14-4e6c-8d9a-cdeaa6132b43 | ITER: 2 END: OK
2019-09-01 08:50:54.049 23753 INFO rally.task.runner [-] Task 802e221d-3f14-4e6c-8d9a-cdeaa6132b43 | ITER: 39 START
2019-09-01 08:50:54.050 23753 WARNING rally_openstack.scenarios.neutron.utils [-] Running this scenario without either the 'network' or 'existing_network' context is deprecated
2019-09-01 08:50:54.156 23757 RALLYDEBUG rally_openstack.wrappers.network [-] CIDR generated: 1.1.5.96/30
2019-09-01 08:50:54.279 23772 RALLYDEBUG rally_openstack.wrappers.network [-] CIDR generated: 1.1.5.100/30
2019-09-01 08:50:54.595 23779 RALLYDEBUG rally_openstack.wrappers.network [-] CIDR generated: 1.1.5.104/30
2019-09-01 08:50:54.635 23753 RALLYDEBUG rally_openstack.wrappers.network [-] CIDR generated: 1.1.5.112/30
2019-09-01 08:50:54.632 23753 RALLYDEBUG rally_openstack.wrappers.network [-] CIDR generated: 1.1.5.108/30
2019-09-01 08:50:54.913 23754 RALLYDEBUG rally_openstack.wrappers.network [-] CIDR generated: 1.1.5.116/30
2019-09-01 08:50:54.963 23755 RALLYDEBUG rally_openstack.wrappers.network [-] CIDR generated: 1.1.5.120/30
2019-09-01 08:50:54.982 23773 RALLYDEBUG rally_openstack.wrappers.network [-] CIDR generated: 1.1.5.124/30
2019-09-01 08:50:54.999 23765 RALLYDEBUG rally_openstack.wrappers.network [-] CIDR generated: 1.1.5.128/30
2019-09-01 08:50:55.494 23754 RALLYDEBUG rally_openstack.wrappers.network [-] CIDR generated: 1.1.5.132/30
2019-09-01 08:50:55.648 23753 RALLYDEBUG rally_openstack.wrappers.network [-] CIDR generated: 1.1.5.136/30
2019-09-01 08:50:55.859 23755 RALLYDEBUG rally_openstack.wrappers.network [-] CIDR generated: 1.1.5.140/30
2019-09-01 08:50:57.651 23755 INFO rally.task.runner [-] Task 802e221d-3f14-4e6c-8d9a-cdeaa6132b43 | ITER: 8 END: OK
2019-09-01 08:50:57.655 23755 INFO rally.task.runner [-] Task 802e221d-3f14-4e6c-8d9a-cdeaa6132b43 | ITER: 40 START
2019-09-01 08:50:57.656 23755 WARNING rally_openstack.scenarios.neutron.utils [-] Running this scenario without either the 'network' or 'existing_network' context is deprecated
2019-09-01 08:50:57.997 23796 INFO rally.task.runner [-] Task 802e221d-3f14-4e6c-8d9a-cdeaa6132b43 | ITER: 22 END: OK
2019-09-01 08:50:58.307 23755 RALLYDEBUG rally_openstack.wrappers.network [-] CIDR generated: 1.1.5.144/30
2019-09-01 08:50:58.707 23760 RALLYDEBUG rally_openstack.wrappers.network [-] CIDR generated: 1.1.5.148/30
2019-09-01 08:50:58.844 23752 RALLYDEBUG rally_openstack.wrappers.network [-] CIDR generated: 1.1.5.152/30
2019-09-01 08:50:58.956 23779 INFO rally.task.runner [-] Task 802e221d-3f14-4e6c-8d9a-cdeaa6132b43 | ITER: 36 END: OK
2019-09-01 08:50:59.596 23753 INFO rally.task.runner [-] Task 802e221d-3f14-4e6c-8d9a-cdeaa6132b43 | ITER: 39 END: OK
2019-09-01 08:50:59.809 23757 INFO rally.task.runner [-] Task 802e221d-3f14-4e6c-8d9a-cdeaa6132b43 | ITER: 24 END: OK
2019-09-01 08:50:59.830 23754 INFO rally.task.runner [-] Task 802e221d-3f14-4e6c-8d9a-cdeaa6132b43 | ITER: 27 END: OK
2019-09-01 08:50:59.846 23754 INFO rally.task.runner [-] Task 802e221d-3f14-4e6c-8d9a-cdeaa6132b43 | ITER: 25 END: OK
2019-09-01 08:50:59.921 23793 INFO rally.task.runner [-] Task 802e221d-3f14-4e6c-8d9a-cdeaa6132b43 | ITER: 26 END: OK
2019-09-01 08:50:59.987 23755 RALLYDEBUG rally_openstack.wrappers.network [-] CIDR generated: 1.1.5.156/30
2019-09-01 08:51:00.358 23772 INFO rally.task.runner [-] Task 802e221d-3f14-4e6c-8d9a-cdeaa6132b43 | ITER: 37 END: OK
2019-09-01 08:51:00.571 23790 INFO rally.task.runner [-] Task 802e221d-3f14-4e6c-8d9a-cdeaa6132b43 | ITER: 32 END: OK
2019-09-01 08:51:00.751 23752 INFO rally.task.runner [-] Task 802e221d-3f14-4e6c-8d9a-cdeaa6132b43 | ITER: 28 END: OK
2019-09-01 08:51:01.130 23765 INFO rally.task.runner [-] Task 802e221d-3f14-4e6c-8d9a-cdeaa6132b43 | ITER: 29 END: OK
2019-09-01 08:51:01.325 23755 INFO rally.task.runner [-] Task 802e221d-3f14-4e6c-8d9a-cdeaa6132b43 | ITER: 38 END: OK
2019-09-01 08:51:01.721 23773 INFO rally.task.runner [-] Task 802e221d-3f14-4e6c-8d9a-cdeaa6132b43 | ITER: 31 END: OK
2019-09-01 08:51:02.104 23799 INFO rally.task.runner [-] Task 802e221d-3f14-4e6c-8d9a-cdeaa6132b43 | ITER: 30 END: OK
2019-09-01 08:51:02.189 23753 INFO rally.task.runner [-] Task 802e221d-3f14-4e6c-8d9a-cdeaa6132b43 | ITER: 33 END: OK
2019-09-01 08:51:02.513 23768 INFO rally.task.runner [-] Task 802e221d-3f14-4e6c-8d9a-cdeaa6132b43 | ITER: 21 END: OK
2019-09-01 08:51:02.775 23787 INFO rally.task.runner [-] Task 802e221d-3f14-4e6c-8d9a-cdeaa6132b43 | ITER: 23 END: OK
2019-09-01 08:51:03.382 23752 INFO rally.task.runner [-] Task 802e221d-3f14-4e6c-8d9a-cdeaa6132b43 | ITER: 35 END: OK
2019-09-01 08:51:04.902 23755 INFO rally.task.runner [-] Task 802e221d-3f14-4e6c-8d9a-cdeaa6132b43 | ITER: 40 END: OK
2019-09-01 08:51:05.446 23760 INFO rally.task.runner [-] Task 802e221d-3f14-4e6c-8d9a-cdeaa6132b43 | ITER: 34 END: OK
2019-09-01 08:51:05.478 21658 INFO rally.task.context [-] Task 802e221d-3f14-4e6c-8d9a-cdeaa6132b43 | Context cleanup@openstack cleanup() started
2019-09-01 08:51:05.481 21658 RALLYDEBUG rally_openstack.cleanup.manager [-] Cleaning up neutron vip objects
2019-09-01 08:51:05.895 21658 RALLYDEBUG rally_openstack.cleanup.manager [-] Cleaning up neutron health_monitor objects
2019-09-01 08:51:06.274 21658 RALLYDEBUG rally_openstack.cleanup.manager [-] Cleaning up neutron pool objects
2019-09-01 08:51:06.848 21658 RALLYDEBUG rally_openstack.cleanup.manager [-] Cleaning up neutron loadbalancer objects
2019-09-01 08:51:07.233 21658 RALLYDEBUG rally_openstack.cleanup.manager [-] Cleaning up neutron floatingip objects
2019-09-01 08:51:07.656 21658 RALLYDEBUG rally_openstack.cleanup.manager [-] Cleaning up neutron port objects
2019-09-01 08:51:08.195 21658 RALLYDEBUG rally_openstack.cleanup.manager [-] Cleaning up neutron subnet objects
2019-09-01 08:51:08.616 21658 RALLYDEBUG rally_openstack.cleanup.manager [-] Cleaning up neutron network objects
2019-09-01 08:51:09.152 21658 RALLYDEBUG rally_openstack.cleanup.manager [-] Deleting neutron.network object s_rally_ba296a28_PrtkNLSS (00fa4e90-40f9-4db0-b43d-ebaae58ef508)
2019-09-01 08:51:09.167 21658 RALLYDEBUG rally_openstack.cleanup.manager [-] Deleting neutron.network object s_rally_ba296a28_js6wc7zd (0839b4f1-fca6-4432-bf22-52eedb152e47)
2019-09-01 08:51:09.172 21658 RALLYDEBUG rally_openstack.cleanup.manager [-] Deleting neutron.network object s_rally_ba296a28_LTW5TKNy (11abe8ea-0e8e-4644-bc0c-aab966721bc2)
2019-09-01 08:51:09.176 21658 RALLYDEBUG rally_openstack.cleanup.manager [-] Deleting neutron.network object s_rally_ba296a28_q32jArFN (174e7fb1-708d-4a65-baf3-fce61866abfc)
2019-09-01 08:51:09.181 21658 RALLYDEBUG rally_openstack.cleanup.manager [-] Deleting neutron.network object s_rally_ba296a28_EWhbxYP4 (221f7de4-3dbf-4996-b945-ddbdb42317f3)
2019-09-01 08:51:09.192 21658 RALLYDEBUG rally_openstack.cleanup.manager [-] Deleting neutron.network object s_rally_ba296a28_91eJAlGx (1ad6c053-1b33-40dd-8ba9-5c9bb594625f)
2019-09-01 08:51:09.193 21658 RALLYDEBUG rally_openstack.cleanup.manager [-] Deleting neutron.network object s_rally_ba296a28_pWAGi9i1 (2fea99cf-c252-472c-83e8-183acfcaf9d5)
2019-09-01 08:51:09.208 21658 RALLYDEBUG rally_openstack.cleanup.manager [-] Deleting neutron.network object s_rally_ba296a28_WrXI5ap4 (2c35a0e8-92ca-439a-9f43-5f6ffff80f18)
2019-09-01 08:51:09.269 21658 RALLYDEBUG rally_openstack.cleanup.manager [-] Deleting neutron.network object s_rally_ba296a28_pU8NV8Zh (3e9b2216-f54b-45b9-9f51-c2e6224553f1)
2019-09-01 08:51:09.273 21658 RALLYDEBUG rally_openstack.cleanup.manager [-] Deleting neutron.network object s_rally_ba296a28_laaUDk1j (6a664182-7ad9-4b90-836c-59e3810b6b49)
2019-09-01 08:51:09.277 21658 RALLYDEBUG rally_openstack.cleanup.manager [-] Deleting neutron.network object s_rally_ba296a28_pnGkqudu (5eda01c8-d635-4d4f-96a8-2ffb67021945)
2019-09-01 08:51:09.272 21658 RALLYDEBUG rally_openstack.cleanup.manager [-] Deleting neutron.network object s_rally_ba296a28_8e7QeDh8 (33604cff-b449-41b9-b612-434b72bb001a)
2019-09-01 08:51:09.279 21658 RALLYDEBUG rally_openstack.cleanup.manager [-] Deleting neutron.network object s_rally_ba296a28_1L9K849m (4187c485-32b4-493e-8769-4ba243b8badf)
2019-09-01 08:51:09.286 21658 RALLYDEBUG rally_openstack.cleanup.manager [-] Deleting neutron.network object s_rally_ba296a28_bPNUqh7E (33ab898c-6d39-48af-800d-9eceba62f411)
2019-09-01 08:51:09.297 21658 RALLYDEBUG rally_openstack.cleanup.manager [-] Deleting neutron.network object s_rally_ba296a28_KugDjsnr (697f8511-45a1-4b2e-aa0e-78b80fdb267d)
2019-09-01 08:51:09.317 21658 RALLYDEBUG rally_openstack.cleanup.manager [-] Deleting neutron.network object s_rally_ba296a28_r45NfqPX (701f3263-f7f5-4d7c-b890-48b33611e69d)
2019-09-01 08:51:09.333 21658 RALLYDEBUG rally_openstack.cleanup.manager [-] Deleting neutron.network object s_rally_ba296a28_HvSL8G2c (4db52270-b297-4fbb-a020-fa1fff1efc4f)
2019-09-01 08:51:09.368 21658 RALLYDEBUG rally_openstack.cleanup.manager [-] Deleting neutron.network object s_rally_ba296a28_SnylRbZo (7a477865-744f-4321-8af3-3d5819bd2530)
2019-09-01 08:51:09.377 21658 RALLYDEBUG rally_openstack.cleanup.manager [-] Deleting neutron.network object s_rally_ba296a28_yGOc1ejE (79d543c9-145b-405f-ac17-407c8a463a9c)
2019-09-01 08:51:09.399 21658 RALLYDEBUG rally_openstack.cleanup.manager [-] Deleting neutron.network object s_rally_ba296a28_eeEl7Ofb (73356518-754d-499e-ae12-2e0d69fc7d2a)
2019-09-01 08:51:11.555 21658 RALLYDEBUG rally_openstack.cleanup.manager [-] Deleting neutron.network object s_rally_ba296a28_tzGl8Ayi (7ccb442d-030b-4e8b-9216-6eea7f0ab5d1)
2019-09-01 08:51:11.604 21658 RALLYDEBUG rally_openstack.cleanup.manager [-] Deleting neutron.network object s_rally_ba296a28_fm6fLZaG (8316336a-ab4f-441a-baa3-03313ea5dd20)
2019-09-01 08:51:11.835 21658 RALLYDEBUG rally_openstack.cleanup.manager [-] Deleting neutron.network object s_rally_ba296a28_IRoWwEOh (84a2cae3-d4ba-4181-8b78-f38733a76b03)
2019-09-01 08:51:11.855 21658 RALLYDEBUG rally_openstack.cleanup.manager [-] Deleting neutron.network object s_rally_ba296a28_kjEpuFWL (8b5c8735-634b-42e6-a163-ed675de99124)
2019-09-01 08:51:12.125 21658 RALLYDEBUG rally_openstack.cleanup.manager [-] Deleting neutron.network object s_rally_ba296a28_MOc3Gf7T (8bd5eace-7bee-4cda-b8d9-b002e484108b)
2019-09-01 08:51:12.226 21658 RALLYDEBUG rally_openstack.cleanup.manager [-] Deleting neutron.network object s_rally_ba296a28_QcwVwOkb (9b32f88e-f3b3-40d6-91c7-8b6af763cdd5)
2019-09-01 08:51:12.315 21658 RALLYDEBUG rally_openstack.cleanup.manager [-] Deleting neutron.network object s_rally_ba296a28_q9GSaeZg (9e65a11c-f2e3-42f4-85f8-0febb5f930e7)
2019-09-01 08:51:12.381 21658 RALLYDEBUG rally_openstack.cleanup.manager [-] Deleting neutron.network object s_rally_ba296a28_X5UOVE2W (a43d1dd9-7416-4bc1-91f1-619232421336)
2019-09-01 08:51:12.490 21658 RALLYDEBUG rally_openstack.cleanup.manager [-] Deleting neutron.network object s_rally_ba296a28_L2TFL0ak (a79cfc6d-9356-44d3-9101-e7cae297ea99)
2019-09-01 08:51:12.596 21658 RALLYDEBUG rally_openstack.cleanup.manager [-] Deleting neutron.network object s_rally_ba296a28_5mq8DNBg (aec5eb79-3131-4ae7-a3da-c86d3a41e64e)
2019-09-01 08:51:12.696 21658 RALLYDEBUG rally_openstack.cleanup.manager [-] Deleting neutron.network object s_rally_ba296a28_lEDsdBjD (b8daf363-0908-4729-a593-0c1ca2c3a59f)
2019-09-01 08:51:12.765 21658 RALLYDEBUG rally_openstack.cleanup.manager [-] Deleting neutron.network object s_rally_ba296a28_WsS0yjNH (b95567c1-7a21-48e7-9a6f-ee9ad1923e98)
2019-09-01 08:51:12.776 21658 RALLYDEBUG rally_openstack.cleanup.manager [-] Deleting neutron.network object s_rally_ba296a28_mHUEorK5 (cb95aedf-2339-49a9-8d94-6e1dd6ee1c75)
2019-09-01 08:51:12.803 21658 RALLYDEBUG rally_openstack.cleanup.manager [-] Deleting neutron.network object s_rally_ba296a28_qlmABRCY (dc222865-5f2a-40e4-8941-d151304d2df8)
2019-09-01 08:51:13.070 21658 RALLYDEBUG rally_openstack.cleanup.manager [-] Deleting neutron.network object s_rally_ba296a28_SHQkQ3xO (e888efa6-76f9-4f77-8fcc-06a4af6786f4)
2019-09-01 08:51:13.161 21658 RALLYDEBUG rally_openstack.cleanup.manager [-] Deleting neutron.network object s_rally_ba296a28_KcnNaYP5 (e8bea5f0-cd50-46ef-bac2-34bd1e8072fb)
2019-09-01 08:51:13.411 21658 RALLYDEBUG rally_openstack.cleanup.manager [-] Deleting neutron.network object s_rally_ba296a28_GNCHvdID (f0d404d5-b0f7-4467-97e2-54841cfa0543)
2019-09-01 08:51:13.596 21658 RALLYDEBUG rally_openstack.cleanup.manager [-] Deleting neutron.network object s_rally_ba296a28_2v7tys8A (f22a076f-a470-4e02-abde-71a115d11810)
2019-09-01 08:51:13.883 21658 RALLYDEBUG rally_openstack.cleanup.manager [-] Deleting neutron.network object s_rally_ba296a28_sGPbivYn (f8a7bc4f-27de-4ee7-847d-c1c0ba81ab3e)
2019-09-01 08:51:14.032 21658 RALLYDEBUG rally_openstack.cleanup.manager [-] Deleting neutron.network object s_rally_ba296a28_eox319Rq (ffeffe32-bb71-49b7-a169-5737a7a93d6d)
2019-09-01 08:51:17.471 21658 RALLYDEBUG rally_openstack.cleanup.manager [-] Cleaning up neutron router objects
2019-09-01 08:51:17.902 21658 RALLYDEBUG rally_openstack.cleanup.manager [-] Cleaning up neutron security_group objects
2019-09-01 08:51:18.308 21658 INFO rally.task.context [-] Task 802e221d-3f14-4e6c-8d9a-cdeaa6132b43 | Context cleanup@openstack cleanup() finished in 12.83 sec
2019-09-01 08:51:18.308 21658 INFO rally.task.context [-] Task 802e221d-3f14-4e6c-8d9a-cdeaa6132b43 | Context quotas@openstack cleanup() started
2019-09-01 08:51:18.384 21658 INFO rally.task.context [-] Task 802e221d-3f14-4e6c-8d9a-cdeaa6132b43 | Context quotas@openstack cleanup() finished in 76.01 msec
2019-09-01 08:51:18.385 21658 INFO rally.task.context [-] Task 802e221d-3f14-4e6c-8d9a-cdeaa6132b43 | Context users@openstack cleanup() started
2019-09-01 08:51:20.961 21658 INFO rally.task.context [-] Task 802e221d-3f14-4e6c-8d9a-cdeaa6132b43 | Context users@openstack cleanup() finished in 2.58 sec
2019-09-01 08:51:21.594 21658 INFO rally.task.engine [-] Load duration is: 23.226348
2019-09-01 08:51:21.594 21658 INFO rally.task.engine [-] Full runner duration is: 23.284456
2019-09-01 08:51:21.594 21658 INFO rally.task.engine [-] Full duration is: 41.676703
2019-09-01 08:51:22.037 21658 INFO rally.task.engine [-] Running workload: position = 0 config = { "version": 2, "title": "A cropped version of a bigger task.", "description": "Auto-generated task from a single workload (uuid=6f76710f-c2e9-4295-b139-7a81af88b89e)", "subtasks": [ { "title": "NeutronNetworks.create_and_list_routers", "description": "Create and a given number of routers and list all routers.", "scenario": { "NeutronNetworks.create_and_list_routers": { "network_create_args": null, "subnet_create_args": null, "subnet_cidr_start": "1.1.0.0/30", "subnets_per_network": 2, "router_create_args": null } }, "contexts": { "users": { "tenants": 1, "users_per_tenant": 1 }, "quotas": { "neutron": { "network": -1, "subnet": -1, "router": -1 } } }, "runner": { "constant": { "times": 40, "concurrency": 20 } }, "hooks": [], "sla": { "failure_rate": { "max": 0 } } } ] }
2019-09-01 08:51:22.065 21658 RALLYDEBUG rally_openstack.contexts.keystone.users [-] Creating 1 tenants using 20 threads
2019-09-01 08:51:22.947 21658 RALLYDEBUG rally_openstack.contexts.keystone.users [-] Creating 1 users using 20 threads
2019-09-01 08:51:24.247 21658 INFO rally.task.context [-] Task 802e221d-3f14-4e6c-8d9a-cdeaa6132b43 | Context users@openstack setup() finished in 2.18 sec
2019-09-01 08:51:24.767 21658 INFO rally.task.context [-] Task 802e221d-3f14-4e6c-8d9a-cdeaa6132b43 | Context quotas@openstack setup() finished in 0.52 sec
2019-09-01 08:51:24.768 21658 INFO rally.task.context [-] Task 802e221d-3f14-4e6c-8d9a-cdeaa6132b43 | Context cleanup@openstack setup() finished in 0.01 msec
2019-09-01 08:51:24.777 21658 RALLYDEBUG rally.task.runner [-] Starting the constant runner (task UUID: 802e221d-3f14-4e6c-8d9a-cdeaa6132b43). timeout: 0 concurrency: 20 concurrency_per_worker: 1 times: 40 concurrency_overhead: 4 processes_to_start: 16 max_cpu_used: 16
2019-09-01 08:51:24.792 24122 RALLYDEBUG rally.task.runner [-] Starting a worker. concurrency: 2 args: {"network_create_args": null, "subnet_create_args": null, "subnet_cidr_start": "1.1.0.0/30", "subnets_per_network": 2, "router_create_args": null} times: 40 method_name: run timeout: 0 duration: None cls:
2019-09-01 08:51:24.794 24123 RALLYDEBUG rally.task.runner [-] Starting a worker. concurrency: 2 args: {"network_create_args": null, "subnet_create_args": null, "subnet_cidr_start": "1.1.0.0/30", "subnets_per_network": 2, "router_create_args": null} times: 40 method_name: run timeout: 0 duration: None cls:
2019-09-01 08:51:24.798 24124 RALLYDEBUG rally.task.runner [-] Starting a worker. concurrency: 2 args: {"network_create_args": null, "subnet_create_args": null, "subnet_cidr_start": "1.1.0.0/30", "subnets_per_network": 2, "router_create_args": null} times: 40 method_name: run timeout: 0 duration: None cls:
2019-09-01 08:51:24.801 24125 RALLYDEBUG rally.task.runner [-] Starting a worker. concurrency: 2 args: {"network_create_args": null, "subnet_create_args": null, "subnet_cidr_start": "1.1.0.0/30", "subnets_per_network": 2, "router_create_args": null} times: 40 method_name: run timeout: 0 duration: None cls:
2019-09-01 08:51:24.802 24122 INFO rally.task.runner [-] Task 802e221d-3f14-4e6c-8d9a-cdeaa6132b43 | ITER: 1 START
2019-09-01 08:51:24.804 24123 INFO rally.task.runner [-] Task 802e221d-3f14-4e6c-8d9a-cdeaa6132b43 | ITER: 2 START
2019-09-01 08:51:24.804 24127 RALLYDEBUG rally.task.runner [-] Starting a worker. concurrency: 1 args: {"network_create_args": null, "subnet_create_args": null, "subnet_cidr_start": "1.1.0.0/30", "subnets_per_network": 2, "router_create_args": null} times: 40 method_name: run timeout: 0 duration: None cls:
2019-09-01 08:51:24.808 24124 INFO rally.task.runner [-] Task 802e221d-3f14-4e6c-8d9a-cdeaa6132b43 | ITER: 4 START
2019-09-01 08:51:24.809 24125 INFO rally.task.runner [-] Task 802e221d-3f14-4e6c-8d9a-cdeaa6132b43 | ITER: 6 START
2019-09-01 08:51:24.810 24127 INFO rally.task.runner [-] Task 802e221d-3f14-4e6c-8d9a-cdeaa6132b43 | ITER: 8 START
2019-09-01 08:51:24.811 24131 RALLYDEBUG rally.task.runner [-] Starting a worker. concurrency: 1 args: {"network_create_args": null, "subnet_create_args": null, "subnet_cidr_start": "1.1.0.0/30", "subnets_per_network": 2, "router_create_args": null} times: 40 method_name: run timeout: 0 duration: None cls:
2019-09-01 08:51:24.812 24135 RALLYDEBUG rally.task.runner [-] Starting a worker. concurrency: 1 args: {"network_create_args": null, "subnet_create_args": null, "subnet_cidr_start": "1.1.0.0/30", "subnets_per_network": 2, "router_create_args": null} times: 40 method_name: run timeout: 0 duration: None cls:
2019-09-01 08:51:24.806 24123 INFO rally.task.runner [-] Task 802e221d-3f14-4e6c-8d9a-cdeaa6132b43 | ITER: 5 START
2019-09-01 08:51:24.816 24140 RALLYDEBUG rally.task.runner [-] Starting a worker. concurrency: 1 args: {"network_create_args": null, "subnet_create_args": null, "subnet_cidr_start": "1.1.0.0/30", "subnets_per_network": 2, "router_create_args": null} times: 40 method_name: run timeout: 0 duration: None cls:
2019-09-01 08:51:24.817 24122 INFO rally.task.runner [-] Task 802e221d-3f14-4e6c-8d9a-cdeaa6132b43 | ITER: 3 START
2019-09-01 08:51:24.818 24135 INFO rally.task.runner [-] Task 802e221d-3f14-4e6c-8d9a-cdeaa6132b43 | ITER: 11 START
2019-09-01 08:51:24.809 24124 INFO rally.task.runner [-] Task 802e221d-3f14-4e6c-8d9a-cdeaa6132b43 | ITER: 7 START
2019-09-01 08:51:24.819 24131 INFO rally.task.runner [-] Task 802e221d-3f14-4e6c-8d9a-cdeaa6132b43 | ITER: 10 START
2019-09-01 08:51:24.823 24140 INFO rally.task.runner [-] Task 802e221d-3f14-4e6c-8d9a-cdeaa6132b43 | ITER: 12 START
2019-09-01 08:51:24.823 24143 RALLYDEBUG rally.task.runner [-] Starting a worker. concurrency: 1 args: {"network_create_args": null, "subnet_create_args": null, "subnet_cidr_start": "1.1.0.0/30", "subnets_per_network": 2, "router_create_args": null} times: 40 method_name: run timeout: 0 duration: None cls:
2019-09-01 08:51:24.828 24125 INFO rally.task.runner [-] Task 802e221d-3f14-4e6c-8d9a-cdeaa6132b43 | ITER: 9 START
2019-09-01 08:51:24.832 24143 INFO rally.task.runner [-] Task 802e221d-3f14-4e6c-8d9a-cdeaa6132b43 | ITER: 13 START
2019-09-01 08:51:24.832 24150 RALLYDEBUG rally.task.runner [-] Starting a worker. concurrency: 1 args: {"network_create_args": null, "subnet_create_args": null, "subnet_cidr_start": "1.1.0.0/30", "subnets_per_network": 2, "router_create_args": null} times: 40 method_name: run timeout: 0 duration: None cls:
2019-09-01 08:51:24.839 24150 INFO rally.task.runner [-] Task 802e221d-3f14-4e6c-8d9a-cdeaa6132b43 | ITER: 14 START
2019-09-01 08:51:24.838 24154 RALLYDEBUG rally.task.runner [-] Starting a worker. concurrency: 1 args: {"network_create_args": null, "subnet_create_args": null, "subnet_cidr_start": "1.1.0.0/30", "subnets_per_network": 2, "router_create_args": null} times: 40 method_name: run timeout: 0 duration: None cls:
2019-09-01 08:51:24.845 24155 RALLYDEBUG rally.task.runner [-] Starting a worker. concurrency: 1 args: {"network_create_args": null, "subnet_create_args": null, "subnet_cidr_start": "1.1.0.0/30", "subnets_per_network": 2, "router_create_args": null} times: 40 method_name: run timeout: 0 duration: None cls:
2019-09-01 08:51:24.847 24154 INFO rally.task.runner [-] Task 802e221d-3f14-4e6c-8d9a-cdeaa6132b43 | ITER: 15 START
2019-09-01 08:51:24.852 24155 INFO rally.task.runner [-] Task 802e221d-3f14-4e6c-8d9a-cdeaa6132b43 | ITER: 16 START
2019-09-01 08:51:24.852 24159 RALLYDEBUG rally.task.runner [-] Starting a worker. concurrency: 1 args: {"network_create_args": null, "subnet_create_args": null, "subnet_cidr_start": "1.1.0.0/30", "subnets_per_network": 2, "router_create_args": null} times: 40 method_name: run timeout: 0 duration: None cls:
2019-09-01 08:51:24.857 24159 INFO rally.task.runner [-] Task 802e221d-3f14-4e6c-8d9a-cdeaa6132b43 | ITER: 17 START
2019-09-01 08:51:24.862 24163 RALLYDEBUG rally.task.runner [-] Starting a worker. concurrency: 1 args: {"network_create_args": null, "subnet_create_args": null, "subnet_cidr_start": "1.1.0.0/30", "subnets_per_network": 2, "router_create_args": null} times: 40 method_name: run timeout: 0 duration: None cls:
2019-09-01 08:51:24.867 24163 INFO rally.task.runner [-] Task 802e221d-3f14-4e6c-8d9a-cdeaa6132b43 | ITER: 18 START
2019-09-01 08:51:24.869 24166 RALLYDEBUG rally.task.runner [-] Starting a worker. concurrency: 1 args: {"network_create_args": null, "subnet_create_args": null, "subnet_cidr_start": "1.1.0.0/30", "subnets_per_network": 2, "router_create_args": null} times: 40 method_name: run timeout: 0 duration: None cls:
2019-09-01 08:51:24.872 24169 RALLYDEBUG rally.task.runner [-] Starting a worker. concurrency: 1 args: {"network_create_args": null, "subnet_create_args": null, "subnet_cidr_start": "1.1.0.0/30", "subnets_per_network": 2, "router_create_args": null} times: 40 method_name: run timeout: 0 duration: None cls:
2019-09-01 08:51:24.874 24166 INFO rally.task.runner [-] Task 802e221d-3f14-4e6c-8d9a-cdeaa6132b43 | ITER: 19 START
2019-09-01 08:51:24.878 24169 INFO rally.task.runner [-] Task 802e221d-3f14-4e6c-8d9a-cdeaa6132b43 | ITER: 20 START
2019-09-01 08:51:25.617 24122 RALLYDEBUG rally_openstack.wrappers.network [-] CIDR generated: 1.1.5.160/30
2019-09-01 08:51:25.632 24155 RALLYDEBUG rally_openstack.wrappers.network [-] CIDR generated: 1.1.5.164/30
2019-09-01 08:51:25.650 24131 RALLYDEBUG rally_openstack.wrappers.network [-] CIDR generated: 1.1.5.168/30
2019-09-01 08:51:25.761 24124 RALLYDEBUG rally_openstack.wrappers.network [-] CIDR generated: 1.1.5.172/30
2019-09-01 08:51:25.812 24150 RALLYDEBUG rally_openstack.wrappers.network [-] CIDR generated: 1.1.5.176/30
2019-09-01 08:51:25.819 24122 RALLYDEBUG rally_openstack.wrappers.network [-] CIDR generated: 1.1.5.180/30
2019-09-01 08:51:25.819 24135 RALLYDEBUG rally_openstack.wrappers.network [-] CIDR generated: 1.1.5.184/30
2019-09-01 08:51:25.872 24127 RALLYDEBUG rally_openstack.wrappers.network [-] CIDR generated: 1.1.5.188/30
2019-09-01 08:51:25.872 24140 RALLYDEBUG rally_openstack.wrappers.network [-] CIDR generated: 1.1.5.192/30
2019-09-01 08:51:25.882 24123 RALLYDEBUG rally_openstack.wrappers.network [-] CIDR generated: 1.1.5.196/30
2019-09-01 08:51:25.907 24124 RALLYDEBUG rally_openstack.wrappers.network [-] CIDR generated: 1.1.5.200/30
2019-09-01 08:51:25.909 24125 RALLYDEBUG rally_openstack.wrappers.network [-] CIDR generated: 1.1.5.204/30
2019-09-01 08:51:25.911 24125 RALLYDEBUG rally_openstack.wrappers.network [-] CIDR generated: 1.1.5.208/30
2019-09-01 08:51:25.928 24143 RALLYDEBUG rally_openstack.wrappers.network [-] CIDR generated: 1.1.5.212/30
2019-09-01 08:51:26.074 24159 RALLYDEBUG rally_openstack.wrappers.network [-] CIDR generated: 1.1.5.216/30
2019-09-01 08:51:26.075 24163 RALLYDEBUG rally_openstack.wrappers.network [-] CIDR generated: 1.1.5.220/30
2019-09-01 08:51:26.116 24166 RALLYDEBUG rally_openstack.wrappers.network [-] CIDR generated: 1.1.5.224/30
2019-09-01 08:51:26.158 24154 RALLYDEBUG rally_openstack.wrappers.network [-] CIDR generated: 1.1.5.228/30
2019-09-01 08:51:26.223 24169 RALLYDEBUG rally_openstack.wrappers.network [-] CIDR generated: 1.1.5.232/30
2019-09-01 08:51:26.544 24123 RALLYDEBUG rally_openstack.wrappers.network [-] CIDR generated: 1.1.5.236/30
2019-09-01 08:51:26.805 24131 RALLYDEBUG rally_openstack.wrappers.network [-] CIDR generated: 1.1.5.240/30
2019-09-01 08:51:26.941 24135 RALLYDEBUG rally_openstack.wrappers.network [-] CIDR generated: 1.1.5.244/30
2019-09-01 08:51:27.016 24125 RALLYDEBUG rally_openstack.wrappers.network [-] CIDR generated: 1.1.5.248/30
2019-09-01 08:51:27.153 24155 RALLYDEBUG rally_openstack.wrappers.network [-] CIDR generated: 1.1.5.252/30
2019-09-01 08:51:27.206 24122 RALLYDEBUG rally_openstack.wrappers.network [-] CIDR generated: 1.1.6.0/30
2019-09-01 08:51:27.601 24122 RALLYDEBUG rally_openstack.wrappers.network [-] CIDR generated: 1.1.6.4/30
2019-09-01 08:51:27.696 24124 RALLYDEBUG rally_openstack.wrappers.network [-] CIDR generated: 1.1.6.8/30
2019-09-01 08:51:27.700 24140 RALLYDEBUG rally_openstack.wrappers.network [-] CIDR generated: 1.1.6.12/30
2019-09-01 08:51:27.706 24169 RALLYDEBUG rally_openstack.wrappers.network [-] CIDR generated: 1.1.6.16/30
2019-09-01 08:51:27.713 24150 RALLYDEBUG rally_openstack.wrappers.network [-] CIDR generated: 1.1.6.20/30
2019-09-01 08:51:27.912 24125 RALLYDEBUG rally_openstack.wrappers.network [-] CIDR generated: 1.1.6.24/30
2019-09-01 08:51:27.917 24163 RALLYDEBUG rally_openstack.wrappers.network [-] CIDR generated: 1.1.6.28/30
2019-09-01 08:51:28.084 24123 RALLYDEBUG rally_openstack.wrappers.network [-] CIDR generated: 1.1.6.32/30
2019-09-01 08:51:28.152 24143 RALLYDEBUG rally_openstack.wrappers.network [-] CIDR generated: 1.1.6.36/30
2019-09-01 08:51:28.171 24127 RALLYDEBUG rally_openstack.wrappers.network [-] CIDR generated: 1.1.6.40/30
2019-09-01 08:51:28.206 24124 RALLYDEBUG rally_openstack.wrappers.network [-] CIDR generated: 1.1.6.44/30
2019-09-01 08:51:28.296 24166 RALLYDEBUG rally_openstack.wrappers.network [-] CIDR generated: 1.1.6.48/30
2019-09-01 08:51:28.484 24159 RALLYDEBUG rally_openstack.wrappers.network [-] CIDR generated: 1.1.6.52/30
2019-09-01 08:51:28.604 24154 RALLYDEBUG rally_openstack.wrappers.network [-] CIDR generated: 1.1.6.56/30
2019-09-01 08:51:29.199 24123 RALLYDEBUG rally_openstack.wrappers.network [-] CIDR generated: 1.1.6.60/30
2019-09-01 08:51:35.300 24131 INFO rally.task.runner [-] Task 802e221d-3f14-4e6c-8d9a-cdeaa6132b43 | ITER: 10 END: OK
2019-09-01 08:51:35.305 24131 INFO rally.task.runner [-] Task 802e221d-3f14-4e6c-8d9a-cdeaa6132b43 | ITER: 21 START
2019-09-01 08:51:35.845 24131 RALLYDEBUG rally_openstack.wrappers.network [-] CIDR generated: 1.1.6.64/30
2019-09-01 08:51:37.140 24155 INFO rally.task.runner [-] Task 802e221d-3f14-4e6c-8d9a-cdeaa6132b43 | ITER: 16 END: OK
2019-09-01 08:51:37.143 24155 INFO rally.task.runner [-] Task 802e221d-3f14-4e6c-8d9a-cdeaa6132b43 | ITER: 22 START
2019-09-01 08:51:37.454 24125 INFO rally.task.runner [-] Task 802e221d-3f14-4e6c-8d9a-cdeaa6132b43 | ITER: 9 END: OK
2019-09-01 08:51:37.456 24125 INFO rally.task.runner [-] Task 802e221d-3f14-4e6c-8d9a-cdeaa6132b43 | ITER: 23 START
2019-09-01 08:51:37.724 24169 INFO rally.task.runner [-] Task 802e221d-3f14-4e6c-8d9a-cdeaa6132b43 | ITER: 20 END: OK
2019-09-01 08:51:37.727 24169 INFO rally.task.runner [-] Task 802e221d-3f14-4e6c-8d9a-cdeaa6132b43 | ITER: 24 START
2019-09-01 08:51:37.743 24155 RALLYDEBUG rally_openstack.wrappers.network [-] CIDR generated: 1.1.6.68/30
2019-09-01 08:51:38.173 24154 INFO rally.task.runner [-] Task 802e221d-3f14-4e6c-8d9a-cdeaa6132b43 | ITER: 15 END: OK
