2019-09-01 08:58:01.524 21658 RALLYDEBUG rally_openstack.cleanup.manager [-] Deleting neutron.port object s_rally_d33d175d_D4gyM5IS (d6f510d5-a6c4-4424-ad77-a2f7b7d45784)
2019-09-01 08:58:01.569 21658 RALLYDEBUG rally_openstack.cleanup.manager [-] Deleting neutron.port object s_rally_d33d175d_i2BHVKir (d77fdc0c-0ec5-4dae-84a7-fd8c7362ec9f)
2019-09-01 08:58:01.772 21658 RALLYDEBUG rally_openstack.cleanup.manager [-] Deleting neutron.port object s_rally_d33d175d_XadGHz7u (d7c84e5b-7d36-4e62-b780-1e45b594ff3f)
2019-09-01 08:58:01.932 21658 RALLYDEBUG rally_openstack.cleanup.manager [-] Deleting neutron.port object s_rally_d33d175d_EkKCPsEj (d9bdab43-e8cb-4268-b95e-334089108757)
2019-09-01 08:58:01.965 21658 RALLYDEBUG rally_openstack.cleanup.manager [-] Deleting neutron.port object s_rally_d33d175d_jwZbg0Fa (da11169f-c0f9-412a-b515-f54c19f7c5ab)
2019-09-01 08:58:02.002 21658 RALLYDEBUG rally_openstack.cleanup.manager [-] Deleting neutron.port object s_rally_d33d175d_LlVqPZtj (da5c6866-2224-43f4-8677-149ffdc6e2c5)
2019-09-01 08:58:02.040 21658 RALLYDEBUG rally_openstack.cleanup.manager [-] Deleting neutron.port object s_rally_d33d175d_tQDMVKVK (dc99dd55-91c9-4b0f-a2d0-d9fb1cec4436)
2019-09-01 08:58:02.072 21658 RALLYDEBUG rally_openstack.cleanup.manager [-] Deleting neutron.port object s_rally_d33d175d_hJgCuKex (dc9b1595-d689-4318-884c-34103b94b45b)
2019-09-01 08:58:02.073 21658 RALLYDEBUG rally_openstack.cleanup.manager [-] Deleting neutron.port object s_rally_d33d175d_uuCbidId (dcbd3599-3a7b-42d7-b302-66e76b2b08b3)
2019-09-01 08:58:02.115 21658 RALLYDEBUG rally_openstack.cleanup.manager [-] Deleting neutron.port object s_rally_d33d175d_AuVb0uyX (dccad10e-f0de-45b0-9b33-e0b37565d21b)
2019-09-01 08:58:02.448 21658 RALLYDEBUG rally_openstack.cleanup.manager [-] Deleting neutron.port object s_rally_d33d175d_lJ9gLOEG (dd0ada54-bd59-4d1b-a93a-e8f1766ec7c4)
2019-09-01 08:58:02.524 21658 RALLYDEBUG rally_openstack.cleanup.manager [-] Deleting neutron.port object s_rally_d33d175d_Td7D5p04 (ddb54db7-6759-4938-93b6-546faa8dffff)
2019-09-01 08:58:02.605 21658 RALLYDEBUG rally_openstack.cleanup.manager [-] Deleting neutron.port object s_rally_d33d175d_SofCIYqt (ddba671f-7882-408e-ab0b-99a68595141d)
2019-09-01 08:58:02.759 21658 RALLYDEBUG rally_openstack.cleanup.manager [-] Deleting neutron.port object s_rally_d33d175d_VAPv0YdA (df0fcec9-afb2-43f1-a573-ea1d6fac0124)
2019-09-01 08:58:02.819 21658 RALLYDEBUG rally_openstack.cleanup.manager [-] Deleting neutron.port object s_rally_d33d175d_SdIdK6h9 (df41f03e-3987-4e4e-8fa9-f7b31ab12064)
2019-09-01 08:58:02.897 21658 RALLYDEBUG rally_openstack.cleanup.manager [-] Deleting neutron.port object s_rally_d33d175d_wAqCekNu (dfdf6c2d-7d18-4de1-8710-dd3ad21ab70d)
2019-09-01 08:58:03.003 21658 RALLYDEBUG rally_openstack.cleanup.manager [-] Deleting neutron.port object s_rally_d33d175d_7vqsK4pP (e01ad101-06b3-4454-998e-0be394e63439)
2019-09-01 08:58:03.174 21658 RALLYDEBUG rally_openstack.cleanup.manager [-] Deleting neutron.port object s_rally_d33d175d_6ij7AQo6 (e0ec0229-dadd-4bb7-8022-ac1fcf581173)
2019-09-01 08:58:03.307 21658 RALLYDEBUG rally_openstack.cleanup.manager [-] Deleting neutron.port object s_rally_d33d175d_eGuBQIgs (e19b0c83-2480-4367-924b-3d1e9d7e0faa)
2019-09-01 08:58:03.477 21658 RALLYDEBUG rally_openstack.cleanup.manager [-] Deleting neutron.port object s_rally_d33d175d_6mcAbiNR (e1a59882-1939-402f-834b-bffc68fc7f45)
2019-09-01 08:58:03.485 21658 RALLYDEBUG rally_openstack.cleanup.manager [-] Deleting neutron.port object s_rally_d33d175d_pJCUcuJS (e1e580aa-f316-47e0-ad4d-17b5de6515cf)
2019-09-01 08:58:03.599 21658 RALLYDEBUG rally_openstack.cleanup.manager [-] Deleting neutron.port object s_rally_d33d175d_j7A5c9cG (e26b2f20-fddb-4233-b7ba-539a2eba4956)
2019-09-01 08:58:03.843 21658 RALLYDEBUG rally_openstack.cleanup.manager [-] Deleting neutron.port object s_rally_d33d175d_Yu341MoS (e3546b93-1365-4f95-ade3-1dd472e0e268)
2019-09-01 08:58:03.931 21658 RALLYDEBUG rally_openstack.cleanup.manager [-] Deleting neutron.port object s_rally_d33d175d_y7ao2p2K (e49905cd-0a35-44b0-8ca2-609169ebbe2d)
2019-09-01 08:58:03.976 21658 RALLYDEBUG rally_openstack.cleanup.manager [-] Deleting neutron.port object s_rally_d33d175d_Eow84Pdw (e5a258a4-b488-4e71-ad81-3cb35465484c)
2019-09-01 08:58:04.212 21658 RALLYDEBUG rally_openstack.cleanup.manager [-] Deleting neutron.port object s_rally_d33d175d_vNpKKnHO (e5a77077-3e30-4f64-90d6-dcc28cd24a30)
2019-09-01 08:58:04.249 21658 RALLYDEBUG rally_openstack.cleanup.manager [-] Deleting neutron.port object s_rally_d33d175d_N84Tz3q6 (e5f54793-1465-44af-9c50-6c051c2a4307)
2019-09-01 08:58:04.299 21658 RALLYDEBUG rally_openstack.cleanup.manager [-] Deleting neutron.port object s_rally_d33d175d_DUK3AO9M (e72cdc60-1887-40df-92f5-9365a3994702)
2019-09-01 08:58:04.362 21658 RALLYDEBUG rally_openstack.cleanup.manager [-] Deleting neutron.port object s_rally_d33d175d_UoRpnX3K (e891ee1e-3831-4f9e-9dcf-e70916ab7115)
2019-09-01 08:58:04.504 21658 RALLYDEBUG rally_openstack.cleanup.manager [-] Deleting neutron.port object s_rally_d33d175d_cSdYz1Yh (e91dd2b8-8a74-40b5-a86e-17ac580b1447)
2019-09-01 08:58:04.519 21658 RALLYDEBUG rally_openstack.cleanup.manager [-] Deleting neutron.port object s_rally_d33d175d_QICqNl3r (e95c4de2-4060-4852-8de0-b652aa0556b7)
2019-09-01 08:58:04.571 21658 RALLYDEBUG rally_openstack.cleanup.manager [-] Deleting neutron.port object s_rally_d33d175d_EGt7svJ7 (e9dcefa1-978d-48cb-8e41-a22ce535d14c)
2019-09-01 08:58:04.826 21658 RALLYDEBUG rally_openstack.cleanup.manager [-] Deleting neutron.port object s_rally_d33d175d_PIAUDysy (ea68131d-8224-4c4a-a1e4-169623d88fe5)
2019-09-01 08:58:04.955 21658 RALLYDEBUG rally_openstack.cleanup.manager [-] Deleting neutron.port object s_rally_d33d175d_5E0pdqET (eb0d2f20-67d0-42cf-b51f-d8408aebc286)
2019-09-01 08:58:04.977 21658 RALLYDEBUG rally_openstack.cleanup.manager [-] Deleting neutron.port object s_rally_d33d175d_cG1rL7DZ (eb839e26-b357-4aa6-abb4-1302bfe7c3ed)
2019-09-01 08:58:05.112 21658 RALLYDEBUG rally_openstack.cleanup.manager [-] Deleting neutron.port object s_rally_d33d175d_lfgWcES3 (eb88a928-d329-40cd-a66b-5324fdc91956)
2019-09-01 08:58:05.194 21658 RALLYDEBUG rally_openstack.cleanup.manager [-] Deleting neutron.port object s_rally_d33d175d_2U3JiES8 (ec59d835-de78-4fd2-ba91-2399899f2eb7)
2019-09-01 08:58:05.268 21658 RALLYDEBUG rally_openstack.cleanup.manager [-] Deleting neutron.port object s_rally_d33d175d_RR6Y3yF1 (ee9bfbd8-5892-4bf7-810b-30a1bd6fcd4f)
2019-09-01 08:58:05.319 21658 RALLYDEBUG rally_openstack.cleanup.manager [-] Deleting neutron.port object s_rally_d33d175d_nP30K3R2 (eeb93471-3eda-45b4-befe-93d518361a0f)
2019-09-01 08:58:05.515 21658 RALLYDEBUG rally_openstack.cleanup.manager [-] Deleting neutron.port object s_rally_d33d175d_4qmSJq7o (ef7b8f00-8730-4a00-b4c2-3e29868ab9a2)
2019-09-01 08:58:05.665 21658 RALLYDEBUG rally_openstack.cleanup.manager [-] Deleting neutron.port object s_rally_d33d175d_vAe7WLIj (efb61a35-e773-47c7-8acb-fdaa5d5d4a69)
2019-09-01 08:58:05.677 21658 RALLYDEBUG rally_openstack.cleanup.manager [-] Deleting neutron.port object s_rally_d33d175d_jihAp42y (efc11ba6-3059-4a68-9e14-f24a3b128b0b)
2019-09-01 08:58:05.768 21658 RALLYDEBUG rally_openstack.cleanup.manager [-] Deleting neutron.port object s_rally_d33d175d_5MVFlOq7 (f0871994-ed7c-4419-8990-b17895c39c67)
2019-09-01 08:58:05.902 21658 RALLYDEBUG rally_openstack.cleanup.manager [-] Deleting neutron.port object s_rally_d33d175d_OyiGIHyb (f1d3d75b-bef2-4feb-80d4-af7ecf9339e4)
2019-09-01 08:58:05.948 21658 RALLYDEBUG rally_openstack.cleanup.manager [-] Deleting neutron.port object s_rally_d33d175d_1tS1PcYC (f25efede-2828-4d30-bec8-40235bc580de)
2019-09-01 08:58:06.048 21658 RALLYDEBUG rally_openstack.cleanup.manager [-] Deleting neutron.port object s_rally_d33d175d_7xpe2hS5 (f2c44f9e-463a-40be-b182-4824ffd41608)
2019-09-01 08:58:06.361 21658 RALLYDEBUG rally_openstack.cleanup.manager [-] Deleting neutron.port object s_rally_d33d175d_KMuxMuhC (f2f8902b-7443-4166-a5f2-ee841712a4bc)
2019-09-01 08:58:06.532 21658 RALLYDEBUG rally_openstack.cleanup.manager [-] Deleting neutron.port object s_rally_d33d175d_7iskEEgl (f2f9d2e8-4af4-47c5-bc1a-bd2fefe61eb6)
2019-09-01 08:58:06.573 21658 RALLYDEBUG rally_openstack.cleanup.manager [-] Deleting neutron.port object s_rally_d33d175d_kQnPIjjF (f366f91e-bb4d-45b9-b656-1513ce711aaa)
2019-09-01 08:58:06.692 21658 RALLYDEBUG rally_openstack.cleanup.manager [-] Deleting neutron.port object s_rally_d33d175d_EXvmaQT5 (f40d74f7-3bee-46dc-ab36-34990c6f38b1)
2019-09-01 08:58:06.745 21658 RALLYDEBUG rally_openstack.cleanup.manager [-] Deleting neutron.port object s_rally_d33d175d_gjSIaE8Q (f5780c70-53a4-426b-bb0f-d9604fa4c5d0)
2019-09-01 08:58:06.929 21658 RALLYDEBUG rally_openstack.cleanup.manager [-] Deleting neutron.port object s_rally_d33d175d_FhHLs8X2 (f7d20433-b53d-49f0-b449-61a8b86dd1d0)
2019-09-01 08:58:06.981 21658 RALLYDEBUG rally_openstack.cleanup.manager [-] Deleting neutron.port object s_rally_d33d175d_6EOD1gri (f841aa4f-ff82-4a8d-b4bb-92e6b5dc3c1b)
2019-09-01 08:58:06.988 21658 RALLYDEBUG rally_openstack.cleanup.manager [-] Deleting neutron.port object s_rally_d33d175d_UNdiyMNA (f9895589-43e3-42e2-979f-b61b5a0f23aa)
2019-09-01 08:58:07.527 21658 RALLYDEBUG rally_openstack.cleanup.manager [-] Deleting neutron.port object s_rally_d33d175d_6UWm349t (fb697a0a-d8b7-485c-b3ca-d731bbdf081c)
2019-09-01 08:58:07.545 21658 RALLYDEBUG rally_openstack.cleanup.manager [-] Deleting neutron.port object s_rally_d33d175d_DSX6wCZq (fd399c3b-1ff4-41ac-a8a1-e559bcca5db2)
2019-09-01 08:58:07.599 21658 RALLYDEBUG rally_openstack.cleanup.manager [-] Deleting neutron.port object s_rally_d33d175d_qBUSYXT0 (fd4e02dd-c9fd-4da4-86d4-5a458885e02f)
2019-09-01 08:58:07.625 21658 RALLYDEBUG rally_openstack.cleanup.manager [-] Deleting neutron.port object s_rally_d33d175d_mLtqTWjg (fd6522a8-26f1-442e-801a-8cb8e89c29ad)
2019-09-01 08:58:07.635 21658 RALLYDEBUG rally_openstack.cleanup.manager [-] Deleting neutron.port object s_rally_d33d175d_UCmQYj1f (fddfc3c2-d49e-4e07-95be-16abcba08045)
2019-09-01 08:58:07.734 21658 RALLYDEBUG rally_openstack.cleanup.manager [-] Deleting neutron.port object s_rally_d33d175d_UXWepiUG (fe889fc2-db2b-4c75-93bd-7d485bbf5a4d)
2019-09-01 08:58:08.021 21658 RALLYDEBUG rally_openstack.cleanup.manager [-] Deleting neutron.port object s_rally_d33d175d_7RNJREdb (fec6714e-ee86-424b-bbad-067cf221c3bb)
2019-09-01 08:58:08.063 21658 RALLYDEBUG rally_openstack.cleanup.manager [-] Deleting neutron.port object s_rally_d33d175d_6h6YMNuF (fed16d1f-91ee-4c55-960c-637dc3fa836e)
2019-09-01 08:58:10.125 21658 RALLYDEBUG rally_openstack.cleanup.manager [-] Cleaning up neutron subnet objects
2019-09-01 08:58:10.548 21658 RALLYDEBUG rally_openstack.cleanup.manager [-] Cleaning up neutron network objects
2019-09-01 08:58:11.052 21658 RALLYDEBUG rally_openstack.cleanup.manager [-] Deleting neutron.network object s_rally_d33d175d_BCaoMRdW (67425074-d2cf-42a9-bc89-19b8cf0de6fe)
2019-09-01 08:58:11.065 21658 RALLYDEBUG rally_openstack.cleanup.manager [-] Deleting neutron.network object s_rally_d33d175d_3807MfI1 (8479742a-7e4d-4602-955d-ab18f1e10d61)
2019-09-01 08:58:11.070 21658 RALLYDEBUG rally_openstack.cleanup.manager [-] Deleting neutron.network object s_rally_d33d175d_Gtxn5kYD (acbe5095-b812-4fcc-b58a-159da977ff47)
2019-09-01 08:58:11.078 21658 RALLYDEBUG rally_openstack.cleanup.manager [-] Deleting neutron.network object s_rally_d33d175d_CoQZavoN (b388605d-3b6e-4186-a114-288a101bb71f)
2019-09-01 08:58:11.094 21658 RALLYDEBUG rally_openstack.cleanup.manager [-] Deleting neutron.network object s_rally_d33d175d_nvyeECES (c9c7ac76-49d4-438b-bb50-76cf32ed2892)
2019-09-01 08:58:11.097 21658 RALLYDEBUG rally_openstack.cleanup.manager [-] Deleting neutron.network object s_rally_d33d175d_8zGSAX9g (b3388ed4-8129-4b8a-825d-7e7d1bab96bf)
2019-09-01 08:58:11.107 21658 RALLYDEBUG rally_openstack.cleanup.manager [-] Deleting neutron.network object s_rally_d33d175d_5UOR0OIb (fba67ee7-d9d1-48ba-a554-514c62885e93)
2019-09-01 08:58:11.118 21658 RALLYDEBUG rally_openstack.cleanup.manager [-] Deleting neutron.network object s_rally_d33d175d_oqww6xnZ (edd3aa47-22b7-4546-b25b-1d222f9f0cfa)
2019-09-01 08:58:13.458 21658 RALLYDEBUG rally_openstack.cleanup.manager [-] Cleaning up neutron router objects
2019-09-01 08:58:13.912 21658 RALLYDEBUG rally_openstack.cleanup.manager [-] Cleaning up neutron security_group objects
2019-09-01 08:58:14.344 21658 INFO rally.task.context [-] Task 802e221d-3f14-4e6c-8d9a-cdeaa6132b43 | Context cleanup@openstack cleanup() finished in 52.54 sec
2019-09-01 08:58:14.345 21658 INFO rally.task.context [-] Task 802e221d-3f14-4e6c-8d9a-cdeaa6132b43 | Context quotas@openstack cleanup() started
2019-09-01 08:58:14.437 21658 INFO rally.task.context [-] Task 802e221d-3f14-4e6c-8d9a-cdeaa6132b43 | Context quotas@openstack cleanup() finished in 91.93 msec
2019-09-01 08:58:14.437 21658 INFO rally.task.context [-] Task 802e221d-3f14-4e6c-8d9a-cdeaa6132b43 | Context users@openstack cleanup() started
2019-09-01 08:58:17.185 21658 INFO rally.task.context [-] Task 802e221d-3f14-4e6c-8d9a-cdeaa6132b43 | Context users@openstack cleanup() finished in 2.75 sec
2019-09-01 08:58:19.178 21658 INFO rally.task.engine [-] Load duration is: 54.271562
2019-09-01 08:58:19.178 21658 INFO rally.task.engine [-] Full runner duration is: 54.325656
2019-09-01 08:58:19.178 21658 INFO rally.task.engine [-] Full duration is: 112.5623
2019-09-01 08:58:19.519 21658 INFO rally.task.engine [-] Running workload: position = 1 config = { "version": 2, "title": "A cropped version of a bigger task.", "description": "Auto-generated task from a single workload (uuid=82ca2d43-18c9-41c0-a585-cb30e816017e)", "subtasks": [ { "title": "NeutronNetworks.create_and_update_ports", "description": "Create and update a given number of ports.", "scenario": { "NeutronNetworks.create_and_update_ports": { "network_create_args": {}, "port_create_args": {}, "ports_per_network": 5, "port_update_args": { "admin_state_up": false, "device_id": "dummy_id", "device_owner": "dummy_owner", "name": "_port_updated" } } }, "contexts": { "users": { "tenants": 1, "users_per_tenant": 1 }, "quotas": { "neutron": { "network": -1, "port": -1 } } }, "runner": { "constant": { "times": 40, "concurrency": 20 } }, "hooks": [], "sla": { "failure_rate": { "max": 0 } } } ] }
2019-09-01 08:58:19.576 21658 RALLYDEBUG rally_openstack.contexts.keystone.users [-] Creating 1 tenants using 20 threads
2019-09-01 08:58:20.669 21658 RALLYDEBUG rally_openstack.contexts.keystone.users [-] Creating 1 users using 20 threads
2019-09-01 08:58:22.053 21658 INFO rally.task.context [-] Task 802e221d-3f14-4e6c-8d9a-cdeaa6132b43 | Context users@openstack setup() finished in 2.48 sec
2019-09-01 08:58:22.571 21658 INFO rally.task.context [-] Task 802e221d-3f14-4e6c-8d9a-cdeaa6132b43 | Context quotas@openstack setup() finished in 0.52 sec
2019-09-01 08:58:22.572 21658 INFO rally.task.context [-] Task 802e221d-3f14-4e6c-8d9a-cdeaa6132b43 | Context cleanup@openstack setup() finished in 0.01 msec
2019-09-01 08:58:22.581 21658 RALLYDEBUG rally.task.runner [-] Starting the constant runner (task UUID: 802e221d-3f14-4e6c-8d9a-cdeaa6132b43). timeout: 0 concurrency: 20 concurrency_per_worker: 1 times: 40 concurrency_overhead: 4 processes_to_start: 16 max_cpu_used: 16
2019-09-01 08:58:22.595 25534 RALLYDEBUG rally.task.runner [-] Starting a worker. concurrency: 2 args: {"network_create_args": {}, "port_create_args": {}, "ports_per_network": 5, "port_update_args": {"admin_state_up": false, "device_id": "dummy_id", "device_owner": "dummy_owner", "name": "_port_updated"}} times: 40 method_name: run timeout: 0 duration: None cls:
2019-09-01 08:58:22.598 25535 RALLYDEBUG rally.task.runner [-] Starting a worker. concurrency: 2 args: {"network_create_args": {}, "port_create_args": {}, "ports_per_network": 5, "port_update_args": {"admin_state_up": false, "device_id": "dummy_id", "device_owner": "dummy_owner", "name": "_port_updated"}} times: 40 method_name: run timeout: 0 duration: None cls:
2019-09-01 08:58:22.601 25536 RALLYDEBUG rally.task.runner [-] Starting a worker. concurrency: 2 args: {"network_create_args": {}, "port_create_args": {}, "ports_per_network": 5, "port_update_args": {"admin_state_up": false, "device_id": "dummy_id", "device_owner": "dummy_owner", "name": "_port_updated"}} times: 40 method_name: run timeout: 0 duration: None cls:
2019-09-01 08:58:22.604 25534 INFO rally.task.runner [-] Task 802e221d-3f14-4e6c-8d9a-cdeaa6132b43 | ITER: 1 START
2019-09-01 08:58:22.604 25537 RALLYDEBUG rally.task.runner [-] Starting a worker. concurrency: 2 args: {"network_create_args": {}, "port_create_args": {}, "ports_per_network": 5, "port_update_args": {"admin_state_up": false, "device_id": "dummy_id", "device_owner": "dummy_owner", "name": "_port_updated"}} times: 40 method_name: run timeout: 0 duration: None cls:
2019-09-01 08:58:22.606 25534 WARNING rally_openstack.scenarios.neutron.utils [-] Running this scenario without either the 'network' or 'existing_network' context is deprecated
2019-09-01 08:58:22.607 25538 RALLYDEBUG rally.task.runner [-] Starting a worker. concurrency: 1 args: {"network_create_args": {}, "port_create_args": {}, "ports_per_network": 5, "port_update_args": {"admin_state_up": false, "device_id": "dummy_id", "device_owner": "dummy_owner", "name": "_port_updated"}} times: 40 method_name: run timeout: 0 duration: None cls:
2019-09-01 08:58:22.609 25535 INFO rally.task.runner [-] Task 802e221d-3f14-4e6c-8d9a-cdeaa6132b43 | ITER: 2 START
2019-09-01 08:58:22.611 25542 RALLYDEBUG rally.task.runner [-] Starting a worker. concurrency: 1 args: {"network_create_args": {}, "port_create_args": {}, "ports_per_network": 5, "port_update_args": {"admin_state_up": false, "device_id": "dummy_id", "device_owner": "dummy_owner", "name": "_port_updated"}} times: 40 method_name: run timeout: 0 duration: None cls:
2019-09-01 08:58:22.614 25537 INFO rally.task.runner [-] Task 802e221d-3f14-4e6c-8d9a-cdeaa6132b43 | ITER: 7 START
2019-09-01 08:58:22.614 25538 INFO rally.task.runner [-] Task 802e221d-3f14-4e6c-8d9a-cdeaa6132b43 | ITER: 8 START
2019-09-01 08:58:22.613 25536 INFO rally.task.runner [-] Task 802e221d-3f14-4e6c-8d9a-cdeaa6132b43 | ITER: 6 START
2019-09-01 08:58:22.611 25535 INFO rally.task.runner [-] Task 802e221d-3f14-4e6c-8d9a-cdeaa6132b43 | ITER: 5 START
2019-09-01 08:58:22.612 25535 WARNING rally_openstack.scenarios.neutron.utils [-] Running this scenario without either the 'network' or 'existing_network' context is deprecated
2019-09-01 08:58:22.615 25546 RALLYDEBUG rally.task.runner [-] Starting a worker. concurrency: 1 args: {"network_create_args": {}, "port_create_args": {}, "ports_per_network": 5, "port_update_args": {"admin_state_up": false, "device_id": "dummy_id", "device_owner": "dummy_owner", "name": "_port_updated"}} times: 40 method_name: run timeout: 0 duration: None cls:
2019-09-01 08:58:22.616 25538 WARNING rally_openstack.scenarios.neutron.utils [-] Running this scenario without either the 'network' or 'existing_network' context is deprecated
2019-09-01 08:58:22.616 25535 WARNING rally_openstack.scenarios.neutron.utils [-] Running this scenario without either the 'network' or 'existing_network' context is deprecated
2019-09-01 08:58:22.617 25542 INFO rally.task.runner [-] Task 802e221d-3f14-4e6c-8d9a-cdeaa6132b43 | ITER: 10 START
2019-09-01 08:58:22.619 25542 WARNING rally_openstack.scenarios.neutron.utils [-] Running this scenario without either the 'network' or 'existing_network' context is deprecated
2019-09-01 08:58:22.616 25537 INFO rally.task.runner [-] Task 802e221d-3f14-4e6c-8d9a-cdeaa6132b43 | ITER: 9 START
2019-09-01 08:58:22.614 25536 INFO rally.task.runner [-] Task 802e221d-3f14-4e6c-8d9a-cdeaa6132b43 | ITER: 4 START
2019-09-01 08:58:22.619 25537 WARNING rally_openstack.scenarios.neutron.utils [-] Running this scenario without either the 'network' or 'existing_network' context is deprecated
2019-09-01 08:58:22.619 25536 WARNING rally_openstack.scenarios.neutron.utils [-] Running this scenario without either the 'network' or 'existing_network' context is deprecated
2019-09-01 08:58:22.619 25550 RALLYDEBUG rally.task.runner [-] Starting a worker. concurrency: 1 args: {"network_create_args": {}, "port_create_args": {}, "ports_per_network": 5, "port_update_args": {"admin_state_up": false, "device_id": "dummy_id", "device_owner": "dummy_owner", "name": "_port_updated"}} times: 40 method_name: run timeout: 0 duration: None cls:
2019-09-01 08:58:22.623 25546 INFO rally.task.runner [-] Task 802e221d-3f14-4e6c-8d9a-cdeaa6132b43 | ITER: 11 START
2019-09-01 08:58:22.620 25537 WARNING rally_openstack.scenarios.neutron.utils [-] Running this scenario without either the 'network' or 'existing_network' context is deprecated
2019-09-01 08:58:22.624 25555 RALLYDEBUG rally.task.runner [-] Starting a worker. concurrency: 1 args: {"network_create_args": {}, "port_create_args": {}, "ports_per_network": 5, "port_update_args": {"admin_state_up": false, "device_id": "dummy_id", "device_owner": "dummy_owner", "name": "_port_updated"}} times: 40 method_name: run timeout: 0 duration: None cls:
2019-09-01 08:58:22.625 25546 WARNING rally_openstack.scenarios.neutron.utils [-] Running this scenario without either the 'network' or 'existing_network' context is deprecated
2019-09-01 08:58:22.625 25534 INFO rally.task.runner [-] Task 802e221d-3f14-4e6c-8d9a-cdeaa6132b43 | ITER: 3 START
2019-09-01 08:58:22.620 25536 WARNING rally_openstack.scenarios.neutron.utils [-] Running this scenario without either the 'network' or 'existing_network' context is deprecated
2019-09-01 08:58:22.626 25534 WARNING rally_openstack.scenarios.neutron.utils [-] Running this scenario without either the 'network' or 'existing_network' context is deprecated
2019-09-01 08:58:22.627 25550 INFO rally.task.runner [-] Task 802e221d-3f14-4e6c-8d9a-cdeaa6132b43 | ITER: 12 START
2019-09-01 08:58:22.629 25550 WARNING rally_openstack.scenarios.neutron.utils [-] Running this scenario without either the 'network' or 'existing_network' context is deprecated
2019-09-01 08:58:22.630 25555 INFO rally.task.runner [-] Task 802e221d-3f14-4e6c-8d9a-cdeaa6132b43 | ITER: 13 START
2019-09-01 08:58:22.631 25555 WARNING rally_openstack.scenarios.neutron.utils [-] Running this scenario without either the 'network' or 'existing_network' context is deprecated
2019-09-01 08:58:22.633 25558 RALLYDEBUG rally.task.runner [-] Starting a worker. concurrency: 1 args: {"network_create_args": {}, "port_create_args": {}, "ports_per_network": 5, "port_update_args": {"admin_state_up": false, "device_id": "dummy_id", "device_owner": "dummy_owner", "name": "_port_updated"}} times: 40 method_name: run timeout: 0 duration: None cls:
2019-09-01 08:58:22.636 25563 RALLYDEBUG rally.task.runner [-] Starting a worker. concurrency: 1 args: {"network_create_args": {}, "port_create_args": {}, "ports_per_network": 5, "port_update_args": {"admin_state_up": false, "device_id": "dummy_id", "device_owner": "dummy_owner", "name": "_port_updated"}} times: 40 method_name: run timeout: 0 duration: None cls:
2019-09-01 08:58:22.640 25558 INFO rally.task.runner [-] Task 802e221d-3f14-4e6c-8d9a-cdeaa6132b43 | ITER: 14 START
2019-09-01 08:58:22.642 25558 WARNING rally_openstack.scenarios.neutron.utils [-] Running this scenario without either the 'network' or 'existing_network' context is deprecated
2019-09-01 08:58:22.644 25563 INFO rally.task.runner [-] Task 802e221d-3f14-4e6c-8d9a-cdeaa6132b43 | ITER: 15 START
2019-09-01 08:58:22.645 25563 WARNING rally_openstack.scenarios.neutron.utils [-] Running this scenario without either the 'network' or 'existing_network' context is deprecated
2019-09-01 08:58:22.647 25568 RALLYDEBUG rally.task.runner [-] Starting a worker. concurrency: 1 args: {"network_create_args": {}, "port_create_args": {}, "ports_per_network": 5, "port_update_args": {"admin_state_up": false, "device_id": "dummy_id", "device_owner": "dummy_owner", "name": "_port_updated"}} times: 40 method_name: run timeout: 0 duration: None cls:
2019-09-01 08:58:22.654 25572 RALLYDEBUG rally.task.runner [-] Starting a worker. concurrency: 1 args: {"network_create_args": {}, "port_create_args": {}, "ports_per_network": 5, "port_update_args": {"admin_state_up": false, "device_id": "dummy_id", "device_owner": "dummy_owner", "name": "_port_updated"}} times: 40 method_name: run timeout: 0 duration: None cls:
2019-09-01 08:58:22.654 25568 INFO rally.task.runner [-] Task 802e221d-3f14-4e6c-8d9a-cdeaa6132b43 | ITER: 16 START
2019-09-01 08:58:22.656 25568 WARNING rally_openstack.scenarios.neutron.utils [-] Running this scenario without either the 'network' or 'existing_network' context is deprecated
2019-09-01 08:58:22.658 25573 RALLYDEBUG rally.task.runner [-] Starting a worker. concurrency: 1 args: {"network_create_args": {}, "port_create_args": {}, "ports_per_network": 5, "port_update_args": {"admin_state_up": false, "device_id": "dummy_id", "device_owner": "dummy_owner", "name": "_port_updated"}} times: 40 method_name: run timeout: 0 duration: None cls:
2019-09-01 08:58:22.662 25572 INFO rally.task.runner [-] Task 802e221d-3f14-4e6c-8d9a-cdeaa6132b43 | ITER: 17 START
2019-09-01 08:58:22.661 25576 RALLYDEBUG rally.task.runner [-] Starting a worker. concurrency: 1 args: {"network_create_args": {}, "port_create_args": {}, "ports_per_network": 5, "port_update_args": {"admin_state_up": false, "device_id": "dummy_id", "device_owner": "dummy_owner", "name": "_port_updated"}} times: 40 method_name: run timeout: 0 duration: None cls:
2019-09-01 08:58:22.664 25572 WARNING rally_openstack.scenarios.neutron.utils [-] Running this scenario without either the 'network' or 'existing_network' context is deprecated
2019-09-01 08:58:22.664 25573 INFO rally.task.runner [-] Task 802e221d-3f14-4e6c-8d9a-cdeaa6132b43 | ITER: 18 START
2019-09-01 08:58:22.666 25573 WARNING rally_openstack.scenarios.neutron.utils [-] Running this scenario without either the 'network' or 'existing_network' context is deprecated
2019-09-01 08:58:22.666 25577 RALLYDEBUG rally.task.runner [-] Starting a worker. concurrency: 1 args: {"network_create_args": {}, "port_create_args": {}, "ports_per_network": 5, "port_update_args": {"admin_state_up": false, "device_id": "dummy_id", "device_owner": "dummy_owner", "name": "_port_updated"}} times: 40 method_name: run timeout: 0 duration: None cls:
2019-09-01 08:58:22.668 25576 INFO rally.task.runner [-] Task 802e221d-3f14-4e6c-8d9a-cdeaa6132b43 | ITER: 19 START
2019-09-01 08:58:22.669 25576 WARNING rally_openstack.scenarios.neutron.utils [-] Running this scenario without either the 'network' or 'existing_network' context is deprecated
2019-09-01 08:58:22.671 25577 INFO rally.task.runner [-] Task 802e221d-3f14-4e6c-8d9a-cdeaa6132b43 | ITER: 20 START
2019-09-01 08:58:22.672 25577 WARNING rally_openstack.scenarios.neutron.utils [-] Running this scenario without either the 'network' or 'existing_network' context is deprecated
2019-09-01 08:58:30.681 25537 INFO rally.task.runner [-] Task 802e221d-3f14-4e6c-8d9a-cdeaa6132b43 | ITER: 7 END: OK
2019-09-01 08:58:30.686 25537 INFO rally.task.runner [-] Task 802e221d-3f14-4e6c-8d9a-cdeaa6132b43 | ITER: 21 START
2019-09-01 08:58:30.687 25537 WARNING rally_openstack.scenarios.neutron.utils [-] Running this scenario without either the 'network' or 'existing_network' context is deprecated
2019-09-01 08:58:31.568 25534 INFO rally.task.runner [-] Task 802e221d-3f14-4e6c-8d9a-cdeaa6132b43 | ITER: 1 END: OK
2019-09-01 08:58:31.574 25534 INFO rally.task.runner [-] Task 802e221d-3f14-4e6c-8d9a-cdeaa6132b43 | ITER: 22 START
2019-09-01 08:58:31.575 25534 WARNING rally_openstack.scenarios.neutron.utils [-] Running this scenario without either the 'network' or 'existing_network' context is deprecated
2019-09-01 08:58:31.633 25550 INFO rally.task.runner [-] Task 802e221d-3f14-4e6c-8d9a-cdeaa6132b43 | ITER: 12 END: OK
2019-09-01 08:58:31.638 25550 INFO rally.task.runner [-] Task 802e221d-3f14-4e6c-8d9a-cdeaa6132b43 | ITER: 23 START
2019-09-01 08:58:31.639 25550 WARNING rally_openstack.scenarios.neutron.utils [-] Running this scenario without either the 'network' or 'existing_network' context is deprecated
2019-09-01 08:58:32.283 25563 INFO rally.task.runner [-] Task 802e221d-3f14-4e6c-8d9a-cdeaa6132b43 | ITER: 15 END: OK
2019-09-01 08:58:32.288 25563 INFO rally.task.runner [-] Task 802e221d-3f14-4e6c-8d9a-cdeaa6132b43 | ITER: 24 START
2019-09-01 08:58:32.288 25563 WARNING rally_openstack.scenarios.neutron.utils [-] Running this scenario without either the 'network' or 'existing_network' context is deprecated
2019-09-01 08:58:32.327 25536 INFO rally.task.runner [-] Task 802e221d-3f14-4e6c-8d9a-cdeaa6132b43 | ITER: 6 END: OK
2019-09-01 08:58:32.331 25536 INFO rally.task.runner [-] Task 802e221d-3f14-4e6c-8d9a-cdeaa6132b43 | ITER: 25 START
2019-09-01 08:58:32.332 25536 WARNING rally_openstack.scenarios.neutron.utils [-] Running this scenario without either the 'network' or 'existing_network' context is deprecated
2019-09-01 08:58:32.489 25577 INFO rally.task.runner [-] Task 802e221d-3f14-4e6c-8d9a-cdeaa6132b43 | ITER: 20 END: OK
2019-09-01 08:58:32.495 25577 INFO rally.task.runner [-] Task 802e221d-3f14-4e6c-8d9a-cdeaa6132b43 | ITER: 26 START
2019-09-01 08:58:32.496 25577 WARNING rally_openstack.scenarios.neutron.utils [-] Running this scenario without either the 'network' or 'existing_network' context is deprecated
2019-09-01 08:58:32.670 25576 INFO rally.task.runner [-] Task 802e221d-3f14-4e6c-8d9a-cdeaa6132b43 | ITER: 19 END: OK
2019-09-01 08:58:32.674 25576 INFO rally.task.runner [-] Task 802e221d-3f14-4e6c-8d9a-cdeaa6132b43 | ITER: 27 START
2019-09-01 08:58:32.675 25576 WARNING rally_openstack.scenarios.neutron.utils [-] Running this scenario without either the 'network' or 'existing_network' context is deprecated
2019-09-01 08:58:32.904 25572 INFO rally.task.runner [-] Task 802e221d-3f14-4e6c-8d9a-cdeaa6132b43 | ITER: 17 END: OK
2019-09-01 08:58:32.910 25572 INFO rally.task.runner [-] Task 802e221d-3f14-4e6c-8d9a-cdeaa6132b43 | ITER: 28 START
2019-09-01 08:58:32.910 25572 WARNING rally_openstack.scenarios.neutron.utils [-] Running this scenario without either the 'network' or 'existing_network' context is deprecated
2019-09-01 08:58:32.932 25535 INFO rally.task.runner [-] Task 802e221d-3f14-4e6c-8d9a-cdeaa6132b43 | ITER: 5 END: OK
2019-09-01 08:58:32.936 25535 INFO rally.task.runner [-] Task 802e221d-3f14-4e6c-8d9a-cdeaa6132b43 | ITER: 29 START
2019-09-01 08:58:32.937 25535 WARNING rally_openstack.scenarios.neutron.utils [-] Running this scenario without either the 'network' or 'existing_network' context is deprecated
2019-09-01 08:58:33.057 25568 INFO rally.task.runner [-] Task 802e221d-3f14-4e6c-8d9a-cdeaa6132b43 | ITER: 16 END: OK
2019-09-01 08:58:33.062 25568 INFO rally.task.runner [-] Task 802e221d-3f14-4e6c-8d9a-cdeaa6132b43 | ITER: 30 START
2019-09-01 08:58:33.062 25568 WARNING rally_openstack.scenarios.neutron.utils [-] Running this scenario without either the 'network' or 'existing_network' context is deprecated
2019-09-01 08:58:33.132 25558 INFO rally.task.runner [-] Task 802e221d-3f14-4e6c-8d9a-cdeaa6132b43 | ITER: 14 END: OK
2019-09-01 08:58:33.136 25558 INFO rally.task.runner [-] Task 802e221d-3f14-4e6c-8d9a-cdeaa6132b43 | ITER: 31 START
2019-09-01 08:58:33.136 25558 WARNING rally_openstack.scenarios.neutron.utils [-] Running this scenario without either the 'network' or 'existing_network' context is deprecated
2019-09-01 08:58:33.157 25546 INFO rally.task.runner [-] Task 802e221d-3f14-4e6c-8d9a-cdeaa6132b43 | ITER: 11 END: OK
2019-09-01 08:58:33.161 25546 INFO rally.task.runner [-] Task 802e221d-3f14-4e6c-8d9a-cdeaa6132b43 | ITER: 32 START
2019-09-01 08:58:33.162 25546 WARNING rally_openstack.scenarios.neutron.utils [-] Running this scenario without either the 'network' or 'existing_network' context is deprecated
2019-09-01 08:58:33.283 25534 INFO rally.task.runner [-] Task 802e221d-3f14-4e6c-8d9a-cdeaa6132b43 | ITER: 3 END: OK
2019-09-01 08:58:33.287 25534 INFO rally.task.runner [-] Task 802e221d-3f14-4e6c-8d9a-cdeaa6132b43 | ITER: 33 START
2019-09-01 08:58:33.288 25534 WARNING rally_openstack.scenarios.neutron.utils [-] Running this scenario without either the 'network' or 'existing_network' context is deprecated
2019-09-01 08:58:33.489 25573 INFO rally.task.runner [-] Task 802e221d-3f14-4e6c-8d9a-cdeaa6132b43 | ITER: 18 END: OK
2019-09-01 08:58:33.494 25573 INFO rally.task.runner [-] Task 802e221d-3f14-4e6c-8d9a-cdeaa6132b43 | ITER: 34 START
2019-09-01 08:58:33.495 25573 WARNING rally_openstack.scenarios.neutron.utils [-] Running this scenario without either the 'network' or 'existing_network' context is deprecated
2019-09-01 08:58:33.508 25536 INFO rally.task.runner [-] Task 802e221d-3f14-4e6c-8d9a-cdeaa6132b43 | ITER: 4 END: OK
2019-09-01 08:58:33.513 25536 INFO rally.task.runner [-] Task 802e221d-3f14-4e6c-8d9a-cdeaa6132b43 | ITER: 35 START
2019-09-01 08:58:33.514 25536 WARNING rally_openstack.scenarios.neutron.utils [-] Running this scenario without either the 'network' or 'existing_network' context is deprecated
2019-09-01 08:58:33.613 25555 INFO rally.task.runner [-] Task 802e221d-3f14-4e6c-8d9a-cdeaa6132b43 | ITER: 13 END: OK
2019-09-01 08:58:33.618 25538 INFO rally.task.runner [-] Task 802e221d-3f14-4e6c-8d9a-cdeaa6132b43 | ITER: 8 END: OK
2019-09-01 08:58:33.618 25555 INFO rally.task.runner [-] Task 802e221d-3f14-4e6c-8d9a-cdeaa6132b43 | ITER: 36 START
2019-09-01 08:58:33.619 25555 WARNING rally_openstack.scenarios.neutron.utils [-] Running this scenario without either the 'network' or 'existing_network' context is deprecated
2019-09-01 08:58:33.623 25538 INFO rally.task.runner [-] Task 802e221d-3f14-4e6c-8d9a-cdeaa6132b43 | ITER: 37 START
2019-09-01 08:58:33.624 25538 WARNING rally_openstack.scenarios.neutron.utils [-] Running this scenario without either the 'network' or 'existing_network' context is deprecated
2019-09-01 08:58:33.965 25535 INFO rally.task.runner [-] Task 802e221d-3f14-4e6c-8d9a-cdeaa6132b43 | ITER: 2 END: OK
2019-09-01 08:58:33.969 25535 INFO rally.task.runner [-] Task 802e221d-3f14-4e6c-8d9a-cdeaa6132b43 | ITER: 38 START
2019-09-01 08:58:33.970 25535 WARNING rally_openstack.scenarios.neutron.utils [-] Running this scenario without either the 'network' or 'existing_network' context is deprecated
2019-09-01 08:58:35.930 25542 INFO rally.task.runner [-] Task 802e221d-3f14-4e6c-8d9a-cdeaa6132b43 | ITER: 10 END: OK
2019-09-01 08:58:35.935 25542 INFO rally.task.runner [-] Task 802e221d-3f14-4e6c-8d9a-cdeaa6132b43 | ITER: 39 START
2019-09-01 08:58:35.936 25542 WARNING rally_openstack.scenarios.neutron.utils [-] Running this scenario without either the 'network' or 'existing_network' context is deprecated
2019-09-01 08:58:36.215 25537 INFO rally.task.runner [-] Task 802e221d-3f14-4e6c-8d9a-cdeaa6132b43 | ITER: 9 END: OK
2019-09-01 08:58:36.220 25537 INFO rally.task.runner [-] Task 802e221d-3f14-4e6c-8d9a-cdeaa6132b43 | ITER: 40 START
2019-09-01 08:58:36.221 25537 WARNING rally_openstack.scenarios.neutron.utils [-] Running this scenario without either the 'network' or 'existing_network' context is deprecated
2019-09-01 08:58:41.702 25576 INFO rally.task.runner [-] Task 802e221d-3f14-4e6c-8d9a-cdeaa6132b43 | ITER: 27 END: OK
2019-09-01 08:58:41.731 25577 INFO rally.task.runner [-] Task 802e221d-3f14-4e6c-8d9a-cdeaa6132b43 | ITER: 26 END: OK
2019-09-01 08:58:42.135 25563 INFO rally.task.runner [-] Task 802e221d-3f14-4e6c-8d9a-cdeaa6132b43 | ITER: 24 END: OK
2019-09-01 08:58:42.781 25534 INFO rally.task.runner [-] Task 802e221d-3f14-4e6c-8d9a-cdeaa6132b43 | ITER: 22 END: OK
2019-09-01 08:58:43.184 25555 INFO rally.task.runner [-] Task 802e221d-3f14-4e6c-8d9a-cdeaa6132b43 | ITER: 36 END: OK
2019-09-01 08:58:43.462 25535 INFO rally.task.runner [-] Task 802e221d-3f14-4e6c-8d9a-cdeaa6132b43 | ITER: 29 END: OK
2019-09-01 08:58:43.513 25568 INFO rally.task.runner [-] Task 802e221d-3f14-4e6c-8d9a-cdeaa6132b43 | ITER: 30 END: OK
2019-09-01 08:58:43.525 25542 INFO rally.task.runner [-] Task 802e221d-3f14-4e6c-8d9a-cdeaa6132b43 | ITER: 39 END: OK
2019-09-01 08:58:43.567 25536 INFO rally.task.runner [-] Task 802e221d-3f14-4e6c-8d9a-cdeaa6132b43 | ITER: 25 END: OK
2019-09-01 08:58:43.595 25538 INFO rally.task.runner [-] Task 802e221d-3f14-4e6c-8d9a-cdeaa6132b43 | ITER: 37 END: OK
2019-09-01 08:58:43.699 25537 INFO rally.task.runner [-] Task 802e221d-3f14-4e6c-8d9a-cdeaa6132b43 | ITER: 21 END: OK
2019-09-01 08:58:43.880 25535 INFO rally.task.runner [-] Task 802e221d-3f14-4e6c-8d9a-cdeaa6132b43 | ITER: 38 END: OK
2019-09-01 08:58:44.173 25534 INFO rally.task.runner [-] Task 802e221d-3f14-4e6c-8d9a-cdeaa6132b43 | ITER: 33 END: OK
2019-09-01 08:58:44.203 25536 INFO rally.task.runner [-] Task 802e221d-3f14-4e6c-8d9a-cdeaa6132b43 | ITER: 35 END: OK
2019-09-01 08:58:44.307 25550 INFO rally.task.runner [-] Task 802e221d-3f14-4e6c-8d9a-cdeaa6132b43 | ITER: 23 END: OK
2019-09-01 08:58:44.322 25558 INFO rally.task.runner [-] Task 802e221d-3f14-4e6c-8d9a-cdeaa6132b43 | ITER: 31 END: OK
2019-09-01 08:58:44.449 25573 INFO rally.task.runner [-] Task 802e221d-3f14-4e6c-8d9a-cdeaa6132b43 | ITER: 34 END: OK
2019-09-01 08:58:44.572 25546 INFO rally.task.runner [-] Task 802e221d-3f14-4e6c-8d9a-cdeaa6132b43 | ITER: 32 END: OK
2019-09-01 08:58:44.579 25572 INFO rally.task.runner [-] Task 802e221d-3f14-4e6c-8d9a-cdeaa6132b43 | ITER: 28 END: OK
2019-09-01 08:58:45.255 25537 INFO rally.task.runner [-] Task 802e221d-3f14-4e6c-8d9a-cdeaa6132b43 | ITER: 40 END: OK
2019-09-01 08:58:45.284 21658 INFO rally.task.context [-] Task 802e221d-3f14-4e6c-8d9a-cdeaa6132b43 | Context cleanup@openstack cleanup() started
2019-09-01 08:58:45.287 21658 RALLYDEBUG rally_openstack.cleanup.manager [-] Cleaning up neutron vip objects
2019-09-01 08:58:45.671 21658 RALLYDEBUG rally_openstack.cleanup.manager [-] Cleaning up neutron health_monitor objects
2019-09-01 08:58:46.054 21658 RALLYDEBUG rally_openstack.cleanup.manager [-] Cleaning up neutron pool objects
2019-09-01 08:58:46.444 21658 RALLYDEBUG rally_openstack.cleanup.manager [-] Cleaning up neutron loadbalancer objects
2019-09-01 08:58:46.825 21658 RALLYDEBUG rally_openstack.cleanup.manager [-] Cleaning up neutron floatingip objects
2019-09-01 08:58:47.238 21658 RALLYDEBUG rally_openstack.cleanup.manager [-] Cleaning up neutron port objects
2019-09-01 08:58:48.094 21658 RALLYDEBUG rally_openstack.cleanup.manager [-] Deleting neutron.port object s_rally_82ca2d43_e1gkbKl1 (03dc5091-3435-4e96-95bc-e9e6da5ece2d)
2019-09-01 08:58:48.095 21658 RALLYDEBUG rally_openstack.cleanup.manager [-] Deleting neutron.port object s_rally_82ca2d43_wYfRkjQa (043ee5a5-b39d-4b3f-b1cf-95e5c8f8c968)
2019-09-01 08:58:48.100 21658 RALLYDEBUG rally_openstack.cleanup.manager [-] Deleting neutron.port object s_rally_82ca2d43_DEbZKyTX (00be29cf-d815-47b9-ac96-a491bff01adc)
2019-09-01 08:58:48.100 21658 RALLYDEBUG rally_openstack.cleanup.manager [-] Deleting neutron.port object s_rally_82ca2d43_lN2zvk6M (086db9de-495d-4e2f-a182-3dbf84a00ac6)
2019-09-01 08:58:48.101 21658 RALLYDEBUG rally_openstack.cleanup.manager [-] Deleting neutron.port object s_rally_82ca2d43_xBNps3Ho (0146958f-e3e0-40e0-9f46-72f4cf931b3e)
2019-09-01 08:58:48.108 21658 RALLYDEBUG rally_openstack.cleanup.manager [-] Deleting neutron.port object s_rally_82ca2d43_Yic8Dqrd (0e1d7291-723c-4e0d-aad2-9f07b786e99b)
2019-09-01 08:58:48.109 21658 RALLYDEBUG rally_openstack.cleanup.manager [-] Deleting neutron.port object s_rally_82ca2d43_8GIjo02p (02282316-ea29-4f7e-a9e1-ed0af022ecac)
2019-09-01 08:58:48.111 21658 RALLYDEBUG rally_openstack.cleanup.manager [-] Deleting neutron.port object s_rally_82ca2d43_jPXEqReK (02d5d49c-179f-4706-b948-abe45904cbef)
2019-09-01 08:58:48.116 21658 RALLYDEBUG rally_openstack.cleanup.manager [-] Deleting neutron.port object s_rally_82ca2d43_cn0STZ8l (0b5ec668-e235-4671-868a-96713e1ca602)
2019-09-01 08:58:48.125 21658 RALLYDEBUG rally_openstack.cleanup.manager [-] Deleting neutron.port object s_rally_82ca2d43_UcAPuKBA (0f3e4486-066e-4f0f-987f-936c4601e5e3)
2019-09-01 08:58:48.125 21658 RALLYDEBUG rally_openstack.cleanup.manager [-] Deleting neutron.port object s_rally_82ca2d43_MpbCZWdr (0f27c45f-a414-422b-8cfd-3d553daca274)
2019-09-01 08:58:48.129 21658 RALLYDEBUG rally_openstack.cleanup.manager [-] Deleting neutron.port object s_rally_82ca2d43_dvGIMfJj (0f37ad1f-7516-4f1f-b7dc-d9220a28133e)
2019-09-01 08:58:48.130 21658 RALLYDEBUG rally_openstack.cleanup.manager [-] Deleting neutron.port object s_rally_82ca2d43_LnQC4tDF (0fefb5a8-8888-453e-a494-f043d5563f98)
2019-09-01 08:58:48.140 21658 RALLYDEBUG rally_openstack.cleanup.manager [-] Deleting neutron.port object s_rally_82ca2d43_8htdNeJl (05cf9f88-3708-484a-9a86-e7f817e6002b)
2019-09-01 08:58:48.140 21658 RALLYDEBUG rally_openstack.cleanup.manager [-] Deleting neutron.port object s_rally_82ca2d43_unaDjqok (0a9287af-3225-4a67-9a29-529848a05ad4)
2019-09-01 08:58:48.153 21658 RALLYDEBUG rally_openstack.cleanup.manager [-] Deleting neutron.port object s_rally_82ca2d43_JCvAMtOo (022bcc90-adb1-4278-adb4-fa2ce808d928)
2019-09-01 08:58:48.155 21658 RALLYDEBUG rally_openstack.cleanup.manager [-] Deleting neutron.port object s_rally_82ca2d43_nwIrhOOX (04df5bea-8a7e-41ad-b2ce-5b85104d9391)
2019-09-01 08:58:48.167 21658 RALLYDEBUG rally_openstack.cleanup.manager [-] Deleting neutron.port object s_rally_82ca2d43_1OZogITG (0575e529-db92-46a7-b159-92f2e288cdd6)
2019-09-01 08:58:48.173 21658 RALLYDEBUG rally_openstack.cleanup.manager [-] Deleting neutron.port object s_rally_82ca2d43_8rMbl07P (00d42dbe-8975-4d42-8a5d-66ce84242e63)
2019-09-01 08:58:48.203 21658 RALLYDEBUG rally_openstack.cleanup.manager [-] Deleting neutron.port object s_rally_82ca2d43_m8THUzBA (099fcfdd-393b-405d-92c3-eb43a4d1609f)
2019-09-01 08:58:50.112 21658 RALLYDEBUG rally_openstack.cleanup.manager [-] Deleting neutron.port object s_rally_82ca2d43_aBLVRVod (110adbf2-41ae-484f-8fb7-b7ba5ba9ba5a)
2019-09-01 08:58:50.274 21658 RALLYDEBUG rally_openstack.cleanup.manager [-] Deleting neutron.port object s_rally_82ca2d43_CcVkoPjL (13884eb6-e732-4232-80ba-0d5f4da83e3d)
2019-09-01 08:58:50.283 21658 RALLYDEBUG rally_openstack.cleanup.manager [-] Deleting neutron.port object s_rally_82ca2d43_U077irzY (14f974dc-23d8-4bb3-bc7b-a314c4b564eb)
2019-09-01 08:58:50.740 21658 RALLYDEBUG rally_openstack.cleanup.manager [-] Deleting neutron.port object s_rally_82ca2d43_3rIT3kR0 (157312df-11cd-410e-be06-9a69184d3888)
2019-09-01 08:58:50.759 21658 RALLYDEBUG rally_openstack.cleanup.manager [-] Deleting neutron.port object s_rally_82ca2d43_j9CJdyxZ (15859fb7-fee1-408c-9079-c792c2c447de)
2019-09-01 08:58:50.774 21658 RALLYDEBUG rally_openstack.cleanup.manager [-] Deleting neutron.port object s_rally_82ca2d43_tOhxrzLj (18e1981d-e9d7-49e0-9b30-812b90aa25e3)
2019-09-01 08:58:50.831 21658 RALLYDEBUG rally_openstack.cleanup.manager [-] Deleting neutron.port object s_rally_82ca2d43_4EmtkPsX (1a2ee1e4-2d26-4cf3-80c9-1fb8d81802a0)
2019-09-01 08:58:50.847 21658 RALLYDEBUG rally_openstack.cleanup.manager [-] Deleting neutron.port object s_rally_82ca2d43_xFz4mYpb (1fd05ad0-ae48-4c45-b75c-14774fe620cd)
2019-09-01 08:58:50.857 21658 RALLYDEBUG rally_openstack.cleanup.manager [-] Deleting neutron.port object s_rally_82ca2d43_KQDHfUxH (219c2a27-c706-4f0f-9e3e-85aa3fbc8eb2)
2019-09-01 08:58:50.932 21658 RALLYDEBUG rally_openstack.cleanup.manager [-] Deleting neutron.port object s_rally_82ca2d43_2G2zMhQ3 (22f27595-d9f5-44e3-9fdf-c9f05417f471)
2019-09-01 08:58:50.936 21658 RALLYDEBUG rally_openstack.cleanup.manager [-] Deleting neutron.port object s_rally_82ca2d43_6UIE0vxf (235ad8b0-a738-4af3-9a5f-a4254881bd95)
2019-09-01 08:58:50.954 21658 RALLYDEBUG rally_openstack.cleanup.manager [-] Deleting neutron.port object s_rally_82ca2d43_c920f0th (24a8353b-ef9f-4454-9a95-07f8b22f51e1)
2019-09-01 08:58:50.991 21658 RALLYDEBUG rally_openstack.cleanup.manager [-] Deleting neutron.port object s_rally_82ca2d43_mOYFsmMq (251cc098-10c5-4188-a5df-411125d18ea3)
2019-09-01 08:58:51.008 21658 RALLYDEBUG rally_openstack.cleanup.manager [-] Deleting neutron.port object s_rally_82ca2d43_dlj9Ci9p (27c11273-d2b2-4eb6-b028-74dffa9deef6)
2019-09-01 08:58:51.019 21658 RALLYDEBUG rally_openstack.cleanup.manager [-] Deleting neutron.port object s_rally_82ca2d43_kuY9kgqx (2a5b15cf-43bc-4250-882f-83f7a107a7bc)
2019-09-01 08:58:51.057 21658 RALLYDEBUG rally_openstack.cleanup.manager [-] Deleting neutron.port object s_rally_82ca2d43_4H7xPlBM (2a5ef026-99fd-49eb-8a60-a3d808e611a7)
2019-09-01 08:58:51.196 21658 RALLYDEBUG rally_openstack.cleanup.manager [-] Deleting neutron.port object s_rally_82ca2d43_dKlMKhAZ (2c4f7b73-3ac0-484b-a6f9-6b14f9506254)
2019-09-01 08:58:51.196 21658 RALLYDEBUG rally_openstack.cleanup.manager [-] Deleting neutron.port object s_rally_82ca2d43_J553s5bq (2e2a6cff-6c95-4709-8a15-723d8edd4bea)
2019-09-01 08:58:51.268 21658 RALLYDEBUG rally_openstack.cleanup.manager [-] Deleting neutron.port object s_rally_82ca2d43_OvqWOvOg (2e6fe9a1-531b-4faa-b9f3-8cabe00667cd)
2019-09-01 08:58:51.269 21658 RALLYDEBUG rally_openstack.cleanup.manager [-] Deleting neutron.port object s_rally_82ca2d43_AoqelhgG (2e66d34e-1085-4f4b-a38a-3ff38ff56bdd)
2019-09-01 08:58:51.935 21658 RALLYDEBUG rally_openstack.cleanup.manager [-] Deleting neutron.port object s_rally_82ca2d43_lFTPnX0i (2fa9965e-2306-45a7-b609-02d6a927fbb5)
2019-09-01 08:58:52.155 21658 RALLYDEBUG rally_openstack.cleanup.manager [-] Deleting neutron.port object s_rally_82ca2d43_iMR5fThb (33386e6b-b112-41fb-ae62-44bf81cc5959)
2019-09-01 08:58:52.421 21658 RALLYDEBUG rally_openstack.cleanup.manager [-] Deleting neutron.port object s_rally_82ca2d43_JpjrQ76p (35561c51-5caa-4d86-9f65-5e6467103aa9)
2019-09-01 08:58:52.592 21658 RALLYDEBUG rally_openstack.cleanup.manager [-] Deleting neutron.port object s_rally_82ca2d43_xkAK0OUY (35afa1dc-bff5-4823-8dad-120b3a8baed6)
2019-09-01 08:58:52.730 21658 RALLYDEBUG rally_openstack.cleanup.manager [-] Deleting neutron.port object s_rally_82ca2d43_A8JUeKhC (36294865-e961-40c3-8366-30514ed90887)
2019-09-01 08:58:52.830 21658 RALLYDEBUG rally_openstack.cleanup.manager [-] Deleting neutron.port object s_rally_82ca2d43_jFN4yR7g (37fc33eb-1449-4745-9f79-9b7d8d99ef9a)
2019-09-01 08:58:52.865 21658 RALLYDEBUG rally_openstack.cleanup.manager [-] Deleting neutron.port object s_rally_82ca2d43_nwAR8kFG (382e9a38-1c1a-4d19-bdda-27cec3344c02)
2019-09-01 08:58:52.871 21658 RALLYDEBUG rally_openstack.cleanup.manager [-] Deleting neutron.port object s_rally_82ca2d43_IwFSdcjX (39073c78-b176-43e5-bf99-54b47270b43d)
2019-09-01 08:58:52.949 21658 RALLYDEBUG rally_openstack.cleanup.manager [-] Deleting neutron.port object s_rally_82ca2d43_lQIod6xf (3b889ba6-4f2c-4c9a-871e-f9a9f6413eb7)
2019-09-01 08:58:52.992 21658 RALLYDEBUG rally_openstack.cleanup.manager [-] Deleting neutron.port object s_rally_82ca2d43_1Azi5Vla (3bf74d01-99c9-43a9-9c12-d42978231b44)
2019-09-01 08:58:53.066 21658 RALLYDEBUG rally_openstack.cleanup.manager [-] Deleting neutron.port object s_rally_82ca2d43_sM53U6pp (3ff4060d-8411-4c88-8abf-c07bce0fefac)
2019-09-01 08:58:53.275 21658 RALLYDEBUG rally_openstack.cleanup.manager [-] Deleting neutron.port object s_rally_82ca2d43_SK0dC4D1 (409d8e60-f1ce-4aa1-a756-e2a3a30e3b54)
2019-09-01 08:58:53.432 21658 RALLYDEBUG rally_openstack.cleanup.manager [-] Deleting neutron.port object s_rally_82ca2d43_bQd9Lcoi (41d25e5b-2ef5-462c-9009-3bd5622b119a)
2019-09-01 08:58:53.516 21658 RALLYDEBUG rally_openstack.cleanup.manager [-] Deleting neutron.port object s_rally_82ca2d43_8tpabl4g (42bf863e-c0f1-476a-87f1-d6ccad562d3c)
2019-09-01 08:58:53.596 21658 RALLYDEBUG rally_openstack.cleanup.manager [-] Deleting neutron.port object s_rally_82ca2d43_dVMXUPyl (433186aa-799a-4902-8a45-3a21573ca6aa)
2019-09-01 08:58:53.729 21658 RALLYDEBUG rally_openstack.cleanup.manager [-] Deleting neutron.port object s_rally_82ca2d43_Emihcepq (439e6566-ab2e-4d43-8280-b6e78caa3c34)
2019-09-01 08:58:53.730 21658 RALLYDEBUG rally_openstack.cleanup.manager [-] Deleting neutron.port object s_rally_82ca2d43_59yF2doy (452d2e48-e6b4-464b-99ee-dba93de41c8e)
2019-09-01 08:58:53.756 21658 RALLYDEBUG rally_openstack.cleanup.manager [-] Deleting neutron.port object s_rally_82ca2d43_ohMDUMDD (49183feb-dbf9-4571-8542-04b929b3f554)
2019-09-01 08:58:53.762 21658 RALLYDEBUG rally_openstack.cleanup.manager [-] Deleting neutron.port object s_rally_82ca2d43_pyAmjnea (455a30e8-cba4-44c2-8976-e399b4655a07)
2019-09-01 08:58:53.814 21658 RALLYDEBUG rally_openstack.cleanup.manager [-] Deleting neutron.port object s_rally_82ca2d43_co5GpdOt (4bf6cfad-11a6-4892-8450-2375dbdd4628)
2019-09-01 08:58:53.845 21658 RALLYDEBUG rally_openstack.cleanup.manager [-] Deleting neutron.port object s_rally_82ca2d43_X4gk9qL1 (53898554-a254-4827-90d8-efd5a366d03f)
2019-09-01 08:58:53.960 21658 RALLYDEBUG rally_openstack.cleanup.manager [-] Deleting neutron.port object s_rally_82ca2d43_GJBG8n05 (5418d8bf-fe8f-45af-b453-1ae4a5a2e2b2)
2019-09-01 08:58:54.246 21658 RALLYDEBUG rally_openstack.cleanup.manager [-] Deleting neutron.port object s_rally_82ca2d43_Gsft8rOP (5435f13d-9310-487a-8911-fc2a22b34f48)
2019-09-01 08:58:54.449 21658 RALLYDEBUG rally_openstack.cleanup.manager [-] Deleting neutron.port object s_rally_82ca2d43_DH165Wa9 (546eca98-877f-4334-8201-7a88d0bb20ac)
2019-09-01 08:58:54.588 21658 RALLYDEBUG rally_openstack.cleanup.manager [-] Deleting neutron.port object s_rally_82ca2d43_IKuv0OPd (56458520-70c4-454e-9fa0-e2ba24f39240)
2019-09-01 08:58:54.691 21658 RALLYDEBUG rally_openstack.cleanup.manager [-] Deleting neutron.port object s_rally_82ca2d43_f5u5fHGJ (56dacbe7-0405-42d6-9433-0ae27fd5042c)
2019-09-01 08:58:54.762 21658 RALLYDEBUG rally_openstack.cleanup.manager [-] Deleting neutron.port object s_rally_82ca2d43_VDoYeTwW (58c8f6a2-56cf-4f2e-9416-c0c185125dd4)
