2019-09-01 08:59:41.619 25939 INFO rally.task.runner [-] Task 802e221d-3f14-4e6c-8d9a-cdeaa6132b43 | ITER: 16 END: OK
2019-09-01 08:59:41.625 25939 INFO rally.task.runner [-] Task 802e221d-3f14-4e6c-8d9a-cdeaa6132b43 | ITER: 39 START
2019-09-01 08:59:41.625 25939 WARNING rally_openstack.scenarios.neutron.utils [-] Running this scenario without either the 'network' or 'existing_network' context is deprecated
2019-09-01 08:59:42.110 25917 INFO rally.task.runner [-] Task 802e221d-3f14-4e6c-8d9a-cdeaa6132b43 | ITER: 11 END: OK
2019-09-01 08:59:42.115 25917 INFO rally.task.runner [-] Task 802e221d-3f14-4e6c-8d9a-cdeaa6132b43 | ITER: 40 START
2019-09-01 08:59:42.116 25917 WARNING rally_openstack.scenarios.neutron.utils [-] Running this scenario without either the 'network' or 'existing_network' context is deprecated
2019-09-01 08:59:48.799 25907 INFO rally.task.runner [-] Task 802e221d-3f14-4e6c-8d9a-cdeaa6132b43 | ITER: 26 END: OK
2019-09-01 08:59:49.079 25922 INFO rally.task.runner [-] Task 802e221d-3f14-4e6c-8d9a-cdeaa6132b43 | ITER: 23 END: OK
2019-09-01 08:59:49.804 25904 INFO rally.task.runner [-] Task 802e221d-3f14-4e6c-8d9a-cdeaa6132b43 | ITER: 21 END: OK
2019-09-01 08:59:50.018 25925 INFO rally.task.runner [-] Task 802e221d-3f14-4e6c-8d9a-cdeaa6132b43 | ITER: 30 END: OK
2019-09-01 08:59:50.050 25907 INFO rally.task.runner [-] Task 802e221d-3f14-4e6c-8d9a-cdeaa6132b43 | ITER: 36 END: OK
2019-09-01 08:59:50.190 25912 INFO rally.task.runner [-] Task 802e221d-3f14-4e6c-8d9a-cdeaa6132b43 | ITER: 32 END: OK
2019-09-01 08:59:50.447 25948 INFO rally.task.runner [-] Task 802e221d-3f14-4e6c-8d9a-cdeaa6132b43 | ITER: 28 END: OK
2019-09-01 08:59:50.467 25906 INFO rally.task.runner [-] Task 802e221d-3f14-4e6c-8d9a-cdeaa6132b43 | ITER: 33 END: OK
2019-09-01 08:59:50.613 25909 INFO rally.task.runner [-] Task 802e221d-3f14-4e6c-8d9a-cdeaa6132b43 | ITER: 29 END: OK
2019-09-01 08:59:50.674 25905 INFO rally.task.runner [-] Task 802e221d-3f14-4e6c-8d9a-cdeaa6132b43 | ITER: 22 END: OK
2019-09-01 08:59:50.933 25927 INFO rally.task.runner [-] Task 802e221d-3f14-4e6c-8d9a-cdeaa6132b43 | ITER: 27 END: OK
2019-09-01 08:59:50.950 25904 INFO rally.task.runner [-] Task 802e221d-3f14-4e6c-8d9a-cdeaa6132b43 | ITER: 24 END: OK
2019-09-01 08:59:50.954 25944 INFO rally.task.runner [-] Task 802e221d-3f14-4e6c-8d9a-cdeaa6132b43 | ITER: 38 END: OK
2019-09-01 08:59:51.038 25951 INFO rally.task.runner [-] Task 802e221d-3f14-4e6c-8d9a-cdeaa6132b43 | ITER: 34 END: OK
2019-09-01 08:59:51.077 25906 INFO rally.task.runner [-] Task 802e221d-3f14-4e6c-8d9a-cdeaa6132b43 | ITER: 25 END: OK
2019-09-01 08:59:51.189 25931 INFO rally.task.runner [-] Task 802e221d-3f14-4e6c-8d9a-cdeaa6132b43 | ITER: 35 END: OK
2019-09-01 08:59:51.400 25939 INFO rally.task.runner [-] Task 802e221d-3f14-4e6c-8d9a-cdeaa6132b43 | ITER: 39 END: OK
2019-09-01 08:59:51.465 25917 INFO rally.task.runner [-] Task 802e221d-3f14-4e6c-8d9a-cdeaa6132b43 | ITER: 40 END: OK
2019-09-01 08:59:51.685 25905 INFO rally.task.runner [-] Task 802e221d-3f14-4e6c-8d9a-cdeaa6132b43 | ITER: 37 END: OK
2019-09-01 08:59:51.877 25945 INFO rally.task.runner [-] Task 802e221d-3f14-4e6c-8d9a-cdeaa6132b43 | ITER: 31 END: OK
2019-09-01 08:59:51.901 21658 INFO rally.task.context [-] Task 802e221d-3f14-4e6c-8d9a-cdeaa6132b43 | Context cleanup@openstack cleanup() started
2019-09-01 08:59:51.906 21658 RALLYDEBUG rally_openstack.cleanup.manager [-] Cleaning up neutron vip objects
2019-09-01 08:59:52.317 21658 RALLYDEBUG rally_openstack.cleanup.manager [-] Cleaning up neutron health_monitor objects
2019-09-01 08:59:52.703 21658 RALLYDEBUG rally_openstack.cleanup.manager [-] Cleaning up neutron pool objects
2019-09-01 08:59:53.106 21658 RALLYDEBUG rally_openstack.cleanup.manager [-] Cleaning up neutron loadbalancer objects
2019-09-01 08:59:53.492 21658 RALLYDEBUG rally_openstack.cleanup.manager [-] Cleaning up neutron floatingip objects
2019-09-01 08:59:53.926 21658 RALLYDEBUG rally_openstack.cleanup.manager [-] Cleaning up neutron port objects
2019-09-01 08:59:54.361 21658 RALLYDEBUG rally_openstack.cleanup.manager [-] Cleaning up neutron subnet objects
2019-09-01 08:59:54.773 21658 RALLYDEBUG rally_openstack.cleanup.manager [-] Cleaning up neutron network objects
2019-09-01 08:59:55.429 21658 RALLYDEBUG rally_openstack.cleanup.manager [-] Deleting neutron.network object s_rally_e6ec93f3_mnDO7KZq (0bea8e47-5a47-403f-bde0-a5f5089b1aea)
2019-09-01 08:59:55.432 21658 RALLYDEBUG rally_openstack.cleanup.manager [-] Deleting neutron.network object s_rally_e6ec93f3_kvSoK0Bu (1dace3d7-3235-47ab-a806-a19426dd86e7)
2019-09-01 08:59:55.434 21658 RALLYDEBUG rally_openstack.cleanup.manager [-] Deleting neutron.network object s_rally_e6ec93f3_6BRspd3O (24e54999-94bd-4c83-bc86-7a2626c4a2ab)
2019-09-01 08:59:55.437 21658 RALLYDEBUG rally_openstack.cleanup.manager [-] Deleting neutron.network object s_rally_e6ec93f3_gJDFJnDo (58b83d72-6323-4d0d-a6e6-00e66aa10431)
2019-09-01 08:59:55.443 21658 RALLYDEBUG rally_openstack.cleanup.manager [-] Deleting neutron.network object s_rally_e6ec93f3_SzG9spcz (170137fa-df3e-4a62-b5da-1ce6986b03eb)
2019-09-01 08:59:55.443 21658 RALLYDEBUG rally_openstack.cleanup.manager [-] Deleting neutron.network object s_rally_e6ec93f3_yDp5n9D7 (1c41298a-3f0f-4a0d-9cb4-d9684f20958d)
2019-09-01 08:59:55.449 21658 RALLYDEBUG rally_openstack.cleanup.manager [-] Deleting neutron.network object s_rally_e6ec93f3_ORxkUI0R (44c1ac27-dede-4773-b3bb-ae7421934c4d)
2019-09-01 08:59:55.461 21658 RALLYDEBUG rally_openstack.cleanup.manager [-] Deleting neutron.network object s_rally_e6ec93f3_Uo9NjZC2 (3bd33354-bb7b-41ce-9130-da1d4b2298c0)
2019-09-01 08:59:55.464 21658 RALLYDEBUG rally_openstack.cleanup.manager [-] Deleting neutron.network object s_rally_e6ec93f3_bEkkZiCt (4206bdd9-6ac3-4345-88a9-2a4f3e2e7154)
2019-09-01 08:59:55.466 21658 RALLYDEBUG rally_openstack.cleanup.manager [-] Deleting neutron.network object s_rally_e6ec93f3_CSdb3ijC (5b43765e-5a82-4af5-8c13-b11c0c759d62)
2019-09-01 08:59:55.468 21658 RALLYDEBUG rally_openstack.cleanup.manager [-] Deleting neutron.network object s_rally_e6ec93f3_2XcAGrYQ (5b3006a1-ff0d-495b-a065-edf078d8a30a)
2019-09-01 08:59:55.468 21658 RALLYDEBUG rally_openstack.cleanup.manager [-] Deleting neutron.network object s_rally_e6ec93f3_y34GuijE (67376ee0-e534-43af-aba4-d14db7b50db1)
2019-09-01 08:59:55.470 21658 RALLYDEBUG rally_openstack.cleanup.manager [-] Deleting neutron.network object s_rally_e6ec93f3_YgO9aIWR (0643793f-ef08-42c2-9221-0c9a0ae62e2c)
2019-09-01 08:59:55.474 21658 RALLYDEBUG rally_openstack.cleanup.manager [-] Deleting neutron.network object s_rally_e6ec93f3_aMi55zBc (2b359ef0-f082-4ae5-a546-2f3bfbf804ea)
2019-09-01 08:59:55.475 21658 RALLYDEBUG rally_openstack.cleanup.manager [-] Deleting neutron.network object s_rally_e6ec93f3_6RjDA2tn (0cc634e8-e464-455c-9809-520703bd6f3c)
2019-09-01 08:59:55.482 21658 RALLYDEBUG rally_openstack.cleanup.manager [-] Deleting neutron.network object s_rally_e6ec93f3_P6NSIp3G (3e4c46ea-42c0-4402-b3ca-0cd6c497ca53)
2019-09-01 08:59:55.484 21658 RALLYDEBUG rally_openstack.cleanup.manager [-] Deleting neutron.network object s_rally_e6ec93f3_WHjigDHC (611fb804-35d1-4dfc-857d-db679067f74c)
2019-09-01 08:59:55.487 21658 RALLYDEBUG rally_openstack.cleanup.manager [-] Deleting neutron.network object s_rally_e6ec93f3_Y6cG11U3 (3ec7d236-e4cb-432b-80c6-b8a94930b985)
2019-09-01 08:59:55.492 21658 RALLYDEBUG rally_openstack.cleanup.manager [-] Deleting neutron.network object s_rally_e6ec93f3_unQs92Ts (48edefea-5864-4d12-bd13-f51340089711)
2019-09-01 08:59:55.516 21658 RALLYDEBUG rally_openstack.cleanup.manager [-] Deleting neutron.network object s_rally_e6ec93f3_dl7RJ5vT (5061314f-cc57-43d9-baf3-9b8979c7e475)
2019-09-01 08:59:57.663 21658 RALLYDEBUG rally_openstack.cleanup.manager [-] Deleting neutron.network object s_rally_e6ec93f3_1PXopldD (6bb41bea-91c4-4cc9-a58a-416736bd642f)
2019-09-01 08:59:57.672 21658 RALLYDEBUG rally_openstack.cleanup.manager [-] Deleting neutron.network object s_rally_e6ec93f3_g7ukZv2w (6c6d0427-b5f7-4649-a53c-f51fbc9a312b)
2019-09-01 08:59:58.123 21658 RALLYDEBUG rally_openstack.cleanup.manager [-] Deleting neutron.network object s_rally_e6ec93f3_o7PZo3kM (7292213b-0e55-46a2-9ecc-883648d52424)
2019-09-01 08:59:58.213 21658 RALLYDEBUG rally_openstack.cleanup.manager [-] Deleting neutron.network object s_rally_e6ec93f3_J7swE4q2 (7d333016-5837-4954-a61a-7283d5a8370d)
2019-09-01 08:59:58.237 21658 RALLYDEBUG rally_openstack.cleanup.manager [-] Deleting neutron.network object s_rally_e6ec93f3_nILDSlVp (86a82ae3-2d44-4bb2-83c5-d5c1ee44d216)
2019-09-01 08:59:58.265 21658 RALLYDEBUG rally_openstack.cleanup.manager [-] Deleting neutron.network object s_rally_e6ec93f3_IDo6N9xd (8a482881-a752-45e1-8739-874eb1474906)
2019-09-01 08:59:58.302 21658 RALLYDEBUG rally_openstack.cleanup.manager [-] Deleting neutron.network object s_rally_e6ec93f3_saXcW98W (9505b9a4-4506-4ce3-baf9-3cf8c5992d7f)
2019-09-01 08:59:58.360 21658 RALLYDEBUG rally_openstack.cleanup.manager [-] Deleting neutron.network object s_rally_e6ec93f3_cjuuzMUG (96cd7557-bb44-4aeb-9cef-68f00ee0c22f)
2019-09-01 08:59:58.442 21658 RALLYDEBUG rally_openstack.cleanup.manager [-] Deleting neutron.network object s_rally_e6ec93f3_kSASITI3 (997bd740-9eb1-4839-b191-33e35569b21d)
2019-09-01 08:59:58.665 21658 RALLYDEBUG rally_openstack.cleanup.manager [-] Deleting neutron.network object s_rally_e6ec93f3_BH08b2W4 (9a8b404a-3d48-40ba-b24d-0ad077b3c831)
2019-09-01 08:59:58.694 21658 RALLYDEBUG rally_openstack.cleanup.manager [-] Deleting neutron.network object s_rally_e6ec93f3_BWQVR57T (aa87d6d5-d942-4cf0-8722-652469d0a248)
2019-09-01 08:59:58.709 21658 RALLYDEBUG rally_openstack.cleanup.manager [-] Deleting neutron.network object s_rally_e6ec93f3_ETLrJGtN (b237101f-c2b7-4dd9-a50b-506dedf19468)
2019-09-01 08:59:58.775 21658 RALLYDEBUG rally_openstack.cleanup.manager [-] Deleting neutron.network object s_rally_e6ec93f3_t2cEyOwB (c04f9c5e-2dba-4f0f-88cc-bce8e6c70463)
2019-09-01 08:59:58.792 21658 RALLYDEBUG rally_openstack.cleanup.manager [-] Deleting neutron.network object s_rally_e6ec93f3_EYUAhZnV (ca062d89-5897-424f-9994-c05414e21472)
2019-09-01 08:59:58.804 21658 RALLYDEBUG rally_openstack.cleanup.manager [-] Deleting neutron.network object s_rally_e6ec93f3_MBV3V8Bi (cf411c91-8906-44f5-939d-49aef6c65bd3)
2019-09-01 08:59:59.062 21658 RALLYDEBUG rally_openstack.cleanup.manager [-] Deleting neutron.network object s_rally_e6ec93f3_lpkODevG (d08ad1fa-ed29-4918-96d3-1510918322bb)
2019-09-01 08:59:59.069 21658 RALLYDEBUG rally_openstack.cleanup.manager [-] Deleting neutron.network object s_rally_e6ec93f3_IhYFP6MX (d260666d-f03e-42a5-980f-ea0d608b4722)
2019-09-01 08:59:59.169 21658 RALLYDEBUG rally_openstack.cleanup.manager [-] Deleting neutron.network object s_rally_e6ec93f3_fc2At6Qu (da703fd9-8702-4cd7-a948-e8f1afa3e0be)
2019-09-01 08:59:59.296 21658 RALLYDEBUG rally_openstack.cleanup.manager [-] Deleting neutron.network object s_rally_e6ec93f3_ESfsSz66 (edf5ff9b-f77b-4820-958a-4ab1659ea6f1)
2019-09-01 08:59:59.304 21658 RALLYDEBUG rally_openstack.cleanup.manager [-] Deleting neutron.network object s_rally_e6ec93f3_jnFxgnmv (ef8862c3-b5a3-4d76-b959-1767c24eed13)
2019-09-01 09:00:02.057 21658 RALLYDEBUG rally_openstack.cleanup.manager [-] Cleaning up neutron router objects
2019-09-01 09:00:02.486 21658 RALLYDEBUG rally_openstack.cleanup.manager [-] Cleaning up neutron security_group objects
2019-09-01 09:00:02.907 21658 INFO rally.task.context [-] Task 802e221d-3f14-4e6c-8d9a-cdeaa6132b43 | Context cleanup@openstack cleanup() finished in 11.01 sec
2019-09-01 09:00:02.908 21658 INFO rally.task.context [-] Task 802e221d-3f14-4e6c-8d9a-cdeaa6132b43 | Context quotas@openstack cleanup() started
2019-09-01 09:00:02.981 21658 INFO rally.task.context [-] Task 802e221d-3f14-4e6c-8d9a-cdeaa6132b43 | Context quotas@openstack cleanup() finished in 72.86 msec
2019-09-01 09:00:02.981 21658 INFO rally.task.context [-] Task 802e221d-3f14-4e6c-8d9a-cdeaa6132b43 | Context users@openstack cleanup() started
2019-09-01 09:00:05.702 21658 INFO rally.task.context [-] Task 802e221d-3f14-4e6c-8d9a-cdeaa6132b43 | Context users@openstack cleanup() finished in 2.72 sec
2019-09-01 09:00:06.727 21658 INFO rally.task.engine [-] Load duration is: 24.719043
2019-09-01 09:00:06.727 21658 INFO rally.task.engine [-] Full runner duration is: 24.77345
2019-09-01 09:00:06.727 21658 INFO rally.task.engine [-] Full duration is: 41.394782
2019-09-01 09:00:07.224 21658 INFO rally.task.engine [-] Running workload: position = 0 config = { "version": 2, "title": "A cropped version of a bigger task.", "description": "Auto-generated task from a single workload (uuid=d62dfe0a-722d-4f85-8560-794a31529a51)", "subtasks": [ { "title": "Quotas.neutron_update", "description": "Update quotas for neutron.", "scenario": { "Quotas.neutron_update": { "max_quota": 1024 } }, "contexts": { "users": { "tenants": 20, "users_per_tenant": 1 } }, "runner": { "constant": { "times": 40, "concurrency": 20 } }, "hooks": [], "sla": { "failure_rate": { "max": 0 } } } ] }
2019-09-01 09:00:07.248 21658 RALLYDEBUG rally_openstack.contexts.keystone.users [-] Creating 20 tenants using 20 threads
2019-09-01 09:00:09.674 21658 RALLYDEBUG rally_openstack.contexts.keystone.users [-] Creating 20 users using 20 threads
2019-09-01 09:00:12.487 21658 INFO rally.task.context [-] Task 802e221d-3f14-4e6c-8d9a-cdeaa6132b43 | Context users@openstack setup() finished in 5.24 sec
2019-09-01 09:00:12.488 21658 INFO rally.task.context [-] Task 802e221d-3f14-4e6c-8d9a-cdeaa6132b43 | Context admin_cleanup@openstack setup() finished in 0.01 msec
2019-09-01 09:00:12.497 21658 RALLYDEBUG rally.task.runner [-] Starting the constant runner (task UUID: 802e221d-3f14-4e6c-8d9a-cdeaa6132b43). timeout: 0 concurrency: 20 concurrency_per_worker: 1 times: 40 concurrency_overhead: 4 processes_to_start: 16 max_cpu_used: 16
2019-09-01 09:00:12.509 26274 RALLYDEBUG rally.task.runner [-] Starting a worker. concurrency: 2 args: {"max_quota": 1024} times: 40 method_name: run timeout: 0 duration: None cls:
2019-09-01 09:00:12.514 26275 RALLYDEBUG rally.task.runner [-] Starting a worker. concurrency: 2 args: {"max_quota": 1024} times: 40 method_name: run timeout: 0 duration: None cls:
2019-09-01 09:00:12.518 26276 RALLYDEBUG rally.task.runner [-] Starting a worker. concurrency: 2 args: {"max_quota": 1024} times: 40 method_name: run timeout: 0 duration: None cls:
2019-09-01 09:00:12.520 26274 INFO rally.task.runner [-] Task 802e221d-3f14-4e6c-8d9a-cdeaa6132b43 | ITER: 1 START
2019-09-01 09:00:12.522 26277 RALLYDEBUG rally.task.runner [-] Starting a worker. concurrency: 2 args: {"max_quota": 1024} times: 40 method_name: run timeout: 0 duration: None cls:
2019-09-01 09:00:12.521 26274 INFO rally.task.runner [-] Task 802e221d-3f14-4e6c-8d9a-cdeaa6132b43 | ITER: 2 START
2019-09-01 09:00:12.526 26280 RALLYDEBUG rally.task.runner [-] Starting a worker. concurrency: 1 args: {"max_quota": 1024} times: 40 method_name: run timeout: 0 duration: None cls:
2019-09-01 09:00:12.529 26282 RALLYDEBUG rally.task.runner [-] Starting a worker. concurrency: 1 args: {"max_quota": 1024} times: 40 method_name: run timeout: 0 duration: None cls:
2019-09-01 09:00:12.532 26275 INFO rally.task.runner [-] Task 802e221d-3f14-4e6c-8d9a-cdeaa6132b43 | ITER: 3 START
2019-09-01 09:00:12.533 26283 RALLYDEBUG rally.task.runner [-] Starting a worker. concurrency: 1 args: {"max_quota": 1024} times: 40 method_name: run timeout: 0 duration: None cls:
2019-09-01 09:00:12.536 26276 INFO rally.task.runner [-] Task 802e221d-3f14-4e6c-8d9a-cdeaa6132b43 | ITER: 4 START
2019-09-01 09:00:12.538 26282 INFO rally.task.runner [-] Task 802e221d-3f14-4e6c-8d9a-cdeaa6132b43 | ITER: 9 START
2019-09-01 09:00:12.537 26286 RALLYDEBUG rally.task.runner [-] Starting a worker. concurrency: 1 args: {"max_quota": 1024} times: 40 method_name: run timeout: 0 duration: None cls:
2019-09-01 09:00:12.539 26280 INFO rally.task.runner [-] Task 802e221d-3f14-4e6c-8d9a-cdeaa6132b43 | ITER: 8 START
2019-09-01 09:00:12.540 26276 INFO rally.task.runner [-] Task 802e221d-3f14-4e6c-8d9a-cdeaa6132b43 | ITER: 7 START
2019-09-01 09:00:12.541 26290 RALLYDEBUG rally.task.runner [-] Starting a worker. concurrency: 1 args: {"max_quota": 1024} times: 40 method_name: run timeout: 0 duration: None cls:
2019-09-01 09:00:12.544 26283 INFO rally.task.runner [-] Task 802e221d-3f14-4e6c-8d9a-cdeaa6132b43 | ITER: 10 START
2019-09-01 09:00:12.546 26288 RALLYDEBUG rally.task.runner [-] Starting a worker. concurrency: 1 args: {"max_quota": 1024} times: 40 method_name: run timeout: 0 duration: None cls:
2019-09-01 09:00:12.550 26300 RALLYDEBUG rally.task.runner [-] Starting a worker. concurrency: 1 args: {"max_quota": 1024} times: 40 method_name: run timeout: 0 duration: None cls:
2019-09-01 09:00:12.551 26286 INFO rally.task.runner [-] Task 802e221d-3f14-4e6c-8d9a-cdeaa6132b43 | ITER: 12 START
2019-09-01 09:00:12.551 26277 INFO rally.task.runner [-] Task 802e221d-3f14-4e6c-8d9a-cdeaa6132b43 | ITER: 11 START
2019-09-01 09:00:12.550 26275 INFO rally.task.runner [-] Task 802e221d-3f14-4e6c-8d9a-cdeaa6132b43 | ITER: 6 START
2019-09-01 09:00:12.551 26277 INFO rally.task.runner [-] Task 802e221d-3f14-4e6c-8d9a-cdeaa6132b43 | ITER: 5 START
2019-09-01 09:00:12.554 26303 RALLYDEBUG rally.task.runner [-] Starting a worker. concurrency: 1 args: {"max_quota": 1024} times: 40 method_name: run timeout: 0 duration: None cls:
2019-09-01 09:00:12.563 26290 INFO rally.task.runner [-] Task 802e221d-3f14-4e6c-8d9a-cdeaa6132b43 | ITER: 13 START
2019-09-01 09:00:12.563 26310 RALLYDEBUG rally.task.runner [-] Starting a worker. concurrency: 1 args: {"max_quota": 1024} times: 40 method_name: run timeout: 0 duration: None cls:
2019-09-01 09:00:12.564 26305 RALLYDEBUG rally.task.runner [-] Starting a worker. concurrency: 1 args: {"max_quota": 1024} times: 40 method_name: run timeout: 0 duration: None cls:
2019-09-01 09:00:12.562 26288 INFO rally.task.runner [-] Task 802e221d-3f14-4e6c-8d9a-cdeaa6132b43 | ITER: 14 START
2019-09-01 09:00:12.564 26295 RALLYDEBUG rally.task.runner [-] Starting a worker. concurrency: 1 args: {"max_quota": 1024} times: 40 method_name: run timeout: 0 duration: None cls:
2019-09-01 09:00:12.564 26308 RALLYDEBUG rally.task.runner [-] Starting a worker. concurrency: 1 args: {"max_quota": 1024} times: 40 method_name: run timeout: 0 duration: None cls:
2019-09-01 09:00:12.573 26303 INFO rally.task.runner [-] Task 802e221d-3f14-4e6c-8d9a-cdeaa6132b43 | ITER: 16 START
2019-09-01 09:00:12.573 26310 INFO rally.task.runner [-] Task 802e221d-3f14-4e6c-8d9a-cdeaa6132b43 | ITER: 17 START
2019-09-01 09:00:12.573 26300 INFO rally.task.runner [-] Task 802e221d-3f14-4e6c-8d9a-cdeaa6132b43 | ITER: 15 START
2019-09-01 09:00:12.574 26305 INFO rally.task.runner [-] Task 802e221d-3f14-4e6c-8d9a-cdeaa6132b43 | ITER: 18 START
2019-09-01 09:00:12.576 26308 INFO rally.task.runner [-] Task 802e221d-3f14-4e6c-8d9a-cdeaa6132b43 | ITER: 20 START
2019-09-01 09:00:12.582 26295 INFO rally.task.runner [-] Task 802e221d-3f14-4e6c-8d9a-cdeaa6132b43 | ITER: 19 START
2019-09-01 09:00:13.103 26277 INFO rally.task.runner [-] Task 802e221d-3f14-4e6c-8d9a-cdeaa6132b43 | ITER: 11 END: OK
2019-09-01 09:00:13.111 26277 INFO rally.task.runner [-] Task 802e221d-3f14-4e6c-8d9a-cdeaa6132b43 | ITER: 21 START
2019-09-01 09:00:13.127 26282 INFO rally.task.runner [-] Task 802e221d-3f14-4e6c-8d9a-cdeaa6132b43 | ITER: 9 END: OK
2019-09-01 09:00:13.130 26283 INFO rally.task.runner [-] Task 802e221d-3f14-4e6c-8d9a-cdeaa6132b43 | ITER: 10 END: OK
2019-09-01 09:00:13.134 26282 INFO rally.task.runner [-] Task 802e221d-3f14-4e6c-8d9a-cdeaa6132b43 | ITER: 22 START
2019-09-01 09:00:13.136 26283 INFO rally.task.runner [-] Task 802e221d-3f14-4e6c-8d9a-cdeaa6132b43 | ITER: 23 START
2019-09-01 09:00:13.139 26300 INFO rally.task.runner [-] Task 802e221d-3f14-4e6c-8d9a-cdeaa6132b43 | ITER: 15 END: OK
2019-09-01 09:00:13.145 26300 INFO rally.task.runner [-] Task 802e221d-3f14-4e6c-8d9a-cdeaa6132b43 | ITER: 24 START
2019-09-01 09:00:13.172 26274 INFO rally.task.runner [-] Task 802e221d-3f14-4e6c-8d9a-cdeaa6132b43 | ITER: 1 END: OK
2019-09-01 09:00:13.176 26274 INFO rally.task.runner [-] Task 802e221d-3f14-4e6c-8d9a-cdeaa6132b43 | ITER: 2 END: OK
2019-09-01 09:00:13.183 26274 INFO rally.task.runner [-] Task 802e221d-3f14-4e6c-8d9a-cdeaa6132b43 | ITER: 25 START
2019-09-01 09:00:13.193 26276 INFO rally.task.runner [-] Task 802e221d-3f14-4e6c-8d9a-cdeaa6132b43 | ITER: 7 END: OK
2019-09-01 09:00:13.193 26286 INFO rally.task.runner [-] Task 802e221d-3f14-4e6c-8d9a-cdeaa6132b43 | ITER: 12 END: OK
2019-09-01 09:00:13.193 26274 INFO rally.task.runner [-] Task 802e221d-3f14-4e6c-8d9a-cdeaa6132b43 | ITER: 26 START
2019-09-01 09:00:13.200 26276 INFO rally.task.runner [-] Task 802e221d-3f14-4e6c-8d9a-cdeaa6132b43 | ITER: 27 START
2019-09-01 09:00:13.200 26286 INFO rally.task.runner [-] Task 802e221d-3f14-4e6c-8d9a-cdeaa6132b43 | ITER: 28 START
2019-09-01 09:00:13.214 26275 INFO rally.task.runner [-] Task 802e221d-3f14-4e6c-8d9a-cdeaa6132b43 | ITER: 3 END: OK
2019-09-01 09:00:13.220 26280 INFO rally.task.runner [-] Task 802e221d-3f14-4e6c-8d9a-cdeaa6132b43 | ITER: 8 END: OK
2019-09-01 09:00:13.226 26275 INFO rally.task.runner [-] Task 802e221d-3f14-4e6c-8d9a-cdeaa6132b43 | ITER: 29 START
2019-09-01 09:00:13.227 26280 INFO rally.task.runner [-] Task 802e221d-3f14-4e6c-8d9a-cdeaa6132b43 | ITER: 30 START
2019-09-01 09:00:13.239 26276 INFO rally.task.runner [-] Task 802e221d-3f14-4e6c-8d9a-cdeaa6132b43 | ITER: 4 END: OK
2019-09-01 09:00:13.239 26277 INFO rally.task.runner [-] Task 802e221d-3f14-4e6c-8d9a-cdeaa6132b43 | ITER: 5 END: OK
2019-09-01 09:00:13.245 26277 INFO rally.task.runner [-] Task 802e221d-3f14-4e6c-8d9a-cdeaa6132b43 | ITER: 31 START
2019-09-01 09:00:13.246 26276 INFO rally.task.runner [-] Task 802e221d-3f14-4e6c-8d9a-cdeaa6132b43 | ITER: 32 START
2019-09-01 09:00:13.343 26310 INFO rally.task.runner [-] Task 802e221d-3f14-4e6c-8d9a-cdeaa6132b43 | ITER: 17 END: OK
2019-09-01 09:00:13.352 26310 INFO rally.task.runner [-] Task 802e221d-3f14-4e6c-8d9a-cdeaa6132b43 | ITER: 33 START
2019-09-01 09:00:13.386 26275 INFO rally.task.runner [-] Task 802e221d-3f14-4e6c-8d9a-cdeaa6132b43 | ITER: 6 END: OK
2019-09-01 09:00:13.391 26288 INFO rally.task.runner [-] Task 802e221d-3f14-4e6c-8d9a-cdeaa6132b43 | ITER: 14 END: OK
2019-09-01 09:00:13.398 26275 INFO rally.task.runner [-] Task 802e221d-3f14-4e6c-8d9a-cdeaa6132b43 | ITER: 34 START
2019-09-01 09:00:13.399 26288 INFO rally.task.runner [-] Task 802e221d-3f14-4e6c-8d9a-cdeaa6132b43 | ITER: 35 START
2019-09-01 09:00:13.472 26295 INFO rally.task.runner [-] Task 802e221d-3f14-4e6c-8d9a-cdeaa6132b43 | ITER: 19 END: OK
2019-09-01 09:00:13.477 26295 INFO rally.task.runner [-] Task 802e221d-3f14-4e6c-8d9a-cdeaa6132b43 | ITER: 36 START
2019-09-01 09:00:13.489 26305 INFO rally.task.runner [-] Task 802e221d-3f14-4e6c-8d9a-cdeaa6132b43 | ITER: 18 END: OK
2019-09-01 09:00:13.494 26305 INFO rally.task.runner [-] Task 802e221d-3f14-4e6c-8d9a-cdeaa6132b43 | ITER: 37 START
2019-09-01 09:00:13.519 26290 INFO rally.task.runner [-] Task 802e221d-3f14-4e6c-8d9a-cdeaa6132b43 | ITER: 13 END: OK
2019-09-01 09:00:13.527 26290 INFO rally.task.runner [-] Task 802e221d-3f14-4e6c-8d9a-cdeaa6132b43 | ITER: 38 START
2019-09-01 09:00:13.572 26308 INFO rally.task.runner [-] Task 802e221d-3f14-4e6c-8d9a-cdeaa6132b43 | ITER: 20 END: OK
2019-09-01 09:00:13.579 26308 INFO rally.task.runner [-] Task 802e221d-3f14-4e6c-8d9a-cdeaa6132b43 | ITER: 39 START
2019-09-01 09:00:13.618 26303 INFO rally.task.runner [-] Task 802e221d-3f14-4e6c-8d9a-cdeaa6132b43 | ITER: 16 END: OK
2019-09-01 09:00:13.626 26303 INFO rally.task.runner [-] Task 802e221d-3f14-4e6c-8d9a-cdeaa6132b43 | ITER: 40 START
2019-09-01 09:00:13.661 26300 INFO rally.task.runner [-] Task 802e221d-3f14-4e6c-8d9a-cdeaa6132b43 | ITER: 24 END: OK
2019-09-01 09:00:13.681 26283 INFO rally.task.runner [-] Task 802e221d-3f14-4e6c-8d9a-cdeaa6132b43 | ITER: 23 END: OK
2019-09-01 09:00:13.735 26282 INFO rally.task.runner [-] Task 802e221d-3f14-4e6c-8d9a-cdeaa6132b43 | ITER: 22 END: OK
2019-09-01 09:00:13.803 26276 INFO rally.task.runner [-] Task 802e221d-3f14-4e6c-8d9a-cdeaa6132b43 | ITER: 32 END: OK
2019-09-01 09:00:13.845 26274 INFO rally.task.runner [-] Task 802e221d-3f14-4e6c-8d9a-cdeaa6132b43 | ITER: 26 END: OK
2019-09-01 09:00:13.897 26277 INFO rally.task.runner [-] Task 802e221d-3f14-4e6c-8d9a-cdeaa6132b43 | ITER: 21 END: OK
2019-09-01 09:00:13.903 26280 INFO rally.task.runner [-] Task 802e221d-3f14-4e6c-8d9a-cdeaa6132b43 | ITER: 30 END: OK
2019-09-01 09:00:13.913 26286 INFO rally.task.runner [-] Task 802e221d-3f14-4e6c-8d9a-cdeaa6132b43 | ITER: 28 END: OK
2019-09-01 09:00:13.922 26276 INFO rally.task.runner [-] Task 802e221d-3f14-4e6c-8d9a-cdeaa6132b43 | ITER: 27 END: OK
2019-09-01 09:00:13.937 26277 INFO rally.task.runner [-] Task 802e221d-3f14-4e6c-8d9a-cdeaa6132b43 | ITER: 31 END: OK
2019-09-01 09:00:14.006 26288 INFO rally.task.runner [-] Task 802e221d-3f14-4e6c-8d9a-cdeaa6132b43 | ITER: 35 END: OK
2019-09-01 09:00:14.020 26275 INFO rally.task.runner [-] Task 802e221d-3f14-4e6c-8d9a-cdeaa6132b43 | ITER: 29 END: OK
2019-09-01 09:00:14.026 26305 INFO rally.task.runner [-] Task 802e221d-3f14-4e6c-8d9a-cdeaa6132b43 | ITER: 37 END: OK
2019-09-01 09:00:14.040 26274 INFO rally.task.runner [-] Task 802e221d-3f14-4e6c-8d9a-cdeaa6132b43 | ITER: 25 END: OK
2019-09-01 09:00:14.096 26295 INFO rally.task.runner [-] Task 802e221d-3f14-4e6c-8d9a-cdeaa6132b43 | ITER: 36 END: OK
2019-09-01 09:00:14.142 26310 INFO rally.task.runner [-] Task 802e221d-3f14-4e6c-8d9a-cdeaa6132b43 | ITER: 33 END: OK
2019-09-01 09:00:14.146 26275 INFO rally.task.runner [-] Task 802e221d-3f14-4e6c-8d9a-cdeaa6132b43 | ITER: 34 END: OK
2019-09-01 09:00:14.188 26290 INFO rally.task.runner [-] Task 802e221d-3f14-4e6c-8d9a-cdeaa6132b43 | ITER: 38 END: OK
2019-09-01 09:00:14.219 26308 INFO rally.task.runner [-] Task 802e221d-3f14-4e6c-8d9a-cdeaa6132b43 | ITER: 39 END: OK
2019-09-01 09:00:14.240 26303 INFO rally.task.runner [-] Task 802e221d-3f14-4e6c-8d9a-cdeaa6132b43 | ITER: 40 END: OK
2019-09-01 09:00:14.261 21658 INFO rally.task.context [-] Task 802e221d-3f14-4e6c-8d9a-cdeaa6132b43 | Context admin_cleanup@openstack cleanup() started
2019-09-01 09:00:14.264 21658 RALLYDEBUG rally_openstack.cleanup.manager [-] Cleaning up neutron quota objects
2019-09-01 09:00:15.869 21658 INFO rally.task.context [-] Task 802e221d-3f14-4e6c-8d9a-cdeaa6132b43 | Context admin_cleanup@openstack cleanup() finished in 1.61 sec
2019-09-01 09:00:15.869 21658 INFO rally.task.context [-] Task 802e221d-3f14-4e6c-8d9a-cdeaa6132b43 | Context users@openstack cleanup() started
2019-09-01 09:00:37.085 21658 INFO rally.task.context [-] Task 802e221d-3f14-4e6c-8d9a-cdeaa6132b43 | Context users@openstack cleanup() finished in 21.22 sec
2019-09-01 09:00:37.467 21658 INFO rally.task.engine [-] Load duration is: 1.717237
2019-09-01 09:00:37.468 21658 INFO rally.task.engine [-] Full runner duration is: 1.764564
2019-09-01 09:00:37.468 21658 INFO rally.task.engine [-] Full duration is: 29.842292
2019-09-01 09:00:37.834 21658 INFO rally.task.engine [-] Running workload: position = 0 config = { "version": 2, "title": "A cropped version of a bigger task.", "description": "Auto-generated task from a single workload (uuid=adef1f1b-9c90-4d55-b7e7-8440eeb0680b)", "subtasks": [ { "title": "NeutronTrunks.create_and_list_trunk_subports", "description": "", "scenario": { "NeutronTrunks.create_and_list_trunk_subports": { "subport_count": 125 } }, "contexts": { "users": { "tenants": 1, "users_per_tenant": 1 }, "quotas": { "neutron": { "network": -1, "port": 1000 } } }, "runner": { "constant": { "times": 4, "concurrency": 4 } }, "hooks": [], "sla": { "failure_rate": { "max": 0 } } } ] }
2019-09-01 09:00:37.860 21658 RALLYDEBUG rally_openstack.contexts.keystone.users [-] Creating 1 tenants using 20 threads
2019-09-01 09:00:38.782 21658 RALLYDEBUG rally_openstack.contexts.keystone.users [-] Creating 1 users using 20 threads
2019-09-01 09:00:40.241 21658 INFO rally.task.context [-] Task 802e221d-3f14-4e6c-8d9a-cdeaa6132b43 | Context users@openstack setup() finished in 2.38 sec
2019-09-01 09:00:40.802 21658 INFO rally.task.context [-] Task 802e221d-3f14-4e6c-8d9a-cdeaa6132b43 | Context quotas@openstack setup() finished in 0.56 sec
2019-09-01 09:00:40.803 21658 INFO rally.task.context [-] Task 802e221d-3f14-4e6c-8d9a-cdeaa6132b43 | Context cleanup@openstack setup() finished in 0.01 msec
2019-09-01 09:00:40.811 21658 RALLYDEBUG rally.task.runner [-] Starting the constant runner (task UUID: 802e221d-3f14-4e6c-8d9a-cdeaa6132b43). timeout: 0 concurrency: 4 concurrency_per_worker: 1 times: 4 concurrency_overhead: 0 processes_to_start: 4 max_cpu_used: 16
2019-09-01 09:00:40.826 26464 RALLYDEBUG rally.task.runner [-] Starting a worker. concurrency: 1 args: {"subport_count": 125} times: 4 method_name: run timeout: 0 duration: None cls:
2019-09-01 09:00:40.830 26465 RALLYDEBUG rally.task.runner [-] Starting a worker. concurrency: 1 args: {"subport_count": 125} times: 4 method_name: run timeout: 0 duration: None cls:
2019-09-01 09:00:40.833 26464 INFO rally.task.runner [-] Task 802e221d-3f14-4e6c-8d9a-cdeaa6132b43 | ITER: 1 START
2019-09-01 09:00:40.833 26466 RALLYDEBUG rally.task.runner [-] Starting a worker. concurrency: 1 args: {"subport_count": 125} times: 4 method_name: run timeout: 0 duration: None cls:
2019-09-01 09:00:40.836 26465 INFO rally.task.runner [-] Task 802e221d-3f14-4e6c-8d9a-cdeaa6132b43 | ITER: 2 START
2019-09-01 09:00:40.836 26467 RALLYDEBUG rally.task.runner [-] Starting a worker. concurrency: 1 args: {"subport_count": 125} times: 4 method_name: run timeout: 0 duration: None cls:
2019-09-01 09:00:40.839 26466 INFO rally.task.runner [-] Task 802e221d-3f14-4e6c-8d9a-cdeaa6132b43 | ITER: 3 START
2019-09-01 09:00:40.842 26467 INFO rally.task.runner [-] Task 802e221d-3f14-4e6c-8d9a-cdeaa6132b43 | ITER: 4 START
2019-09-01 09:02:20.762 26466 WARNING rally.task.atomic [-] 'optional_action_timer' is deprecated since rally v0.10.0.Please use action_timer instead, we have improved atomic actions, now do not need to explicitly close original action.
2019-09-01 09:02:20.792 26466 WARNING rally.task.atomic [-] 'optional_action_timer' is deprecated since rally v0.10.0.Please use action_timer instead, we have improved atomic actions, now do not need to explicitly close original action.
2019-09-01 09:02:21.377 26465 WARNING rally.task.atomic [-] 'optional_action_timer' is deprecated since rally v0.10.0.Please use action_timer instead, we have improved atomic actions, now do not need to explicitly close original action.
2019-09-01 09:02:21.415 26465 WARNING rally.task.atomic [-] 'optional_action_timer' is deprecated since rally v0.10.0.Please use action_timer instead, we have improved atomic actions, now do not need to explicitly close original action.
2019-09-01 09:02:21.496 26466 INFO rally.task.runner [-] Task 802e221d-3f14-4e6c-8d9a-cdeaa6132b43 | ITER: 3 END: OK
2019-09-01 09:02:21.974 26465 INFO rally.task.runner [-] Task 802e221d-3f14-4e6c-8d9a-cdeaa6132b43 | ITER: 2 END: OK
2019-09-01 09:02:22.870 26467 WARNING rally.task.atomic [-] 'optional_action_timer' is deprecated since rally v0.10.0.Please use action_timer instead, we have improved atomic actions, now do not need to explicitly close original action.
2019-09-01 09:02:22.905 26467 WARNING rally.task.atomic [-] 'optional_action_timer' is deprecated since rally v0.10.0.Please use action_timer instead, we have improved atomic actions, now do not need to explicitly close original action.
2019-09-01 09:02:23.737 26467 INFO rally.task.runner [-] Task 802e221d-3f14-4e6c-8d9a-cdeaa6132b43 | ITER: 4 END: OK
2019-09-01 09:02:23.891 26464 WARNING rally.task.atomic [-] 'optional_action_timer' is deprecated since rally v0.10.0.Please use action_timer instead, we have improved atomic actions, now do not need to explicitly close original action.
2019-09-01 09:02:23.927 26464 WARNING rally.task.atomic [-] 'optional_action_timer' is deprecated since rally v0.10.0.Please use action_timer instead, we have improved atomic actions, now do not need to explicitly close original action.
2019-09-01 09:02:24.699 26464 INFO rally.task.runner [-] Task 802e221d-3f14-4e6c-8d9a-cdeaa6132b43 | ITER: 1 END: OK
2019-09-01 09:02:24.732 21658 INFO rally.task.context [-] Task 802e221d-3f14-4e6c-8d9a-cdeaa6132b43 | Context cleanup@openstack cleanup() started
2019-09-01 09:02:24.735 21658 RALLYDEBUG rally_openstack.cleanup.manager [-] Cleaning up neutron vip objects
2019-09-01 09:02:25.152 21658 RALLYDEBUG rally_openstack.cleanup.manager [-] Cleaning up neutron health_monitor objects
2019-09-01 09:02:25.568 21658 RALLYDEBUG rally_openstack.cleanup.manager [-] Cleaning up neutron pool objects
2019-09-01 09:02:25.976 21658 RALLYDEBUG rally_openstack.cleanup.manager [-] Cleaning up neutron loadbalancer objects
2019-09-01 09:02:26.386 21658 RALLYDEBUG rally_openstack.cleanup.manager [-] Cleaning up neutron floatingip objects
2019-09-01 09:02:26.848 21658 RALLYDEBUG rally_openstack.cleanup.manager [-] Cleaning up neutron port objects
2019-09-01 09:02:28.433 21658 RALLYDEBUG rally_openstack.cleanup.manager [-] Deleting neutron.port object s_rally_adef1f1b_wvk5DyXA (079fc5cf-1158-40e4-9452-b77c13ca0b9f)
2019-09-01 09:02:28.436 21658 RALLYDEBUG rally_openstack.cleanup.manager [-] Deleting neutron.port object s_rally_adef1f1b_k28cKxMF (0464824f-3c3a-404f-b289-6493aaa0eb58)
2019-09-01 09:02:28.438 21658 RALLYDEBUG rally_openstack.cleanup.manager [-] Deleting neutron.port object s_rally_adef1f1b_3KLB6RhQ (0768add0-83e1-4203-851f-17d5329e1f04)
2019-09-01 09:02:28.439 21658 RALLYDEBUG rally_openstack.cleanup.manager [-] Deleting neutron.port object s_rally_adef1f1b_jZET9ZHF (0224262a-16ad-445c-b82d-7b49520eb5c9)
2019-09-01 09:02:28.441 21658 RALLYDEBUG rally_openstack.cleanup.manager [-] Deleting neutron.port object s_rally_adef1f1b_IhEnH4QY (055be0ee-ac81-43e1-a6e9-2e6ab5a46c87)
2019-09-01 09:02:28.441 21658 RALLYDEBUG rally_openstack.cleanup.manager [-] Deleting neutron.port object s_rally_adef1f1b_RrHk6uqR (06d14922-cca0-4ec3-8f4f-dec2f218b15a)
2019-09-01 09:02:28.442 21658 RALLYDEBUG rally_openstack.cleanup.manager [-] Deleting neutron.port object s_rally_adef1f1b_YDMrzTPP (03254d05-ea57-4392-a19f-cafcb61b29e5)
2019-09-01 09:02:28.447 21658 RALLYDEBUG rally_openstack.cleanup.manager [-] Deleting neutron.port object s_rally_adef1f1b_vC3d9dqF (09eea07d-c8f7-4d39-ae57-c425805e4a33)
2019-09-01 09:02:28.447 21658 RALLYDEBUG rally_openstack.cleanup.manager [-] Deleting neutron.port object s_rally_adef1f1b_dBqjyOs7 (0b5fed9f-354d-4ec5-a943-288ab158c928)
2019-09-01 09:02:28.453 21658 RALLYDEBUG rally_openstack.cleanup.manager [-] Deleting neutron.port object s_rally_adef1f1b_a3Ofi2rd (094a2484-5fb3-43cd-9645-32075de2c7ff)
2019-09-01 09:02:28.454 21658 RALLYDEBUG rally_openstack.cleanup.manager [-] Deleting neutron.port object s_rally_adef1f1b_8csUa0VO (0d1d3b57-46a3-4a66-9353-c1970788db21)
2019-09-01 09:02:28.457 21658 RALLYDEBUG rally_openstack.cleanup.manager [-] Deleting neutron.port object s_rally_adef1f1b_gj7jywHE (08c71b3b-428c-4f9b-9e31-dd33657b92fc)
2019-09-01 09:02:28.462 21658 RALLYDEBUG rally_openstack.cleanup.manager [-] Deleting neutron.port object s_rally_adef1f1b_moQku2MX (03bd878e-d77f-4721-87c5-fcf678fa7b0f)
2019-09-01 09:02:28.464 21658 RALLYDEBUG rally_openstack.cleanup.manager [-] Deleting neutron.port object s_rally_adef1f1b_C72Sk1a4 (0b09af2b-e359-4dc1-8ebd-627a0b8f60a2)
2019-09-01 09:02:28.473 21658 RALLYDEBUG rally_openstack.cleanup.manager [-] Deleting neutron.port object s_rally_adef1f1b_GFlI7GOf (024e5cb3-d695-448d-b08f-3345a7038b92)
2019-09-01 09:02:28.473 21658 RALLYDEBUG rally_openstack.cleanup.manager [-] Deleting neutron.port object s_rally_adef1f1b_NAfkRvnA (09095f8d-29f5-4879-ad1f-b8f1c6fc9e44)
2019-09-01 09:02:28.474 21658 RALLYDEBUG rally_openstack.cleanup.manager [-] Deleting neutron.port object s_rally_adef1f1b_uijH2DoM (07f0938f-2839-483c-8fd3-c0d4523d89e7)
2019-09-01 09:02:28.489 21658 RALLYDEBUG rally_openstack.cleanup.manager [-] Deleting neutron.port object s_rally_adef1f1b_vXuaMJKJ (08dc4db5-b085-4c29-94f3-36054190934f)
2019-09-01 09:02:28.492 21658 RALLYDEBUG rally_openstack.cleanup.manager [-] Deleting neutron.port object s_rally_adef1f1b_KgUhqWOc (0c22ca6a-4568-4a6a-8139-a8459a7616c5)
2019-09-01 09:02:28.508 21658 RALLYDEBUG rally_openstack.cleanup.manager [-] Deleting neutron.port object s_rally_adef1f1b_6s1dMOhM (0133d5bc-3363-480b-a2c7-c9ac8bbf37f5)
2019-09-01 09:02:30.755 21658 RALLYDEBUG rally_openstack.cleanup.manager [-] Deleting neutron.port object s_rally_adef1f1b_OWeC49wm (0d41df06-4ae9-401d-aa08-1da9f69d8c67)
2019-09-01 09:02:30.833 21658 RALLYDEBUG rally_openstack.cleanup.manager [-] Deleting neutron.port object s_rally_adef1f1b_N8wxT0XS (0d790372-18aa-44e0-ab94-6ebae6c9b06a)
2019-09-01 09:02:30.924 21658 RALLYDEBUG rally_openstack.cleanup.manager [-] Deleting neutron.port object s_rally_adef1f1b_YJLACbpx (0ddf1cca-347e-4f72-baa1-65b2c58b13f2)
2019-09-01 09:02:30.974 21658 RALLYDEBUG rally_openstack.cleanup.manager [-] Deleting neutron.port object s_rally_adef1f1b_2rywpfpo (10dda886-94d7-4b82-b965-b776101cd468)
2019-09-01 09:02:31.016 21658 RALLYDEBUG rally_openstack.cleanup.manager [-] Deleting neutron.port object s_rally_adef1f1b_L7GcjbC7 (1193a3bb-38c6-4dac-957f-bc5197f61d27)
2019-09-01 09:02:31.263 21658 RALLYDEBUG rally_openstack.cleanup.manager [-] Deleting neutron.port object s_rally_adef1f1b_Noqt5eeX (11e93f0d-f8fe-47da-8eed-6b0e5e9cc9d3)
2019-09-01 09:02:31.277 21658 RALLYDEBUG rally_openstack.cleanup.manager [-] Deleting neutron.port object s_rally_adef1f1b_Ngx3LTMB (11f37792-3673-4e49-bb42-9bfd863e8f3f)
2019-09-01 09:02:31.321 21658 RALLYDEBUG rally_openstack.cleanup.manager [-] Deleting neutron.port object s_rally_adef1f1b_RjYGNexM (120cce63-820a-4856-bc2a-95831f3b0080)
2019-09-01 09:02:31.349 21658 RALLYDEBUG rally_openstack.cleanup.manager [-] Deleting neutron.port object s_rally_adef1f1b_wJve1FDj (13080fc0-30f5-4305-9a30-c21b814b7abc)
2019-09-01 09:02:31.562 21658 RALLYDEBUG rally_openstack.cleanup.manager [-] Deleting neutron.port object s_rally_adef1f1b_xbk10JoQ (165209ba-73f6-43a4-9ceb-d3423513becb)
2019-09-01 09:02:31.635 21658 RALLYDEBUG rally_openstack.cleanup.manager [-] Deleting neutron.port object s_rally_adef1f1b_ViVbl3c4 (179d02f4-e9e9-4151-8b11-8f4a742bb32d)
2019-09-01 09:02:31.687 21658 RALLYDEBUG rally_openstack.cleanup.manager [-] Deleting neutron.port object s_rally_adef1f1b_BvBVEtzc (17ad4550-daf3-43fe-877e-39f4f05cef38)
2019-09-01 09:02:31.759 21658 RALLYDEBUG rally_openstack.cleanup.manager [-] Deleting neutron.port object s_rally_adef1f1b_bS3W0dzr (1848616c-d294-444d-955a-06cb3b9110a7)
2019-09-01 09:02:31.775 21658 RALLYDEBUG rally_openstack.cleanup.manager [-] Deleting neutron.port object s_rally_adef1f1b_quzChibx (197a4a37-f851-453e-a5b4-05bc0aa48ca1)
2019-09-01 09:02:31.849 21658 RALLYDEBUG rally_openstack.cleanup.manager [-] Deleting neutron.port object s_rally_adef1f1b_ISVj28qv (19d297e0-91ca-447c-a164-bad2fa60eeef)
2019-09-01 09:02:31.952 21658 RALLYDEBUG rally_openstack.cleanup.manager [-] Deleting neutron.port object s_rally_adef1f1b_gsOpZ05u (1a1696fb-6c9f-4288-b079-c5f29904b079)
2019-09-01 09:02:32.101 21658 RALLYDEBUG rally_openstack.cleanup.manager [-] Deleting neutron.port object s_rally_adef1f1b_gnaANl8j (1a934cc5-8898-4860-9748-39ea0f9fef1c)
2019-09-01 09:02:32.119 21658 RALLYDEBUG rally_openstack.cleanup.manager [-] Deleting neutron.port object s_rally_adef1f1b_Pmb1C6PJ (1adabfa6-e3b3-4af6-b508-ccbc7183a931)
2019-09-01 09:02:32.182 21658 RALLYDEBUG rally_openstack.cleanup.manager [-] Deleting neutron.port object s_rally_adef1f1b_mEqw15jB (1bf61d00-7bb3-4f11-94a5-556c297f6250)
2019-09-01 09:02:32.211 21658 RALLYDEBUG rally_openstack.cleanup.manager [-] Deleting neutron.port object s_rally_adef1f1b_MH0zgqql (1c01d098-6dbd-4ba4-9dc9-4356a60f5f50)
2019-09-01 09:02:32.719 21658 RALLYDEBUG rally_openstack.cleanup.manager [-] Deleting neutron.port object s_rally_adef1f1b_OigZw8dU (1c8c29d0-f112-4cda-b502-c90967edc0e1)
2019-09-01 09:02:32.835 21658 RALLYDEBUG rally_openstack.cleanup.manager [-] Deleting neutron.port object s_rally_adef1f1b_bOEsbiXi (1f0190b1-0f5f-443c-b302-95a77845738e)
2019-09-01 09:02:32.902 21658 RALLYDEBUG rally_openstack.cleanup.manager [-] Deleting neutron.port object s_rally_adef1f1b_ybSDVTZn (2055815b-e9c0-4429-8504-a41c2834a539)
2019-09-01 09:02:33.172 21658 RALLYDEBUG rally_openstack.cleanup.manager [-] Deleting neutron.port object s_rally_adef1f1b_yNtNRGua (20980487-a020-4e9d-955f-7055b9e57bdf)
2019-09-01 09:02:33.222 21658 RALLYDEBUG rally_openstack.cleanup.manager [-] Deleting neutron.port object s_rally_adef1f1b_SRdnS1Jx (20be4bfa-c5bc-4543-a731-12d98e7881df)
2019-09-01 09:02:33.242 21658 RALLYDEBUG rally_openstack.cleanup.manager [-] Deleting neutron.port object s_rally_adef1f1b_JjQtWrpD (2126e076-c68c-4464-9b0c-3bc140de8fdf)
2019-09-01 09:02:33.270 21658 RALLYDEBUG rally_openstack.cleanup.manager [-] Deleting neutron.port object s_rally_adef1f1b_T1OK9xtQ (214eec5a-ea79-4996-85e1-d17368696595)
2019-09-01 09:02:33.327 21658 RALLYDEBUG rally_openstack.cleanup.manager [-] Deleting neutron.port object s_rally_adef1f1b_a5wjwvqk (218b8198-63aa-476e-a304-d2aec68dffc7)
2019-09-01 09:02:33.543 21658 RALLYDEBUG rally_openstack.cleanup.manager [-] Deleting neutron.port object s_rally_adef1f1b_WwmgenT8 (21d59f35-f0b0-475b-9b2b-2fc2b90a56a8)
2019-09-01 09:02:33.608 21658 RALLYDEBUG rally_openstack.cleanup.manager [-] Deleting neutron.port object s_rally_adef1f1b_PblrnWJb (2312d73f-f8f4-4629-b305-81d6c549a966)
2019-09-01 09:02:33.751 21658 RALLYDEBUG rally_openstack.cleanup.manager [-] Deleting neutron.port object s_rally_adef1f1b_tZV0O3px (2321a9ec-69d9-42d2-b7d2-bf73784cef6a)
2019-09-01 09:02:33.961 21658 RALLYDEBUG rally_openstack.cleanup.manager [-] Deleting neutron.port object s_rally_adef1f1b_DEcSoQPV (232b3c04-ba4b-4c37-a65c-bc2ba78a5ea4)
2019-09-01 09:02:34.037 21658 RALLYDEBUG rally_openstack.cleanup.manager [-] Deleting neutron.port object s_rally_adef1f1b_WYoTaS1H (238d6b26-14ce-4b70-b511-286060ad2d41)
2019-09-01 09:02:34.118 21658 RALLYDEBUG rally_openstack.cleanup.manager [-] Deleting neutron.port object s_rally_adef1f1b_OcGJoM9w (238f0754-e508-4abf-b37c-2d74c42139db)
2019-09-01 09:02:34.283 21658 RALLYDEBUG rally_openstack.cleanup.manager [-] Deleting neutron.port object s_rally_adef1f1b_Us5NNzEP (23c70017-b483-473a-b24a-8a22dad2d55b)
2019-09-01 09:02:34.312 21658 RALLYDEBUG rally_openstack.cleanup.manager [-] Deleting neutron.port object s_rally_adef1f1b_N9O1QQRl (2477f866-47fd-42b6-86cc-8ff88b169b94)
2019-09-01 09:02:34.362 21658 RALLYDEBUG rally_openstack.cleanup.manager [-] Deleting neutron.port object s_rally_adef1f1b_BqF9xV7y (251f3c8d-3d39-49aa-b625-5f710bf8d81f)
2019-09-01 09:02:34.455 21658 RALLYDEBUG rally_openstack.cleanup.manager [-] Deleting neutron.port object s_rally_adef1f1b_rEKyOIxS (25558032-fcac-47a9-a6f9-bf7fcc0570aa)
2019-09-01 09:02:34.491 21658 RALLYDEBUG rally_openstack.cleanup.manager [-] Deleting neutron.port object s_rally_adef1f1b_yEJoFPmr (256bbff8-74d9-415c-a4eb-8b15cb6feaa0)
2019-09-01 09:02:34.633 21658 RALLYDEBUG rally_openstack.cleanup.manager [-] Deleting neutron.port object s_rally_adef1f1b_1RZH56ok (25a37e38-fbf1-437b-b8ba-95dc7f4426e1)
2019-09-01 09:02:34.952 21658 RALLYDEBUG rally_openstack.cleanup.manager [-] Deleting neutron.port object s_rally_adef1f1b_W3ZPH30P (25c45e2c-c060-42c9-9c40-5015ae22a234)
2019-09-01 09:02:35.033 21658 RALLYDEBUG rally_openstack.cleanup.manager [-] Deleting neutron.port object s_rally_adef1f1b_6U7xiUq1 (271aba03-918c-42cd-aae2-91649ad7b133)
2019-09-01 09:02:35.085 21658 RALLYDEBUG rally_openstack.cleanup.manager [-] Deleting neutron.port object s_rally_adef1f1b_QVFfHzNS (274b7589-97e5-477b-a849-37679362d95e)
2019-09-01 09:02:35.174 21658 RALLYDEBUG rally_openstack.cleanup.manager [-] Deleting neutron.port object s_rally_adef1f1b_BcIOSJ7o (2773015d-daaa-41ec-914d-ec4fc40f62ca)
2019-09-01 09:02:35.336 21658 RALLYDEBUG rally_openstack.cleanup.manager [-] Deleting neutron.port object s_rally_adef1f1b_PGFadu6F (281dc6de-2983-4cca-8ade-1e2b408a1c8e)
2019-09-01 09:02:35.441 21658 RALLYDEBUG rally_openstack.cleanup.manager [-] Deleting neutron.port object s_rally_adef1f1b_IJoXH33P (282e0961-0851-41e9-ba2b-f4440b23cdf7)
2019-09-01 09:02:35.626 21658 RALLYDEBUG rally_openstack.cleanup.manager [-] Deleting neutron.port object s_rally_adef1f1b_an5ALNtI (28b2a79e-208a-4327-a56e-0fd685a97a70)
2019-09-01 09:02:35.706 21658 RALLYDEBUG rally_openstack.cleanup.manager [-] Deleting neutron.port object s_rally_adef1f1b_PbyiXbEK (2b0d0915-dba5-4fc0-a324-1b8641f8c8a2)
2019-09-01 09:02:35.858 21658 RALLYDEBUG rally_openstack.cleanup.manager [-] Deleting neutron.port object s_rally_adef1f1b_jsSVEdhN (2b14837d-ba6a-4673-8fb3-3c8cfefef5da)
2019-09-01 09:02:36.030 21658 RALLYDEBUG rally_openstack.cleanup.manager [-] Deleting neutron.port object s_rally_adef1f1b_mIhu3iZi (2b229c96-b43d-48e6-9d26-e84279b3303a)
2019-09-01 09:02:36.080 21658 RALLYDEBUG rally_openstack.cleanup.manager [-] Deleting neutron.port object s_rally_adef1f1b_rh9ztHGs (2b461c92-c758-4956-bf52-9b8979e9d294)
2019-09-01 09:02:36.268 21658 RALLYDEBUG rally_openstack.cleanup.manager [-] Deleting neutron.port object s_rally_adef1f1b_rHsjeGcx (2b62f4a8-c50a-4f66-aaeb-e356804d455d)
2019-09-01 09:02:36.534 21658 RALLYDEBUG rally_openstack.cleanup.manager [-] Deleting neutron.port object s_rally_adef1f1b_sanH4PmC (2b861a9c-f447-41e4-92b9-e49f245739ec)
2019-09-01 09:02:36.642 21658 RALLYDEBUG rally_openstack.cleanup.manager [-] Deleting neutron.port object s_rally_adef1f1b_BubAW2sV (2c2aad15-0289-4f3c-95f6-02b790f034aa)
2019-09-01 09:02:36.755 21658 RALLYDEBUG rally_openstack.cleanup.manager [-] Deleting neutron.port object s_rally_adef1f1b_HtUz56qu (2c88ad9a-bcbe-4a82-9b84-f9d362ee4f5e)
2019-09-01 09:02:36.769 21658 RALLYDEBUG rally_openstack.cleanup.manager [-] Deleting neutron.port object s_rally_adef1f1b_z8WL62TE (2df7272d-cfd8-4daf-86a9-b57fdd254254)
2019-09-01 09:02:36.861 21658 RALLYDEBUG rally_openstack.cleanup.manager [-] Deleting neutron.port object s_rally_adef1f1b_fRVQWxt0 (2e334705-14ff-4016-bd3c-845f7533526d)
2019-09-01 09:02:37.007 21658 RALLYDEBUG rally_openstack.cleanup.manager [-] Deleting neutron.port object s_rally_adef1f1b_89KqxUoY (2e4f837f-bc02-4fdb-99d5-46be7605ffa3)
2019-09-01 09:02:37.010 21658 RALLYDEBUG rally_openstack.cleanup.manager [-] Deleting neutron.port object s_rally_adef1f1b_rpmd3jxv (2f0b9b3a-f2f7-45b8-abe8-275d967b4c55)
2019-09-01 09:02:37.202 21658 RALLYDEBUG rally_openstack.cleanup.manager [-] Deleting neutron.port object s_rally_adef1f1b_EGpayDPT (2f7d8f39-724c-41b7-9c00-c069dcbf2ae1)
2019-09-01 09:02:37.317 21658 RALLYDEBUG rally_openstack.cleanup.manager [-] Deleting neutron.port object s_rally_adef1f1b_596Xt69i (2f82a94a-5b0d-4167-9486-22d17823927b)
2019-09-01 09:02:37.482 21658 RALLYDEBUG rally_openstack.cleanup.manager [-] Deleting neutron.port object s_rally_adef1f1b_jnyleufw (3032e229-2d0a-46b3-a04d-f02ef65589de)
2019-09-01 09:02:37.546 21658 RALLYDEBUG rally_openstack.cleanup.manager [-] Deleting neutron.port object s_rally_adef1f1b_tmvJDpPa (309514e5-7103-4183-bb36-00189c5a2afd)
2019-09-01 09:02:37.611 21658 RALLYDEBUG rally_openstack.cleanup.manager [-] Deleting neutron.port object s_rally_adef1f1b_4Wu5vl68 (311f8e9c-d569-4678-b30f-0cc33ffb20c3)
2019-09-01 09:02:37.896 21658 RALLYDEBUG rally_openstack.cleanup.manager [-] Deleting neutron.port object s_rally_adef1f1b_cK3nAtVE (31561582-2fa8-4342-a7b9-ef7700719150)
2019-09-01 09:02:37.992 21658 RALLYDEBUG rally_openstack.cleanup.manager [-] Deleting neutron.port object s_rally_adef1f1b_L0JsDzAr (31d8f112-5564-4ade-964d-7f84bac2c8a8)
2019-09-01 09:02:38.128 21658 RALLYDEBUG rally_openstack.cleanup.manager [-] Deleting neutron.port object s_rally_adef1f1b_y7TUbWpz (31ef2761-ac37-4a5b-8476-358bbb6d8e94)
2019-09-01 09:02:38.165 21658 RALLYDEBUG rally_openstack.cleanup.manager [-] Deleting neutron.port object s_rally_adef1f1b_YpqC4JAV (32a92185-72e5-4af4-9ef3-9eb7a8627c61)
2019-09-01 09:02:38.275 21658 RALLYDEBUG rally_openstack.cleanup.manager [-] Deleting neutron.port object s_rally_adef1f1b_gUPAcWCJ (33187695-e05f-41ce-a756-2b3ff9b461a9)
2019-09-01 09:02:38.322 21658 RALLYDEBUG rally_openstack.cleanup.manager [-] Deleting neutron.port object s_rally_adef1f1b_ioVk0CA3 (3339525a-a55c-4a92-a4c6-68b16d95cadd)
2019-09-01 09:02:38.380 21658 RALLYDEBUG rally_openstack.cleanup.manager [-] Deleting neutron.port object s_rally_adef1f1b_DFGkLhgf (33d9cd2a-7684-4c7b-8540-c8e04a81180f)
2019-09-01 09:02:38.670 21658 RALLYDEBUG rally_openstack.cleanup.manager [-] Deleting neutron.port object s_rally_adef1f1b_90VFfKLf (352271b7-0443-4d57-933e-9209ee2b57f8)
2019-09-01 09:02:38.707 21658 RALLYDEBUG rally_openstack.cleanup.manager [-] Deleting neutron.port object s_rally_adef1f1b_wwBNmomM (355c2e06-91e8-40d0-b5be-5bcbe0b7a87e)
2019-09-01 09:02:38.979 21658 RALLYDEBUG rally_openstack.cleanup.manager [-] Deleting neutron.port object s_rally_adef1f1b_83F2J8kl (3680aed1-c014-4146-a6d5-1cb5f5a67e3d)
2019-09-01 09:02:39.047 21658 RALLYDEBUG rally_openstack.cleanup.manager [-] Deleting neutron.port object s_rally_adef1f1b_mrpI4oC8 (3682c5f6-3b23-4cca-82d4-2d59ddd869bc)
2019-09-01 09:02:39.194 21658 RALLYDEBUG rally_openstack.cleanup.manager [-] Deleting neutron.port object s_rally_adef1f1b_KhqoSDyH (36abc652-fae2-4f74-9c4a-e48bab8a9c37)
2019-09-01 09:02:39.291 21658 RALLYDEBUG rally_openstack.cleanup.manager [-] Deleting neutron.port object s_rally_adef1f1b_xXg2XzAs (382595f3-7fc8-48a1-a259-4b207713b6d7)
2019-09-01 09:02:39.356 21658 RALLYDEBUG rally_openstack.cleanup.manager [-] Deleting neutron.port object s_rally_adef1f1b_7aziW4DL (38d565b2-dde3-4b16-8cc1-d2a117c0a060)
