2019-09-01 08:58:55.046 21658 RALLYDEBUG rally_openstack.cleanup.manager [-] Deleting neutron.port object s_rally_82ca2d43_usnoJfbp (5b0778d3-1c55-4958-8051-481e227cdd62)
2019-09-01 08:58:55.090 21658 RALLYDEBUG rally_openstack.cleanup.manager [-] Deleting neutron.port object s_rally_82ca2d43_QvsGTgM0 (5c0c5ba5-525e-438b-aa7f-b2852482602b)
2019-09-01 08:58:55.173 21658 RALLYDEBUG rally_openstack.cleanup.manager [-] Deleting neutron.port object s_rally_82ca2d43_BEQRVYFF (5e184984-48b9-412f-b02b-cf3ed269d67f)
2019-09-01 08:58:55.190 21658 RALLYDEBUG rally_openstack.cleanup.manager [-] Deleting neutron.port object s_rally_82ca2d43_PFUbpqwN (5f0860b6-6484-4188-be1d-7f8ff0feaddf)
2019-09-01 08:58:55.199 21658 RALLYDEBUG rally_openstack.cleanup.manager [-] Deleting neutron.port object s_rally_82ca2d43_WsUYGADW (5f71fbad-ce23-4a16-abd4-d40a731dd64d)
2019-09-01 08:58:55.590 21658 RALLYDEBUG rally_openstack.cleanup.manager [-] Deleting neutron.port object s_rally_82ca2d43_uzmVUfWG (60dad78c-1419-4913-b547-4a2dca4b0179)
2019-09-01 08:58:55.617 21658 RALLYDEBUG rally_openstack.cleanup.manager [-] Deleting neutron.port object s_rally_82ca2d43_XK6Q84WR (611d727f-9174-4592-9673-ac39c1a23bbb)
2019-09-01 08:58:55.647 21658 RALLYDEBUG rally_openstack.cleanup.manager [-] Deleting neutron.port object s_rally_82ca2d43_VMONWvEQ (621e4afc-3c39-4549-9f62-365f75882715)
2019-09-01 08:58:55.818 21658 RALLYDEBUG rally_openstack.cleanup.manager [-] Deleting neutron.port object s_rally_82ca2d43_J2gmwnkX (635cec0c-3322-40c0-a10b-988d4414604c)
2019-09-01 08:58:56.029 21658 RALLYDEBUG rally_openstack.cleanup.manager [-] Deleting neutron.port object s_rally_82ca2d43_6GND4Z18 (6826ff7b-37e4-46f8-9cd7-9770b7477372)
2019-09-01 08:58:56.154 21658 RALLYDEBUG rally_openstack.cleanup.manager [-] Deleting neutron.port object s_rally_82ca2d43_BfvJCLa5 (68e21f64-5c2d-42d7-b569-9aa10508445c)
2019-09-01 08:58:56.345 21658 RALLYDEBUG rally_openstack.cleanup.manager [-] Deleting neutron.port object s_rally_82ca2d43_VYjlc6gj (69525cf0-d180-4d28-88e8-85059ea6de50)
2019-09-01 08:58:56.390 21658 RALLYDEBUG rally_openstack.cleanup.manager [-] Deleting neutron.port object s_rally_82ca2d43_5gLKp1tW (6e8dbc4d-818c-4733-9c1d-cee77c59fbd7)
2019-09-01 08:58:56.438 21658 RALLYDEBUG rally_openstack.cleanup.manager [-] Deleting neutron.port object s_rally_82ca2d43_OC2orJeS (70a4bc94-99d2-4cb7-a95b-a3290ef2ebe1)
2019-09-01 08:58:56.457 21658 RALLYDEBUG rally_openstack.cleanup.manager [-] Deleting neutron.port object s_rally_82ca2d43_KeDw4EP7 (710f3844-392d-4102-bf30-c47adf434b6f)
2019-09-01 08:58:56.603 21658 RALLYDEBUG rally_openstack.cleanup.manager [-] Deleting neutron.port object s_rally_82ca2d43_ifoTT1hB (72fd66b7-ccdd-4828-81d5-8a36cba24f3a)
2019-09-01 08:58:56.735 21658 RALLYDEBUG rally_openstack.cleanup.manager [-] Deleting neutron.port object s_rally_82ca2d43_cwG3vHjI (76692848-0bc8-4b5d-88f6-260439804ab4)
2019-09-01 08:58:56.786 21658 RALLYDEBUG rally_openstack.cleanup.manager [-] Deleting neutron.port object s_rally_82ca2d43_ndJyXhlD (77155cf6-e060-42ed-9536-920dd240adf9)
2019-09-01 08:58:56.821 21658 RALLYDEBUG rally_openstack.cleanup.manager [-] Deleting neutron.port object s_rally_82ca2d43_LT3cZtZn (77997163-c712-43b2-a780-bd40faa43a43)
2019-09-01 08:58:56.983 21658 RALLYDEBUG rally_openstack.cleanup.manager [-] Deleting neutron.port object s_rally_82ca2d43_bU92n8zj (77f45bf0-51e3-4081-abc4-3a72232bb36f)
2019-09-01 08:58:57.049 21658 RALLYDEBUG rally_openstack.cleanup.manager [-] Deleting neutron.port object s_rally_82ca2d43_7PJLLTXK (7941c59b-5bc8-43cd-9523-518c17314234)
2019-09-01 08:58:57.120 21658 RALLYDEBUG rally_openstack.cleanup.manager [-] Deleting neutron.port object s_rally_82ca2d43_0l8S1jfu (7e2a05f2-8334-4a6e-a3c6-2b91d96c0e34)
2019-09-01 08:58:57.209 21658 RALLYDEBUG rally_openstack.cleanup.manager [-] Deleting neutron.port object s_rally_82ca2d43_53JYfNat (81a93e66-e0c4-4e07-a598-9b4519c1a080)
2019-09-01 08:58:57.291 21658 RALLYDEBUG rally_openstack.cleanup.manager [-] Deleting neutron.port object s_rally_82ca2d43_jnMSthyQ (82dfc1e7-58cd-4c5c-a706-42b3a18b5d1b)
2019-09-01 08:58:57.328 21658 RALLYDEBUG rally_openstack.cleanup.manager [-] Deleting neutron.port object s_rally_82ca2d43_UMFrMXF0 (83800dfe-1a07-4461-8494-91cabd7f4070)
2019-09-01 08:58:57.623 21658 RALLYDEBUG rally_openstack.cleanup.manager [-] Deleting neutron.port object s_rally_82ca2d43_XquxVC4z (85d7cba1-e730-4ff4-a8c6-b09024deb6c1)
2019-09-01 08:58:57.675 21658 RALLYDEBUG rally_openstack.cleanup.manager [-] Deleting neutron.port object s_rally_82ca2d43_UKokbVHC (862d8ff6-120a-4bb3-9111-c522d1928271)
2019-09-01 08:58:57.775 21658 RALLYDEBUG rally_openstack.cleanup.manager [-] Deleting neutron.port object s_rally_82ca2d43_RYDurvF2 (87d52b1d-3420-434f-ae3d-ccafa9fe5d2c)
2019-09-01 08:58:57.786 21658 RALLYDEBUG rally_openstack.cleanup.manager [-] Deleting neutron.port object s_rally_82ca2d43_XuAhb9Hl (8ce761df-afe5-4109-82b9-4a1c8a675451)
2019-09-01 08:58:58.221 21658 RALLYDEBUG rally_openstack.cleanup.manager [-] Deleting neutron.port object s_rally_82ca2d43_xL4ELXSD (8e27fb44-3326-4657-9bf4-bbb08265f06c)
2019-09-01 08:58:58.286 21658 RALLYDEBUG rally_openstack.cleanup.manager [-] Deleting neutron.port object s_rally_82ca2d43_GxWFS8fs (8fb694fe-37f0-4148-b796-a62174fda348)
2019-09-01 08:58:58.590 21658 RALLYDEBUG rally_openstack.cleanup.manager [-] Deleting neutron.port object s_rally_82ca2d43_TcEq5GIn (906c7266-cc4d-4f39-9452-cec5244a3db9)
2019-09-01 08:58:58.605 21658 RALLYDEBUG rally_openstack.cleanup.manager [-] Deleting neutron.port object s_rally_82ca2d43_P7WGTE7Y (907487e8-e6b3-4c93-b8f9-3c66eb0b4313)
2019-09-01 08:58:58.712 21658 RALLYDEBUG rally_openstack.cleanup.manager [-] Deleting neutron.port object s_rally_82ca2d43_bksgmsAp (946480ce-8ee8-476d-aba8-ff269e10ba31)
2019-09-01 08:58:58.749 21658 RALLYDEBUG rally_openstack.cleanup.manager [-] Deleting neutron.port object s_rally_82ca2d43_L1FZ8z0G (9710d2cc-3812-4f20-98ec-240fda686b6d)
2019-09-01 08:58:58.866 21658 RALLYDEBUG rally_openstack.cleanup.manager [-] Deleting neutron.port object s_rally_82ca2d43_2CuMK1sK (97a0b9d5-0fa9-4d69-bae6-deb998580795)
2019-09-01 08:58:58.867 21658 RALLYDEBUG rally_openstack.cleanup.manager [-] Deleting neutron.port object s_rally_82ca2d43_KMNjDvuq (97a1ba26-afb5-45cb-a966-cd8e5d3d408c)
2019-09-01 08:58:58.874 21658 RALLYDEBUG rally_openstack.cleanup.manager [-] Deleting neutron.port object s_rally_82ca2d43_bXAypOBS (98c1d4ea-e15d-4626-a982-cc4905d5cb9c)
2019-09-01 08:58:59.078 21658 RALLYDEBUG rally_openstack.cleanup.manager [-] Deleting neutron.port object s_rally_82ca2d43_rIqIfFqB (98dfcf95-367d-4db1-980b-d33af3af3122)
2019-09-01 08:58:59.164 21658 RALLYDEBUG rally_openstack.cleanup.manager [-] Deleting neutron.port object s_rally_82ca2d43_2vHhk9za (9916ed3b-ae75-4308-ad61-81fadb4f1dd1)
2019-09-01 08:58:59.273 21658 RALLYDEBUG rally_openstack.cleanup.manager [-] Deleting neutron.port object s_rally_82ca2d43_cGg0kHSM (9b1f6cf2-8f71-491a-99a9-a170f96c5016)
2019-09-01 08:58:59.452 21658 RALLYDEBUG rally_openstack.cleanup.manager [-] Deleting neutron.port object s_rally_82ca2d43_TKU11w6j (9ba53f30-148e-47d4-b707-99bb3dad5d8c)
2019-09-01 08:58:59.520 21658 RALLYDEBUG rally_openstack.cleanup.manager [-] Deleting neutron.port object s_rally_82ca2d43_muadxMdH (9c03cdc9-e65b-4efa-94a0-d0a2b68dfb60)
2019-09-01 08:58:59.611 21658 RALLYDEBUG rally_openstack.cleanup.manager [-] Deleting neutron.port object s_rally_82ca2d43_hDfhhJJa (9de82e51-d79e-48a8-aa73-b3ceb2df18e3)
2019-09-01 08:58:59.669 21658 RALLYDEBUG rally_openstack.cleanup.manager [-] Deleting neutron.port object s_rally_82ca2d43_MVqaRdy8 (9e0c66e2-8842-459e-83b0-6c68ce88e267)
2019-09-01 08:58:59.948 21658 RALLYDEBUG rally_openstack.cleanup.manager [-] Deleting neutron.port object s_rally_82ca2d43_isXkiM8Z (9eade127-ef29-43db-9ed1-1ac22b22f615)
2019-09-01 08:58:59.973 21658 RALLYDEBUG rally_openstack.cleanup.manager [-] Deleting neutron.port object s_rally_82ca2d43_EqLc9Lub (a015eed3-f1d2-4702-90b6-895c516f597a)
2019-09-01 08:59:00.089 21658 RALLYDEBUG rally_openstack.cleanup.manager [-] Deleting neutron.port object s_rally_82ca2d43_b1TBih8b (a16edd13-fbbe-4245-849b-429e22713dda)
2019-09-01 08:59:00.172 21658 RALLYDEBUG rally_openstack.cleanup.manager [-] Deleting neutron.port object s_rally_82ca2d43_qYDYlnY5 (a1899ca7-f98e-4bd9-94f6-275fc7d515ae)
2019-09-01 08:59:00.192 21658 RALLYDEBUG rally_openstack.cleanup.manager [-] Deleting neutron.port object s_rally_82ca2d43_Lr0aNmWP (a225661e-f642-4d29-809b-5cfd335bb7a7)
2019-09-01 08:59:00.478 21658 RALLYDEBUG rally_openstack.cleanup.manager [-] Deleting neutron.port object s_rally_82ca2d43_oDeI9uOr (a36f7ff4-8b87-4e54-b55e-a6fdc73e920d)
2019-09-01 08:59:00.754 21658 RALLYDEBUG rally_openstack.cleanup.manager [-] Deleting neutron.port object s_rally_82ca2d43_mvyhTEL7 (a3885740-1bd7-4820-b791-836731b91b44)
2019-09-01 08:59:00.768 21658 RALLYDEBUG rally_openstack.cleanup.manager [-] Deleting neutron.port object s_rally_82ca2d43_fpxN0Az2 (a4050779-f04a-406f-8734-84f032a0e181)
2019-09-01 08:59:00.788 21658 RALLYDEBUG rally_openstack.cleanup.manager [-] Deleting neutron.port object s_rally_82ca2d43_ZKZZkmRa (a434f0d9-5106-49bc-b66b-17b0b9334fe7)
2019-09-01 08:59:00.839 21658 RALLYDEBUG rally_openstack.cleanup.manager [-] Deleting neutron.port object s_rally_82ca2d43_51as5IKs (a72f7be2-1cdb-4e4c-a65c-d72dfea7ab66)
2019-09-01 08:59:00.975 21658 RALLYDEBUG rally_openstack.cleanup.manager [-] Deleting neutron.port object s_rally_82ca2d43_KrhVZiqM (a73caf6c-c9ac-4e8e-94b2-97a98ccc86e2)
2019-09-01 08:59:00.987 21658 RALLYDEBUG rally_openstack.cleanup.manager [-] Deleting neutron.port object s_rally_82ca2d43_1Cvzh61Q (a9fdfa43-6091-4b97-8d73-8d9fd0aa7a81)
2019-09-01 08:59:01.067 21658 RALLYDEBUG rally_openstack.cleanup.manager [-] Deleting neutron.port object s_rally_82ca2d43_Miw51fb1 (ac8b258b-1e1f-433e-9f2f-0c3c01bc48bf)
2019-09-01 08:59:01.264 21658 RALLYDEBUG rally_openstack.cleanup.manager [-] Deleting neutron.port object s_rally_82ca2d43_vGExNqvl (ad84901c-cc63-419f-a0c5-ad2d1db7931d)
2019-09-01 08:59:01.271 21658 RALLYDEBUG rally_openstack.cleanup.manager [-] Deleting neutron.port object s_rally_82ca2d43_pwDjnDvR (ae997756-fc05-43ad-9e60-cdaafa1aa1b7)
2019-09-01 08:59:01.427 21658 RALLYDEBUG rally_openstack.cleanup.manager [-] Deleting neutron.port object s_rally_82ca2d43_FZ6xiyHp (afe0fb73-c186-4277-a8eb-f7666d8dc147)
2019-09-01 08:59:01.557 21658 RALLYDEBUG rally_openstack.cleanup.manager [-] Deleting neutron.port object s_rally_82ca2d43_DZpmZWZf (b1ea7137-1780-4a07-91c0-fb63e91a3a1d)
2019-09-01 08:59:01.828 21658 RALLYDEBUG rally_openstack.cleanup.manager [-] Deleting neutron.port object s_rally_82ca2d43_WLEjFoCi (b20cf961-36f5-4920-a9a5-023ceaf36167)
2019-09-01 08:59:01.885 21658 RALLYDEBUG rally_openstack.cleanup.manager [-] Deleting neutron.port object s_rally_82ca2d43_UhlRPO2t (b28db866-dd2b-4ac8-9a04-b02a68597da7)
2019-09-01 08:59:01.925 21658 RALLYDEBUG rally_openstack.cleanup.manager [-] Deleting neutron.port object s_rally_82ca2d43_8Sae8tCq (b358a4fa-ffe7-496d-b4ed-a5a76c37a5c9)
2019-09-01 08:59:02.036 21658 RALLYDEBUG rally_openstack.cleanup.manager [-] Deleting neutron.port object s_rally_82ca2d43_zOi44hbK (b5145f32-059b-4209-9bff-cb17fea42c9f)
2019-09-01 08:59:02.058 21658 RALLYDEBUG rally_openstack.cleanup.manager [-] Deleting neutron.port object s_rally_82ca2d43_YA8usSHO (b5a8bc91-d167-4fef-a4fc-bcc79780343c)
2019-09-01 08:59:02.345 21658 RALLYDEBUG rally_openstack.cleanup.manager [-] Deleting neutron.port object s_rally_82ca2d43_JizRSosA (b8b7b3a6-d9fa-4c4a-b335-b107ca4faef1)
2019-09-01 08:59:02.437 21658 RALLYDEBUG rally_openstack.cleanup.manager [-] Deleting neutron.port object s_rally_82ca2d43_kZSApXGf (baa08be9-3152-49e0-9602-d823bc2a9451)
2019-09-01 08:59:02.570 21658 RALLYDEBUG rally_openstack.cleanup.manager [-] Deleting neutron.port object s_rally_82ca2d43_TkiAR20o (bacb5cbd-6c33-4a05-91bb-6b3100f331b1)
2019-09-01 08:59:02.648 21658 RALLYDEBUG rally_openstack.cleanup.manager [-] Deleting neutron.port object s_rally_82ca2d43_Z5VxXT1g (bb0d65a7-8907-46c7-8b84-d62d0d062c66)
2019-09-01 08:59:02.761 21658 RALLYDEBUG rally_openstack.cleanup.manager [-] Deleting neutron.port object s_rally_82ca2d43_6ttaSdA6 (bc2eb795-5ae3-4746-b12e-b74ff63db160)
2019-09-01 08:59:02.801 21658 RALLYDEBUG rally_openstack.cleanup.manager [-] Deleting neutron.port object s_rally_82ca2d43_7pNmpjJR (bc9f14d9-1d05-4de4-b0b9-2b5cb4e0610f)
2019-09-01 08:59:02.890 21658 RALLYDEBUG rally_openstack.cleanup.manager [-] Deleting neutron.port object s_rally_82ca2d43_bWHrZ48L (bd1707c8-0159-4b65-bf30-d545eb3cf11e)
2019-09-01 08:59:03.103 21658 RALLYDEBUG rally_openstack.cleanup.manager [-] Deleting neutron.port object s_rally_82ca2d43_j0AOJbgV (bf71de7b-89cf-4722-b97f-85312f936c07)
2019-09-01 08:59:03.185 21658 RALLYDEBUG rally_openstack.cleanup.manager [-] Deleting neutron.port object s_rally_82ca2d43_n7xWcFWs (c24d3574-062b-4336-816f-3b0136bf65e6)
2019-09-01 08:59:03.249 21658 RALLYDEBUG rally_openstack.cleanup.manager [-] Deleting neutron.port object s_rally_82ca2d43_PTX9is5q (c33d821b-1dc0-4e10-99f3-297a8e72e985)
2019-09-01 08:59:03.257 21658 RALLYDEBUG rally_openstack.cleanup.manager [-] Deleting neutron.port object s_rally_82ca2d43_R5a41Dz2 (c3718ae2-d09c-4ab5-83d8-7b1b61ce52e6)
2019-09-01 08:59:03.298 21658 RALLYDEBUG rally_openstack.cleanup.manager [-] Deleting neutron.port object s_rally_82ca2d43_bmpKLFxj (c39feb65-9500-4970-b7ad-c335b145660f)
2019-09-01 08:59:03.318 21658 RALLYDEBUG rally_openstack.cleanup.manager [-] Deleting neutron.port object s_rally_82ca2d43_5iON3cjA (c3cfbed0-9637-4bc0-b490-0eecd9837462)
2019-09-01 08:59:03.615 21658 RALLYDEBUG rally_openstack.cleanup.manager [-] Deleting neutron.port object s_rally_82ca2d43_Cr2nNqI2 (c4676797-90a0-406d-8a14-f558e214f8e0)
2019-09-01 08:59:03.624 21658 RALLYDEBUG rally_openstack.cleanup.manager [-] Deleting neutron.port object s_rally_82ca2d43_zuNsmcWg (c6a32a29-16ae-4aea-8e00-7e31bc0dae96)
2019-09-01 08:59:03.932 21658 RALLYDEBUG rally_openstack.cleanup.manager [-] Deleting neutron.port object s_rally_82ca2d43_Ne8zFRcH (c7c90683-1a19-4be9-8636-9abb20760ca1)
2019-09-01 08:59:04.044 21658 RALLYDEBUG rally_openstack.cleanup.manager [-] Deleting neutron.port object s_rally_82ca2d43_PsVP7u2w (c8a1cbce-339b-4dab-8510-c150a010b821)
2019-09-01 08:59:04.080 21658 RALLYDEBUG rally_openstack.cleanup.manager [-] Deleting neutron.port object s_rally_82ca2d43_g3wtXWOS (c8cf5a34-4751-4a86-a052-80a4e9090e9b)
2019-09-01 08:59:04.183 21658 RALLYDEBUG rally_openstack.cleanup.manager [-] Deleting neutron.port object s_rally_82ca2d43_ZRCiFqFR (c9ab7872-d687-4ec4-bdb9-1f30daac87b3)
2019-09-01 08:59:04.249 21658 RALLYDEBUG rally_openstack.cleanup.manager [-] Deleting neutron.port object s_rally_82ca2d43_OGs3SShp (ca1dff14-1550-4103-90b3-fe0b99d62e09)
2019-09-01 08:59:04.405 21658 RALLYDEBUG rally_openstack.cleanup.manager [-] Deleting neutron.port object s_rally_82ca2d43_zGSwyECA (cb4f8e94-7bc8-4d3e-8162-7bf9610ba6d7)
2019-09-01 08:59:04.430 21658 RALLYDEBUG rally_openstack.cleanup.manager [-] Deleting neutron.port object s_rally_82ca2d43_jhUnHXX3 (cd5b7e9f-5ebf-49ff-9d40-63a5e3024bec)
2019-09-01 08:59:04.609 21658 RALLYDEBUG rally_openstack.cleanup.manager [-] Deleting neutron.port object s_rally_82ca2d43_2C1STkuA (cdcaabe7-e9c4-4c29-b9ca-60cbb90e5ebb)
2019-09-01 08:59:04.872 21658 RALLYDEBUG rally_openstack.cleanup.manager [-] Deleting neutron.port object s_rally_82ca2d43_23Dj6HWp (cebebd72-e060-4c4b-a057-f4da7ec262d2)
2019-09-01 08:59:04.897 21658 RALLYDEBUG rally_openstack.cleanup.manager [-] Deleting neutron.port object s_rally_82ca2d43_xztctPkJ (d078d5c4-6484-4a0c-bb1f-12373cea333f)
2019-09-01 08:59:05.171 21658 RALLYDEBUG rally_openstack.cleanup.manager [-] Deleting neutron.port object s_rally_82ca2d43_CZSXfkkN (d167fba1-9449-40d7-94e8-bfa9d01eb574)
2019-09-01 08:59:05.210 21658 RALLYDEBUG rally_openstack.cleanup.manager [-] Deleting neutron.port object s_rally_82ca2d43_nGUfKH6W (d181c7df-6848-4795-a298-9a336976967c)
2019-09-01 08:59:05.303 21658 RALLYDEBUG rally_openstack.cleanup.manager [-] Deleting neutron.port object s_rally_82ca2d43_5AUvDSEs (d1d1c902-b196-41c3-9263-b265833d3aff)
2019-09-01 08:59:05.311 21658 RALLYDEBUG rally_openstack.cleanup.manager [-] Deleting neutron.port object s_rally_82ca2d43_d9aMrfGm (d42cdc79-6f86-40d8-be5a-773faa520b8a)
2019-09-01 08:59:05.376 21658 RALLYDEBUG rally_openstack.cleanup.manager [-] Deleting neutron.port object s_rally_82ca2d43_ulsuR4F4 (d43bc224-2a15-438b-8335-fb0321ffff06)
2019-09-01 08:59:05.454 21658 RALLYDEBUG rally_openstack.cleanup.manager [-] Deleting neutron.port object s_rally_82ca2d43_f7PXeP9G (d4d45ed5-66f8-40f8-943a-29a1ab83a7aa)
2019-09-01 08:59:05.552 21658 RALLYDEBUG rally_openstack.cleanup.manager [-] Deleting neutron.port object s_rally_82ca2d43_TWDSTwHZ (d5d8b13e-fce6-4309-8a39-2df3fd660d7c)
2019-09-01 08:59:05.613 21658 RALLYDEBUG rally_openstack.cleanup.manager [-] Deleting neutron.port object s_rally_82ca2d43_ej2Rsi0f (d957a8ac-012f-41fb-8384-944fa81e2add)
2019-09-01 08:59:05.859 21658 RALLYDEBUG rally_openstack.cleanup.manager [-] Deleting neutron.port object s_rally_82ca2d43_0OOpNNdQ (da5141c2-0a91-4dbc-9964-1e5a16856823)
2019-09-01 08:59:06.016 21658 RALLYDEBUG rally_openstack.cleanup.manager [-] Deleting neutron.port object s_rally_82ca2d43_VKCs9E3h (da6e192d-461f-49c4-ac82-6ff1a3534649)
2019-09-01 08:59:06.038 21658 RALLYDEBUG rally_openstack.cleanup.manager [-] Deleting neutron.port object s_rally_82ca2d43_XN5wU8BS (da7225ee-1a7c-4f71-9a16-071504344102)
2019-09-01 08:59:06.108 21658 RALLYDEBUG rally_openstack.cleanup.manager [-] Deleting neutron.port object s_rally_82ca2d43_YNewfP7C (db4e53e9-87bb-43c9-abea-2764be5ac8ce)
2019-09-01 08:59:06.299 21658 RALLYDEBUG rally_openstack.cleanup.manager [-] Deleting neutron.port object s_rally_82ca2d43_XNmCYQMn (dd5522f4-b7cb-4e3c-a745-8c5d26a6de7c)
2019-09-01 08:59:06.329 21658 RALLYDEBUG rally_openstack.cleanup.manager [-] Deleting neutron.port object s_rally_82ca2d43_TTrj43D6 (de75d48a-17e2-4948-8bd7-d4cac8c16d2a)
2019-09-01 08:59:06.580 21658 RALLYDEBUG rally_openstack.cleanup.manager [-] Deleting neutron.port object s_rally_82ca2d43_8BVODEOQ (deb8455d-1d98-4c59-8950-e8702961ea07)
2019-09-01 08:59:06.606 21658 RALLYDEBUG rally_openstack.cleanup.manager [-] Deleting neutron.port object s_rally_82ca2d43_CILm233A (dec46c6f-3a26-40fd-b595-6bd78dd7b260)
2019-09-01 08:59:06.654 21658 RALLYDEBUG rally_openstack.cleanup.manager [-] Deleting neutron.port object s_rally_82ca2d43_MiltKwTa (e245baeb-6c5a-4e1f-828e-f5d764af8762)
2019-09-01 08:59:06.816 21658 RALLYDEBUG rally_openstack.cleanup.manager [-] Deleting neutron.port object s_rally_82ca2d43_LAjjZDhD (e3483a7a-fd45-4da9-b1f0-3b3f34f5fbac)
2019-09-01 08:59:06.925 21658 RALLYDEBUG rally_openstack.cleanup.manager [-] Deleting neutron.port object s_rally_82ca2d43_9JAvSCSW (e3b92e55-8d4c-49e9-8e32-661e6ebbc85f)
2019-09-01 08:59:07.104 21658 RALLYDEBUG rally_openstack.cleanup.manager [-] Deleting neutron.port object s_rally_82ca2d43_2smma0M7 (e3c74268-4f71-4cca-9b53-3b903ad0ecbe)
2019-09-01 08:59:07.363 21658 RALLYDEBUG rally_openstack.cleanup.manager [-] Deleting neutron.port object s_rally_82ca2d43_lBMiJiiC (e4e0056a-33e2-4b3c-a263-b5f2c5047e77)
2019-09-01 08:59:07.403 21658 RALLYDEBUG rally_openstack.cleanup.manager [-] Deleting neutron.port object s_rally_82ca2d43_nu7jmosj (e6538e0f-3aeb-4334-8281-8d1142a95a22)
2019-09-01 08:59:07.499 21658 RALLYDEBUG rally_openstack.cleanup.manager [-] Deleting neutron.port object s_rally_82ca2d43_onkchHnT (e707c2dd-f59d-4c97-a31c-3d743ffbc500)
2019-09-01 08:59:07.663 21658 RALLYDEBUG rally_openstack.cleanup.manager [-] Deleting neutron.port object s_rally_82ca2d43_mEYYNY4l (ed359c06-cc7e-4ae6-8dd1-547726bef5e2)
2019-09-01 08:59:07.749 21658 RALLYDEBUG rally_openstack.cleanup.manager [-] Deleting neutron.port object s_rally_82ca2d43_RuyDKobd (ef09da6b-21ad-4fbf-a2e6-cd16dbc57886)
2019-09-01 08:59:07.749 21658 RALLYDEBUG rally_openstack.cleanup.manager [-] Deleting neutron.port object s_rally_82ca2d43_ajrmskIa (effe7457-0bc3-43dd-a5f0-e89f36214bed)
2019-09-01 08:59:07.794 21658 RALLYDEBUG rally_openstack.cleanup.manager [-] Deleting neutron.port object s_rally_82ca2d43_Lu7EeA0p (f0cd914f-c55d-4ccf-8a5a-d0e523fca5a4)
2019-09-01 08:59:07.941 21658 RALLYDEBUG rally_openstack.cleanup.manager [-] Deleting neutron.port object s_rally_82ca2d43_rCXrKy3f (f1a62ff2-219e-4126-bb74-7d86f065c15c)
2019-09-01 08:59:08.037 21658 RALLYDEBUG rally_openstack.cleanup.manager [-] Deleting neutron.port object s_rally_82ca2d43_cnkKHxzK (f331181b-4cde-4833-a620-4d63f09ee91b)
2019-09-01 08:59:08.322 21658 RALLYDEBUG rally_openstack.cleanup.manager [-] Deleting neutron.port object s_rally_82ca2d43_bsuahus3 (f3d3a28b-21f7-44e9-b927-ef2491ce947c)
2019-09-01 08:59:08.419 21658 RALLYDEBUG rally_openstack.cleanup.manager [-] Deleting neutron.port object s_rally_82ca2d43_h19nvkwi (f468692e-d1a9-4ae1-bc70-518c17ffd6d0)
2019-09-01 08:59:08.469 21658 RALLYDEBUG rally_openstack.cleanup.manager [-] Deleting neutron.port object s_rally_82ca2d43_0KTwToC9 (f5541923-2f2d-45b4-bc86-d333674fe73a)
2019-09-01 08:59:08.632 21658 RALLYDEBUG rally_openstack.cleanup.manager [-] Deleting neutron.port object s_rally_82ca2d43_yji0zN8U (f5577081-bae0-4cd4-b5a4-1986f4693740)
2019-09-01 08:59:08.640 21658 RALLYDEBUG rally_openstack.cleanup.manager [-] Deleting neutron.port object s_rally_82ca2d43_DquXdokP (f6c3bb40-aaa9-4bab-841d-51677d0aaa62)
2019-09-01 08:59:08.936 21658 RALLYDEBUG rally_openstack.cleanup.manager [-] Deleting neutron.port object s_rally_82ca2d43_4dtyznSo (f6c8cf10-3e88-454a-9f7d-2f96bbf275ac)
2019-09-01 08:59:09.004 21658 RALLYDEBUG rally_openstack.cleanup.manager [-] Deleting neutron.port object s_rally_82ca2d43_kSXekayd (f70646cc-10c1-49de-b3d4-7a6c91ebcaea)
2019-09-01 08:59:09.009 21658 RALLYDEBUG rally_openstack.cleanup.manager [-] Deleting neutron.port object s_rally_82ca2d43_SGdt7qTk (f80f094d-24e5-4463-9fcc-4eedc125c89d)
2019-09-01 08:59:09.166 21658 RALLYDEBUG rally_openstack.cleanup.manager [-] Deleting neutron.port object s_rally_82ca2d43_e9m7XRVV (fad5a7b2-f229-4fc8-b071-96e3883c71f1)
2019-09-01 08:59:09.359 21658 RALLYDEBUG rally_openstack.cleanup.manager [-] Deleting neutron.port object s_rally_82ca2d43_TLP5epRP (fb73a26d-a417-42fd-8fb2-15ca3c23d451)
2019-09-01 08:59:09.553 21658 RALLYDEBUG rally_openstack.cleanup.manager [-] Deleting neutron.port object s_rally_82ca2d43_uWz4xFEd (fbbda8d7-7d0c-47d1-bd3d-1b925b83b84e)
2019-09-01 08:59:09.658 21658 RALLYDEBUG rally_openstack.cleanup.manager [-] Deleting neutron.port object s_rally_82ca2d43_cIW3WxcU (fd40082f-b944-43e5-a1e5-57726f8b872c)
2019-09-01 08:59:11.685 21658 RALLYDEBUG rally_openstack.cleanup.manager [-] Cleaning up neutron subnet objects
2019-09-01 08:59:12.111 21658 RALLYDEBUG rally_openstack.cleanup.manager [-] Cleaning up neutron network objects
2019-09-01 08:59:12.661 21658 RALLYDEBUG rally_openstack.cleanup.manager [-] Deleting neutron.network object s_rally_82ca2d43_L8YgPkFF (02ffd5db-3461-4cd5-bdd9-d6e02b47577d)
2019-09-01 08:59:12.669 21658 RALLYDEBUG rally_openstack.cleanup.manager [-] Deleting neutron.network object s_rally_82ca2d43_H5dxJvAs (063b03b3-8b41-40f4-998b-765a4e1bd532)
2019-09-01 08:59:12.692 21658 RALLYDEBUG rally_openstack.cleanup.manager [-] Deleting neutron.network object s_rally_82ca2d43_xZpnyrbo (06f244b8-7a39-496a-b9ce-e010f14c7a1b)
2019-09-01 08:59:12.696 21658 RALLYDEBUG rally_openstack.cleanup.manager [-] Deleting neutron.network object s_rally_82ca2d43_c00RqLS3 (0ce296b7-1c56-448b-90b6-e92b8f4e2850)
2019-09-01 08:59:12.698 21658 RALLYDEBUG rally_openstack.cleanup.manager [-] Deleting neutron.network object s_rally_82ca2d43_QuwAqjaP (0f59dc35-209d-4d87-a6b5-f79729157fc4)
2019-09-01 08:59:12.704 21658 RALLYDEBUG rally_openstack.cleanup.manager [-] Deleting neutron.network object s_rally_82ca2d43_J5aWflEk (1909d364-f833-4508-a4f1-97306c493737)
2019-09-01 08:59:12.714 21658 RALLYDEBUG rally_openstack.cleanup.manager [-] Deleting neutron.network object s_rally_82ca2d43_aMyjjLls (1bbee5b7-2245-464e-b190-4391e1cdffee)
2019-09-01 08:59:12.716 21658 RALLYDEBUG rally_openstack.cleanup.manager [-] Deleting neutron.network object s_rally_82ca2d43_2gqyZ9dt (30f6210e-6bc8-42e7-9d1b-7a7eb7613f53)
2019-09-01 08:59:12.724 21658 RALLYDEBUG rally_openstack.cleanup.manager [-] Deleting neutron.network object s_rally_82ca2d43_ORQcscLl (288dd36b-8d9e-44d9-ba2d-563392dce170)
2019-09-01 08:59:12.727 21658 RALLYDEBUG rally_openstack.cleanup.manager [-] Deleting neutron.network object s_rally_82ca2d43_ptFyR1ZE (43308ecb-f4d4-41d0-b458-92a222e9b8a6)
2019-09-01 08:59:12.753 21658 RALLYDEBUG rally_openstack.cleanup.manager [-] Deleting neutron.network object s_rally_82ca2d43_tdZWXRsA (4d6aa2a9-b0a6-453b-a34f-70971aa8688d)
2019-09-01 08:59:12.764 21658 RALLYDEBUG rally_openstack.cleanup.manager [-] Deleting neutron.network object s_rally_82ca2d43_A88YcXd6 (5389d3bf-b1ff-40a9-8e44-4e9ae41baef5)
2019-09-01 08:59:12.815 21658 RALLYDEBUG rally_openstack.cleanup.manager [-] Deleting neutron.network object s_rally_82ca2d43_Xixj0RDQ (4cbaafc4-b372-4d46-8961-8591e9abe60e)
2019-09-01 08:59:12.828 21658 RALLYDEBUG rally_openstack.cleanup.manager [-] Deleting neutron.network object s_rally_82ca2d43_Br2GyFiv (54ee8974-2eee-4dc5-8d33-65a18fdbc1d9)
2019-09-01 08:59:12.850 21658 RALLYDEBUG rally_openstack.cleanup.manager [-] Deleting neutron.network object s_rally_82ca2d43_A8aznQou (648552cd-c988-4d3c-86e7-5838f3608de7)
2019-09-01 08:59:12.851 21658 RALLYDEBUG rally_openstack.cleanup.manager [-] Deleting neutron.network object s_rally_82ca2d43_bEWOgXql (5c890dec-aff7-4358-b572-67d96e70fd4a)
2019-09-01 08:59:12.908 21658 RALLYDEBUG rally_openstack.cleanup.manager [-] Deleting neutron.network object s_rally_82ca2d43_uwsLsPRD (80d81759-399d-4743-a6e3-4fb0c1ce435d)
2019-09-01 08:59:12.920 21658 RALLYDEBUG rally_openstack.cleanup.manager [-] Deleting neutron.network object s_rally_82ca2d43_asVpFBss (78e210a8-9ecc-4292-b073-148af2958ec3)
2019-09-01 08:59:12.921 21658 RALLYDEBUG rally_openstack.cleanup.manager [-] Deleting neutron.network object s_rally_82ca2d43_FHhZnspU (87e6eb56-ad6f-4730-8a77-d367395ba00e)
2019-09-01 08:59:12.951 21658 RALLYDEBUG rally_openstack.cleanup.manager [-] Deleting neutron.network object s_rally_82ca2d43_qeW3TBNX (71a32290-3daa-4c03-8cfd-5ab0700515fd)
2019-09-01 08:59:15.112 21658 RALLYDEBUG rally_openstack.cleanup.manager [-] Deleting neutron.network object s_rally_82ca2d43_vhtOVdzG (9139ce0a-f2a9-4794-87ce-7bc86ed9ee53)
2019-09-01 08:59:15.120 21658 RALLYDEBUG rally_openstack.cleanup.manager [-] Deleting neutron.network object s_rally_82ca2d43_gapaVhLN (942de2bf-9eee-4b95-bd1c-2732761b1e05)
2019-09-01 08:59:15.282 21658 RALLYDEBUG rally_openstack.cleanup.manager [-] Deleting neutron.network object s_rally_82ca2d43_UMkvBPV3 (96e7c9c9-c9f5-43bc-8557-7442740c02f5)
2019-09-01 08:59:15.456 21658 RALLYDEBUG rally_openstack.cleanup.manager [-] Deleting neutron.network object s_rally_82ca2d43_fMI0mDNr (978bfddc-c8ea-4628-a7ff-33929bdb47f1)
2019-09-01 08:59:15.559 21658 RALLYDEBUG rally_openstack.cleanup.manager [-] Deleting neutron.network object s_rally_82ca2d43_ojBtxPdL (9dabeff9-3b67-46a2-bf0c-16eac1ebd531)
2019-09-01 08:59:15.582 21658 RALLYDEBUG rally_openstack.cleanup.manager [-] Deleting neutron.network object s_rally_82ca2d43_fpe6JS8v (a2e5c109-b752-4f1d-a64e-2d4f6a44c607)
2019-09-01 08:59:15.649 21658 RALLYDEBUG rally_openstack.cleanup.manager [-] Deleting neutron.network object s_rally_82ca2d43_AUYEojAf (a6ec5b86-6647-4d2a-8a94-c7f8822d44b7)
2019-09-01 08:59:15.907 21658 RALLYDEBUG rally_openstack.cleanup.manager [-] Deleting neutron.network object s_rally_82ca2d43_UFzvYK22 (b3e5d460-c5bc-4c6a-a1dd-46b50ea9b83e)
2019-09-01 08:59:15.924 21658 RALLYDEBUG rally_openstack.cleanup.manager [-] Deleting neutron.network object s_rally_82ca2d43_BywlBwb2 (bedcd7b5-e6c3-42f7-92c4-e1cec5bb52b9)
2019-09-01 08:59:15.931 21658 RALLYDEBUG rally_openstack.cleanup.manager [-] Deleting neutron.network object s_rally_82ca2d43_hIQzclj3 (befe2b85-79e7-46dd-863a-2848f3b34844)
2019-09-01 08:59:16.043 21658 RALLYDEBUG rally_openstack.cleanup.manager [-] Deleting neutron.network object s_rally_82ca2d43_vhu16KfZ (cf6fa0ae-3c8b-4d38-aa43-4078faa3669c)
2019-09-01 08:59:16.079 21658 RALLYDEBUG rally_openstack.cleanup.manager [-] Deleting neutron.network object s_rally_82ca2d43_yIdDwzMn (cfb32a01-a19e-4269-967d-9a9891c57e21)
2019-09-01 08:59:16.093 21658 RALLYDEBUG rally_openstack.cleanup.manager [-] Deleting neutron.network object s_rally_82ca2d43_SSVYpofA (d466b939-d782-4003-b503-f436bfdba9d5)
2019-09-01 08:59:16.136 21658 RALLYDEBUG rally_openstack.cleanup.manager [-] Deleting neutron.network object s_rally_82ca2d43_EzHUxh5G (d5ccb10f-822d-4f44-b200-de0935ed09d7)
2019-09-01 08:59:16.163 21658 RALLYDEBUG rally_openstack.cleanup.manager [-] Deleting neutron.network object s_rally_82ca2d43_4obrFkJS (d82d6ab2-890c-4083-8622-7e9df1ec5205)
2019-09-01 08:59:16.176 21658 RALLYDEBUG rally_openstack.cleanup.manager [-] Deleting neutron.network object s_rally_82ca2d43_ypPcWF3Y (df73780a-1358-4750-8880-c7a72d943e42)
2019-09-01 08:59:16.178 21658 RALLYDEBUG rally_openstack.cleanup.manager [-] Deleting neutron.network object s_rally_82ca2d43_ZZG1ltCb (e7319ec4-8f9f-41f9-98fd-492302141370)
2019-09-01 08:59:16.249 21658 RALLYDEBUG rally_openstack.cleanup.manager [-] Deleting neutron.network object s_rally_82ca2d43_Z0Jm1VuM (e798a21f-fee6-4539-8941-3b9d52e6ed30)
2019-09-01 08:59:16.522 21658 RALLYDEBUG rally_openstack.cleanup.manager [-] Deleting neutron.network object s_rally_82ca2d43_dTO9GOyT (e9a744b1-2d8b-412a-b660-4b1e16af3624)
2019-09-01 08:59:16.550 21658 RALLYDEBUG rally_openstack.cleanup.manager [-] Deleting neutron.network object s_rally_82ca2d43_XGJOMp2m (f606f04b-7ff7-45d4-aedc-9331c5002ccc)
2019-09-01 08:59:19.060 21658 RALLYDEBUG rally_openstack.cleanup.manager [-] Cleaning up neutron router objects
2019-09-01 08:59:19.502 21658 RALLYDEBUG rally_openstack.cleanup.manager [-] Cleaning up neutron security_group objects
2019-09-01 08:59:19.933 21658 INFO rally.task.context [-] Task 802e221d-3f14-4e6c-8d9a-cdeaa6132b43 | Context cleanup@openstack cleanup() finished in 34.65 sec
2019-09-01 08:59:19.933 21658 INFO rally.task.context [-] Task 802e221d-3f14-4e6c-8d9a-cdeaa6132b43 | Context quotas@openstack cleanup() started
2019-09-01 08:59:20.015 21658 INFO rally.task.context [-] Task 802e221d-3f14-4e6c-8d9a-cdeaa6132b43 | Context quotas@openstack cleanup() finished in 81.87 msec
2019-09-01 08:59:20.016 21658 INFO rally.task.context [-] Task 802e221d-3f14-4e6c-8d9a-cdeaa6132b43 | Context users@openstack cleanup() started
2019-09-01 08:59:22.720 21658 INFO rally.task.context [-] Task 802e221d-3f14-4e6c-8d9a-cdeaa6132b43 | Context users@openstack cleanup() finished in 2.70 sec
2019-09-01 08:59:23.920 21658 INFO rally.task.engine [-] Load duration is: 22.649277
2019-09-01 08:59:23.921 21658 INFO rally.task.engine [-] Full runner duration is: 22.703966
2019-09-01 08:59:23.921 21658 INFO rally.task.engine [-] Full duration is: 63.154837
2019-09-01 08:59:24.288 21658 INFO rally.task.engine [-] Running workload: position = 2 config = { "version": 2, "title": "A cropped version of a bigger task.", "description": "Auto-generated task from a single workload (uuid=e6ec93f3-07ec-4fd9-b60f-61ea46631415)", "subtasks": [ { "title": "NeutronNetworks.create_and_delete_ports", "description": "Create and delete a port.", "scenario": { "NeutronNetworks.create_and_delete_ports": { "network_create_args": {}, "port_create_args": {}, "ports_per_network": 5 } }, "contexts": { "users": { "tenants": 1, "users_per_tenant": 1 }, "quotas": { "neutron": { "network": -1, "port": -1 } } }, "runner": { "constant": { "times": 40, "concurrency": 20 } }, "hooks": [], "sla": { "failure_rate": { "max": 0 } } } ] }
2019-09-01 08:59:24.315 21658 RALLYDEBUG rally_openstack.contexts.keystone.users [-] Creating 1 tenants using 20 threads
2019-09-01 08:59:25.253 21658 RALLYDEBUG rally_openstack.contexts.keystone.users [-] Creating 1 users using 20 threads
2019-09-01 08:59:26.638 21658 INFO rally.task.context [-] Task 802e221d-3f14-4e6c-8d9a-cdeaa6132b43 | Context users@openstack setup() finished in 2.32 sec
2019-09-01 08:59:27.118 21658 INFO rally.task.context [-] Task 802e221d-3f14-4e6c-8d9a-cdeaa6132b43 | Context quotas@openstack setup() finished in 0.48 sec
2019-09-01 08:59:27.119 21658 INFO rally.task.context [-] Task 802e221d-3f14-4e6c-8d9a-cdeaa6132b43 | Context cleanup@openstack setup() finished in 0.01 msec
2019-09-01 08:59:27.128 21658 RALLYDEBUG rally.task.runner [-] Starting the constant runner (task UUID: 802e221d-3f14-4e6c-8d9a-cdeaa6132b43). timeout: 0 concurrency: 20 concurrency_per_worker: 1 times: 40 concurrency_overhead: 4 processes_to_start: 16 max_cpu_used: 16
2019-09-01 08:59:27.142 25904 RALLYDEBUG rally.task.runner [-] Starting a worker. concurrency: 2 args: {"network_create_args": {}, "port_create_args": {}, "ports_per_network": 5} times: 40 method_name: run timeout: 0 duration: None cls:
2019-09-01 08:59:27.146 25905 RALLYDEBUG rally.task.runner [-] Starting a worker. concurrency: 2 args: {"network_create_args": {}, "port_create_args": {}, "ports_per_network": 5} times: 40 method_name: run timeout: 0 duration: None cls:
2019-09-01 08:59:27.148 25906 RALLYDEBUG rally.task.runner [-] Starting a worker. concurrency: 2 args: {"network_create_args": {}, "port_create_args": {}, "ports_per_network": 5} times: 40 method_name: run timeout: 0 duration: None cls:
2019-09-01 08:59:27.151 25907 RALLYDEBUG rally.task.runner [-] Starting a worker. concurrency: 2 args: {"network_create_args": {}, "port_create_args": {}, "ports_per_network": 5} times: 40 method_name: run timeout: 0 duration: None cls:
2019-09-01 08:59:27.154 25904 INFO rally.task.runner [-] Task 802e221d-3f14-4e6c-8d9a-cdeaa6132b43 | ITER: 1 START
2019-09-01 08:59:27.155 25909 RALLYDEBUG rally.task.runner [-] Starting a worker. concurrency: 1 args: {"network_create_args": {}, "port_create_args": {}, "ports_per_network": 5} times: 40 method_name: run timeout: 0 duration: None cls:
2019-09-01 08:59:27.156 25905 INFO rally.task.runner [-] Task 802e221d-3f14-4e6c-8d9a-cdeaa6132b43 | ITER: 2 START
2019-09-01 08:59:27.156 25904 INFO rally.task.runner [-] Task 802e221d-3f14-4e6c-8d9a-cdeaa6132b43 | ITER: 3 START
2019-09-01 08:59:27.158 25906 INFO rally.task.runner [-] Task 802e221d-3f14-4e6c-8d9a-cdeaa6132b43 | ITER: 4 START
2019-09-01 08:59:27.158 25904 WARNING rally_openstack.scenarios.neutron.utils [-] Running this scenario without either the 'network' or 'existing_network' context is deprecated
2019-09-01 08:59:27.159 25905 WARNING rally_openstack.scenarios.neutron.utils [-] Running this scenario without either the 'network' or 'existing_network' context is deprecated
2019-09-01 08:59:27.160 25906 WARNING rally_openstack.scenarios.neutron.utils [-] Running this scenario without either the 'network' or 'existing_network' context is deprecated
2019-09-01 08:59:27.162 25909 INFO rally.task.runner [-] Task 802e221d-3f14-4e6c-8d9a-cdeaa6132b43 | ITER: 9 START
2019-09-01 08:59:27.161 25907 INFO rally.task.runner [-] Task 802e221d-3f14-4e6c-8d9a-cdeaa6132b43 | ITER: 6 START
2019-09-01 08:59:27.161 25912 RALLYDEBUG rally.task.runner [-] Starting a worker. concurrency: 1 args: {"network_create_args": {}, "port_create_args": {}, "ports_per_network": 5} times: 40 method_name: run timeout: 0 duration: None cls:
2019-09-01 08:59:27.164 25907 WARNING rally_openstack.scenarios.neutron.utils [-] Running this scenario without either the 'network' or 'existing_network' context is deprecated
2019-09-01 08:59:27.164 25909 WARNING rally_openstack.scenarios.neutron.utils [-] Running this scenario without either the 'network' or 'existing_network' context is deprecated
2019-09-01 08:59:27.164 25917 RALLYDEBUG rally.task.runner [-] Starting a worker. concurrency: 1 args: {"network_create_args": {}, "port_create_args": {}, "ports_per_network": 5} times: 40 method_name: run timeout: 0 duration: None cls:
2019-09-01 08:59:27.167 25922 RALLYDEBUG rally.task.runner [-] Starting a worker. concurrency: 1 args: {"network_create_args": {}, "port_create_args": {}, "ports_per_network": 5} times: 40 method_name: run timeout: 0 duration: None cls:
2019-09-01 08:59:27.168 25925 RALLYDEBUG rally.task.runner [-] Starting a worker. concurrency: 1 args: {"network_create_args": {}, "port_create_args": {}, "ports_per_network": 5} times: 40 method_name: run timeout: 0 duration: None cls:
2019-09-01 08:59:27.159 25904 WARNING rally_openstack.scenarios.neutron.utils [-] Running this scenario without either the 'network' or 'existing_network' context is deprecated
2019-09-01 08:59:27.169 25912 INFO rally.task.runner [-] Task 802e221d-3f14-4e6c-8d9a-cdeaa6132b43 | ITER: 10 START
2019-09-01 08:59:27.171 25912 WARNING rally_openstack.scenarios.neutron.utils [-] Running this scenario without either the 'network' or 'existing_network' context is deprecated
2019-09-01 08:59:27.160 25905 INFO rally.task.runner [-] Task 802e221d-3f14-4e6c-8d9a-cdeaa6132b43 | ITER: 5 START
2019-09-01 08:59:27.161 25906 INFO rally.task.runner [-] Task 802e221d-3f14-4e6c-8d9a-cdeaa6132b43 | ITER: 7 START
2019-09-01 08:59:27.173 25917 INFO rally.task.runner [-] Task 802e221d-3f14-4e6c-8d9a-cdeaa6132b43 | ITER: 11 START
2019-09-01 08:59:27.173 25905 WARNING rally_openstack.scenarios.neutron.utils [-] Running this scenario without either the 'network' or 'existing_network' context is deprecated
2019-09-01 08:59:27.173 25906 WARNING rally_openstack.scenarios.neutron.utils [-] Running this scenario without either the 'network' or 'existing_network' context is deprecated
2019-09-01 08:59:27.174 25927 RALLYDEBUG rally.task.runner [-] Starting a worker. concurrency: 1 args: {"network_create_args": {}, "port_create_args": {}, "ports_per_network": 5} times: 40 method_name: run timeout: 0 duration: None cls:
2019-09-01 08:59:27.174 25917 WARNING rally_openstack.scenarios.neutron.utils [-] Running this scenario without either the 'network' or 'existing_network' context is deprecated
2019-09-01 08:59:27.175 25922 INFO rally.task.runner [-] Task 802e221d-3f14-4e6c-8d9a-cdeaa6132b43 | ITER: 12 START
2019-09-01 08:59:27.175 25925 INFO rally.task.runner [-] Task 802e221d-3f14-4e6c-8d9a-cdeaa6132b43 | ITER: 13 START
2019-09-01 08:59:27.176 25907 INFO rally.task.runner [-] Task 802e221d-3f14-4e6c-8d9a-cdeaa6132b43 | ITER: 8 START
2019-09-01 08:59:27.176 25922 WARNING rally_openstack.scenarios.neutron.utils [-] Running this scenario without either the 'network' or 'existing_network' context is deprecated
2019-09-01 08:59:27.176 25925 WARNING rally_openstack.scenarios.neutron.utils [-] Running this scenario without either the 'network' or 'existing_network' context is deprecated
2019-09-01 08:59:27.178 25907 WARNING rally_openstack.scenarios.neutron.utils [-] Running this scenario without either the 'network' or 'existing_network' context is deprecated
2019-09-01 08:59:27.180 25931 RALLYDEBUG rally.task.runner [-] Starting a worker. concurrency: 1 args: {"network_create_args": {}, "port_create_args": {}, "ports_per_network": 5} times: 40 method_name: run timeout: 0 duration: None cls:
2019-09-01 08:59:27.182 25927 INFO rally.task.runner [-] Task 802e221d-3f14-4e6c-8d9a-cdeaa6132b43 | ITER: 14 START
2019-09-01 08:59:27.184 25927 WARNING rally_openstack.scenarios.neutron.utils [-] Running this scenario without either the 'network' or 'existing_network' context is deprecated
2019-09-01 08:59:27.187 25939 RALLYDEBUG rally.task.runner [-] Starting a worker. concurrency: 1 args: {"network_create_args": {}, "port_create_args": {}, "ports_per_network": 5} times: 40 method_name: run timeout: 0 duration: None cls:
2019-09-01 08:59:27.188 25931 INFO rally.task.runner [-] Task 802e221d-3f14-4e6c-8d9a-cdeaa6132b43 | ITER: 15 START
2019-09-01 08:59:27.190 25931 WARNING rally_openstack.scenarios.neutron.utils [-] Running this scenario without either the 'network' or 'existing_network' context is deprecated
2019-09-01 08:59:27.194 25939 INFO rally.task.runner [-] Task 802e221d-3f14-4e6c-8d9a-cdeaa6132b43 | ITER: 16 START
2019-09-01 08:59:27.197 25939 WARNING rally_openstack.scenarios.neutron.utils [-] Running this scenario without either the 'network' or 'existing_network' context is deprecated
2019-09-01 08:59:27.203 25944 RALLYDEBUG rally.task.runner [-] Starting a worker. concurrency: 1 args: {"network_create_args": {}, "port_create_args": {}, "ports_per_network": 5} times: 40 method_name: run timeout: 0 duration: None cls:
2019-09-01 08:59:27.210 25944 INFO rally.task.runner [-] Task 802e221d-3f14-4e6c-8d9a-cdeaa6132b43 | ITER: 17 START
2019-09-01 08:59:27.211 25944 WARNING rally_openstack.scenarios.neutron.utils [-] Running this scenario without either the 'network' or 'existing_network' context is deprecated
2019-09-01 08:59:27.211 25945 RALLYDEBUG rally.task.runner [-] Starting a worker. concurrency: 1 args: {"network_create_args": {}, "port_create_args": {}, "ports_per_network": 5} times: 40 method_name: run timeout: 0 duration: None cls:
2019-09-01 08:59:27.216 25945 INFO rally.task.runner [-] Task 802e221d-3f14-4e6c-8d9a-cdeaa6132b43 | ITER: 18 START
2019-09-01 08:59:27.218 25945 WARNING rally_openstack.scenarios.neutron.utils [-] Running this scenario without either the 'network' or 'existing_network' context is deprecated
2019-09-01 08:59:27.220 25948 RALLYDEBUG rally.task.runner [-] Starting a worker. concurrency: 1 args: {"network_create_args": {}, "port_create_args": {}, "ports_per_network": 5} times: 40 method_name: run timeout: 0 duration: None cls:
2019-09-01 08:59:27.225 25948 INFO rally.task.runner [-] Task 802e221d-3f14-4e6c-8d9a-cdeaa6132b43 | ITER: 19 START
2019-09-01 08:59:27.227 25948 WARNING rally_openstack.scenarios.neutron.utils [-] Running this scenario without either the 'network' or 'existing_network' context is deprecated
2019-09-01 08:59:27.233 25951 RALLYDEBUG rally.task.runner [-] Starting a worker. concurrency: 1 args: {"network_create_args": {}, "port_create_args": {}, "ports_per_network": 5} times: 40 method_name: run timeout: 0 duration: None cls:
2019-09-01 08:59:27.241 25951 INFO rally.task.runner [-] Task 802e221d-3f14-4e6c-8d9a-cdeaa6132b43 | ITER: 20 START
2019-09-01 08:59:27.244 25951 WARNING rally_openstack.scenarios.neutron.utils [-] Running this scenario without either the 'network' or 'existing_network' context is deprecated
2019-09-01 08:59:36.632 25904 INFO rally.task.runner [-] Task 802e221d-3f14-4e6c-8d9a-cdeaa6132b43 | ITER: 3 END: OK
2019-09-01 08:59:36.635 25904 INFO rally.task.runner [-] Task 802e221d-3f14-4e6c-8d9a-cdeaa6132b43 | ITER: 21 START
2019-09-01 08:59:36.636 25904 WARNING rally_openstack.scenarios.neutron.utils [-] Running this scenario without either the 'network' or 'existing_network' context is deprecated
2019-09-01 08:59:37.582 25905 INFO rally.task.runner [-] Task 802e221d-3f14-4e6c-8d9a-cdeaa6132b43 | ITER: 2 END: OK
2019-09-01 08:59:37.586 25905 INFO rally.task.runner [-] Task 802e221d-3f14-4e6c-8d9a-cdeaa6132b43 | ITER: 22 START
2019-09-01 08:59:37.587 25905 WARNING rally_openstack.scenarios.neutron.utils [-] Running this scenario without either the 'network' or 'existing_network' context is deprecated
2019-09-01 08:59:38.107 25922 INFO rally.task.runner [-] Task 802e221d-3f14-4e6c-8d9a-cdeaa6132b43 | ITER: 12 END: OK
2019-09-01 08:59:38.111 25922 INFO rally.task.runner [-] Task 802e221d-3f14-4e6c-8d9a-cdeaa6132b43 | ITER: 23 START
2019-09-01 08:59:38.112 25922 WARNING rally_openstack.scenarios.neutron.utils [-] Running this scenario without either the 'network' or 'existing_network' context is deprecated
2019-09-01 08:59:38.184 25904 INFO rally.task.runner [-] Task 802e221d-3f14-4e6c-8d9a-cdeaa6132b43 | ITER: 1 END: OK
2019-09-01 08:59:38.189 25904 INFO rally.task.runner [-] Task 802e221d-3f14-4e6c-8d9a-cdeaa6132b43 | ITER: 24 START
2019-09-01 08:59:38.190 25904 WARNING rally_openstack.scenarios.neutron.utils [-] Running this scenario without either the 'network' or 'existing_network' context is deprecated
2019-09-01 08:59:38.448 25906 INFO rally.task.runner [-] Task 802e221d-3f14-4e6c-8d9a-cdeaa6132b43 | ITER: 7 END: OK
2019-09-01 08:59:38.453 25906 INFO rally.task.runner [-] Task 802e221d-3f14-4e6c-8d9a-cdeaa6132b43 | ITER: 25 START
2019-09-01 08:59:38.453 25906 WARNING rally_openstack.scenarios.neutron.utils [-] Running this scenario without either the 'network' or 'existing_network' context is deprecated
2019-09-01 08:59:38.506 25907 INFO rally.task.runner [-] Task 802e221d-3f14-4e6c-8d9a-cdeaa6132b43 | ITER: 6 END: OK
2019-09-01 08:59:38.511 25907 INFO rally.task.runner [-] Task 802e221d-3f14-4e6c-8d9a-cdeaa6132b43 | ITER: 26 START
2019-09-01 08:59:38.511 25907 WARNING rally_openstack.scenarios.neutron.utils [-] Running this scenario without either the 'network' or 'existing_network' context is deprecated
2019-09-01 08:59:38.683 25927 INFO rally.task.runner [-] Task 802e221d-3f14-4e6c-8d9a-cdeaa6132b43 | ITER: 14 END: OK
2019-09-01 08:59:38.687 25927 INFO rally.task.runner [-] Task 802e221d-3f14-4e6c-8d9a-cdeaa6132b43 | ITER: 27 START
2019-09-01 08:59:38.688 25927 WARNING rally_openstack.scenarios.neutron.utils [-] Running this scenario without either the 'network' or 'existing_network' context is deprecated
2019-09-01 08:59:38.785 25948 INFO rally.task.runner [-] Task 802e221d-3f14-4e6c-8d9a-cdeaa6132b43 | ITER: 19 END: OK
2019-09-01 08:59:38.790 25948 INFO rally.task.runner [-] Task 802e221d-3f14-4e6c-8d9a-cdeaa6132b43 | ITER: 28 START
2019-09-01 08:59:38.791 25948 WARNING rally_openstack.scenarios.neutron.utils [-] Running this scenario without either the 'network' or 'existing_network' context is deprecated
2019-09-01 08:59:38.950 25909 INFO rally.task.runner [-] Task 802e221d-3f14-4e6c-8d9a-cdeaa6132b43 | ITER: 9 END: OK
2019-09-01 08:59:38.954 25909 INFO rally.task.runner [-] Task 802e221d-3f14-4e6c-8d9a-cdeaa6132b43 | ITER: 29 START
2019-09-01 08:59:38.955 25909 WARNING rally_openstack.scenarios.neutron.utils [-] Running this scenario without either the 'network' or 'existing_network' context is deprecated
2019-09-01 08:59:39.380 25925 INFO rally.task.runner [-] Task 802e221d-3f14-4e6c-8d9a-cdeaa6132b43 | ITER: 13 END: OK
2019-09-01 08:59:39.385 25925 INFO rally.task.runner [-] Task 802e221d-3f14-4e6c-8d9a-cdeaa6132b43 | ITER: 30 START
2019-09-01 08:59:39.386 25925 WARNING rally_openstack.scenarios.neutron.utils [-] Running this scenario without either the 'network' or 'existing_network' context is deprecated
2019-09-01 08:59:39.457 25945 INFO rally.task.runner [-] Task 802e221d-3f14-4e6c-8d9a-cdeaa6132b43 | ITER: 18 END: OK
2019-09-01 08:59:39.463 25945 INFO rally.task.runner [-] Task 802e221d-3f14-4e6c-8d9a-cdeaa6132b43 | ITER: 31 START
2019-09-01 08:59:39.463 25945 WARNING rally_openstack.scenarios.neutron.utils [-] Running this scenario without either the 'network' or 'existing_network' context is deprecated
2019-09-01 08:59:39.853 25912 INFO rally.task.runner [-] Task 802e221d-3f14-4e6c-8d9a-cdeaa6132b43 | ITER: 10 END: OK
2019-09-01 08:59:39.858 25912 INFO rally.task.runner [-] Task 802e221d-3f14-4e6c-8d9a-cdeaa6132b43 | ITER: 32 START
2019-09-01 08:59:39.858 25912 WARNING rally_openstack.scenarios.neutron.utils [-] Running this scenario without either the 'network' or 'existing_network' context is deprecated
2019-09-01 08:59:40.024 25906 INFO rally.task.runner [-] Task 802e221d-3f14-4e6c-8d9a-cdeaa6132b43 | ITER: 4 END: OK
2019-09-01 08:59:40.035 25951 INFO rally.task.runner [-] Task 802e221d-3f14-4e6c-8d9a-cdeaa6132b43 | ITER: 20 END: OK
2019-09-01 08:59:40.036 25906 INFO rally.task.runner [-] Task 802e221d-3f14-4e6c-8d9a-cdeaa6132b43 | ITER: 33 START
2019-09-01 08:59:40.036 25906 WARNING rally_openstack.scenarios.neutron.utils [-] Running this scenario without either the 'network' or 'existing_network' context is deprecated
2019-09-01 08:59:40.039 25951 INFO rally.task.runner [-] Task 802e221d-3f14-4e6c-8d9a-cdeaa6132b43 | ITER: 34 START
2019-09-01 08:59:40.040 25951 WARNING rally_openstack.scenarios.neutron.utils [-] Running this scenario without either the 'network' or 'existing_network' context is deprecated
2019-09-01 08:59:40.344 25931 INFO rally.task.runner [-] Task 802e221d-3f14-4e6c-8d9a-cdeaa6132b43 | ITER: 15 END: OK
2019-09-01 08:59:40.348 25931 INFO rally.task.runner [-] Task 802e221d-3f14-4e6c-8d9a-cdeaa6132b43 | ITER: 35 START
2019-09-01 08:59:40.349 25931 WARNING rally_openstack.scenarios.neutron.utils [-] Running this scenario without either the 'network' or 'existing_network' context is deprecated
2019-09-01 08:59:40.806 25907 INFO rally.task.runner [-] Task 802e221d-3f14-4e6c-8d9a-cdeaa6132b43 | ITER: 8 END: OK
2019-09-01 08:59:40.810 25907 INFO rally.task.runner [-] Task 802e221d-3f14-4e6c-8d9a-cdeaa6132b43 | ITER: 36 START
2019-09-01 08:59:40.811 25907 WARNING rally_openstack.scenarios.neutron.utils [-] Running this scenario without either the 'network' or 'existing_network' context is deprecated
2019-09-01 08:59:40.816 25905 INFO rally.task.runner [-] Task 802e221d-3f14-4e6c-8d9a-cdeaa6132b43 | ITER: 5 END: OK
2019-09-01 08:59:40.820 25905 INFO rally.task.runner [-] Task 802e221d-3f14-4e6c-8d9a-cdeaa6132b43 | ITER: 37 START
2019-09-01 08:59:40.821 25905 WARNING rally_openstack.scenarios.neutron.utils [-] Running this scenario without either the 'network' or 'existing_network' context is deprecated
2019-09-01 08:59:41.075 25944 INFO rally.task.runner [-] Task 802e221d-3f14-4e6c-8d9a-cdeaa6132b43 | ITER: 17 END: OK
2019-09-01 08:59:41.080 25944 INFO rally.task.runner [-] Task 802e221d-3f14-4e6c-8d9a-cdeaa6132b43 | ITER: 38 START
2019-09-01 08:59:41.081 25944 WARNING rally_openstack.scenarios.neutron.utils [-] Running this scenario without either the 'network' or 'existing_network' context is deprecated
