2019-09-01 08:45:51.325 21649 RALLYDEBUG rally.api [-] INFO logs from urllib3 and requests module are hide.
2019-09-01 08:45:51.325 21649 RALLYDEBUG rally.api [-] urllib3 insecure warnings are hidden.
2019-09-01 08:45:51.325 21649 RALLYDEBUG rally.api [-] ERROR log from boto module is hide.
2019-09-01 08:45:54.034 21651 RALLYDEBUG rally.api [-] INFO logs from urllib3 and requests module are hide.
2019-09-01 08:45:54.034 21651 RALLYDEBUG rally.api [-] urllib3 insecure warnings are hidden.
2019-09-01 08:45:54.034 21651 RALLYDEBUG rally.api [-] ERROR log from boto module is hide.
2019-09-01 08:45:55.551 21651 WARNING rally_openstack.platforms.existing [-] endpoint is deprecated and not used.
2019-09-01 08:45:56.653 21653 RALLYDEBUG rally.api [-] INFO logs from urllib3 and requests module are hide.
2019-09-01 08:45:56.653 21653 RALLYDEBUG rally.api [-] urllib3 insecure warnings are hidden.
2019-09-01 08:45:56.653 21653 RALLYDEBUG rally.api [-] ERROR log from boto module is hide.
2019-09-01 08:45:59.951 21656 RALLYDEBUG rally.api [-] INFO logs from urllib3 and requests module are hide.
2019-09-01 08:45:59.952 21656 RALLYDEBUG rally.api [-] urllib3 insecure warnings are hidden.
2019-09-01 08:45:59.952 21656 RALLYDEBUG rally.api [-] ERROR log from boto module is hide.
2019-09-01 08:46:01.784 21658 RALLYDEBUG rally.api [-] INFO logs from urllib3 and requests module are hide.
2019-09-01 08:46:01.784 21658 RALLYDEBUG rally.api [-] urllib3 insecure warnings are hidden.
2019-09-01 08:46:01.784 21658 RALLYDEBUG rally.api [-] ERROR log from boto module is hide.
2019-09-01 08:46:03.191 21658 INFO rally.common.plugin.discover [-] Loading plugins from directories /root/.rally/plugins/*
2019-09-01 08:46:03.192 21658 INFO rally.common.plugin.discover [-] Loaded module with plugins: /root/.rally/plugins/__init__.py
2019-09-01 08:46:03.194 21658 INFO rally.common.plugin.discover [-] Loaded module with plugins: /root/.rally/plugins/trunk_scenario.py
2019-09-01 08:46:03.437 21658 INFO rally.task.engine [-] Task 802e221d-3f14-4e6c-8d9a-cdeaa6132b43 | Starting: Task validation.
2019-09-01 08:46:03.481 21658 INFO rally.task.engine [-] Task 802e221d-3f14-4e6c-8d9a-cdeaa6132b43 | Starting: Task validation of syntax.
2019-09-01 08:46:03.713 21658 INFO rally.task.engine [-] Task 802e221d-3f14-4e6c-8d9a-cdeaa6132b43 | Completed: Task validation of syntax.
2019-09-01 08:46:03.713 21658 INFO rally.task.engine [-] Task 802e221d-3f14-4e6c-8d9a-cdeaa6132b43 | Starting: Task validation of required platforms.
2019-09-01 08:46:03.783 21658 INFO rally.task.engine [-] Task 802e221d-3f14-4e6c-8d9a-cdeaa6132b43 | Completed: Task validation of required platforms.
2019-09-01 08:46:03.783 21658 INFO rally.task.engine [-] Task 802e221d-3f14-4e6c-8d9a-cdeaa6132b43 | Starting: Task validation of semantic.
2019-09-01 08:46:03.783 21658 INFO rally.task.engine [-] Check health of the environment '85737b29-b5d8-40fc-9c3f-3f18200057fe'.
2019-09-01 08:46:04.364 21658 INFO rally.task.engine [-] Platform existing@openstack (available: True): OK!
2019-09-01 08:46:04.382 21658 RALLYDEBUG rally_openstack.contexts.keystone.users [-] Creating 1 tenants using 20 threads
2019-09-01 08:46:05.267 21658 RALLYDEBUG rally_openstack.contexts.keystone.users [-] Creating 1 users using 20 threads
2019-09-01 08:46:06.696 21658 INFO rally.task.context [-] Task 802e221d-3f14-4e6c-8d9a-cdeaa6132b43 | Context users@openstack setup() finished in 2.31 sec
2019-09-01 08:46:11.314 21658 INFO rally.task.context [-] Task 802e221d-3f14-4e6c-8d9a-cdeaa6132b43 | Context users@openstack cleanup() started
2019-09-01 08:46:15.388 21658 INFO rally.task.context [-] Task 802e221d-3f14-4e6c-8d9a-cdeaa6132b43 | Context users@openstack cleanup() finished in 4.07 sec
2019-09-01 08:46:15.388 21658 INFO rally.task.engine [-] Task 802e221d-3f14-4e6c-8d9a-cdeaa6132b43 | Completed: Task validation of semantic.
2019-09-01 08:46:15.389 21658 INFO rally.task.engine [-] Task 802e221d-3f14-4e6c-8d9a-cdeaa6132b43 | Completed: Task validation.
2019-09-01 08:46:15.389 21658 INFO rally.api [-] Task 802e221d-3f14-4e6c-8d9a-cdeaa6132b43 input file is valid.
2019-09-01 08:46:15.389 21658 INFO rally.api [-] Run Task 802e221d-3f14-4e6c-8d9a-cdeaa6132b43 against Deployment 85737b29-b5d8-40fc-9c3f-3f18200057fe
2019-09-01 08:46:15.390 21658 INFO rally.task.engine [-] Task 802e221d-3f14-4e6c-8d9a-cdeaa6132b43 | Starting: Running task.
2019-09-01 08:46:15.597 21658 INFO rally.task.engine [-] Running workload: position = 0 config = { "version": 2, "title": "A cropped version of a bigger task.", "description": "Auto-generated task from a single workload (uuid=6c007de3-aef0-4d19-b6d6-cdfdbe414257)", "subtasks": [ { "title": "NeutronNetworks.create_and_list_networks", "description": "Check performance of list_networks action and ensure > network quotas are not exceeded", "scenario": { "NeutronNetworks.create_and_list_networks": {} }, "contexts": { "users": { "tenants": 1, "users_per_tenant": 1 }, "quotas": { "neutron": { "network": 119 } } }, "runner": { "constant": { "times": 100, "concurrency": 20 } }, "hooks": [], "sla": { "max_avg_duration_per_atomic": { "neutron.list_networks": 15 }, "failure_rate": { "max": 0 } } } ] }
2019-09-01 08:46:15.622 21658 RALLYDEBUG rally_openstack.contexts.keystone.users [-] Creating 1 tenants using 20 threads
2019-09-01 08:46:16.559 21658 RALLYDEBUG rally_openstack.contexts.keystone.users [-] Creating 1 users using 20 threads
2019-09-01 08:46:17.917 21658 INFO rally.task.context [-] Task 802e221d-3f14-4e6c-8d9a-cdeaa6132b43 | Context users@openstack setup() finished in 2.29 sec
2019-09-01 08:46:18.402 21658 INFO rally.task.context [-] Task 802e221d-3f14-4e6c-8d9a-cdeaa6132b43 | Context quotas@openstack setup() finished in 0.48 sec
2019-09-01 08:46:18.402 21658 INFO rally.task.context [-] Task 802e221d-3f14-4e6c-8d9a-cdeaa6132b43 | Context cleanup@openstack setup() finished in 0.01 msec
2019-09-01 08:46:18.411 21658 RALLYDEBUG rally.task.runner [-] Starting the constant runner (task UUID: 802e221d-3f14-4e6c-8d9a-cdeaa6132b43). timeout: 0 concurrency: 20 concurrency_per_worker: 1 times: 100 concurrency_overhead: 4 processes_to_start: 16 max_cpu_used: 16
2019-09-01 08:46:18.425 21782 RALLYDEBUG rally.task.runner [-] Starting a worker. concurrency: 2 args: {} times: 100 method_name: run timeout: 0 duration: None cls:
2019-09-01 08:46:18.428 21783 RALLYDEBUG rally.task.runner [-] Starting a worker. concurrency: 2 args: {} times: 100 method_name: run timeout: 0 duration: None cls:
2019-09-01 08:46:18.431 21784 RALLYDEBUG rally.task.runner [-] Starting a worker. concurrency: 2 args: {} times: 100 method_name: run timeout: 0 duration: None cls:
2019-09-01 08:46:18.434 21785 RALLYDEBUG rally.task.runner [-] Starting a worker. concurrency: 2 args: {} times: 100 method_name: run timeout: 0 duration: None cls:
2019-09-01 08:46:18.433 21782 INFO rally.task.runner [-] Task 802e221d-3f14-4e6c-8d9a-cdeaa6132b43 | ITER: 1 START
2019-09-01 08:46:18.437 21788 RALLYDEBUG rally.task.runner [-] Starting a worker. concurrency: 1 args: {} times: 100 method_name: run timeout: 0 duration: None cls:
2019-09-01 08:46:18.440 21783 INFO rally.task.runner [-] Task 802e221d-3f14-4e6c-8d9a-cdeaa6132b43 | ITER: 2 START
2019-09-01 08:46:18.442 21784 INFO rally.task.runner [-] Task 802e221d-3f14-4e6c-8d9a-cdeaa6132b43 | ITER: 4 START
2019-09-01 08:46:18.441 21791 RALLYDEBUG rally.task.runner [-] Starting a worker. concurrency: 1 args: {} times: 100 method_name: run timeout: 0 duration: None cls:
2019-09-01 08:46:18.441 21785 INFO rally.task.runner [-] Task 802e221d-3f14-4e6c-8d9a-cdeaa6132b43 | ITER: 6 START
2019-09-01 08:46:18.444 21794 RALLYDEBUG rally.task.runner [-] Starting a worker. concurrency: 1 args: {} times: 100 method_name: run timeout: 0 duration: None cls:
2019-09-01 08:46:18.445 21788 INFO rally.task.runner [-] Task 802e221d-3f14-4e6c-8d9a-cdeaa6132b43 | ITER: 9 START
2019-09-01 08:46:18.443 21784 INFO rally.task.runner [-] Task 802e221d-3f14-4e6c-8d9a-cdeaa6132b43 | ITER: 7 START
2019-09-01 08:46:18.441 21783 INFO rally.task.runner [-] Task 802e221d-3f14-4e6c-8d9a-cdeaa6132b43 | ITER: 5 START
2019-09-01 08:46:18.448 21782 INFO rally.task.runner [-] Task 802e221d-3f14-4e6c-8d9a-cdeaa6132b43 | ITER: 3 START
2019-09-01 08:46:18.448 21799 RALLYDEBUG rally.task.runner [-] Starting a worker. concurrency: 1 args: {} times: 100 method_name: run timeout: 0 duration: None cls:
2019-09-01 08:46:18.450 21791 INFO rally.task.runner [-] Task 802e221d-3f14-4e6c-8d9a-cdeaa6132b43 | ITER: 10 START
2019-09-01 08:46:18.451 21802 RALLYDEBUG rally.task.runner [-] Starting a worker. concurrency: 1 args: {} times: 100 method_name: run timeout: 0 duration: None cls:
2019-09-01 08:46:18.450 21794 INFO rally.task.runner [-] Task 802e221d-3f14-4e6c-8d9a-cdeaa6132b43 | ITER: 11 START
2019-09-01 08:46:18.458 21799 INFO rally.task.runner [-] Task 802e221d-3f14-4e6c-8d9a-cdeaa6132b43 | ITER: 12 START
2019-09-01 08:46:18.459 21785 INFO rally.task.runner [-] Task 802e221d-3f14-4e6c-8d9a-cdeaa6132b43 | ITER: 8 START
2019-09-01 08:46:18.460 21808 RALLYDEBUG rally.task.runner [-] Starting a worker. concurrency: 1 args: {} times: 100 method_name: run timeout: 0 duration: None cls:
2019-09-01 08:46:18.461 21802 INFO rally.task.runner [-] Task 802e221d-3f14-4e6c-8d9a-cdeaa6132b43 | ITER: 13 START
2019-09-01 08:46:18.467 21814 RALLYDEBUG rally.task.runner [-] Starting a worker. concurrency: 1 args: {} times: 100 method_name: run timeout: 0 duration: None cls:
2019-09-01 08:46:18.469 21808 INFO rally.task.runner [-] Task 802e221d-3f14-4e6c-8d9a-cdeaa6132b43 | ITER: 14 START
2019-09-01 08:46:18.471 21815 RALLYDEBUG rally.task.runner [-] Starting a worker. concurrency: 1 args: {} times: 100 method_name: run timeout: 0 duration: None cls:
2019-09-01 08:46:18.475 21814 INFO rally.task.runner [-] Task 802e221d-3f14-4e6c-8d9a-cdeaa6132b43 | ITER: 15 START
2019-09-01 08:46:18.475 21818 RALLYDEBUG rally.task.runner [-] Starting a worker. concurrency: 1 args: {} times: 100 method_name: run timeout: 0 duration: None cls:
2019-09-01 08:46:18.480 21815 INFO rally.task.runner [-] Task 802e221d-3f14-4e6c-8d9a-cdeaa6132b43 | ITER: 16 START
2019-09-01 08:46:18.481 21820 RALLYDEBUG rally.task.runner [-] Starting a worker. concurrency: 1 args: {} times: 100 method_name: run timeout: 0 duration: None cls:
2019-09-01 08:46:18.485 21818 INFO rally.task.runner [-] Task 802e221d-3f14-4e6c-8d9a-cdeaa6132b43 | ITER: 17 START
2019-09-01 08:46:18.486 21824 RALLYDEBUG rally.task.runner [-] Starting a worker. concurrency: 1 args: {} times: 100 method_name: run timeout: 0 duration: None cls:
2019-09-01 08:46:18.488 21820 INFO rally.task.runner [-] Task 802e221d-3f14-4e6c-8d9a-cdeaa6132b43 | ITER: 18 START
2019-09-01 08:46:18.493 21824 INFO rally.task.runner [-] Task 802e221d-3f14-4e6c-8d9a-cdeaa6132b43 | ITER: 19 START
2019-09-01 08:46:18.494 21829 RALLYDEBUG rally.task.runner [-] Starting a worker. concurrency: 1 args: {} times: 100 method_name: run timeout: 0 duration: None cls:
2019-09-01 08:46:18.501 21829 INFO rally.task.runner [-] Task 802e221d-3f14-4e6c-8d9a-cdeaa6132b43 | ITER: 20 START
2019-09-01 08:46:19.384 21794 INFO rally.task.runner [-] Task 802e221d-3f14-4e6c-8d9a-cdeaa6132b43 | ITER: 11 END: OK
2019-09-01 08:46:19.388 21794 INFO rally.task.runner [-] Task 802e221d-3f14-4e6c-8d9a-cdeaa6132b43 | ITER: 21 START
2019-09-01 08:46:19.760 21782 INFO rally.task.runner [-] Task 802e221d-3f14-4e6c-8d9a-cdeaa6132b43 | ITER: 3 END: OK
2019-09-01 08:46:19.765 21788 INFO rally.task.runner [-] Task 802e221d-3f14-4e6c-8d9a-cdeaa6132b43 | ITER: 9 END: OK
2019-09-01 08:46:19.765 21782 INFO rally.task.runner [-] Task 802e221d-3f14-4e6c-8d9a-cdeaa6132b43 | ITER: 22 START
2019-09-01 08:46:19.769 21788 INFO rally.task.runner [-] Task 802e221d-3f14-4e6c-8d9a-cdeaa6132b43 | ITER: 23 START
2019-09-01 08:46:19.897 21782 INFO rally.task.runner [-] Task 802e221d-3f14-4e6c-8d9a-cdeaa6132b43 | ITER: 1 END: OK
2019-09-01 08:46:19.900 21782 INFO rally.task.runner [-] Task 802e221d-3f14-4e6c-8d9a-cdeaa6132b43 | ITER: 24 START
2019-09-01 08:46:19.960 21799 INFO rally.task.runner [-] Task 802e221d-3f14-4e6c-8d9a-cdeaa6132b43 | ITER: 12 END: OK
2019-09-01 08:46:19.965 21799 INFO rally.task.runner [-] Task 802e221d-3f14-4e6c-8d9a-cdeaa6132b43 | ITER: 25 START
2019-09-01 08:46:20.077 21814 INFO rally.task.runner [-] Task 802e221d-3f14-4e6c-8d9a-cdeaa6132b43 | ITER: 15 END: OK
2019-09-01 08:46:20.078 21808 INFO rally.task.runner [-] Task 802e221d-3f14-4e6c-8d9a-cdeaa6132b43 | ITER: 14 END: OK
2019-09-01 08:46:20.081 21814 INFO rally.task.runner [-] Task 802e221d-3f14-4e6c-8d9a-cdeaa6132b43 | ITER: 26 START
2019-09-01 08:46:20.082 21808 INFO rally.task.runner [-] Task 802e221d-3f14-4e6c-8d9a-cdeaa6132b43 | ITER: 27 START
2019-09-01 08:46:20.115 21802 INFO rally.task.runner [-] Task 802e221d-3f14-4e6c-8d9a-cdeaa6132b43 | ITER: 13 END: OK
2019-09-01 08:46:20.116 21824 INFO rally.task.runner [-] Task 802e221d-3f14-4e6c-8d9a-cdeaa6132b43 | ITER: 19 END: OK
2019-09-01 08:46:20.119 21802 INFO rally.task.runner [-] Task 802e221d-3f14-4e6c-8d9a-cdeaa6132b43 | ITER: 28 START
2019-09-01 08:46:20.120 21824 INFO rally.task.runner [-] Task 802e221d-3f14-4e6c-8d9a-cdeaa6132b43 | ITER: 29 START
2019-09-01 08:46:20.140 21791 INFO rally.task.runner [-] Task 802e221d-3f14-4e6c-8d9a-cdeaa6132b43 | ITER: 10 END: OK
2019-09-01 08:46:20.144 21791 INFO rally.task.runner [-] Task 802e221d-3f14-4e6c-8d9a-cdeaa6132b43 | ITER: 30 START
2019-09-01 08:46:20.203 21784 INFO rally.task.runner [-] Task 802e221d-3f14-4e6c-8d9a-cdeaa6132b43 | ITER: 7 END: OK
2019-09-01 08:46:20.205 21820 INFO rally.task.runner [-] Task 802e221d-3f14-4e6c-8d9a-cdeaa6132b43 | ITER: 18 END: OK
2019-09-01 08:46:20.208 21784 INFO rally.task.runner [-] Task 802e221d-3f14-4e6c-8d9a-cdeaa6132b43 | ITER: 31 START
2019-09-01 08:46:20.209 21820 INFO rally.task.runner [-] Task 802e221d-3f14-4e6c-8d9a-cdeaa6132b43 | ITER: 32 START
2019-09-01 08:46:20.218 21785 INFO rally.task.runner [-] Task 802e221d-3f14-4e6c-8d9a-cdeaa6132b43 | ITER: 6 END: OK
2019-09-01 08:46:20.222 21785 INFO rally.task.runner [-] Task 802e221d-3f14-4e6c-8d9a-cdeaa6132b43 | ITER: 33 START
2019-09-01 08:46:20.241 21783 INFO rally.task.runner [-] Task 802e221d-3f14-4e6c-8d9a-cdeaa6132b43 | ITER: 5 END: OK
2019-09-01 08:46:20.244 21783 INFO rally.task.runner [-] Task 802e221d-3f14-4e6c-8d9a-cdeaa6132b43 | ITER: 34 START
2019-09-01 08:46:20.261 21829 INFO rally.task.runner [-] Task 802e221d-3f14-4e6c-8d9a-cdeaa6132b43 | ITER: 20 END: OK
2019-09-01 08:46:20.265 21829 INFO rally.task.runner [-] Task 802e221d-3f14-4e6c-8d9a-cdeaa6132b43 | ITER: 35 START
2019-09-01 08:46:20.270 21815 INFO rally.task.runner [-] Task 802e221d-3f14-4e6c-8d9a-cdeaa6132b43 | ITER: 16 END: OK
2019-09-01 08:46:20.273 21815 INFO rally.task.runner [-] Task 802e221d-3f14-4e6c-8d9a-cdeaa6132b43 | ITER: 36 START
2019-09-01 08:46:20.310 21783 INFO rally.task.runner [-] Task 802e221d-3f14-4e6c-8d9a-cdeaa6132b43 | ITER: 2 END: OK
2019-09-01 08:46:20.313 21783 INFO rally.task.runner [-] Task 802e221d-3f14-4e6c-8d9a-cdeaa6132b43 | ITER: 37 START
2019-09-01 08:46:20.317 21784 INFO rally.task.runner [-] Task 802e221d-3f14-4e6c-8d9a-cdeaa6132b43 | ITER: 4 END: OK
2019-09-01 08:46:20.320 21784 INFO rally.task.runner [-] Task 802e221d-3f14-4e6c-8d9a-cdeaa6132b43 | ITER: 38 START
2019-09-01 08:46:20.335 21785 INFO rally.task.runner [-] Task 802e221d-3f14-4e6c-8d9a-cdeaa6132b43 | ITER: 8 END: OK
2019-09-01 08:46:20.339 21785 INFO rally.task.runner [-] Task 802e221d-3f14-4e6c-8d9a-cdeaa6132b43 | ITER: 39 START
2019-09-01 08:46:20.674 21794 INFO rally.task.runner [-] Task 802e221d-3f14-4e6c-8d9a-cdeaa6132b43 | ITER: 21 END: OK
2019-09-01 08:46:20.678 21794 INFO rally.task.runner [-] Task 802e221d-3f14-4e6c-8d9a-cdeaa6132b43 | ITER: 40 START
2019-09-01 08:46:20.822 21782 INFO rally.task.runner [-] Task 802e221d-3f14-4e6c-8d9a-cdeaa6132b43 | ITER: 22 END: OK
2019-09-01 08:46:20.826 21782 INFO rally.task.runner [-] Task 802e221d-3f14-4e6c-8d9a-cdeaa6132b43 | ITER: 41 START
2019-09-01 08:46:20.842 21818 INFO rally.task.runner [-] Task 802e221d-3f14-4e6c-8d9a-cdeaa6132b43 | ITER: 17 END: OK
2019-09-01 08:46:20.846 21818 INFO rally.task.runner [-] Task 802e221d-3f14-4e6c-8d9a-cdeaa6132b43 | ITER: 42 START
2019-09-01 08:46:21.064 21788 INFO rally.task.runner [-] Task 802e221d-3f14-4e6c-8d9a-cdeaa6132b43 | ITER: 23 END: OK
2019-09-01 08:46:21.067 21788 INFO rally.task.runner [-] Task 802e221d-3f14-4e6c-8d9a-cdeaa6132b43 | ITER: 43 START
2019-09-01 08:46:21.129 21824 INFO rally.task.runner [-] Task 802e221d-3f14-4e6c-8d9a-cdeaa6132b43 | ITER: 29 END: OK
2019-09-01 08:46:21.133 21824 INFO rally.task.runner [-] Task 802e221d-3f14-4e6c-8d9a-cdeaa6132b43 | ITER: 44 START
2019-09-01 08:46:21.144 21808 INFO rally.task.runner [-] Task 802e221d-3f14-4e6c-8d9a-cdeaa6132b43 | ITER: 27 END: OK
2019-09-01 08:46:21.148 21808 INFO rally.task.runner [-] Task 802e221d-3f14-4e6c-8d9a-cdeaa6132b43 | ITER: 45 START
2019-09-01 08:46:21.235 21799 INFO rally.task.runner [-] Task 802e221d-3f14-4e6c-8d9a-cdeaa6132b43 | ITER: 25 END: OK
2019-09-01 08:46:21.238 21799 INFO rally.task.runner [-] Task 802e221d-3f14-4e6c-8d9a-cdeaa6132b43 | ITER: 46 START
2019-09-01 08:46:21.441 21785 INFO rally.task.runner [-] Task 802e221d-3f14-4e6c-8d9a-cdeaa6132b43 | ITER: 39 END: OK
2019-09-01 08:46:21.445 21785 INFO rally.task.runner [-] Task 802e221d-3f14-4e6c-8d9a-cdeaa6132b43 | ITER: 47 START
2019-09-01 08:46:21.470 21815 INFO rally.task.runner [-] Task 802e221d-3f14-4e6c-8d9a-cdeaa6132b43 | ITER: 36 END: OK
2019-09-01 08:46:21.474 21815 INFO rally.task.runner [-] Task 802e221d-3f14-4e6c-8d9a-cdeaa6132b43 | ITER: 48 START
2019-09-01 08:46:21.561 21782 INFO rally.task.runner [-] Task 802e221d-3f14-4e6c-8d9a-cdeaa6132b43 | ITER: 24 END: OK
2019-09-01 08:46:21.563 21784 INFO rally.task.runner [-] Task 802e221d-3f14-4e6c-8d9a-cdeaa6132b43 | ITER: 31 END: OK
2019-09-01 08:46:21.565 21782 INFO rally.task.runner [-] Task 802e221d-3f14-4e6c-8d9a-cdeaa6132b43 | ITER: 49 START
2019-09-01 08:46:21.567 21784 INFO rally.task.runner [-] Task 802e221d-3f14-4e6c-8d9a-cdeaa6132b43 | ITER: 50 START
2019-09-01 08:46:21.607 21785 INFO rally.task.runner [-] Task 802e221d-3f14-4e6c-8d9a-cdeaa6132b43 | ITER: 33 END: OK
2019-09-01 08:46:21.611 21785 INFO rally.task.runner [-] Task 802e221d-3f14-4e6c-8d9a-cdeaa6132b43 | ITER: 51 START
2019-09-01 08:46:21.631 21820 INFO rally.task.runner [-] Task 802e221d-3f14-4e6c-8d9a-cdeaa6132b43 | ITER: 32 END: OK
2019-09-01 08:46:21.635 21820 INFO rally.task.runner [-] Task 802e221d-3f14-4e6c-8d9a-cdeaa6132b43 | ITER: 52 START
2019-09-01 08:46:21.668 21829 INFO rally.task.runner [-] Task 802e221d-3f14-4e6c-8d9a-cdeaa6132b43 | ITER: 35 END: OK
2019-09-01 08:46:21.670 21814 INFO rally.task.runner [-] Task 802e221d-3f14-4e6c-8d9a-cdeaa6132b43 | ITER: 26 END: OK
2019-09-01 08:46:21.672 21829 INFO rally.task.runner [-] Task 802e221d-3f14-4e6c-8d9a-cdeaa6132b43 | ITER: 53 START
2019-09-01 08:46:21.673 21814 INFO rally.task.runner [-] Task 802e221d-3f14-4e6c-8d9a-cdeaa6132b43 | ITER: 54 START
2019-09-01 08:46:21.723 21783 INFO rally.task.runner [-] Task 802e221d-3f14-4e6c-8d9a-cdeaa6132b43 | ITER: 34 END: OK
2019-09-01 08:46:21.726 21783 INFO rally.task.runner [-] Task 802e221d-3f14-4e6c-8d9a-cdeaa6132b43 | ITER: 55 START
2019-09-01 08:46:21.782 21783 INFO rally.task.runner [-] Task 802e221d-3f14-4e6c-8d9a-cdeaa6132b43 | ITER: 37 END: OK
2019-09-01 08:46:21.785 21783 INFO rally.task.runner [-] Task 802e221d-3f14-4e6c-8d9a-cdeaa6132b43 | ITER: 56 START
2019-09-01 08:46:21.812 21791 INFO rally.task.runner [-] Task 802e221d-3f14-4e6c-8d9a-cdeaa6132b43 | ITER: 30 END: OK
2019-09-01 08:46:21.816 21791 INFO rally.task.runner [-] Task 802e221d-3f14-4e6c-8d9a-cdeaa6132b43 | ITER: 57 START
2019-09-01 08:46:21.904 21784 INFO rally.task.runner [-] Task 802e221d-3f14-4e6c-8d9a-cdeaa6132b43 | ITER: 38 END: OK
2019-09-01 08:46:21.907 21784 INFO rally.task.runner [-] Task 802e221d-3f14-4e6c-8d9a-cdeaa6132b43 | ITER: 58 START
2019-09-01 08:46:22.220 21802 INFO rally.task.runner [-] Task 802e221d-3f14-4e6c-8d9a-cdeaa6132b43 | ITER: 28 END: OK
2019-09-01 08:46:22.224 21802 INFO rally.task.runner [-] Task 802e221d-3f14-4e6c-8d9a-cdeaa6132b43 | ITER: 59 START
2019-09-01 08:46:22.427 21818 INFO rally.task.runner [-] Task 802e221d-3f14-4e6c-8d9a-cdeaa6132b43 | ITER: 42 END: OK
2019-09-01 08:46:22.431 21818 INFO rally.task.runner [-] Task 802e221d-3f14-4e6c-8d9a-cdeaa6132b43 | ITER: 60 START
2019-09-01 08:46:22.475 21794 INFO rally.task.runner [-] Task 802e221d-3f14-4e6c-8d9a-cdeaa6132b43 | ITER: 40 END: OK
2019-09-01 08:46:22.479 21794 INFO rally.task.runner [-] Task 802e221d-3f14-4e6c-8d9a-cdeaa6132b43 | ITER: 61 START
2019-09-01 08:46:22.526 21782 INFO rally.task.runner [-] Task 802e221d-3f14-4e6c-8d9a-cdeaa6132b43 | ITER: 41 END: OK
2019-09-01 08:46:22.530 21782 INFO rally.task.runner [-] Task 802e221d-3f14-4e6c-8d9a-cdeaa6132b43 | ITER: 62 START
2019-09-01 08:46:22.580 21824 INFO rally.task.runner [-] Task 802e221d-3f14-4e6c-8d9a-cdeaa6132b43 | ITER: 44 END: OK
2019-09-01 08:46:22.584 21824 INFO rally.task.runner [-] Task 802e221d-3f14-4e6c-8d9a-cdeaa6132b43 | ITER: 63 START
2019-09-01 08:46:22.587 21788 INFO rally.task.runner [-] Task 802e221d-3f14-4e6c-8d9a-cdeaa6132b43 | ITER: 43 END: OK
2019-09-01 08:46:22.591 21788 INFO rally.task.runner [-] Task 802e221d-3f14-4e6c-8d9a-cdeaa6132b43 | ITER: 64 START
2019-09-01 08:46:22.653 21814 INFO rally.task.runner [-] Task 802e221d-3f14-4e6c-8d9a-cdeaa6132b43 | ITER: 54 END: OK
2019-09-01 08:46:22.657 21814 INFO rally.task.runner [-] Task 802e221d-3f14-4e6c-8d9a-cdeaa6132b43 | ITER: 65 START
2019-09-01 08:46:22.692 21808 INFO rally.task.runner [-] Task 802e221d-3f14-4e6c-8d9a-cdeaa6132b43 | ITER: 45 END: OK
2019-09-01 08:46:22.695 21808 INFO rally.task.runner [-] Task 802e221d-3f14-4e6c-8d9a-cdeaa6132b43 | ITER: 66 START
2019-09-01 08:46:22.714 21784 INFO rally.task.runner [-] Task 802e221d-3f14-4e6c-8d9a-cdeaa6132b43 | ITER: 50 END: OK
2019-09-01 08:46:22.718 21784 INFO rally.task.runner [-] Task 802e221d-3f14-4e6c-8d9a-cdeaa6132b43 | ITER: 67 START
2019-09-01 08:46:23.037 21815 INFO rally.task.runner [-] Task 802e221d-3f14-4e6c-8d9a-cdeaa6132b43 | ITER: 48 END: OK
2019-09-01 08:46:23.040 21815 INFO rally.task.runner [-] Task 802e221d-3f14-4e6c-8d9a-cdeaa6132b43 | ITER: 68 START
2019-09-01 08:46:23.049 21799 INFO rally.task.runner [-] Task 802e221d-3f14-4e6c-8d9a-cdeaa6132b43 | ITER: 46 END: OK
2019-09-01 08:46:23.052 21799 INFO rally.task.runner [-] Task 802e221d-3f14-4e6c-8d9a-cdeaa6132b43 | ITER: 69 START
2019-09-01 08:46:23.172 21782 INFO rally.task.runner [-] Task 802e221d-3f14-4e6c-8d9a-cdeaa6132b43 | ITER: 49 END: OK
2019-09-01 08:46:23.176 21782 INFO rally.task.runner [-] Task 802e221d-3f14-4e6c-8d9a-cdeaa6132b43 | ITER: 70 START
2019-09-01 08:46:23.208 21785 INFO rally.task.runner [-] Task 802e221d-3f14-4e6c-8d9a-cdeaa6132b43 | ITER: 47 END: OK
2019-09-01 08:46:23.211 21785 INFO rally.task.runner [-] Task 802e221d-3f14-4e6c-8d9a-cdeaa6132b43 | ITER: 71 START
2019-09-01 08:46:23.326 21820 INFO rally.task.runner [-] Task 802e221d-3f14-4e6c-8d9a-cdeaa6132b43 | ITER: 52 END: OK
2019-09-01 08:46:23.330 21820 INFO rally.task.runner [-] Task 802e221d-3f14-4e6c-8d9a-cdeaa6132b43 | ITER: 72 START
2019-09-01 08:46:23.422 21783 INFO rally.task.runner [-] Task 802e221d-3f14-4e6c-8d9a-cdeaa6132b43 | ITER: 56 END: OK
2019-09-01 08:46:23.425 21783 INFO rally.task.runner [-] Task 802e221d-3f14-4e6c-8d9a-cdeaa6132b43 | ITER: 73 START
2019-09-01 08:46:23.550 21791 INFO rally.task.runner [-] Task 802e221d-3f14-4e6c-8d9a-cdeaa6132b43 | ITER: 57 END: OK
2019-09-01 08:46:23.554 21791 INFO rally.task.runner [-] Task 802e221d-3f14-4e6c-8d9a-cdeaa6132b43 | ITER: 74 START
2019-09-01 08:46:23.662 21788 INFO rally.task.runner [-] Task 802e221d-3f14-4e6c-8d9a-cdeaa6132b43 | ITER: 64 END: OK
2019-09-01 08:46:23.665 21788 INFO rally.task.runner [-] Task 802e221d-3f14-4e6c-8d9a-cdeaa6132b43 | ITER: 75 START
2019-09-01 08:46:23.672 21784 INFO rally.task.runner [-] Task 802e221d-3f14-4e6c-8d9a-cdeaa6132b43 | ITER: 58 END: OK
2019-09-01 08:46:23.676 21784 INFO rally.task.runner [-] Task 802e221d-3f14-4e6c-8d9a-cdeaa6132b43 | ITER: 76 START
2019-09-01 08:46:23.752 21829 INFO rally.task.runner [-] Task 802e221d-3f14-4e6c-8d9a-cdeaa6132b43 | ITER: 53 END: OK
2019-09-01 08:46:23.756 21829 INFO rally.task.runner [-] Task 802e221d-3f14-4e6c-8d9a-cdeaa6132b43 | ITER: 77 START
2019-09-01 08:46:24.000 21802 INFO rally.task.runner [-] Task 802e221d-3f14-4e6c-8d9a-cdeaa6132b43 | ITER: 59 END: OK
2019-09-01 08:46:24.004 21802 INFO rally.task.runner [-] Task 802e221d-3f14-4e6c-8d9a-cdeaa6132b43 | ITER: 78 START
2019-09-01 08:46:24.078 21783 INFO rally.task.runner [-] Task 802e221d-3f14-4e6c-8d9a-cdeaa6132b43 | ITER: 55 END: OK
2019-09-01 08:46:24.081 21783 INFO rally.task.runner [-] Task 802e221d-3f14-4e6c-8d9a-cdeaa6132b43 | ITER: 79 START
2019-09-01 08:46:24.176 21785 INFO rally.task.runner [-] Task 802e221d-3f14-4e6c-8d9a-cdeaa6132b43 | ITER: 51 END: OK
2019-09-01 08:46:24.179 21785 INFO rally.task.runner [-] Task 802e221d-3f14-4e6c-8d9a-cdeaa6132b43 | ITER: 80 START
2019-09-01 08:46:24.315 21794 INFO rally.task.runner [-] Task 802e221d-3f14-4e6c-8d9a-cdeaa6132b43 | ITER: 61 END: OK
2019-09-01 08:46:24.319 21794 INFO rally.task.runner [-] Task 802e221d-3f14-4e6c-8d9a-cdeaa6132b43 | ITER: 81 START
2019-09-01 08:46:24.330 21815 INFO rally.task.runner [-] Task 802e221d-3f14-4e6c-8d9a-cdeaa6132b43 | ITER: 68 END: OK
2019-09-01 08:46:24.334 21815 INFO rally.task.runner [-] Task 802e221d-3f14-4e6c-8d9a-cdeaa6132b43 | ITER: 82 START
2019-09-01 08:46:24.466 21818 INFO rally.task.runner [-] Task 802e221d-3f14-4e6c-8d9a-cdeaa6132b43 | ITER: 60 END: OK
2019-09-01 08:46:24.469 21818 INFO rally.task.runner [-] Task 802e221d-3f14-4e6c-8d9a-cdeaa6132b43 | ITER: 83 START
2019-09-01 08:46:24.635 21808 INFO rally.task.runner [-] Task 802e221d-3f14-4e6c-8d9a-cdeaa6132b43 | ITER: 66 END: OK
2019-09-01 08:46:24.639 21808 INFO rally.task.runner [-] Task 802e221d-3f14-4e6c-8d9a-cdeaa6132b43 | ITER: 84 START
2019-09-01 08:46:24.672 21814 INFO rally.task.runner [-] Task 802e221d-3f14-4e6c-8d9a-cdeaa6132b43 | ITER: 65 END: OK
2019-09-01 08:46:24.676 21814 INFO rally.task.runner [-] Task 802e221d-3f14-4e6c-8d9a-cdeaa6132b43 | ITER: 85 START
2019-09-01 08:46:24.700 21782 INFO rally.task.runner [-] Task 802e221d-3f14-4e6c-8d9a-cdeaa6132b43 | ITER: 62 END: OK
2019-09-01 08:46:24.704 21782 INFO rally.task.runner [-] Task 802e221d-3f14-4e6c-8d9a-cdeaa6132b43 | ITER: 86 START
2019-09-01 08:46:24.720 21824 INFO rally.task.runner [-] Task 802e221d-3f14-4e6c-8d9a-cdeaa6132b43 | ITER: 63 END: OK
2019-09-01 08:46:24.723 21824 INFO rally.task.runner [-] Task 802e221d-3f14-4e6c-8d9a-cdeaa6132b43 | ITER: 87 START
2019-09-01 08:46:24.761 21785 INFO rally.task.runner [-] Task 802e221d-3f14-4e6c-8d9a-cdeaa6132b43 | ITER: 71 END: OK
2019-09-01 08:46:24.764 21785 INFO rally.task.runner [-] Task 802e221d-3f14-4e6c-8d9a-cdeaa6132b43 | ITER: 88 START
2019-09-01 08:46:24.791 21799 INFO rally.task.runner [-] Task 802e221d-3f14-4e6c-8d9a-cdeaa6132b43 | ITER: 69 END: OK
2019-09-01 08:46:24.794 21799 INFO rally.task.runner [-] Task 802e221d-3f14-4e6c-8d9a-cdeaa6132b43 | ITER: 89 START
2019-09-01 08:46:25.203 21791 INFO rally.task.runner [-] Task 802e221d-3f14-4e6c-8d9a-cdeaa6132b43 | ITER: 74 END: OK
2019-09-01 08:46:25.207 21791 INFO rally.task.runner [-] Task 802e221d-3f14-4e6c-8d9a-cdeaa6132b43 | ITER: 90 START
2019-09-01 08:46:25.257 21788 INFO rally.task.runner [-] Task 802e221d-3f14-4e6c-8d9a-cdeaa6132b43 | ITER: 75 END: OK
2019-09-01 08:46:25.261 21788 INFO rally.task.runner [-] Task 802e221d-3f14-4e6c-8d9a-cdeaa6132b43 | ITER: 91 START
2019-09-01 08:46:25.297 21782 INFO rally.task.runner [-] Task 802e221d-3f14-4e6c-8d9a-cdeaa6132b43 | ITER: 70 END: OK
2019-09-01 08:46:25.301 21782 INFO rally.task.runner [-] Task 802e221d-3f14-4e6c-8d9a-cdeaa6132b43 | ITER: 92 START
2019-09-01 08:46:25.315 21783 INFO rally.task.runner [-] Task 802e221d-3f14-4e6c-8d9a-cdeaa6132b43 | ITER: 73 END: OK
2019-09-01 08:46:25.319 21783 INFO rally.task.runner [-] Task 802e221d-3f14-4e6c-8d9a-cdeaa6132b43 | ITER: 93 START
2019-09-01 08:46:25.446 21802 INFO rally.task.runner [-] Task 802e221d-3f14-4e6c-8d9a-cdeaa6132b43 | ITER: 78 END: OK
2019-09-01 08:46:25.449 21802 INFO rally.task.runner [-] Task 802e221d-3f14-4e6c-8d9a-cdeaa6132b43 | ITER: 94 START
2019-09-01 08:46:25.495 21820 INFO rally.task.runner [-] Task 802e221d-3f14-4e6c-8d9a-cdeaa6132b43 | ITER: 72 END: OK
2019-09-01 08:46:25.499 21820 INFO rally.task.runner [-] Task 802e221d-3f14-4e6c-8d9a-cdeaa6132b43 | ITER: 95 START
2019-09-01 08:46:25.520 21784 INFO rally.task.runner [-] Task 802e221d-3f14-4e6c-8d9a-cdeaa6132b43 | ITER: 67 END: OK
2019-09-01 08:46:25.523 21784 INFO rally.task.runner [-] Task 802e221d-3f14-4e6c-8d9a-cdeaa6132b43 | ITER: 96 START
2019-09-01 08:46:25.598 21784 INFO rally.task.runner [-] Task 802e221d-3f14-4e6c-8d9a-cdeaa6132b43 | ITER: 76 END: OK
2019-09-01 08:46:25.598 21794 INFO rally.task.runner [-] Task 802e221d-3f14-4e6c-8d9a-cdeaa6132b43 | ITER: 81 END: OK
2019-09-01 08:46:25.601 21784 INFO rally.task.runner [-] Task 802e221d-3f14-4e6c-8d9a-cdeaa6132b43 | ITER: 97 START
2019-09-01 08:46:25.602 21794 INFO rally.task.runner [-] Task 802e221d-3f14-4e6c-8d9a-cdeaa6132b43 | ITER: 98 START
2019-09-01 08:46:25.807 21829 INFO rally.task.runner [-] Task 802e221d-3f14-4e6c-8d9a-cdeaa6132b43 | ITER: 77 END: OK
2019-09-01 08:46:25.810 21829 INFO rally.task.runner [-] Task 802e221d-3f14-4e6c-8d9a-cdeaa6132b43 | ITER: 99 START
2019-09-01 08:46:26.060 21783 INFO rally.task.runner [-] Task 802e221d-3f14-4e6c-8d9a-cdeaa6132b43 | ITER: 79 END: OK
2019-09-01 08:46:26.063 21783 INFO rally.task.runner [-] Task 802e221d-3f14-4e6c-8d9a-cdeaa6132b43 | ITER: 100 START
2019-09-01 08:46:26.108 21785 INFO rally.task.runner [-] Task 802e221d-3f14-4e6c-8d9a-cdeaa6132b43 | ITER: 80 END: OK
2019-09-01 08:46:26.167 21808 INFO rally.task.runner [-] Task 802e221d-3f14-4e6c-8d9a-cdeaa6132b43 | ITER: 84 END: OK
2019-09-01 08:46:26.209 21818 INFO rally.task.runner [-] Task 802e221d-3f14-4e6c-8d9a-cdeaa6132b43 | ITER: 83 END: OK
2019-09-01 08:46:26.210 21815 INFO rally.task.runner [-] Task 802e221d-3f14-4e6c-8d9a-cdeaa6132b43 | ITER: 82 END: OK
2019-09-01 08:46:26.406 21814 INFO rally.task.runner [-] Task 802e221d-3f14-4e6c-8d9a-cdeaa6132b43 | ITER: 85 END: OK
2019-09-01 08:46:26.434 21784 INFO rally.task.runner [-] Task 802e221d-3f14-4e6c-8d9a-cdeaa6132b43 | ITER: 97 END: OK
2019-09-01 08:46:26.507 21785 INFO rally.task.runner [-] Task 802e221d-3f14-4e6c-8d9a-cdeaa6132b43 | ITER: 88 END: OK
2019-09-01 08:46:26.748 21824 INFO rally.task.runner [-] Task 802e221d-3f14-4e6c-8d9a-cdeaa6132b43 | ITER: 87 END: OK
2019-09-01 08:46:26.937 21782 INFO rally.task.runner [-] Task 802e221d-3f14-4e6c-8d9a-cdeaa6132b43 | ITER: 86 END: OK
2019-09-01 08:46:26.991 21788 INFO rally.task.runner [-] Task 802e221d-3f14-4e6c-8d9a-cdeaa6132b43 | ITER: 91 END: OK
2019-09-01 08:46:27.042 21782 INFO rally.task.runner [-] Task 802e221d-3f14-4e6c-8d9a-cdeaa6132b43 | ITER: 92 END: OK
2019-09-01 08:46:27.066 21799 INFO rally.task.runner [-] Task 802e221d-3f14-4e6c-8d9a-cdeaa6132b43 | ITER: 89 END: OK
2019-09-01 08:46:27.140 21783 INFO rally.task.runner [-] Task 802e221d-3f14-4e6c-8d9a-cdeaa6132b43 | ITER: 93 END: OK
2019-09-01 08:46:27.255 21802 INFO rally.task.runner [-] Task 802e221d-3f14-4e6c-8d9a-cdeaa6132b43 | ITER: 94 END: OK
2019-09-01 08:46:27.271 21784 INFO rally.task.runner [-] Task 802e221d-3f14-4e6c-8d9a-cdeaa6132b43 | ITER: 96 END: OK
2019-09-01 08:46:27.450 21820 INFO rally.task.runner [-] Task 802e221d-3f14-4e6c-8d9a-cdeaa6132b43 | ITER: 95 END: OK
2019-09-01 08:46:27.526 21829 INFO rally.task.runner [-] Task 802e221d-3f14-4e6c-8d9a-cdeaa6132b43 | ITER: 99 END: OK
2019-09-01 08:46:27.611 21791 INFO rally.task.runner [-] Task 802e221d-3f14-4e6c-8d9a-cdeaa6132b43 | ITER: 90 END: OK
2019-09-01 08:46:27.655 21783 INFO rally.task.runner [-] Task 802e221d-3f14-4e6c-8d9a-cdeaa6132b43 | ITER: 100 END: OK
2019-09-01 08:46:27.766 21794 INFO rally.task.runner [-] Task 802e221d-3f14-4e6c-8d9a-cdeaa6132b43 | ITER: 98 END: OK
2019-09-01 08:46:27.792 21658 INFO rally.task.context [-] Task 802e221d-3f14-4e6c-8d9a-cdeaa6132b43 | Context cleanup@openstack cleanup() started
2019-09-01 08:46:27.795 21658 RALLYDEBUG rally_openstack.cleanup.manager [-] Cleaning up neutron vip objects
2019-09-01 08:46:28.188 21658 RALLYDEBUG rally_openstack.cleanup.manager [-] Cleaning up neutron health_monitor objects
2019-09-01 08:46:28.567 21658 RALLYDEBUG rally_openstack.cleanup.manager [-] Cleaning up neutron pool objects
2019-09-01 08:46:28.965 21658 RALLYDEBUG rally_openstack.cleanup.manager [-] Cleaning up neutron loadbalancer objects
2019-09-01 08:46:29.361 21658 RALLYDEBUG rally_openstack.cleanup.manager [-] Cleaning up neutron floatingip objects
2019-09-01 08:46:29.775 21658 RALLYDEBUG rally_openstack.cleanup.manager [-] Cleaning up neutron port objects
2019-09-01 08:46:30.204 21658 RALLYDEBUG rally_openstack.cleanup.manager [-] Cleaning up neutron subnet objects
2019-09-01 08:46:30.617 21658 RALLYDEBUG rally_openstack.cleanup.manager [-] Cleaning up neutron network objects
2019-09-01 08:46:31.322 21658 RALLYDEBUG rally_openstack.cleanup.manager [-] Deleting neutron.network object s_rally_6c007de3_zR07gvUD (1e6528de-c13e-4538-bd52-983b304672f6)
2019-09-01 08:46:31.327 21658 RALLYDEBUG rally_openstack.cleanup.manager [-] Deleting neutron.network object s_rally_6c007de3_hXOFDC2d (2f279c09-e8f0-4c51-9ebb-0ed5f4bfdbcc)
2019-09-01 08:46:31.341 21658 RALLYDEBUG rally_openstack.cleanup.manager [-] Deleting neutron.network object s_rally_6c007de3_VyGoVlpk (272dc76c-73d9-4b3e-8c29-e730cdbc0355)
2019-09-01 08:46:31.345 21658 RALLYDEBUG rally_openstack.cleanup.manager [-] Deleting neutron.network object s_rally_6c007de3_gRMQBHhr (2e169402-0339-4d50-9305-c3cade7ab4f0)
2019-09-01 08:46:31.347 21658 RALLYDEBUG rally_openstack.cleanup.manager [-] Deleting neutron.network object s_rally_6c007de3_hquqzOUx (3222126d-7ef1-4f96-b927-37ddeb1a0a85)
2019-09-01 08:46:31.353 21658 RALLYDEBUG rally_openstack.cleanup.manager [-] Deleting neutron.network object s_rally_6c007de3_G9OQeNkq (01139a84-efea-496a-9d68-6e1ae5aa55f1)
2019-09-01 08:46:31.357 21658 RALLYDEBUG rally_openstack.cleanup.manager [-] Deleting neutron.network object s_rally_6c007de3_QwkJaanV (0c836ee7-d60e-4b04-93e8-837d70cfa3bc)
2019-09-01 08:46:31.358 21658 RALLYDEBUG rally_openstack.cleanup.manager [-] Deleting neutron.network object s_rally_6c007de3_7MUSK3Xj (282a2140-7bde-4546-aad2-89d816c778f6)
2019-09-01 08:46:31.361 21658 RALLYDEBUG rally_openstack.cleanup.manager [-] Deleting neutron.network object s_rally_6c007de3_U4wRQaYl (33f907ed-7859-4a4f-a727-2cb88b4aecef)
2019-09-01 08:46:31.364 21658 RALLYDEBUG rally_openstack.cleanup.manager [-] Deleting neutron.network object s_rally_6c007de3_q6B3of8S (02cb0233-4baa-4d6e-831d-1840a4203b0e)
2019-09-01 08:46:31.364 21658 RALLYDEBUG rally_openstack.cleanup.manager [-] Deleting neutron.network object s_rally_6c007de3_DNaPhGcG (2ac892f6-df29-4e11-9e6b-43e95aa0ed52)
2019-09-01 08:46:31.366 21658 RALLYDEBUG rally_openstack.cleanup.manager [-] Deleting neutron.network object s_rally_6c007de3_LIdKhydc (3336f257-fc8b-4386-866f-4a28329231be)
2019-09-01 08:46:31.370 21658 RALLYDEBUG rally_openstack.cleanup.manager [-] Deleting neutron.network object s_rally_6c007de3_f1dLtYt1 (33946370-6610-4b86-a4ff-50235d03dafd)
2019-09-01 08:46:31.383 21658 RALLYDEBUG rally_openstack.cleanup.manager [-] Deleting neutron.network object s_rally_6c007de3_iQT7KWuP (340daa98-049d-4613-bd6c-d1a767388ebe)
2019-09-01 08:46:31.397 21658 RALLYDEBUG rally_openstack.cleanup.manager [-] Deleting neutron.network object s_rally_6c007de3_M8no4FBB (1dfdddab-06b1-430d-8e73-fd81f09e53e3)
2019-09-01 08:46:31.403 21658 RALLYDEBUG rally_openstack.cleanup.manager [-] Deleting neutron.network object s_rally_6c007de3_ECtdhlZx (110bc808-e485-4c33-8637-97663a6ccc3d)
2019-09-01 08:46:31.405 21658 RALLYDEBUG rally_openstack.cleanup.manager [-] Deleting neutron.network object s_rally_6c007de3_kixHCUIL (0d74a02e-d639-49c8-985e-88720b843211)
2019-09-01 08:46:31.401 21658 RALLYDEBUG rally_openstack.cleanup.manager [-] Deleting neutron.network object s_rally_6c007de3_wFJYlOkm (22b7e3a3-d0cd-4198-831f-2c124b5febb1)
2019-09-01 08:46:31.413 21658 RALLYDEBUG rally_openstack.cleanup.manager [-] Deleting neutron.network object s_rally_6c007de3_7l03U8cs (35b7d6bd-897d-4d98-8e90-5f919eccb5ff)
2019-09-01 08:46:31.415 21658 RALLYDEBUG rally_openstack.cleanup.manager [-] Deleting neutron.network object s_rally_6c007de3_D6kGBm51 (259388f7-c945-414d-b0bb-d8b6a0bbe306)
2019-09-01 08:46:33.800 21658 RALLYDEBUG rally_openstack.cleanup.manager [-] Deleting neutron.network object s_rally_6c007de3_LsAYPdvc (38d4729f-91e3-446a-a8cb-0f44436c0519)
2019-09-01 08:46:33.981 21658 RALLYDEBUG rally_openstack.cleanup.manager [-] Deleting neutron.network object s_rally_6c007de3_i1gKhgiK (3b87bb10-3dde-4602-8d33-6a3c1208a32b)
2019-09-01 08:46:34.134 21658 RALLYDEBUG rally_openstack.cleanup.manager [-] Deleting neutron.network object s_rally_6c007de3_tt7ZADtF (3ce0ebc2-b3c2-4750-b5b0-8331d8be5d29)
2019-09-01 08:46:34.173 21658 RALLYDEBUG rally_openstack.cleanup.manager [-] Deleting neutron.network object s_rally_6c007de3_AQCDBhp5 (3d325a79-7b8e-40dd-8b6d-642b6201d9db)
2019-09-01 08:46:34.277 21658 RALLYDEBUG rally_openstack.cleanup.manager [-] Deleting neutron.network object s_rally_6c007de3_SOCcnPW2 (3db35683-84e8-4d99-8c92-5c7f94a7a205)
2019-09-01 08:46:34.286 21658 RALLYDEBUG rally_openstack.cleanup.manager [-] Deleting neutron.network object s_rally_6c007de3_oMIhLuuh (3e5e78b3-6d79-4ef0-a444-b4c42eaf3e4c)
2019-09-01 08:46:34.416 21658 RALLYDEBUG rally_openstack.cleanup.manager [-] Deleting neutron.network object s_rally_6c007de3_6EixsqYU (3f3181dd-ff9c-4cea-98ac-5c37576731b0)
2019-09-01 08:46:34.471 21658 RALLYDEBUG rally_openstack.cleanup.manager [-] Deleting neutron.network object s_rally_6c007de3_dvxb9B5S (4132c1d7-9034-4969-b05c-0635fb2889f4)
2019-09-01 08:46:34.558 21658 RALLYDEBUG rally_openstack.cleanup.manager [-] Deleting neutron.network object s_rally_6c007de3_05Yc5kvd (418a0529-9aef-414d-bf3c-b069060d7350)
2019-09-01 08:46:34.626 21658 RALLYDEBUG rally_openstack.cleanup.manager [-] Deleting neutron.network object s_rally_6c007de3_Nji2HUE6 (421d1571-757b-4fa2-846c-d42f461dd778)
2019-09-01 08:46:34.650 21658 RALLYDEBUG rally_openstack.cleanup.manager [-] Deleting neutron.network object s_rally_6c007de3_JCXWEu66 (46ccaf16-ab3f-4e7e-b0ba-fa71c0ef8fff)
2019-09-01 08:46:34.837 21658 RALLYDEBUG rally_openstack.cleanup.manager [-] Deleting neutron.network object s_rally_6c007de3_kozqRQp2 (48231197-2535-4e12-86b6-7485a174d7db)
2019-09-01 08:46:34.868 21658 RALLYDEBUG rally_openstack.cleanup.manager [-] Deleting neutron.network object s_rally_6c007de3_pEkliYWi (4876c9d1-91ad-4987-85ac-593c1eae6af0)
2019-09-01 08:46:35.078 21658 RALLYDEBUG rally_openstack.cleanup.manager [-] Deleting neutron.network object s_rally_6c007de3_A2SZKna2 (50992cb8-d0e5-4e20-b911-c2ebe633a028)
2019-09-01 08:46:35.204 21658 RALLYDEBUG rally_openstack.cleanup.manager [-] Deleting neutron.network object s_rally_6c007de3_Z97Bwt4p (51b9c16b-8a39-4914-bc10-b96ecff976c0)
2019-09-01 08:46:35.230 21658 RALLYDEBUG rally_openstack.cleanup.manager [-] Deleting neutron.network object s_rally_6c007de3_Vq2HVEYp (5b3539c4-5cee-42ce-9866-65bb3513528c)
2019-09-01 08:46:35.231 21658 RALLYDEBUG rally_openstack.cleanup.manager [-] Deleting neutron.network object s_rally_6c007de3_F1EVU7xJ (5ca6ce72-6bbc-4f0b-ab7e-86815ba8201e)
2019-09-01 08:46:35.237 21658 RALLYDEBUG rally_openstack.cleanup.manager [-] Deleting neutron.network object s_rally_6c007de3_bOUrB40L (5a839c00-c128-48fc-badc-5d80bf95d8cb)
2019-09-01 08:46:35.252 21658 RALLYDEBUG rally_openstack.cleanup.manager [-] Deleting neutron.network object s_rally_6c007de3_YEBwkXvc (5d469a26-c27a-4a3a-915a-d6b9b48c25bf)
2019-09-01 08:46:35.296 21658 RALLYDEBUG rally_openstack.cleanup.manager [-] Deleting neutron.network object s_rally_6c007de3_eFQ9UfVb (5e47b270-9959-4e71-a487-feb9efa8b952)
2019-09-01 08:46:36.003 21658 RALLYDEBUG rally_openstack.cleanup.manager [-] Deleting neutron.network object s_rally_6c007de3_AFKlmzpU (62f5bce0-3bd0-4aa9-a5ae-f59de202eab8)
2019-09-01 08:46:36.099 21658 RALLYDEBUG rally_openstack.cleanup.manager [-] Deleting neutron.network object s_rally_6c007de3_RHTP07em (6394bc9d-4dc7-4e37-a6fe-4926baf61c68)
2019-09-01 08:46:36.241 21658 RALLYDEBUG rally_openstack.cleanup.manager [-] Deleting neutron.network object s_rally_6c007de3_UmxRzfs2 (65069097-c19c-4579-8ca0-789bfbe86318)
2019-09-01 08:46:36.359 21658 RALLYDEBUG rally_openstack.cleanup.manager [-] Deleting neutron.network object s_rally_6c007de3_vrfQyU1j (66891a13-26c9-4fc6-9160-d3ae2dbc9be2)
2019-09-01 08:46:36.503 21658 RALLYDEBUG rally_openstack.cleanup.manager [-] Deleting neutron.network object s_rally_6c007de3_1OHtjZX2 (6a5560ff-8eff-449d-b1f1-da9550ff3b47)
2019-09-01 08:46:36.614 21658 RALLYDEBUG rally_openstack.cleanup.manager [-] Deleting neutron.network object s_rally_6c007de3_D0rmksRO (7143f80a-d5b9-42d2-91fa-a721224a8cdb)
2019-09-01 08:46:36.632 21658 RALLYDEBUG rally_openstack.cleanup.manager [-] Deleting neutron.network object s_rally_6c007de3_ZZCTtR47 (7370579a-0ee0-4590-a91e-cbdddddca869)
2019-09-01 08:46:36.952 21658 RALLYDEBUG rally_openstack.cleanup.manager [-] Deleting neutron.network object s_rally_6c007de3_4HlXnHro (747dcbb3-ae05-453b-9900-6b51154ee575)
2019-09-01 08:46:37.122 21658 RALLYDEBUG rally_openstack.cleanup.manager [-] Deleting neutron.network object s_rally_6c007de3_zR5FSgEB (779bf635-6d4e-43e6-a3ff-bfa4ffc39b66)
2019-09-01 08:46:37.123 21658 RALLYDEBUG rally_openstack.cleanup.manager [-] Deleting neutron.network object s_rally_6c007de3_reT2rcyf (74ac5858-a7c0-4726-a900-d62be7ab77c0)
2019-09-01 08:46:37.130 21658 RALLYDEBUG rally_openstack.cleanup.manager [-] Deleting neutron.network object s_rally_6c007de3_PbdwjSDv (77f37745-63a6-41cf-b5d2-6210d6f2d97c)
2019-09-01 08:46:37.292 21658 RALLYDEBUG rally_openstack.cleanup.manager [-] Deleting neutron.network object s_rally_6c007de3_StehlTnh (7c62ea05-f5ec-42fb-a184-bda7de84ddcb)
2019-09-01 08:46:37.325 21658 RALLYDEBUG rally_openstack.cleanup.manager [-] Deleting neutron.network object s_rally_6c007de3_809M5FNb (7eb0df6c-0c4a-4991-9c1b-1ac27b20c986)
2019-09-01 08:46:37.346 21658 RALLYDEBUG rally_openstack.cleanup.manager [-] Deleting neutron.network object s_rally_6c007de3_3GsXXX40 (81d8c9ec-7f24-4418-9f8a-a53bc85e1889)
2019-09-01 08:46:37.631 21658 RALLYDEBUG rally_openstack.cleanup.manager [-] Deleting neutron.network object s_rally_6c007de3_ye0MonaS (82fc2d26-7ed4-4257-819d-a05c18717ea2)
2019-09-01 08:46:38.015 21658 RALLYDEBUG rally_openstack.cleanup.manager [-] Deleting neutron.network object s_rally_6c007de3_9xpsq2Ov (85d0bac4-37d6-449b-93ce-ce43da6923ea)
2019-09-01 08:46:38.016 21658 RALLYDEBUG rally_openstack.cleanup.manager [-] Deleting neutron.network object s_rally_6c007de3_ee6fpKQ6 (85c2fd2f-966c-4ed4-b3a5-1037c2569f0e)
2019-09-01 08:46:38.099 21658 RALLYDEBUG rally_openstack.cleanup.manager [-] Deleting neutron.network object s_rally_6c007de3_hu52dfDa (8b325eb0-ff33-4b86-b8a9-723729c3d0b6)
2019-09-01 08:46:38.145 21658 RALLYDEBUG rally_openstack.cleanup.manager [-] Deleting neutron.network object s_rally_6c007de3_axmdDYJI (8d036a29-4511-4365-aa74-9ff6f985e6e0)
2019-09-01 08:46:38.199 21658 RALLYDEBUG rally_openstack.cleanup.manager [-] Deleting neutron.network object s_rally_6c007de3_OwoXomzG (8d4d9361-29f4-47c1-ab01-b3944787574d)
2019-09-01 08:46:38.228 21658 RALLYDEBUG rally_openstack.cleanup.manager [-] Deleting neutron.network object s_rally_6c007de3_Mb4zqO51 (92cfe1ab-8102-4531-93ba-47129d6727dc)
2019-09-01 08:46:38.452 21658 RALLYDEBUG rally_openstack.cleanup.manager [-] Deleting neutron.network object s_rally_6c007de3_XooFs3Zl (9445f654-3433-4edf-8590-26f73dcc980e)
2019-09-01 08:46:38.466 21658 RALLYDEBUG rally_openstack.cleanup.manager [-] Deleting neutron.network object s_rally_6c007de3_ufbbo1Ud (950fab6a-89ef-41d2-bc1e-cf059491e845)
2019-09-01 08:46:39.015 21658 RALLYDEBUG rally_openstack.cleanup.manager [-] Deleting neutron.network object s_rally_6c007de3_8Cc4L4Yj (9552f627-2659-40d5-8f51-671e555e4f1b)
2019-09-01 08:46:39.094 21658 RALLYDEBUG rally_openstack.cleanup.manager [-] Deleting neutron.network object s_rally_6c007de3_oCagFJ7e (9be96098-9c7a-44a3-a92b-4a6deac804eb)
2019-09-01 08:46:39.121 21658 RALLYDEBUG rally_openstack.cleanup.manager [-] Deleting neutron.network object s_rally_6c007de3_nYwzwBrP (9c4f25cd-79cd-4d85-9d4f-f0ae93905d39)
2019-09-01 08:46:39.136 21658 RALLYDEBUG rally_openstack.cleanup.manager [-] Deleting neutron.network object s_rally_6c007de3_3mV0ofRl (a02efffd-f83f-41f2-b457-e4f68e4a1319)
2019-09-01 08:46:39.208 21658 RALLYDEBUG rally_openstack.cleanup.manager [-] Deleting neutron.network object s_rally_6c007de3_PxWOGBS2 (a240d27f-55cf-443e-8bf2-b7926857c4a5)
2019-09-01 08:46:39.370 21658 RALLYDEBUG rally_openstack.cleanup.manager [-] Deleting neutron.network object s_rally_6c007de3_dJtcYdTS (a9484098-fee1-49c0-8ced-159ee9393ffc)
2019-09-01 08:46:39.449 21658 RALLYDEBUG rally_openstack.cleanup.manager [-] Deleting neutron.network object s_rally_6c007de3_Tx7NaHt4 (ab82fc13-d334-43ca-90d8-3ca8d621a54b)
2019-09-01 08:46:39.555 21658 RALLYDEBUG rally_openstack.cleanup.manager [-] Deleting neutron.network object s_rally_6c007de3_cR1Vm6lp (ad91d35b-bacd-4d84-b4aa-803731752452)
2019-09-01 08:46:39.672 21658 RALLYDEBUG rally_openstack.cleanup.manager [-] Deleting neutron.network object s_rally_6c007de3_4vcKPGSc (b024928b-90dd-4cc1-bef5-9606fb0f1040)
2019-09-01 08:46:39.905 21658 RALLYDEBUG rally_openstack.cleanup.manager [-] Deleting neutron.network object s_rally_6c007de3_pLlixZR7 (b074ae43-dfee-4272-a5e4-08c4ce2d5c3a)
2019-09-01 08:46:39.961 21658 RALLYDEBUG rally_openstack.cleanup.manager [-] Deleting neutron.network object s_rally_6c007de3_WRhC6oOd (b3df18a5-f855-45eb-8931-4f1a28a7e3ca)
2019-09-01 08:46:40.010 21658 RALLYDEBUG rally_openstack.cleanup.manager [-] Deleting neutron.network object s_rally_6c007de3_YqPqkBzc (b78f9a8f-bdd6-4157-857d-7ddc1be3d726)
2019-09-01 08:46:40.194 21658 RALLYDEBUG rally_openstack.cleanup.manager [-] Deleting neutron.network object s_rally_6c007de3_mNCPDUJ5 (ba450ba2-1594-4290-878e-4065bf0fbc8d)
2019-09-01 08:46:40.444 21658 RALLYDEBUG rally_openstack.cleanup.manager [-] Deleting neutron.network object s_rally_6c007de3_7ul0urQs (bb5fa8c3-8e76-43a9-b464-f824753c74b4)
2019-09-01 08:46:40.506 21658 RALLYDEBUG rally_openstack.cleanup.manager [-] Deleting neutron.network object s_rally_6c007de3_1h8pu88N (bdfa77be-e725-452c-804d-7c6f4097ae33)
2019-09-01 08:46:40.743 21658 RALLYDEBUG rally_openstack.cleanup.manager [-] Deleting neutron.network object s_rally_6c007de3_pIi3df5J (bfbcbf8b-4236-4ed4-b95d-c42e207924e8)
2019-09-01 08:46:41.234 21658 RALLYDEBUG rally_openstack.cleanup.manager [-] Deleting neutron.network object s_rally_6c007de3_zA3DzofC (bfce3a8e-4dbb-4019-8e29-d5aefc8b55f9)
2019-09-01 08:46:41.299 21658 RALLYDEBUG rally_openstack.cleanup.manager [-] Deleting neutron.network object s_rally_6c007de3_cz87cUg3 (c7d4a7c1-2f51-4667-ac76-28725f4b3dbc)
2019-09-01 08:46:41.395 21658 RALLYDEBUG rally_openstack.cleanup.manager [-] Deleting neutron.network object s_rally_6c007de3_s9MGwMtl (c880c409-1d99-4d27-86ba-9b3a6ffdd34c)
2019-09-01 08:46:41.407 21658 RALLYDEBUG rally_openstack.cleanup.manager [-] Deleting neutron.network object s_rally_6c007de3_FxmNlqgy (cc73c081-161f-4ed5-a27f-dda35576930f)
2019-09-01 08:46:41.433 21658 RALLYDEBUG rally_openstack.cleanup.manager [-] Deleting neutron.network object s_rally_6c007de3_58CfmW00 (d0b6927d-a28a-4f44-b683-150c5756ff45)
2019-09-01 08:46:41.461 21658 RALLYDEBUG rally_openstack.cleanup.manager [-] Deleting neutron.network object s_rally_6c007de3_fy5nj4GD (d2e8e429-5fe6-4c7d-b7d0-3db39efbb216)
2019-09-01 08:46:41.777 21658 RALLYDEBUG rally_openstack.cleanup.manager [-] Deleting neutron.network object s_rally_6c007de3_UJTzOVyS (d43c2e2d-d9c0-46f1-9bb4-c34405a4cb0e)
2019-09-01 08:46:41.858 21658 RALLYDEBUG rally_openstack.cleanup.manager [-] Deleting neutron.network object s_rally_6c007de3_8m47vfCh (d5212315-722e-47ee-9814-9c88e952e44b)
2019-09-01 08:46:42.154 21658 RALLYDEBUG rally_openstack.cleanup.manager [-] Deleting neutron.network object s_rally_6c007de3_ZDJY0mON (d58fc467-9669-4d8f-b033-014ad970338f)
2019-09-01 08:46:42.163 21658 RALLYDEBUG rally_openstack.cleanup.manager [-] Deleting neutron.network object s_rally_6c007de3_CV8ULaVd (e4978d54-f437-491e-b980-f04175563fdb)
2019-09-01 08:46:42.177 21658 RALLYDEBUG rally_openstack.cleanup.manager [-] Deleting neutron.network object s_rally_6c007de3_aekba6Om (e4cd34f7-4023-4cd4-9a96-5ae083275446)
2019-09-01 08:46:42.419 21658 RALLYDEBUG rally_openstack.cleanup.manager [-] Deleting neutron.network object s_rally_6c007de3_16C0ND9g (e57037ca-d85c-4ab5-a6ec-e79d856f3522)
2019-09-01 08:46:42.483 21658 RALLYDEBUG rally_openstack.cleanup.manager [-] Deleting neutron.network object s_rally_6c007de3_xg5sZXgG (e6f40860-26ee-4055-883e-a5430cb2e668)
2019-09-01 08:46:42.497 21658 RALLYDEBUG rally_openstack.cleanup.manager [-] Deleting neutron.network object s_rally_6c007de3_O61zd1aC (e726689f-0637-417e-b6c7-ad1021a670f5)
2019-09-01 08:46:42.566 21658 RALLYDEBUG rally_openstack.cleanup.manager [-] Deleting neutron.network object s_rally_6c007de3_5E5RZjOb (f12cb8b4-df81-477c-8b11-b9528653d97d)
2019-09-01 08:46:42.698 21658 RALLYDEBUG rally_openstack.cleanup.manager [-] Deleting neutron.network object s_rally_6c007de3_ahJoDcRD (f16c7593-4ce3-42bd-b0ac-faedc7b0114e)
2019-09-01 08:46:42.936 21658 RALLYDEBUG rally_openstack.cleanup.manager [-] Deleting neutron.network object s_rally_6c007de3_CNFb2aDL (f4884c20-f3f3-4304-9d46-813a83a6ebe7)
