2019-09-01 07:15:55.855 8 RALLYDEBUG rally.api [-] INFO logs from urllib3 and requests module are hide.
2019-09-01 07:15:55.855 8 RALLYDEBUG rally.api [-] urllib3 insecure warnings are hidden.
2019-09-01 07:15:55.855 8 RALLYDEBUG rally.api [-] ERROR log from boto module is hide.
2019-09-01 07:15:57.662 8 ERROR rally.cli.cliutils [-] Unexpected exception in CLI: DBRecordNotFound: Record for uuid or name is opnfv-rally not found in table envs
2019-09-01 07:15:57.662 8 ERROR rally.cli.cliutils
Traceback (most recent call last):
2019-09-01 07:15:57.662 8 ERROR rally.cli.cliutils
File "/usr/lib/python2.7/site-packages/rally/cli/cliutils.py", line 674, in run
2019-09-01 07:15:57.662 8 ERROR rally.cli.cliutils ret = fn(*fn_args, **fn_kwargs)
2019-09-01 07:15:57.662 8 ERROR rally.cli.cliutils File "", line 2, in destroy
2019-09-01 07:15:57.662 8 ERROR rally.cli.cliutils
File "/usr/lib/python2.7/site-packages/rally/cli/envutils.py", line 69, in default_from_global
2019-09-01 07:15:57.662 8 ERROR rally.cli.cliutils return f(*args, **kwargs)
2019-09-01 07:15:57.662 8 ERROR rally.cli.cliutils File "", line 2, in destroy
2019-09-01 07:15:57.662 8 ERROR rally.cli.cliutils
File "/usr/lib/python2.7/site-packages/rally/plugins/__init__.py", line 51, in ensure_plugins_are_loaded
2019-09-01 07:15:57.662 8 ERROR rally.cli.cliutils return f(*args, **kwargs)
2019-09-01 07:15:57.662 8 ERROR rally.cli.cliutils
File "/usr/lib/python2.7/site-packages/rally/cli/commands/deployment.py", line 140, in destroy
2019-09-01 07:15:57.662 8 ERROR rally.cli.cliutils api.deployment.destroy(deployment=deployment)
2019-09-01 07:15:57.662 8 ERROR rally.cli.cliutils
File "/usr/lib/python2.7/site-packages/rally/api.py", line 115, in destroy
2019-09-01 07:15:57.662 8 ERROR rally.cli.cliutils deploy = objects.Deployment.get(deployment)
2019-09-01 07:15:57.662 8 ERROR rally.cli.cliutils
File "/usr/lib/python2.7/site-packages/rally/common/objects/deploy.py", line 124, in get
2019-09-01 07:15:57.662 8 ERROR rally.cli.cliutils return Deployment(env_mgr.EnvManager.get(deploy))
2019-09-01 07:15:57.662 8 ERROR rally.cli.cliutils
File "/usr/lib/python2.7/site-packages/rally/env/env_mgr.py", line 212, in get
2019-09-01 07:15:57.662 8 ERROR rally.cli.cliutils return cls(db.env_get(uuid_or_name))
2019-09-01 07:15:57.662 8 ERROR rally.cli.cliutils
File "/usr/lib/python2.7/site-packages/rally/common/db/api.py", line 135, in wrapper
2019-09-01 07:15:57.662 8 ERROR rally.cli.cliutils result = f(session, *args, **kwargs)
2019-09-01 07:15:57.662 8 ERROR rally.cli.cliutils
File "/usr/lib/python2.7/site-packages/rally/common/db/api.py", line 521, in env_get
2019-09-01 07:15:57.662 8 ERROR rally.cli.cliutils criteria="uuid or name is %s" % uuid_or_name, table="envs")
2019-09-01 07:15:57.662 8 ERROR rally.cli.cliutils DBRecordNotFound: Record for uuid or name is opnfv-rally not found in table envs
2019-09-01 07:15:57.662 8 ERROR rally.cli.cliutils
2019-09-01 07:15:58.437 10 RALLYDEBUG rally.api [-] INFO logs from urllib3 and requests module are hide.
2019-09-01 07:15:58.438 10 RALLYDEBUG rally.api [-] urllib3 insecure warnings are hidden.
2019-09-01 07:15:58.438 10 RALLYDEBUG rally.api [-] ERROR log from boto module is hide.
2019-09-01 07:16:00.117 10 WARNING rally_openstack.platforms.existing [-] endpoint is deprecated and not used.
2019-09-01 07:16:01.252 12 RALLYDEBUG rally.api [-] INFO logs from urllib3 and requests module are hide.
2019-09-01 07:16:01.252 12 RALLYDEBUG rally.api [-] urllib3 insecure warnings are hidden.
2019-09-01 07:16:01.252 12 RALLYDEBUG rally.api [-] ERROR log from boto module is hide.
2019-09-01 07:16:04.538 15 RALLYDEBUG rally.api [-] INFO logs from urllib3 and requests module are hide.
2019-09-01 07:16:04.538 15 RALLYDEBUG rally.api [-] urllib3 insecure warnings are hidden.
2019-09-01 07:16:04.538 15 RALLYDEBUG rally.api [-] ERROR log from boto module is hide.
2019-09-01 07:16:05.755 17 RALLYDEBUG rally.api [-] INFO logs from urllib3 and requests module are hide.
2019-09-01 07:16:05.755 17 RALLYDEBUG rally.api [-] urllib3 insecure warnings are hidden.
2019-09-01 07:16:05.755 17 RALLYDEBUG rally.api [-] ERROR log from boto module is hide.
2019-09-01 07:16:07.298 17 INFO rally.task.engine [-] Task 8c9321ca-767b-4395-811e-c82774720f72 | Starting: Task validation.
2019-09-01 07:16:07.371 17 INFO rally.task.engine [-] Task 8c9321ca-767b-4395-811e-c82774720f72 | Starting: Task validation of syntax.
2019-09-01 07:16:07.464 17 INFO rally.task.engine [-] Task 8c9321ca-767b-4395-811e-c82774720f72 | Completed: Task validation of syntax.
2019-09-01 07:16:07.464 17 INFO rally.task.engine [-] Task 8c9321ca-767b-4395-811e-c82774720f72 | Starting: Task validation of required platforms.
2019-09-01 07:16:07.506 17 INFO rally.task.engine [-] Task 8c9321ca-767b-4395-811e-c82774720f72 | Completed: Task validation of required platforms.
2019-09-01 07:16:07.507 17 INFO rally.task.engine [-] Task 8c9321ca-767b-4395-811e-c82774720f72 | Starting: Task validation of semantic.
2019-09-01 07:16:07.507 17 INFO rally.task.engine [-] Check health of the environment '9b0385f6-946b-4da4-92b4-ec5c0b11f289'.
2019-09-01 07:16:08.102 17 INFO rally.task.engine [-] Platform existing@openstack (available: True): OK!
2019-09-01 07:16:08.118 17 RALLYDEBUG rally_openstack.contexts.keystone.users [-] Creating 1 tenants using 20 threads
2019-09-01 07:16:08.946 17 RALLYDEBUG rally_openstack.contexts.keystone.users [-] Creating 1 users using 20 threads
2019-09-01 07:16:10.330 17 INFO rally.task.context [-] Task 8c9321ca-767b-4395-811e-c82774720f72 | Context users@openstack setup() finished in 2.21 sec
2019-09-01 07:16:10.387 17 INFO rally.task.context [-] Task 8c9321ca-767b-4395-811e-c82774720f72 | Context users@openstack cleanup() started
2019-09-01 07:16:13.490 17 INFO rally.task.context [-] Task 8c9321ca-767b-4395-811e-c82774720f72 | Context users@openstack cleanup() finished in 3.10 sec
2019-09-01 07:16:13.490 17 INFO rally.task.engine [-] Task 8c9321ca-767b-4395-811e-c82774720f72 | Completed: Task validation of semantic.
2019-09-01 07:16:13.491 17 INFO rally.task.engine [-] Task 8c9321ca-767b-4395-811e-c82774720f72 | Completed: Task validation.
2019-09-01 07:16:13.491 17 INFO rally.api [-] Task 8c9321ca-767b-4395-811e-c82774720f72 input file is valid.
2019-09-01 07:16:13.491 17 INFO rally.api [-] Run Task 8c9321ca-767b-4395-811e-c82774720f72 against Deployment 9b0385f6-946b-4da4-92b4-ec5c0b11f289
2019-09-01 07:16:13.492 17 INFO rally.task.engine [-] Task 8c9321ca-767b-4395-811e-c82774720f72 | Starting: Running task.
2019-09-01 07:16:13.750 17 INFO rally.task.engine [-] Running workload: position = 0 config = { "version": 2, "title": "A cropped version of a bigger task.", "description": "Auto-generated task from a single workload (uuid=dd312adb-4422-47fb-8f41-1c8cd85b0e1e)", "subtasks": [ { "title": "Authenticate.keystone", "description": "Check Keystone Client.", "scenario": { "Authenticate.keystone": {} }, "contexts": { "users": { "tenants": 3, "users_per_tenant": 2 } }, "runner": { "constant": { "concurrency": 4, "times": 10 } }, "hooks": [], "sla": { "failure_rate": { "max": 0 } } } ] }
2019-09-01 07:16:13.772 17 RALLYDEBUG rally_openstack.contexts.keystone.users [-] Creating 3 tenants using 20 threads
2019-09-01 07:16:14.778 17 RALLYDEBUG rally_openstack.contexts.keystone.users [-] Creating 6 users using 20 threads
2019-09-01 07:16:16.376 17 INFO rally.task.context [-] Task 8c9321ca-767b-4395-811e-c82774720f72 | Context users@openstack setup() finished in 2.60 sec
2019-09-01 07:16:16.384 17 RALLYDEBUG rally.task.runner [-] Starting the constant runner (task UUID: 8c9321ca-767b-4395-811e-c82774720f72). timeout: 0 concurrency: 4 concurrency_per_worker: 1 times: 10 concurrency_overhead: 0 processes_to_start: 4 max_cpu_used: 16
2019-09-01 07:16:16.400 141 RALLYDEBUG rally.task.runner [-] Starting a worker. concurrency: 1 args: {} times: 10 method_name: run timeout: 0 duration: None cls:
2019-09-01 07:16:16.402 142 RALLYDEBUG rally.task.runner [-] Starting a worker. concurrency: 1 args: {} times: 10 method_name: run timeout: 0 duration: None cls:
2019-09-01 07:16:16.406 143 RALLYDEBUG rally.task.runner [-] Starting a worker. concurrency: 1 args: {} times: 10 method_name: run timeout: 0 duration: None cls:
2019-09-01 07:16:16.407 141 INFO rally.task.runner [-] Task 8c9321ca-767b-4395-811e-c82774720f72 | ITER: 1 START
2019-09-01 07:16:16.408 144 RALLYDEBUG rally.task.runner [-] Starting a worker. concurrency: 1 args: {} times: 10 method_name: run timeout: 0 duration: None cls:
2019-09-01 07:16:16.409 142 INFO rally.task.runner [-] Task 8c9321ca-767b-4395-811e-c82774720f72 | ITER: 2 START
2019-09-01 07:16:16.412 143 INFO rally.task.runner [-] Task 8c9321ca-767b-4395-811e-c82774720f72 | ITER: 3 START
2019-09-01 07:16:16.414 144 INFO rally.task.runner [-] Task 8c9321ca-767b-4395-811e-c82774720f72 | ITER: 4 START
2019-09-01 07:16:16.845 142 INFO rally.task.runner [-] Task 8c9321ca-767b-4395-811e-c82774720f72 | ITER: 2 END: OK
2019-09-01 07:16:16.845 144 INFO rally.task.runner [-] Task 8c9321ca-767b-4395-811e-c82774720f72 | ITER: 4 END: OK
2019-09-01 07:16:16.850 144 INFO rally.task.runner [-] Task 8c9321ca-767b-4395-811e-c82774720f72 | ITER: 5 START
2019-09-01 07:16:16.851 142 INFO rally.task.runner [-] Task 8c9321ca-767b-4395-811e-c82774720f72 | ITER: 6 START
2019-09-01 07:16:16.875 141 INFO rally.task.runner [-] Task 8c9321ca-767b-4395-811e-c82774720f72 | ITER: 1 END: OK
2019-09-01 07:16:16.879 141 INFO rally.task.runner [-] Task 8c9321ca-767b-4395-811e-c82774720f72 | ITER: 7 START
2019-09-01 07:16:16.885 143 INFO rally.task.runner [-] Task 8c9321ca-767b-4395-811e-c82774720f72 | ITER: 3 END: OK
2019-09-01 07:16:16.889 143 INFO rally.task.runner [-] Task 8c9321ca-767b-4395-811e-c82774720f72 | ITER: 8 START
2019-09-01 07:16:17.224 143 INFO rally.task.runner [-] Task 8c9321ca-767b-4395-811e-c82774720f72 | ITER: 8 END: OK
2019-09-01 07:16:17.227 143 INFO rally.task.runner [-] Task 8c9321ca-767b-4395-811e-c82774720f72 | ITER: 9 START
2019-09-01 07:16:17.260 142 INFO rally.task.runner [-] Task 8c9321ca-767b-4395-811e-c82774720f72 | ITER: 6 END: OK
2019-09-01 07:16:17.261 144 INFO rally.task.runner [-] Task 8c9321ca-767b-4395-811e-c82774720f72 | ITER: 5 END: OK
2019-09-01 07:16:17.264 142 INFO rally.task.runner [-] Task 8c9321ca-767b-4395-811e-c82774720f72 | ITER: 10 START
2019-09-01 07:16:17.307 141 INFO rally.task.runner [-] Task 8c9321ca-767b-4395-811e-c82774720f72 | ITER: 7 END: OK
2019-09-01 07:16:17.602 142 INFO rally.task.runner [-] Task 8c9321ca-767b-4395-811e-c82774720f72 | ITER: 10 END: OK
2019-09-01 07:16:17.648 143 INFO rally.task.runner [-] Task 8c9321ca-767b-4395-811e-c82774720f72 | ITER: 9 END: OK
2019-09-01 07:16:17.675 17 INFO rally.task.context [-] Task 8c9321ca-767b-4395-811e-c82774720f72 | Context users@openstack cleanup() started
2019-09-01 07:16:22.549 17 INFO rally.task.context [-] Task 8c9321ca-767b-4395-811e-c82774720f72 | Context users@openstack cleanup() finished in 4.87 sec
2019-09-01 07:16:23.838 17 INFO rally.task.engine [-] Load duration is: 1.239032
2019-09-01 07:16:23.839 17 INFO rally.task.engine [-] Full runner duration is: 1.290492
2019-09-01 07:16:23.839 17 INFO rally.task.engine [-] Full duration is: 8.782202
2019-09-01 07:16:24.172 17 INFO rally.task.engine [-] Running workload: position = 0 config = { "version": 2, "title": "A cropped version of a bigger task.", "description": "Auto-generated task from a single workload (uuid=444d4b40-7b14-48d4-a225-b7911b816ba3)", "subtasks": [ { "title": "Authenticate.validate_cinder", "description": "Check Cinder Client to ensure validation of token.", "scenario": { "Authenticate.validate_cinder": { "repetitions": 2 } }, "contexts": { "users": { "tenants": 3, "users_per_tenant": 2 } }, "runner": { "constant": { "concurrency": 4, "times": 10 } }, "hooks": [], "sla": { "failure_rate": { "max": 0 } } } ] }
2019-09-01 07:16:24.192 17 RALLYDEBUG rally_openstack.contexts.keystone.users [-] Creating 3 tenants using 20 threads
2019-09-01 07:16:25.172 17 RALLYDEBUG rally_openstack.contexts.keystone.users [-] Creating 6 users using 20 threads
2019-09-01 07:16:26.806 17 INFO rally.task.context [-] Task 8c9321ca-767b-4395-811e-c82774720f72 | Context users@openstack setup() finished in 2.61 sec
2019-09-01 07:16:26.815 17 RALLYDEBUG rally.task.runner [-] Starting the constant runner (task UUID: 8c9321ca-767b-4395-811e-c82774720f72). timeout: 0 concurrency: 4 concurrency_per_worker: 1 times: 10 concurrency_overhead: 0 processes_to_start: 4 max_cpu_used: 16
2019-09-01 07:16:26.829 245 RALLYDEBUG rally.task.runner [-] Starting a worker. concurrency: 1 args: {"repetitions": 2} times: 10 method_name: run timeout: 0 duration: None cls:
2019-09-01 07:16:26.833 246 RALLYDEBUG rally.task.runner [-] Starting a worker. concurrency: 1 args: {"repetitions": 2} times: 10 method_name: run timeout: 0 duration: None cls:
2019-09-01 07:16:26.837 245 INFO rally.task.runner [-] Task 8c9321ca-767b-4395-811e-c82774720f72 | ITER: 1 START
2019-09-01 07:16:26.836 247 RALLYDEBUG rally.task.runner [-] Starting a worker. concurrency: 1 args: {"repetitions": 2} times: 10 method_name: run timeout: 0 duration: None cls:
2019-09-01 07:16:26.839 248 RALLYDEBUG rally.task.runner [-] Starting a worker. concurrency: 1 args: {"repetitions": 2} times: 10 method_name: run timeout: 0 duration: None cls:
2019-09-01 07:16:26.841 246 INFO rally.task.runner [-] Task 8c9321ca-767b-4395-811e-c82774720f72 | ITER: 2 START
2019-09-01 07:16:26.843 247 INFO rally.task.runner [-] Task 8c9321ca-767b-4395-811e-c82774720f72 | ITER: 3 START
2019-09-01 07:16:26.846 248 INFO rally.task.runner [-] Task 8c9321ca-767b-4395-811e-c82774720f72 | ITER: 4 START
2019-09-01 07:16:27.799 246 INFO rally.task.runner [-] Task 8c9321ca-767b-4395-811e-c82774720f72 | ITER: 2 END: OK
2019-09-01 07:16:27.804 246 INFO rally.task.runner [-] Task 8c9321ca-767b-4395-811e-c82774720f72 | ITER: 5 START
2019-09-01 07:16:27.819 248 INFO rally.task.runner [-] Task 8c9321ca-767b-4395-811e-c82774720f72 | ITER: 4 END: OK
2019-09-01 07:16:27.824 248 INFO rally.task.runner [-] Task 8c9321ca-767b-4395-811e-c82774720f72 | ITER: 6 START
2019-09-01 07:16:27.834 247 INFO rally.task.runner [-] Task 8c9321ca-767b-4395-811e-c82774720f72 | ITER: 3 END: OK
2019-09-01 07:16:27.837 245 INFO rally.task.runner [-] Task 8c9321ca-767b-4395-811e-c82774720f72 | ITER: 1 END: OK
2019-09-01 07:16:27.839 247 INFO rally.task.runner [-] Task 8c9321ca-767b-4395-811e-c82774720f72 | ITER: 7 START
2019-09-01 07:16:27.842 245 INFO rally.task.runner [-] Task 8c9321ca-767b-4395-811e-c82774720f72 | ITER: 8 START
2019-09-01 07:16:28.506 246 INFO rally.task.runner [-] Task 8c9321ca-767b-4395-811e-c82774720f72 | ITER: 5 END: OK
2019-09-01 07:16:28.511 246 INFO rally.task.runner [-] Task 8c9321ca-767b-4395-811e-c82774720f72 | ITER: 9 START
2019-09-01 07:16:28.534 247 INFO rally.task.runner [-] Task 8c9321ca-767b-4395-811e-c82774720f72 | ITER: 7 END: OK
2019-09-01 07:16:28.538 247 INFO rally.task.runner [-] Task 8c9321ca-767b-4395-811e-c82774720f72 | ITER: 10 START
2019-09-01 07:16:28.630 245 INFO rally.task.runner [-] Task 8c9321ca-767b-4395-811e-c82774720f72 | ITER: 8 END: OK
2019-09-01 07:16:28.658 248 INFO rally.task.runner [-] Task 8c9321ca-767b-4395-811e-c82774720f72 | ITER: 6 END: OK
2019-09-01 07:16:28.934 246 INFO rally.task.runner [-] Task 8c9321ca-767b-4395-811e-c82774720f72 | ITER: 9 END: OK
2019-09-01 07:16:29.256 247 INFO rally.task.runner [-] Task 8c9321ca-767b-4395-811e-c82774720f72 | ITER: 10 END: OK
2019-09-01 07:16:29.287 17 INFO rally.task.context [-] Task 8c9321ca-767b-4395-811e-c82774720f72 | Context users@openstack cleanup() started
2019-09-01 07:16:33.966 17 INFO rally.task.context [-] Task 8c9321ca-767b-4395-811e-c82774720f72 | Context users@openstack cleanup() finished in 4.68 sec
2019-09-01 07:16:34.258 17 INFO rally.task.engine [-] Load duration is: 2.417443
2019-09-01 07:16:34.259 17 INFO rally.task.engine [-] Full runner duration is: 2.471579
2019-09-01 07:16:34.259 17 INFO rally.task.engine [-] Full duration is: 9.778427
2019-09-01 07:16:34.676 17 INFO rally.task.engine [-] Running workload: position = 0 config = { "version": 2, "title": "A cropped version of a bigger task.", "description": "Auto-generated task from a single workload (uuid=e493392c-1321-45d8-a3a4-450e6d2cf683)", "subtasks": [ { "title": "Authenticate.validate_glance", "description": "Check Glance Client to ensure validation of token.", "scenario": { "Authenticate.validate_glance": { "repetitions": 2 } }, "contexts": { "users": { "tenants": 3, "users_per_tenant": 2 } }, "runner": { "constant": { "concurrency": 4, "times": 10 } }, "hooks": [], "sla": { "failure_rate": { "max": 0 } } } ] }
2019-09-01 07:16:34.702 17 RALLYDEBUG rally_openstack.contexts.keystone.users [-] Creating 3 tenants using 20 threads
2019-09-01 07:16:35.793 17 RALLYDEBUG rally_openstack.contexts.keystone.users [-] Creating 6 users using 20 threads
2019-09-01 07:16:37.604 17 INFO rally.task.context [-] Task 8c9321ca-767b-4395-811e-c82774720f72 | Context users@openstack setup() finished in 2.90 sec
2019-09-01 07:16:37.613 17 RALLYDEBUG rally.task.runner [-] Starting the constant runner (task UUID: 8c9321ca-767b-4395-811e-c82774720f72). timeout: 0 concurrency: 4 concurrency_per_worker: 1 times: 10 concurrency_overhead: 0 processes_to_start: 4 max_cpu_used: 16
2019-09-01 07:16:37.627 349 RALLYDEBUG rally.task.runner [-] Starting a worker. concurrency: 1 args: {"repetitions": 2} times: 10 method_name: run timeout: 0 duration: None cls:
2019-09-01 07:16:37.630 350 RALLYDEBUG rally.task.runner [-] Starting a worker. concurrency: 1 args: {"repetitions": 2} times: 10 method_name: run timeout: 0 duration: None cls:
2019-09-01 07:16:37.633 351 RALLYDEBUG rally.task.runner [-] Starting a worker. concurrency: 1 args: {"repetitions": 2} times: 10 method_name: run timeout: 0 duration: None cls:
2019-09-01 07:16:37.635 349 INFO rally.task.runner [-] Task 8c9321ca-767b-4395-811e-c82774720f72 | ITER: 1 START
2019-09-01 07:16:37.636 352 RALLYDEBUG rally.task.runner [-] Starting a worker. concurrency: 1 args: {"repetitions": 2} times: 10 method_name: run timeout: 0 duration: None cls:
2019-09-01 07:16:37.637 350 INFO rally.task.runner [-] Task 8c9321ca-767b-4395-811e-c82774720f72 | ITER: 2 START
2019-09-01 07:16:37.641 351 INFO rally.task.runner [-] Task 8c9321ca-767b-4395-811e-c82774720f72 | ITER: 3 START
2019-09-01 07:16:37.643 352 INFO rally.task.runner [-] Task 8c9321ca-767b-4395-811e-c82774720f72 | ITER: 4 START
2019-09-01 07:16:38.316 350 INFO rally.task.runner [-] Task 8c9321ca-767b-4395-811e-c82774720f72 | ITER: 2 END: OK
2019-09-01 07:16:38.321 350 INFO rally.task.runner [-] Task 8c9321ca-767b-4395-811e-c82774720f72 | ITER: 5 START
2019-09-01 07:16:38.347 349 INFO rally.task.runner [-] Task 8c9321ca-767b-4395-811e-c82774720f72 | ITER: 1 END: OK
2019-09-01 07:16:38.352 349 INFO rally.task.runner [-] Task 8c9321ca-767b-4395-811e-c82774720f72 | ITER: 6 START
2019-09-01 07:16:38.415 351 INFO rally.task.runner [-] Task 8c9321ca-767b-4395-811e-c82774720f72 | ITER: 3 END: OK
2019-09-01 07:16:38.421 351 INFO rally.task.runner [-] Task 8c9321ca-767b-4395-811e-c82774720f72 | ITER: 7 START
2019-09-01 07:16:38.445 352 INFO rally.task.runner [-] Task 8c9321ca-767b-4395-811e-c82774720f72 | ITER: 4 END: OK
2019-09-01 07:16:38.451 352 INFO rally.task.runner [-] Task 8c9321ca-767b-4395-811e-c82774720f72 | ITER: 8 START
2019-09-01 07:16:38.974 349 INFO rally.task.runner [-] Task 8c9321ca-767b-4395-811e-c82774720f72 | ITER: 6 END: OK
2019-09-01 07:16:38.978 350 INFO rally.task.runner [-] Task 8c9321ca-767b-4395-811e-c82774720f72 | ITER: 5 END: OK
2019-09-01 07:16:38.978 349 INFO rally.task.runner [-] Task 8c9321ca-767b-4395-811e-c82774720f72 | ITER: 9 START
2019-09-01 07:16:38.982 350 INFO rally.task.runner [-] Task 8c9321ca-767b-4395-811e-c82774720f72 | ITER: 10 START
2019-09-01 07:16:38.995 351 INFO rally.task.runner [-] Task 8c9321ca-767b-4395-811e-c82774720f72 | ITER: 7 END: OK
2019-09-01 07:16:39.014 352 INFO rally.task.runner [-] Task 8c9321ca-767b-4395-811e-c82774720f72 | ITER: 8 END: OK
2019-09-01 07:16:39.470 350 INFO rally.task.runner [-] Task 8c9321ca-767b-4395-811e-c82774720f72 | ITER: 10 END: OK
2019-09-01 07:16:39.477 349 INFO rally.task.runner [-] Task 8c9321ca-767b-4395-811e-c82774720f72 | ITER: 9 END: OK
2019-09-01 07:16:39.505 17 INFO rally.task.context [-] Task 8c9321ca-767b-4395-811e-c82774720f72 | Context users@openstack cleanup() started
2019-09-01 07:16:44.236 17 INFO rally.task.context [-] Task 8c9321ca-767b-4395-811e-c82774720f72 | Context users@openstack cleanup() finished in 4.73 sec
2019-09-01 07:16:44.761 17 INFO rally.task.engine [-] Load duration is: 1.839786
2019-09-01 07:16:44.762 17 INFO rally.task.engine [-] Full runner duration is: 1.892663
2019-09-01 07:16:44.762 17 INFO rally.task.engine [-] Full duration is: 9.537111
2019-09-01 07:16:45.295 17 INFO rally.task.engine [-] Running workload: position = 0 config = { "version": 2, "title": "A cropped version of a bigger task.", "description": "Auto-generated task from a single workload (uuid=8feaa0de-9cb4-496c-8a2f-b22bfe177fe0)", "subtasks": [ { "title": "Authenticate.validate_heat", "description": "Check Heat Client to ensure validation of token.", "scenario": { "Authenticate.validate_heat": { "repetitions": 2 } }, "contexts": { "users": { "tenants": 3, "users_per_tenant": 2 } }, "runner": { "constant": { "concurrency": 4, "times": 10 } }, "hooks": [], "sla": { "failure_rate": { "max": 0 } } } ] }
2019-09-01 07:16:45.320 17 RALLYDEBUG rally_openstack.contexts.keystone.users [-] Creating 3 tenants using 20 threads
2019-09-01 07:16:46.303 17 RALLYDEBUG rally_openstack.contexts.keystone.users [-] Creating 6 users using 20 threads
2019-09-01 07:16:47.923 17 INFO rally.task.context [-] Task 8c9321ca-767b-4395-811e-c82774720f72 | Context users@openstack setup() finished in 2.60 sec
2019-09-01 07:16:47.932 17 RALLYDEBUG rally.task.runner [-] Starting the constant runner (task UUID: 8c9321ca-767b-4395-811e-c82774720f72). timeout: 0 concurrency: 4 concurrency_per_worker: 1 times: 10 concurrency_overhead: 0 processes_to_start: 4 max_cpu_used: 16
2019-09-01 07:16:47.946 453 RALLYDEBUG rally.task.runner [-] Starting a worker. concurrency: 1 args: {"repetitions": 2} times: 10 method_name: run timeout: 0 duration: None cls:
2019-09-01 07:16:47.949 454 RALLYDEBUG rally.task.runner [-] Starting a worker. concurrency: 1 args: {"repetitions": 2} times: 10 method_name: run timeout: 0 duration: None cls:
2019-09-01 07:16:47.953 453 INFO rally.task.runner [-] Task 8c9321ca-767b-4395-811e-c82774720f72 | ITER: 1 START
2019-09-01 07:16:47.952 455 RALLYDEBUG rally.task.runner [-] Starting a worker. concurrency: 1 args: {"repetitions": 2} times: 10 method_name: run timeout: 0 duration: None cls:
2019-09-01 07:16:47.955 456 RALLYDEBUG rally.task.runner [-] Starting a worker. concurrency: 1 args: {"repetitions": 2} times: 10 method_name: run timeout: 0 duration: None cls:
2019-09-01 07:16:47.956 454 INFO rally.task.runner [-] Task 8c9321ca-767b-4395-811e-c82774720f72 | ITER: 2 START
2019-09-01 07:16:47.960 455 INFO rally.task.runner [-] Task 8c9321ca-767b-4395-811e-c82774720f72 | ITER: 3 START
2019-09-01 07:16:47.962 456 INFO rally.task.runner [-] Task 8c9321ca-767b-4395-811e-c82774720f72 | ITER: 4 START
2019-09-01 07:16:48.961 454 INFO rally.task.runner [-] Task 8c9321ca-767b-4395-811e-c82774720f72 | ITER: 2 END: OK
2019-09-01 07:16:48.965 454 INFO rally.task.runner [-] Task 8c9321ca-767b-4395-811e-c82774720f72 | ITER: 5 START
2019-09-01 07:16:48.972 455 INFO rally.task.runner [-] Task 8c9321ca-767b-4395-811e-c82774720f72 | ITER: 3 END: OK
2019-09-01 07:16:48.978 455 INFO rally.task.runner [-] Task 8c9321ca-767b-4395-811e-c82774720f72 | ITER: 6 START
2019-09-01 07:16:48.979 456 INFO rally.task.runner [-] Task 8c9321ca-767b-4395-811e-c82774720f72 | ITER: 4 END: OK
2019-09-01 07:16:48.983 456 INFO rally.task.runner [-] Task 8c9321ca-767b-4395-811e-c82774720f72 | ITER: 7 START
2019-09-01 07:16:49.258 453 INFO rally.task.runner [-] Task 8c9321ca-767b-4395-811e-c82774720f72 | ITER: 1 END: OK
2019-09-01 07:16:49.263 453 INFO rally.task.runner [-] Task 8c9321ca-767b-4395-811e-c82774720f72 | ITER: 8 START
2019-09-01 07:16:49.432 456 INFO rally.task.runner [-] Task 8c9321ca-767b-4395-811e-c82774720f72 | ITER: 7 END: OK
2019-09-01 07:16:49.434 454 INFO rally.task.runner [-] Task 8c9321ca-767b-4395-811e-c82774720f72 | ITER: 5 END: OK
2019-09-01 07:16:49.436 456 INFO rally.task.runner [-] Task 8c9321ca-767b-4395-811e-c82774720f72 | ITER: 9 START
2019-09-01 07:16:49.438 454 INFO rally.task.runner [-] Task 8c9321ca-767b-4395-811e-c82774720f72 | ITER: 10 START
2019-09-01 07:16:49.733 453 INFO rally.task.runner [-] Task 8c9321ca-767b-4395-811e-c82774720f72 | ITER: 8 END: OK
2019-09-01 07:16:49.844 456 INFO rally.task.runner [-] Task 8c9321ca-767b-4395-811e-c82774720f72 | ITER: 9 END: OK
2019-09-01 07:16:49.844 455 INFO rally.task.runner [-] Task 8c9321ca-767b-4395-811e-c82774720f72 | ITER: 6 END: OK
2019-09-01 07:16:50.184 454 INFO rally.task.runner [-] Task 8c9321ca-767b-4395-811e-c82774720f72 | ITER: 10 END: OK
2019-09-01 07:16:50.205 17 INFO rally.task.context [-] Task 8c9321ca-767b-4395-811e-c82774720f72 | Context users@openstack cleanup() started
2019-09-01 07:16:55.151 17 INFO rally.task.context [-] Task 8c9321ca-767b-4395-811e-c82774720f72 | Context users@openstack cleanup() finished in 4.95 sec
2019-09-01 07:16:55.383 17 INFO rally.task.engine [-] Load duration is: 2.228556
2019-09-01 07:16:55.384 17 INFO rally.task.engine [-] Full runner duration is: 2.273392
2019-09-01 07:16:55.384 17 INFO rally.task.engine [-] Full duration is: 9.834949
2019-09-01 07:16:55.976 17 INFO rally.task.engine [-] Running workload: position = 0 config = { "version": 2, "title": "A cropped version of a bigger task.", "description": "Auto-generated task from a single workload (uuid=338587c0-7bbc-43fa-91a2-eebf2fa32e07)", "subtasks": [ { "title": "Authenticate.validate_neutron", "description": "Check Neutron Client to ensure validation of token.", "scenario": { "Authenticate.validate_neutron": { "repetitions": 2 } }, "contexts": { "users": { "tenants": 3, "users_per_tenant": 2 } }, "runner": { "constant": { "concurrency": 4, "times": 10 } }, "hooks": [], "sla": { "failure_rate": { "max": 0 } } } ] }
2019-09-01 07:16:56.001 17 RALLYDEBUG rally_openstack.contexts.keystone.users [-] Creating 3 tenants using 20 threads
2019-09-01 07:16:57.133 17 RALLYDEBUG rally_openstack.contexts.keystone.users [-] Creating 6 users using 20 threads
2019-09-01 07:16:58.862 17 INFO rally.task.context [-] Task 8c9321ca-767b-4395-811e-c82774720f72 | Context users@openstack setup() finished in 2.86 sec
2019-09-01 07:16:58.871 17 RALLYDEBUG rally.task.runner [-] Starting the constant runner (task UUID: 8c9321ca-767b-4395-811e-c82774720f72). timeout: 0 concurrency: 4 concurrency_per_worker: 1 times: 10 concurrency_overhead: 0 processes_to_start: 4 max_cpu_used: 16
2019-09-01 07:16:58.884 557 RALLYDEBUG rally.task.runner [-] Starting a worker. concurrency: 1 args: {"repetitions": 2} times: 10 method_name: run timeout: 0 duration: None cls:
2019-09-01 07:16:58.888 558 RALLYDEBUG rally.task.runner [-] Starting a worker. concurrency: 1 args: {"repetitions": 2} times: 10 method_name: run timeout: 0 duration: None cls:
2019-09-01 07:16:58.891 559 RALLYDEBUG rally.task.runner [-] Starting a worker. concurrency: 1 args: {"repetitions": 2} times: 10 method_name: run timeout: 0 duration: None cls:
2019-09-01 07:16:58.892 557 INFO rally.task.runner [-] Task 8c9321ca-767b-4395-811e-c82774720f72 | ITER: 1 START
2019-09-01 07:16:58.894 560 RALLYDEBUG rally.task.runner [-] Starting a worker. concurrency: 1 args: {"repetitions": 2} times: 10 method_name: run timeout: 0 duration: None cls:
2019-09-01 07:16:58.896 558 INFO rally.task.runner [-] Task 8c9321ca-767b-4395-811e-c82774720f72 | ITER: 2 START
2019-09-01 07:16:58.898 559 INFO rally.task.runner [-] Task 8c9321ca-767b-4395-811e-c82774720f72 | ITER: 3 START
2019-09-01 07:16:58.902 560 INFO rally.task.runner [-] Task 8c9321ca-767b-4395-811e-c82774720f72 | ITER: 4 START
2019-09-01 07:16:59.568 560 INFO rally.task.runner [-] Task 8c9321ca-767b-4395-811e-c82774720f72 | ITER: 4 END: OK
2019-09-01 07:16:59.574 560 INFO rally.task.runner [-] Task 8c9321ca-767b-4395-811e-c82774720f72 | ITER: 5 START
2019-09-01 07:16:59.618 557 INFO rally.task.runner [-] Task 8c9321ca-767b-4395-811e-c82774720f72 | ITER: 1 END: OK
2019-09-01 07:16:59.622 557 INFO rally.task.runner [-] Task 8c9321ca-767b-4395-811e-c82774720f72 | ITER: 6 START
2019-09-01 07:16:59.656 558 INFO rally.task.runner [-] Task 8c9321ca-767b-4395-811e-c82774720f72 | ITER: 2 END: OK
2019-09-01 07:16:59.660 558 INFO rally.task.runner [-] Task 8c9321ca-767b-4395-811e-c82774720f72 | ITER: 7 START
2019-09-01 07:16:59.705 559 INFO rally.task.runner [-] Task 8c9321ca-767b-4395-811e-c82774720f72 | ITER: 3 END: OK
2019-09-01 07:16:59.710 559 INFO rally.task.runner [-] Task 8c9321ca-767b-4395-811e-c82774720f72 | ITER: 8 START
2019-09-01 07:17:00.220 558 INFO rally.task.runner [-] Task 8c9321ca-767b-4395-811e-c82774720f72 | ITER: 7 END: OK
2019-09-01 07:17:00.225 558 INFO rally.task.runner [-] Task 8c9321ca-767b-4395-811e-c82774720f72 | ITER: 9 START
2019-09-01 07:17:00.234 557 INFO rally.task.runner [-] Task 8c9321ca-767b-4395-811e-c82774720f72 | ITER: 6 END: OK
2019-09-01 07:17:00.240 557 INFO rally.task.runner [-] Task 8c9321ca-767b-4395-811e-c82774720f72 | ITER: 10 START
2019-09-01 07:17:00.497 559 INFO rally.task.runner [-] Task 8c9321ca-767b-4395-811e-c82774720f72 | ITER: 8 END: OK
2019-09-01 07:17:00.541 560 INFO rally.task.runner [-] Task 8c9321ca-767b-4395-811e-c82774720f72 | ITER: 5 END: OK
2019-09-01 07:17:00.787 558 INFO rally.task.runner [-] Task 8c9321ca-767b-4395-811e-c82774720f72 | ITER: 9 END: OK
2019-09-01 07:17:00.839 557 INFO rally.task.runner [-] Task 8c9321ca-767b-4395-811e-c82774720f72 | ITER: 10 END: OK
2019-09-01 07:17:00.867 17 INFO rally.task.context [-] Task 8c9321ca-767b-4395-811e-c82774720f72 | Context users@openstack cleanup() started
2019-09-01 07:17:05.432 17 INFO rally.task.context [-] Task 8c9321ca-767b-4395-811e-c82774720f72 | Context users@openstack cleanup() finished in 4.57 sec
2019-09-01 07:17:06.063 17 INFO rally.task.engine [-] Load duration is: 1.945074
2019-09-01 07:17:06.063 17 INFO rally.task.engine [-] Full runner duration is: 1.996026
2019-09-01 07:17:06.064 17 INFO rally.task.engine [-] Full duration is: 9.436028
2019-09-01 07:17:06.667 17 INFO rally.task.engine [-] Running workload: position = 0 config = { "version": 2, "title": "A cropped version of a bigger task.", "description": "Auto-generated task from a single workload (uuid=1ad44853-582b-49bf-aa8c-4d344344cd0a)", "subtasks": [ { "title": "Authenticate.validate_nova", "description": "Check Nova Client to ensure validation of token.", "scenario": { "Authenticate.validate_nova": { "repetitions": 2 } }, "contexts": { "users": { "tenants": 3, "users_per_tenant": 2 } }, "runner": { "constant": { "concurrency": 4, "times": 10 } }, "hooks": [], "sla": { "failure_rate": { "max": 0 } } } ] }
2019-09-01 07:17:06.693 17 RALLYDEBUG rally_openstack.contexts.keystone.users [-] Creating 3 tenants using 20 threads
2019-09-01 07:17:07.793 17 RALLYDEBUG rally_openstack.contexts.keystone.users [-] Creating 6 users using 20 threads
2019-09-01 07:17:09.483 17 INFO rally.task.context [-] Task 8c9321ca-767b-4395-811e-c82774720f72 | Context users@openstack setup() finished in 2.79 sec
2019-09-01 07:17:09.492 17 RALLYDEBUG rally.task.runner [-] Starting the constant runner (task UUID: 8c9321ca-767b-4395-811e-c82774720f72). timeout: 0 concurrency: 4 concurrency_per_worker: 1 times: 10 concurrency_overhead: 0 processes_to_start: 4 max_cpu_used: 16
2019-09-01 07:17:09.507 661 RALLYDEBUG rally.task.runner [-] Starting a worker. concurrency: 1 args: {"repetitions": 2} times: 10 method_name: run timeout: 0 duration: None cls:
2019-09-01 07:17:09.511 662 RALLYDEBUG rally.task.runner [-] Starting a worker. concurrency: 1 args: {"repetitions": 2} times: 10 method_name: run timeout: 0 duration: None cls:
2019-09-01 07:17:09.513 663 RALLYDEBUG rally.task.runner [-] Starting a worker. concurrency: 1 args: {"repetitions": 2} times: 10 method_name: run timeout: 0 duration: None cls:
2019-09-01 07:17:09.514 661 INFO rally.task.runner [-] Task 8c9321ca-767b-4395-811e-c82774720f72 | ITER: 1 START
2019-09-01 07:17:09.517 664 RALLYDEBUG rally.task.runner [-] Starting a worker. concurrency: 1 args: {"repetitions": 2} times: 10 method_name: run timeout: 0 duration: None cls:
2019-09-01 07:17:09.519 662 INFO rally.task.runner [-] Task 8c9321ca-767b-4395-811e-c82774720f72 | ITER: 2 START
2019-09-01 07:17:09.520 663 INFO rally.task.runner [-] Task 8c9321ca-767b-4395-811e-c82774720f72 | ITER: 3 START
2019-09-01 07:17:09.524 664 INFO rally.task.runner [-] Task 8c9321ca-767b-4395-811e-c82774720f72 | ITER: 4 START
2019-09-01 07:17:09.989 662 DEBUG novaclient.v2.client [-] REQ: curl -g -i --cacert "/etc/ssl/certs/mcp_os_cacert" -X GET http://10.167.4.35:8774/v2.1/flavors/detail -H "Accept: application/json" -H "User-Agent: python-novaclient" -H "X-Auth-Token: {SHA1}ee5db735e70b1f3320b513942e0e2277c5065a48" _http_log_request /usr/lib/python2.7/site-packages/keystoneauth1/session.py:448
2019-09-01 07:17:09.991 661 DEBUG novaclient.v2.client [-] REQ: curl -g -i --cacert "/etc/ssl/certs/mcp_os_cacert" -X GET http://10.167.4.35:8774/v2.1/flavors/detail -H "Accept: application/json" -H "User-Agent: python-novaclient" -H "X-Auth-Token: {SHA1}eab5e9fcdfa669351c3949acc7ffcee340dc8cf2" _http_log_request /usr/lib/python2.7/site-packages/keystoneauth1/session.py:448
2019-09-01 07:17:09.999 663 DEBUG novaclient.v2.client [-] REQ: curl -g -i --cacert "/etc/ssl/certs/mcp_os_cacert" -X GET http://10.167.4.35:8774/v2.1/flavors/detail -H "Accept: application/json" -H "User-Agent: python-novaclient" -H "X-Auth-Token: {SHA1}72c7818b8e890be7c98921a5d346c662d0b18a60" _http_log_request /usr/lib/python2.7/site-packages/keystoneauth1/session.py:448
2019-09-01 07:17:10.006 664 DEBUG novaclient.v2.client [-] REQ: curl -g -i --cacert "/etc/ssl/certs/mcp_os_cacert" -X GET http://10.167.4.35:8774/v2.1/flavors/detail -H "Accept: application/json" -H "User-Agent: python-novaclient" -H "X-Auth-Token: {SHA1}8b7870ddf0738516768dd3273b796ac4e110054a" _http_log_request /usr/lib/python2.7/site-packages/keystoneauth1/session.py:448
2019-09-01 07:17:10.150 662 DEBUG novaclient.v2.client [-] RESP: [200] Connection: close Content-Length: 1014 Content-Type: application/json Date: Sun, 01 Sep 2019 07:17:10 GMT Openstack-Api-Version: compute 2.1 Vary: OpenStack-API-Version, X-OpenStack-Nova-API-Version X-Compute-Request-Id: req-f058fdd5-870b-4caf-bee5-2ba812d0ce3a X-Openstack-Nova-Api-Version: 2.1 X-Openstack-Request-Id: req-f058fdd5-870b-4caf-bee5-2ba812d0ce3a _http_log_response /usr/lib/python2.7/site-packages/keystoneauth1/session.py:479
2019-09-01 07:17:10.151 662 DEBUG novaclient.v2.client [-] RESP BODY: {"flavors": [{"name": "rally_full-flavor_alt_a8551bff-892a-481c-b008-134789a2242b", "links": [{"href": "http://10.167.4.35:8774/v2.1/flavors/16c95319-a12d-4e94-82d5-9048b514e585", "rel": "self"}, {"href": "http://10.167.4.35:8774/flavors/16c95319-a12d-4e94-82d5-9048b514e585", "rel": "bookmark"}], "ram": 1024, "OS-FLV-DISABLED:disabled": false, "vcpus": 1, "swap": "", "os-flavor-access:is_public": true, "rxtx_factor": 1.0, "OS-FLV-EXT-DATA:ephemeral": 0, "disk": 1, "id": "16c95319-a12d-4e94-82d5-9048b514e585"}, {"name": "rally_full-flavor_a8551bff-892a-481c-b008-134789a2242b", "links": [{"href": "http://10.167.4.35:8774/v2.1/flavors/7086f1b7-4329-4e75-963b-a332ec396326", "rel": "self"}, {"href": "http://10.167.4.35:8774/flavors/7086f1b7-4329-4e75-963b-a332ec396326", "rel": "bookmark"}], "ram": 512, "OS-FLV-DISABLED:disabled": false, "vcpus": 1, "swap": "", "os-flavor-access:is_public": true, "rxtx_factor": 1.0, "OS-FLV-EXT-DATA:ephemeral": 0, "disk": 1, "id": "7086f1b7-4329-4e75-963b-a332ec396326"}]} _http_log_response /usr/lib/python2.7/site-packages/keystoneauth1/session.py:511
2019-09-01 07:17:10.151 662 DEBUG novaclient.v2.client [-] GET call to compute for http://10.167.4.35:8774/v2.1/flavors/detail used request id req-f058fdd5-870b-4caf-bee5-2ba812d0ce3a request /usr/lib/python2.7/site-packages/keystoneauth1/session.py:844
2019-09-01 07:17:10.154 662 DEBUG novaclient.v2.client [-] REQ: curl -g -i --cacert "/etc/ssl/certs/mcp_os_cacert" -X GET http://10.167.4.35:8774/v2.1/flavors/detail -H "Accept: application/json" -H "User-Agent: python-novaclient" -H "X-Auth-Token: {SHA1}ee5db735e70b1f3320b513942e0e2277c5065a48" _http_log_request /usr/lib/python2.7/site-packages/keystoneauth1/session.py:448
2019-09-01 07:17:10.165 661 DEBUG novaclient.v2.client [-] RESP: [200] Connection: close Content-Length: 1014 Content-Type: application/json Date: Sun, 01 Sep 2019 07:17:10 GMT Openstack-Api-Version: compute 2.1 Vary: OpenStack-API-Version, X-OpenStack-Nova-API-Version X-Compute-Request-Id: req-3d00edd1-f12f-47cb-a96d-7a262af45b9a X-Openstack-Nova-Api-Version: 2.1 X-Openstack-Request-Id: req-3d00edd1-f12f-47cb-a96d-7a262af45b9a _http_log_response /usr/lib/python2.7/site-packages/keystoneauth1/session.py:479
2019-09-01 07:17:10.166 661 DEBUG novaclient.v2.client [-] RESP BODY: {"flavors": [{"name": "rally_full-flavor_alt_a8551bff-892a-481c-b008-134789a2242b", "links": [{"href": "http://10.167.4.35:8774/v2.1/flavors/16c95319-a12d-4e94-82d5-9048b514e585", "rel": "self"}, {"href": "http://10.167.4.35:8774/flavors/16c95319-a12d-4e94-82d5-9048b514e585", "rel": "bookmark"}], "ram": 1024, "OS-FLV-DISABLED:disabled": false, "vcpus": 1, "swap": "", "os-flavor-access:is_public": true, "rxtx_factor": 1.0, "OS-FLV-EXT-DATA:ephemeral": 0, "disk": 1, "id": "16c95319-a12d-4e94-82d5-9048b514e585"}, {"name": "rally_full-flavor_a8551bff-892a-481c-b008-134789a2242b", "links": [{"href": "http://10.167.4.35:8774/v2.1/flavors/7086f1b7-4329-4e75-963b-a332ec396326", "rel": "self"}, {"href": "http://10.167.4.35:8774/flavors/7086f1b7-4329-4e75-963b-a332ec396326", "rel": "bookmark"}], "ram": 512, "OS-FLV-DISABLED:disabled": false, "vcpus": 1, "swap": "", "os-flavor-access:is_public": true, "rxtx_factor": 1.0, "OS-FLV-EXT-DATA:ephemeral": 0, "disk": 1, "id": "7086f1b7-4329-4e75-963b-a332ec396326"}]} _http_log_response /usr/lib/python2.7/site-packages/keystoneauth1/session.py:511
2019-09-01 07:17:10.166 661 DEBUG novaclient.v2.client [-] GET call to compute for http://10.167.4.35:8774/v2.1/flavors/detail used request id req-3d00edd1-f12f-47cb-a96d-7a262af45b9a request /usr/lib/python2.7/site-packages/keystoneauth1/session.py:844
2019-09-01 07:17:10.168 661 DEBUG novaclient.v2.client [-] REQ: curl -g -i --cacert "/etc/ssl/certs/mcp_os_cacert" -X GET http://10.167.4.35:8774/v2.1/flavors/detail -H "Accept: application/json" -H "User-Agent: python-novaclient" -H "X-Auth-Token: {SHA1}eab5e9fcdfa669351c3949acc7ffcee340dc8cf2" _http_log_request /usr/lib/python2.7/site-packages/keystoneauth1/session.py:448
2019-09-01 07:17:10.174 662 DEBUG novaclient.v2.client [-] RESP: [200] Connection: close Content-Length: 1014 Content-Type: application/json Date: Sun, 01 Sep 2019 07:17:10 GMT Openstack-Api-Version: compute 2.1 Vary: OpenStack-API-Version, X-OpenStack-Nova-API-Version X-Compute-Request-Id: req-56917360-cfbe-41f1-a481-dbf09570e1f7 X-Openstack-Nova-Api-Version: 2.1 X-Openstack-Request-Id: req-56917360-cfbe-41f1-a481-dbf09570e1f7 _http_log_response /usr/lib/python2.7/site-packages/keystoneauth1/session.py:479
2019-09-01 07:17:10.175 662 DEBUG novaclient.v2.client [-] RESP BODY: {"flavors": [{"name": "rally_full-flavor_alt_a8551bff-892a-481c-b008-134789a2242b", "links": [{"href": "http://10.167.4.35:8774/v2.1/flavors/16c95319-a12d-4e94-82d5-9048b514e585", "rel": "self"}, {"href": "http://10.167.4.35:8774/flavors/16c95319-a12d-4e94-82d5-9048b514e585", "rel": "bookmark"}], "ram": 1024, "OS-FLV-DISABLED:disabled": false, "vcpus": 1, "swap": "", "os-flavor-access:is_public": true, "rxtx_factor": 1.0, "OS-FLV-EXT-DATA:ephemeral": 0, "disk": 1, "id": "16c95319-a12d-4e94-82d5-9048b514e585"}, {"name": "rally_full-flavor_a8551bff-892a-481c-b008-134789a2242b", "links": [{"href": "http://10.167.4.35:8774/v2.1/flavors/7086f1b7-4329-4e75-963b-a332ec396326", "rel": "self"}, {"href": "http://10.167.4.35:8774/flavors/7086f1b7-4329-4e75-963b-a332ec396326", "rel": "bookmark"}], "ram": 512, "OS-FLV-DISABLED:disabled": false, "vcpus": 1, "swap": "", "os-flavor-access:is_public": true, "rxtx_factor": 1.0, "OS-FLV-EXT-DATA:ephemeral": 0, "disk": 1, "id": "7086f1b7-4329-4e75-963b-a332ec396326"}]} _http_log_response /usr/lib/python2.7/site-packages/keystoneauth1/session.py:511
2019-09-01 07:17:10.175 662 DEBUG novaclient.v2.client [-] GET call to compute for http://10.167.4.35:8774/v2.1/flavors/detail used request id req-56917360-cfbe-41f1-a481-dbf09570e1f7 request /usr/lib/python2.7/site-packages/keystoneauth1/session.py:844
2019-09-01 07:17:10.176 662 INFO rally.task.runner [-] Task 8c9321ca-767b-4395-811e-c82774720f72 | ITER: 2 END: OK
2019-09-01 07:17:10.178 663 DEBUG novaclient.v2.client [-] RESP: [200] Connection: close Content-Length: 1014 Content-Type: application/json Date: Sun, 01 Sep 2019 07:17:10 GMT Openstack-Api-Version: compute 2.1 Vary: OpenStack-API-Version, X-OpenStack-Nova-API-Version X-Compute-Request-Id: req-7dd40009-824f-4fdd-bc96-4abd7b708ef9 X-Openstack-Nova-Api-Version: 2.1 X-Openstack-Request-Id: req-7dd40009-824f-4fdd-bc96-4abd7b708ef9 _http_log_response /usr/lib/python2.7/site-packages/keystoneauth1/session.py:479
2019-09-01 07:17:10.179 663 DEBUG novaclient.v2.client [-] RESP BODY: {"flavors": [{"name": "rally_full-flavor_alt_a8551bff-892a-481c-b008-134789a2242b", "links": [{"href": "http://10.167.4.35:8774/v2.1/flavors/16c95319-a12d-4e94-82d5-9048b514e585", "rel": "self"}, {"href": "http://10.167.4.35:8774/flavors/16c95319-a12d-4e94-82d5-9048b514e585", "rel": "bookmark"}], "ram": 1024, "OS-FLV-DISABLED:disabled": false, "vcpus": 1, "swap": "", "os-flavor-access:is_public": true, "rxtx_factor": 1.0, "OS-FLV-EXT-DATA:ephemeral": 0, "disk": 1, "id": "16c95319-a12d-4e94-82d5-9048b514e585"}, {"name": "rally_full-flavor_a8551bff-892a-481c-b008-134789a2242b", "links": [{"href": "http://10.167.4.35:8774/v2.1/flavors/7086f1b7-4329-4e75-963b-a332ec396326", "rel": "self"}, {"href": "http://10.167.4.35:8774/flavors/7086f1b7-4329-4e75-963b-a332ec396326", "rel": "bookmark"}], "ram": 512, "OS-FLV-DISABLED:disabled": false, "vcpus": 1, "swap": "", "os-flavor-access:is_public": true, "rxtx_factor": 1.0, "OS-FLV-EXT-DATA:ephemeral": 0, "disk": 1, "id": "7086f1b7-4329-4e75-963b-a332ec396326"}]} _http_log_response /usr/lib/python2.7/site-packages/keystoneauth1/session.py:511
2019-09-01 07:17:10.180 663 DEBUG novaclient.v2.client [-] GET call to compute for http://10.167.4.35:8774/v2.1/flavors/detail used request id req-7dd40009-824f-4fdd-bc96-4abd7b708ef9 request /usr/lib/python2.7/site-packages/keystoneauth1/session.py:844
2019-09-01 07:17:10.182 663 DEBUG novaclient.v2.client [-] REQ: curl -g -i --cacert "/etc/ssl/certs/mcp_os_cacert" -X GET http://10.167.4.35:8774/v2.1/flavors/detail -H "Accept: application/json" -H "User-Agent: python-novaclient" -H "X-Auth-Token: {SHA1}72c7818b8e890be7c98921a5d346c662d0b18a60" _http_log_request /usr/lib/python2.7/site-packages/keystoneauth1/session.py:448
2019-09-01 07:17:10.183 662 INFO rally.task.runner [-] Task 8c9321ca-767b-4395-811e-c82774720f72 | ITER: 5 START
2019-09-01 07:17:10.190 661 DEBUG novaclient.v2.client [-] RESP: [200] Connection: close Content-Length: 1014 Content-Type: application/json Date: Sun, 01 Sep 2019 07:17:10 GMT Openstack-Api-Version: compute 2.1 Vary: OpenStack-API-Version, X-OpenStack-Nova-API-Version X-Compute-Request-Id: req-f3020a79-7217-4f96-a7fe-7146f58d3b0b X-Openstack-Nova-Api-Version: 2.1 X-Openstack-Request-Id: req-f3020a79-7217-4f96-a7fe-7146f58d3b0b _http_log_response /usr/lib/python2.7/site-packages/keystoneauth1/session.py:479
2019-09-01 07:17:10.191 661 DEBUG novaclient.v2.client [-] RESP BODY: {"flavors": [{"name": "rally_full-flavor_alt_a8551bff-892a-481c-b008-134789a2242b", "links": [{"href": "http://10.167.4.35:8774/v2.1/flavors/16c95319-a12d-4e94-82d5-9048b514e585", "rel": "self"}, {"href": "http://10.167.4.35:8774/flavors/16c95319-a12d-4e94-82d5-9048b514e585", "rel": "bookmark"}], "ram": 1024, "OS-FLV-DISABLED:disabled": false, "vcpus": 1, "swap": "", "os-flavor-access:is_public": true, "rxtx_factor": 1.0, "OS-FLV-EXT-DATA:ephemeral": 0, "disk": 1, "id": "16c95319-a12d-4e94-82d5-9048b514e585"}, {"name": "rally_full-flavor_a8551bff-892a-481c-b008-134789a2242b", "links": [{"href": "http://10.167.4.35:8774/v2.1/flavors/7086f1b7-4329-4e75-963b-a332ec396326", "rel": "self"}, {"href": "http://10.167.4.35:8774/flavors/7086f1b7-4329-4e75-963b-a332ec396326", "rel": "bookmark"}], "ram": 512, "OS-FLV-DISABLED:disabled": false, "vcpus": 1, "swap": "", "os-flavor-access:is_public": true, "rxtx_factor": 1.0, "OS-FLV-EXT-DATA:ephemeral": 0, "disk": 1, "id": "7086f1b7-4329-4e75-963b-a332ec396326"}]} _http_log_response /usr/lib/python2.7/site-packages/keystoneauth1/session.py:511
2019-09-01 07:17:10.191 661 DEBUG novaclient.v2.client [-] GET call to compute for http://10.167.4.35:8774/v2.1/flavors/detail used request id req-f3020a79-7217-4f96-a7fe-7146f58d3b0b request /usr/lib/python2.7/site-packages/keystoneauth1/session.py:844
2019-09-01 07:17:10.192 661 INFO rally.task.runner [-] Task 8c9321ca-767b-4395-811e-c82774720f72 | ITER: 1 END: OK
2019-09-01 07:17:10.196 661 INFO rally.task.runner [-] Task 8c9321ca-767b-4395-811e-c82774720f72 | ITER: 6 START
2019-09-01 07:17:10.203 664 DEBUG novaclient.v2.client [-] RESP: [200] Connection: close Content-Length: 1014 Content-Type: application/json Date: Sun, 01 Sep 2019 07:17:10 GMT Openstack-Api-Version: compute 2.1 Vary: OpenStack-API-Version, X-OpenStack-Nova-API-Version X-Compute-Request-Id: req-a32d3e12-b44e-4d68-b69b-5cb827beed7f X-Openstack-Nova-Api-Version: 2.1 X-Openstack-Request-Id: req-a32d3e12-b44e-4d68-b69b-5cb827beed7f _http_log_response /usr/lib/python2.7/site-packages/keystoneauth1/session.py:479
2019-09-01 07:17:10.203 664 DEBUG novaclient.v2.client [-] RESP BODY: {"flavors": [{"name": "rally_full-flavor_alt_a8551bff-892a-481c-b008-134789a2242b", "links": [{"href": "http://10.167.4.35:8774/v2.1/flavors/16c95319-a12d-4e94-82d5-9048b514e585", "rel": "self"}, {"href": "http://10.167.4.35:8774/flavors/16c95319-a12d-4e94-82d5-9048b514e585", "rel": "bookmark"}], "ram": 1024, "OS-FLV-DISABLED:disabled": false, "vcpus": 1, "swap": "", "os-flavor-access:is_public": true, "rxtx_factor": 1.0, "OS-FLV-EXT-DATA:ephemeral": 0, "disk": 1, "id": "16c95319-a12d-4e94-82d5-9048b514e585"}, {"name": "rally_full-flavor_a8551bff-892a-481c-b008-134789a2242b", "links": [{"href": "http://10.167.4.35:8774/v2.1/flavors/7086f1b7-4329-4e75-963b-a332ec396326", "rel": "self"}, {"href": "http://10.167.4.35:8774/flavors/7086f1b7-4329-4e75-963b-a332ec396326", "rel": "bookmark"}], "ram": 512, "OS-FLV-DISABLED:disabled": false, "vcpus": 1, "swap": "", "os-flavor-access:is_public": true, "rxtx_factor": 1.0, "OS-FLV-EXT-DATA:ephemeral": 0, "disk": 1, "id": "7086f1b7-4329-4e75-963b-a332ec396326"}]} _http_log_response /usr/lib/python2.7/site-packages/keystoneauth1/session.py:511
2019-09-01 07:17:10.204 664 DEBUG novaclient.v2.client [-] GET call to compute for http://10.167.4.35:8774/v2.1/flavors/detail used request id req-a32d3e12-b44e-4d68-b69b-5cb827beed7f request /usr/lib/python2.7/site-packages/keystoneauth1/session.py:844
2019-09-01 07:17:10.205 663 DEBUG novaclient.v2.client [-] RESP: [200] Connection: close Content-Length: 1014 Content-Type: application/json Date: Sun, 01 Sep 2019 07:17:10 GMT Openstack-Api-Version: compute 2.1 Vary: OpenStack-API-Version, X-OpenStack-Nova-API-Version X-Compute-Request-Id: req-3d5e1d2f-05d0-4148-b5b4-04446853e96d X-Openstack-Nova-Api-Version: 2.1 X-Openstack-Request-Id: req-3d5e1d2f-05d0-4148-b5b4-04446853e96d _http_log_response /usr/lib/python2.7/site-packages/keystoneauth1/session.py:479
2019-09-01 07:17:10.205 663 DEBUG novaclient.v2.client [-] RESP BODY: {"flavors": [{"name": "rally_full-flavor_alt_a8551bff-892a-481c-b008-134789a2242b", "links": [{"href": "http://10.167.4.35:8774/v2.1/flavors/16c95319-a12d-4e94-82d5-9048b514e585", "rel": "self"}, {"href": "http://10.167.4.35:8774/flavors/16c95319-a12d-4e94-82d5-9048b514e585", "rel": "bookmark"}], "ram": 1024, "OS-FLV-DISABLED:disabled": false, "vcpus": 1, "swap": "", "os-flavor-access:is_public": true, "rxtx_factor": 1.0, "OS-FLV-EXT-DATA:ephemeral": 0, "disk": 1, "id": "16c95319-a12d-4e94-82d5-9048b514e585"}, {"name": "rally_full-flavor_a8551bff-892a-481c-b008-134789a2242b", "links": [{"href": "http://10.167.4.35:8774/v2.1/flavors/7086f1b7-4329-4e75-963b-a332ec396326", "rel": "self"}, {"href": "http://10.167.4.35:8774/flavors/7086f1b7-4329-4e75-963b-a332ec396326", "rel": "bookmark"}], "ram": 512, "OS-FLV-DISABLED:disabled": false, "vcpus": 1, "swap": "", "os-flavor-access:is_public": true, "rxtx_factor": 1.0, "OS-FLV-EXT-DATA:ephemeral": 0, "disk": 1, "id": "7086f1b7-4329-4e75-963b-a332ec396326"}]} _http_log_response /usr/lib/python2.7/site-packages/keystoneauth1/session.py:511
2019-09-01 07:17:10.206 664 DEBUG novaclient.v2.client [-] REQ: curl -g -i --cacert "/etc/ssl/certs/mcp_os_cacert" -X GET http://10.167.4.35:8774/v2.1/flavors/detail -H "Accept: application/json" -H "User-Agent: python-novaclient" -H "X-Auth-Token: {SHA1}8b7870ddf0738516768dd3273b796ac4e110054a" _http_log_request /usr/lib/python2.7/site-packages/keystoneauth1/session.py:448
