2019-08-18 08:51:32.763 21654 RALLYDEBUG rally.api [-] INFO logs from urllib3 and requests module are hide.
2019-08-18 08:51:32.763 21654 RALLYDEBUG rally.api [-] urllib3 insecure warnings are hidden.
2019-08-18 08:51:32.763 21654 RALLYDEBUG rally.api [-] ERROR log from boto module is hide.
2019-08-18 08:51:35.250 21656 RALLYDEBUG rally.api [-] INFO logs from urllib3 and requests module are hide.
2019-08-18 08:51:35.250 21656 RALLYDEBUG rally.api [-] urllib3 insecure warnings are hidden.
2019-08-18 08:51:35.250 21656 RALLYDEBUG rally.api [-] ERROR log from boto module is hide.
2019-08-18 08:51:36.749 21656 WARNING rally_openstack.platforms.existing [-] endpoint is deprecated and not used.
2019-08-18 08:51:37.858 21658 RALLYDEBUG rally.api [-] INFO logs from urllib3 and requests module are hide.
2019-08-18 08:51:37.858 21658 RALLYDEBUG rally.api [-] urllib3 insecure warnings are hidden.
2019-08-18 08:51:37.858 21658 RALLYDEBUG rally.api [-] ERROR log from boto module is hide.
2019-08-18 08:51:41.108 21661 RALLYDEBUG rally.api [-] INFO logs from urllib3 and requests module are hide.
2019-08-18 08:51:41.109 21661 RALLYDEBUG rally.api [-] urllib3 insecure warnings are hidden.
2019-08-18 08:51:41.109 21661 RALLYDEBUG rally.api [-] ERROR log from boto module is hide.
2019-08-18 08:51:42.952 21663 RALLYDEBUG rally.api [-] INFO logs from urllib3 and requests module are hide.
2019-08-18 08:51:42.952 21663 RALLYDEBUG rally.api [-] urllib3 insecure warnings are hidden.
2019-08-18 08:51:42.953 21663 RALLYDEBUG rally.api [-] ERROR log from boto module is hide.
2019-08-18 08:51:44.301 21663 INFO rally.common.plugin.discover [-] Loading plugins from directories /root/.rally/plugins/*
2019-08-18 08:51:44.302 21663 INFO rally.common.plugin.discover [-] Loaded module with plugins: /root/.rally/plugins/__init__.py
2019-08-18 08:51:44.304 21663 INFO rally.common.plugin.discover [-] Loaded module with plugins: /root/.rally/plugins/trunk_scenario.py
2019-08-18 08:51:44.549 21663 INFO rally.task.engine [-] Task 55d49952-976f-4cd9-a359-7f657caba7e5 | Starting: Task validation.
2019-08-18 08:51:44.595 21663 INFO rally.task.engine [-] Task 55d49952-976f-4cd9-a359-7f657caba7e5 | Starting: Task validation of syntax.
2019-08-18 08:51:44.836 21663 INFO rally.task.engine [-] Task 55d49952-976f-4cd9-a359-7f657caba7e5 | Completed: Task validation of syntax.
2019-08-18 08:51:44.837 21663 INFO rally.task.engine [-] Task 55d49952-976f-4cd9-a359-7f657caba7e5 | Starting: Task validation of required platforms.
2019-08-18 08:51:44.909 21663 INFO rally.task.engine [-] Task 55d49952-976f-4cd9-a359-7f657caba7e5 | Completed: Task validation of required platforms.
2019-08-18 08:51:44.909 21663 INFO rally.task.engine [-] Task 55d49952-976f-4cd9-a359-7f657caba7e5 | Starting: Task validation of semantic.
2019-08-18 08:51:44.909 21663 INFO rally.task.engine [-] Check health of the environment '1f1ea453-1779-471c-a184-b3891643e5c1'.
2019-08-18 08:51:45.470 21663 INFO rally.task.engine [-] Platform existing@openstack (available: True): OK!
2019-08-18 08:51:45.482 21663 RALLYDEBUG rally_openstack.contexts.keystone.users [-] Creating 1 tenants using 20 threads
2019-08-18 08:51:46.363 21663 RALLYDEBUG rally_openstack.contexts.keystone.users [-] Creating 1 users using 20 threads
2019-08-18 08:51:47.758 21663 INFO rally.task.context [-] Task 55d49952-976f-4cd9-a359-7f657caba7e5 | Context users@openstack setup() finished in 2.28 sec
2019-08-18 08:51:52.372 21663 INFO rally.task.context [-] Task 55d49952-976f-4cd9-a359-7f657caba7e5 | Context users@openstack cleanup() started
2019-08-18 08:51:55.660 21663 INFO rally.task.context [-] Task 55d49952-976f-4cd9-a359-7f657caba7e5 | Context users@openstack cleanup() finished in 3.29 sec
2019-08-18 08:51:55.660 21663 INFO rally.task.engine [-] Task 55d49952-976f-4cd9-a359-7f657caba7e5 | Completed: Task validation of semantic.
2019-08-18 08:51:55.661 21663 INFO rally.task.engine [-] Task 55d49952-976f-4cd9-a359-7f657caba7e5 | Completed: Task validation.
2019-08-18 08:51:55.661 21663 INFO rally.api [-] Task 55d49952-976f-4cd9-a359-7f657caba7e5 input file is valid.
2019-08-18 08:51:55.661 21663 INFO rally.api [-] Run Task 55d49952-976f-4cd9-a359-7f657caba7e5 against Deployment 1f1ea453-1779-471c-a184-b3891643e5c1
2019-08-18 08:51:55.662 21663 INFO rally.task.engine [-] Task 55d49952-976f-4cd9-a359-7f657caba7e5 | Starting: Running task.
2019-08-18 08:51:55.950 21663 INFO rally.task.engine [-] Running workload: position = 0 config = { "version": 2, "title": "A cropped version of a bigger task.", "description": "Auto-generated task from a single workload (uuid=a4e02925-55eb-45cc-825e-d9a9364bdefc)", "subtasks": [ { "title": "NeutronNetworks.create_and_list_networks", "description": "Check performance of list_networks action and ensure > network quotas are not exceeded", "scenario": { "NeutronNetworks.create_and_list_networks": {} }, "contexts": { "users": { "tenants": 1, "users_per_tenant": 1 }, "quotas": { "neutron": { "network": 119 } } }, "runner": { "constant": { "times": 100, "concurrency": 20 } }, "hooks": [], "sla": { "max_avg_duration_per_atomic": { "neutron.list_networks": 15 }, "failure_rate": { "max": 0 } } } ] }
2019-08-18 08:51:55.977 21663 RALLYDEBUG rally_openstack.contexts.keystone.users [-] Creating 1 tenants using 20 threads
2019-08-18 08:51:56.906 21663 RALLYDEBUG rally_openstack.contexts.keystone.users [-] Creating 1 users using 20 threads
2019-08-18 08:51:58.299 21663 INFO rally.task.context [-] Task 55d49952-976f-4cd9-a359-7f657caba7e5 | Context users@openstack setup() finished in 2.32 sec
2019-08-18 08:51:58.839 21663 INFO rally.task.context [-] Task 55d49952-976f-4cd9-a359-7f657caba7e5 | Context quotas@openstack setup() finished in 0.54 sec
2019-08-18 08:51:58.840 21663 INFO rally.task.context [-] Task 55d49952-976f-4cd9-a359-7f657caba7e5 | Context cleanup@openstack setup() finished in 0.01 msec
2019-08-18 08:51:58.849 21663 RALLYDEBUG rally.task.runner [-] Starting the constant runner (task UUID: 55d49952-976f-4cd9-a359-7f657caba7e5). timeout: 0 concurrency: 20 concurrency_per_worker: 1 times: 100 concurrency_overhead: 4 processes_to_start: 16 max_cpu_used: 16
2019-08-18 08:51:58.863 21787 RALLYDEBUG rally.task.runner [-] Starting a worker. concurrency: 2 args: {} times: 100 method_name: run timeout: 0 duration: None cls:
2019-08-18 08:51:58.866 21788 RALLYDEBUG rally.task.runner [-] Starting a worker. concurrency: 2 args: {} times: 100 method_name: run timeout: 0 duration: None cls:
2019-08-18 08:51:58.869 21789 RALLYDEBUG rally.task.runner [-] Starting a worker. concurrency: 2 args: {} times: 100 method_name: run timeout: 0 duration: None cls:
2019-08-18 08:51:58.872 21787 INFO rally.task.runner [-] Task 55d49952-976f-4cd9-a359-7f657caba7e5 | ITER: 1 START
2019-08-18 08:51:58.872 21790 RALLYDEBUG rally.task.runner [-] Starting a worker. concurrency: 2 args: {} times: 100 method_name: run timeout: 0 duration: None cls:
2019-08-18 08:51:58.875 21793 RALLYDEBUG rally.task.runner [-] Starting a worker. concurrency: 1 args: {} times: 100 method_name: run timeout: 0 duration: None cls:
2019-08-18 08:51:58.876 21788 INFO rally.task.runner [-] Task 55d49952-976f-4cd9-a359-7f657caba7e5 | ITER: 2 START
2019-08-18 08:51:58.878 21789 INFO rally.task.runner [-] Task 55d49952-976f-4cd9-a359-7f657caba7e5 | ITER: 4 START
2019-08-18 08:51:58.880 21796 RALLYDEBUG rally.task.runner [-] Starting a worker. concurrency: 1 args: {} times: 100 method_name: run timeout: 0 duration: None cls:
2019-08-18 08:51:58.882 21790 INFO rally.task.runner [-] Task 55d49952-976f-4cd9-a359-7f657caba7e5 | ITER: 7 START
2019-08-18 08:51:58.883 21793 INFO rally.task.runner [-] Task 55d49952-976f-4cd9-a359-7f657caba7e5 | ITER: 8 START
2019-08-18 08:51:58.883 21799 RALLYDEBUG rally.task.runner [-] Starting a worker. concurrency: 1 args: {} times: 100 method_name: run timeout: 0 duration: None cls:
2019-08-18 08:51:58.886 21804 RALLYDEBUG rally.task.runner [-] Starting a worker. concurrency: 1 args: {} times: 100 method_name: run timeout: 0 duration: None cls:
2019-08-18 08:51:58.888 21787 INFO rally.task.runner [-] Task 55d49952-976f-4cd9-a359-7f657caba7e5 | ITER: 3 START
2019-08-18 08:51:58.890 21805 RALLYDEBUG rally.task.runner [-] Starting a worker. concurrency: 1 args: {} times: 100 method_name: run timeout: 0 duration: None cls:
2019-08-18 08:51:58.890 21788 INFO rally.task.runner [-] Task 55d49952-976f-4cd9-a359-7f657caba7e5 | ITER: 5 START
2019-08-18 08:51:58.892 21796 INFO rally.task.runner [-] Task 55d49952-976f-4cd9-a359-7f657caba7e5 | ITER: 10 START
2019-08-18 08:51:58.893 21799 INFO rally.task.runner [-] Task 55d49952-976f-4cd9-a359-7f657caba7e5 | ITER: 11 START
2019-08-18 08:51:58.893 21789 INFO rally.task.runner [-] Task 55d49952-976f-4cd9-a359-7f657caba7e5 | ITER: 6 START
2019-08-18 08:51:58.893 21809 RALLYDEBUG rally.task.runner [-] Starting a worker. concurrency: 1 args: {} times: 100 method_name: run timeout: 0 duration: None cls:
2019-08-18 08:51:58.894 21804 INFO rally.task.runner [-] Task 55d49952-976f-4cd9-a359-7f657caba7e5 | ITER: 12 START
2019-08-18 08:51:58.897 21790 INFO rally.task.runner [-] Task 55d49952-976f-4cd9-a359-7f657caba7e5 | ITER: 9 START
2019-08-18 08:51:58.899 21805 INFO rally.task.runner [-] Task 55d49952-976f-4cd9-a359-7f657caba7e5 | ITER: 13 START
2019-08-18 08:51:58.899 21816 RALLYDEBUG rally.task.runner [-] Starting a worker. concurrency: 1 args: {} times: 100 method_name: run timeout: 0 duration: None cls:
2019-08-18 08:51:58.902 21809 INFO rally.task.runner [-] Task 55d49952-976f-4cd9-a359-7f657caba7e5 | ITER: 14 START
2019-08-18 08:51:58.908 21816 INFO rally.task.runner [-] Task 55d49952-976f-4cd9-a359-7f657caba7e5 | ITER: 15 START
2019-08-18 08:51:58.909 21822 RALLYDEBUG rally.task.runner [-] Starting a worker. concurrency: 1 args: {} times: 100 method_name: run timeout: 0 duration: None cls:
2019-08-18 08:51:58.917 21822 INFO rally.task.runner [-] Task 55d49952-976f-4cd9-a359-7f657caba7e5 | ITER: 16 START
2019-08-18 08:51:58.919 21825 RALLYDEBUG rally.task.runner [-] Starting a worker. concurrency: 1 args: {} times: 100 method_name: run timeout: 0 duration: None cls:
2019-08-18 08:51:58.927 21825 INFO rally.task.runner [-] Task 55d49952-976f-4cd9-a359-7f657caba7e5 | ITER: 17 START
2019-08-18 08:51:58.930 21828 RALLYDEBUG rally.task.runner [-] Starting a worker. concurrency: 1 args: {} times: 100 method_name: run timeout: 0 duration: None cls:
2019-08-18 08:51:58.936 21828 INFO rally.task.runner [-] Task 55d49952-976f-4cd9-a359-7f657caba7e5 | ITER: 18 START
2019-08-18 08:51:58.936 21831 RALLYDEBUG rally.task.runner [-] Starting a worker. concurrency: 1 args: {} times: 100 method_name: run timeout: 0 duration: None cls:
2019-08-18 08:51:58.941 21834 RALLYDEBUG rally.task.runner [-] Starting a worker. concurrency: 1 args: {} times: 100 method_name: run timeout: 0 duration: None cls:
2019-08-18 08:51:58.942 21831 INFO rally.task.runner [-] Task 55d49952-976f-4cd9-a359-7f657caba7e5 | ITER: 19 START
2019-08-18 08:51:58.947 21834 INFO rally.task.runner [-] Task 55d49952-976f-4cd9-a359-7f657caba7e5 | ITER: 20 START
2019-08-18 08:51:59.895 21793 INFO rally.task.runner [-] Task 55d49952-976f-4cd9-a359-7f657caba7e5 | ITER: 8 END: OK
2019-08-18 08:51:59.899 21793 INFO rally.task.runner [-] Task 55d49952-976f-4cd9-a359-7f657caba7e5 | ITER: 21 START
2019-08-18 08:52:00.238 21816 INFO rally.task.runner [-] Task 55d49952-976f-4cd9-a359-7f657caba7e5 | ITER: 15 END: OK
2019-08-18 08:52:00.243 21816 INFO rally.task.runner [-] Task 55d49952-976f-4cd9-a359-7f657caba7e5 | ITER: 22 START
2019-08-18 08:52:00.278 21804 INFO rally.task.runner [-] Task 55d49952-976f-4cd9-a359-7f657caba7e5 | ITER: 12 END: OK
2019-08-18 08:52:00.282 21804 INFO rally.task.runner [-] Task 55d49952-976f-4cd9-a359-7f657caba7e5 | ITER: 23 START
2019-08-18 08:52:00.309 21822 INFO rally.task.runner [-] Task 55d49952-976f-4cd9-a359-7f657caba7e5 | ITER: 16 END: OK
2019-08-18 08:52:00.313 21822 INFO rally.task.runner [-] Task 55d49952-976f-4cd9-a359-7f657caba7e5 | ITER: 24 START
2019-08-18 08:52:00.345 21788 INFO rally.task.runner [-] Task 55d49952-976f-4cd9-a359-7f657caba7e5 | ITER: 5 END: OK
2019-08-18 08:52:00.354 21788 INFO rally.task.runner [-] Task 55d49952-976f-4cd9-a359-7f657caba7e5 | ITER: 25 START
2019-08-18 08:52:00.416 21809 INFO rally.task.runner [-] Task 55d49952-976f-4cd9-a359-7f657caba7e5 | ITER: 14 END: OK
2019-08-18 08:52:00.421 21809 INFO rally.task.runner [-] Task 55d49952-976f-4cd9-a359-7f657caba7e5 | ITER: 26 START
2019-08-18 08:52:00.687 21790 INFO rally.task.runner [-] Task 55d49952-976f-4cd9-a359-7f657caba7e5 | ITER: 9 END: OK
2019-08-18 08:52:00.688 21834 INFO rally.task.runner [-] Task 55d49952-976f-4cd9-a359-7f657caba7e5 | ITER: 20 END: OK
2019-08-18 08:52:00.688 21787 INFO rally.task.runner [-] Task 55d49952-976f-4cd9-a359-7f657caba7e5 | ITER: 3 END: OK
2019-08-18 08:52:00.689 21805 INFO rally.task.runner [-] Task 55d49952-976f-4cd9-a359-7f657caba7e5 | ITER: 13 END: OK
2019-08-18 08:52:00.691 21790 INFO rally.task.runner [-] Task 55d49952-976f-4cd9-a359-7f657caba7e5 | ITER: 27 START
2019-08-18 08:52:00.692 21834 INFO rally.task.runner [-] Task 55d49952-976f-4cd9-a359-7f657caba7e5 | ITER: 28 START
2019-08-18 08:52:00.692 21787 INFO rally.task.runner [-] Task 55d49952-976f-4cd9-a359-7f657caba7e5 | ITER: 29 START
2019-08-18 08:52:00.693 21805 INFO rally.task.runner [-] Task 55d49952-976f-4cd9-a359-7f657caba7e5 | ITER: 30 START
2019-08-18 08:52:00.700 21790 INFO rally.task.runner [-] Task 55d49952-976f-4cd9-a359-7f657caba7e5 | ITER: 7 END: OK
2019-08-18 08:52:00.703 21828 INFO rally.task.runner [-] Task 55d49952-976f-4cd9-a359-7f657caba7e5 | ITER: 18 END: OK
2019-08-18 08:52:00.704 21825 INFO rally.task.runner [-] Task 55d49952-976f-4cd9-a359-7f657caba7e5 | ITER: 17 END: OK
2019-08-18 08:52:00.704 21789 INFO rally.task.runner [-] Task 55d49952-976f-4cd9-a359-7f657caba7e5 | ITER: 4 END: OK
2019-08-18 08:52:00.708 21828 INFO rally.task.runner [-] Task 55d49952-976f-4cd9-a359-7f657caba7e5 | ITER: 32 START
2019-08-18 08:52:00.708 21789 INFO rally.task.runner [-] Task 55d49952-976f-4cd9-a359-7f657caba7e5 | ITER: 34 START
2019-08-18 08:52:00.708 21825 INFO rally.task.runner [-] Task 55d49952-976f-4cd9-a359-7f657caba7e5 | ITER: 33 START
2019-08-18 08:52:00.711 21790 INFO rally.task.runner [-] Task 55d49952-976f-4cd9-a359-7f657caba7e5 | ITER: 31 START
2019-08-18 08:52:00.763 21787 INFO rally.task.runner [-] Task 55d49952-976f-4cd9-a359-7f657caba7e5 | ITER: 1 END: OK
2019-08-18 08:52:00.766 21787 INFO rally.task.runner [-] Task 55d49952-976f-4cd9-a359-7f657caba7e5 | ITER: 35 START
2019-08-18 08:52:00.810 21788 INFO rally.task.runner [-] Task 55d49952-976f-4cd9-a359-7f657caba7e5 | ITER: 2 END: OK
2019-08-18 08:52:00.813 21788 INFO rally.task.runner [-] Task 55d49952-976f-4cd9-a359-7f657caba7e5 | ITER: 36 START
2019-08-18 08:52:01.013 21789 INFO rally.task.runner [-] Task 55d49952-976f-4cd9-a359-7f657caba7e5 | ITER: 6 END: OK
2019-08-18 08:52:01.017 21789 INFO rally.task.runner [-] Task 55d49952-976f-4cd9-a359-7f657caba7e5 | ITER: 37 START
2019-08-18 08:52:01.079 21793 INFO rally.task.runner [-] Task 55d49952-976f-4cd9-a359-7f657caba7e5 | ITER: 21 END: OK
2019-08-18 08:52:01.083 21793 INFO rally.task.runner [-] Task 55d49952-976f-4cd9-a359-7f657caba7e5 | ITER: 38 START
2019-08-18 08:52:01.096 21831 INFO rally.task.runner [-] Task 55d49952-976f-4cd9-a359-7f657caba7e5 | ITER: 19 END: OK
2019-08-18 08:52:01.100 21831 INFO rally.task.runner [-] Task 55d49952-976f-4cd9-a359-7f657caba7e5 | ITER: 39 START
2019-08-18 08:52:01.123 21799 INFO rally.task.runner [-] Task 55d49952-976f-4cd9-a359-7f657caba7e5 | ITER: 11 END: OK
2019-08-18 08:52:01.127 21799 INFO rally.task.runner [-] Task 55d49952-976f-4cd9-a359-7f657caba7e5 | ITER: 40 START
2019-08-18 08:52:01.315 21796 INFO rally.task.runner [-] Task 55d49952-976f-4cd9-a359-7f657caba7e5 | ITER: 10 END: OK
2019-08-18 08:52:01.318 21796 INFO rally.task.runner [-] Task 55d49952-976f-4cd9-a359-7f657caba7e5 | ITER: 41 START
2019-08-18 08:52:01.420 21788 INFO rally.task.runner [-] Task 55d49952-976f-4cd9-a359-7f657caba7e5 | ITER: 25 END: OK
2019-08-18 08:52:01.424 21788 INFO rally.task.runner [-] Task 55d49952-976f-4cd9-a359-7f657caba7e5 | ITER: 42 START
2019-08-18 08:52:01.711 21828 INFO rally.task.runner [-] Task 55d49952-976f-4cd9-a359-7f657caba7e5 | ITER: 32 END: OK
2019-08-18 08:52:01.714 21828 INFO rally.task.runner [-] Task 55d49952-976f-4cd9-a359-7f657caba7e5 | ITER: 43 START
2019-08-18 08:52:01.776 21804 INFO rally.task.runner [-] Task 55d49952-976f-4cd9-a359-7f657caba7e5 | ITER: 23 END: OK
2019-08-18 08:52:01.780 21804 INFO rally.task.runner [-] Task 55d49952-976f-4cd9-a359-7f657caba7e5 | ITER: 44 START
2019-08-18 08:52:01.810 21816 INFO rally.task.runner [-] Task 55d49952-976f-4cd9-a359-7f657caba7e5 | ITER: 22 END: OK
2019-08-18 08:52:01.814 21816 INFO rally.task.runner [-] Task 55d49952-976f-4cd9-a359-7f657caba7e5 | ITER: 45 START
2019-08-18 08:52:01.826 21789 INFO rally.task.runner [-] Task 55d49952-976f-4cd9-a359-7f657caba7e5 | ITER: 34 END: OK
2019-08-18 08:52:01.829 21789 INFO rally.task.runner [-] Task 55d49952-976f-4cd9-a359-7f657caba7e5 | ITER: 46 START
2019-08-18 08:52:01.907 21825 INFO rally.task.runner [-] Task 55d49952-976f-4cd9-a359-7f657caba7e5 | ITER: 33 END: OK
2019-08-18 08:52:01.911 21825 INFO rally.task.runner [-] Task 55d49952-976f-4cd9-a359-7f657caba7e5 | ITER: 47 START
2019-08-18 08:52:01.936 21787 INFO rally.task.runner [-] Task 55d49952-976f-4cd9-a359-7f657caba7e5 | ITER: 29 END: OK
2019-08-18 08:52:01.939 21787 INFO rally.task.runner [-] Task 55d49952-976f-4cd9-a359-7f657caba7e5 | ITER: 48 START
2019-08-18 08:52:01.955 21822 INFO rally.task.runner [-] Task 55d49952-976f-4cd9-a359-7f657caba7e5 | ITER: 24 END: OK
2019-08-18 08:52:01.958 21822 INFO rally.task.runner [-] Task 55d49952-976f-4cd9-a359-7f657caba7e5 | ITER: 49 START
2019-08-18 08:52:02.024 21790 INFO rally.task.runner [-] Task 55d49952-976f-4cd9-a359-7f657caba7e5 | ITER: 27 END: OK
2019-08-18 08:52:02.028 21790 INFO rally.task.runner [-] Task 55d49952-976f-4cd9-a359-7f657caba7e5 | ITER: 50 START
2019-08-18 08:52:02.029 21809 INFO rally.task.runner [-] Task 55d49952-976f-4cd9-a359-7f657caba7e5 | ITER: 26 END: OK
2019-08-18 08:52:02.032 21809 INFO rally.task.runner [-] Task 55d49952-976f-4cd9-a359-7f657caba7e5 | ITER: 51 START
2019-08-18 08:52:02.061 21805 INFO rally.task.runner [-] Task 55d49952-976f-4cd9-a359-7f657caba7e5 | ITER: 30 END: OK
2019-08-18 08:52:02.064 21805 INFO rally.task.runner [-] Task 55d49952-976f-4cd9-a359-7f657caba7e5 | ITER: 52 START
2019-08-18 08:52:02.130 21834 INFO rally.task.runner [-] Task 55d49952-976f-4cd9-a359-7f657caba7e5 | ITER: 28 END: OK
2019-08-18 08:52:02.134 21834 INFO rally.task.runner [-] Task 55d49952-976f-4cd9-a359-7f657caba7e5 | ITER: 53 START
2019-08-18 08:52:02.295 21788 INFO rally.task.runner [-] Task 55d49952-976f-4cd9-a359-7f657caba7e5 | ITER: 36 END: OK
2019-08-18 08:52:02.298 21788 INFO rally.task.runner [-] Task 55d49952-976f-4cd9-a359-7f657caba7e5 | ITER: 54 START
2019-08-18 08:52:02.504 21789 INFO rally.task.runner [-] Task 55d49952-976f-4cd9-a359-7f657caba7e5 | ITER: 37 END: OK
2019-08-18 08:52:02.508 21789 INFO rally.task.runner [-] Task 55d49952-976f-4cd9-a359-7f657caba7e5 | ITER: 55 START
2019-08-18 08:52:02.684 21790 INFO rally.task.runner [-] Task 55d49952-976f-4cd9-a359-7f657caba7e5 | ITER: 31 END: OK
2019-08-18 08:52:02.689 21790 INFO rally.task.runner [-] Task 55d49952-976f-4cd9-a359-7f657caba7e5 | ITER: 56 START
2019-08-18 08:52:02.730 21787 INFO rally.task.runner [-] Task 55d49952-976f-4cd9-a359-7f657caba7e5 | ITER: 35 END: OK
2019-08-18 08:52:02.733 21787 INFO rally.task.runner [-] Task 55d49952-976f-4cd9-a359-7f657caba7e5 | ITER: 57 START
2019-08-18 08:52:02.797 21793 INFO rally.task.runner [-] Task 55d49952-976f-4cd9-a359-7f657caba7e5 | ITER: 38 END: OK
2019-08-18 08:52:02.800 21793 INFO rally.task.runner [-] Task 55d49952-976f-4cd9-a359-7f657caba7e5 | ITER: 58 START
2019-08-18 08:52:02.857 21799 INFO rally.task.runner [-] Task 55d49952-976f-4cd9-a359-7f657caba7e5 | ITER: 40 END: OK
2019-08-18 08:52:02.860 21799 INFO rally.task.runner [-] Task 55d49952-976f-4cd9-a359-7f657caba7e5 | ITER: 59 START
2019-08-18 08:52:02.891 21787 INFO rally.task.runner [-] Task 55d49952-976f-4cd9-a359-7f657caba7e5 | ITER: 48 END: OK
2019-08-18 08:52:02.895 21787 INFO rally.task.runner [-] Task 55d49952-976f-4cd9-a359-7f657caba7e5 | ITER: 60 START
2019-08-18 08:52:02.994 21831 INFO rally.task.runner [-] Task 55d49952-976f-4cd9-a359-7f657caba7e5 | ITER: 39 END: OK
2019-08-18 08:52:02.998 21831 INFO rally.task.runner [-] Task 55d49952-976f-4cd9-a359-7f657caba7e5 | ITER: 61 START
2019-08-18 08:52:03.079 21790 INFO rally.task.runner [-] Task 55d49952-976f-4cd9-a359-7f657caba7e5 | ITER: 50 END: OK
2019-08-18 08:52:03.083 21790 INFO rally.task.runner [-] Task 55d49952-976f-4cd9-a359-7f657caba7e5 | ITER: 62 START
2019-08-18 08:52:03.128 21788 INFO rally.task.runner [-] Task 55d49952-976f-4cd9-a359-7f657caba7e5 | ITER: 42 END: OK
2019-08-18 08:52:03.132 21788 INFO rally.task.runner [-] Task 55d49952-976f-4cd9-a359-7f657caba7e5 | ITER: 63 START
2019-08-18 08:52:03.227 21796 INFO rally.task.runner [-] Task 55d49952-976f-4cd9-a359-7f657caba7e5 | ITER: 41 END: OK
2019-08-18 08:52:03.231 21796 INFO rally.task.runner [-] Task 55d49952-976f-4cd9-a359-7f657caba7e5 | ITER: 64 START
2019-08-18 08:52:03.268 21828 INFO rally.task.runner [-] Task 55d49952-976f-4cd9-a359-7f657caba7e5 | ITER: 43 END: OK
2019-08-18 08:52:03.271 21828 INFO rally.task.runner [-] Task 55d49952-976f-4cd9-a359-7f657caba7e5 | ITER: 65 START
2019-08-18 08:52:03.612 21816 INFO rally.task.runner [-] Task 55d49952-976f-4cd9-a359-7f657caba7e5 | ITER: 45 END: OK
2019-08-18 08:52:03.616 21816 INFO rally.task.runner [-] Task 55d49952-976f-4cd9-a359-7f657caba7e5 | ITER: 66 START
2019-08-18 08:52:03.622 21789 INFO rally.task.runner [-] Task 55d49952-976f-4cd9-a359-7f657caba7e5 | ITER: 46 END: OK
2019-08-18 08:52:03.625 21789 INFO rally.task.runner [-] Task 55d49952-976f-4cd9-a359-7f657caba7e5 | ITER: 67 START
2019-08-18 08:52:03.669 21804 INFO rally.task.runner [-] Task 55d49952-976f-4cd9-a359-7f657caba7e5 | ITER: 44 END: OK
2019-08-18 08:52:03.673 21804 INFO rally.task.runner [-] Task 55d49952-976f-4cd9-a359-7f657caba7e5 | ITER: 68 START
2019-08-18 08:52:03.729 21825 INFO rally.task.runner [-] Task 55d49952-976f-4cd9-a359-7f657caba7e5 | ITER: 47 END: OK
2019-08-18 08:52:03.733 21825 INFO rally.task.runner [-] Task 55d49952-976f-4cd9-a359-7f657caba7e5 | ITER: 69 START
2019-08-18 08:52:03.766 21787 INFO rally.task.runner [-] Task 55d49952-976f-4cd9-a359-7f657caba7e5 | ITER: 60 END: OK
2019-08-18 08:52:03.770 21787 INFO rally.task.runner [-] Task 55d49952-976f-4cd9-a359-7f657caba7e5 | ITER: 70 START
2019-08-18 08:52:03.839 21834 INFO rally.task.runner [-] Task 55d49952-976f-4cd9-a359-7f657caba7e5 | ITER: 53 END: OK
2019-08-18 08:52:03.842 21834 INFO rally.task.runner [-] Task 55d49952-976f-4cd9-a359-7f657caba7e5 | ITER: 71 START
2019-08-18 08:52:03.875 21822 INFO rally.task.runner [-] Task 55d49952-976f-4cd9-a359-7f657caba7e5 | ITER: 49 END: OK
2019-08-18 08:52:03.879 21822 INFO rally.task.runner [-] Task 55d49952-976f-4cd9-a359-7f657caba7e5 | ITER: 72 START
2019-08-18 08:52:03.979 21788 INFO rally.task.runner [-] Task 55d49952-976f-4cd9-a359-7f657caba7e5 | ITER: 54 END: OK
2019-08-18 08:52:03.983 21788 INFO rally.task.runner [-] Task 55d49952-976f-4cd9-a359-7f657caba7e5 | ITER: 73 START
2019-08-18 08:52:04.274 21789 INFO rally.task.runner [-] Task 55d49952-976f-4cd9-a359-7f657caba7e5 | ITER: 55 END: OK
2019-08-18 08:52:04.278 21789 INFO rally.task.runner [-] Task 55d49952-976f-4cd9-a359-7f657caba7e5 | ITER: 74 START
2019-08-18 08:52:04.283 21790 INFO rally.task.runner [-] Task 55d49952-976f-4cd9-a359-7f657caba7e5 | ITER: 56 END: OK
2019-08-18 08:52:04.287 21790 INFO rally.task.runner [-] Task 55d49952-976f-4cd9-a359-7f657caba7e5 | ITER: 75 START
2019-08-18 08:52:04.491 21816 INFO rally.task.runner [-] Task 55d49952-976f-4cd9-a359-7f657caba7e5 | ITER: 66 END: OK
2019-08-18 08:52:04.495 21816 INFO rally.task.runner [-] Task 55d49952-976f-4cd9-a359-7f657caba7e5 | ITER: 76 START
2019-08-18 08:52:04.867 21805 INFO rally.task.runner [-] Task 55d49952-976f-4cd9-a359-7f657caba7e5 | ITER: 52 END: OK
2019-08-18 08:52:04.870 21805 INFO rally.task.runner [-] Task 55d49952-976f-4cd9-a359-7f657caba7e5 | ITER: 77 START
2019-08-18 08:52:04.947 21809 INFO rally.task.runner [-] Task 55d49952-976f-4cd9-a359-7f657caba7e5 | ITER: 51 END: OK
2019-08-18 08:52:04.950 21809 INFO rally.task.runner [-] Task 55d49952-976f-4cd9-a359-7f657caba7e5 | ITER: 78 START
2019-08-18 08:52:04.966 21787 INFO rally.task.runner [-] Task 55d49952-976f-4cd9-a359-7f657caba7e5 | ITER: 57 END: OK
2019-08-18 08:52:04.975 21787 INFO rally.task.runner [-] Task 55d49952-976f-4cd9-a359-7f657caba7e5 | ITER: 79 START
2019-08-18 08:52:05.081 21788 INFO rally.task.runner [-] Task 55d49952-976f-4cd9-a359-7f657caba7e5 | ITER: 63 END: OK
2019-08-18 08:52:05.084 21788 INFO rally.task.runner [-] Task 55d49952-976f-4cd9-a359-7f657caba7e5 | ITER: 80 START
2019-08-18 08:52:05.090 21793 INFO rally.task.runner [-] Task 55d49952-976f-4cd9-a359-7f657caba7e5 | ITER: 58 END: OK
2019-08-18 08:52:05.093 21793 INFO rally.task.runner [-] Task 55d49952-976f-4cd9-a359-7f657caba7e5 | ITER: 81 START
2019-08-18 08:52:05.098 21790 INFO rally.task.runner [-] Task 55d49952-976f-4cd9-a359-7f657caba7e5 | ITER: 62 END: OK
2019-08-18 08:52:05.101 21790 INFO rally.task.runner [-] Task 55d49952-976f-4cd9-a359-7f657caba7e5 | ITER: 82 START
2019-08-18 08:52:05.186 21796 INFO rally.task.runner [-] Task 55d49952-976f-4cd9-a359-7f657caba7e5 | ITER: 64 END: OK
2019-08-18 08:52:05.189 21796 INFO rally.task.runner [-] Task 55d49952-976f-4cd9-a359-7f657caba7e5 | ITER: 83 START
2019-08-18 08:52:05.205 21799 INFO rally.task.runner [-] Task 55d49952-976f-4cd9-a359-7f657caba7e5 | ITER: 59 END: OK
2019-08-18 08:52:05.209 21799 INFO rally.task.runner [-] Task 55d49952-976f-4cd9-a359-7f657caba7e5 | ITER: 84 START
2019-08-18 08:52:05.452 21831 INFO rally.task.runner [-] Task 55d49952-976f-4cd9-a359-7f657caba7e5 | ITER: 61 END: OK
2019-08-18 08:52:05.455 21831 INFO rally.task.runner [-] Task 55d49952-976f-4cd9-a359-7f657caba7e5 | ITER: 85 START
2019-08-18 08:52:05.461 21790 INFO rally.task.runner [-] Task 55d49952-976f-4cd9-a359-7f657caba7e5 | ITER: 75 END: OK
2019-08-18 08:52:05.465 21790 INFO rally.task.runner [-] Task 55d49952-976f-4cd9-a359-7f657caba7e5 | ITER: 86 START
2019-08-18 08:52:05.518 21787 INFO rally.task.runner [-] Task 55d49952-976f-4cd9-a359-7f657caba7e5 | ITER: 70 END: OK
2019-08-18 08:52:05.522 21787 INFO rally.task.runner [-] Task 55d49952-976f-4cd9-a359-7f657caba7e5 | ITER: 87 START
2019-08-18 08:52:05.582 21825 INFO rally.task.runner [-] Task 55d49952-976f-4cd9-a359-7f657caba7e5 | ITER: 69 END: OK
2019-08-18 08:52:05.586 21825 INFO rally.task.runner [-] Task 55d49952-976f-4cd9-a359-7f657caba7e5 | ITER: 88 START
2019-08-18 08:52:05.770 21804 INFO rally.task.runner [-] Task 55d49952-976f-4cd9-a359-7f657caba7e5 | ITER: 68 END: OK
2019-08-18 08:52:05.772 21828 INFO rally.task.runner [-] Task 55d49952-976f-4cd9-a359-7f657caba7e5 | ITER: 65 END: OK
2019-08-18 08:52:05.774 21804 INFO rally.task.runner [-] Task 55d49952-976f-4cd9-a359-7f657caba7e5 | ITER: 89 START
2019-08-18 08:52:05.776 21828 INFO rally.task.runner [-] Task 55d49952-976f-4cd9-a359-7f657caba7e5 | ITER: 90 START
2019-08-18 08:52:05.865 21822 INFO rally.task.runner [-] Task 55d49952-976f-4cd9-a359-7f657caba7e5 | ITER: 72 END: OK
2019-08-18 08:52:05.868 21822 INFO rally.task.runner [-] Task 55d49952-976f-4cd9-a359-7f657caba7e5 | ITER: 91 START
2019-08-18 08:52:06.024 21789 INFO rally.task.runner [-] Task 55d49952-976f-4cd9-a359-7f657caba7e5 | ITER: 74 END: OK
2019-08-18 08:52:06.027 21789 INFO rally.task.runner [-] Task 55d49952-976f-4cd9-a359-7f657caba7e5 | ITER: 92 START
2019-08-18 08:52:06.090 21789 INFO rally.task.runner [-] Task 55d49952-976f-4cd9-a359-7f657caba7e5 | ITER: 67 END: OK
2019-08-18 08:52:06.094 21789 INFO rally.task.runner [-] Task 55d49952-976f-4cd9-a359-7f657caba7e5 | ITER: 93 START
2019-08-18 08:52:06.208 21788 INFO rally.task.runner [-] Task 55d49952-976f-4cd9-a359-7f657caba7e5 | ITER: 73 END: OK
2019-08-18 08:52:06.211 21788 INFO rally.task.runner [-] Task 55d49952-976f-4cd9-a359-7f657caba7e5 | ITER: 94 START
2019-08-18 08:52:06.241 21788 INFO rally.task.runner [-] Task 55d49952-976f-4cd9-a359-7f657caba7e5 | ITER: 80 END: OK
2019-08-18 08:52:06.245 21788 INFO rally.task.runner [-] Task 55d49952-976f-4cd9-a359-7f657caba7e5 | ITER: 95 START
2019-08-18 08:52:06.322 21809 INFO rally.task.runner [-] Task 55d49952-976f-4cd9-a359-7f657caba7e5 | ITER: 78 END: OK
2019-08-18 08:52:06.326 21809 INFO rally.task.runner [-] Task 55d49952-976f-4cd9-a359-7f657caba7e5 | ITER: 96 START
2019-08-18 08:52:06.328 21834 INFO rally.task.runner [-] Task 55d49952-976f-4cd9-a359-7f657caba7e5 | ITER: 71 END: OK
2019-08-18 08:52:06.331 21834 INFO rally.task.runner [-] Task 55d49952-976f-4cd9-a359-7f657caba7e5 | ITER: 97 START
2019-08-18 08:52:06.358 21816 INFO rally.task.runner [-] Task 55d49952-976f-4cd9-a359-7f657caba7e5 | ITER: 76 END: OK
2019-08-18 08:52:06.361 21816 INFO rally.task.runner [-] Task 55d49952-976f-4cd9-a359-7f657caba7e5 | ITER: 98 START
2019-08-18 08:52:06.603 21805 INFO rally.task.runner [-] Task 55d49952-976f-4cd9-a359-7f657caba7e5 | ITER: 77 END: OK
2019-08-18 08:52:06.606 21805 INFO rally.task.runner [-] Task 55d49952-976f-4cd9-a359-7f657caba7e5 | ITER: 99 START
2019-08-18 08:52:06.715 21787 INFO rally.task.runner [-] Task 55d49952-976f-4cd9-a359-7f657caba7e5 | ITER: 79 END: OK
2019-08-18 08:52:06.719 21787 INFO rally.task.runner [-] Task 55d49952-976f-4cd9-a359-7f657caba7e5 | ITER: 100 START
2019-08-18 08:52:06.771 21796 INFO rally.task.runner [-] Task 55d49952-976f-4cd9-a359-7f657caba7e5 | ITER: 83 END: OK
2019-08-18 08:52:06.811 21831 INFO rally.task.runner [-] Task 55d49952-976f-4cd9-a359-7f657caba7e5 | ITER: 85 END: OK
2019-08-18 08:52:06.865 21787 INFO rally.task.runner [-] Task 55d49952-976f-4cd9-a359-7f657caba7e5 | ITER: 87 END: OK
2019-08-18 08:52:06.892 21790 INFO rally.task.runner [-] Task 55d49952-976f-4cd9-a359-7f657caba7e5 | ITER: 82 END: OK
2019-08-18 08:52:06.946 21804 INFO rally.task.runner [-] Task 55d49952-976f-4cd9-a359-7f657caba7e5 | ITER: 89 END: OK
2019-08-18 08:52:07.331 21790 INFO rally.task.runner [-] Task 55d49952-976f-4cd9-a359-7f657caba7e5 | ITER: 86 END: OK
2019-08-18 08:52:07.389 21828 INFO rally.task.runner [-] Task 55d49952-976f-4cd9-a359-7f657caba7e5 | ITER: 90 END: OK
2019-08-18 08:52:07.451 21799 INFO rally.task.runner [-] Task 55d49952-976f-4cd9-a359-7f657caba7e5 | ITER: 84 END: OK
2019-08-18 08:52:07.504 21825 INFO rally.task.runner [-] Task 55d49952-976f-4cd9-a359-7f657caba7e5 | ITER: 88 END: OK
2019-08-18 08:52:07.520 21789 INFO rally.task.runner [-] Task 55d49952-976f-4cd9-a359-7f657caba7e5 | ITER: 93 END: OK
2019-08-18 08:52:07.611 21793 INFO rally.task.runner [-] Task 55d49952-976f-4cd9-a359-7f657caba7e5 | ITER: 81 END: OK
2019-08-18 08:52:07.651 21834 INFO rally.task.runner [-] Task 55d49952-976f-4cd9-a359-7f657caba7e5 | ITER: 97 END: OK
2019-08-18 08:52:07.670 21789 INFO rally.task.runner [-] Task 55d49952-976f-4cd9-a359-7f657caba7e5 | ITER: 92 END: OK
2019-08-18 08:52:07.923 21822 INFO rally.task.runner [-] Task 55d49952-976f-4cd9-a359-7f657caba7e5 | ITER: 91 END: OK
2019-08-18 08:52:07.985 21788 INFO rally.task.runner [-] Task 55d49952-976f-4cd9-a359-7f657caba7e5 | ITER: 94 END: OK
2019-08-18 08:52:08.102 21809 INFO rally.task.runner [-] Task 55d49952-976f-4cd9-a359-7f657caba7e5 | ITER: 96 END: OK
2019-08-18 08:52:08.255 21787 INFO rally.task.runner [-] Task 55d49952-976f-4cd9-a359-7f657caba7e5 | ITER: 100 END: OK
2019-08-18 08:52:08.289 21788 INFO rally.task.runner [-] Task 55d49952-976f-4cd9-a359-7f657caba7e5 | ITER: 95 END: OK
2019-08-18 08:52:08.294 21805 INFO rally.task.runner [-] Task 55d49952-976f-4cd9-a359-7f657caba7e5 | ITER: 99 END: OK
2019-08-18 08:52:08.477 21816 INFO rally.task.runner [-] Task 55d49952-976f-4cd9-a359-7f657caba7e5 | ITER: 98 END: OK
2019-08-18 08:52:08.501 21663 INFO rally.task.context [-] Task 55d49952-976f-4cd9-a359-7f657caba7e5 | Context cleanup@openstack cleanup() started
2019-08-18 08:52:08.504 21663 RALLYDEBUG rally_openstack.cleanup.manager [-] Cleaning up neutron vip objects
2019-08-18 08:52:08.902 21663 RALLYDEBUG rally_openstack.cleanup.manager [-] Cleaning up neutron health_monitor objects
2019-08-18 08:52:09.302 21663 RALLYDEBUG rally_openstack.cleanup.manager [-] Cleaning up neutron pool objects
2019-08-18 08:52:09.729 21663 RALLYDEBUG rally_openstack.cleanup.manager [-] Cleaning up neutron loadbalancer objects
2019-08-18 08:52:10.144 21663 RALLYDEBUG rally_openstack.cleanup.manager [-] Cleaning up neutron floatingip objects
2019-08-18 08:52:10.605 21663 RALLYDEBUG rally_openstack.cleanup.manager [-] Cleaning up neutron port objects
2019-08-18 08:52:11.010 21663 RALLYDEBUG rally_openstack.cleanup.manager [-] Cleaning up neutron subnet objects
2019-08-18 08:52:11.438 21663 RALLYDEBUG rally_openstack.cleanup.manager [-] Cleaning up neutron network objects
2019-08-18 08:52:12.189 21663 RALLYDEBUG rally_openstack.cleanup.manager [-] Deleting neutron.network object s_rally_a4e02925_A5epeOi9 (0dc34c1b-2db4-4be8-815a-7f793e7b66c2)
2019-08-18 08:52:12.193 21663 RALLYDEBUG rally_openstack.cleanup.manager [-] Deleting neutron.network object s_rally_a4e02925_gaCQIiaA (11877fec-da35-4406-a2d1-c3a6f1914281)
2019-08-18 08:52:12.197 21663 RALLYDEBUG rally_openstack.cleanup.manager [-] Deleting neutron.network object s_rally_a4e02925_r05OzGy1 (173089d4-fc47-4553-be8f-9463b382bee6)
2019-08-18 08:52:12.198 21663 RALLYDEBUG rally_openstack.cleanup.manager [-] Deleting neutron.network object s_rally_a4e02925_lKmuznXe (2287a50c-8436-42d2-a5b6-4b7642737b46)
2019-08-18 08:52:12.201 21663 RALLYDEBUG rally_openstack.cleanup.manager [-] Deleting neutron.network object s_rally_a4e02925_5lRfUVsp (1078af57-7330-4376-8043-1109c21a6fae)
2019-08-18 08:52:12.203 21663 RALLYDEBUG rally_openstack.cleanup.manager [-] Deleting neutron.network object s_rally_a4e02925_6NypuMk7 (1c92290a-ff2e-4ccf-8753-ef0b50f9c96f)
2019-08-18 08:52:12.203 21663 RALLYDEBUG rally_openstack.cleanup.manager [-] Deleting neutron.network object s_rally_a4e02925_t8nFQpTc (05634968-7412-49a0-aaf3-c8ece0554043)
2019-08-18 08:52:12.212 21663 RALLYDEBUG rally_openstack.cleanup.manager [-] Deleting neutron.network object s_rally_a4e02925_TyV0haKu (1a6f16c8-0086-4f2b-9709-27055a5c46c8)
2019-08-18 08:52:12.213 21663 RALLYDEBUG rally_openstack.cleanup.manager [-] Deleting neutron.network object s_rally_a4e02925_XaY2raJ2 (05372286-f1b3-4b9d-aa33-ffbd625974a1)
2019-08-18 08:52:12.230 21663 RALLYDEBUG rally_openstack.cleanup.manager [-] Deleting neutron.network object s_rally_a4e02925_tqBq2UWA (0a833056-8f35-4f81-a1f0-4ba0c5d553ae)
2019-08-18 08:52:12.233 21663 RALLYDEBUG rally_openstack.cleanup.manager [-] Deleting neutron.network object s_rally_a4e02925_xwYABERC (038f6f81-c4f9-43a9-852e-fbfd916072b5)
2019-08-18 08:52:12.242 21663 RALLYDEBUG rally_openstack.cleanup.manager [-] Deleting neutron.network object s_rally_a4e02925_hFTXCpgX (16a4363a-815d-4850-801c-cdd77d2f0501)
2019-08-18 08:52:12.249 21663 RALLYDEBUG rally_openstack.cleanup.manager [-] Deleting neutron.network object s_rally_a4e02925_vYrisgoY (05e4c13e-f465-4080-8430-e2990ba281ae)
2019-08-18 08:52:12.249 21663 RALLYDEBUG rally_openstack.cleanup.manager [-] Deleting neutron.network object s_rally_a4e02925_x4tnVHWo (0a06ab57-d0be-48e7-aa64-aab1f273b1c4)
2019-08-18 08:52:12.256 21663 RALLYDEBUG rally_openstack.cleanup.manager [-] Deleting neutron.network object s_rally_a4e02925_fdcRD9YQ (1389d8b1-abf8-4a7b-ab29-356283c06c3d)
2019-08-18 08:52:12.266 21663 RALLYDEBUG rally_openstack.cleanup.manager [-] Deleting neutron.network object s_rally_a4e02925_3nQVQfru (0133dead-ddc5-4a71-bd49-87f13a52de84)
2019-08-18 08:52:12.265 21663 RALLYDEBUG rally_openstack.cleanup.manager [-] Deleting neutron.network object s_rally_a4e02925_koKTMJ1A (04348a17-0ff1-4115-82d4-fe5d9f6540a5)
2019-08-18 08:52:12.282 21663 RALLYDEBUG rally_openstack.cleanup.manager [-] Deleting neutron.network object s_rally_a4e02925_brPpOxZv (1b57491c-1c2b-4166-acf2-d150872b139f)
2019-08-18 08:52:12.306 21663 RALLYDEBUG rally_openstack.cleanup.manager [-] Deleting neutron.network object s_rally_a4e02925_kDwM2XcG (0aff3993-b981-493f-8e7a-672bc14a2b50)
2019-08-18 08:52:12.329 21663 RALLYDEBUG rally_openstack.cleanup.manager [-] Deleting neutron.network object s_rally_a4e02925_qsaI7Njt (174547f3-792e-444b-bd71-cca6dada8099)
2019-08-18 08:52:14.414 21663 RALLYDEBUG rally_openstack.cleanup.manager [-] Deleting neutron.network object s_rally_a4e02925_Mp0sjCo4 (23b2e856-bad9-4bce-8c19-1794ae4f8477)
2019-08-18 08:52:14.651 21663 RALLYDEBUG rally_openstack.cleanup.manager [-] Deleting neutron.network object s_rally_a4e02925_SWJzlwGB (261230cc-b944-4d96-addd-37482ac17d41)
2019-08-18 08:52:14.721 21663 RALLYDEBUG rally_openstack.cleanup.manager [-] Deleting neutron.network object s_rally_a4e02925_AOGQNkCG (268439b8-51d4-4c90-9e2f-98d61a28a7ee)
2019-08-18 08:52:14.942 21663 RALLYDEBUG rally_openstack.cleanup.manager [-] Deleting neutron.network object s_rally_a4e02925_ehVK4RAc (26ae5e8c-24e7-4bbd-acdc-416391b46882)
2019-08-18 08:52:15.155 21663 RALLYDEBUG rally_openstack.cleanup.manager [-] Deleting neutron.network object s_rally_a4e02925_Jw6BZR1Q (28f4fb6f-c81a-402a-8e57-1ad7b7852ef8)
2019-08-18 08:52:15.203 21663 RALLYDEBUG rally_openstack.cleanup.manager [-] Deleting neutron.network object s_rally_a4e02925_1SAHVh9W (292a5bb4-9e65-4781-8e6e-ae08e6069071)
2019-08-18 08:52:15.236 21663 RALLYDEBUG rally_openstack.cleanup.manager [-] Deleting neutron.network object s_rally_a4e02925_wYKtrfer (2998288b-d651-469b-83fa-c3334c44f3fa)
2019-08-18 08:52:15.258 21663 RALLYDEBUG rally_openstack.cleanup.manager [-] Deleting neutron.network object s_rally_a4e02925_EGruR70u (33a44f1f-9adc-40ab-8d3f-23b1122a3a02)
2019-08-18 08:52:15.281 21663 RALLYDEBUG rally_openstack.cleanup.manager [-] Deleting neutron.network object s_rally_a4e02925_4u1zFQmC (355ea4d0-53fb-4006-95f4-f73c416d4590)
2019-08-18 08:52:15.342 21663 RALLYDEBUG rally_openstack.cleanup.manager [-] Deleting neutron.network object s_rally_a4e02925_yLSnwNFl (35d64744-c7c3-4945-97de-23f0814df9de)
2019-08-18 08:52:15.367 21663 RALLYDEBUG rally_openstack.cleanup.manager [-] Deleting neutron.network object s_rally_a4e02925_zFMu52kW (398b0a23-15a6-4009-a6ae-05a26c6d4bb5)
2019-08-18 08:52:15.549 21663 RALLYDEBUG rally_openstack.cleanup.manager [-] Deleting neutron.network object s_rally_a4e02925_0ukdPQOW (39f68969-9387-45cf-9c6e-0c885fa82a2c)
2019-08-18 08:52:15.568 21663 RALLYDEBUG rally_openstack.cleanup.manager [-] Deleting neutron.network object s_rally_a4e02925_ddxNKS20 (3d119f43-422c-4a35-baf6-01eb8ddf9f7d)
2019-08-18 08:52:15.590 21663 RALLYDEBUG rally_openstack.cleanup.manager [-] Deleting neutron.network object s_rally_a4e02925_uj1t5fKD (41a66851-cd97-4f3c-b84a-8bafd067eaab)
2019-08-18 08:52:15.593 21663 RALLYDEBUG rally_openstack.cleanup.manager [-] Deleting neutron.network object s_rally_a4e02925_PkGdj2JM (3f295c2a-1742-4c40-96b0-960073d5580f)
2019-08-18 08:52:15.726 21663 RALLYDEBUG rally_openstack.cleanup.manager [-] Deleting neutron.network object s_rally_a4e02925_quwa1QAL (423032c7-ba8f-48d3-9d21-3dc055ae573b)
2019-08-18 08:52:15.810 21663 RALLYDEBUG rally_openstack.cleanup.manager [-] Deleting neutron.network object s_rally_a4e02925_4aFPRtEI (483dd026-2162-4da3-bfc8-0e97bfd3dfd6)
2019-08-18 08:52:15.940 21663 RALLYDEBUG rally_openstack.cleanup.manager [-] Deleting neutron.network object s_rally_a4e02925_rGUKGgrr (4984f212-fd6c-4f98-aa65-bb7136d60613)
2019-08-18 08:52:16.086 21663 RALLYDEBUG rally_openstack.cleanup.manager [-] Deleting neutron.network object s_rally_a4e02925_oUyOT8Zt (4c4c6cf5-34a9-4b51-be98-30c2da1b7589)
2019-08-18 08:52:16.214 21663 RALLYDEBUG rally_openstack.cleanup.manager [-] Deleting neutron.network object s_rally_a4e02925_ooV2bzYO (4c7bd488-b1f9-49bc-b9a6-29e3c37e3f77)
2019-08-18 08:52:16.399 21663 RALLYDEBUG rally_openstack.cleanup.manager [-] Deleting neutron.network object s_rally_a4e02925_OjuZf2yF (4cb68849-07a4-4c8b-b3b3-5449c31a1f00)
2019-08-18 08:52:16.755 21663 RALLYDEBUG rally_openstack.cleanup.manager [-] Deleting neutron.network object s_rally_a4e02925_CcQA5aDG (4d827904-0726-4e4b-a269-07bd593f7d91)
2019-08-18 08:52:16.974 21663 RALLYDEBUG rally_openstack.cleanup.manager [-] Deleting neutron.network object s_rally_a4e02925_b3G1ntnL (4fc16a12-53e7-44ef-9880-325b8f482a73)
2019-08-18 08:52:17.111 21663 RALLYDEBUG rally_openstack.cleanup.manager [-] Deleting neutron.network object s_rally_a4e02925_DfmE52VB (52cbd8ab-338f-4dab-9744-257ab128cd74)
2019-08-18 08:52:17.630 21663 RALLYDEBUG rally_openstack.cleanup.manager [-] Deleting neutron.network object s_rally_a4e02925_WNdZTOxT (533d7cc4-812f-4ec3-beda-78a1ad129459)
2019-08-18 08:52:17.820 21663 RALLYDEBUG rally_openstack.cleanup.manager [-] Deleting neutron.network object s_rally_a4e02925_GEmvvk2e (5b8bd6e8-ddb9-44ea-9290-e7190c7e962d)
2019-08-18 08:52:17.849 21663 RALLYDEBUG rally_openstack.cleanup.manager [-] Deleting neutron.network object s_rally_a4e02925_OXnRKkTP (5c52c266-bc2b-4e4a-86b2-cb7f8ec0ed84)
2019-08-18 08:52:17.960 21663 RALLYDEBUG rally_openstack.cleanup.manager [-] Deleting neutron.network object s_rally_a4e02925_N7di5Qu1 (5ca66766-8340-4450-a4ac-0e24e077b1ce)
2019-08-18 08:52:18.003 21663 RALLYDEBUG rally_openstack.cleanup.manager [-] Deleting neutron.network object s_rally_a4e02925_4zoZKn67 (601e6624-3664-48ad-84f2-f287694a41f1)
2019-08-18 08:52:18.279 21663 RALLYDEBUG rally_openstack.cleanup.manager [-] Deleting neutron.network object s_rally_a4e02925_SJiQgutg (603197ae-d6bf-4459-bc63-11ab84d629e1)
2019-08-18 08:52:18.311 21663 RALLYDEBUG rally_openstack.cleanup.manager [-] Deleting neutron.network object s_rally_a4e02925_Zoe7cKtp (69454a62-be2f-4743-b649-a3fb1d9010e8)
2019-08-18 08:52:18.417 21663 RALLYDEBUG rally_openstack.cleanup.manager [-] Deleting neutron.network object s_rally_a4e02925_KGanlQPz (6ba82c8a-864c-4abb-88cc-70546ccdee25)
2019-08-18 08:52:18.532 21663 RALLYDEBUG rally_openstack.cleanup.manager [-] Deleting neutron.network object s_rally_a4e02925_BVQtzHGa (6e9a0f50-8f81-4450-af8e-cc4e55dc96fb)
2019-08-18 08:52:18.615 21663 RALLYDEBUG rally_openstack.cleanup.manager [-] Deleting neutron.network object s_rally_a4e02925_nJlpZ5gu (6ffd9997-9341-43ae-98b1-9d9b16604bce)
2019-08-18 08:52:18.811 21663 RALLYDEBUG rally_openstack.cleanup.manager [-] Deleting neutron.network object s_rally_a4e02925_f9jn4B0k (72772c25-a2dd-4d27-aadd-e8d24d8037a7)
2019-08-18 08:52:18.825 21663 RALLYDEBUG rally_openstack.cleanup.manager [-] Deleting neutron.network object s_rally_a4e02925_vIYSffyN (73dc2e0b-5955-483d-a0da-4c95b0db4e39)
2019-08-18 08:52:18.880 21663 RALLYDEBUG rally_openstack.cleanup.manager [-] Deleting neutron.network object s_rally_a4e02925_KsoDgzFt (746bf3a8-8074-42e2-bc7c-e5c3016dbe77)
2019-08-18 08:52:18.911 21663 RALLYDEBUG rally_openstack.cleanup.manager [-] Deleting neutron.network object s_rally_a4e02925_a7t8EwNv (77d3b7c5-07bb-4901-a291-5661980456f0)
2019-08-18 08:52:18.969 21663 RALLYDEBUG rally_openstack.cleanup.manager [-] Deleting neutron.network object s_rally_a4e02925_WykX997d (798769d5-08de-4f47-b44e-e6f65806f49a)
2019-08-18 08:52:18.970 21663 RALLYDEBUG rally_openstack.cleanup.manager [-] Deleting neutron.network object s_rally_a4e02925_MWSebCHd (784fb9e4-a8d4-40dd-b94b-4006dd20cc09)
2019-08-18 08:52:18.996 21663 RALLYDEBUG rally_openstack.cleanup.manager [-] Deleting neutron.network object s_rally_a4e02925_e9tiQxTf (7fa2079b-ce4c-490e-889c-fa87da8dc597)
2019-08-18 08:52:19.214 21663 RALLYDEBUG rally_openstack.cleanup.manager [-] Deleting neutron.network object s_rally_a4e02925_41iEjgET (8b342324-b355-4ba7-a410-934bfc5d7324)
2019-08-18 08:52:19.262 21663 RALLYDEBUG rally_openstack.cleanup.manager [-] Deleting neutron.network object s_rally_a4e02925_KoZwZzUV (914c543d-a4c7-443a-b4a2-8b4101960f69)
2019-08-18 08:52:19.839 21663 RALLYDEBUG rally_openstack.cleanup.manager [-] Deleting neutron.network object s_rally_a4e02925_RmU9m7tr (9265ceb7-a668-4c95-bba5-0c7c2f9fa742)
2019-08-18 08:52:20.019 21663 RALLYDEBUG rally_openstack.cleanup.manager [-] Deleting neutron.network object s_rally_a4e02925_404YO7TN (9300ef70-a9c6-4f6f-9fa8-15e949c532f0)
2019-08-18 08:52:20.272 21663 RALLYDEBUG rally_openstack.cleanup.manager [-] Deleting neutron.network object s_rally_a4e02925_x4EHLQCo (9fa9a1a4-0981-47d4-8313-0517445763a0)
2019-08-18 08:52:20.398 21663 RALLYDEBUG rally_openstack.cleanup.manager [-] Deleting neutron.network object s_rally_a4e02925_wMa07Abi (a467acbe-80a4-4cf2-84e2-cf21d821634d)
2019-08-18 08:52:20.745 21663 RALLYDEBUG rally_openstack.cleanup.manager [-] Deleting neutron.network object s_rally_a4e02925_Vi7EBTTr (a6c8f078-1f28-455d-a17a-d72e4162d91f)
2019-08-18 08:52:20.844 21663 RALLYDEBUG rally_openstack.cleanup.manager [-] Deleting neutron.network object s_rally_a4e02925_c0ubiQbk (b2160822-fb90-46f4-966b-10614cd351be)
2019-08-18 08:52:20.924 21663 RALLYDEBUG rally_openstack.cleanup.manager [-] Deleting neutron.network object s_rally_a4e02925_hRVx7yhv (b26165d3-4d00-4bd5-8bef-3ee8681756ae)
2019-08-18 08:52:21.006 21663 RALLYDEBUG rally_openstack.cleanup.manager [-] Deleting neutron.network object s_rally_a4e02925_uzAI3UUE (b5a1a16a-c7b8-4118-a8b8-e9b0bff03d11)
2019-08-18 08:52:21.095 21663 RALLYDEBUG rally_openstack.cleanup.manager [-] Deleting neutron.network object s_rally_a4e02925_WLpdevvf (b8eaef49-5add-4ed5-9f93-f2d1952b8e0d)
2019-08-18 08:52:21.105 21663 RALLYDEBUG rally_openstack.cleanup.manager [-] Deleting neutron.network object s_rally_a4e02925_OQlub9La (bbe6f746-b604-4783-8318-9bf99baefebd)
2019-08-18 08:52:21.267 21663 RALLYDEBUG rally_openstack.cleanup.manager [-] Deleting neutron.network object s_rally_a4e02925_Hi3XjMkI (c0160cdd-abb2-4cb6-bb77-8a5b3afbb529)
2019-08-18 08:52:21.305 21663 RALLYDEBUG rally_openstack.cleanup.manager [-] Deleting neutron.network object s_rally_a4e02925_KUAPhLUK (c5e6e356-b8c3-404f-b347-7662096efd7e)
2019-08-18 08:52:21.399 21663 RALLYDEBUG rally_openstack.cleanup.manager [-] Deleting neutron.network object s_rally_a4e02925_kA0mTr3n (c96a1869-9dc6-4f81-b3b8-fe6d374539aa)
2019-08-18 08:52:21.501 21663 RALLYDEBUG rally_openstack.cleanup.manager [-] Deleting neutron.network object s_rally_a4e02925_BbSL6aNe (ca7d67ca-2b9a-417a-a4a2-9c4ba8d739c5)
2019-08-18 08:52:21.602 21663 RALLYDEBUG rally_openstack.cleanup.manager [-] Deleting neutron.network object s_rally_a4e02925_ZkgmSYl7 (ca9dbb91-55d0-4761-985e-ec30b0ec1451)
2019-08-18 08:52:21.618 21663 RALLYDEBUG rally_openstack.cleanup.manager [-] Deleting neutron.network object s_rally_a4e02925_blWJmLDR (cc66aaf7-0992-45f2-8f38-e2032851f3a1)
2019-08-18 08:52:21.653 21663 RALLYDEBUG rally_openstack.cleanup.manager [-] Deleting neutron.network object s_rally_a4e02925_KAe5CiYB (ccbd8f5a-8509-4192-9cd7-bc1ffdcaa0fb)
2019-08-18 08:52:21.680 21663 RALLYDEBUG rally_openstack.cleanup.manager [-] Deleting neutron.network object s_rally_a4e02925_a2HM4xtT (ce65ca09-41bf-469a-a8cc-003a93ce1ee5)
2019-08-18 08:52:21.839 21663 RALLYDEBUG rally_openstack.cleanup.manager [-] Deleting neutron.network object s_rally_a4e02925_qMO23ibZ (ce8b4ea4-070c-472a-b357-6a13288b9980)
2019-08-18 08:52:21.929 21663 RALLYDEBUG rally_openstack.cleanup.manager [-] Deleting neutron.network object s_rally_a4e02925_dlvNuwIH (cf0bbfe7-ab2d-4feb-a845-ffecc05b2d02)
2019-08-18 08:52:22.132 21663 RALLYDEBUG rally_openstack.cleanup.manager [-] Deleting neutron.network object s_rally_a4e02925_IQ0mgwod (d376baa6-b2bc-49e0-a3aa-c1daefa45f4e)
2019-08-18 08:52:22.491 21663 RALLYDEBUG rally_openstack.cleanup.manager [-] Deleting neutron.network object s_rally_a4e02925_PuoJmyqd (d6326338-8596-45f5-a7ce-23d386714836)
2019-08-18 08:52:22.497 21663 RALLYDEBUG rally_openstack.cleanup.manager [-] Deleting neutron.network object s_rally_a4e02925_GlMStfVp (d4aaefd5-1d5d-47f0-9b95-763bf0a7367e)
2019-08-18 08:52:22.993 21663 RALLYDEBUG rally_openstack.cleanup.manager [-] Deleting neutron.network object s_rally_a4e02925_UHxaJEQH (d8319ac1-a93b-46ea-a3b9-7cbd8ba49f9c)
2019-08-18 08:52:23.041 21663 RALLYDEBUG rally_openstack.cleanup.manager [-] Deleting neutron.network object s_rally_a4e02925_RpTLFgYT (d92b71d4-89ca-404b-b3f5-3a4776492e3e)
2019-08-18 08:52:23.086 21663 RALLYDEBUG rally_openstack.cleanup.manager [-] Deleting neutron.network object s_rally_a4e02925_oSF89Z26 (e12aabe0-cce3-433d-a0d4-2ac1bb30bb36)
2019-08-18 08:52:23.185 21663 RALLYDEBUG rally_openstack.cleanup.manager [-] Deleting neutron.network object s_rally_a4e02925_rNUxsgBG (e59beaab-d06b-44d6-96c0-b02907cc91b4)
2019-08-18 08:52:23.486 21663 RALLYDEBUG rally_openstack.cleanup.manager [-] Deleting neutron.network object s_rally_a4e02925_plOH5mhE (e6df3106-9f91-44fe-8ed1-c06e5225219d)
2019-08-18 08:52:23.552 21663 RALLYDEBUG rally_openstack.cleanup.manager [-] Deleting neutron.network object s_rally_a4e02925_ns2e5JAW (e85876ec-b1ac-440a-8db3-d0c6fbc42b87)
2019-08-18 08:52:23.566 21663 RALLYDEBUG rally_openstack.cleanup.manager [-] Deleting neutron.network object s_rally_a4e02925_iWz8gfg1 (e8727175-ca43-42c4-b5ae-9a66f66f1977)
2019-08-18 08:52:23.678 21663 RALLYDEBUG rally_openstack.cleanup.manager [-] Deleting neutron.network object s_rally_a4e02925_PAXtgw0k (ecb5cb57-1a78-4ecf-8d8a-dfbc448ce62c)
2019-08-18 08:52:23.733 21663 RALLYDEBUG rally_openstack.cleanup.manager [-] Deleting neutron.network object s_rally_a4e02925_6jyG0fY1 (eeb9cf3a-7fef-4f43-aaf6-6951fd6dd6ba)
2019-08-18 08:52:23.948 21663 RALLYDEBUG rally_openstack.cleanup.manager [-] Deleting neutron.network object s_rally_a4e02925_6J0rmjIA (efdf9dfb-cd19-4299-b644-f797b4521ad7)
