2019-08-18 09:03:58.057 21663 RALLYDEBUG rally_openstack.cleanup.manager [-] Deleting neutron.port object s_rally_d1856d8d_7J5vVaCQ (d576dba3-4a02-4fb1-aa90-6b83db619667)
2019-08-18 09:03:58.146 21663 RALLYDEBUG rally_openstack.cleanup.manager [-] Deleting neutron.port object s_rally_d1856d8d_yG6WWuMI (d743705a-82b2-48b6-bc48-9560f99ae346)
2019-08-18 09:03:58.270 21663 RALLYDEBUG rally_openstack.cleanup.manager [-] Deleting neutron.port object s_rally_d1856d8d_oEIzI2VE (d79809bd-bd6b-457c-9829-4dac08371829)
2019-08-18 09:03:58.437 21663 RALLYDEBUG rally_openstack.cleanup.manager [-] Deleting neutron.port object s_rally_d1856d8d_ZgXbJtR0 (d860a666-d77b-40ad-a68f-541cfeb9e61d)
2019-08-18 09:03:58.481 21663 RALLYDEBUG rally_openstack.cleanup.manager [-] Deleting neutron.port object s_rally_d1856d8d_M1eJ2900 (d8a9b69b-39cd-414e-989f-9a5605691f56)
2019-08-18 09:03:58.481 21663 RALLYDEBUG rally_openstack.cleanup.manager [-] Deleting neutron.port object s_rally_d1856d8d_w42j2PRu (d9aecc35-06bb-4fab-aa47-8c2b9b092db9)
2019-08-18 09:03:58.578 21663 RALLYDEBUG rally_openstack.cleanup.manager [-] Deleting neutron.port object s_rally_d1856d8d_wNoPcbAn (da339f6b-7208-43bd-9eed-13b9e5218d3a)
2019-08-18 09:03:58.618 21663 RALLYDEBUG rally_openstack.cleanup.manager [-] Deleting neutron.port object s_rally_d1856d8d_mVvzRWOz (da6e7ce3-7bbb-4964-afc6-cd3f44bc8f0f)
2019-08-18 09:03:58.703 21663 RALLYDEBUG rally_openstack.cleanup.manager [-] Deleting neutron.port object s_rally_d1856d8d_Ly43j1Na (da95f566-3b35-4416-b3c1-3e6653a696ba)
2019-08-18 09:03:58.741 21663 RALLYDEBUG rally_openstack.cleanup.manager [-] Deleting neutron.port object s_rally_d1856d8d_zjw4qYub (db07eb79-586c-479f-8a22-20a2e46f0868)
2019-08-18 09:03:59.190 21663 RALLYDEBUG rally_openstack.cleanup.manager [-] Deleting neutron.port object s_rally_d1856d8d_GH0ablU4 (de46e9f4-7441-44b8-912c-7cb9b60c36f6)
2019-08-18 09:03:59.191 21663 RALLYDEBUG rally_openstack.cleanup.manager [-] Deleting neutron.port object s_rally_d1856d8d_9vzvnkDq (db229c48-c7ac-4894-969a-a6f564fd1700)
2019-08-18 09:03:59.299 21663 RALLYDEBUG rally_openstack.cleanup.manager [-] Deleting neutron.port object s_rally_d1856d8d_6hfLh0iR (defad76d-27f0-44fe-a619-00d8a85a4108)
2019-08-18 09:03:59.407 21663 RALLYDEBUG rally_openstack.cleanup.manager [-] Deleting neutron.port object s_rally_d1856d8d_r4uSreJf (df64de54-f4fd-445e-a045-78d091232d24)
2019-08-18 09:03:59.430 21663 RALLYDEBUG rally_openstack.cleanup.manager [-] Deleting neutron.port object s_rally_d1856d8d_Qc8p6Ec0 (df81964c-791e-4b02-b405-2fdb11a4e844)
2019-08-18 09:03:59.855 21663 RALLYDEBUG rally_openstack.cleanup.manager [-] Deleting neutron.port object s_rally_d1856d8d_O09aqCGS (df91937b-8235-429f-9a44-645e71fd473a)
2019-08-18 09:03:59.941 21663 RALLYDEBUG rally_openstack.cleanup.manager [-] Deleting neutron.port object s_rally_d1856d8d_gHJNdr6o (e1c2d30d-d24a-44da-948c-ba2953f66a56)
2019-08-18 09:04:00.046 21663 RALLYDEBUG rally_openstack.cleanup.manager [-] Deleting neutron.port object s_rally_d1856d8d_YqKb57B1 (e1d5d90f-8c33-4caa-8b29-bd2a79d4cb0c)
2019-08-18 09:04:00.151 21663 RALLYDEBUG rally_openstack.cleanup.manager [-] Deleting neutron.port object s_rally_d1856d8d_l3URqmre (e27092c8-9a8e-4223-b1a5-7ac82b5a144b)
2019-08-18 09:04:00.309 21663 RALLYDEBUG rally_openstack.cleanup.manager [-] Deleting neutron.port object s_rally_d1856d8d_ZvmlPFU4 (e2933613-913f-43ff-9d1d-21883fcb1596)
2019-08-18 09:04:00.312 21663 RALLYDEBUG rally_openstack.cleanup.manager [-] Deleting neutron.port object s_rally_d1856d8d_aPcOOFas (e2b14a8e-4485-4c95-bce1-084d5bdd6030)
2019-08-18 09:04:00.335 21663 RALLYDEBUG rally_openstack.cleanup.manager [-] Deleting neutron.port object s_rally_d1856d8d_wj2Gjwhm (e3b31b04-7f5a-4cd7-90f3-d38b0c42ea0c)
2019-08-18 09:04:00.551 21663 RALLYDEBUG rally_openstack.cleanup.manager [-] Deleting neutron.port object s_rally_d1856d8d_8VsY3RVO (e43f97d5-33cf-4206-aa21-3f07ff7a76a3)
2019-08-18 09:04:00.581 21663 RALLYDEBUG rally_openstack.cleanup.manager [-] Deleting neutron.port object s_rally_d1856d8d_NVy9rYSk (e4a0cf0c-c69e-485b-b758-cc03d1247bb5)
2019-08-18 09:04:00.710 21663 RALLYDEBUG rally_openstack.cleanup.manager [-] Deleting neutron.port object s_rally_d1856d8d_vK1P4KQZ (e4b89375-870d-4737-a241-2be8e7b47ac7)
2019-08-18 09:04:00.725 21663 RALLYDEBUG rally_openstack.cleanup.manager [-] Deleting neutron.port object s_rally_d1856d8d_7oLJdHy4 (e73735ab-ce5b-4691-97e4-7b91732c7ca6)
2019-08-18 09:04:00.841 21663 RALLYDEBUG rally_openstack.cleanup.manager [-] Deleting neutron.port object s_rally_d1856d8d_9oy6Zxle (e86f3769-6ffd-406c-a091-0e24d2754d29)
2019-08-18 09:04:00.995 21663 RALLYDEBUG rally_openstack.cleanup.manager [-] Deleting neutron.port object s_rally_d1856d8d_t2PllBdb (e965d067-b104-4e6a-8ff5-1059eef503a5)
2019-08-18 09:04:01.146 21663 RALLYDEBUG rally_openstack.cleanup.manager [-] Deleting neutron.port object s_rally_d1856d8d_NwkbntZ2 (ea27d962-cb28-43a8-ab92-b0d489db785b)
2019-08-18 09:04:01.214 21663 RALLYDEBUG rally_openstack.cleanup.manager [-] Deleting neutron.port object s_rally_d1856d8d_Ub4iI1Lt (ea98c16b-f440-4258-bd44-55517f5aa47b)
2019-08-18 09:04:01.260 21663 RALLYDEBUG rally_openstack.cleanup.manager [-] Deleting neutron.port object s_rally_d1856d8d_F18y5ng6 (eae69da7-0777-462d-a2b6-3e03a60a06f6)
2019-08-18 09:04:01.295 21663 RALLYDEBUG rally_openstack.cleanup.manager [-] Deleting neutron.port object s_rally_d1856d8d_Vaj37eFF (eb256599-3e9c-4d0a-86aa-e7e3981cc702)
2019-08-18 09:04:01.492 21663 RALLYDEBUG rally_openstack.cleanup.manager [-] Deleting neutron.port object s_rally_d1856d8d_WJEHU7Ka (ebb3f715-364e-4ca1-a81a-f82b4e1cf679)
2019-08-18 09:04:01.492 21663 RALLYDEBUG rally_openstack.cleanup.manager [-] Deleting neutron.port object s_rally_d1856d8d_9YaxC4SD (ebbcd519-e10d-45c6-80f7-76a830c9f006)
2019-08-18 09:04:01.623 21663 RALLYDEBUG rally_openstack.cleanup.manager [-] Deleting neutron.port object s_rally_d1856d8d_blsCzLYk (ee47affe-cf6b-465d-85ad-274e30d2abc2)
2019-08-18 09:04:01.774 21663 RALLYDEBUG rally_openstack.cleanup.manager [-] Deleting neutron.port object s_rally_d1856d8d_fgFnF3Jr (eec3c07a-01bb-48a7-b11a-4ed2b9f7e8ea)
2019-08-18 09:04:01.821 21663 RALLYDEBUG rally_openstack.cleanup.manager [-] Deleting neutron.port object s_rally_d1856d8d_JQiA7g43 (ef01b6e4-ee92-411d-a71a-8935c6a90ed4)
2019-08-18 09:04:01.947 21663 RALLYDEBUG rally_openstack.cleanup.manager [-] Deleting neutron.port object s_rally_d1856d8d_lIjbOaZK (ef2592e0-a684-4003-8480-29e59e25885c)
2019-08-18 09:04:02.050 21663 RALLYDEBUG rally_openstack.cleanup.manager [-] Deleting neutron.port object s_rally_d1856d8d_T7tfbedP (f113461b-ad5e-44bb-ab34-a357aca4e26b)
2019-08-18 09:04:02.223 21663 RALLYDEBUG rally_openstack.cleanup.manager [-] Deleting neutron.port object s_rally_d1856d8d_cDIkYBBC (f15cbd7d-e944-4b8c-8d43-79b9cac9728d)
2019-08-18 09:04:02.329 21663 RALLYDEBUG rally_openstack.cleanup.manager [-] Deleting neutron.port object s_rally_d1856d8d_ok69p7Xv (f1761f34-cd07-4025-9087-fc5d339afc97)
2019-08-18 09:04:02.382 21663 RALLYDEBUG rally_openstack.cleanup.manager [-] Deleting neutron.port object s_rally_d1856d8d_VjTnf0BH (f218ffec-3977-4367-919a-ae7e59a45d7b)
2019-08-18 09:04:02.452 21663 RALLYDEBUG rally_openstack.cleanup.manager [-] Deleting neutron.port object s_rally_d1856d8d_Ezvkv9EY (f36d2d4a-006f-42af-8f83-a1360691e14f)
2019-08-18 09:04:02.802 21663 RALLYDEBUG rally_openstack.cleanup.manager [-] Deleting neutron.port object s_rally_d1856d8d_BeFhjGFw (f41e6445-1bb5-4505-97a7-79bbd20dec5b)
2019-08-18 09:04:02.827 21663 RALLYDEBUG rally_openstack.cleanup.manager [-] Deleting neutron.port object s_rally_d1856d8d_U1mXKstO (f4cb52bd-15a9-4cd9-9f0e-e8413502590a)
2019-08-18 09:04:02.854 21663 RALLYDEBUG rally_openstack.cleanup.manager [-] Deleting neutron.port object s_rally_d1856d8d_BNDogW6W (f4d5f0dd-8753-4113-a760-8125d75a6cf8)
2019-08-18 09:04:02.977 21663 RALLYDEBUG rally_openstack.cleanup.manager [-] Deleting neutron.port object s_rally_d1856d8d_c5Q6lemh (f5041ccf-9da4-49cf-8ae9-d89a7030d388)
2019-08-18 09:04:03.296 21663 RALLYDEBUG rally_openstack.cleanup.manager [-] Deleting neutron.port object s_rally_d1856d8d_B1IXPpH2 (f57fe44c-fca3-4e6b-9e78-c96d3fa1f672)
2019-08-18 09:04:03.439 21663 RALLYDEBUG rally_openstack.cleanup.manager [-] Deleting neutron.port object s_rally_d1856d8d_zV72ZyWl (f69ff1f4-056c-4c15-93b8-0eedd77f3507)
2019-08-18 09:04:03.480 21663 RALLYDEBUG rally_openstack.cleanup.manager [-] Deleting neutron.port object s_rally_d1856d8d_qGB6Q240 (f6c5d4aa-40e4-485e-aaef-2f23ff345fdd)
2019-08-18 09:04:03.513 21663 RALLYDEBUG rally_openstack.cleanup.manager [-] Deleting neutron.port object s_rally_d1856d8d_HcWqtefc (f711ea59-48a6-4e1a-b404-2738534ccffc)
2019-08-18 09:04:03.573 21663 RALLYDEBUG rally_openstack.cleanup.manager [-] Deleting neutron.port object s_rally_d1856d8d_nPVWrFKw (f71d6b6f-0846-4541-85d4-ac65b183bf2c)
2019-08-18 09:04:03.638 21663 RALLYDEBUG rally_openstack.cleanup.manager [-] Deleting neutron.port object s_rally_d1856d8d_xxOUiHqM (f7264660-46e7-437f-91cf-9c60adf41237)
2019-08-18 09:04:03.668 21663 RALLYDEBUG rally_openstack.cleanup.manager [-] Deleting neutron.port object s_rally_d1856d8d_YMm1guVw (f7da2a7d-d215-4eeb-8164-dc19a4136b11)
2019-08-18 09:04:03.716 21663 RALLYDEBUG rally_openstack.cleanup.manager [-] Deleting neutron.port object s_rally_d1856d8d_7GWWFUiL (f8d44ba0-fa7a-4d4a-8780-6a7340b48ace)
2019-08-18 09:04:03.725 21663 RALLYDEBUG rally_openstack.cleanup.manager [-] Deleting neutron.port object s_rally_d1856d8d_nnErOye8 (fc16c583-1597-4d69-b20e-ca8d4d00f906)
2019-08-18 09:04:04.105 21663 RALLYDEBUG rally_openstack.cleanup.manager [-] Deleting neutron.port object s_rally_d1856d8d_Wcg4XTRY (fc8e5804-d04f-4db0-aa2b-403f66f346ff)
2019-08-18 09:04:04.160 21663 RALLYDEBUG rally_openstack.cleanup.manager [-] Deleting neutron.port object s_rally_d1856d8d_Yqji4WNE (fd8f9b31-2fbb-48b1-bdeb-9d8b61be55d7)
2019-08-18 09:04:04.261 21663 RALLYDEBUG rally_openstack.cleanup.manager [-] Deleting neutron.port object s_rally_d1856d8d_4qZbxAGP (fde77536-8702-4144-95b9-914ca62e636a)
2019-08-18 09:04:04.289 21663 RALLYDEBUG rally_openstack.cleanup.manager [-] Deleting neutron.port object s_rally_d1856d8d_YtrZgUgy (fe80b0b9-1bc4-4461-97af-4a81b9483d11)
2019-08-18 09:04:04.574 21663 RALLYDEBUG rally_openstack.cleanup.manager [-] Deleting neutron.port object s_rally_d1856d8d_fGVrBPOC (ff21c6bf-b985-43f9-9abe-c8cdced2548b)
2019-08-18 09:04:04.595 21663 RALLYDEBUG rally_openstack.cleanup.manager [-] Deleting neutron.port object s_rally_d1856d8d_mSCvH523 (ffcd5846-8455-4ff5-8f19-4b9d95e5f8ba)
2019-08-18 09:04:06.681 21663 RALLYDEBUG rally_openstack.cleanup.manager [-] Cleaning up neutron subnet objects
2019-08-18 09:04:07.117 21663 RALLYDEBUG rally_openstack.cleanup.manager [-] Cleaning up neutron network objects
2019-08-18 09:04:07.610 21663 RALLYDEBUG rally_openstack.cleanup.manager [-] Deleting neutron.network object s_rally_d1856d8d_GRKGf6Ii (153d1a10-dcc3-4a43-b275-785b741d46b8)
2019-08-18 09:04:07.616 21663 RALLYDEBUG rally_openstack.cleanup.manager [-] Deleting neutron.network object s_rally_d1856d8d_mUUZNyCF (17f9bd68-281f-453c-9326-aeb48278c69a)
2019-08-18 09:04:07.621 21663 RALLYDEBUG rally_openstack.cleanup.manager [-] Deleting neutron.network object s_rally_d1856d8d_rwJQ1t13 (2194cda4-9d39-46fd-8fe6-13b65a12b19f)
2019-08-18 09:04:07.640 21663 RALLYDEBUG rally_openstack.cleanup.manager [-] Deleting neutron.network object s_rally_d1856d8d_rExQQ2J3 (4100ef9a-b0f0-40a1-a94d-e623890312c0)
2019-08-18 09:04:07.645 21663 RALLYDEBUG rally_openstack.cleanup.manager [-] Deleting neutron.network object s_rally_d1856d8d_COTLcmUc (99c78817-675d-4e5a-9b68-85fffb20d14e)
2019-08-18 09:04:07.661 21663 RALLYDEBUG rally_openstack.cleanup.manager [-] Deleting neutron.network object s_rally_d1856d8d_DWZeSuZz (b957311d-4ac6-4db7-9823-66ad5b087c24)
2019-08-18 09:04:07.666 21663 RALLYDEBUG rally_openstack.cleanup.manager [-] Deleting neutron.network object s_rally_d1856d8d_7jC2Hb5X (bb8e1830-6bb5-4fda-a597-f9402698d1e8)
2019-08-18 09:04:07.695 21663 RALLYDEBUG rally_openstack.cleanup.manager [-] Deleting neutron.network object s_rally_d1856d8d_83gsw2lb (e5af9cf7-45ce-4e56-8a72-1aa8dad8d320)
2019-08-18 09:04:10.465 21663 RALLYDEBUG rally_openstack.cleanup.manager [-] Cleaning up neutron router objects
2019-08-18 09:04:10.900 21663 RALLYDEBUG rally_openstack.cleanup.manager [-] Cleaning up neutron security_group objects
2019-08-18 09:04:11.347 21663 INFO rally.task.context [-] Task 55d49952-976f-4cd9-a359-7f657caba7e5 | Context cleanup@openstack cleanup() finished in 53.78 sec
2019-08-18 09:04:11.348 21663 INFO rally.task.context [-] Task 55d49952-976f-4cd9-a359-7f657caba7e5 | Context quotas@openstack cleanup() started
2019-08-18 09:04:11.447 21663 INFO rally.task.context [-] Task 55d49952-976f-4cd9-a359-7f657caba7e5 | Context quotas@openstack cleanup() finished in 99.56 msec
2019-08-18 09:04:11.448 21663 INFO rally.task.context [-] Task 55d49952-976f-4cd9-a359-7f657caba7e5 | Context users@openstack cleanup() started
2019-08-18 09:04:14.257 21663 INFO rally.task.context [-] Task 55d49952-976f-4cd9-a359-7f657caba7e5 | Context users@openstack cleanup() finished in 2.81 sec
2019-08-18 09:04:14.600 21663 INFO rally.task.engine [-] Load duration is: 56.554104
2019-08-18 09:04:14.601 21663 INFO rally.task.engine [-] Full runner duration is: 56.607901
2019-08-18 09:04:14.601 21663 INFO rally.task.engine [-] Full duration is: 116.202771
2019-08-18 09:04:14.936 21663 INFO rally.task.engine [-] Running workload: position = 1 config = { "version": 2, "title": "A cropped version of a bigger task.", "description": "Auto-generated task from a single workload (uuid=d012e5fc-5cb0-4b0d-9dca-2be3f58a00b4)", "subtasks": [ { "title": "NeutronNetworks.create_and_update_ports", "description": "Create and update a given number of ports.", "scenario": { "NeutronNetworks.create_and_update_ports": { "network_create_args": {}, "port_create_args": {}, "ports_per_network": 5, "port_update_args": { "admin_state_up": false, "device_id": "dummy_id", "device_owner": "dummy_owner", "name": "_port_updated" } } }, "contexts": { "users": { "tenants": 1, "users_per_tenant": 1 }, "quotas": { "neutron": { "network": -1, "port": -1 } } }, "runner": { "constant": { "times": 40, "concurrency": 20 } }, "hooks": [], "sla": { "failure_rate": { "max": 0 } } } ] }
2019-08-18 09:04:15.140 21663 RALLYDEBUG rally_openstack.contexts.keystone.users [-] Creating 1 tenants using 20 threads
2019-08-18 09:04:16.093 21663 RALLYDEBUG rally_openstack.contexts.keystone.users [-] Creating 1 users using 20 threads
2019-08-18 09:04:17.501 21663 INFO rally.task.context [-] Task 55d49952-976f-4cd9-a359-7f657caba7e5 | Context users@openstack setup() finished in 2.36 sec
2019-08-18 09:04:18.046 21663 INFO rally.task.context [-] Task 55d49952-976f-4cd9-a359-7f657caba7e5 | Context quotas@openstack setup() finished in 0.54 sec
2019-08-18 09:04:18.046 21663 INFO rally.task.context [-] Task 55d49952-976f-4cd9-a359-7f657caba7e5 | Context cleanup@openstack setup() finished in 0.01 msec
2019-08-18 09:04:18.056 21663 RALLYDEBUG rally.task.runner [-] Starting the constant runner (task UUID: 55d49952-976f-4cd9-a359-7f657caba7e5). timeout: 0 concurrency: 20 concurrency_per_worker: 1 times: 40 concurrency_overhead: 4 processes_to_start: 16 max_cpu_used: 16
2019-08-18 09:04:18.070 25539 RALLYDEBUG rally.task.runner [-] Starting a worker. concurrency: 2 args: {"network_create_args": {}, "port_create_args": {}, "ports_per_network": 5, "port_update_args": {"admin_state_up": false, "device_id": "dummy_id", "device_owner": "dummy_owner", "name": "_port_updated"}} times: 40 method_name: run timeout: 0 duration: None cls:
2019-08-18 09:04:18.074 25540 RALLYDEBUG rally.task.runner [-] Starting a worker. concurrency: 2 args: {"network_create_args": {}, "port_create_args": {}, "ports_per_network": 5, "port_update_args": {"admin_state_up": false, "device_id": "dummy_id", "device_owner": "dummy_owner", "name": "_port_updated"}} times: 40 method_name: run timeout: 0 duration: None cls:
2019-08-18 09:04:18.077 25541 RALLYDEBUG rally.task.runner [-] Starting a worker. concurrency: 2 args: {"network_create_args": {}, "port_create_args": {}, "ports_per_network": 5, "port_update_args": {"admin_state_up": false, "device_id": "dummy_id", "device_owner": "dummy_owner", "name": "_port_updated"}} times: 40 method_name: run timeout: 0 duration: None cls:
2019-08-18 09:04:18.079 25539 INFO rally.task.runner [-] Task 55d49952-976f-4cd9-a359-7f657caba7e5 | ITER: 1 START
2019-08-18 09:04:18.081 25539 WARNING rally_openstack.scenarios.neutron.utils [-] Running this scenario without either the 'network' or 'existing_network' context is deprecated
2019-08-18 09:04:18.081 25542 RALLYDEBUG rally.task.runner [-] Starting a worker. concurrency: 2 args: {"network_create_args": {}, "port_create_args": {}, "ports_per_network": 5, "port_update_args": {"admin_state_up": false, "device_id": "dummy_id", "device_owner": "dummy_owner", "name": "_port_updated"}} times: 40 method_name: run timeout: 0 duration: None cls:
2019-08-18 09:04:18.085 25545 RALLYDEBUG rally.task.runner [-] Starting a worker. concurrency: 1 args: {"network_create_args": {}, "port_create_args": {}, "ports_per_network": 5, "port_update_args": {"admin_state_up": false, "device_id": "dummy_id", "device_owner": "dummy_owner", "name": "_port_updated"}} times: 40 method_name: run timeout: 0 duration: None cls:
2019-08-18 09:04:18.086 25540 INFO rally.task.runner [-] Task 55d49952-976f-4cd9-a359-7f657caba7e5 | ITER: 3 START
2019-08-18 09:04:18.087 25541 INFO rally.task.runner [-] Task 55d49952-976f-4cd9-a359-7f657caba7e5 | ITER: 4 START
2019-08-18 09:04:18.089 25541 WARNING rally_openstack.scenarios.neutron.utils [-] Running this scenario without either the 'network' or 'existing_network' context is deprecated
2019-08-18 09:04:18.089 25548 RALLYDEBUG rally.task.runner [-] Starting a worker. concurrency: 1 args: {"network_create_args": {}, "port_create_args": {}, "ports_per_network": 5, "port_update_args": {"admin_state_up": false, "device_id": "dummy_id", "device_owner": "dummy_owner", "name": "_port_updated"}} times: 40 method_name: run timeout: 0 duration: None cls:
2019-08-18 09:04:18.088 25540 WARNING rally_openstack.scenarios.neutron.utils [-] Running this scenario without either the 'network' or 'existing_network' context is deprecated
2019-08-18 09:04:18.092 25545 INFO rally.task.runner [-] Task 55d49952-976f-4cd9-a359-7f657caba7e5 | ITER: 8 START
2019-08-18 09:04:18.092 25540 INFO rally.task.runner [-] Task 55d49952-976f-4cd9-a359-7f657caba7e5 | ITER: 5 START
2019-08-18 09:04:18.094 25540 WARNING rally_openstack.scenarios.neutron.utils [-] Running this scenario without either the 'network' or 'existing_network' context is deprecated
2019-08-18 09:04:18.093 25553 RALLYDEBUG rally.task.runner [-] Starting a worker. concurrency: 1 args: {"network_create_args": {}, "port_create_args": {}, "ports_per_network": 5, "port_update_args": {"admin_state_up": false, "device_id": "dummy_id", "device_owner": "dummy_owner", "name": "_port_updated"}} times: 40 method_name: run timeout: 0 duration: None cls:
2019-08-18 09:04:18.095 25545 WARNING rally_openstack.scenarios.neutron.utils [-] Running this scenario without either the 'network' or 'existing_network' context is deprecated
2019-08-18 09:04:18.090 25542 INFO rally.task.runner [-] Task 55d49952-976f-4cd9-a359-7f657caba7e5 | ITER: 7 START
2019-08-18 09:04:18.096 25548 INFO rally.task.runner [-] Task 55d49952-976f-4cd9-a359-7f657caba7e5 | ITER: 10 START
2019-08-18 09:04:18.097 25539 INFO rally.task.runner [-] Task 55d49952-976f-4cd9-a359-7f657caba7e5 | ITER: 2 START
2019-08-18 09:04:18.092 25541 INFO rally.task.runner [-] Task 55d49952-976f-4cd9-a359-7f657caba7e5 | ITER: 6 START
2019-08-18 09:04:18.098 25548 WARNING rally_openstack.scenarios.neutron.utils [-] Running this scenario without either the 'network' or 'existing_network' context is deprecated
2019-08-18 09:04:18.098 25539 WARNING rally_openstack.scenarios.neutron.utils [-] Running this scenario without either the 'network' or 'existing_network' context is deprecated
2019-08-18 09:04:18.098 25541 WARNING rally_openstack.scenarios.neutron.utils [-] Running this scenario without either the 'network' or 'existing_network' context is deprecated
2019-08-18 09:04:18.096 25542 INFO rally.task.runner [-] Task 55d49952-976f-4cd9-a359-7f657caba7e5 | ITER: 9 START
2019-08-18 09:04:18.100 25542 WARNING rally_openstack.scenarios.neutron.utils [-] Running this scenario without either the 'network' or 'existing_network' context is deprecated
2019-08-18 09:04:18.101 25553 INFO rally.task.runner [-] Task 55d49952-976f-4cd9-a359-7f657caba7e5 | ITER: 11 START
2019-08-18 09:04:18.101 25542 WARNING rally_openstack.scenarios.neutron.utils [-] Running this scenario without either the 'network' or 'existing_network' context is deprecated
2019-08-18 09:04:18.103 25553 WARNING rally_openstack.scenarios.neutron.utils [-] Running this scenario without either the 'network' or 'existing_network' context is deprecated
2019-08-18 09:04:18.103 25561 RALLYDEBUG rally.task.runner [-] Starting a worker. concurrency: 1 args: {"network_create_args": {}, "port_create_args": {}, "ports_per_network": 5, "port_update_args": {"admin_state_up": false, "device_id": "dummy_id", "device_owner": "dummy_owner", "name": "_port_updated"}} times: 40 method_name: run timeout: 0 duration: None cls:
2019-08-18 09:04:18.110 25565 RALLYDEBUG rally.task.runner [-] Starting a worker. concurrency: 1 args: {"network_create_args": {}, "port_create_args": {}, "ports_per_network": 5, "port_update_args": {"admin_state_up": false, "device_id": "dummy_id", "device_owner": "dummy_owner", "name": "_port_updated"}} times: 40 method_name: run timeout: 0 duration: None cls:
2019-08-18 09:04:18.111 25561 INFO rally.task.runner [-] Task 55d49952-976f-4cd9-a359-7f657caba7e5 | ITER: 12 START
2019-08-18 09:04:18.113 25561 WARNING rally_openstack.scenarios.neutron.utils [-] Running this scenario without either the 'network' or 'existing_network' context is deprecated
2019-08-18 09:04:18.117 25568 RALLYDEBUG rally.task.runner [-] Starting a worker. concurrency: 1 args: {"network_create_args": {}, "port_create_args": {}, "ports_per_network": 5, "port_update_args": {"admin_state_up": false, "device_id": "dummy_id", "device_owner": "dummy_owner", "name": "_port_updated"}} times: 40 method_name: run timeout: 0 duration: None cls:
2019-08-18 09:04:18.118 25565 INFO rally.task.runner [-] Task 55d49952-976f-4cd9-a359-7f657caba7e5 | ITER: 13 START
2019-08-18 09:04:18.121 25565 WARNING rally_openstack.scenarios.neutron.utils [-] Running this scenario without either the 'network' or 'existing_network' context is deprecated
2019-08-18 09:04:18.125 25568 INFO rally.task.runner [-] Task 55d49952-976f-4cd9-a359-7f657caba7e5 | ITER: 14 START
2019-08-18 09:04:18.125 25571 RALLYDEBUG rally.task.runner [-] Starting a worker. concurrency: 1 args: {"network_create_args": {}, "port_create_args": {}, "ports_per_network": 5, "port_update_args": {"admin_state_up": false, "device_id": "dummy_id", "device_owner": "dummy_owner", "name": "_port_updated"}} times: 40 method_name: run timeout: 0 duration: None cls:
2019-08-18 09:04:18.127 25568 WARNING rally_openstack.scenarios.neutron.utils [-] Running this scenario without either the 'network' or 'existing_network' context is deprecated
2019-08-18 09:04:18.129 25572 RALLYDEBUG rally.task.runner [-] Starting a worker. concurrency: 1 args: {"network_create_args": {}, "port_create_args": {}, "ports_per_network": 5, "port_update_args": {"admin_state_up": false, "device_id": "dummy_id", "device_owner": "dummy_owner", "name": "_port_updated"}} times: 40 method_name: run timeout: 0 duration: None cls:
2019-08-18 09:04:18.131 25571 INFO rally.task.runner [-] Task 55d49952-976f-4cd9-a359-7f657caba7e5 | ITER: 15 START
2019-08-18 09:04:18.133 25571 WARNING rally_openstack.scenarios.neutron.utils [-] Running this scenario without either the 'network' or 'existing_network' context is deprecated
2019-08-18 09:04:18.135 25572 INFO rally.task.runner [-] Task 55d49952-976f-4cd9-a359-7f657caba7e5 | ITER: 16 START
2019-08-18 09:04:18.136 25575 RALLYDEBUG rally.task.runner [-] Starting a worker. concurrency: 1 args: {"network_create_args": {}, "port_create_args": {}, "ports_per_network": 5, "port_update_args": {"admin_state_up": false, "device_id": "dummy_id", "device_owner": "dummy_owner", "name": "_port_updated"}} times: 40 method_name: run timeout: 0 duration: None cls:
2019-08-18 09:04:18.137 25572 WARNING rally_openstack.scenarios.neutron.utils [-] Running this scenario without either the 'network' or 'existing_network' context is deprecated
2019-08-18 09:04:18.139 25578 RALLYDEBUG rally.task.runner [-] Starting a worker. concurrency: 1 args: {"network_create_args": {}, "port_create_args": {}, "ports_per_network": 5, "port_update_args": {"admin_state_up": false, "device_id": "dummy_id", "device_owner": "dummy_owner", "name": "_port_updated"}} times: 40 method_name: run timeout: 0 duration: None cls:
2019-08-18 09:04:18.142 25575 INFO rally.task.runner [-] Task 55d49952-976f-4cd9-a359-7f657caba7e5 | ITER: 17 START
2019-08-18 09:04:18.144 25575 WARNING rally_openstack.scenarios.neutron.utils [-] Running this scenario without either the 'network' or 'existing_network' context is deprecated
2019-08-18 09:04:18.145 25578 INFO rally.task.runner [-] Task 55d49952-976f-4cd9-a359-7f657caba7e5 | ITER: 18 START
2019-08-18 09:04:18.146 25578 WARNING rally_openstack.scenarios.neutron.utils [-] Running this scenario without either the 'network' or 'existing_network' context is deprecated
2019-08-18 09:04:18.146 25581 RALLYDEBUG rally.task.runner [-] Starting a worker. concurrency: 1 args: {"network_create_args": {}, "port_create_args": {}, "ports_per_network": 5, "port_update_args": {"admin_state_up": false, "device_id": "dummy_id", "device_owner": "dummy_owner", "name": "_port_updated"}} times: 40 method_name: run timeout: 0 duration: None cls:
2019-08-18 09:04:18.151 25581 INFO rally.task.runner [-] Task 55d49952-976f-4cd9-a359-7f657caba7e5 | ITER: 19 START
2019-08-18 09:04:18.153 25581 WARNING rally_openstack.scenarios.neutron.utils [-] Running this scenario without either the 'network' or 'existing_network' context is deprecated
2019-08-18 09:04:18.153 25586 RALLYDEBUG rally.task.runner [-] Starting a worker. concurrency: 1 args: {"network_create_args": {}, "port_create_args": {}, "ports_per_network": 5, "port_update_args": {"admin_state_up": false, "device_id": "dummy_id", "device_owner": "dummy_owner", "name": "_port_updated"}} times: 40 method_name: run timeout: 0 duration: None cls:
2019-08-18 09:04:18.158 25586 INFO rally.task.runner [-] Task 55d49952-976f-4cd9-a359-7f657caba7e5 | ITER: 20 START
2019-08-18 09:04:18.159 25586 WARNING rally_openstack.scenarios.neutron.utils [-] Running this scenario without either the 'network' or 'existing_network' context is deprecated
2019-08-18 09:04:26.900 25571 INFO rally.task.runner [-] Task 55d49952-976f-4cd9-a359-7f657caba7e5 | ITER: 15 END: OK
2019-08-18 09:04:26.905 25571 INFO rally.task.runner [-] Task 55d49952-976f-4cd9-a359-7f657caba7e5 | ITER: 21 START
2019-08-18 09:04:26.905 25571 WARNING rally_openstack.scenarios.neutron.utils [-] Running this scenario without either the 'network' or 'existing_network' context is deprecated
2019-08-18 09:04:27.189 25540 INFO rally.task.runner [-] Task 55d49952-976f-4cd9-a359-7f657caba7e5 | ITER: 3 END: OK
2019-08-18 09:04:27.193 25540 INFO rally.task.runner [-] Task 55d49952-976f-4cd9-a359-7f657caba7e5 | ITER: 22 START
2019-08-18 09:04:27.194 25540 WARNING rally_openstack.scenarios.neutron.utils [-] Running this scenario without either the 'network' or 'existing_network' context is deprecated
2019-08-18 09:04:27.373 25586 INFO rally.task.runner [-] Task 55d49952-976f-4cd9-a359-7f657caba7e5 | ITER: 20 END: OK
2019-08-18 09:04:27.378 25586 INFO rally.task.runner [-] Task 55d49952-976f-4cd9-a359-7f657caba7e5 | ITER: 23 START
2019-08-18 09:04:27.378 25586 WARNING rally_openstack.scenarios.neutron.utils [-] Running this scenario without either the 'network' or 'existing_network' context is deprecated
2019-08-18 09:04:27.663 25565 INFO rally.task.runner [-] Task 55d49952-976f-4cd9-a359-7f657caba7e5 | ITER: 13 END: OK
2019-08-18 09:04:27.669 25565 INFO rally.task.runner [-] Task 55d49952-976f-4cd9-a359-7f657caba7e5 | ITER: 24 START
2019-08-18 09:04:27.670 25565 WARNING rally_openstack.scenarios.neutron.utils [-] Running this scenario without either the 'network' or 'existing_network' context is deprecated
2019-08-18 09:04:27.768 25539 INFO rally.task.runner [-] Task 55d49952-976f-4cd9-a359-7f657caba7e5 | ITER: 1 END: OK
2019-08-18 09:04:27.774 25539 INFO rally.task.runner [-] Task 55d49952-976f-4cd9-a359-7f657caba7e5 | ITER: 25 START
2019-08-18 09:04:27.775 25539 WARNING rally_openstack.scenarios.neutron.utils [-] Running this scenario without either the 'network' or 'existing_network' context is deprecated
2019-08-18 09:04:27.901 25568 INFO rally.task.runner [-] Task 55d49952-976f-4cd9-a359-7f657caba7e5 | ITER: 14 END: OK
2019-08-18 09:04:27.906 25568 INFO rally.task.runner [-] Task 55d49952-976f-4cd9-a359-7f657caba7e5 | ITER: 26 START
2019-08-18 09:04:27.907 25568 WARNING rally_openstack.scenarios.neutron.utils [-] Running this scenario without either the 'network' or 'existing_network' context is deprecated
2019-08-18 09:04:28.291 25561 INFO rally.task.runner [-] Task 55d49952-976f-4cd9-a359-7f657caba7e5 | ITER: 12 END: OK
2019-08-18 09:04:28.297 25561 INFO rally.task.runner [-] Task 55d49952-976f-4cd9-a359-7f657caba7e5 | ITER: 27 START
2019-08-18 09:04:28.298 25561 WARNING rally_openstack.scenarios.neutron.utils [-] Running this scenario without either the 'network' or 'existing_network' context is deprecated
2019-08-18 09:04:28.476 25553 INFO rally.task.runner [-] Task 55d49952-976f-4cd9-a359-7f657caba7e5 | ITER: 11 END: OK
2019-08-18 09:04:28.481 25553 INFO rally.task.runner [-] Task 55d49952-976f-4cd9-a359-7f657caba7e5 | ITER: 28 START
2019-08-18 09:04:28.481 25553 WARNING rally_openstack.scenarios.neutron.utils [-] Running this scenario without either the 'network' or 'existing_network' context is deprecated
2019-08-18 09:04:28.514 25539 INFO rally.task.runner [-] Task 55d49952-976f-4cd9-a359-7f657caba7e5 | ITER: 2 END: OK
2019-08-18 09:04:28.518 25539 INFO rally.task.runner [-] Task 55d49952-976f-4cd9-a359-7f657caba7e5 | ITER: 29 START
2019-08-18 09:04:28.519 25539 WARNING rally_openstack.scenarios.neutron.utils [-] Running this scenario without either the 'network' or 'existing_network' context is deprecated
2019-08-18 09:04:28.662 25545 INFO rally.task.runner [-] Task 55d49952-976f-4cd9-a359-7f657caba7e5 | ITER: 8 END: OK
2019-08-18 09:04:28.667 25545 INFO rally.task.runner [-] Task 55d49952-976f-4cd9-a359-7f657caba7e5 | ITER: 30 START
2019-08-18 09:04:28.668 25545 WARNING rally_openstack.scenarios.neutron.utils [-] Running this scenario without either the 'network' or 'existing_network' context is deprecated
2019-08-18 09:04:28.941 25541 INFO rally.task.runner [-] Task 55d49952-976f-4cd9-a359-7f657caba7e5 | ITER: 4 END: OK
2019-08-18 09:04:28.947 25541 INFO rally.task.runner [-] Task 55d49952-976f-4cd9-a359-7f657caba7e5 | ITER: 31 START
2019-08-18 09:04:28.947 25541 WARNING rally_openstack.scenarios.neutron.utils [-] Running this scenario without either the 'network' or 'existing_network' context is deprecated
2019-08-18 09:04:28.950 25575 INFO rally.task.runner [-] Task 55d49952-976f-4cd9-a359-7f657caba7e5 | ITER: 17 END: OK
2019-08-18 09:04:28.955 25575 INFO rally.task.runner [-] Task 55d49952-976f-4cd9-a359-7f657caba7e5 | ITER: 32 START
2019-08-18 09:04:28.956 25575 WARNING rally_openstack.scenarios.neutron.utils [-] Running this scenario without either the 'network' or 'existing_network' context is deprecated
2019-08-18 09:04:29.371 25541 INFO rally.task.runner [-] Task 55d49952-976f-4cd9-a359-7f657caba7e5 | ITER: 6 END: OK
2019-08-18 09:04:29.375 25541 INFO rally.task.runner [-] Task 55d49952-976f-4cd9-a359-7f657caba7e5 | ITER: 33 START
2019-08-18 09:04:29.376 25541 WARNING rally_openstack.scenarios.neutron.utils [-] Running this scenario without either the 'network' or 'existing_network' context is deprecated
2019-08-18 09:04:29.607 25548 INFO rally.task.runner [-] Task 55d49952-976f-4cd9-a359-7f657caba7e5 | ITER: 10 END: OK
2019-08-18 09:04:29.612 25548 INFO rally.task.runner [-] Task 55d49952-976f-4cd9-a359-7f657caba7e5 | ITER: 34 START
2019-08-18 09:04:29.612 25548 WARNING rally_openstack.scenarios.neutron.utils [-] Running this scenario without either the 'network' or 'existing_network' context is deprecated
2019-08-18 09:04:29.851 25542 INFO rally.task.runner [-] Task 55d49952-976f-4cd9-a359-7f657caba7e5 | ITER: 7 END: OK
2019-08-18 09:04:29.856 25542 INFO rally.task.runner [-] Task 55d49952-976f-4cd9-a359-7f657caba7e5 | ITER: 35 START
2019-08-18 09:04:29.857 25542 WARNING rally_openstack.scenarios.neutron.utils [-] Running this scenario without either the 'network' or 'existing_network' context is deprecated
2019-08-18 09:04:29.949 25578 INFO rally.task.runner [-] Task 55d49952-976f-4cd9-a359-7f657caba7e5 | ITER: 18 END: OK
2019-08-18 09:04:29.954 25578 INFO rally.task.runner [-] Task 55d49952-976f-4cd9-a359-7f657caba7e5 | ITER: 36 START
2019-08-18 09:04:29.955 25578 WARNING rally_openstack.scenarios.neutron.utils [-] Running this scenario without either the 'network' or 'existing_network' context is deprecated
2019-08-18 09:04:30.228 25581 INFO rally.task.runner [-] Task 55d49952-976f-4cd9-a359-7f657caba7e5 | ITER: 19 END: OK
2019-08-18 09:04:30.234 25581 INFO rally.task.runner [-] Task 55d49952-976f-4cd9-a359-7f657caba7e5 | ITER: 37 START
2019-08-18 09:04:30.235 25581 WARNING rally_openstack.scenarios.neutron.utils [-] Running this scenario without either the 'network' or 'existing_network' context is deprecated
2019-08-18 09:04:31.680 25572 INFO rally.task.runner [-] Task 55d49952-976f-4cd9-a359-7f657caba7e5 | ITER: 16 END: OK
2019-08-18 09:04:31.686 25572 INFO rally.task.runner [-] Task 55d49952-976f-4cd9-a359-7f657caba7e5 | ITER: 38 START
2019-08-18 09:04:31.687 25572 WARNING rally_openstack.scenarios.neutron.utils [-] Running this scenario without either the 'network' or 'existing_network' context is deprecated
2019-08-18 09:04:33.512 25540 INFO rally.task.runner [-] Task 55d49952-976f-4cd9-a359-7f657caba7e5 | ITER: 5 END: OK
2019-08-18 09:04:33.517 25540 INFO rally.task.runner [-] Task 55d49952-976f-4cd9-a359-7f657caba7e5 | ITER: 39 START
2019-08-18 09:04:33.518 25540 WARNING rally_openstack.scenarios.neutron.utils [-] Running this scenario without either the 'network' or 'existing_network' context is deprecated
2019-08-18 09:04:33.844 25542 INFO rally.task.runner [-] Task 55d49952-976f-4cd9-a359-7f657caba7e5 | ITER: 9 END: OK
2019-08-18 09:04:33.848 25542 INFO rally.task.runner [-] Task 55d49952-976f-4cd9-a359-7f657caba7e5 | ITER: 40 START
2019-08-18 09:04:33.849 25542 WARNING rally_openstack.scenarios.neutron.utils [-] Running this scenario without either the 'network' or 'existing_network' context is deprecated
2019-08-18 09:04:37.276 25539 INFO rally.task.runner [-] Task 55d49952-976f-4cd9-a359-7f657caba7e5 | ITER: 25 END: OK
2019-08-18 09:04:37.349 25545 INFO rally.task.runner [-] Task 55d49952-976f-4cd9-a359-7f657caba7e5 | ITER: 30 END: OK
2019-08-18 09:04:37.452 25540 INFO rally.task.runner [-] Task 55d49952-976f-4cd9-a359-7f657caba7e5 | ITER: 22 END: OK
2019-08-18 09:04:37.875 25541 INFO rally.task.runner [-] Task 55d49952-976f-4cd9-a359-7f657caba7e5 | ITER: 31 END: OK
2019-08-18 09:04:37.878 25571 INFO rally.task.runner [-] Task 55d49952-976f-4cd9-a359-7f657caba7e5 | ITER: 21 END: OK
2019-08-18 09:04:38.075 25561 INFO rally.task.runner [-] Task 55d49952-976f-4cd9-a359-7f657caba7e5 | ITER: 27 END: OK
2019-08-18 09:04:38.121 25586 INFO rally.task.runner [-] Task 55d49952-976f-4cd9-a359-7f657caba7e5 | ITER: 23 END: OK
2019-08-18 09:04:38.319 25542 INFO rally.task.runner [-] Task 55d49952-976f-4cd9-a359-7f657caba7e5 | ITER: 35 END: OK
2019-08-18 09:04:38.724 25548 INFO rally.task.runner [-] Task 55d49952-976f-4cd9-a359-7f657caba7e5 | ITER: 34 END: OK
2019-08-18 09:04:38.768 25575 INFO rally.task.runner [-] Task 55d49952-976f-4cd9-a359-7f657caba7e5 | ITER: 32 END: OK
2019-08-18 09:04:39.024 25581 INFO rally.task.runner [-] Task 55d49952-976f-4cd9-a359-7f657caba7e5 | ITER: 37 END: OK
2019-08-18 09:04:39.367 25572 INFO rally.task.runner [-] Task 55d49952-976f-4cd9-a359-7f657caba7e5 | ITER: 38 END: OK
2019-08-18 09:04:39.546 25565 INFO rally.task.runner [-] Task 55d49952-976f-4cd9-a359-7f657caba7e5 | ITER: 24 END: OK
2019-08-18 09:04:39.601 25553 INFO rally.task.runner [-] Task 55d49952-976f-4cd9-a359-7f657caba7e5 | ITER: 28 END: OK
2019-08-18 09:04:39.958 25539 INFO rally.task.runner [-] Task 55d49952-976f-4cd9-a359-7f657caba7e5 | ITER: 29 END: OK
2019-08-18 09:04:40.033 25541 INFO rally.task.runner [-] Task 55d49952-976f-4cd9-a359-7f657caba7e5 | ITER: 33 END: OK
2019-08-18 09:04:40.052 25578 INFO rally.task.runner [-] Task 55d49952-976f-4cd9-a359-7f657caba7e5 | ITER: 36 END: OK
2019-08-18 09:04:41.002 25568 INFO rally.task.runner [-] Task 55d49952-976f-4cd9-a359-7f657caba7e5 | ITER: 26 END: OK
2019-08-18 09:04:41.068 25540 INFO rally.task.runner [-] Task 55d49952-976f-4cd9-a359-7f657caba7e5 | ITER: 39 END: OK
2019-08-18 09:04:42.091 25542 INFO rally.task.runner [-] Task 55d49952-976f-4cd9-a359-7f657caba7e5 | ITER: 40 END: OK
2019-08-18 09:04:42.118 21663 INFO rally.task.context [-] Task 55d49952-976f-4cd9-a359-7f657caba7e5 | Context cleanup@openstack cleanup() started
2019-08-18 09:04:42.121 21663 RALLYDEBUG rally_openstack.cleanup.manager [-] Cleaning up neutron vip objects
2019-08-18 09:04:42.518 21663 RALLYDEBUG rally_openstack.cleanup.manager [-] Cleaning up neutron health_monitor objects
2019-08-18 09:04:42.917 21663 RALLYDEBUG rally_openstack.cleanup.manager [-] Cleaning up neutron pool objects
2019-08-18 09:04:43.307 21663 RALLYDEBUG rally_openstack.cleanup.manager [-] Cleaning up neutron loadbalancer objects
2019-08-18 09:04:43.700 21663 RALLYDEBUG rally_openstack.cleanup.manager [-] Cleaning up neutron floatingip objects
2019-08-18 09:04:44.144 21663 RALLYDEBUG rally_openstack.cleanup.manager [-] Cleaning up neutron port objects
2019-08-18 09:04:44.967 21663 RALLYDEBUG rally_openstack.cleanup.manager [-] Deleting neutron.port object s_rally_d012e5fc_kla82MaI (080a5a44-748c-477f-8bce-4360e9026a90)
2019-08-18 09:04:44.970 21663 RALLYDEBUG rally_openstack.cleanup.manager [-] Deleting neutron.port object s_rally_d012e5fc_2JkqDK8C (09014385-c08a-4fe5-a7ad-745803aeb2e0)
2019-08-18 09:04:44.973 21663 RALLYDEBUG rally_openstack.cleanup.manager [-] Deleting neutron.port object s_rally_d012e5fc_P3kmVN1b (0094f2cb-bae6-4d06-8966-698e60f799d0)
2019-08-18 09:04:44.985 21663 RALLYDEBUG rally_openstack.cleanup.manager [-] Deleting neutron.port object s_rally_d012e5fc_fYNGZ8aM (08760c2a-107b-4346-be1e-7bd36224d5d7)
2019-08-18 09:04:44.987 21663 RALLYDEBUG rally_openstack.cleanup.manager [-] Deleting neutron.port object s_rally_d012e5fc_xK9Z2Dhq (0e4e2af8-be4e-4e0a-a9a6-8678b70dec59)
2019-08-18 09:04:44.988 21663 RALLYDEBUG rally_openstack.cleanup.manager [-] Deleting neutron.port object s_rally_d012e5fc_3oUhmHI6 (0f5531c5-f980-4f80-8184-9638a05a6d82)
2019-08-18 09:04:44.994 21663 RALLYDEBUG rally_openstack.cleanup.manager [-] Deleting neutron.port object s_rally_d012e5fc_PLFRpXKG (10a83ae5-083c-4779-8009-c47b8dce0e52)
2019-08-18 09:04:44.996 21663 RALLYDEBUG rally_openstack.cleanup.manager [-] Deleting neutron.port object s_rally_d012e5fc_XhEnjIt0 (00ff0ca3-4fa8-491f-a408-c991a424708e)
2019-08-18 09:04:45.011 21663 RALLYDEBUG rally_openstack.cleanup.manager [-] Deleting neutron.port object s_rally_d012e5fc_6Eplp67Z (01401534-d2bb-4ef9-920a-c371aeb3df83)
2019-08-18 09:04:45.019 21663 RALLYDEBUG rally_openstack.cleanup.manager [-] Deleting neutron.port object s_rally_d012e5fc_Ni7Zg7tj (035b5768-1423-45de-a159-b90ada535511)
2019-08-18 09:04:45.027 21663 RALLYDEBUG rally_openstack.cleanup.manager [-] Deleting neutron.port object s_rally_d012e5fc_TdfbTQKK (0edd3e42-f5d3-4af9-af02-9a6fc5fa0110)
2019-08-18 09:04:45.033 21663 RALLYDEBUG rally_openstack.cleanup.manager [-] Deleting neutron.port object s_rally_d012e5fc_sd3uZW8l (05e1a856-de4a-42f1-9971-4b4d5458216a)
2019-08-18 09:04:45.047 21663 RALLYDEBUG rally_openstack.cleanup.manager [-] Deleting neutron.port object s_rally_d012e5fc_cofYCvHp (10c6e909-5f98-448c-9b26-915625e1b430)
2019-08-18 09:04:45.056 21663 RALLYDEBUG rally_openstack.cleanup.manager [-] Deleting neutron.port object s_rally_d012e5fc_9LjfTQhv (12da4541-d570-4300-bd0a-5108213055a8)
2019-08-18 09:04:45.069 21663 RALLYDEBUG rally_openstack.cleanup.manager [-] Deleting neutron.port object s_rally_d012e5fc_XwyUj7cj (09cfc0fe-2fc5-48ab-ab56-bc2879083750)
2019-08-18 09:04:45.074 21663 RALLYDEBUG rally_openstack.cleanup.manager [-] Deleting neutron.port object s_rally_d012e5fc_dBL8mBq0 (04e06e72-073a-4da0-9526-a355178726de)
2019-08-18 09:04:45.096 21663 RALLYDEBUG rally_openstack.cleanup.manager [-] Deleting neutron.port object s_rally_d012e5fc_RcIApMWJ (116b8dd7-527b-4fc4-b805-349dd891f836)
2019-08-18 09:04:45.096 21663 RALLYDEBUG rally_openstack.cleanup.manager [-] Deleting neutron.port object s_rally_d012e5fc_wSkZaMI2 (13eb8b9e-d7a4-45d5-ab2a-e1f3bb3f9af7)
2019-08-18 09:04:45.096 21663 RALLYDEBUG rally_openstack.cleanup.manager [-] Deleting neutron.port object s_rally_d012e5fc_IInuY6Ne (1130d487-5c7b-415b-90de-e05679355c3e)
2019-08-18 09:04:45.155 21663 RALLYDEBUG rally_openstack.cleanup.manager [-] Deleting neutron.port object s_rally_d012e5fc_NYAKIV5w (0662cc36-29a0-4e82-a2c7-c777bc7bf3ba)
2019-08-18 09:04:47.035 21663 RALLYDEBUG rally_openstack.cleanup.manager [-] Deleting neutron.port object s_rally_d012e5fc_5FNhGfEp (15ac5d02-6866-4e52-ad20-acf829657399)
2019-08-18 09:04:47.312 21663 RALLYDEBUG rally_openstack.cleanup.manager [-] Deleting neutron.port object s_rally_d012e5fc_3lK1Y1Fo (1d460e8c-3dc9-4b84-b35c-0185390a8886)
2019-08-18 09:04:47.369 21663 RALLYDEBUG rally_openstack.cleanup.manager [-] Deleting neutron.port object s_rally_d012e5fc_1GcrgQsX (1f837c85-8b2f-44ee-9eb6-c461e6a68898)
2019-08-18 09:04:47.404 21663 RALLYDEBUG rally_openstack.cleanup.manager [-] Deleting neutron.port object s_rally_d012e5fc_X4QiicCR (2010c467-b27e-4edd-afe5-f46279056b2c)
2019-08-18 09:04:47.501 21663 RALLYDEBUG rally_openstack.cleanup.manager [-] Deleting neutron.port object s_rally_d012e5fc_zmZz7yxY (202c5686-6aae-4cd5-b30e-573d47d08665)
2019-08-18 09:04:47.509 21663 RALLYDEBUG rally_openstack.cleanup.manager [-] Deleting neutron.port object s_rally_d012e5fc_qtzLX2tZ (20908c91-de0b-494c-868b-2f43bbb51d8d)
2019-08-18 09:04:47.547 21663 RALLYDEBUG rally_openstack.cleanup.manager [-] Deleting neutron.port object s_rally_d012e5fc_4r2mRMfK (230eaffb-3e83-47c2-a217-9c11475a379a)
2019-08-18 09:04:47.611 21663 RALLYDEBUG rally_openstack.cleanup.manager [-] Deleting neutron.port object s_rally_d012e5fc_Y6hsf06r (240017f8-a68c-4536-8c2e-8c6ee0aac61a)
2019-08-18 09:04:47.673 21663 RALLYDEBUG rally_openstack.cleanup.manager [-] Deleting neutron.port object s_rally_d012e5fc_DesrYkEo (2480c4d3-0fc5-4d5c-9645-7bc9c080dbd0)
2019-08-18 09:04:47.805 21663 RALLYDEBUG rally_openstack.cleanup.manager [-] Deleting neutron.port object s_rally_d012e5fc_CqobrKok (25198335-6da1-4ed0-91a8-81420d6b6423)
2019-08-18 09:04:47.820 21663 RALLYDEBUG rally_openstack.cleanup.manager [-] Deleting neutron.port object s_rally_d012e5fc_4mGERc1D (2ba8fc5e-0e2b-487e-ad51-ab798c66fd7e)
2019-08-18 09:04:47.866 21663 RALLYDEBUG rally_openstack.cleanup.manager [-] Deleting neutron.port object s_rally_d012e5fc_JOBajGUt (2bfc7004-2ba4-4d89-972e-4ca2056ea67d)
2019-08-18 09:04:47.905 21663 RALLYDEBUG rally_openstack.cleanup.manager [-] Deleting neutron.port object s_rally_d012e5fc_aaQPusMB (2d5ccc8a-997f-44e5-bbc4-f224b79a495f)
2019-08-18 09:04:47.912 21663 RALLYDEBUG rally_openstack.cleanup.manager [-] Deleting neutron.port object s_rally_d012e5fc_JDPGzOUY (2f0cfde4-894a-4273-b84a-00dfdbc77c65)
2019-08-18 09:04:47.935 21663 RALLYDEBUG rally_openstack.cleanup.manager [-] Deleting neutron.port object s_rally_d012e5fc_iTj4ocen (337fc97c-8345-4f45-8de6-a3c25414997f)
2019-08-18 09:04:47.940 21663 RALLYDEBUG rally_openstack.cleanup.manager [-] Deleting neutron.port object s_rally_d012e5fc_Y4tizqWx (33904dbe-be26-4ee1-9a4f-02fa3209175d)
2019-08-18 09:04:47.982 21663 RALLYDEBUG rally_openstack.cleanup.manager [-] Deleting neutron.port object s_rally_d012e5fc_6Cfqv3wj (33ef8b25-7065-4040-90be-6d3918c6e797)
2019-08-18 09:04:48.233 21663 RALLYDEBUG rally_openstack.cleanup.manager [-] Deleting neutron.port object s_rally_d012e5fc_x6dMD1EU (35d05323-a03e-4687-8250-6dd157a328db)
2019-08-18 09:04:48.235 21663 RALLYDEBUG rally_openstack.cleanup.manager [-] Deleting neutron.port object s_rally_d012e5fc_9W4CU3M8 (36c5e8ec-950a-4e18-a433-b45fbbc9690a)
2019-08-18 09:04:48.249 21663 RALLYDEBUG rally_openstack.cleanup.manager [-] Deleting neutron.port object s_rally_d012e5fc_UfSjyeRB (38fb0dc8-ddf2-4a44-b5dd-084e8e663378)
2019-08-18 09:04:48.905 21663 RALLYDEBUG rally_openstack.cleanup.manager [-] Deleting neutron.port object s_rally_d012e5fc_omOPAMoL (3a180865-a266-4db9-9003-d917493fbf6c)
2019-08-18 09:04:49.224 21663 RALLYDEBUG rally_openstack.cleanup.manager [-] Deleting neutron.port object s_rally_d012e5fc_wvqc5RIS (3a5fc0a3-a88b-41de-aa0b-b8ab7fbb76e9)
2019-08-18 09:04:49.259 21663 RALLYDEBUG rally_openstack.cleanup.manager [-] Deleting neutron.port object s_rally_d012e5fc_thtoJaUL (3ac7d2eb-d05f-4b7c-a0c9-21113fbbdedf)
2019-08-18 09:04:49.321 21663 RALLYDEBUG rally_openstack.cleanup.manager [-] Deleting neutron.port object s_rally_d012e5fc_iFoSdiSR (3c93e2f6-b997-4b85-926e-bf04f738ebe2)
2019-08-18 09:04:49.577 21663 RALLYDEBUG rally_openstack.cleanup.manager [-] Deleting neutron.port object s_rally_d012e5fc_dbKNX5Jj (40fa9c21-9016-4388-8cc4-fee21361b60c)
2019-08-18 09:04:49.733 21663 RALLYDEBUG rally_openstack.cleanup.manager [-] Deleting neutron.port object s_rally_d012e5fc_bp836q8C (41fa64de-4262-4a7e-a7af-cd777edc494a)
2019-08-18 09:04:49.937 21663 RALLYDEBUG rally_openstack.cleanup.manager [-] Deleting neutron.port object s_rally_d012e5fc_6qbiLM4h (422c0029-5d84-4ac3-bb69-43c4cd9122fc)
2019-08-18 09:04:49.948 21663 RALLYDEBUG rally_openstack.cleanup.manager [-] Deleting neutron.port object s_rally_d012e5fc_guWR3QZv (42df3326-5644-4a1b-9a67-ae89956f9dd5)
2019-08-18 09:04:49.949 21663 RALLYDEBUG rally_openstack.cleanup.manager [-] Deleting neutron.port object s_rally_d012e5fc_8PaLKnuy (44945b94-3810-406f-bcf7-c3c03717f616)
2019-08-18 09:04:49.998 21663 RALLYDEBUG rally_openstack.cleanup.manager [-] Deleting neutron.port object s_rally_d012e5fc_nGxmYoHQ (44b77908-d6df-4364-baf1-316effb8b571)
2019-08-18 09:04:50.046 21663 RALLYDEBUG rally_openstack.cleanup.manager [-] Deleting neutron.port object s_rally_d012e5fc_9ljodFKZ (4558d06b-86b3-4535-aafc-adf8bb79a61c)
2019-08-18 09:04:50.088 21663 RALLYDEBUG rally_openstack.cleanup.manager [-] Deleting neutron.port object s_rally_d012e5fc_SdJaTndm (45a0f1c0-bd97-4458-a2ac-7c609b330884)
2019-08-18 09:04:50.095 21663 RALLYDEBUG rally_openstack.cleanup.manager [-] Deleting neutron.port object s_rally_d012e5fc_XmxAgLlR (45d67bbe-883b-4f08-9506-18b931b936bf)
2019-08-18 09:04:50.175 21663 RALLYDEBUG rally_openstack.cleanup.manager [-] Deleting neutron.port object s_rally_d012e5fc_QDRzwFwl (47d3ae9f-d8c5-4d2f-a553-3ddbcfc895e4)
2019-08-18 09:04:50.302 21663 RALLYDEBUG rally_openstack.cleanup.manager [-] Deleting neutron.port object s_rally_d012e5fc_pgldnpeI (48b9a01d-3203-4b13-b9a7-80d1164c3ff9)
2019-08-18 09:04:50.322 21663 RALLYDEBUG rally_openstack.cleanup.manager [-] Deleting neutron.port object s_rally_d012e5fc_9EGFjEvB (48e3ac62-7b09-45fd-ae7b-3729440439ed)
2019-08-18 09:04:50.511 21663 RALLYDEBUG rally_openstack.cleanup.manager [-] Deleting neutron.port object s_rally_d012e5fc_rTivp8Cd (49da02f5-1ebb-4e74-b350-65b5dd03251b)
2019-08-18 09:04:50.535 21663 RALLYDEBUG rally_openstack.cleanup.manager [-] Deleting neutron.port object s_rally_d012e5fc_TxKDig9i (4aa50532-4777-40ea-bba5-31f3c3232bf7)
2019-08-18 09:04:50.546 21663 RALLYDEBUG rally_openstack.cleanup.manager [-] Deleting neutron.port object s_rally_d012e5fc_dTnMjoXw (4c6a90a5-b8c9-4133-a681-f5e17708757d)
2019-08-18 09:04:50.632 21663 RALLYDEBUG rally_openstack.cleanup.manager [-] Deleting neutron.port object s_rally_d012e5fc_Hta8yNJU (4d351de7-31aa-4758-b9b9-f8f217e1eb86)
2019-08-18 09:04:50.688 21663 RALLYDEBUG rally_openstack.cleanup.manager [-] Deleting neutron.port object s_rally_d012e5fc_p7Po5xo8 (4d97329d-dba4-4dbc-9512-22e44f28941c)
2019-08-18 09:04:51.086 21663 RALLYDEBUG rally_openstack.cleanup.manager [-] Deleting neutron.port object s_rally_d012e5fc_GsX3n2qf (50263074-cdba-4dc9-a05c-6eb2b182354c)
2019-08-18 09:04:51.130 21663 RALLYDEBUG rally_openstack.cleanup.manager [-] Deleting neutron.port object s_rally_d012e5fc_Rftp6S8w (5032b596-df18-4489-864a-dc059642555b)
2019-08-18 09:04:51.376 21663 RALLYDEBUG rally_openstack.cleanup.manager [-] Deleting neutron.port object s_rally_d012e5fc_w92INElS (50fc84aa-ad76-444b-b59f-e59677b303c2)
2019-08-18 09:04:51.418 21663 RALLYDEBUG rally_openstack.cleanup.manager [-] Deleting neutron.port object s_rally_d012e5fc_OQjGv85I (52744174-cd92-4a42-9b22-39daa818f36c)
2019-08-18 09:04:51.824 21663 RALLYDEBUG rally_openstack.cleanup.manager [-] Deleting neutron.port object s_rally_d012e5fc_IpZ2ceOF (52961a5f-f2c1-4501-b7d1-e553cf56ba90)
2019-08-18 09:04:51.896 21663 RALLYDEBUG rally_openstack.cleanup.manager [-] Deleting neutron.port object s_rally_d012e5fc_HJIk8DSK (53df7275-c08e-4617-81ef-ee25edfc44eb)
