2019-08-18 09:04:51.953 21663 RALLYDEBUG rally_openstack.cleanup.manager [-] Deleting neutron.port object s_rally_d012e5fc_YNJaHpGO (542434c8-6ba1-4307-9705-d781979181b0)
2019-08-18 09:04:52.010 21663 RALLYDEBUG rally_openstack.cleanup.manager [-] Deleting neutron.port object s_rally_d012e5fc_cBZBtRze (54c08e0c-7ac2-4b2b-a555-1388c591e6cc)
2019-08-18 09:04:52.080 21663 RALLYDEBUG rally_openstack.cleanup.manager [-] Deleting neutron.port object s_rally_d012e5fc_NrgKPRwl (54eb3437-faa3-4c2f-951d-64326948cb30)
2019-08-18 09:04:52.235 21663 RALLYDEBUG rally_openstack.cleanup.manager [-] Deleting neutron.port object s_rally_d012e5fc_ULhRQKLk (54f73ad4-fc6a-496a-a358-c82d1e90f68f)
2019-08-18 09:04:52.255 21663 RALLYDEBUG rally_openstack.cleanup.manager [-] Deleting neutron.port object s_rally_d012e5fc_QdDVtBEi (551b1000-6380-46ea-ba32-0dcd8f27afe8)
2019-08-18 09:04:52.300 21663 RALLYDEBUG rally_openstack.cleanup.manager [-] Deleting neutron.port object s_rally_d012e5fc_NeDIHpvE (5695f084-9817-4c09-be07-e39ca5f9e966)
2019-08-18 09:04:52.370 21663 RALLYDEBUG rally_openstack.cleanup.manager [-] Deleting neutron.port object s_rally_d012e5fc_vm6jCnf1 (56a29e76-5f6e-4bb3-ac8e-4bd7be4f2fd6)
2019-08-18 09:04:52.536 21663 RALLYDEBUG rally_openstack.cleanup.manager [-] Deleting neutron.port object s_rally_d012e5fc_7zc6CpcH (56cde5be-3ae2-4e6f-b36d-38d6e3dd6516)
2019-08-18 09:04:52.639 21663 RALLYDEBUG rally_openstack.cleanup.manager [-] Deleting neutron.port object s_rally_d012e5fc_HRZXKXNm (58bf5dde-cb6a-43d4-8580-70a5dda0e3de)
2019-08-18 09:04:52.720 21663 RALLYDEBUG rally_openstack.cleanup.manager [-] Deleting neutron.port object s_rally_d012e5fc_5UmkBqSY (58d92f5e-a600-4bf6-ad8e-9f155b99becd)
2019-08-18 09:04:52.864 21663 RALLYDEBUG rally_openstack.cleanup.manager [-] Deleting neutron.port object s_rally_d012e5fc_CnsS6kas (5a14f1f4-fb80-40b7-a44b-f0b1a9919912)
2019-08-18 09:04:52.873 21663 RALLYDEBUG rally_openstack.cleanup.manager [-] Deleting neutron.port object s_rally_d012e5fc_n2uzikys (5a233d08-db4a-41d5-b001-02bc49e1a868)
2019-08-18 09:04:52.967 21663 RALLYDEBUG rally_openstack.cleanup.manager [-] Deleting neutron.port object s_rally_d012e5fc_0GMlePge (603a3d07-3ecd-411d-8efd-aeed3487cd1c)
2019-08-18 09:04:53.021 21663 RALLYDEBUG rally_openstack.cleanup.manager [-] Deleting neutron.port object s_rally_d012e5fc_4wT4R05T (6113fb4b-208f-4dc4-a5e9-af10dd242206)
2019-08-18 09:04:53.103 21663 RALLYDEBUG rally_openstack.cleanup.manager [-] Deleting neutron.port object s_rally_d012e5fc_PySPDz82 (6148c553-947c-4c77-997a-fc8a76be3c17)
2019-08-18 09:04:53.289 21663 RALLYDEBUG rally_openstack.cleanup.manager [-] Deleting neutron.port object s_rally_d012e5fc_Pd5NFPDW (618cceee-fddc-4e59-8609-3b0fca433d18)
2019-08-18 09:04:53.315 21663 RALLYDEBUG rally_openstack.cleanup.manager [-] Deleting neutron.port object s_rally_d012e5fc_HkANFRhA (636715e9-5546-4e77-b79a-1a1da5f1c2ef)
2019-08-18 09:04:53.392 21663 RALLYDEBUG rally_openstack.cleanup.manager [-] Deleting neutron.port object s_rally_d012e5fc_guAO8wdy (63766d41-181c-4a2d-b7a4-394fad0401d2)
2019-08-18 09:04:53.832 21663 RALLYDEBUG rally_openstack.cleanup.manager [-] Deleting neutron.port object s_rally_d012e5fc_1S6MJmKa (645a6eed-9cdb-4381-9e5a-16aae62247db)
2019-08-18 09:04:54.047 21663 RALLYDEBUG rally_openstack.cleanup.manager [-] Deleting neutron.port object s_rally_d012e5fc_QAyelz1M (64d353c8-cf2a-42e1-bd7d-1b5e61561dea)
2019-08-18 09:04:54.070 21663 RALLYDEBUG rally_openstack.cleanup.manager [-] Deleting neutron.port object s_rally_d012e5fc_xfh4DXZl (663ab415-b841-42e8-92f2-5dd3ccd6929c)
2019-08-18 09:04:54.125 21663 RALLYDEBUG rally_openstack.cleanup.manager [-] Deleting neutron.port object s_rally_d012e5fc_oyNGlZMh (67feabc3-361f-462a-bc2d-67f0429801ce)
2019-08-18 09:04:54.279 21663 RALLYDEBUG rally_openstack.cleanup.manager [-] Deleting neutron.port object s_rally_d012e5fc_IA4SVNix (69bb3c63-5f1f-496a-b2b0-db68bdcc78a4)
2019-08-18 09:04:54.373 21663 RALLYDEBUG rally_openstack.cleanup.manager [-] Deleting neutron.port object s_rally_d012e5fc_BIuFrwaz (69cbb897-e476-4be1-b952-b15f37369d71)
2019-08-18 09:04:54.553 21663 RALLYDEBUG rally_openstack.cleanup.manager [-] Deleting neutron.port object s_rally_d012e5fc_k6s2NiAc (6a2aabe4-95eb-4d79-8d86-f9d699ca2c29)
2019-08-18 09:04:54.562 21663 RALLYDEBUG rally_openstack.cleanup.manager [-] Deleting neutron.port object s_rally_d012e5fc_mkZy1oyW (6aeb1186-bc26-4c6a-8337-4f7a3b0cc0f0)
2019-08-18 09:04:54.616 21663 RALLYDEBUG rally_openstack.cleanup.manager [-] Deleting neutron.port object s_rally_d012e5fc_rHgMcsDq (6bd6c10c-0e37-49ff-bf45-09485de59620)
2019-08-18 09:04:54.700 21663 RALLYDEBUG rally_openstack.cleanup.manager [-] Deleting neutron.port object s_rally_d012e5fc_fIx3pkTy (6c2040d1-7b4b-4711-82c7-45785a4a6b60)
2019-08-18 09:04:54.794 21663 RALLYDEBUG rally_openstack.cleanup.manager [-] Deleting neutron.port object s_rally_d012e5fc_0kS8LHIa (6d47f508-ceb4-48b0-99fe-9fe579afcd8f)
2019-08-18 09:04:54.864 21663 RALLYDEBUG rally_openstack.cleanup.manager [-] Deleting neutron.port object s_rally_d012e5fc_CFAYpubN (70098e3d-f982-4fd1-898e-539c7d270d38)
2019-08-18 09:04:54.978 21663 RALLYDEBUG rally_openstack.cleanup.manager [-] Deleting neutron.port object s_rally_d012e5fc_gMv6LiD3 (70c26e14-54b5-42be-ba0c-a46d424b977f)
2019-08-18 09:04:54.990 21663 RALLYDEBUG rally_openstack.cleanup.manager [-] Deleting neutron.port object s_rally_d012e5fc_xreEBjFQ (716b38f4-49e4-4c6b-aa8b-e50b7ef65608)
2019-08-18 09:04:55.237 21663 RALLYDEBUG rally_openstack.cleanup.manager [-] Deleting neutron.port object s_rally_d012e5fc_0Oxpbojv (722b4c44-f0c4-4882-9725-47da32b45870)
2019-08-18 09:04:55.271 21663 RALLYDEBUG rally_openstack.cleanup.manager [-] Deleting neutron.port object s_rally_d012e5fc_2YuGqf0E (72883c0f-c2d1-48c7-a48a-edc6b711586a)
2019-08-18 09:04:55.372 21663 RALLYDEBUG rally_openstack.cleanup.manager [-] Deleting neutron.port object s_rally_d012e5fc_WgSNeiK6 (73a6db85-9277-4c4e-8ca9-231ac2d28c3a)
2019-08-18 09:04:55.606 21663 RALLYDEBUG rally_openstack.cleanup.manager [-] Deleting neutron.port object s_rally_d012e5fc_NgSQjoPh (7483d5b0-5234-4dad-9b8c-4633d7bff373)
2019-08-18 09:04:55.650 21663 RALLYDEBUG rally_openstack.cleanup.manager [-] Deleting neutron.port object s_rally_d012e5fc_6Klf0MdH (74a44cda-c666-45db-b6d9-3b77c637db33)
2019-08-18 09:04:55.737 21663 RALLYDEBUG rally_openstack.cleanup.manager [-] Deleting neutron.port object s_rally_d012e5fc_a9VvW1oC (761e07ba-5f10-49b6-9228-886bf877f472)
2019-08-18 09:04:55.756 21663 RALLYDEBUG rally_openstack.cleanup.manager [-] Deleting neutron.port object s_rally_d012e5fc_vyxJ8YF1 (7677761b-4906-45e4-9feb-75fa55bea73c)
2019-08-18 09:04:56.226 21663 RALLYDEBUG rally_openstack.cleanup.manager [-] Deleting neutron.port object s_rally_d012e5fc_KX3k4P52 (76e152c7-8d69-4e03-a171-aca855195a35)
2019-08-18 09:04:56.269 21663 RALLYDEBUG rally_openstack.cleanup.manager [-] Deleting neutron.port object s_rally_d012e5fc_FaMG2xuM (7710b6fd-b728-4f9f-84dc-67be371db5f7)
2019-08-18 09:04:56.389 21663 RALLYDEBUG rally_openstack.cleanup.manager [-] Deleting neutron.port object s_rally_d012e5fc_FdhvaMT7 (7b7e80b5-0918-464a-b8d4-9c35de2ea3ac)
2019-08-18 09:04:56.678 21663 RALLYDEBUG rally_openstack.cleanup.manager [-] Deleting neutron.port object s_rally_d012e5fc_7yYFdgyp (7bf65391-f059-4e3c-807a-1cac1736c979)
2019-08-18 09:04:56.696 21663 RALLYDEBUG rally_openstack.cleanup.manager [-] Deleting neutron.port object s_rally_d012e5fc_OLV20eWh (7d97e62b-0793-405c-b660-7fbb48352660)
2019-08-18 09:04:56.707 21663 RALLYDEBUG rally_openstack.cleanup.manager [-] Deleting neutron.port object s_rally_d012e5fc_LLizSzy9 (7edeea80-7ed2-4042-960a-a13f1346d36d)
2019-08-18 09:04:56.712 21663 RALLYDEBUG rally_openstack.cleanup.manager [-] Deleting neutron.port object s_rally_d012e5fc_3a7nBhgp (7eb464d6-2106-4a7e-9c40-2dcaafa7cc25)
2019-08-18 09:04:56.722 21663 RALLYDEBUG rally_openstack.cleanup.manager [-] Deleting neutron.port object s_rally_d012e5fc_SYjUQmUl (80081613-0c64-4627-ade0-e156575d6a1a)
2019-08-18 09:04:56.841 21663 RALLYDEBUG rally_openstack.cleanup.manager [-] Deleting neutron.port object s_rally_d012e5fc_yIxj0p8o (816520b7-c4fa-4c77-b7c4-de698d29872b)
2019-08-18 09:04:56.908 21663 RALLYDEBUG rally_openstack.cleanup.manager [-] Deleting neutron.port object s_rally_d012e5fc_2V08iHfO (82908473-ecfd-42f2-a218-df0c13e13577)
2019-08-18 09:04:57.031 21663 RALLYDEBUG rally_openstack.cleanup.manager [-] Deleting neutron.port object s_rally_d012e5fc_5AZzbkyq (8439a689-11c2-4afd-921f-bcc0e6dfd32f)
2019-08-18 09:04:57.132 21663 RALLYDEBUG rally_openstack.cleanup.manager [-] Deleting neutron.port object s_rally_d012e5fc_zGzRGm1G (8455decc-b171-48ca-83de-d086509f6ba1)
2019-08-18 09:04:57.360 21663 RALLYDEBUG rally_openstack.cleanup.manager [-] Deleting neutron.port object s_rally_d012e5fc_NmjKkTjF (88c37f3a-59b9-4276-8fa1-f46fa397097d)
2019-08-18 09:04:57.425 21663 RALLYDEBUG rally_openstack.cleanup.manager [-] Deleting neutron.port object s_rally_d012e5fc_pKPAR74y (8a740a77-c244-4050-87e1-8e80aab51439)
2019-08-18 09:04:57.573 21663 RALLYDEBUG rally_openstack.cleanup.manager [-] Deleting neutron.port object s_rally_d012e5fc_fq93zsS3 (8b250d31-9522-49ab-821a-ddea7d889cb0)
2019-08-18 09:04:57.601 21663 RALLYDEBUG rally_openstack.cleanup.manager [-] Deleting neutron.port object s_rally_d012e5fc_DRUgugQz (8b4b36d3-6348-4bf7-8a5c-defd8715c042)
2019-08-18 09:04:57.717 21663 RALLYDEBUG rally_openstack.cleanup.manager [-] Deleting neutron.port object s_rally_d012e5fc_s6k1J4H6 (8c3193e2-a495-4647-b708-ac7c2be82f1a)
2019-08-18 09:04:57.848 21663 RALLYDEBUG rally_openstack.cleanup.manager [-] Deleting neutron.port object s_rally_d012e5fc_1SD8wnjz (8d6aa0f9-1c8c-4ccb-96c8-0dce858e3f09)
2019-08-18 09:04:57.873 21663 RALLYDEBUG rally_openstack.cleanup.manager [-] Deleting neutron.port object s_rally_d012e5fc_6LyEgeY7 (8d7ca9c4-ce16-48e8-9068-f79b3f843292)
2019-08-18 09:04:57.880 21663 RALLYDEBUG rally_openstack.cleanup.manager [-] Deleting neutron.port object s_rally_d012e5fc_YV2wdbu7 (8daaf480-31a4-47da-b0eb-ca4c9de8a907)
2019-08-18 09:04:58.118 21663 RALLYDEBUG rally_openstack.cleanup.manager [-] Deleting neutron.port object s_rally_d012e5fc_TIYnzszV (8ff8bfd4-2c26-49d0-ae82-bb81c016632e)
2019-08-18 09:04:58.243 21663 RALLYDEBUG rally_openstack.cleanup.manager [-] Deleting neutron.port object s_rally_d012e5fc_DdLURrO0 (908c82ed-2652-40f6-a9f8-c5209dba0ec4)
2019-08-18 09:04:58.572 21663 RALLYDEBUG rally_openstack.cleanup.manager [-] Deleting neutron.port object s_rally_d012e5fc_h4b91CLf (92997532-b1c5-49a5-9db5-dba297a76217)
2019-08-18 09:04:58.637 21663 RALLYDEBUG rally_openstack.cleanup.manager [-] Deleting neutron.port object s_rally_d012e5fc_RQ9gz6O3 (93974c6c-3a8c-4522-a098-3693d5ffd140)
2019-08-18 09:04:58.655 21663 RALLYDEBUG rally_openstack.cleanup.manager [-] Deleting neutron.port object s_rally_d012e5fc_RfHvWSwr (959aa148-a94d-4ca0-b46b-ab9871a0618c)
2019-08-18 09:04:58.761 21663 RALLYDEBUG rally_openstack.cleanup.manager [-] Deleting neutron.port object s_rally_d012e5fc_JvyaWcBC (970385a1-4819-42e0-80e5-3550117eb5b2)
2019-08-18 09:04:58.911 21663 RALLYDEBUG rally_openstack.cleanup.manager [-] Deleting neutron.port object s_rally_d012e5fc_AtCU8z0Q (99d63cb4-6e24-4cea-9690-bc72e08f04d4)
2019-08-18 09:04:59.035 21663 RALLYDEBUG rally_openstack.cleanup.manager [-] Deleting neutron.port object s_rally_d012e5fc_hasHs59f (9a3e39cd-d623-40cc-8c18-280525a6d3af)
2019-08-18 09:04:59.120 21663 RALLYDEBUG rally_openstack.cleanup.manager [-] Deleting neutron.port object s_rally_d012e5fc_NIfZ8Zh5 (9d65946a-0aeb-4ac6-a448-c8c21ef9eed8)
2019-08-18 09:04:59.161 21663 RALLYDEBUG rally_openstack.cleanup.manager [-] Deleting neutron.port object s_rally_d012e5fc_rDJN4aOm (a226da08-1584-40e4-80ea-5050d42f71f5)
2019-08-18 09:04:59.278 21663 RALLYDEBUG rally_openstack.cleanup.manager [-] Deleting neutron.port object s_rally_d012e5fc_AxDqAAiD (a3c89fad-55f1-42ff-a760-3b51f7cd65b0)
2019-08-18 09:04:59.281 21663 RALLYDEBUG rally_openstack.cleanup.manager [-] Deleting neutron.port object s_rally_d012e5fc_Z79ZTRTK (a62fa990-09a3-4097-ba44-60d6e1d0a0e9)
2019-08-18 09:04:59.426 21663 RALLYDEBUG rally_openstack.cleanup.manager [-] Deleting neutron.port object s_rally_d012e5fc_xFdIdXg0 (ab404d61-d751-40bb-b65b-cf3a6794d7f6)
2019-08-18 09:04:59.456 21663 RALLYDEBUG rally_openstack.cleanup.manager [-] Deleting neutron.port object s_rally_d012e5fc_qIJ50AQy (ae1540a6-89c5-46a8-b78b-36b9b1a9dc67)
2019-08-18 09:04:59.644 21663 RALLYDEBUG rally_openstack.cleanup.manager [-] Deleting neutron.port object s_rally_d012e5fc_zEaWaEzg (af3bfcfc-4bc6-4114-bb1d-71baaac58dc2)
2019-08-18 09:04:59.653 21663 RALLYDEBUG rally_openstack.cleanup.manager [-] Deleting neutron.port object s_rally_d012e5fc_W5FptzDn (af7c631b-a2f1-4880-8c75-8c20015ba27e)
2019-08-18 09:04:59.707 21663 RALLYDEBUG rally_openstack.cleanup.manager [-] Deleting neutron.port object s_rally_d012e5fc_HQHwVYFF (b212775d-5d29-481e-af79-688aa23dda8c)
2019-08-18 09:04:59.735 21663 RALLYDEBUG rally_openstack.cleanup.manager [-] Deleting neutron.port object s_rally_d012e5fc_AklKahFG (b3aa6e2b-95d9-4813-b9ae-a038ce8c4553)
2019-08-18 09:04:59.775 21663 RALLYDEBUG rally_openstack.cleanup.manager [-] Deleting neutron.port object s_rally_d012e5fc_Ea30ZSGf (b528e32c-93dc-4af9-b3b3-2e7ee571f887)
2019-08-18 09:04:59.909 21663 RALLYDEBUG rally_openstack.cleanup.manager [-] Deleting neutron.port object s_rally_d012e5fc_TtdXo6yW (b7354708-5591-4849-946e-4afa54ccb2b8)
2019-08-18 09:04:59.985 21663 RALLYDEBUG rally_openstack.cleanup.manager [-] Deleting neutron.port object s_rally_d012e5fc_Ro391NKy (b7ba89bd-2c18-4536-9a9c-dd590197705e)
2019-08-18 09:05:00.127 21663 RALLYDEBUG rally_openstack.cleanup.manager [-] Deleting neutron.port object s_rally_d012e5fc_lp2JCPsI (b7c3b73b-54c3-4872-9a8a-56c8f03e6484)
2019-08-18 09:05:00.474 21663 RALLYDEBUG rally_openstack.cleanup.manager [-] Deleting neutron.port object s_rally_d012e5fc_Jzp6N9JB (b9389b17-65d5-44f1-89d4-c64e6410084d)
2019-08-18 09:05:00.717 21663 RALLYDEBUG rally_openstack.cleanup.manager [-] Deleting neutron.port object s_rally_d012e5fc_HuWLcR2g (bdc30ac2-cb8a-4c37-b655-3a0340691b17)
2019-08-18 09:05:00.720 21663 RALLYDEBUG rally_openstack.cleanup.manager [-] Deleting neutron.port object s_rally_d012e5fc_94BBKbZU (b9c1c49a-ca9c-444d-9854-6367d1df4508)
2019-08-18 09:05:00.721 21663 RALLYDEBUG rally_openstack.cleanup.manager [-] Deleting neutron.port object s_rally_d012e5fc_eN4s3EZW (be4a4083-055b-444c-9c5e-bf73df96744d)
2019-08-18 09:05:00.991 21663 RALLYDEBUG rally_openstack.cleanup.manager [-] Deleting neutron.port object s_rally_d012e5fc_MzL5cz44 (bfefde9e-854c-41cf-b8ff-6071fcf17598)
2019-08-18 09:05:01.143 21663 RALLYDEBUG rally_openstack.cleanup.manager [-] Deleting neutron.port object s_rally_d012e5fc_759jwjp6 (c0343cb8-f9c7-456e-90a6-86fe8eb59a12)
2019-08-18 09:05:01.423 21663 RALLYDEBUG rally_openstack.cleanup.manager [-] Deleting neutron.port object s_rally_d012e5fc_2vU8x1zh (c085d590-47f3-4107-adc0-1032b7a3f4a8)
2019-08-18 09:05:01.508 21663 RALLYDEBUG rally_openstack.cleanup.manager [-] Deleting neutron.port object s_rally_d012e5fc_vOZVuvyu (c088d025-0649-4f84-bae9-83e231daf01f)
2019-08-18 09:05:01.572 21663 RALLYDEBUG rally_openstack.cleanup.manager [-] Deleting neutron.port object s_rally_d012e5fc_nHiMW6N3 (c2df0c3d-9d41-4c12-87e5-403f03438a9d)
2019-08-18 09:05:01.691 21663 RALLYDEBUG rally_openstack.cleanup.manager [-] Deleting neutron.port object s_rally_d012e5fc_1Vh3Rrla (c2ee26ca-684e-4b24-ad65-945d827604b5)
2019-08-18 09:05:01.746 21663 RALLYDEBUG rally_openstack.cleanup.manager [-] Deleting neutron.port object s_rally_d012e5fc_L1kHeMSN (c5a06461-b2b6-423e-8408-c3972245d73a)
2019-08-18 09:05:01.814 21663 RALLYDEBUG rally_openstack.cleanup.manager [-] Deleting neutron.port object s_rally_d012e5fc_cB76JST7 (c5bb161f-3be4-4db2-895c-5c6186e235f7)
2019-08-18 09:05:01.853 21663 RALLYDEBUG rally_openstack.cleanup.manager [-] Deleting neutron.port object s_rally_d012e5fc_ltRrBGjH (c64f974f-b0c0-4356-809f-4d5ae79d0853)
2019-08-18 09:05:02.027 21663 RALLYDEBUG rally_openstack.cleanup.manager [-] Deleting neutron.port object s_rally_d012e5fc_VdUi2Fd7 (c8d34ad0-7785-4c4d-9679-8fb26bece0b7)
2019-08-18 09:05:02.250 21663 RALLYDEBUG rally_openstack.cleanup.manager [-] Deleting neutron.port object s_rally_d012e5fc_dKtLvkwy (caf1cb58-fada-410c-8da5-f840ecc50e7c)
2019-08-18 09:05:02.298 21663 RALLYDEBUG rally_openstack.cleanup.manager [-] Deleting neutron.port object s_rally_d012e5fc_JZeHrq2v (cb875d7b-eb21-4ac5-875a-d4c0d9bce0a7)
2019-08-18 09:05:02.353 21663 RALLYDEBUG rally_openstack.cleanup.manager [-] Deleting neutron.port object s_rally_d012e5fc_4LhORFeU (cc242c35-1b1d-4c70-8e95-1bee003d05df)
2019-08-18 09:05:02.545 21663 RALLYDEBUG rally_openstack.cleanup.manager [-] Deleting neutron.port object s_rally_d012e5fc_EmvyMNhh (ccbd9f8f-a455-4252-ab6a-033863dcd8e1)
2019-08-18 09:05:02.679 21663 RALLYDEBUG rally_openstack.cleanup.manager [-] Deleting neutron.port object s_rally_d012e5fc_mEMevHE4 (cf35543f-f818-4d6c-a8d9-e7a1ce5000fa)
2019-08-18 09:05:02.695 21663 RALLYDEBUG rally_openstack.cleanup.manager [-] Deleting neutron.port object s_rally_d012e5fc_MMfhO1wB (d19b8e01-06ed-468c-bf4c-54b3561c5473)
2019-08-18 09:05:02.790 21663 RALLYDEBUG rally_openstack.cleanup.manager [-] Deleting neutron.port object s_rally_d012e5fc_ibFenCTu (d1afdd65-8d38-416f-bfc4-d97d3dc1fd50)
2019-08-18 09:05:02.837 21663 RALLYDEBUG rally_openstack.cleanup.manager [-] Deleting neutron.port object s_rally_d012e5fc_oURemsuD (d1ce9688-0e31-4a96-aa10-fc1195f2ae03)
2019-08-18 09:05:02.893 21663 RALLYDEBUG rally_openstack.cleanup.manager [-] Deleting neutron.port object s_rally_d012e5fc_iFY7bpfC (d1ee3e6a-e001-4b05-b2b1-e310cfcffb7b)
2019-08-18 09:05:02.943 21663 RALLYDEBUG rally_openstack.cleanup.manager [-] Deleting neutron.port object s_rally_d012e5fc_tB5ojHz3 (d30560ed-ad94-4216-a5d8-83b41863a622)
2019-08-18 09:05:03.111 21663 RALLYDEBUG rally_openstack.cleanup.manager [-] Deleting neutron.port object s_rally_d012e5fc_v1aGuy6h (d351df2f-dda4-477e-ad70-982603c1f0b7)
2019-08-18 09:05:03.136 21663 RALLYDEBUG rally_openstack.cleanup.manager [-] Deleting neutron.port object s_rally_d012e5fc_3RP7Uvlc (d55fe5a9-6002-4208-b3f5-2b7b106506d2)
2019-08-18 09:05:03.290 21663 RALLYDEBUG rally_openstack.cleanup.manager [-] Deleting neutron.port object s_rally_d012e5fc_VfCrzvQV (d56f5c76-0c08-4042-82d1-bca4c7f1779b)
2019-08-18 09:05:03.569 21663 RALLYDEBUG rally_openstack.cleanup.manager [-] Deleting neutron.port object s_rally_d012e5fc_mfH6RdKg (d6995253-e19c-4966-bf49-e4414e30f179)
2019-08-18 09:05:03.598 21663 RALLYDEBUG rally_openstack.cleanup.manager [-] Deleting neutron.port object s_rally_d012e5fc_srwn5iFC (d6b20688-9642-433f-9692-d8b0593ebe99)
2019-08-18 09:05:03.815 21663 RALLYDEBUG rally_openstack.cleanup.manager [-] Deleting neutron.port object s_rally_d012e5fc_mf21KZWM (d7804238-dc17-440b-8ece-17f56e508683)
2019-08-18 09:05:03.918 21663 RALLYDEBUG rally_openstack.cleanup.manager [-] Deleting neutron.port object s_rally_d012e5fc_wqw6yeOD (d946e63b-0eea-4d02-83ba-366722c0dbf2)
2019-08-18 09:05:03.946 21663 RALLYDEBUG rally_openstack.cleanup.manager [-] Deleting neutron.port object s_rally_d012e5fc_m6z5N7TC (dc0b373a-ae5e-4be9-a852-f95e40e4438a)
2019-08-18 09:05:04.095 21663 RALLYDEBUG rally_openstack.cleanup.manager [-] Deleting neutron.port object s_rally_d012e5fc_ZilH9FYL (dc714c12-d09f-44b3-8009-03e4d28c205f)
2019-08-18 09:05:04.550 21663 RALLYDEBUG rally_openstack.cleanup.manager [-] Deleting neutron.port object s_rally_d012e5fc_nPE8v6Da (dc8324b9-4c59-46ca-9abb-d734f380b71b)
2019-08-18 09:05:04.583 21663 RALLYDEBUG rally_openstack.cleanup.manager [-] Deleting neutron.port object s_rally_d012e5fc_Fudtz9Yi (dd0d7823-bb6f-45db-89e6-0cecc3b459fe)
2019-08-18 09:05:04.588 21663 RALLYDEBUG rally_openstack.cleanup.manager [-] Deleting neutron.port object s_rally_d012e5fc_15jXXZ9c (dd958262-4188-46bc-9dd8-8829a210a7e7)
2019-08-18 09:05:04.645 21663 RALLYDEBUG rally_openstack.cleanup.manager [-] Deleting neutron.port object s_rally_d012e5fc_yBdXlkoR (de255780-8e39-47e9-a321-1b4a090ba8ca)
2019-08-18 09:05:04.756 21663 RALLYDEBUG rally_openstack.cleanup.manager [-] Deleting neutron.port object s_rally_d012e5fc_GzkY3Czw (e314a0e3-2e16-4fda-9a88-9aa4bd627e08)
2019-08-18 09:05:04.776 21663 RALLYDEBUG rally_openstack.cleanup.manager [-] Deleting neutron.port object s_rally_d012e5fc_jiEjY4aT (e5038cbb-ea48-498c-b481-ec81c09e7f58)
2019-08-18 09:05:04.778 21663 RALLYDEBUG rally_openstack.cleanup.manager [-] Deleting neutron.port object s_rally_d012e5fc_6fJGfe5C (e71d9333-9b45-49cc-9c09-64b8470707a6)
2019-08-18 09:05:04.914 21663 RALLYDEBUG rally_openstack.cleanup.manager [-] Deleting neutron.port object s_rally_d012e5fc_LWMdr5Se (e853c524-bc5f-419f-bd09-53f76375cfb9)
2019-08-18 09:05:05.070 21663 RALLYDEBUG rally_openstack.cleanup.manager [-] Deleting neutron.port object s_rally_d012e5fc_j8392S48 (e9a8b1e0-5d6d-4a63-b3fb-b0266c551dd6)
2019-08-18 09:05:05.293 21663 RALLYDEBUG rally_openstack.cleanup.manager [-] Deleting neutron.port object s_rally_d012e5fc_tE8YaXRT (ea0c8afa-1c12-49a3-b74f-1e7fc4adf72e)
2019-08-18 09:05:05.401 21663 RALLYDEBUG rally_openstack.cleanup.manager [-] Deleting neutron.port object s_rally_d012e5fc_YubKZ6JV (f1af4bdf-977b-4332-9a42-535864bbae6f)
2019-08-18 09:05:05.454 21663 RALLYDEBUG rally_openstack.cleanup.manager [-] Deleting neutron.port object s_rally_d012e5fc_sQ3j34Tk (f27c8021-08d9-4b00-8242-24ed232f5ecb)
2019-08-18 09:05:05.597 21663 RALLYDEBUG rally_openstack.cleanup.manager [-] Deleting neutron.port object s_rally_d012e5fc_bliVJHoD (f6c0ff90-3a1a-4079-a630-a4f63e907ada)
2019-08-18 09:05:05.625 21663 RALLYDEBUG rally_openstack.cleanup.manager [-] Deleting neutron.port object s_rally_d012e5fc_YLoXjwQc (f774731e-64b8-4d43-9e29-fc931eee77ef)
2019-08-18 09:05:05.947 21663 RALLYDEBUG rally_openstack.cleanup.manager [-] Deleting neutron.port object s_rally_d012e5fc_75xuN9D2 (f775f063-e2d8-4add-b86d-7e4e70b17d73)
2019-08-18 09:05:05.962 21663 RALLYDEBUG rally_openstack.cleanup.manager [-] Deleting neutron.port object s_rally_d012e5fc_AlOdbG5p (f8cbab20-24af-4de5-97ea-8433fbed819a)
2019-08-18 09:05:06.082 21663 RALLYDEBUG rally_openstack.cleanup.manager [-] Deleting neutron.port object s_rally_d012e5fc_ZeIlstR2 (f9a0a58c-806c-4875-b2b3-55c48dbb37ad)
2019-08-18 09:05:06.103 21663 RALLYDEBUG rally_openstack.cleanup.manager [-] Deleting neutron.port object s_rally_d012e5fc_gZjDyI7F (fa88dab3-0b06-4277-8c20-f35390cff76e)
2019-08-18 09:05:06.209 21663 RALLYDEBUG rally_openstack.cleanup.manager [-] Deleting neutron.port object s_rally_d012e5fc_yCD8kLbD (ff284a18-2829-4837-a190-e2efba885b85)
2019-08-18 09:05:08.073 21663 RALLYDEBUG rally_openstack.cleanup.manager [-] Cleaning up neutron subnet objects
2019-08-18 09:05:08.483 21663 RALLYDEBUG rally_openstack.cleanup.manager [-] Cleaning up neutron network objects
2019-08-18 09:05:09.043 21663 RALLYDEBUG rally_openstack.cleanup.manager [-] Deleting neutron.network object s_rally_d012e5fc_lDWoBJdn (0192563a-4679-4f5a-b908-ec6210d8faaa)
2019-08-18 09:05:09.051 21663 RALLYDEBUG rally_openstack.cleanup.manager [-] Deleting neutron.network object s_rally_d012e5fc_kNAL2FFI (072ec5f4-a4a7-49cb-96a5-8a5de9b9533c)
2019-08-18 09:05:09.063 21663 RALLYDEBUG rally_openstack.cleanup.manager [-] Deleting neutron.network object s_rally_d012e5fc_RO09nlEz (105724e9-2672-46bb-b844-ed18c25d7423)
2019-08-18 09:05:09.071 21663 RALLYDEBUG rally_openstack.cleanup.manager [-] Deleting neutron.network object s_rally_d012e5fc_Zd7yFW8x (1666dbb2-ccf3-4b1d-834e-555a3bf0c9d2)
2019-08-18 09:05:09.076 21663 RALLYDEBUG rally_openstack.cleanup.manager [-] Deleting neutron.network object s_rally_d012e5fc_VzTomI0V (2227c526-c97c-47a7-8f3e-2583b5dec682)
2019-08-18 09:05:09.083 21663 RALLYDEBUG rally_openstack.cleanup.manager [-] Deleting neutron.network object s_rally_d012e5fc_liav84rg (264922bc-7c99-4d19-bebb-be6e8057967d)
2019-08-18 09:05:09.121 21663 RALLYDEBUG rally_openstack.cleanup.manager [-] Deleting neutron.network object s_rally_d012e5fc_0m0qcV5o (3f7c66c1-f7d1-4985-9586-f8195510d468)
2019-08-18 09:05:09.151 21663 RALLYDEBUG rally_openstack.cleanup.manager [-] Deleting neutron.network object s_rally_d012e5fc_p5xiSCRD (474a0b4a-13de-4277-89bf-0a467d0a95b1)
2019-08-18 09:05:09.174 21663 RALLYDEBUG rally_openstack.cleanup.manager [-] Deleting neutron.network object s_rally_d012e5fc_HaEWxbsE (346b416f-15d2-4c72-8ada-071f6c596305)
2019-08-18 09:05:09.177 21663 RALLYDEBUG rally_openstack.cleanup.manager [-] Deleting neutron.network object s_rally_d012e5fc_DCcgsRXv (291c4c61-3766-483a-863e-273f26c715f8)
2019-08-18 09:05:09.208 21663 RALLYDEBUG rally_openstack.cleanup.manager [-] Deleting neutron.network object s_rally_d012e5fc_qKK6Y1kU (6f19da57-a190-4dde-959a-42d9e5070f23)
2019-08-18 09:05:09.210 21663 RALLYDEBUG rally_openstack.cleanup.manager [-] Deleting neutron.network object s_rally_d012e5fc_NODUFbf0 (33d99440-84fa-4c9a-9ee2-95fd602ed79a)
2019-08-18 09:05:09.215 21663 RALLYDEBUG rally_openstack.cleanup.manager [-] Deleting neutron.network object s_rally_d012e5fc_ZHJHbfZP (4cc00a5d-ba6f-4f21-9d8a-954430df2e8a)
2019-08-18 09:05:09.235 21663 RALLYDEBUG rally_openstack.cleanup.manager [-] Deleting neutron.network object s_rally_d012e5fc_64rwvkqY (6ae49afa-7a09-427a-a05e-5cfbba4f6169)
2019-08-18 09:05:09.250 21663 RALLYDEBUG rally_openstack.cleanup.manager [-] Deleting neutron.network object s_rally_d012e5fc_zueiCpLF (5ca0d6ec-8e31-43b1-bbfe-3fc1c57d8087)
2019-08-18 09:05:09.255 21663 RALLYDEBUG rally_openstack.cleanup.manager [-] Deleting neutron.network object s_rally_d012e5fc_McKPk7bs (73978c1e-eff4-4bcb-8276-5281725bd2b0)
2019-08-18 09:05:09.289 21663 RALLYDEBUG rally_openstack.cleanup.manager [-] Deleting neutron.network object s_rally_d012e5fc_UaweZV4r (7dadc578-a66e-4356-a44e-1405fc056020)
2019-08-18 09:05:09.303 21663 RALLYDEBUG rally_openstack.cleanup.manager [-] Deleting neutron.network object s_rally_d012e5fc_7pBvSCAN (81692781-4f29-4533-afeb-407c22ee207d)
2019-08-18 09:05:09.316 21663 RALLYDEBUG rally_openstack.cleanup.manager [-] Deleting neutron.network object s_rally_d012e5fc_FI9kg45F (8160a1ab-6abd-4a99-8803-8f026919e36f)
2019-08-18 09:05:09.373 21663 RALLYDEBUG rally_openstack.cleanup.manager [-] Deleting neutron.network object s_rally_d012e5fc_FSary4OW (8521bd7b-6cec-47aa-93a1-7c27af513c21)
2019-08-18 09:05:11.459 21663 RALLYDEBUG rally_openstack.cleanup.manager [-] Deleting neutron.network object s_rally_d012e5fc_tX18uH8X (9b728d77-e170-4e2f-a9a6-5c577b55948f)
2019-08-18 09:05:11.628 21663 RALLYDEBUG rally_openstack.cleanup.manager [-] Deleting neutron.network object s_rally_d012e5fc_ffZsbtI7 (a0bfcbff-fb87-4992-a7e7-828343ad0504)
2019-08-18 09:05:11.689 21663 RALLYDEBUG rally_openstack.cleanup.manager [-] Deleting neutron.network object s_rally_d012e5fc_mEJdp3Xw (a30d9a6f-a57f-4452-a5bb-5e9ce60d3a76)
2019-08-18 09:05:11.738 21663 RALLYDEBUG rally_openstack.cleanup.manager [-] Deleting neutron.network object s_rally_d012e5fc_7SeFEHqU (a3acd942-9848-4f21-88bb-f5566c667ab5)
2019-08-18 09:05:11.890 21663 RALLYDEBUG rally_openstack.cleanup.manager [-] Deleting neutron.network object s_rally_d012e5fc_wlVQRmiA (a59407f5-3f06-4ef8-86af-41ea09f1cbcc)
2019-08-18 09:05:12.008 21663 RALLYDEBUG rally_openstack.cleanup.manager [-] Deleting neutron.network object s_rally_d012e5fc_cmvyzbqb (b4c95d0f-2a30-4afc-87a4-1604a504a263)
2019-08-18 09:05:12.009 21663 RALLYDEBUG rally_openstack.cleanup.manager [-] Deleting neutron.network object s_rally_d012e5fc_LOJLCzBK (a8fcf035-b8a9-4d21-9e51-64eb42f40bc6)
2019-08-18 09:05:12.030 21663 RALLYDEBUG rally_openstack.cleanup.manager [-] Deleting neutron.network object s_rally_d012e5fc_qAwe8KKV (baf3ef0f-f4b9-4378-bff7-71ab1f59e78a)
2019-08-18 09:05:12.063 21663 RALLYDEBUG rally_openstack.cleanup.manager [-] Deleting neutron.network object s_rally_d012e5fc_WKvRE3Lr (be4f4585-20cb-4ee3-a3ea-d84262d6a6f0)
2019-08-18 09:05:12.190 21663 RALLYDEBUG rally_openstack.cleanup.manager [-] Deleting neutron.network object s_rally_d012e5fc_NOf3PmZR (c4fbbaf5-e611-4870-b459-6be813137e19)
2019-08-18 09:05:12.212 21663 RALLYDEBUG rally_openstack.cleanup.manager [-] Deleting neutron.network object s_rally_d012e5fc_9ONrbzS5 (c8e279a6-cc37-4f86-9dc3-331a1df5c997)
2019-08-18 09:05:12.233 21663 RALLYDEBUG rally_openstack.cleanup.manager [-] Deleting neutron.network object s_rally_d012e5fc_zattLoNP (cf1ca11c-3031-4d51-b9ed-6ebca3c93d94)
2019-08-18 09:05:12.247 21663 RALLYDEBUG rally_openstack.cleanup.manager [-] Deleting neutron.network object s_rally_d012e5fc_KpEZCpYt (d44d7fbc-0614-451e-8b42-f1a51c0a9d48)
2019-08-18 09:05:12.273 21663 RALLYDEBUG rally_openstack.cleanup.manager [-] Deleting neutron.network object s_rally_d012e5fc_h2xPesC5 (d9ba1e2b-4808-4d67-8512-e571d475613b)
2019-08-18 09:05:12.280 21663 RALLYDEBUG rally_openstack.cleanup.manager [-] Deleting neutron.network object s_rally_d012e5fc_AxWSeQUH (ddc80429-9290-4295-8d9a-e83a34b98214)
2019-08-18 09:05:12.512 21663 RALLYDEBUG rally_openstack.cleanup.manager [-] Deleting neutron.network object s_rally_d012e5fc_C57sLOEo (e0ec754a-839d-4e68-a7b7-53c78d49d45c)
2019-08-18 09:05:12.536 21663 RALLYDEBUG rally_openstack.cleanup.manager [-] Deleting neutron.network object s_rally_d012e5fc_ZYPAiJcV (e684db9f-a4ed-4dcc-8ba0-7a6b0609dae3)
2019-08-18 09:05:12.946 21663 RALLYDEBUG rally_openstack.cleanup.manager [-] Deleting neutron.network object s_rally_d012e5fc_FJFQHYNn (ede9a5f2-fe99-4983-9fdc-46bf57f49861)
2019-08-18 09:05:13.375 21663 RALLYDEBUG rally_openstack.cleanup.manager [-] Deleting neutron.network object s_rally_d012e5fc_l6x3mhfe (f139208f-e033-4726-b7b6-b3da437735e0)
2019-08-18 09:05:13.384 21663 RALLYDEBUG rally_openstack.cleanup.manager [-] Deleting neutron.network object s_rally_d012e5fc_HKTYV8NC (f86f6a22-0585-40c2-9cd7-2511f910f9fb)
2019-08-18 09:05:15.448 21663 RALLYDEBUG rally_openstack.cleanup.manager [-] Cleaning up neutron router objects
2019-08-18 09:05:15.879 21663 RALLYDEBUG rally_openstack.cleanup.manager [-] Cleaning up neutron security_group objects
2019-08-18 09:05:16.304 21663 INFO rally.task.context [-] Task 55d49952-976f-4cd9-a359-7f657caba7e5 | Context cleanup@openstack cleanup() finished in 34.19 sec
2019-08-18 09:05:16.305 21663 INFO rally.task.context [-] Task 55d49952-976f-4cd9-a359-7f657caba7e5 | Context quotas@openstack cleanup() started
2019-08-18 09:05:16.399 21663 INFO rally.task.context [-] Task 55d49952-976f-4cd9-a359-7f657caba7e5 | Context quotas@openstack cleanup() finished in 94.22 msec
2019-08-18 09:05:16.399 21663 INFO rally.task.context [-] Task 55d49952-976f-4cd9-a359-7f657caba7e5 | Context users@openstack cleanup() started
2019-08-18 09:05:19.220 21663 INFO rally.task.context [-] Task 55d49952-976f-4cd9-a359-7f657caba7e5 | Context users@openstack cleanup() finished in 2.82 sec
2019-08-18 09:05:19.518 21663 INFO rally.task.engine [-] Load duration is: 24.00997
2019-08-18 09:05:19.518 21663 INFO rally.task.engine [-] Full runner duration is: 24.062265
2019-08-18 09:05:19.519 21663 INFO rally.task.engine [-] Full duration is: 64.263147
2019-08-18 09:05:19.811 21663 INFO rally.task.engine [-] Running workload: position = 2 config = { "version": 2, "title": "A cropped version of a bigger task.", "description": "Auto-generated task from a single workload (uuid=cddc09d5-c36c-4e9f-9471-8a2e0a41d7d5)", "subtasks": [ { "title": "NeutronNetworks.create_and_delete_ports", "description": "Create and delete a port.", "scenario": { "NeutronNetworks.create_and_delete_ports": { "network_create_args": {}, "port_create_args": {}, "ports_per_network": 5 } }, "contexts": { "users": { "tenants": 1, "users_per_tenant": 1 }, "quotas": { "neutron": { "network": -1, "port": -1 } } }, "runner": { "constant": { "times": 40, "concurrency": 20 } }, "hooks": [], "sla": { "failure_rate": { "max": 0 } } } ] }
2019-08-18 09:05:19.838 21663 RALLYDEBUG rally_openstack.contexts.keystone.users [-] Creating 1 tenants using 20 threads
2019-08-18 09:05:20.778 21663 RALLYDEBUG rally_openstack.contexts.keystone.users [-] Creating 1 users using 20 threads
2019-08-18 09:05:22.183 21663 INFO rally.task.context [-] Task 55d49952-976f-4cd9-a359-7f657caba7e5 | Context users@openstack setup() finished in 2.35 sec
2019-08-18 09:05:22.747 21663 INFO rally.task.context [-] Task 55d49952-976f-4cd9-a359-7f657caba7e5 | Context quotas@openstack setup() finished in 0.56 sec
2019-08-18 09:05:22.747 21663 INFO rally.task.context [-] Task 55d49952-976f-4cd9-a359-7f657caba7e5 | Context cleanup@openstack setup() finished in 0.01 msec
2019-08-18 09:05:22.757 21663 RALLYDEBUG rally.task.runner [-] Starting the constant runner (task UUID: 55d49952-976f-4cd9-a359-7f657caba7e5). timeout: 0 concurrency: 20 concurrency_per_worker: 1 times: 40 concurrency_overhead: 4 processes_to_start: 16 max_cpu_used: 16
2019-08-18 09:05:22.771 25909 RALLYDEBUG rally.task.runner [-] Starting a worker. concurrency: 2 args: {"network_create_args": {}, "port_create_args": {}, "ports_per_network": 5} times: 40 method_name: run timeout: 0 duration: None cls:
2019-08-18 09:05:22.775 25910 RALLYDEBUG rally.task.runner [-] Starting a worker. concurrency: 2 args: {"network_create_args": {}, "port_create_args": {}, "ports_per_network": 5} times: 40 method_name: run timeout: 0 duration: None cls:
2019-08-18 09:05:22.778 25911 RALLYDEBUG rally.task.runner [-] Starting a worker. concurrency: 2 args: {"network_create_args": {}, "port_create_args": {}, "ports_per_network": 5} times: 40 method_name: run timeout: 0 duration: None cls:
2019-08-18 09:05:22.781 25909 INFO rally.task.runner [-] Task 55d49952-976f-4cd9-a359-7f657caba7e5 | ITER: 1 START
2019-08-18 09:05:22.782 25912 RALLYDEBUG rally.task.runner [-] Starting a worker. concurrency: 2 args: {"network_create_args": {}, "port_create_args": {}, "ports_per_network": 5} times: 40 method_name: run timeout: 0 duration: None cls:
2019-08-18 09:05:22.783 25909 WARNING rally_openstack.scenarios.neutron.utils [-] Running this scenario without either the 'network' or 'existing_network' context is deprecated
2019-08-18 09:05:22.784 25910 INFO rally.task.runner [-] Task 55d49952-976f-4cd9-a359-7f657caba7e5 | ITER: 3 START
2019-08-18 09:05:22.784 25914 RALLYDEBUG rally.task.runner [-] Starting a worker. concurrency: 1 args: {"network_create_args": {}, "port_create_args": {}, "ports_per_network": 5} times: 40 method_name: run timeout: 0 duration: None cls:
2019-08-18 09:05:22.788 25911 INFO rally.task.runner [-] Task 55d49952-976f-4cd9-a359-7f657caba7e5 | ITER: 4 START
2019-08-18 09:05:22.789 25911 WARNING rally_openstack.scenarios.neutron.utils [-] Running this scenario without either the 'network' or 'existing_network' context is deprecated
2019-08-18 09:05:22.790 25912 INFO rally.task.runner [-] Task 55d49952-976f-4cd9-a359-7f657caba7e5 | ITER: 6 START
2019-08-18 09:05:22.787 25910 WARNING rally_openstack.scenarios.neutron.utils [-] Running this scenario without either the 'network' or 'existing_network' context is deprecated
2019-08-18 09:05:22.791 25914 INFO rally.task.runner [-] Task 55d49952-976f-4cd9-a359-7f657caba7e5 | ITER: 8 START
2019-08-18 09:05:22.791 25918 RALLYDEBUG rally.task.runner [-] Starting a worker. concurrency: 1 args: {"network_create_args": {}, "port_create_args": {}, "ports_per_network": 5} times: 40 method_name: run timeout: 0 duration: None cls:
2019-08-18 09:05:22.793 25914 WARNING rally_openstack.scenarios.neutron.utils [-] Running this scenario without either the 'network' or 'existing_network' context is deprecated
2019-08-18 09:05:22.793 25912 WARNING rally_openstack.scenarios.neutron.utils [-] Running this scenario without either the 'network' or 'existing_network' context is deprecated
2019-08-18 09:05:22.793 25922 RALLYDEBUG rally.task.runner [-] Starting a worker. concurrency: 1 args: {"network_create_args": {}, "port_create_args": {}, "ports_per_network": 5} times: 40 method_name: run timeout: 0 duration: None cls:
2019-08-18 09:05:22.787 25909 INFO rally.task.runner [-] Task 55d49952-976f-4cd9-a359-7f657caba7e5 | ITER: 2 START
2019-08-18 09:05:22.797 25909 WARNING rally_openstack.scenarios.neutron.utils [-] Running this scenario without either the 'network' or 'existing_network' context is deprecated
2019-08-18 09:05:22.797 25927 RALLYDEBUG rally.task.runner [-] Starting a worker. concurrency: 1 args: {"network_create_args": {}, "port_create_args": {}, "ports_per_network": 5} times: 40 method_name: run timeout: 0 duration: None cls:
2019-08-18 09:05:22.792 25911 INFO rally.task.runner [-] Task 55d49952-976f-4cd9-a359-7f657caba7e5 | ITER: 7 START
2019-08-18 09:05:22.800 25922 INFO rally.task.runner [-] Task 55d49952-976f-4cd9-a359-7f657caba7e5 | ITER: 11 START
2019-08-18 09:05:22.800 25911 WARNING rally_openstack.scenarios.neutron.utils [-] Running this scenario without either the 'network' or 'existing_network' context is deprecated
2019-08-18 09:05:22.801 25918 INFO rally.task.runner [-] Task 55d49952-976f-4cd9-a359-7f657caba7e5 | ITER: 10 START
2019-08-18 09:05:22.792 25910 INFO rally.task.runner [-] Task 55d49952-976f-4cd9-a359-7f657caba7e5 | ITER: 5 START
2019-08-18 09:05:22.801 25922 WARNING rally_openstack.scenarios.neutron.utils [-] Running this scenario without either the 'network' or 'existing_network' context is deprecated
2019-08-18 09:05:22.802 25918 WARNING rally_openstack.scenarios.neutron.utils [-] Running this scenario without either the 'network' or 'existing_network' context is deprecated
2019-08-18 09:05:22.805 25927 INFO rally.task.runner [-] Task 55d49952-976f-4cd9-a359-7f657caba7e5 | ITER: 12 START
2019-08-18 09:05:22.803 25910 WARNING rally_openstack.scenarios.neutron.utils [-] Running this scenario without either the 'network' or 'existing_network' context is deprecated
2019-08-18 09:05:22.805 25930 RALLYDEBUG rally.task.runner [-] Starting a worker. concurrency: 1 args: {"network_create_args": {}, "port_create_args": {}, "ports_per_network": 5} times: 40 method_name: run timeout: 0 duration: None cls:
2019-08-18 09:05:22.807 25927 WARNING rally_openstack.scenarios.neutron.utils [-] Running this scenario without either the 'network' or 'existing_network' context is deprecated
2019-08-18 09:05:22.805 25912 INFO rally.task.runner [-] Task 55d49952-976f-4cd9-a359-7f657caba7e5 | ITER: 9 START
2019-08-18 09:05:22.808 25912 WARNING rally_openstack.scenarios.neutron.utils [-] Running this scenario without either the 'network' or 'existing_network' context is deprecated
2019-08-18 09:05:22.816 25935 RALLYDEBUG rally.task.runner [-] Starting a worker. concurrency: 1 args: {"network_create_args": {}, "port_create_args": {}, "ports_per_network": 5} times: 40 method_name: run timeout: 0 duration: None cls:
2019-08-18 09:05:22.820 25930 INFO rally.task.runner [-] Task 55d49952-976f-4cd9-a359-7f657caba7e5 | ITER: 13 START
2019-08-18 09:05:22.822 25930 WARNING rally_openstack.scenarios.neutron.utils [-] Running this scenario without either the 'network' or 'existing_network' context is deprecated
2019-08-18 09:05:22.823 25940 RALLYDEBUG rally.task.runner [-] Starting a worker. concurrency: 1 args: {"network_create_args": {}, "port_create_args": {}, "ports_per_network": 5} times: 40 method_name: run timeout: 0 duration: None cls:
2019-08-18 09:05:22.828 25935 INFO rally.task.runner [-] Task 55d49952-976f-4cd9-a359-7f657caba7e5 | ITER: 14 START
2019-08-18 09:05:22.831 25935 WARNING rally_openstack.scenarios.neutron.utils [-] Running this scenario without either the 'network' or 'existing_network' context is deprecated
2019-08-18 09:05:22.831 25940 INFO rally.task.runner [-] Task 55d49952-976f-4cd9-a359-7f657caba7e5 | ITER: 15 START
2019-08-18 09:05:22.834 25940 WARNING rally_openstack.scenarios.neutron.utils [-] Running this scenario without either the 'network' or 'existing_network' context is deprecated
2019-08-18 09:05:22.837 25945 RALLYDEBUG rally.task.runner [-] Starting a worker. concurrency: 1 args: {"network_create_args": {}, "port_create_args": {}, "ports_per_network": 5} times: 40 method_name: run timeout: 0 duration: None cls:
2019-08-18 09:05:22.837 25942 RALLYDEBUG rally.task.runner [-] Starting a worker. concurrency: 1 args: {"network_create_args": {}, "port_create_args": {}, "ports_per_network": 5} times: 40 method_name: run timeout: 0 duration: None cls:
2019-08-18 09:05:22.845 25945 INFO rally.task.runner [-] Task 55d49952-976f-4cd9-a359-7f657caba7e5 | ITER: 16 START
2019-08-18 09:05:22.846 25942 INFO rally.task.runner [-] Task 55d49952-976f-4cd9-a359-7f657caba7e5 | ITER: 17 START
2019-08-18 09:05:22.846 25948 RALLYDEBUG rally.task.runner [-] Starting a worker. concurrency: 1 args: {"network_create_args": {}, "port_create_args": {}, "ports_per_network": 5} times: 40 method_name: run timeout: 0 duration: None cls:
2019-08-18 09:05:22.847 25945 WARNING rally_openstack.scenarios.neutron.utils [-] Running this scenario without either the 'network' or 'existing_network' context is deprecated
2019-08-18 09:05:22.848 25942 WARNING rally_openstack.scenarios.neutron.utils [-] Running this scenario without either the 'network' or 'existing_network' context is deprecated
2019-08-18 09:05:22.852 25951 RALLYDEBUG rally.task.runner [-] Starting a worker. concurrency: 1 args: {"network_create_args": {}, "port_create_args": {}, "ports_per_network": 5} times: 40 method_name: run timeout: 0 duration: None cls:
2019-08-18 09:05:22.855 25948 INFO rally.task.runner [-] Task 55d49952-976f-4cd9-a359-7f657caba7e5 | ITER: 18 START
2019-08-18 09:05:22.857 25948 WARNING rally_openstack.scenarios.neutron.utils [-] Running this scenario without either the 'network' or 'existing_network' context is deprecated
2019-08-18 09:05:22.856 25954 RALLYDEBUG rally.task.runner [-] Starting a worker. concurrency: 1 args: {"network_create_args": {}, "port_create_args": {}, "ports_per_network": 5} times: 40 method_name: run timeout: 0 duration: None cls:
2019-08-18 09:05:22.857 25951 INFO rally.task.runner [-] Task 55d49952-976f-4cd9-a359-7f657caba7e5 | ITER: 19 START
2019-08-18 09:05:22.859 25951 WARNING rally_openstack.scenarios.neutron.utils [-] Running this scenario without either the 'network' or 'existing_network' context is deprecated
2019-08-18 09:05:22.862 25954 INFO rally.task.runner [-] Task 55d49952-976f-4cd9-a359-7f657caba7e5 | ITER: 20 START
2019-08-18 09:05:22.863 25954 WARNING rally_openstack.scenarios.neutron.utils [-] Running this scenario without either the 'network' or 'existing_network' context is deprecated
2019-08-18 09:05:31.533 25948 INFO rally.task.runner [-] Task 55d49952-976f-4cd9-a359-7f657caba7e5 | ITER: 18 END: OK
2019-08-18 09:05:31.538 25948 INFO rally.task.runner [-] Task 55d49952-976f-4cd9-a359-7f657caba7e5 | ITER: 21 START
2019-08-18 09:05:31.539 25948 WARNING rally_openstack.scenarios.neutron.utils [-] Running this scenario without either the 'network' or 'existing_network' context is deprecated
2019-08-18 09:05:32.639 25942 INFO rally.task.runner [-] Task 55d49952-976f-4cd9-a359-7f657caba7e5 | ITER: 17 END: OK
2019-08-18 09:05:32.644 25942 INFO rally.task.runner [-] Task 55d49952-976f-4cd9-a359-7f657caba7e5 | ITER: 22 START
2019-08-18 09:05:32.645 25942 WARNING rally_openstack.scenarios.neutron.utils [-] Running this scenario without either the 'network' or 'existing_network' context is deprecated
2019-08-18 09:05:33.005 25935 INFO rally.task.runner [-] Task 55d49952-976f-4cd9-a359-7f657caba7e5 | ITER: 14 END: OK
2019-08-18 09:05:33.010 25935 INFO rally.task.runner [-] Task 55d49952-976f-4cd9-a359-7f657caba7e5 | ITER: 23 START
2019-08-18 09:05:33.011 25935 WARNING rally_openstack.scenarios.neutron.utils [-] Running this scenario without either the 'network' or 'existing_network' context is deprecated
2019-08-18 09:05:33.444 25911 INFO rally.task.runner [-] Task 55d49952-976f-4cd9-a359-7f657caba7e5 | ITER: 7 END: OK
2019-08-18 09:05:33.448 25911 INFO rally.task.runner [-] Task 55d49952-976f-4cd9-a359-7f657caba7e5 | ITER: 24 START
2019-08-18 09:05:33.449 25911 WARNING rally_openstack.scenarios.neutron.utils [-] Running this scenario without either the 'network' or 'existing_network' context is deprecated
2019-08-18 09:05:34.037 25911 INFO rally.task.runner [-] Task 55d49952-976f-4cd9-a359-7f657caba7e5 | ITER: 4 END: OK
2019-08-18 09:05:34.041 25911 INFO rally.task.runner [-] Task 55d49952-976f-4cd9-a359-7f657caba7e5 | ITER: 25 START
2019-08-18 09:05:34.042 25911 WARNING rally_openstack.scenarios.neutron.utils [-] Running this scenario without either the 'network' or 'existing_network' context is deprecated
2019-08-18 09:05:34.044 25940 INFO rally.task.runner [-] Task 55d49952-976f-4cd9-a359-7f657caba7e5 | ITER: 15 END: OK
2019-08-18 09:05:34.049 25940 INFO rally.task.runner [-] Task 55d49952-976f-4cd9-a359-7f657caba7e5 | ITER: 26 START
2019-08-18 09:05:34.049 25940 WARNING rally_openstack.scenarios.neutron.utils [-] Running this scenario without either the 'network' or 'existing_network' context is deprecated
2019-08-18 09:05:34.500 25914 INFO rally.task.runner [-] Task 55d49952-976f-4cd9-a359-7f657caba7e5 | ITER: 8 END: OK
2019-08-18 09:05:34.504 25914 INFO rally.task.runner [-] Task 55d49952-976f-4cd9-a359-7f657caba7e5 | ITER: 27 START
2019-08-18 09:05:34.505 25914 WARNING rally_openstack.scenarios.neutron.utils [-] Running this scenario without either the 'network' or 'existing_network' context is deprecated
2019-08-18 09:05:34.516 25912 INFO rally.task.runner [-] Task 55d49952-976f-4cd9-a359-7f657caba7e5 | ITER: 9 END: OK
2019-08-18 09:05:34.520 25912 INFO rally.task.runner [-] Task 55d49952-976f-4cd9-a359-7f657caba7e5 | ITER: 28 START
2019-08-18 09:05:34.521 25912 WARNING rally_openstack.scenarios.neutron.utils [-] Running this scenario without either the 'network' or 'existing_network' context is deprecated
2019-08-18 09:05:34.596 25954 INFO rally.task.runner [-] Task 55d49952-976f-4cd9-a359-7f657caba7e5 | ITER: 20 END: OK
2019-08-18 09:05:34.600 25954 INFO rally.task.runner [-] Task 55d49952-976f-4cd9-a359-7f657caba7e5 | ITER: 29 START
2019-08-18 09:05:34.600 25954 WARNING rally_openstack.scenarios.neutron.utils [-] Running this scenario without either the 'network' or 'existing_network' context is deprecated
2019-08-18 09:05:34.621 25945 INFO rally.task.runner [-] Task 55d49952-976f-4cd9-a359-7f657caba7e5 | ITER: 16 END: OK
2019-08-18 09:05:34.625 25945 INFO rally.task.runner [-] Task 55d49952-976f-4cd9-a359-7f657caba7e5 | ITER: 30 START
2019-08-18 09:05:34.626 25945 WARNING rally_openstack.scenarios.neutron.utils [-] Running this scenario without either the 'network' or 'existing_network' context is deprecated
2019-08-18 09:05:34.656 25922 INFO rally.task.runner [-] Task 55d49952-976f-4cd9-a359-7f657caba7e5 | ITER: 11 END: OK
2019-08-18 09:05:34.660 25922 INFO rally.task.runner [-] Task 55d49952-976f-4cd9-a359-7f657caba7e5 | ITER: 31 START
2019-08-18 09:05:34.661 25922 WARNING rally_openstack.scenarios.neutron.utils [-] Running this scenario without either the 'network' or 'existing_network' context is deprecated
2019-08-18 09:05:34.799 25910 INFO rally.task.runner [-] Task 55d49952-976f-4cd9-a359-7f657caba7e5 | ITER: 3 END: OK
2019-08-18 09:05:34.804 25910 INFO rally.task.runner [-] Task 55d49952-976f-4cd9-a359-7f657caba7e5 | ITER: 32 START
2019-08-18 09:05:34.805 25910 WARNING rally_openstack.scenarios.neutron.utils [-] Running this scenario without either the 'network' or 'existing_network' context is deprecated
2019-08-18 09:05:34.846 25927 INFO rally.task.runner [-] Task 55d49952-976f-4cd9-a359-7f657caba7e5 | ITER: 12 END: OK
2019-08-18 09:05:34.851 25927 INFO rally.task.runner [-] Task 55d49952-976f-4cd9-a359-7f657caba7e5 | ITER: 33 START
2019-08-18 09:05:34.851 25927 WARNING rally_openstack.scenarios.neutron.utils [-] Running this scenario without either the 'network' or 'existing_network' context is deprecated
2019-08-18 09:05:34.919 25918 INFO rally.task.runner [-] Task 55d49952-976f-4cd9-a359-7f657caba7e5 | ITER: 10 END: OK
2019-08-18 09:05:34.924 25918 INFO rally.task.runner [-] Task 55d49952-976f-4cd9-a359-7f657caba7e5 | ITER: 34 START
2019-08-18 09:05:34.925 25918 WARNING rally_openstack.scenarios.neutron.utils [-] Running this scenario without either the 'network' or 'existing_network' context is deprecated
2019-08-18 09:05:35.053 25912 INFO rally.task.runner [-] Task 55d49952-976f-4cd9-a359-7f657caba7e5 | ITER: 6 END: OK
2019-08-18 09:05:35.057 25912 INFO rally.task.runner [-] Task 55d49952-976f-4cd9-a359-7f657caba7e5 | ITER: 35 START
2019-08-18 09:05:35.058 25912 WARNING rally_openstack.scenarios.neutron.utils [-] Running this scenario without either the 'network' or 'existing_network' context is deprecated
2019-08-18 09:05:35.257 25951 INFO rally.task.runner [-] Task 55d49952-976f-4cd9-a359-7f657caba7e5 | ITER: 19 END: OK
2019-08-18 09:05:35.261 25951 INFO rally.task.runner [-] Task 55d49952-976f-4cd9-a359-7f657caba7e5 | ITER: 36 START
2019-08-18 09:05:35.262 25951 WARNING rally_openstack.scenarios.neutron.utils [-] Running this scenario without either the 'network' or 'existing_network' context is deprecated
2019-08-18 09:05:35.335 25930 INFO rally.task.runner [-] Task 55d49952-976f-4cd9-a359-7f657caba7e5 | ITER: 13 END: OK
2019-08-18 09:05:35.340 25930 INFO rally.task.runner [-] Task 55d49952-976f-4cd9-a359-7f657caba7e5 | ITER: 37 START
2019-08-18 09:05:35.341 25930 WARNING rally_openstack.scenarios.neutron.utils [-] Running this scenario without either the 'network' or 'existing_network' context is deprecated
2019-08-18 09:05:36.100 25909 INFO rally.task.runner [-] Task 55d49952-976f-4cd9-a359-7f657caba7e5 | ITER: 1 END: OK
2019-08-18 09:05:36.104 25909 INFO rally.task.runner [-] Task 55d49952-976f-4cd9-a359-7f657caba7e5 | ITER: 38 START
2019-08-18 09:05:36.105 25909 WARNING rally_openstack.scenarios.neutron.utils [-] Running this scenario without either the 'network' or 'existing_network' context is deprecated
