2019-08-18 08:56:23.961 23770 RALLYDEBUG rally.task.runner [-] Starting a worker. concurrency: 1 args: {"network_create_args": {}, "subnet_create_args": {}, "subnet_cidr_start": "1.1.0.0/30", "subnets_per_network": 2} times: 40 method_name: run timeout: 0 duration: None cls:
2019-08-18 08:56:23.962 23760 WARNING rally_openstack.scenarios.neutron.utils [-] Running this scenario without either the 'network' or 'existing_network' context is deprecated
2019-08-18 08:56:23.957 23757 WARNING rally_openstack.scenarios.neutron.utils [-] Running this scenario without either the 'network' or 'existing_network' context is deprecated
2019-08-18 08:56:23.961 23759 WARNING rally_openstack.scenarios.neutron.utils [-] Running this scenario without either the 'network' or 'existing_network' context is deprecated
2019-08-18 08:56:23.966 23765 INFO rally.task.runner [-] Task 55d49952-976f-4cd9-a359-7f657caba7e5 | ITER: 10 START
2019-08-18 08:56:23.968 23765 WARNING rally_openstack.scenarios.neutron.utils [-] Running this scenario without either the 'network' or 'existing_network' context is deprecated
2019-08-18 08:56:23.969 23770 INFO rally.task.runner [-] Task 55d49952-976f-4cd9-a359-7f657caba7e5 | ITER: 11 START
2019-08-18 08:56:23.967 23775 RALLYDEBUG rally.task.runner [-] Starting a worker. concurrency: 1 args: {"network_create_args": {}, "subnet_create_args": {}, "subnet_cidr_start": "1.1.0.0/30", "subnets_per_network": 2} times: 40 method_name: run timeout: 0 duration: None cls:
2019-08-18 08:56:23.958 23758 WARNING rally_openstack.scenarios.neutron.utils [-] Running this scenario without either the 'network' or 'existing_network' context is deprecated
2019-08-18 08:56:23.969 23778 RALLYDEBUG rally.task.runner [-] Starting a worker. concurrency: 1 args: {"network_create_args": {}, "subnet_create_args": {}, "subnet_cidr_start": "1.1.0.0/30", "subnets_per_network": 2} times: 40 method_name: run timeout: 0 duration: None cls:
2019-08-18 08:56:23.971 23770 WARNING rally_openstack.scenarios.neutron.utils [-] Running this scenario without either the 'network' or 'existing_network' context is deprecated
2019-08-18 08:56:23.971 23760 INFO rally.task.runner [-] Task 55d49952-976f-4cd9-a359-7f657caba7e5 | ITER: 9 START
2019-08-18 08:56:23.974 23760 WARNING rally_openstack.scenarios.neutron.utils [-] Running this scenario without either the 'network' or 'existing_network' context is deprecated
2019-08-18 08:56:23.975 23782 RALLYDEBUG rally.task.runner [-] Starting a worker. concurrency: 1 args: {"network_create_args": {}, "subnet_create_args": {}, "subnet_cidr_start": "1.1.0.0/30", "subnets_per_network": 2} times: 40 method_name: run timeout: 0 duration: None cls:
2019-08-18 08:56:23.978 23778 INFO rally.task.runner [-] Task 55d49952-976f-4cd9-a359-7f657caba7e5 | ITER: 13 START
2019-08-18 08:56:23.978 23785 RALLYDEBUG rally.task.runner [-] Starting a worker. concurrency: 1 args: {"network_create_args": {}, "subnet_create_args": {}, "subnet_cidr_start": "1.1.0.0/30", "subnets_per_network": 2} times: 40 method_name: run timeout: 0 duration: None cls:
2019-08-18 08:56:23.980 23778 WARNING rally_openstack.scenarios.neutron.utils [-] Running this scenario without either the 'network' or 'existing_network' context is deprecated
2019-08-18 08:56:23.983 23782 INFO rally.task.runner [-] Task 55d49952-976f-4cd9-a359-7f657caba7e5 | ITER: 14 START
2019-08-18 08:56:23.983 23775 INFO rally.task.runner [-] Task 55d49952-976f-4cd9-a359-7f657caba7e5 | ITER: 12 START
2019-08-18 08:56:23.985 23775 WARNING rally_openstack.scenarios.neutron.utils [-] Running this scenario without either the 'network' or 'existing_network' context is deprecated
2019-08-18 08:56:23.985 23782 WARNING rally_openstack.scenarios.neutron.utils [-] Running this scenario without either the 'network' or 'existing_network' context is deprecated
2019-08-18 08:56:23.986 23785 INFO rally.task.runner [-] Task 55d49952-976f-4cd9-a359-7f657caba7e5 | ITER: 15 START
2019-08-18 08:56:23.986 23790 RALLYDEBUG rally.task.runner [-] Starting a worker. concurrency: 1 args: {"network_create_args": {}, "subnet_create_args": {}, "subnet_cidr_start": "1.1.0.0/30", "subnets_per_network": 2} times: 40 method_name: run timeout: 0 duration: None cls:
2019-08-18 08:56:23.988 23785 WARNING rally_openstack.scenarios.neutron.utils [-] Running this scenario without either the 'network' or 'existing_network' context is deprecated
2019-08-18 08:56:23.993 23790 INFO rally.task.runner [-] Task 55d49952-976f-4cd9-a359-7f657caba7e5 | ITER: 16 START
2019-08-18 08:56:23.995 23790 WARNING rally_openstack.scenarios.neutron.utils [-] Running this scenario without either the 'network' or 'existing_network' context is deprecated
2019-08-18 08:56:23.997 23795 RALLYDEBUG rally.task.runner [-] Starting a worker. concurrency: 1 args: {"network_create_args": {}, "subnet_create_args": {}, "subnet_cidr_start": "1.1.0.0/30", "subnets_per_network": 2} times: 40 method_name: run timeout: 0 duration: None cls:
2019-08-18 08:56:24.004 23795 INFO rally.task.runner [-] Task 55d49952-976f-4cd9-a359-7f657caba7e5 | ITER: 17 START
2019-08-18 08:56:24.006 23795 WARNING rally_openstack.scenarios.neutron.utils [-] Running this scenario without either the 'network' or 'existing_network' context is deprecated
2019-08-18 08:56:24.006 23798 RALLYDEBUG rally.task.runner [-] Starting a worker. concurrency: 1 args: {"network_create_args": {}, "subnet_create_args": {}, "subnet_cidr_start": "1.1.0.0/30", "subnets_per_network": 2} times: 40 method_name: run timeout: 0 duration: None cls:
2019-08-18 08:56:24.013 23798 INFO rally.task.runner [-] Task 55d49952-976f-4cd9-a359-7f657caba7e5 | ITER: 18 START
2019-08-18 08:56:24.014 23798 WARNING rally_openstack.scenarios.neutron.utils [-] Running this scenario without either the 'network' or 'existing_network' context is deprecated
2019-08-18 08:56:24.019 23803 RALLYDEBUG rally.task.runner [-] Starting a worker. concurrency: 1 args: {"network_create_args": {}, "subnet_create_args": {}, "subnet_cidr_start": "1.1.0.0/30", "subnets_per_network": 2} times: 40 method_name: run timeout: 0 duration: None cls:
2019-08-18 08:56:24.024 23803 INFO rally.task.runner [-] Task 55d49952-976f-4cd9-a359-7f657caba7e5 | ITER: 19 START
2019-08-18 08:56:24.024 23804 RALLYDEBUG rally.task.runner [-] Starting a worker. concurrency: 1 args: {"network_create_args": {}, "subnet_create_args": {}, "subnet_cidr_start": "1.1.0.0/30", "subnets_per_network": 2} times: 40 method_name: run timeout: 0 duration: None cls:
2019-08-18 08:56:24.025 23803 WARNING rally_openstack.scenarios.neutron.utils [-] Running this scenario without either the 'network' or 'existing_network' context is deprecated
2019-08-18 08:56:24.029 23804 INFO rally.task.runner [-] Task 55d49952-976f-4cd9-a359-7f657caba7e5 | ITER: 20 START
2019-08-18 08:56:24.031 23804 WARNING rally_openstack.scenarios.neutron.utils [-] Running this scenario without either the 'network' or 'existing_network' context is deprecated
2019-08-18 08:56:24.822 23761 RALLYDEBUG rally_openstack.wrappers.network [-] CIDR generated: 1.1.4.96/30
2019-08-18 08:56:24.827 23778 RALLYDEBUG rally_openstack.wrappers.network [-] CIDR generated: 1.1.4.100/30
2019-08-18 08:56:24.837 23790 RALLYDEBUG rally_openstack.wrappers.network [-] CIDR generated: 1.1.4.104/30
2019-08-18 08:56:24.974 23785 RALLYDEBUG rally_openstack.wrappers.network [-] CIDR generated: 1.1.4.108/30
2019-08-18 08:56:24.977 23765 RALLYDEBUG rally_openstack.wrappers.network [-] CIDR generated: 1.1.4.112/30
2019-08-18 08:56:24.980 23758 RALLYDEBUG rally_openstack.wrappers.network [-] CIDR generated: 1.1.4.116/30
2019-08-18 08:56:25.001 23757 RALLYDEBUG rally_openstack.wrappers.network [-] CIDR generated: 1.1.4.120/30
2019-08-18 08:56:25.034 23757 RALLYDEBUG rally_openstack.wrappers.network [-] CIDR generated: 1.1.4.124/30
2019-08-18 08:56:25.069 23775 RALLYDEBUG rally_openstack.wrappers.network [-] CIDR generated: 1.1.4.128/30
2019-08-18 08:56:25.090 23782 RALLYDEBUG rally_openstack.wrappers.network [-] CIDR generated: 1.1.4.132/30
2019-08-18 08:56:25.090 23760 RALLYDEBUG rally_openstack.wrappers.network [-] CIDR generated: 1.1.4.136/30
2019-08-18 08:56:25.120 23803 RALLYDEBUG rally_openstack.wrappers.network [-] CIDR generated: 1.1.4.140/30
2019-08-18 08:56:25.120 23798 RALLYDEBUG rally_openstack.wrappers.network [-] CIDR generated: 1.1.4.144/30
2019-08-18 08:56:25.168 23795 RALLYDEBUG rally_openstack.wrappers.network [-] CIDR generated: 1.1.4.148/30
2019-08-18 08:56:25.214 23759 RALLYDEBUG rally_openstack.wrappers.network [-] CIDR generated: 1.1.4.152/30
2019-08-18 08:56:25.223 23770 RALLYDEBUG rally_openstack.wrappers.network [-] CIDR generated: 1.1.4.156/30
2019-08-18 08:56:25.307 23759 RALLYDEBUG rally_openstack.wrappers.network [-] CIDR generated: 1.1.4.160/30
2019-08-18 08:56:25.367 23758 RALLYDEBUG rally_openstack.wrappers.network [-] CIDR generated: 1.1.4.164/30
2019-08-18 08:56:25.413 23760 RALLYDEBUG rally_openstack.wrappers.network [-] CIDR generated: 1.1.4.168/30
2019-08-18 08:56:25.615 23804 RALLYDEBUG rally_openstack.wrappers.network [-] CIDR generated: 1.1.4.172/30
2019-08-18 08:56:25.812 23757 RALLYDEBUG rally_openstack.wrappers.network [-] CIDR generated: 1.1.4.176/30
2019-08-18 08:56:25.996 23795 RALLYDEBUG rally_openstack.wrappers.network [-] CIDR generated: 1.1.4.180/30
2019-08-18 08:56:26.290 23761 RALLYDEBUG rally_openstack.wrappers.network [-] CIDR generated: 1.1.4.184/30
2019-08-18 08:56:26.415 23765 RALLYDEBUG rally_openstack.wrappers.network [-] CIDR generated: 1.1.4.188/30
2019-08-18 08:56:26.471 23758 RALLYDEBUG rally_openstack.wrappers.network [-] CIDR generated: 1.1.4.192/30
2019-08-18 08:56:26.582 23760 RALLYDEBUG rally_openstack.wrappers.network [-] CIDR generated: 1.1.4.196/30
2019-08-18 08:56:26.626 23778 RALLYDEBUG rally_openstack.wrappers.network [-] CIDR generated: 1.1.4.200/30
2019-08-18 08:56:26.671 23757 RALLYDEBUG rally_openstack.wrappers.network [-] CIDR generated: 1.1.4.204/30
2019-08-18 08:56:26.788 23759 RALLYDEBUG rally_openstack.wrappers.network [-] CIDR generated: 1.1.4.208/30
2019-08-18 08:56:26.887 23782 RALLYDEBUG rally_openstack.wrappers.network [-] CIDR generated: 1.1.4.212/30
2019-08-18 08:56:27.212 23803 RALLYDEBUG rally_openstack.wrappers.network [-] CIDR generated: 1.1.4.216/30
2019-08-18 08:56:27.624 23798 RALLYDEBUG rally_openstack.wrappers.network [-] CIDR generated: 1.1.4.220/30
2019-08-18 08:56:27.826 23758 RALLYDEBUG rally_openstack.wrappers.network [-] CIDR generated: 1.1.4.224/30
2019-08-18 08:56:27.943 23770 RALLYDEBUG rally_openstack.wrappers.network [-] CIDR generated: 1.1.4.228/30
2019-08-18 08:56:28.440 23775 RALLYDEBUG rally_openstack.wrappers.network [-] CIDR generated: 1.1.4.232/30
2019-08-18 08:56:28.516 23760 RALLYDEBUG rally_openstack.wrappers.network [-] CIDR generated: 1.1.4.236/30
2019-08-18 08:56:28.664 23790 RALLYDEBUG rally_openstack.wrappers.network [-] CIDR generated: 1.1.4.240/30
2019-08-18 08:56:28.790 23785 RALLYDEBUG rally_openstack.wrappers.network [-] CIDR generated: 1.1.4.244/30
2019-08-18 08:56:28.819 23804 RALLYDEBUG rally_openstack.wrappers.network [-] CIDR generated: 1.1.4.248/30
2019-08-18 08:56:29.040 23759 RALLYDEBUG rally_openstack.wrappers.network [-] CIDR generated: 1.1.4.252/30
2019-08-18 08:56:30.455 23782 INFO rally.task.runner [-] Task 55d49952-976f-4cd9-a359-7f657caba7e5 | ITER: 14 END: OK
2019-08-18 08:56:30.460 23782 INFO rally.task.runner [-] Task 55d49952-976f-4cd9-a359-7f657caba7e5 | ITER: 21 START
2019-08-18 08:56:30.460 23782 WARNING rally_openstack.scenarios.neutron.utils [-] Running this scenario without either the 'network' or 'existing_network' context is deprecated
2019-08-18 08:56:30.971 23765 INFO rally.task.runner [-] Task 55d49952-976f-4cd9-a359-7f657caba7e5 | ITER: 10 END: OK
2019-08-18 08:56:30.976 23765 INFO rally.task.runner [-] Task 55d49952-976f-4cd9-a359-7f657caba7e5 | ITER: 22 START
2019-08-18 08:56:30.976 23765 WARNING rally_openstack.scenarios.neutron.utils [-] Running this scenario without either the 'network' or 'existing_network' context is deprecated
2019-08-18 08:56:31.067 23782 RALLYDEBUG rally_openstack.wrappers.network [-] CIDR generated: 1.1.5.0/30
2019-08-18 08:56:31.265 23775 INFO rally.task.runner [-] Task 55d49952-976f-4cd9-a359-7f657caba7e5 | ITER: 12 END: OK
2019-08-18 08:56:31.270 23775 INFO rally.task.runner [-] Task 55d49952-976f-4cd9-a359-7f657caba7e5 | ITER: 23 START
2019-08-18 08:56:31.270 23775 WARNING rally_openstack.scenarios.neutron.utils [-] Running this scenario without either the 'network' or 'existing_network' context is deprecated
2019-08-18 08:56:31.585 23757 INFO rally.task.runner [-] Task 55d49952-976f-4cd9-a359-7f657caba7e5 | ITER: 3 END: OK
2019-08-18 08:56:31.589 23757 INFO rally.task.runner [-] Task 55d49952-976f-4cd9-a359-7f657caba7e5 | ITER: 24 START
2019-08-18 08:56:31.589 23757 WARNING rally_openstack.scenarios.neutron.utils [-] Running this scenario without either the 'network' or 'existing_network' context is deprecated
2019-08-18 08:56:31.603 23765 RALLYDEBUG rally_openstack.wrappers.network [-] CIDR generated: 1.1.5.4/30
2019-08-18 08:56:31.734 23759 INFO rally.task.runner [-] Task 55d49952-976f-4cd9-a359-7f657caba7e5 | ITER: 6 END: OK
2019-08-18 08:56:31.739 23759 INFO rally.task.runner [-] Task 55d49952-976f-4cd9-a359-7f657caba7e5 | ITER: 25 START
2019-08-18 08:56:31.740 23759 WARNING rally_openstack.scenarios.neutron.utils [-] Running this scenario without either the 'network' or 'existing_network' context is deprecated
2019-08-18 08:56:31.837 23775 RALLYDEBUG rally_openstack.wrappers.network [-] CIDR generated: 1.1.5.8/30
2019-08-18 08:56:32.167 23760 INFO rally.task.runner [-] Task 55d49952-976f-4cd9-a359-7f657caba7e5 | ITER: 9 END: OK
2019-08-18 08:56:32.172 23760 INFO rally.task.runner [-] Task 55d49952-976f-4cd9-a359-7f657caba7e5 | ITER: 26 START
2019-08-18 08:56:32.173 23760 WARNING rally_openstack.scenarios.neutron.utils [-] Running this scenario without either the 'network' or 'existing_network' context is deprecated
2019-08-18 08:56:32.278 23757 RALLYDEBUG rally_openstack.wrappers.network [-] CIDR generated: 1.1.5.12/30
2019-08-18 08:56:32.725 23760 RALLYDEBUG rally_openstack.wrappers.network [-] CIDR generated: 1.1.5.16/30
2019-08-18 08:56:32.886 23790 INFO rally.task.runner [-] Task 55d49952-976f-4cd9-a359-7f657caba7e5 | ITER: 16 END: OK
2019-08-18 08:56:32.891 23790 INFO rally.task.runner [-] Task 55d49952-976f-4cd9-a359-7f657caba7e5 | ITER: 27 START
2019-08-18 08:56:32.892 23790 WARNING rally_openstack.scenarios.neutron.utils [-] Running this scenario without either the 'network' or 'existing_network' context is deprecated
2019-08-18 08:56:32.915 23759 RALLYDEBUG rally_openstack.wrappers.network [-] CIDR generated: 1.1.5.20/30
2019-08-18 08:56:33.221 23760 INFO rally.task.runner [-] Task 55d49952-976f-4cd9-a359-7f657caba7e5 | ITER: 7 END: OK
2019-08-18 08:56:33.226 23760 INFO rally.task.runner [-] Task 55d49952-976f-4cd9-a359-7f657caba7e5 | ITER: 28 START
2019-08-18 08:56:33.226 23760 WARNING rally_openstack.scenarios.neutron.utils [-] Running this scenario without either the 'network' or 'existing_network' context is deprecated
2019-08-18 08:56:33.272 23775 RALLYDEBUG rally_openstack.wrappers.network [-] CIDR generated: 1.1.5.24/30
2019-08-18 08:56:33.647 23759 RALLYDEBUG rally_openstack.wrappers.network [-] CIDR generated: 1.1.5.28/30
2019-08-18 08:56:33.892 23760 RALLYDEBUG rally_openstack.wrappers.network [-] CIDR generated: 1.1.5.32/30
2019-08-18 08:56:34.252 23759 INFO rally.task.runner [-] Task 55d49952-976f-4cd9-a359-7f657caba7e5 | ITER: 4 END: OK
2019-08-18 08:56:34.256 23759 INFO rally.task.runner [-] Task 55d49952-976f-4cd9-a359-7f657caba7e5 | ITER: 29 START
2019-08-18 08:56:34.257 23759 WARNING rally_openstack.scenarios.neutron.utils [-] Running this scenario without either the 'network' or 'existing_network' context is deprecated
2019-08-18 08:56:34.358 23770 INFO rally.task.runner [-] Task 55d49952-976f-4cd9-a359-7f657caba7e5 | ITER: 11 END: OK
2019-08-18 08:56:34.362 23770 INFO rally.task.runner [-] Task 55d49952-976f-4cd9-a359-7f657caba7e5 | ITER: 30 START
2019-08-18 08:56:34.363 23770 WARNING rally_openstack.scenarios.neutron.utils [-] Running this scenario without either the 'network' or 'existing_network' context is deprecated
2019-08-18 08:56:34.920 23760 RALLYDEBUG rally_openstack.wrappers.network [-] CIDR generated: 1.1.5.36/30
2019-08-18 08:56:35.004 23770 RALLYDEBUG rally_openstack.wrappers.network [-] CIDR generated: 1.1.5.40/30
2019-08-18 08:56:35.005 23785 INFO rally.task.runner [-] Task 55d49952-976f-4cd9-a359-7f657caba7e5 | ITER: 15 END: OK
2019-08-18 08:56:35.009 23785 INFO rally.task.runner [-] Task 55d49952-976f-4cd9-a359-7f657caba7e5 | ITER: 31 START
2019-08-18 08:56:35.010 23785 WARNING rally_openstack.scenarios.neutron.utils [-] Running this scenario without either the 'network' or 'existing_network' context is deprecated
2019-08-18 08:56:35.086 23775 INFO rally.task.runner [-] Task 55d49952-976f-4cd9-a359-7f657caba7e5 | ITER: 23 END: OK
2019-08-18 08:56:35.090 23775 INFO rally.task.runner [-] Task 55d49952-976f-4cd9-a359-7f657caba7e5 | ITER: 32 START
2019-08-18 08:56:35.091 23775 WARNING rally_openstack.scenarios.neutron.utils [-] Running this scenario without either the 'network' or 'existing_network' context is deprecated
2019-08-18 08:56:35.647 23757 INFO rally.task.runner [-] Task 55d49952-976f-4cd9-a359-7f657caba7e5 | ITER: 1 END: OK
2019-08-18 08:56:35.651 23757 INFO rally.task.runner [-] Task 55d49952-976f-4cd9-a359-7f657caba7e5 | ITER: 33 START
2019-08-18 08:56:35.652 23757 WARNING rally_openstack.scenarios.neutron.utils [-] Running this scenario without either the 'network' or 'existing_network' context is deprecated
2019-08-18 08:56:35.687 23790 RALLYDEBUG rally_openstack.wrappers.network [-] CIDR generated: 1.1.5.44/30
2019-08-18 08:56:35.798 23759 INFO rally.task.runner [-] Task 55d49952-976f-4cd9-a359-7f657caba7e5 | ITER: 25 END: OK
2019-08-18 08:56:35.803 23759 INFO rally.task.runner [-] Task 55d49952-976f-4cd9-a359-7f657caba7e5 | ITER: 34 START
2019-08-18 08:56:35.804 23759 WARNING rally_openstack.scenarios.neutron.utils [-] Running this scenario without either the 'network' or 'existing_network' context is deprecated
2019-08-18 08:56:35.818 23770 RALLYDEBUG rally_openstack.wrappers.network [-] CIDR generated: 1.1.5.48/30
2019-08-18 08:56:35.888 23775 RALLYDEBUG rally_openstack.wrappers.network [-] CIDR generated: 1.1.5.52/30
2019-08-18 08:56:36.232 23757 RALLYDEBUG rally_openstack.wrappers.network [-] CIDR generated: 1.1.5.56/30
2019-08-18 08:56:36.433 23790 RALLYDEBUG rally_openstack.wrappers.network [-] CIDR generated: 1.1.5.60/30
2019-08-18 08:56:36.462 23760 RALLYDEBUG rally_openstack.wrappers.network [-] CIDR generated: 1.1.5.64/30
2019-08-18 08:56:36.577 23785 RALLYDEBUG rally_openstack.wrappers.network [-] CIDR generated: 1.1.5.68/30
2019-08-18 08:56:36.670 23782 RALLYDEBUG rally_openstack.wrappers.network [-] CIDR generated: 1.1.5.72/30
2019-08-18 08:56:36.704 23759 RALLYDEBUG rally_openstack.wrappers.network [-] CIDR generated: 1.1.5.76/30
2019-08-18 08:56:36.751 23761 INFO rally.task.runner [-] Task 55d49952-976f-4cd9-a359-7f657caba7e5 | ITER: 8 END: OK
2019-08-18 08:56:36.755 23761 INFO rally.task.runner [-] Task 55d49952-976f-4cd9-a359-7f657caba7e5 | ITER: 35 START
2019-08-18 08:56:36.756 23761 WARNING rally_openstack.scenarios.neutron.utils [-] Running this scenario without either the 'network' or 'existing_network' context is deprecated
2019-08-18 08:56:37.221 23795 INFO rally.task.runner [-] Task 55d49952-976f-4cd9-a359-7f657caba7e5 | ITER: 17 END: OK
2019-08-18 08:56:37.226 23795 INFO rally.task.runner [-] Task 55d49952-976f-4cd9-a359-7f657caba7e5 | ITER: 36 START
2019-08-18 08:56:37.226 23795 WARNING rally_openstack.scenarios.neutron.utils [-] Running this scenario without either the 'network' or 'existing_network' context is deprecated
2019-08-18 08:56:37.361 23761 RALLYDEBUG rally_openstack.wrappers.network [-] CIDR generated: 1.1.5.80/30
2019-08-18 08:56:37.442 23757 RALLYDEBUG rally_openstack.wrappers.network [-] CIDR generated: 1.1.5.84/30
2019-08-18 08:56:37.525 23785 RALLYDEBUG rally_openstack.wrappers.network [-] CIDR generated: 1.1.5.88/30
2019-08-18 08:56:37.542 23775 RALLYDEBUG rally_openstack.wrappers.network [-] CIDR generated: 1.1.5.92/30
2019-08-18 08:56:37.643 23759 RALLYDEBUG rally_openstack.wrappers.network [-] CIDR generated: 1.1.5.96/30
2019-08-18 08:56:37.783 23795 RALLYDEBUG rally_openstack.wrappers.network [-] CIDR generated: 1.1.5.100/30
2019-08-18 08:56:37.909 23759 RALLYDEBUG rally_openstack.wrappers.network [-] CIDR generated: 1.1.5.104/30
2019-08-18 08:56:38.323 23757 RALLYDEBUG rally_openstack.wrappers.network [-] CIDR generated: 1.1.5.108/30
2019-08-18 08:56:38.456 23761 RALLYDEBUG rally_openstack.wrappers.network [-] CIDR generated: 1.1.5.112/30
2019-08-18 08:56:38.544 23795 RALLYDEBUG rally_openstack.wrappers.network [-] CIDR generated: 1.1.5.116/30
2019-08-18 08:56:39.948 23765 RALLYDEBUG rally_openstack.wrappers.network [-] CIDR generated: 1.1.5.120/30
2019-08-18 08:56:40.172 23758 INFO rally.task.runner [-] Task 55d49952-976f-4cd9-a359-7f657caba7e5 | ITER: 5 END: OK
2019-08-18 08:56:40.175 23758 INFO rally.task.runner [-] Task 55d49952-976f-4cd9-a359-7f657caba7e5 | ITER: 37 START
2019-08-18 08:56:40.176 23758 WARNING rally_openstack.scenarios.neutron.utils [-] Running this scenario without either the 'network' or 'existing_network' context is deprecated
2019-08-18 08:56:40.550 23795 INFO rally.task.runner [-] Task 55d49952-976f-4cd9-a359-7f657caba7e5 | ITER: 36 END: OK
2019-08-18 08:56:40.553 23795 INFO rally.task.runner [-] Task 55d49952-976f-4cd9-a359-7f657caba7e5 | ITER: 38 START
2019-08-18 08:56:40.554 23795 WARNING rally_openstack.scenarios.neutron.utils [-] Running this scenario without either the 'network' or 'existing_network' context is deprecated
2019-08-18 08:56:40.966 23757 INFO rally.task.runner [-] Task 55d49952-976f-4cd9-a359-7f657caba7e5 | ITER: 33 END: OK
2019-08-18 08:56:40.969 23757 INFO rally.task.runner [-] Task 55d49952-976f-4cd9-a359-7f657caba7e5 | ITER: 39 START
2019-08-18 08:56:40.970 23757 WARNING rally_openstack.scenarios.neutron.utils [-] Running this scenario without either the 'network' or 'existing_network' context is deprecated
2019-08-18 08:56:41.236 23803 INFO rally.task.runner [-] Task 55d49952-976f-4cd9-a359-7f657caba7e5 | ITER: 19 END: OK
2019-08-18 08:56:41.241 23803 INFO rally.task.runner [-] Task 55d49952-976f-4cd9-a359-7f657caba7e5 | ITER: 40 START
2019-08-18 08:56:41.241 23803 WARNING rally_openstack.scenarios.neutron.utils [-] Running this scenario without either the 'network' or 'existing_network' context is deprecated
2019-08-18 08:56:41.285 23757 INFO rally.task.runner [-] Task 55d49952-976f-4cd9-a359-7f657caba7e5 | ITER: 24 END: OK
2019-08-18 08:56:41.558 23765 INFO rally.task.runner [-] Task 55d49952-976f-4cd9-a359-7f657caba7e5 | ITER: 22 END: OK
2019-08-18 08:56:41.597 23758 RALLYDEBUG rally_openstack.wrappers.network [-] CIDR generated: 1.1.5.124/30
2019-08-18 08:56:41.773 23757 RALLYDEBUG rally_openstack.wrappers.network [-] CIDR generated: 1.1.5.128/30
2019-08-18 08:56:42.004 23798 INFO rally.task.runner [-] Task 55d49952-976f-4cd9-a359-7f657caba7e5 | ITER: 18 END: OK
2019-08-18 08:56:42.447 23795 RALLYDEBUG rally_openstack.wrappers.network [-] CIDR generated: 1.1.5.132/30
2019-08-18 08:56:42.475 23757 RALLYDEBUG rally_openstack.wrappers.network [-] CIDR generated: 1.1.5.136/30
2019-08-18 08:56:42.593 23758 INFO rally.task.runner [-] Task 55d49952-976f-4cd9-a359-7f657caba7e5 | ITER: 2 END: OK
2019-08-18 08:56:42.651 23758 RALLYDEBUG rally_openstack.wrappers.network [-] CIDR generated: 1.1.5.140/30
2019-08-18 08:56:42.732 23803 RALLYDEBUG rally_openstack.wrappers.network [-] CIDR generated: 1.1.5.144/30
2019-08-18 08:56:43.249 23782 INFO rally.task.runner [-] Task 55d49952-976f-4cd9-a359-7f657caba7e5 | ITER: 21 END: OK
2019-08-18 08:56:43.518 23795 RALLYDEBUG rally_openstack.wrappers.network [-] CIDR generated: 1.1.5.148/30
2019-08-18 08:56:43.569 23803 RALLYDEBUG rally_openstack.wrappers.network [-] CIDR generated: 1.1.5.152/30
2019-08-18 08:56:43.586 23804 INFO rally.task.runner [-] Task 55d49952-976f-4cd9-a359-7f657caba7e5 | ITER: 20 END: OK
2019-08-18 08:56:44.169 23778 INFO rally.task.runner [-] Task 55d49952-976f-4cd9-a359-7f657caba7e5 | ITER: 13 END: OK
2019-08-18 08:56:44.310 23775 INFO rally.task.runner [-] Task 55d49952-976f-4cd9-a359-7f657caba7e5 | ITER: 32 END: OK
2019-08-18 08:56:44.798 23759 RALLYDEBUG rally_openstack.wrappers.network [-] CIDR generated: 1.1.5.156/30
2019-08-18 08:56:45.948 23760 INFO rally.task.runner [-] Task 55d49952-976f-4cd9-a359-7f657caba7e5 | ITER: 28 END: OK
2019-08-18 08:56:46.122 23785 INFO rally.task.runner [-] Task 55d49952-976f-4cd9-a359-7f657caba7e5 | ITER: 31 END: OK
2019-08-18 08:56:46.269 23803 INFO rally.task.runner [-] Task 55d49952-976f-4cd9-a359-7f657caba7e5 | ITER: 40 END: OK
2019-08-18 08:56:46.889 23757 INFO rally.task.runner [-] Task 55d49952-976f-4cd9-a359-7f657caba7e5 | ITER: 39 END: OK
2019-08-18 08:56:47.228 23760 INFO rally.task.runner [-] Task 55d49952-976f-4cd9-a359-7f657caba7e5 | ITER: 26 END: OK
2019-08-18 08:56:47.304 23761 INFO rally.task.runner [-] Task 55d49952-976f-4cd9-a359-7f657caba7e5 | ITER: 35 END: OK
2019-08-18 08:56:48.016 23790 INFO rally.task.runner [-] Task 55d49952-976f-4cd9-a359-7f657caba7e5 | ITER: 27 END: OK
2019-08-18 08:56:48.180 23759 INFO rally.task.runner [-] Task 55d49952-976f-4cd9-a359-7f657caba7e5 | ITER: 29 END: OK
2019-08-18 08:56:48.804 23759 INFO rally.task.runner [-] Task 55d49952-976f-4cd9-a359-7f657caba7e5 | ITER: 34 END: OK
2019-08-18 08:56:48.836 23795 INFO rally.task.runner [-] Task 55d49952-976f-4cd9-a359-7f657caba7e5 | ITER: 38 END: OK
2019-08-18 08:56:50.317 23770 INFO rally.task.runner [-] Task 55d49952-976f-4cd9-a359-7f657caba7e5 | ITER: 30 END: OK
2019-08-18 08:56:50.457 23758 INFO rally.task.runner [-] Task 55d49952-976f-4cd9-a359-7f657caba7e5 | ITER: 37 END: OK
2019-08-18 08:56:50.485 21663 INFO rally.task.context [-] Task 55d49952-976f-4cd9-a359-7f657caba7e5 | Context cleanup@openstack cleanup() started
2019-08-18 08:56:50.488 21663 RALLYDEBUG rally_openstack.cleanup.manager [-] Cleaning up neutron vip objects
2019-08-18 08:56:50.872 21663 RALLYDEBUG rally_openstack.cleanup.manager [-] Cleaning up neutron health_monitor objects
2019-08-18 08:56:51.419 21663 RALLYDEBUG rally_openstack.cleanup.manager [-] Cleaning up neutron pool objects
2019-08-18 08:56:51.811 21663 RALLYDEBUG rally_openstack.cleanup.manager [-] Cleaning up neutron loadbalancer objects
2019-08-18 08:56:52.218 21663 RALLYDEBUG rally_openstack.cleanup.manager [-] Cleaning up neutron floatingip objects
2019-08-18 08:56:52.639 21663 RALLYDEBUG rally_openstack.cleanup.manager [-] Cleaning up neutron port objects
2019-08-18 08:56:53.182 21663 RALLYDEBUG rally_openstack.cleanup.manager [-] Cleaning up neutron subnet objects
2019-08-18 08:56:53.597 21663 RALLYDEBUG rally_openstack.cleanup.manager [-] Cleaning up neutron network objects
2019-08-18 08:56:54.135 21663 RALLYDEBUG rally_openstack.cleanup.manager [-] Deleting neutron.network object s_rally_3eccd1ce_xVOb5qLl (0309f9ad-17f5-448c-9174-36215afbdbbd)
2019-08-18 08:56:54.149 21663 RALLYDEBUG rally_openstack.cleanup.manager [-] Deleting neutron.network object s_rally_3eccd1ce_OQGCl2jW (10c91eaf-d3fe-4318-bb0f-4613198c8ea1)
2019-08-18 08:56:54.159 21663 RALLYDEBUG rally_openstack.cleanup.manager [-] Deleting neutron.network object s_rally_3eccd1ce_F64Rjdqa (1b806dab-63a6-4460-8aa4-06ba2f4098ce)
2019-08-18 08:56:54.160 21663 RALLYDEBUG rally_openstack.cleanup.manager [-] Deleting neutron.network object s_rally_3eccd1ce_sx7y2xnF (19175c33-8140-47eb-9a6e-52ecdd242eb2)
2019-08-18 08:56:54.161 21663 RALLYDEBUG rally_openstack.cleanup.manager [-] Deleting neutron.network object s_rally_3eccd1ce_k2KQNsBq (237b1802-4657-4bb7-a48f-8c5109bddb4f)
2019-08-18 08:56:54.165 21663 RALLYDEBUG rally_openstack.cleanup.manager [-] Deleting neutron.network object s_rally_3eccd1ce_MKI2ikC0 (245c60fd-0dc2-4b8a-bcf9-2940a9629166)
2019-08-18 08:56:54.182 21663 RALLYDEBUG rally_openstack.cleanup.manager [-] Deleting neutron.network object s_rally_3eccd1ce_iJQyGmhX (281a5a85-24d3-41b4-a55e-6fc8bb7977d7)
2019-08-18 08:56:54.188 21663 RALLYDEBUG rally_openstack.cleanup.manager [-] Deleting neutron.network object s_rally_3eccd1ce_aWpQiz46 (29c441e0-0dd0-42c6-a3ca-f28addcfa05a)
2019-08-18 08:56:54.195 21663 RALLYDEBUG rally_openstack.cleanup.manager [-] Deleting neutron.network object s_rally_3eccd1ce_0yZCIjSn (3ca0c8e1-866c-49a6-bc8d-07e936c5cf0d)
2019-08-18 08:56:54.206 21663 RALLYDEBUG rally_openstack.cleanup.manager [-] Deleting neutron.network object s_rally_3eccd1ce_74QTCtP5 (38569233-ec8c-40ca-9bc7-59eac66d65aa)
2019-08-18 08:56:54.212 21663 RALLYDEBUG rally_openstack.cleanup.manager [-] Deleting neutron.network object s_rally_3eccd1ce_J8njVtKW (4693672d-c6d8-47ec-8fb0-3fe9bf275e22)
2019-08-18 08:56:54.220 21663 RALLYDEBUG rally_openstack.cleanup.manager [-] Deleting neutron.network object s_rally_3eccd1ce_Zrga9f14 (4ced5dc9-0798-4580-8184-207c4cf0c6fb)
2019-08-18 08:56:54.246 21663 RALLYDEBUG rally_openstack.cleanup.manager [-] Deleting neutron.network object s_rally_3eccd1ce_4AmIpcL5 (50460744-bcc9-4a7e-9763-e0e680e64ce0)
2019-08-18 08:56:54.251 21663 RALLYDEBUG rally_openstack.cleanup.manager [-] Deleting neutron.network object s_rally_3eccd1ce_PqzIZa9e (48ca1968-7b12-4242-bb06-d06ac4526167)
2019-08-18 08:56:54.249 21663 RALLYDEBUG rally_openstack.cleanup.manager [-] Deleting neutron.network object s_rally_3eccd1ce_HWbrhBo8 (5ec9840f-3ff7-43cd-bd1b-cff12a4533b8)
2019-08-18 08:56:54.325 21663 RALLYDEBUG rally_openstack.cleanup.manager [-] Deleting neutron.network object s_rally_3eccd1ce_JPZ6RDaZ (5fc34120-8781-4264-8edb-c7234f8be23c)
2019-08-18 08:56:54.349 21663 RALLYDEBUG rally_openstack.cleanup.manager [-] Deleting neutron.network object s_rally_3eccd1ce_hWn26XJe (75045e10-f94a-486c-a2cb-aad1722f43fd)
2019-08-18 08:56:54.352 21663 RALLYDEBUG rally_openstack.cleanup.manager [-] Deleting neutron.network object s_rally_3eccd1ce_cqeLPhnI (6b5f77f2-8db8-417c-a190-c95308c72f2c)
2019-08-18 08:56:54.357 21663 RALLYDEBUG rally_openstack.cleanup.manager [-] Deleting neutron.network object s_rally_3eccd1ce_hWm0YDxs (559974c8-480b-428f-b3d4-476fc83c681a)
2019-08-18 08:56:54.365 21663 RALLYDEBUG rally_openstack.cleanup.manager [-] Deleting neutron.network object s_rally_3eccd1ce_mcePNcws (701f66ca-f062-400a-ab8c-73b32eb10ae3)
2019-08-18 08:56:56.623 21663 RALLYDEBUG rally_openstack.cleanup.manager [-] Deleting neutron.network object s_rally_3eccd1ce_WeOpe4o9 (7870505b-ea68-4685-b51d-2698ddcaa1cc)
2019-08-18 08:56:56.689 21663 RALLYDEBUG rally_openstack.cleanup.manager [-] Deleting neutron.network object s_rally_3eccd1ce_IATZNmS3 (80827399-3b32-47bd-81ce-e2064f0ad6e4)
2019-08-18 08:56:56.930 21663 RALLYDEBUG rally_openstack.cleanup.manager [-] Deleting neutron.network object s_rally_3eccd1ce_AUHSvtei (84c6586c-9fc0-4910-bcc6-1b37bb3de37a)
2019-08-18 08:56:57.033 21663 RALLYDEBUG rally_openstack.cleanup.manager [-] Deleting neutron.network object s_rally_3eccd1ce_wpNuH9c7 (86f44e5f-c9bc-46f8-bb8c-8ea65e1f73e3)
2019-08-18 08:56:57.120 21663 RALLYDEBUG rally_openstack.cleanup.manager [-] Deleting neutron.network object s_rally_3eccd1ce_MkiQnDHs (9998f0b6-b07b-4a43-acb4-267e24d4f9d0)
2019-08-18 08:56:57.244 21663 RALLYDEBUG rally_openstack.cleanup.manager [-] Deleting neutron.network object s_rally_3eccd1ce_4cgM38UX (9b65de8d-a1b3-4773-b3ce-86f62fc412cb)
2019-08-18 08:56:57.252 21663 RALLYDEBUG rally_openstack.cleanup.manager [-] Deleting neutron.network object s_rally_3eccd1ce_gcCtt1Ht (9e4a2543-de56-4d78-bf25-1a917b01408c)
2019-08-18 08:56:57.276 21663 RALLYDEBUG rally_openstack.cleanup.manager [-] Deleting neutron.network object s_rally_3eccd1ce_mziXUJQW (a19ebca2-6827-4833-8595-00f5b9caedcc)
2019-08-18 08:56:57.350 21663 RALLYDEBUG rally_openstack.cleanup.manager [-] Deleting neutron.network object s_rally_3eccd1ce_9Ycl7sWF (a9609345-084c-4cbd-b77d-5faa5749b279)
2019-08-18 08:56:57.455 21663 RALLYDEBUG rally_openstack.cleanup.manager [-] Deleting neutron.network object s_rally_3eccd1ce_LBzFYNKV (ad37421b-4256-497f-8273-6164a9fffe14)
2019-08-18 08:56:57.603 21663 RALLYDEBUG rally_openstack.cleanup.manager [-] Deleting neutron.network object s_rally_3eccd1ce_q4BaQLNQ (c191396a-dc21-4220-89bb-33cce8008730)
2019-08-18 08:56:57.712 21663 RALLYDEBUG rally_openstack.cleanup.manager [-] Deleting neutron.network object s_rally_3eccd1ce_MfDeesRE (c7cd9b95-4bbe-4622-9eda-d83ddfb21d65)
2019-08-18 08:56:57.720 21663 RALLYDEBUG rally_openstack.cleanup.manager [-] Deleting neutron.network object s_rally_3eccd1ce_x5DWOrfH (d465a935-f6ca-42b1-8dd0-db9a6525264d)
2019-08-18 08:56:57.925 21663 RALLYDEBUG rally_openstack.cleanup.manager [-] Deleting neutron.network object s_rally_3eccd1ce_uI4B6ZAD (db451bbe-31c4-42b3-9c40-7a240a2bf96d)
2019-08-18 08:56:58.062 21663 RALLYDEBUG rally_openstack.cleanup.manager [-] Deleting neutron.network object s_rally_3eccd1ce_S41s9BnD (eaa9bdec-eb46-40aa-aa7f-95f699f02434)
2019-08-18 08:56:58.150 21663 RALLYDEBUG rally_openstack.cleanup.manager [-] Deleting neutron.network object s_rally_3eccd1ce_f23ODm96 (ef1d9996-8e79-46a0-bd8d-3c0c5ff792fe)
2019-08-18 08:56:58.564 21663 RALLYDEBUG rally_openstack.cleanup.manager [-] Deleting neutron.network object s_rally_3eccd1ce_0ohRiGJH (f1921aa5-c023-49f8-8538-18d03c9291b0)
2019-08-18 08:56:58.650 21663 RALLYDEBUG rally_openstack.cleanup.manager [-] Deleting neutron.network object s_rally_3eccd1ce_YnBq3ocH (f87752cb-051b-42fc-ad6a-dc9f617e1e99)
2019-08-18 08:56:58.767 21663 RALLYDEBUG rally_openstack.cleanup.manager [-] Deleting neutron.network object s_rally_3eccd1ce_cx5ICWZQ (fa6e6f71-82a7-4452-861f-d10c6b224875)
2019-08-18 08:56:58.857 21663 RALLYDEBUG rally_openstack.cleanup.manager [-] Deleting neutron.network object s_rally_3eccd1ce_GiJQ8HcS (fe844a57-77f4-47c4-97a2-8c1f28c6ebca)
2019-08-18 08:57:02.017 21663 RALLYDEBUG rally_openstack.cleanup.manager [-] Cleaning up neutron router objects
2019-08-18 08:57:02.445 21663 RALLYDEBUG rally_openstack.cleanup.manager [-] Cleaning up neutron security_group objects
2019-08-18 08:57:02.897 21663 INFO rally.task.context [-] Task 55d49952-976f-4cd9-a359-7f657caba7e5 | Context cleanup@openstack cleanup() finished in 12.41 sec
2019-08-18 08:57:02.898 21663 INFO rally.task.context [-] Task 55d49952-976f-4cd9-a359-7f657caba7e5 | Context quotas@openstack cleanup() started
2019-08-18 08:57:02.976 21663 INFO rally.task.context [-] Task 55d49952-976f-4cd9-a359-7f657caba7e5 | Context quotas@openstack cleanup() finished in 78.28 msec
2019-08-18 08:57:02.977 21663 INFO rally.task.context [-] Task 55d49952-976f-4cd9-a359-7f657caba7e5 | Context users@openstack cleanup() started
2019-08-18 08:57:05.651 21663 INFO rally.task.context [-] Task 55d49952-976f-4cd9-a359-7f657caba7e5 | Context users@openstack cleanup() finished in 2.67 sec
2019-08-18 08:57:07.211 21663 INFO rally.task.engine [-] Load duration is: 26.506062
2019-08-18 08:57:07.211 21663 INFO rally.task.engine [-] Full runner duration is: 26.560832
2019-08-18 08:57:07.212 21663 INFO rally.task.engine [-] Full duration is: 44.670851
2019-08-18 08:57:07.569 21663 INFO rally.task.engine [-] Running workload: position = 0 config = { "version": 2, "title": "A cropped version of a bigger task.", "description": "Auto-generated task from a single workload (uuid=216b4230-616e-47fa-adff-3cebad27c42f)", "subtasks": [ { "title": "NeutronNetworks.create_and_list_routers", "description": "Create and a given number of routers and list all routers.", "scenario": { "NeutronNetworks.create_and_list_routers": { "network_create_args": null, "subnet_create_args": null, "subnet_cidr_start": "1.1.0.0/30", "subnets_per_network": 2, "router_create_args": null } }, "contexts": { "users": { "tenants": 1, "users_per_tenant": 1 }, "quotas": { "neutron": { "network": -1, "subnet": -1, "router": -1 } } }, "runner": { "constant": { "times": 40, "concurrency": 20 } }, "hooks": [], "sla": { "failure_rate": { "max": 0 } } } ] }
2019-08-18 08:57:07.597 21663 RALLYDEBUG rally_openstack.contexts.keystone.users [-] Creating 1 tenants using 20 threads
2019-08-18 08:57:08.493 21663 RALLYDEBUG rally_openstack.contexts.keystone.users [-] Creating 1 users using 20 threads
2019-08-18 08:57:09.853 21663 INFO rally.task.context [-] Task 55d49952-976f-4cd9-a359-7f657caba7e5 | Context users@openstack setup() finished in 2.26 sec
2019-08-18 08:57:10.330 21663 INFO rally.task.context [-] Task 55d49952-976f-4cd9-a359-7f657caba7e5 | Context quotas@openstack setup() finished in 0.48 sec
2019-08-18 08:57:10.331 21663 INFO rally.task.context [-] Task 55d49952-976f-4cd9-a359-7f657caba7e5 | Context cleanup@openstack setup() finished in 0.02 msec
2019-08-18 08:57:10.340 21663 RALLYDEBUG rally.task.runner [-] Starting the constant runner (task UUID: 55d49952-976f-4cd9-a359-7f657caba7e5). timeout: 0 concurrency: 20 concurrency_per_worker: 1 times: 40 concurrency_overhead: 4 processes_to_start: 16 max_cpu_used: 16
2019-08-18 08:57:10.355 24127 RALLYDEBUG rally.task.runner [-] Starting a worker. concurrency: 2 args: {"network_create_args": null, "subnet_create_args": null, "subnet_cidr_start": "1.1.0.0/30", "subnets_per_network": 2, "router_create_args": null} times: 40 method_name: run timeout: 0 duration: None cls:
2019-08-18 08:57:10.358 24128 RALLYDEBUG rally.task.runner [-] Starting a worker. concurrency: 2 args: {"network_create_args": null, "subnet_create_args": null, "subnet_cidr_start": "1.1.0.0/30", "subnets_per_network": 2, "router_create_args": null} times: 40 method_name: run timeout: 0 duration: None cls:
2019-08-18 08:57:10.361 24129 RALLYDEBUG rally.task.runner [-] Starting a worker. concurrency: 2 args: {"network_create_args": null, "subnet_create_args": null, "subnet_cidr_start": "1.1.0.0/30", "subnets_per_network": 2, "router_create_args": null} times: 40 method_name: run timeout: 0 duration: None cls:
2019-08-18 08:57:10.366 24127 INFO rally.task.runner [-] Task 55d49952-976f-4cd9-a359-7f657caba7e5 | ITER: 1 START
2019-08-18 08:57:10.366 24130 RALLYDEBUG rally.task.runner [-] Starting a worker. concurrency: 2 args: {"network_create_args": null, "subnet_create_args": null, "subnet_cidr_start": "1.1.0.0/30", "subnets_per_network": 2, "router_create_args": null} times: 40 method_name: run timeout: 0 duration: None cls:
2019-08-18 08:57:10.368 24132 RALLYDEBUG rally.task.runner [-] Starting a worker. concurrency: 1 args: {"network_create_args": null, "subnet_create_args": null, "subnet_cidr_start": "1.1.0.0/30", "subnets_per_network": 2, "router_create_args": null} times: 40 method_name: run timeout: 0 duration: None cls:
2019-08-18 08:57:10.369 24129 INFO rally.task.runner [-] Task 55d49952-976f-4cd9-a359-7f657caba7e5 | ITER: 4 START
2019-08-18 08:57:10.370 24128 INFO rally.task.runner [-] Task 55d49952-976f-4cd9-a359-7f657caba7e5 | ITER: 2 START
2019-08-18 08:57:10.373 24135 RALLYDEBUG rally.task.runner [-] Starting a worker. concurrency: 1 args: {"network_create_args": null, "subnet_create_args": null, "subnet_cidr_start": "1.1.0.0/30", "subnets_per_network": 2, "router_create_args": null} times: 40 method_name: run timeout: 0 duration: None cls:
2019-08-18 08:57:10.374 24132 INFO rally.task.runner [-] Task 55d49952-976f-4cd9-a359-7f657caba7e5 | ITER: 8 START
2019-08-18 08:57:10.371 24128 INFO rally.task.runner [-] Task 55d49952-976f-4cd9-a359-7f657caba7e5 | ITER: 5 START
2019-08-18 08:57:10.377 24141 RALLYDEBUG rally.task.runner [-] Starting a worker. concurrency: 1 args: {"network_create_args": null, "subnet_create_args": null, "subnet_cidr_start": "1.1.0.0/30", "subnets_per_network": 2, "router_create_args": null} times: 40 method_name: run timeout: 0 duration: None cls:
2019-08-18 08:57:10.374 24130 INFO rally.task.runner [-] Task 55d49952-976f-4cd9-a359-7f657caba7e5 | ITER: 6 START
2019-08-18 08:57:10.376 24127 INFO rally.task.runner [-] Task 55d49952-976f-4cd9-a359-7f657caba7e5 | ITER: 3 START
2019-08-18 08:57:10.380 24135 INFO rally.task.runner [-] Task 55d49952-976f-4cd9-a359-7f657caba7e5 | ITER: 10 START
2019-08-18 08:57:10.383 24141 INFO rally.task.runner [-] Task 55d49952-976f-4cd9-a359-7f657caba7e5 | ITER: 11 START
2019-08-18 08:57:10.383 24146 RALLYDEBUG rally.task.runner [-] Starting a worker. concurrency: 1 args: {"network_create_args": null, "subnet_create_args": null, "subnet_cidr_start": "1.1.0.0/30", "subnets_per_network": 2, "router_create_args": null} times: 40 method_name: run timeout: 0 duration: None cls:
2019-08-18 08:57:10.386 24148 RALLYDEBUG rally.task.runner [-] Starting a worker. concurrency: 1 args: {"network_create_args": null, "subnet_create_args": null, "subnet_cidr_start": "1.1.0.0/30", "subnets_per_network": 2, "router_create_args": null} times: 40 method_name: run timeout: 0 duration: None cls:
2019-08-18 08:57:10.388 24129 INFO rally.task.runner [-] Task 55d49952-976f-4cd9-a359-7f657caba7e5 | ITER: 7 START
2019-08-18 08:57:10.390 24146 INFO rally.task.runner [-] Task 55d49952-976f-4cd9-a359-7f657caba7e5 | ITER: 12 START
2019-08-18 08:57:10.390 24130 INFO rally.task.runner [-] Task 55d49952-976f-4cd9-a359-7f657caba7e5 | ITER: 9 START
2019-08-18 08:57:10.394 24148 INFO rally.task.runner [-] Task 55d49952-976f-4cd9-a359-7f657caba7e5 | ITER: 13 START
2019-08-18 08:57:10.394 24153 RALLYDEBUG rally.task.runner [-] Starting a worker. concurrency: 1 args: {"network_create_args": null, "subnet_create_args": null, "subnet_cidr_start": "1.1.0.0/30", "subnets_per_network": 2, "router_create_args": null} times: 40 method_name: run timeout: 0 duration: None cls:
2019-08-18 08:57:10.400 24157 RALLYDEBUG rally.task.runner [-] Starting a worker. concurrency: 1 args: {"network_create_args": null, "subnet_create_args": null, "subnet_cidr_start": "1.1.0.0/30", "subnets_per_network": 2, "router_create_args": null} times: 40 method_name: run timeout: 0 duration: None cls:
2019-08-18 08:57:10.401 24153 INFO rally.task.runner [-] Task 55d49952-976f-4cd9-a359-7f657caba7e5 | ITER: 14 START
2019-08-18 08:57:10.408 24157 INFO rally.task.runner [-] Task 55d49952-976f-4cd9-a359-7f657caba7e5 | ITER: 15 START
2019-08-18 08:57:10.410 24162 RALLYDEBUG rally.task.runner [-] Starting a worker. concurrency: 1 args: {"network_create_args": null, "subnet_create_args": null, "subnet_cidr_start": "1.1.0.0/30", "subnets_per_network": 2, "router_create_args": null} times: 40 method_name: run timeout: 0 duration: None cls:
2019-08-18 08:57:10.417 24162 INFO rally.task.runner [-] Task 55d49952-976f-4cd9-a359-7f657caba7e5 | ITER: 16 START
2019-08-18 08:57:10.423 24165 RALLYDEBUG rally.task.runner [-] Starting a worker. concurrency: 1 args: {"network_create_args": null, "subnet_create_args": null, "subnet_cidr_start": "1.1.0.0/30", "subnets_per_network": 2, "router_create_args": null} times: 40 method_name: run timeout: 0 duration: None cls:
2019-08-18 08:57:10.428 24168 RALLYDEBUG rally.task.runner [-] Starting a worker. concurrency: 1 args: {"network_create_args": null, "subnet_create_args": null, "subnet_cidr_start": "1.1.0.0/30", "subnets_per_network": 2, "router_create_args": null} times: 40 method_name: run timeout: 0 duration: None cls:
2019-08-18 08:57:10.430 24165 INFO rally.task.runner [-] Task 55d49952-976f-4cd9-a359-7f657caba7e5 | ITER: 17 START
2019-08-18 08:57:10.434 24168 INFO rally.task.runner [-] Task 55d49952-976f-4cd9-a359-7f657caba7e5 | ITER: 18 START
2019-08-18 08:57:10.436 24171 RALLYDEBUG rally.task.runner [-] Starting a worker. concurrency: 1 args: {"network_create_args": null, "subnet_create_args": null, "subnet_cidr_start": "1.1.0.0/30", "subnets_per_network": 2, "router_create_args": null} times: 40 method_name: run timeout: 0 duration: None cls:
2019-08-18 08:57:10.441 24171 INFO rally.task.runner [-] Task 55d49952-976f-4cd9-a359-7f657caba7e5 | ITER: 19 START
2019-08-18 08:57:10.441 24174 RALLYDEBUG rally.task.runner [-] Starting a worker. concurrency: 1 args: {"network_create_args": null, "subnet_create_args": null, "subnet_cidr_start": "1.1.0.0/30", "subnets_per_network": 2, "router_create_args": null} times: 40 method_name: run timeout: 0 duration: None cls:
2019-08-18 08:57:10.445 24174 INFO rally.task.runner [-] Task 55d49952-976f-4cd9-a359-7f657caba7e5 | ITER: 20 START
2019-08-18 08:57:11.217 24127 RALLYDEBUG rally_openstack.wrappers.network [-] CIDR generated: 1.1.5.160/30
2019-08-18 08:57:11.234 24130 RALLYDEBUG rally_openstack.wrappers.network [-] CIDR generated: 1.1.5.164/30
2019-08-18 08:57:11.252 24128 RALLYDEBUG rally_openstack.wrappers.network [-] CIDR generated: 1.1.5.168/30
2019-08-18 08:57:11.261 24141 RALLYDEBUG rally_openstack.wrappers.network [-] CIDR generated: 1.1.5.172/30
2019-08-18 08:57:11.306 24135 RALLYDEBUG rally_openstack.wrappers.network [-] CIDR generated: 1.1.5.176/30
2019-08-18 08:57:11.354 24146 RALLYDEBUG rally_openstack.wrappers.network [-] CIDR generated: 1.1.5.180/30
2019-08-18 08:57:11.381 24132 RALLYDEBUG rally_openstack.wrappers.network [-] CIDR generated: 1.1.5.184/30
2019-08-18 08:57:11.407 24174 RALLYDEBUG rally_openstack.wrappers.network [-] CIDR generated: 1.1.5.188/30
2019-08-18 08:57:11.422 24148 RALLYDEBUG rally_openstack.wrappers.network [-] CIDR generated: 1.1.5.192/30
2019-08-18 08:57:11.513 24130 RALLYDEBUG rally_openstack.wrappers.network [-] CIDR generated: 1.1.5.196/30
2019-08-18 08:57:11.628 24127 RALLYDEBUG rally_openstack.wrappers.network [-] CIDR generated: 1.1.5.200/30
2019-08-18 08:57:11.724 24162 RALLYDEBUG rally_openstack.wrappers.network [-] CIDR generated: 1.1.5.204/30
2019-08-18 08:57:11.774 24157 RALLYDEBUG rally_openstack.wrappers.network [-] CIDR generated: 1.1.5.208/30
2019-08-18 08:57:11.839 24165 RALLYDEBUG rally_openstack.wrappers.network [-] CIDR generated: 1.1.5.212/30
2019-08-18 08:57:11.859 24171 RALLYDEBUG rally_openstack.wrappers.network [-] CIDR generated: 1.1.5.216/30
2019-08-18 08:57:11.882 24129 RALLYDEBUG rally_openstack.wrappers.network [-] CIDR generated: 1.1.5.220/30
2019-08-18 08:57:11.949 24129 RALLYDEBUG rally_openstack.wrappers.network [-] CIDR generated: 1.1.5.224/30
2019-08-18 08:57:11.953 24153 RALLYDEBUG rally_openstack.wrappers.network [-] CIDR generated: 1.1.5.228/30
2019-08-18 08:57:12.173 24128 RALLYDEBUG rally_openstack.wrappers.network [-] CIDR generated: 1.1.5.232/30
2019-08-18 08:57:12.223 24128 RALLYDEBUG rally_openstack.wrappers.network [-] CIDR generated: 1.1.5.236/30
2019-08-18 08:57:12.386 24168 RALLYDEBUG rally_openstack.wrappers.network [-] CIDR generated: 1.1.5.240/30
2019-08-18 08:57:12.629 24141 RALLYDEBUG rally_openstack.wrappers.network [-] CIDR generated: 1.1.5.244/30
2019-08-18 08:57:12.699 24129 RALLYDEBUG rally_openstack.wrappers.network [-] CIDR generated: 1.1.5.248/30
2019-08-18 08:57:13.190 24148 RALLYDEBUG rally_openstack.wrappers.network [-] CIDR generated: 1.1.5.252/30
2019-08-18 08:57:13.293 24162 RALLYDEBUG rally_openstack.wrappers.network [-] CIDR generated: 1.1.6.0/30
2019-08-18 08:57:13.336 24171 RALLYDEBUG rally_openstack.wrappers.network [-] CIDR generated: 1.1.6.4/30
2019-08-18 08:57:13.485 24146 RALLYDEBUG rally_openstack.wrappers.network [-] CIDR generated: 1.1.6.8/30
2019-08-18 08:57:13.537 24153 RALLYDEBUG rally_openstack.wrappers.network [-] CIDR generated: 1.1.6.12/30
2019-08-18 08:57:13.632 24135 RALLYDEBUG rally_openstack.wrappers.network [-] CIDR generated: 1.1.6.16/30
2019-08-18 08:57:13.749 24127 RALLYDEBUG rally_openstack.wrappers.network [-] CIDR generated: 1.1.6.20/30
2019-08-18 08:57:13.801 24130 RALLYDEBUG rally_openstack.wrappers.network [-] CIDR generated: 1.1.6.24/30
2019-08-18 08:57:13.810 24130 RALLYDEBUG rally_openstack.wrappers.network [-] CIDR generated: 1.1.6.28/30
2019-08-18 08:57:14.111 24132 RALLYDEBUG rally_openstack.wrappers.network [-] CIDR generated: 1.1.6.32/30
2019-08-18 08:57:14.152 24165 RALLYDEBUG rally_openstack.wrappers.network [-] CIDR generated: 1.1.6.36/30
2019-08-18 08:57:14.904 24168 RALLYDEBUG rally_openstack.wrappers.network [-] CIDR generated: 1.1.6.40/30
2019-08-18 08:57:15.111 24174 RALLYDEBUG rally_openstack.wrappers.network [-] CIDR generated: 1.1.6.44/30
2019-08-18 08:57:15.944 24129 RALLYDEBUG rally_openstack.wrappers.network [-] CIDR generated: 1.1.6.48/30
2019-08-18 08:57:15.955 24127 RALLYDEBUG rally_openstack.wrappers.network [-] CIDR generated: 1.1.6.52/30
2019-08-18 08:57:16.059 24157 RALLYDEBUG rally_openstack.wrappers.network [-] CIDR generated: 1.1.6.56/30
2019-08-18 08:57:16.678 24128 RALLYDEBUG rally_openstack.wrappers.network [-] CIDR generated: 1.1.6.60/30
2019-08-18 08:57:21.858 24162 INFO rally.task.runner [-] Task 55d49952-976f-4cd9-a359-7f657caba7e5 | ITER: 16 END: OK
2019-08-18 08:57:21.863 24162 INFO rally.task.runner [-] Task 55d49952-976f-4cd9-a359-7f657caba7e5 | ITER: 21 START
2019-08-18 08:57:21.918 24130 INFO rally.task.runner [-] Task 55d49952-976f-4cd9-a359-7f657caba7e5 | ITER: 6 END: OK
2019-08-18 08:57:21.922 24130 INFO rally.task.runner [-] Task 55d49952-976f-4cd9-a359-7f657caba7e5 | ITER: 22 START
2019-08-18 08:57:22.422 24168 INFO rally.task.runner [-] Task 55d49952-976f-4cd9-a359-7f657caba7e5 | ITER: 18 END: OK
2019-08-18 08:57:22.426 24168 INFO rally.task.runner [-] Task 55d49952-976f-4cd9-a359-7f657caba7e5 | ITER: 23 START
2019-08-18 08:57:22.554 24130 RALLYDEBUG rally_openstack.wrappers.network [-] CIDR generated: 1.1.6.64/30
2019-08-18 08:57:22.949 24168 RALLYDEBUG rally_openstack.wrappers.network [-] CIDR generated: 1.1.6.68/30
2019-08-18 08:57:23.018 24162 RALLYDEBUG rally_openstack.wrappers.network [-] CIDR generated: 1.1.6.72/30
2019-08-18 08:57:23.731 24153 INFO rally.task.runner [-] Task 55d49952-976f-4cd9-a359-7f657caba7e5 | ITER: 14 END: OK
2019-08-18 08:57:23.736 24153 INFO rally.task.runner [-] Task 55d49952-976f-4cd9-a359-7f657caba7e5 | ITER: 24 START
