2019-08-18 09:05:36.123 25910 INFO rally.task.runner [-] Task 55d49952-976f-4cd9-a359-7f657caba7e5 | ITER: 5 END: OK
2019-08-18 09:05:36.127 25910 INFO rally.task.runner [-] Task 55d49952-976f-4cd9-a359-7f657caba7e5 | ITER: 39 START
2019-08-18 09:05:36.128 25910 WARNING rally_openstack.scenarios.neutron.utils [-] Running this scenario without either the 'network' or 'existing_network' context is deprecated
2019-08-18 09:05:37.086 25909 INFO rally.task.runner [-] Task 55d49952-976f-4cd9-a359-7f657caba7e5 | ITER: 2 END: OK
2019-08-18 09:05:37.090 25909 INFO rally.task.runner [-] Task 55d49952-976f-4cd9-a359-7f657caba7e5 | ITER: 40 START
2019-08-18 09:05:37.091 25909 WARNING rally_openstack.scenarios.neutron.utils [-] Running this scenario without either the 'network' or 'existing_network' context is deprecated
2019-08-18 09:05:42.637 25911 INFO rally.task.runner [-] Task 55d49952-976f-4cd9-a359-7f657caba7e5 | ITER: 25 END: OK
2019-08-18 09:05:42.663 25911 INFO rally.task.runner [-] Task 55d49952-976f-4cd9-a359-7f657caba7e5 | ITER: 24 END: OK
2019-08-18 09:05:42.838 25914 INFO rally.task.runner [-] Task 55d49952-976f-4cd9-a359-7f657caba7e5 | ITER: 27 END: OK
2019-08-18 09:05:43.531 25948 INFO rally.task.runner [-] Task 55d49952-976f-4cd9-a359-7f657caba7e5 | ITER: 21 END: OK
2019-08-18 09:05:43.725 25922 INFO rally.task.runner [-] Task 55d49952-976f-4cd9-a359-7f657caba7e5 | ITER: 31 END: OK
2019-08-18 09:05:43.862 25940 INFO rally.task.runner [-] Task 55d49952-976f-4cd9-a359-7f657caba7e5 | ITER: 26 END: OK
2019-08-18 09:05:44.090 25935 INFO rally.task.runner [-] Task 55d49952-976f-4cd9-a359-7f657caba7e5 | ITER: 23 END: OK
2019-08-18 09:05:45.083 25945 INFO rally.task.runner [-] Task 55d49952-976f-4cd9-a359-7f657caba7e5 | ITER: 30 END: OK
2019-08-18 09:05:45.239 25912 INFO rally.task.runner [-] Task 55d49952-976f-4cd9-a359-7f657caba7e5 | ITER: 35 END: OK
2019-08-18 09:05:46.300 25912 INFO rally.task.runner [-] Task 55d49952-976f-4cd9-a359-7f657caba7e5 | ITER: 28 END: OK
2019-08-18 09:05:46.325 25910 INFO rally.task.runner [-] Task 55d49952-976f-4cd9-a359-7f657caba7e5 | ITER: 32 END: OK
2019-08-18 09:05:46.504 25909 INFO rally.task.runner [-] Task 55d49952-976f-4cd9-a359-7f657caba7e5 | ITER: 38 END: OK
2019-08-18 09:05:46.859 25942 INFO rally.task.runner [-] Task 55d49952-976f-4cd9-a359-7f657caba7e5 | ITER: 22 END: OK
2019-08-18 09:05:46.928 25910 INFO rally.task.runner [-] Task 55d49952-976f-4cd9-a359-7f657caba7e5 | ITER: 39 END: OK
2019-08-18 09:05:47.177 25909 INFO rally.task.runner [-] Task 55d49952-976f-4cd9-a359-7f657caba7e5 | ITER: 40 END: OK
2019-08-18 09:05:47.189 25927 INFO rally.task.runner [-] Task 55d49952-976f-4cd9-a359-7f657caba7e5 | ITER: 33 END: OK
2019-08-18 09:05:47.259 25930 INFO rally.task.runner [-] Task 55d49952-976f-4cd9-a359-7f657caba7e5 | ITER: 37 END: OK
2019-08-18 09:05:47.729 25918 INFO rally.task.runner [-] Task 55d49952-976f-4cd9-a359-7f657caba7e5 | ITER: 34 END: OK
2019-08-18 09:05:48.120 25954 INFO rally.task.runner [-] Task 55d49952-976f-4cd9-a359-7f657caba7e5 | ITER: 29 END: OK
2019-08-18 09:05:48.277 25951 INFO rally.task.runner [-] Task 55d49952-976f-4cd9-a359-7f657caba7e5 | ITER: 36 END: OK
2019-08-18 09:05:48.298 21663 INFO rally.task.context [-] Task 55d49952-976f-4cd9-a359-7f657caba7e5 | Context cleanup@openstack cleanup() started
2019-08-18 09:05:48.303 21663 RALLYDEBUG rally_openstack.cleanup.manager [-] Cleaning up neutron vip objects
2019-08-18 09:05:48.711 21663 RALLYDEBUG rally_openstack.cleanup.manager [-] Cleaning up neutron health_monitor objects
2019-08-18 09:05:49.114 21663 RALLYDEBUG rally_openstack.cleanup.manager [-] Cleaning up neutron pool objects
2019-08-18 09:05:49.506 21663 RALLYDEBUG rally_openstack.cleanup.manager [-] Cleaning up neutron loadbalancer objects
2019-08-18 09:05:49.916 21663 RALLYDEBUG rally_openstack.cleanup.manager [-] Cleaning up neutron floatingip objects
2019-08-18 09:05:50.364 21663 RALLYDEBUG rally_openstack.cleanup.manager [-] Cleaning up neutron port objects
2019-08-18 09:05:50.807 21663 RALLYDEBUG rally_openstack.cleanup.manager [-] Cleaning up neutron subnet objects
2019-08-18 09:05:51.221 21663 RALLYDEBUG rally_openstack.cleanup.manager [-] Cleaning up neutron network objects
2019-08-18 09:05:51.830 21663 RALLYDEBUG rally_openstack.cleanup.manager [-] Deleting neutron.network object s_rally_cddc09d5_Hggf5KF6 (025380f4-9c05-4cf0-a54c-02a29eaad218)
2019-08-18 09:05:51.834 21663 RALLYDEBUG rally_openstack.cleanup.manager [-] Deleting neutron.network object s_rally_cddc09d5_KEmdTc5p (300fc456-6501-4d6d-8b12-5cfddd5586b0)
2019-08-18 09:05:51.835 21663 RALLYDEBUG rally_openstack.cleanup.manager [-] Deleting neutron.network object s_rally_cddc09d5_mCFY1d9n (3b24e024-aeb4-46fa-997a-87b5d87e3542)
2019-08-18 09:05:51.837 21663 RALLYDEBUG rally_openstack.cleanup.manager [-] Deleting neutron.network object s_rally_cddc09d5_UcH1llO0 (1d3f3298-ebf2-4db8-909e-d711cd7efedc)
2019-08-18 09:05:51.840 21663 RALLYDEBUG rally_openstack.cleanup.manager [-] Deleting neutron.network object s_rally_cddc09d5_6vfK1RXX (27d3f144-2fef-4571-82a7-6ed18ae44e89)
2019-08-18 09:05:51.851 21663 RALLYDEBUG rally_openstack.cleanup.manager [-] Deleting neutron.network object s_rally_cddc09d5_hTSRn53O (038f9ef3-0d52-40b0-8087-61bd23d6a6d0)
2019-08-18 09:05:51.858 21663 RALLYDEBUG rally_openstack.cleanup.manager [-] Deleting neutron.network object s_rally_cddc09d5_nBxldbDc (3ec5ec62-280f-47e5-a10e-0f040f14e332)
2019-08-18 09:05:51.862 21663 RALLYDEBUG rally_openstack.cleanup.manager [-] Deleting neutron.network object s_rally_cddc09d5_inVMjUqi (08068853-86a1-4827-95a6-325b89b28d57)
2019-08-18 09:05:51.863 21663 RALLYDEBUG rally_openstack.cleanup.manager [-] Deleting neutron.network object s_rally_cddc09d5_ssXG0We1 (1d24e860-dba0-458d-a9e7-303857b5b366)
2019-08-18 09:05:51.856 21663 RALLYDEBUG rally_openstack.cleanup.manager [-] Deleting neutron.network object s_rally_cddc09d5_aC8BUTDb (0931782c-3e34-41ae-8764-277f0169080d)
2019-08-18 09:05:51.875 21663 RALLYDEBUG rally_openstack.cleanup.manager [-] Deleting neutron.network object s_rally_cddc09d5_D0b3Nj6V (634bf8b0-0760-4208-97e8-a32639b72ce7)
2019-08-18 09:05:51.878 21663 RALLYDEBUG rally_openstack.cleanup.manager [-] Deleting neutron.network object s_rally_cddc09d5_XdQdU6vy (3e7d36a8-63b8-44b2-b6ae-6db088f22985)
2019-08-18 09:05:51.894 21663 RALLYDEBUG rally_openstack.cleanup.manager [-] Deleting neutron.network object s_rally_cddc09d5_RxH0CuxJ (781b8238-4226-4875-adf4-bdcaf25e26d2)
2019-08-18 09:05:51.915 21663 RALLYDEBUG rally_openstack.cleanup.manager [-] Deleting neutron.network object s_rally_cddc09d5_nTVAyQaN (7c1a61ee-0481-4252-a3f5-4b680f9172dd)
2019-08-18 09:05:51.895 21663 RALLYDEBUG rally_openstack.cleanup.manager [-] Deleting neutron.network object s_rally_cddc09d5_OHxhIJ2Q (4f063458-2766-4dff-9975-8ed8ad297531)
2019-08-18 09:05:51.920 21663 RALLYDEBUG rally_openstack.cleanup.manager [-] Deleting neutron.network object s_rally_cddc09d5_LyDgxQQ2 (4687b818-095e-43e5-85fe-e46d3c926e71)
2019-08-18 09:05:51.929 21663 RALLYDEBUG rally_openstack.cleanup.manager [-] Deleting neutron.network object s_rally_cddc09d5_XFqEwuBC (7a126d38-6fbe-4811-9817-4ac7e8be2eb2)
2019-08-18 09:05:51.956 21663 RALLYDEBUG rally_openstack.cleanup.manager [-] Deleting neutron.network object s_rally_cddc09d5_nO120aNf (6ee651ce-21ba-4fb4-ab75-28c0f5664ba7)
2019-08-18 09:05:51.964 21663 RALLYDEBUG rally_openstack.cleanup.manager [-] Deleting neutron.network object s_rally_cddc09d5_TxbrgDq7 (23218439-1291-4199-a664-792c1f75014f)
2019-08-18 09:05:51.972 21663 RALLYDEBUG rally_openstack.cleanup.manager [-] Deleting neutron.network object s_rally_cddc09d5_nOqtuJsQ (7cac2238-c0f4-40c0-9cfa-6c52ff5c5fee)
2019-08-18 09:05:54.400 21663 RALLYDEBUG rally_openstack.cleanup.manager [-] Deleting neutron.network object s_rally_cddc09d5_b4wbz8EP (7d2def07-aced-42ff-bea3-10a932be9dc7)
2019-08-18 09:05:54.737 21663 RALLYDEBUG rally_openstack.cleanup.manager [-] Deleting neutron.network object s_rally_cddc09d5_DlYJbn0Q (83fcceb6-131e-4dda-902c-4ddb32eecdb2)
2019-08-18 09:05:54.825 21663 RALLYDEBUG rally_openstack.cleanup.manager [-] Deleting neutron.network object s_rally_cddc09d5_rQiVkzMl (84dec5d6-cf13-418f-a196-25d5a3b285f1)
2019-08-18 09:05:54.845 21663 RALLYDEBUG rally_openstack.cleanup.manager [-] Deleting neutron.network object s_rally_cddc09d5_y2a2rKbK (86bdfbf7-8289-4974-8f23-63282dad10c8)
2019-08-18 09:05:54.938 21663 RALLYDEBUG rally_openstack.cleanup.manager [-] Deleting neutron.network object s_rally_cddc09d5_E2AwEi4u (a5fffeb8-9aa1-44e6-b55b-58e125fa5f34)
2019-08-18 09:05:54.945 21663 RALLYDEBUG rally_openstack.cleanup.manager [-] Deleting neutron.network object s_rally_cddc09d5_mt3sE5II (aaf31e3b-6050-483a-9c12-d5be977dce32)
2019-08-18 09:05:54.958 21663 RALLYDEBUG rally_openstack.cleanup.manager [-] Deleting neutron.network object s_rally_cddc09d5_xhoBY4Ox (b0374e7b-4da3-4729-85db-7412cd5ca7b7)
2019-08-18 09:05:54.989 21663 RALLYDEBUG rally_openstack.cleanup.manager [-] Deleting neutron.network object s_rally_cddc09d5_erUZDZR2 (bc0b1a45-fbf7-4392-89f9-0dba8316d087)
2019-08-18 09:05:55.011 21663 RALLYDEBUG rally_openstack.cleanup.manager [-] Deleting neutron.network object s_rally_cddc09d5_RCe5f9eh (bf6a19eb-a091-4dd4-bf41-13530fe18db6)
2019-08-18 09:05:55.068 21663 RALLYDEBUG rally_openstack.cleanup.manager [-] Deleting neutron.network object s_rally_cddc09d5_rmhihpN7 (c0295139-6259-409f-9689-659359e4a3e8)
2019-08-18 09:05:55.139 21663 RALLYDEBUG rally_openstack.cleanup.manager [-] Deleting neutron.network object s_rally_cddc09d5_yH2z9uBv (c3030327-efb4-4175-bbd1-da0b253816ca)
2019-08-18 09:05:55.174 21663 RALLYDEBUG rally_openstack.cleanup.manager [-] Deleting neutron.network object s_rally_cddc09d5_zfL5Juor (c53e4a51-d922-4e03-abd3-fe2ef92bcba1)
2019-08-18 09:05:55.323 21663 RALLYDEBUG rally_openstack.cleanup.manager [-] Deleting neutron.network object s_rally_cddc09d5_xmrmPtgX (cb5f0703-c248-40cc-87de-53b01e04cc03)
2019-08-18 09:05:55.362 21663 RALLYDEBUG rally_openstack.cleanup.manager [-] Deleting neutron.network object s_rally_cddc09d5_cyc09d6F (d7dffa89-099e-40e8-bacf-0a6246a76c1c)
2019-08-18 09:05:55.384 21663 RALLYDEBUG rally_openstack.cleanup.manager [-] Deleting neutron.network object s_rally_cddc09d5_tLW8OIb5 (d8bb9703-31fd-4be3-9dd8-f6d3af29a33b)
2019-08-18 09:05:55.387 21663 RALLYDEBUG rally_openstack.cleanup.manager [-] Deleting neutron.network object s_rally_cddc09d5_ojMfLHWu (d8c3512a-2167-47a3-800d-0741483e6a68)
2019-08-18 09:05:55.479 21663 RALLYDEBUG rally_openstack.cleanup.manager [-] Deleting neutron.network object s_rally_cddc09d5_d3XDPYYB (e24eeaaa-3a9c-4055-9a66-be48f74b9273)
2019-08-18 09:05:55.480 21663 RALLYDEBUG rally_openstack.cleanup.manager [-] Deleting neutron.network object s_rally_cddc09d5_JzJpetQD (e21e8883-b828-4546-be90-70d27c8c172f)
2019-08-18 09:05:55.836 21663 RALLYDEBUG rally_openstack.cleanup.manager [-] Deleting neutron.network object s_rally_cddc09d5_oD1UxkHW (e9ce3958-1f15-409f-b7b8-dac5c150c2c0)
2019-08-18 09:05:55.875 21663 RALLYDEBUG rally_openstack.cleanup.manager [-] Deleting neutron.network object s_rally_cddc09d5_JoMGcA13 (fd9ec521-4e19-433b-a947-d1b21462d867)
2019-08-18 09:05:58.669 21663 RALLYDEBUG rally_openstack.cleanup.manager [-] Cleaning up neutron router objects
2019-08-18 09:05:59.129 21663 RALLYDEBUG rally_openstack.cleanup.manager [-] Cleaning up neutron security_group objects
2019-08-18 09:05:59.556 21663 INFO rally.task.context [-] Task 55d49952-976f-4cd9-a359-7f657caba7e5 | Context cleanup@openstack cleanup() finished in 11.26 sec
2019-08-18 09:05:59.557 21663 INFO rally.task.context [-] Task 55d49952-976f-4cd9-a359-7f657caba7e5 | Context quotas@openstack cleanup() started
2019-08-18 09:05:59.639 21663 INFO rally.task.context [-] Task 55d49952-976f-4cd9-a359-7f657caba7e5 | Context quotas@openstack cleanup() finished in 82.45 msec
2019-08-18 09:05:59.640 21663 INFO rally.task.context [-] Task 55d49952-976f-4cd9-a359-7f657caba7e5 | Context users@openstack cleanup() started
2019-08-18 09:06:02.476 21663 INFO rally.task.context [-] Task 55d49952-976f-4cd9-a359-7f657caba7e5 | Context users@openstack cleanup() finished in 2.84 sec
2019-08-18 09:06:04.107 21663 INFO rally.task.engine [-] Load duration is: 25.493415
2019-08-18 09:06:04.108 21663 INFO rally.task.engine [-] Full runner duration is: 25.54199
2019-08-18 09:06:04.108 21663 INFO rally.task.engine [-] Full duration is: 42.644472
2019-08-18 09:06:04.581 21663 INFO rally.task.engine [-] Running workload: position = 0 config = { "version": 2, "title": "A cropped version of a bigger task.", "description": "Auto-generated task from a single workload (uuid=6d7869f2-db9b-4615-8c7a-6fe097cfee10)", "subtasks": [ { "title": "Quotas.neutron_update", "description": "Update quotas for neutron.", "scenario": { "Quotas.neutron_update": { "max_quota": 1024 } }, "contexts": { "users": { "tenants": 20, "users_per_tenant": 1 } }, "runner": { "constant": { "times": 40, "concurrency": 20 } }, "hooks": [], "sla": { "failure_rate": { "max": 0 } } } ] }
2019-08-18 09:06:04.606 21663 RALLYDEBUG rally_openstack.contexts.keystone.users [-] Creating 20 tenants using 20 threads
2019-08-18 09:06:06.781 21663 RALLYDEBUG rally_openstack.contexts.keystone.users [-] Creating 20 users using 20 threads
2019-08-18 09:06:09.790 21663 INFO rally.task.context [-] Task 55d49952-976f-4cd9-a359-7f657caba7e5 | Context users@openstack setup() finished in 5.18 sec
2019-08-18 09:06:09.791 21663 INFO rally.task.context [-] Task 55d49952-976f-4cd9-a359-7f657caba7e5 | Context admin_cleanup@openstack setup() finished in 0.01 msec
2019-08-18 09:06:09.800 21663 RALLYDEBUG rally.task.runner [-] Starting the constant runner (task UUID: 55d49952-976f-4cd9-a359-7f657caba7e5). timeout: 0 concurrency: 20 concurrency_per_worker: 1 times: 40 concurrency_overhead: 4 processes_to_start: 16 max_cpu_used: 16
2019-08-18 09:06:09.816 26279 RALLYDEBUG rally.task.runner [-] Starting a worker. concurrency: 2 args: {"max_quota": 1024} times: 40 method_name: run timeout: 0 duration: None cls:
2019-08-18 09:06:09.819 26280 RALLYDEBUG rally.task.runner [-] Starting a worker. concurrency: 2 args: {"max_quota": 1024} times: 40 method_name: run timeout: 0 duration: None cls:
2019-08-18 09:06:09.822 26281 RALLYDEBUG rally.task.runner [-] Starting a worker. concurrency: 2 args: {"max_quota": 1024} times: 40 method_name: run timeout: 0 duration: None cls:
2019-08-18 09:06:09.825 26282 RALLYDEBUG rally.task.runner [-] Starting a worker. concurrency: 2 args: {"max_quota": 1024} times: 40 method_name: run timeout: 0 duration: None cls:
2019-08-18 09:06:09.828 26279 INFO rally.task.runner [-] Task 55d49952-976f-4cd9-a359-7f657caba7e5 | ITER: 1 START
2019-08-18 09:06:09.830 26283 RALLYDEBUG rally.task.runner [-] Starting a worker. concurrency: 1 args: {"max_quota": 1024} times: 40 method_name: run timeout: 0 duration: None cls:
2019-08-18 09:06:09.832 26284 RALLYDEBUG rally.task.runner [-] Starting a worker. concurrency: 1 args: {"max_quota": 1024} times: 40 method_name: run timeout: 0 duration: None cls:
2019-08-18 09:06:09.836 26280 INFO rally.task.runner [-] Task 55d49952-976f-4cd9-a359-7f657caba7e5 | ITER: 2 START
2019-08-18 09:06:09.837 26281 INFO rally.task.runner [-] Task 55d49952-976f-4cd9-a359-7f657caba7e5 | ITER: 3 START
2019-08-18 09:06:09.838 26288 RALLYDEBUG rally.task.runner [-] Starting a worker. concurrency: 1 args: {"max_quota": 1024} times: 40 method_name: run timeout: 0 duration: None cls:
2019-08-18 09:06:09.842 26284 INFO rally.task.runner [-] Task 55d49952-976f-4cd9-a359-7f657caba7e5 | ITER: 9 START
2019-08-18 09:06:09.843 26283 INFO rally.task.runner [-] Task 55d49952-976f-4cd9-a359-7f657caba7e5 | ITER: 7 START
2019-08-18 09:06:09.842 26292 RALLYDEBUG rally.task.runner [-] Starting a worker. concurrency: 1 args: {"max_quota": 1024} times: 40 method_name: run timeout: 0 duration: None cls:
2019-08-18 09:06:09.846 26282 INFO rally.task.runner [-] Task 55d49952-976f-4cd9-a359-7f657caba7e5 | ITER: 5 START
2019-08-18 09:06:09.847 26295 RALLYDEBUG rally.task.runner [-] Starting a worker. concurrency: 1 args: {"max_quota": 1024} times: 40 method_name: run timeout: 0 duration: None cls:
2019-08-18 09:06:09.849 26288 INFO rally.task.runner [-] Task 55d49952-976f-4cd9-a359-7f657caba7e5 | ITER: 11 START
2019-08-18 09:06:09.854 26279 INFO rally.task.runner [-] Task 55d49952-976f-4cd9-a359-7f657caba7e5 | ITER: 4 START
2019-08-18 09:06:09.853 26282 INFO rally.task.runner [-] Task 55d49952-976f-4cd9-a359-7f657caba7e5 | ITER: 10 START
2019-08-18 09:06:09.855 26292 INFO rally.task.runner [-] Task 55d49952-976f-4cd9-a359-7f657caba7e5 | ITER: 12 START
2019-08-18 09:06:09.856 26301 RALLYDEBUG rally.task.runner [-] Starting a worker. concurrency: 1 args: {"max_quota": 1024} times: 40 method_name: run timeout: 0 duration: None cls:
2019-08-18 09:06:09.858 26295 INFO rally.task.runner [-] Task 55d49952-976f-4cd9-a359-7f657caba7e5 | ITER: 13 START
2019-08-18 09:06:09.859 26281 INFO rally.task.runner [-] Task 55d49952-976f-4cd9-a359-7f657caba7e5 | ITER: 8 START
2019-08-18 09:06:09.863 26306 RALLYDEBUG rally.task.runner [-] Starting a worker. concurrency: 1 args: {"max_quota": 1024} times: 40 method_name: run timeout: 0 duration: None cls:
2019-08-18 09:06:09.859 26280 INFO rally.task.runner [-] Task 55d49952-976f-4cd9-a359-7f657caba7e5 | ITER: 6 START
2019-08-18 09:06:09.870 26301 INFO rally.task.runner [-] Task 55d49952-976f-4cd9-a359-7f657caba7e5 | ITER: 14 START
2019-08-18 09:06:09.871 26312 RALLYDEBUG rally.task.runner [-] Starting a worker. concurrency: 1 args: {"max_quota": 1024} times: 40 method_name: run timeout: 0 duration: None cls:
2019-08-18 09:06:09.873 26313 RALLYDEBUG rally.task.runner [-] Starting a worker. concurrency: 1 args: {"max_quota": 1024} times: 40 method_name: run timeout: 0 duration: None cls:
2019-08-18 09:06:09.876 26306 INFO rally.task.runner [-] Task 55d49952-976f-4cd9-a359-7f657caba7e5 | ITER: 15 START
2019-08-18 09:06:09.882 26316 RALLYDEBUG rally.task.runner [-] Starting a worker. concurrency: 1 args: {"max_quota": 1024} times: 40 method_name: run timeout: 0 duration: None cls:
2019-08-18 09:06:09.882 26312 INFO rally.task.runner [-] Task 55d49952-976f-4cd9-a359-7f657caba7e5 | ITER: 16 START
2019-08-18 09:06:09.884 26313 INFO rally.task.runner [-] Task 55d49952-976f-4cd9-a359-7f657caba7e5 | ITER: 17 START
2019-08-18 09:06:09.890 26316 INFO rally.task.runner [-] Task 55d49952-976f-4cd9-a359-7f657caba7e5 | ITER: 18 START
2019-08-18 09:06:09.890 26323 RALLYDEBUG rally.task.runner [-] Starting a worker. concurrency: 1 args: {"max_quota": 1024} times: 40 method_name: run timeout: 0 duration: None cls:
2019-08-18 09:06:09.898 26323 INFO rally.task.runner [-] Task 55d49952-976f-4cd9-a359-7f657caba7e5 | ITER: 19 START
2019-08-18 09:06:09.898 26326 RALLYDEBUG rally.task.runner [-] Starting a worker. concurrency: 1 args: {"max_quota": 1024} times: 40 method_name: run timeout: 0 duration: None cls:
2019-08-18 09:06:09.906 26326 INFO rally.task.runner [-] Task 55d49952-976f-4cd9-a359-7f657caba7e5 | ITER: 20 START
2019-08-18 09:06:10.448 26281 INFO rally.task.runner [-] Task 55d49952-976f-4cd9-a359-7f657caba7e5 | ITER: 3 END: OK
2019-08-18 09:06:10.456 26281 INFO rally.task.runner [-] Task 55d49952-976f-4cd9-a359-7f657caba7e5 | ITER: 21 START
2019-08-18 09:06:10.458 26288 INFO rally.task.runner [-] Task 55d49952-976f-4cd9-a359-7f657caba7e5 | ITER: 11 END: OK
2019-08-18 09:06:10.466 26288 INFO rally.task.runner [-] Task 55d49952-976f-4cd9-a359-7f657caba7e5 | ITER: 22 START
2019-08-18 09:06:10.467 26306 INFO rally.task.runner [-] Task 55d49952-976f-4cd9-a359-7f657caba7e5 | ITER: 15 END: OK
2019-08-18 09:06:10.472 26292 INFO rally.task.runner [-] Task 55d49952-976f-4cd9-a359-7f657caba7e5 | ITER: 12 END: OK
2019-08-18 09:06:10.474 26306 INFO rally.task.runner [-] Task 55d49952-976f-4cd9-a359-7f657caba7e5 | ITER: 23 START
2019-08-18 09:06:10.477 26283 INFO rally.task.runner [-] Task 55d49952-976f-4cd9-a359-7f657caba7e5 | ITER: 7 END: OK
2019-08-18 09:06:10.480 26292 INFO rally.task.runner [-] Task 55d49952-976f-4cd9-a359-7f657caba7e5 | ITER: 24 START
2019-08-18 09:06:10.485 26301 INFO rally.task.runner [-] Task 55d49952-976f-4cd9-a359-7f657caba7e5 | ITER: 14 END: OK
2019-08-18 09:06:10.485 26283 INFO rally.task.runner [-] Task 55d49952-976f-4cd9-a359-7f657caba7e5 | ITER: 25 START
2019-08-18 09:06:10.492 26301 INFO rally.task.runner [-] Task 55d49952-976f-4cd9-a359-7f657caba7e5 | ITER: 26 START
2019-08-18 09:06:10.508 26282 INFO rally.task.runner [-] Task 55d49952-976f-4cd9-a359-7f657caba7e5 | ITER: 5 END: OK
2019-08-18 09:06:10.511 26284 INFO rally.task.runner [-] Task 55d49952-976f-4cd9-a359-7f657caba7e5 | ITER: 9 END: OK
2019-08-18 09:06:10.515 26282 INFO rally.task.runner [-] Task 55d49952-976f-4cd9-a359-7f657caba7e5 | ITER: 27 START
2019-08-18 09:06:10.517 26284 INFO rally.task.runner [-] Task 55d49952-976f-4cd9-a359-7f657caba7e5 | ITER: 28 START
2019-08-18 09:06:10.532 26279 INFO rally.task.runner [-] Task 55d49952-976f-4cd9-a359-7f657caba7e5 | ITER: 1 END: OK
2019-08-18 09:06:10.540 26279 INFO rally.task.runner [-] Task 55d49952-976f-4cd9-a359-7f657caba7e5 | ITER: 29 START
2019-08-18 09:06:10.543 26295 INFO rally.task.runner [-] Task 55d49952-976f-4cd9-a359-7f657caba7e5 | ITER: 13 END: OK
2019-08-18 09:06:10.550 26295 INFO rally.task.runner [-] Task 55d49952-976f-4cd9-a359-7f657caba7e5 | ITER: 30 START
2019-08-18 09:06:10.569 26281 INFO rally.task.runner [-] Task 55d49952-976f-4cd9-a359-7f657caba7e5 | ITER: 8 END: OK
2019-08-18 09:06:10.572 26280 INFO rally.task.runner [-] Task 55d49952-976f-4cd9-a359-7f657caba7e5 | ITER: 2 END: OK
2019-08-18 09:06:10.575 26281 INFO rally.task.runner [-] Task 55d49952-976f-4cd9-a359-7f657caba7e5 | ITER: 31 START
2019-08-18 09:06:10.578 26280 INFO rally.task.runner [-] Task 55d49952-976f-4cd9-a359-7f657caba7e5 | ITER: 32 START
2019-08-18 09:06:10.645 26282 INFO rally.task.runner [-] Task 55d49952-976f-4cd9-a359-7f657caba7e5 | ITER: 10 END: OK
2019-08-18 09:06:10.648 26316 INFO rally.task.runner [-] Task 55d49952-976f-4cd9-a359-7f657caba7e5 | ITER: 18 END: OK
2019-08-18 09:06:10.652 26282 INFO rally.task.runner [-] Task 55d49952-976f-4cd9-a359-7f657caba7e5 | ITER: 33 START
2019-08-18 09:06:10.655 26316 INFO rally.task.runner [-] Task 55d49952-976f-4cd9-a359-7f657caba7e5 | ITER: 34 START
2019-08-18 09:06:10.719 26280 INFO rally.task.runner [-] Task 55d49952-976f-4cd9-a359-7f657caba7e5 | ITER: 6 END: OK
2019-08-18 09:06:10.727 26280 INFO rally.task.runner [-] Task 55d49952-976f-4cd9-a359-7f657caba7e5 | ITER: 35 START
2019-08-18 09:06:10.760 26279 INFO rally.task.runner [-] Task 55d49952-976f-4cd9-a359-7f657caba7e5 | ITER: 4 END: OK
2019-08-18 09:06:10.762 26313 INFO rally.task.runner [-] Task 55d49952-976f-4cd9-a359-7f657caba7e5 | ITER: 17 END: OK
2019-08-18 09:06:10.769 26279 INFO rally.task.runner [-] Task 55d49952-976f-4cd9-a359-7f657caba7e5 | ITER: 36 START
2019-08-18 09:06:10.771 26313 INFO rally.task.runner [-] Task 55d49952-976f-4cd9-a359-7f657caba7e5 | ITER: 37 START
2019-08-18 09:06:10.784 26312 INFO rally.task.runner [-] Task 55d49952-976f-4cd9-a359-7f657caba7e5 | ITER: 16 END: OK
2019-08-18 09:06:10.792 26312 INFO rally.task.runner [-] Task 55d49952-976f-4cd9-a359-7f657caba7e5 | ITER: 38 START
2019-08-18 09:06:10.855 26326 INFO rally.task.runner [-] Task 55d49952-976f-4cd9-a359-7f657caba7e5 | ITER: 20 END: OK
2019-08-18 09:06:10.863 26326 INFO rally.task.runner [-] Task 55d49952-976f-4cd9-a359-7f657caba7e5 | ITER: 39 START
2019-08-18 09:06:10.873 26323 INFO rally.task.runner [-] Task 55d49952-976f-4cd9-a359-7f657caba7e5 | ITER: 19 END: OK
2019-08-18 09:06:10.881 26323 INFO rally.task.runner [-] Task 55d49952-976f-4cd9-a359-7f657caba7e5 | ITER: 40 START
2019-08-18 09:06:10.956 26281 INFO rally.task.runner [-] Task 55d49952-976f-4cd9-a359-7f657caba7e5 | ITER: 21 END: OK
2019-08-18 09:06:10.996 26283 INFO rally.task.runner [-] Task 55d49952-976f-4cd9-a359-7f657caba7e5 | ITER: 25 END: OK
2019-08-18 09:06:11.071 26306 INFO rally.task.runner [-] Task 55d49952-976f-4cd9-a359-7f657caba7e5 | ITER: 23 END: OK
2019-08-18 09:06:11.102 26292 INFO rally.task.runner [-] Task 55d49952-976f-4cd9-a359-7f657caba7e5 | ITER: 24 END: OK
2019-08-18 09:06:11.153 26279 INFO rally.task.runner [-] Task 55d49952-976f-4cd9-a359-7f657caba7e5 | ITER: 29 END: OK
2019-08-18 09:06:11.158 26281 INFO rally.task.runner [-] Task 55d49952-976f-4cd9-a359-7f657caba7e5 | ITER: 31 END: OK
2019-08-18 09:06:11.188 26288 INFO rally.task.runner [-] Task 55d49952-976f-4cd9-a359-7f657caba7e5 | ITER: 22 END: OK
2019-08-18 09:06:11.192 26301 INFO rally.task.runner [-] Task 55d49952-976f-4cd9-a359-7f657caba7e5 | ITER: 26 END: OK
2019-08-18 09:06:11.193 26282 INFO rally.task.runner [-] Task 55d49952-976f-4cd9-a359-7f657caba7e5 | ITER: 27 END: OK
2019-08-18 09:06:11.260 26284 INFO rally.task.runner [-] Task 55d49952-976f-4cd9-a359-7f657caba7e5 | ITER: 28 END: OK
2019-08-18 09:06:11.302 26295 INFO rally.task.runner [-] Task 55d49952-976f-4cd9-a359-7f657caba7e5 | ITER: 30 END: OK
2019-08-18 09:06:11.333 26316 INFO rally.task.runner [-] Task 55d49952-976f-4cd9-a359-7f657caba7e5 | ITER: 34 END: OK
2019-08-18 09:06:11.340 26280 INFO rally.task.runner [-] Task 55d49952-976f-4cd9-a359-7f657caba7e5 | ITER: 35 END: OK
2019-08-18 09:06:11.373 26313 INFO rally.task.runner [-] Task 55d49952-976f-4cd9-a359-7f657caba7e5 | ITER: 37 END: OK
2019-08-18 09:06:11.473 26279 INFO rally.task.runner [-] Task 55d49952-976f-4cd9-a359-7f657caba7e5 | ITER: 36 END: OK
2019-08-18 09:06:11.482 26282 INFO rally.task.runner [-] Task 55d49952-976f-4cd9-a359-7f657caba7e5 | ITER: 33 END: OK
2019-08-18 09:06:11.505 26326 INFO rally.task.runner [-] Task 55d49952-976f-4cd9-a359-7f657caba7e5 | ITER: 39 END: OK
2019-08-18 09:06:11.532 26312 INFO rally.task.runner [-] Task 55d49952-976f-4cd9-a359-7f657caba7e5 | ITER: 38 END: OK
2019-08-18 09:06:11.544 26280 INFO rally.task.runner [-] Task 55d49952-976f-4cd9-a359-7f657caba7e5 | ITER: 32 END: OK
2019-08-18 09:06:11.661 26323 INFO rally.task.runner [-] Task 55d49952-976f-4cd9-a359-7f657caba7e5 | ITER: 40 END: OK
2019-08-18 09:06:11.691 21663 INFO rally.task.context [-] Task 55d49952-976f-4cd9-a359-7f657caba7e5 | Context admin_cleanup@openstack cleanup() started
2019-08-18 09:06:11.693 21663 RALLYDEBUG rally_openstack.cleanup.manager [-] Cleaning up neutron quota objects
2019-08-18 09:06:13.438 21663 INFO rally.task.context [-] Task 55d49952-976f-4cd9-a359-7f657caba7e5 | Context admin_cleanup@openstack cleanup() finished in 1.75 sec
2019-08-18 09:06:13.438 21663 INFO rally.task.context [-] Task 55d49952-976f-4cd9-a359-7f657caba7e5 | Context users@openstack cleanup() started
2019-08-18 09:06:38.613 21663 INFO rally.task.context [-] Task 55d49952-976f-4cd9-a359-7f657caba7e5 | Context users@openstack cleanup() finished in 25.17 sec
2019-08-18 09:06:38.768 21663 INFO rally.task.engine [-] Load duration is: 1.831366
2019-08-18 09:06:38.768 21663 INFO rally.task.engine [-] Full runner duration is: 1.890561
2019-08-18 09:06:38.768 21663 INFO rally.task.engine [-] Full duration is: 34.011948
2019-08-18 09:06:39.123 21663 INFO rally.task.engine [-] Running workload: position = 0 config = { "version": 2, "title": "A cropped version of a bigger task.", "description": "Auto-generated task from a single workload (uuid=bb3bc4ed-ac3a-45ee-b347-e8f575e52963)", "subtasks": [ { "title": "NeutronTrunks.create_and_list_trunk_subports", "description": "", "scenario": { "NeutronTrunks.create_and_list_trunk_subports": { "subport_count": 125 } }, "contexts": { "users": { "tenants": 1, "users_per_tenant": 1 }, "quotas": { "neutron": { "network": -1, "port": 1000 } } }, "runner": { "constant": { "times": 4, "concurrency": 4 } }, "hooks": [], "sla": { "failure_rate": { "max": 0 } } } ] }
2019-08-18 09:06:39.149 21663 RALLYDEBUG rally_openstack.contexts.keystone.users [-] Creating 1 tenants using 20 threads
2019-08-18 09:06:40.092 21663 RALLYDEBUG rally_openstack.contexts.keystone.users [-] Creating 1 users using 20 threads
2019-08-18 09:06:41.613 21663 INFO rally.task.context [-] Task 55d49952-976f-4cd9-a359-7f657caba7e5 | Context users@openstack setup() finished in 2.46 sec
2019-08-18 09:06:42.106 21663 INFO rally.task.context [-] Task 55d49952-976f-4cd9-a359-7f657caba7e5 | Context quotas@openstack setup() finished in 0.49 sec
2019-08-18 09:06:42.107 21663 INFO rally.task.context [-] Task 55d49952-976f-4cd9-a359-7f657caba7e5 | Context cleanup@openstack setup() finished in 0.01 msec
2019-08-18 09:06:42.115 21663 RALLYDEBUG rally.task.runner [-] Starting the constant runner (task UUID: 55d49952-976f-4cd9-a359-7f657caba7e5). timeout: 0 concurrency: 4 concurrency_per_worker: 1 times: 4 concurrency_overhead: 0 processes_to_start: 4 max_cpu_used: 16
2019-08-18 09:06:42.131 26469 RALLYDEBUG rally.task.runner [-] Starting a worker. concurrency: 1 args: {"subport_count": 125} times: 4 method_name: run timeout: 0 duration: None cls:
2019-08-18 09:06:42.134 26470 RALLYDEBUG rally.task.runner [-] Starting a worker. concurrency: 1 args: {"subport_count": 125} times: 4 method_name: run timeout: 0 duration: None cls:
2019-08-18 09:06:42.137 26469 INFO rally.task.runner [-] Task 55d49952-976f-4cd9-a359-7f657caba7e5 | ITER: 1 START
2019-08-18 09:06:42.137 26471 RALLYDEBUG rally.task.runner [-] Starting a worker. concurrency: 1 args: {"subport_count": 125} times: 4 method_name: run timeout: 0 duration: None cls:
2019-08-18 09:06:42.141 26470 INFO rally.task.runner [-] Task 55d49952-976f-4cd9-a359-7f657caba7e5 | ITER: 2 START
2019-08-18 09:06:42.141 26472 RALLYDEBUG rally.task.runner [-] Starting a worker. concurrency: 1 args: {"subport_count": 125} times: 4 method_name: run timeout: 0 duration: None cls:
2019-08-18 09:06:42.144 26471 INFO rally.task.runner [-] Task 55d49952-976f-4cd9-a359-7f657caba7e5 | ITER: 3 START
2019-08-18 09:06:42.148 26472 INFO rally.task.runner [-] Task 55d49952-976f-4cd9-a359-7f657caba7e5 | ITER: 4 START
2019-08-18 09:08:24.861 26470 WARNING rally.task.atomic [-] 'optional_action_timer' is deprecated since rally v0.10.0.Please use action_timer instead, we have improved atomic actions, now do not need to explicitly close original action.
2019-08-18 09:08:24.898 26470 WARNING rally.task.atomic [-] 'optional_action_timer' is deprecated since rally v0.10.0.Please use action_timer instead, we have improved atomic actions, now do not need to explicitly close original action.
2019-08-18 09:08:25.686 26470 INFO rally.task.runner [-] Task 55d49952-976f-4cd9-a359-7f657caba7e5 | ITER: 2 END: OK
2019-08-18 09:08:26.333 26472 WARNING rally.task.atomic [-] 'optional_action_timer' is deprecated since rally v0.10.0.Please use action_timer instead, we have improved atomic actions, now do not need to explicitly close original action.
2019-08-18 09:08:26.371 26472 WARNING rally.task.atomic [-] 'optional_action_timer' is deprecated since rally v0.10.0.Please use action_timer instead, we have improved atomic actions, now do not need to explicitly close original action.
2019-08-18 09:08:26.871 26472 INFO rally.task.runner [-] Task 55d49952-976f-4cd9-a359-7f657caba7e5 | ITER: 4 END: OK
2019-08-18 09:08:28.630 26469 WARNING rally.task.atomic [-] 'optional_action_timer' is deprecated since rally v0.10.0.Please use action_timer instead, we have improved atomic actions, now do not need to explicitly close original action.
2019-08-18 09:08:28.670 26469 WARNING rally.task.atomic [-] 'optional_action_timer' is deprecated since rally v0.10.0.Please use action_timer instead, we have improved atomic actions, now do not need to explicitly close original action.
2019-08-18 09:08:29.209 26469 INFO rally.task.runner [-] Task 55d49952-976f-4cd9-a359-7f657caba7e5 | ITER: 1 END: OK
2019-08-18 09:08:30.825 26471 WARNING rally.task.atomic [-] 'optional_action_timer' is deprecated since rally v0.10.0.Please use action_timer instead, we have improved atomic actions, now do not need to explicitly close original action.
2019-08-18 09:08:30.866 26471 WARNING rally.task.atomic [-] 'optional_action_timer' is deprecated since rally v0.10.0.Please use action_timer instead, we have improved atomic actions, now do not need to explicitly close original action.
2019-08-18 09:08:31.595 26471 INFO rally.task.runner [-] Task 55d49952-976f-4cd9-a359-7f657caba7e5 | ITER: 3 END: OK
2019-08-18 09:08:31.625 21663 INFO rally.task.context [-] Task 55d49952-976f-4cd9-a359-7f657caba7e5 | Context cleanup@openstack cleanup() started
2019-08-18 09:08:31.630 21663 RALLYDEBUG rally_openstack.cleanup.manager [-] Cleaning up neutron vip objects
2019-08-18 09:08:32.050 21663 RALLYDEBUG rally_openstack.cleanup.manager [-] Cleaning up neutron health_monitor objects
2019-08-18 09:08:32.468 21663 RALLYDEBUG rally_openstack.cleanup.manager [-] Cleaning up neutron pool objects
2019-08-18 09:08:32.876 21663 RALLYDEBUG rally_openstack.cleanup.manager [-] Cleaning up neutron loadbalancer objects
2019-08-18 09:08:33.289 21663 RALLYDEBUG rally_openstack.cleanup.manager [-] Cleaning up neutron floatingip objects
2019-08-18 09:08:33.736 21663 RALLYDEBUG rally_openstack.cleanup.manager [-] Cleaning up neutron port objects
2019-08-18 09:08:35.221 21663 RALLYDEBUG rally_openstack.cleanup.manager [-] Deleting neutron.port object s_rally_bb3bc4ed_HtJfyTym (035274b1-576c-42b0-a1ff-6f00a16721e7)
2019-08-18 09:08:35.228 21663 RALLYDEBUG rally_openstack.cleanup.manager [-] Deleting neutron.port object s_rally_bb3bc4ed_umQzsyGl (040e5ec2-679b-4ac6-9d9a-c1c46ae509df)
2019-08-18 09:08:35.229 21663 RALLYDEBUG rally_openstack.cleanup.manager [-] Deleting neutron.port object s_rally_bb3bc4ed_KYTcWz4o (01fda5f5-b992-4d11-aa18-4d5ee7a1a7c1)
2019-08-18 09:08:35.231 21663 RALLYDEBUG rally_openstack.cleanup.manager [-] Deleting neutron.port object s_rally_bb3bc4ed_BZYaWnrE (0450b1dd-fdc6-4f32-b8ef-84db0bfeb7a2)
2019-08-18 09:08:35.231 21663 RALLYDEBUG rally_openstack.cleanup.manager [-] Deleting neutron.port object s_rally_bb3bc4ed_rV0D8mji (0328e1af-749e-4d57-b0fa-24727b5cc77d)
2019-08-18 09:08:35.240 21663 RALLYDEBUG rally_openstack.cleanup.manager [-] Deleting neutron.port object s_rally_bb3bc4ed_zGUzjJgw (00894d8e-1858-4d87-b2dd-19f4fffe18b7)
2019-08-18 09:08:35.245 21663 RALLYDEBUG rally_openstack.cleanup.manager [-] Deleting neutron.port object s_rally_bb3bc4ed_BUHl7BHZ (053e114a-2e03-4b06-8321-fb36e027ea4a)
2019-08-18 09:08:35.247 21663 RALLYDEBUG rally_openstack.cleanup.manager [-] Deleting neutron.port object s_rally_bb3bc4ed_d4Gdy8yy (04619343-f8bb-4af7-9109-4bcbc7ca1b80)
2019-08-18 09:08:35.243 21663 RALLYDEBUG rally_openstack.cleanup.manager [-] Deleting neutron.port object s_rally_bb3bc4ed_tuPvqoTF (00065034-6c64-4e2c-9f26-6e37697e8ac5)
2019-08-18 09:08:35.255 21663 RALLYDEBUG rally_openstack.cleanup.manager [-] Deleting neutron.port object s_rally_bb3bc4ed_k8qc4xWh (01f9c6f3-6dd8-4d47-8b0a-eef16579134c)
2019-08-18 09:08:35.302 21663 RALLYDEBUG rally_openstack.cleanup.manager [-] Deleting neutron.port object s_rally_bb3bc4ed_7y0MwAaj (04c7b964-068c-4114-92fa-902fb6069b96)
2019-08-18 09:08:35.307 21663 RALLYDEBUG rally_openstack.cleanup.manager [-] Deleting neutron.port object s_rally_bb3bc4ed_JO9QJ4i4 (057abe43-3a4d-4bd0-ade9-44907b7f0420)
2019-08-18 09:08:35.298 21663 RALLYDEBUG rally_openstack.cleanup.manager [-] Deleting neutron.port object s_rally_bb3bc4ed_z4F5ZEvF (0587ff57-4be4-41a0-8346-efbfe673b18a)
2019-08-18 09:08:35.314 21663 RALLYDEBUG rally_openstack.cleanup.manager [-] Deleting neutron.port object s_rally_bb3bc4ed_UWeyZRly (0479181f-7780-491d-b0b3-ce1a618a45f6)
2019-08-18 09:08:35.313 21663 RALLYDEBUG rally_openstack.cleanup.manager [-] Deleting neutron.port object s_rally_bb3bc4ed_q8Lg5rhT (014d4010-c962-4572-9517-e8be3392c11f)
2019-08-18 09:08:35.335 21663 RALLYDEBUG rally_openstack.cleanup.manager [-] Deleting neutron.port object s_rally_bb3bc4ed_qfWVmTBT (07921bf4-b273-40c9-8347-a91748b799a0)
2019-08-18 09:08:35.348 21663 RALLYDEBUG rally_openstack.cleanup.manager [-] Deleting neutron.port object s_rally_bb3bc4ed_y3aqcWGd (078bb2a3-d36d-482c-b281-206d34fc9c22)
2019-08-18 09:08:35.359 21663 RALLYDEBUG rally_openstack.cleanup.manager [-] Deleting neutron.port object s_rally_bb3bc4ed_vZHTtSjt (07aa69b7-296e-42d2-8210-24a6d6cedbf0)
2019-08-18 09:08:35.362 21663 RALLYDEBUG rally_openstack.cleanup.manager [-] Deleting neutron.port object s_rally_bb3bc4ed_QaC5u9uc (068d3964-64f6-4d6e-8370-2b756794b800)
2019-08-18 09:08:35.364 21663 RALLYDEBUG rally_openstack.cleanup.manager [-] Deleting neutron.port object s_rally_bb3bc4ed_Cq9dVlKv (0337ca3d-a57f-42d6-ae4f-0f76b08e81f9)
2019-08-18 09:08:37.441 21663 RALLYDEBUG rally_openstack.cleanup.manager [-] Deleting neutron.port object s_rally_bb3bc4ed_WIliG2J8 (07b01391-e56d-45e1-923e-ed67faafff4a)
2019-08-18 09:08:37.921 21663 RALLYDEBUG rally_openstack.cleanup.manager [-] Deleting neutron.port object s_rally_bb3bc4ed_5Ohsj8Hi (0826f19c-99d5-4f3b-98b2-b2ae7dbca22e)
2019-08-18 09:08:38.050 21663 RALLYDEBUG rally_openstack.cleanup.manager [-] Deleting neutron.port object s_rally_bb3bc4ed_33wxDqll (087470c0-37b6-4f65-a4aa-405d1d086735)
2019-08-18 09:08:38.157 21663 RALLYDEBUG rally_openstack.cleanup.manager [-] Deleting neutron.port object s_rally_bb3bc4ed_zUTaas28 (0a6bec29-1e52-4ec0-8f85-9ccad15fc213)
2019-08-18 09:08:38.242 21663 RALLYDEBUG rally_openstack.cleanup.manager [-] Deleting neutron.port object s_rally_bb3bc4ed_6HinHF65 (0abbde77-794a-4351-805e-30ce17a6bc2b)
2019-08-18 09:08:38.280 21663 RALLYDEBUG rally_openstack.cleanup.manager [-] Deleting neutron.port object s_rally_bb3bc4ed_48wgLMrn (0b8194e2-9afd-4a9d-890e-7e5d36be3dd3)
2019-08-18 09:08:38.281 21663 RALLYDEBUG rally_openstack.cleanup.manager [-] Deleting neutron.port object s_rally_bb3bc4ed_K38NegXH (0bbd2614-8cdd-4698-a9c1-e6dbb9ec0bc3)
2019-08-18 09:08:38.306 21663 RALLYDEBUG rally_openstack.cleanup.manager [-] Deleting neutron.port object s_rally_bb3bc4ed_zTTHnvXk (0c0200fd-0912-462c-bf8d-96c92fe2d75c)
2019-08-18 09:08:38.360 21663 RALLYDEBUG rally_openstack.cleanup.manager [-] Deleting neutron.port object s_rally_bb3bc4ed_0dlshtBg (0c58141c-06eb-40cc-8a2c-bb3e6d5370c9)
2019-08-18 09:08:38.363 21663 RALLYDEBUG rally_openstack.cleanup.manager [-] Deleting neutron.port object s_rally_bb3bc4ed_ARmRF9vH (0cb35d21-e2a4-4952-b9ab-71cc4c4c6c10)
2019-08-18 09:08:38.404 21663 RALLYDEBUG rally_openstack.cleanup.manager [-] Deleting neutron.port object s_rally_bb3bc4ed_X6k2gsJy (0dde3d55-c00d-47b9-95f9-0bb0e821a33b)
2019-08-18 09:08:38.424 21663 RALLYDEBUG rally_openstack.cleanup.manager [-] Deleting neutron.port object s_rally_bb3bc4ed_XsS2TdZE (0e076f7a-0edb-4c76-913b-3140d83d4763)
2019-08-18 09:08:38.432 21663 RALLYDEBUG rally_openstack.cleanup.manager [-] Deleting neutron.port object s_rally_bb3bc4ed_C19oRZBo (0e593086-a0f8-4b22-a8bd-bea67ab30fe1)
2019-08-18 09:08:38.440 21663 RALLYDEBUG rally_openstack.cleanup.manager [-] Deleting neutron.port object s_rally_bb3bc4ed_M2Q0pQ4x (0f7914be-9b8b-424b-b482-76463bfee358)
2019-08-18 09:08:38.507 21663 RALLYDEBUG rally_openstack.cleanup.manager [-] Deleting neutron.port object s_rally_bb3bc4ed_SnCaim6y (0f9916b6-7a76-4b4b-8a27-1ef959379e8f)
2019-08-18 09:08:38.706 21663 RALLYDEBUG rally_openstack.cleanup.manager [-] Deleting neutron.port object s_rally_bb3bc4ed_4MAIYE8a (0fdd9b52-a9e5-4bf1-aa7e-8fc4f8cf4129)
2019-08-18 09:08:38.707 21663 RALLYDEBUG rally_openstack.cleanup.manager [-] Deleting neutron.port object s_rally_bb3bc4ed_DZJ33oJY (119ebf85-67e5-461d-9ee1-cb68b74c5b3c)
2019-08-18 09:08:38.796 21663 RALLYDEBUG rally_openstack.cleanup.manager [-] Deleting neutron.port object s_rally_bb3bc4ed_p1T566Je (121b010a-982c-4141-9006-a54d9bd56d19)
2019-08-18 09:08:38.808 21663 RALLYDEBUG rally_openstack.cleanup.manager [-] Deleting neutron.port object s_rally_bb3bc4ed_5flkEyOF (124f01d4-e07f-418b-bc1e-18517b804122)
2019-08-18 09:08:38.814 21663 RALLYDEBUG rally_openstack.cleanup.manager [-] Deleting neutron.port object s_rally_bb3bc4ed_lBqtAPKw (132e3cbc-d081-4e5d-9fe8-b51da87cc0a1)
2019-08-18 09:08:39.352 21663 RALLYDEBUG rally_openstack.cleanup.manager [-] Deleting neutron.port object s_rally_bb3bc4ed_pBiAWWuP (1334ce5f-ef6d-4a58-868f-0ade6fe7cf8a)
2019-08-18 09:08:39.891 21663 RALLYDEBUG rally_openstack.cleanup.manager [-] Deleting neutron.port object s_rally_bb3bc4ed_FEFAotCq (1382cc18-539d-4c4a-9c79-d861142cf691)
2019-08-18 09:08:39.977 21663 RALLYDEBUG rally_openstack.cleanup.manager [-] Deleting neutron.port object s_rally_bb3bc4ed_aVt2NU4M (13f33533-4fe6-41de-9e1e-0086156e2d0b)
2019-08-18 09:08:40.263 21663 RALLYDEBUG rally_openstack.cleanup.manager [-] Deleting neutron.port object s_rally_bb3bc4ed_iDMpH0Yh (14011223-fdd5-479f-9406-fd23d7e65576)
2019-08-18 09:08:40.504 21663 RALLYDEBUG rally_openstack.cleanup.manager [-] Deleting neutron.port object s_rally_bb3bc4ed_McZGEd2q (151f5ab9-563b-4e68-a3ff-afed9a4a4e36)
2019-08-18 09:08:40.608 21663 RALLYDEBUG rally_openstack.cleanup.manager [-] Deleting neutron.port object s_rally_bb3bc4ed_VtSZ2QZv (1722efd9-55ec-4486-b8f1-50989d9c8d5d)
2019-08-18 09:08:40.633 21663 RALLYDEBUG rally_openstack.cleanup.manager [-] Deleting neutron.port object s_rally_bb3bc4ed_9tSkCNQ7 (17286612-693f-40ff-9bbc-3028dae65a9a)
2019-08-18 09:08:40.668 21663 RALLYDEBUG rally_openstack.cleanup.manager [-] Deleting neutron.port object s_rally_bb3bc4ed_IhM9jVcL (17755d9a-b24e-496c-9472-ac8f5963d58d)
2019-08-18 09:08:40.847 21663 RALLYDEBUG rally_openstack.cleanup.manager [-] Deleting neutron.port object s_rally_bb3bc4ed_WYzolW80 (179618c2-4a1c-429f-b778-54e570bd5fe7)
2019-08-18 09:08:40.858 21663 RALLYDEBUG rally_openstack.cleanup.manager [-] Deleting neutron.port object s_rally_bb3bc4ed_8r7sKbPO (179f0d1a-ac00-4a34-82ca-e4ad72781e0d)
2019-08-18 09:08:41.197 21663 RALLYDEBUG rally_openstack.cleanup.manager [-] Deleting neutron.port object s_rally_bb3bc4ed_HcqnbwW3 (17ae3dc0-045c-4164-aa36-189a1bc686b5)
2019-08-18 09:08:41.222 21663 RALLYDEBUG rally_openstack.cleanup.manager [-] Deleting neutron.port object s_rally_bb3bc4ed_T0jye7da (17de26c1-0146-4649-8f67-f1198be1f293)
2019-08-18 09:08:41.343 21663 RALLYDEBUG rally_openstack.cleanup.manager [-] Deleting neutron.port object s_rally_bb3bc4ed_F91bqceG (1806f0d2-0996-4d2b-8183-2e8ba7916163)
2019-08-18 09:08:41.408 21663 RALLYDEBUG rally_openstack.cleanup.manager [-] Deleting neutron.port object s_rally_bb3bc4ed_dHYMXHvy (18243153-2566-4e97-bf53-f72146729fe2)
2019-08-18 09:08:41.474 21663 RALLYDEBUG rally_openstack.cleanup.manager [-] Deleting neutron.port object s_rally_bb3bc4ed_pjevhKyg (182818d5-fde8-4546-b0ce-8bab727f3e9d)
2019-08-18 09:08:41.479 21663 RALLYDEBUG rally_openstack.cleanup.manager [-] Deleting neutron.port object s_rally_bb3bc4ed_b9HFLykz (1833a586-108f-4441-ad62-4916fed170ee)
2019-08-18 09:08:41.482 21663 RALLYDEBUG rally_openstack.cleanup.manager [-] Deleting neutron.port object s_rally_bb3bc4ed_uy0xdSon (190c7f85-ecc3-4927-9295-4798a44f681d)
2019-08-18 09:08:41.618 21663 RALLYDEBUG rally_openstack.cleanup.manager [-] Deleting neutron.port object s_rally_bb3bc4ed_9AUYtIWW (19492231-e9f4-492d-957c-17c20df9c4a5)
2019-08-18 09:08:41.699 21663 RALLYDEBUG rally_openstack.cleanup.manager [-] Deleting neutron.port object s_rally_bb3bc4ed_YMmCm0gk (19824189-bb4e-485f-b41d-42c42ecd5690)
2019-08-18 09:08:42.007 21663 RALLYDEBUG rally_openstack.cleanup.manager [-] Deleting neutron.port object s_rally_bb3bc4ed_5IB3YnHo (19e61da5-38ae-43d8-bbed-9283b32234af)
2019-08-18 09:08:42.027 21663 RALLYDEBUG rally_openstack.cleanup.manager [-] Deleting neutron.port object s_rally_bb3bc4ed_0XWCbAPl (1afe7519-5d0b-4131-a2c1-9f21738f015e)
2019-08-18 09:08:42.155 21663 RALLYDEBUG rally_openstack.cleanup.manager [-] Deleting neutron.port object s_rally_bb3bc4ed_O1WovOOS (1bf98a70-779c-4624-9115-9afbcd1a79d8)
2019-08-18 09:08:42.246 21663 RALLYDEBUG rally_openstack.cleanup.manager [-] Deleting neutron.port object s_rally_bb3bc4ed_Xjg2ZmgF (1c4332d6-7d6f-4586-b6ce-1460290c7a9d)
2019-08-18 09:08:42.728 21663 RALLYDEBUG rally_openstack.cleanup.manager [-] Deleting neutron.port object s_rally_bb3bc4ed_wwkDS824 (1d528f14-0fd4-436e-b6e3-1c9b5c8af7bd)
2019-08-18 09:08:42.764 21663 RALLYDEBUG rally_openstack.cleanup.manager [-] Deleting neutron.port object s_rally_bb3bc4ed_w215Ule3 (1ddda88f-e8b1-4992-8dab-b90d66382f3b)
2019-08-18 09:08:42.781 21663 RALLYDEBUG rally_openstack.cleanup.manager [-] Deleting neutron.port object s_rally_bb3bc4ed_osNgh3Yj (1e2c0d10-bb1d-41c7-9cc4-f17045e5672d)
2019-08-18 09:08:42.803 21663 RALLYDEBUG rally_openstack.cleanup.manager [-] Deleting neutron.port object s_rally_bb3bc4ed_gXva1JCm (1e5910aa-aad9-4943-a578-23923567d861)
2019-08-18 09:08:42.881 21663 RALLYDEBUG rally_openstack.cleanup.manager [-] Deleting neutron.port object s_rally_bb3bc4ed_YsgGfn2o (1f2f9d06-6bb0-4685-8b21-fba383ef99c3)
2019-08-18 09:08:42.893 21663 RALLYDEBUG rally_openstack.cleanup.manager [-] Deleting neutron.port object s_rally_bb3bc4ed_3PJ1HI6r (1f323313-3570-4bf1-aa19-cd449d0c93d9)
2019-08-18 09:08:43.339 21663 RALLYDEBUG rally_openstack.cleanup.manager [-] Deleting neutron.port object s_rally_bb3bc4ed_H7G86Xm4 (1fbe70a6-ae6a-42f3-bee7-55ea0a01b7f6)
2019-08-18 09:08:43.536 21663 RALLYDEBUG rally_openstack.cleanup.manager [-] Deleting neutron.port object s_rally_bb3bc4ed_jyBBV2Jh (2059ae58-fd16-4f48-9bbc-68c91d94fbfd)
2019-08-18 09:08:43.639 21663 RALLYDEBUG rally_openstack.cleanup.manager [-] Deleting neutron.port object s_rally_bb3bc4ed_BnuzSFnk (2182f56b-0609-48d7-9841-26f139440786)
2019-08-18 09:08:43.656 21663 RALLYDEBUG rally_openstack.cleanup.manager [-] Deleting neutron.port object s_rally_bb3bc4ed_JXkGKd1F (220df6b4-bd76-4f63-a630-6c8a702ea947)
2019-08-18 09:08:43.930 21663 RALLYDEBUG rally_openstack.cleanup.manager [-] Deleting neutron.port object s_rally_bb3bc4ed_56v0LMii (231cc90e-860e-4b2d-acb4-903d718055ae)
2019-08-18 09:08:43.972 21663 RALLYDEBUG rally_openstack.cleanup.manager [-] Deleting neutron.port object s_rally_bb3bc4ed_92C6xe4r (236a8626-9775-4032-9890-030fcdfe99c4)
2019-08-18 09:08:44.099 21663 RALLYDEBUG rally_openstack.cleanup.manager [-] Deleting neutron.port object s_rally_bb3bc4ed_Bym5qJhG (238c98cb-d475-448f-b919-580348474480)
2019-08-18 09:08:44.173 21663 RALLYDEBUG rally_openstack.cleanup.manager [-] Deleting neutron.port object s_rally_bb3bc4ed_H1y2MvrP (23918103-68b3-4cd3-a899-4219a7885aa7)
2019-08-18 09:08:44.189 21663 RALLYDEBUG rally_openstack.cleanup.manager [-] Deleting neutron.port object s_rally_bb3bc4ed_gUCPK2M8 (23b6137b-053b-41c6-b7d4-b057f7b689fe)
2019-08-18 09:08:44.229 21663 RALLYDEBUG rally_openstack.cleanup.manager [-] Deleting neutron.port object s_rally_bb3bc4ed_jIDamLH8 (2400820b-b208-4a34-a8c1-3315ae15bbb3)
2019-08-18 09:08:44.238 21663 RALLYDEBUG rally_openstack.cleanup.manager [-] Deleting neutron.port object s_rally_bb3bc4ed_mRJ7yELv (245076ea-ea2d-41e3-944e-affdf1c734bc)
2019-08-18 09:08:44.305 21663 RALLYDEBUG rally_openstack.cleanup.manager [-] Deleting neutron.port object s_rally_bb3bc4ed_HRStKlE8 (24e0f15a-52a0-4f8c-8124-85b2fb55d674)
2019-08-18 09:08:44.492 21663 RALLYDEBUG rally_openstack.cleanup.manager [-] Deleting neutron.port object s_rally_bb3bc4ed_oawSw9sp (25e2e7b1-70f9-4fdf-a826-dbb6b3e4b452)
2019-08-18 09:08:44.835 21663 RALLYDEBUG rally_openstack.cleanup.manager [-] Deleting neutron.port object s_rally_bb3bc4ed_eoQqFod9 (25e4a34d-2d09-40e9-a8c4-b0b2d40413b6)
2019-08-18 09:08:44.864 21663 RALLYDEBUG rally_openstack.cleanup.manager [-] Deleting neutron.port object s_rally_bb3bc4ed_5zWYfGyI (26e4f9b9-ab8d-4450-8a61-8696ea73ceef)
2019-08-18 09:08:44.897 21663 RALLYDEBUG rally_openstack.cleanup.manager [-] Deleting neutron.port object s_rally_bb3bc4ed_jD7dmXFX (277a1e05-8fc1-445b-a859-e934005a03df)
2019-08-18 09:08:44.898 21663 RALLYDEBUG rally_openstack.cleanup.manager [-] Deleting neutron.port object s_rally_bb3bc4ed_OtEW5JZK (27bda7d9-0dea-496e-8f4a-7065be0318af)
2019-08-18 09:08:44.911 21663 RALLYDEBUG rally_openstack.cleanup.manager [-] Deleting neutron.port object s_rally_bb3bc4ed_tlsGg9n3 (27f1cfae-969a-473e-bb98-fe3a879cbc38)
2019-08-18 09:08:44.979 21663 RALLYDEBUG rally_openstack.cleanup.manager [-] Deleting neutron.port object s_rally_bb3bc4ed_1aQ9iNTU (297a2ea9-dbca-4e26-905f-55be80d4cc07)
2019-08-18 09:08:45.064 21663 RALLYDEBUG rally_openstack.cleanup.manager [-] Deleting neutron.port object s_rally_bb3bc4ed_OjNByBPU (29e551da-5aa6-4843-84cf-4d2c6cf96288)
2019-08-18 09:08:45.380 21663 RALLYDEBUG rally_openstack.cleanup.manager [-] Deleting neutron.port object s_rally_bb3bc4ed_uyFggJVd (2aef8911-68d6-4382-b9c1-0381b5cac80a)
2019-08-18 09:08:45.534 21663 RALLYDEBUG rally_openstack.cleanup.manager [-] Deleting neutron.port object s_rally_bb3bc4ed_NghvaldX (2b123a7d-baad-43c7-bf35-1d1c4f6a63c8)
2019-08-18 09:08:45.553 21663 RALLYDEBUG rally_openstack.cleanup.manager [-] Deleting neutron.port object s_rally_bb3bc4ed_RMRcmYF6 (2c01c49f-1aeb-4fb1-b4fc-24a2d623b5b3)
2019-08-18 09:08:45.978 21663 RALLYDEBUG rally_openstack.cleanup.manager [-] Deleting neutron.port object s_rally_bb3bc4ed_tiMj2x6T (2d2bd589-703d-48ba-8002-b5e2bd138800)
2019-08-18 09:08:46.024 21663 RALLYDEBUG rally_openstack.cleanup.manager [-] Deleting neutron.port object s_rally_bb3bc4ed_iXo0RoU4 (2e3287ec-0a7e-4678-b05d-32b4176e3382)
2019-08-18 09:08:46.087 21663 RALLYDEBUG rally_openstack.cleanup.manager [-] Deleting neutron.port object s_rally_bb3bc4ed_AubJxi9x (2e37e780-6f6d-45ef-b621-1dff15621160)
2019-08-18 09:08:46.244 21663 RALLYDEBUG rally_openstack.cleanup.manager [-] Deleting neutron.port object s_rally_bb3bc4ed_wgaSnX6B (3120bbcb-c209-47f1-8d40-8fe3f483c82c)
2019-08-18 09:08:46.277 21663 RALLYDEBUG rally_openstack.cleanup.manager [-] Deleting neutron.port object s_rally_bb3bc4ed_7Gmp02sJ (31c2d951-9c52-4c4b-84c2-fc0e0362bcae)
2019-08-18 09:08:46.357 21663 RALLYDEBUG rally_openstack.cleanup.manager [-] Deleting neutron.port object s_rally_bb3bc4ed_5cwJeQb8 (322bb0c0-e218-4b7e-ac58-e73c337d68e4)
