2019-08-18 07:19:21.375 8 RALLYDEBUG rally.api [-] INFO logs from urllib3 and requests module are hide.
2019-08-18 07:19:21.375 8 RALLYDEBUG rally.api [-] urllib3 insecure warnings are hidden.
2019-08-18 07:19:21.375 8 RALLYDEBUG rally.api [-] ERROR log from boto module is hide.
2019-08-18 07:19:23.131 8 ERROR rally.cli.cliutils [-] Unexpected exception in CLI: DBRecordNotFound: Record for uuid or name is opnfv-rally not found in table envs
2019-08-18 07:19:23.131 8 ERROR rally.cli.cliutils
Traceback (most recent call last):
2019-08-18 07:19:23.131 8 ERROR rally.cli.cliutils
File "/usr/lib/python2.7/site-packages/rally/cli/cliutils.py", line 674, in run
2019-08-18 07:19:23.131 8 ERROR rally.cli.cliutils ret = fn(*fn_args, **fn_kwargs)
2019-08-18 07:19:23.131 8 ERROR rally.cli.cliutils File "", line 2, in destroy
2019-08-18 07:19:23.131 8 ERROR rally.cli.cliutils
File "/usr/lib/python2.7/site-packages/rally/cli/envutils.py", line 69, in default_from_global
2019-08-18 07:19:23.131 8 ERROR rally.cli.cliutils return f(*args, **kwargs)
2019-08-18 07:19:23.131 8 ERROR rally.cli.cliutils File "", line 2, in destroy
2019-08-18 07:19:23.131 8 ERROR rally.cli.cliutils
File "/usr/lib/python2.7/site-packages/rally/plugins/__init__.py", line 51, in ensure_plugins_are_loaded
2019-08-18 07:19:23.131 8 ERROR rally.cli.cliutils return f(*args, **kwargs)
2019-08-18 07:19:23.131 8 ERROR rally.cli.cliutils
File "/usr/lib/python2.7/site-packages/rally/cli/commands/deployment.py", line 140, in destroy
2019-08-18 07:19:23.131 8 ERROR rally.cli.cliutils api.deployment.destroy(deployment=deployment)
2019-08-18 07:19:23.131 8 ERROR rally.cli.cliutils
File "/usr/lib/python2.7/site-packages/rally/api.py", line 115, in destroy
2019-08-18 07:19:23.131 8 ERROR rally.cli.cliutils deploy = objects.Deployment.get(deployment)
2019-08-18 07:19:23.131 8 ERROR rally.cli.cliutils
File "/usr/lib/python2.7/site-packages/rally/common/objects/deploy.py", line 124, in get
2019-08-18 07:19:23.131 8 ERROR rally.cli.cliutils return Deployment(env_mgr.EnvManager.get(deploy))
2019-08-18 07:19:23.131 8 ERROR rally.cli.cliutils
File "/usr/lib/python2.7/site-packages/rally/env/env_mgr.py", line 212, in get
2019-08-18 07:19:23.131 8 ERROR rally.cli.cliutils return cls(db.env_get(uuid_or_name))
2019-08-18 07:19:23.131 8 ERROR rally.cli.cliutils
File "/usr/lib/python2.7/site-packages/rally/common/db/api.py", line 135, in wrapper
2019-08-18 07:19:23.131 8 ERROR rally.cli.cliutils result = f(session, *args, **kwargs)
2019-08-18 07:19:23.131 8 ERROR rally.cli.cliutils
File "/usr/lib/python2.7/site-packages/rally/common/db/api.py", line 521, in env_get
2019-08-18 07:19:23.131 8 ERROR rally.cli.cliutils criteria="uuid or name is %s" % uuid_or_name, table="envs")
2019-08-18 07:19:23.131 8 ERROR rally.cli.cliutils DBRecordNotFound: Record for uuid or name is opnfv-rally not found in table envs
2019-08-18 07:19:23.131 8 ERROR rally.cli.cliutils
2019-08-18 07:19:24.023 10 RALLYDEBUG rally.api [-] INFO logs from urllib3 and requests module are hide.
2019-08-18 07:19:24.023 10 RALLYDEBUG rally.api [-] urllib3 insecure warnings are hidden.
2019-08-18 07:19:24.023 10 RALLYDEBUG rally.api [-] ERROR log from boto module is hide.
2019-08-18 07:19:25.698 10 WARNING rally_openstack.platforms.existing [-] endpoint is deprecated and not used.
2019-08-18 07:19:26.797 12 RALLYDEBUG rally.api [-] INFO logs from urllib3 and requests module are hide.
2019-08-18 07:19:26.797 12 RALLYDEBUG rally.api [-] urllib3 insecure warnings are hidden.
2019-08-18 07:19:26.797 12 RALLYDEBUG rally.api [-] ERROR log from boto module is hide.
2019-08-18 07:19:30.097 15 RALLYDEBUG rally.api [-] INFO logs from urllib3 and requests module are hide.
2019-08-18 07:19:30.097 15 RALLYDEBUG rally.api [-] urllib3 insecure warnings are hidden.
2019-08-18 07:19:30.097 15 RALLYDEBUG rally.api [-] ERROR log from boto module is hide.
2019-08-18 07:19:31.281 17 RALLYDEBUG rally.api [-] INFO logs from urllib3 and requests module are hide.
2019-08-18 07:19:31.281 17 RALLYDEBUG rally.api [-] urllib3 insecure warnings are hidden.
2019-08-18 07:19:31.281 17 RALLYDEBUG rally.api [-] ERROR log from boto module is hide.
2019-08-18 07:19:32.823 17 INFO rally.task.engine [-] Task df0b928f-cdd2-4e5b-8907-7ecdf7a2d0e1 | Starting: Task validation.
2019-08-18 07:19:32.874 17 INFO rally.task.engine [-] Task df0b928f-cdd2-4e5b-8907-7ecdf7a2d0e1 | Starting: Task validation of syntax.
2019-08-18 07:19:32.966 17 INFO rally.task.engine [-] Task df0b928f-cdd2-4e5b-8907-7ecdf7a2d0e1 | Completed: Task validation of syntax.
2019-08-18 07:19:32.966 17 INFO rally.task.engine [-] Task df0b928f-cdd2-4e5b-8907-7ecdf7a2d0e1 | Starting: Task validation of required platforms.
2019-08-18 07:19:33.008 17 INFO rally.task.engine [-] Task df0b928f-cdd2-4e5b-8907-7ecdf7a2d0e1 | Completed: Task validation of required platforms.
2019-08-18 07:19:33.008 17 INFO rally.task.engine [-] Task df0b928f-cdd2-4e5b-8907-7ecdf7a2d0e1 | Starting: Task validation of semantic.
2019-08-18 07:19:33.008 17 INFO rally.task.engine [-] Check health of the environment '74d30540-d575-444d-bad7-fb23283cc184'.
2019-08-18 07:19:33.587 17 INFO rally.task.engine [-] Platform existing@openstack (available: True): OK!
2019-08-18 07:19:33.603 17 RALLYDEBUG rally_openstack.contexts.keystone.users [-] Creating 1 tenants using 20 threads
2019-08-18 07:19:34.698 17 RALLYDEBUG rally_openstack.contexts.keystone.users [-] Creating 1 users using 20 threads
2019-08-18 07:19:36.123 17 INFO rally.task.context [-] Task df0b928f-cdd2-4e5b-8907-7ecdf7a2d0e1 | Context users@openstack setup() finished in 2.52 sec
2019-08-18 07:19:36.181 17 INFO rally.task.context [-] Task df0b928f-cdd2-4e5b-8907-7ecdf7a2d0e1 | Context users@openstack cleanup() started
2019-08-18 07:19:39.526 17 INFO rally.task.context [-] Task df0b928f-cdd2-4e5b-8907-7ecdf7a2d0e1 | Context users@openstack cleanup() finished in 3.35 sec
2019-08-18 07:19:39.527 17 INFO rally.task.engine [-] Task df0b928f-cdd2-4e5b-8907-7ecdf7a2d0e1 | Completed: Task validation of semantic.
2019-08-18 07:19:39.527 17 INFO rally.task.engine [-] Task df0b928f-cdd2-4e5b-8907-7ecdf7a2d0e1 | Completed: Task validation.
2019-08-18 07:19:39.528 17 INFO rally.api [-] Task df0b928f-cdd2-4e5b-8907-7ecdf7a2d0e1 input file is valid.
2019-08-18 07:19:39.528 17 INFO rally.api [-] Run Task df0b928f-cdd2-4e5b-8907-7ecdf7a2d0e1 against Deployment 74d30540-d575-444d-bad7-fb23283cc184
2019-08-18 07:19:39.528 17 INFO rally.task.engine [-] Task df0b928f-cdd2-4e5b-8907-7ecdf7a2d0e1 | Starting: Running task.
2019-08-18 07:19:39.762 17 INFO rally.task.engine [-] Running workload: position = 0 config = { "version": 2, "title": "A cropped version of a bigger task.", "description": "Auto-generated task from a single workload (uuid=8d41a4c0-29ce-4c34-80ee-a6d4fad64cdc)", "subtasks": [ { "title": "Authenticate.keystone", "description": "Check Keystone Client.", "scenario": { "Authenticate.keystone": {} }, "contexts": { "users": { "tenants": 3, "users_per_tenant": 2 } }, "runner": { "constant": { "concurrency": 4, "times": 10 } }, "hooks": [], "sla": { "failure_rate": { "max": 0 } } } ] }
2019-08-18 07:19:39.785 17 RALLYDEBUG rally_openstack.contexts.keystone.users [-] Creating 3 tenants using 20 threads
2019-08-18 07:19:40.830 17 RALLYDEBUG rally_openstack.contexts.keystone.users [-] Creating 6 users using 20 threads
2019-08-18 07:19:42.454 17 INFO rally.task.context [-] Task df0b928f-cdd2-4e5b-8907-7ecdf7a2d0e1 | Context users@openstack setup() finished in 2.67 sec
2019-08-18 07:19:42.463 17 RALLYDEBUG rally.task.runner [-] Starting the constant runner (task UUID: df0b928f-cdd2-4e5b-8907-7ecdf7a2d0e1). timeout: 0 concurrency: 4 concurrency_per_worker: 1 times: 10 concurrency_overhead: 0 processes_to_start: 4 max_cpu_used: 16
2019-08-18 07:19:42.542 141 RALLYDEBUG rally.task.runner [-] Starting a worker. concurrency: 1 args: {} times: 10 method_name: run timeout: 0 duration: None cls:
2019-08-18 07:19:42.544 142 RALLYDEBUG rally.task.runner [-] Starting a worker. concurrency: 1 args: {} times: 10 method_name: run timeout: 0 duration: None cls:
2019-08-18 07:19:42.549 141 INFO rally.task.runner [-] Task df0b928f-cdd2-4e5b-8907-7ecdf7a2d0e1 | ITER: 1 START
2019-08-18 07:19:42.549 143 RALLYDEBUG rally.task.runner [-] Starting a worker. concurrency: 1 args: {} times: 10 method_name: run timeout: 0 duration: None cls:
2019-08-18 07:19:42.550 142 INFO rally.task.runner [-] Task df0b928f-cdd2-4e5b-8907-7ecdf7a2d0e1 | ITER: 2 START
2019-08-18 07:19:42.553 144 RALLYDEBUG rally.task.runner [-] Starting a worker. concurrency: 1 args: {} times: 10 method_name: run timeout: 0 duration: None cls:
2019-08-18 07:19:42.556 143 INFO rally.task.runner [-] Task df0b928f-cdd2-4e5b-8907-7ecdf7a2d0e1 | ITER: 3 START
2019-08-18 07:19:42.560 144 INFO rally.task.runner [-] Task df0b928f-cdd2-4e5b-8907-7ecdf7a2d0e1 | ITER: 4 START
2019-08-18 07:19:42.995 143 INFO rally.task.runner [-] Task df0b928f-cdd2-4e5b-8907-7ecdf7a2d0e1 | ITER: 3 END: OK
2019-08-18 07:19:43.000 143 INFO rally.task.runner [-] Task df0b928f-cdd2-4e5b-8907-7ecdf7a2d0e1 | ITER: 5 START
2019-08-18 07:19:43.003 144 INFO rally.task.runner [-] Task df0b928f-cdd2-4e5b-8907-7ecdf7a2d0e1 | ITER: 4 END: OK
2019-08-18 07:19:43.006 141 INFO rally.task.runner [-] Task df0b928f-cdd2-4e5b-8907-7ecdf7a2d0e1 | ITER: 1 END: OK
2019-08-18 07:19:43.007 144 INFO rally.task.runner [-] Task df0b928f-cdd2-4e5b-8907-7ecdf7a2d0e1 | ITER: 6 START
2019-08-18 07:19:43.010 141 INFO rally.task.runner [-] Task df0b928f-cdd2-4e5b-8907-7ecdf7a2d0e1 | ITER: 7 START
2019-08-18 07:19:43.038 142 INFO rally.task.runner [-] Task df0b928f-cdd2-4e5b-8907-7ecdf7a2d0e1 | ITER: 2 END: OK
2019-08-18 07:19:43.042 142 INFO rally.task.runner [-] Task df0b928f-cdd2-4e5b-8907-7ecdf7a2d0e1 | ITER: 8 START
2019-08-18 07:19:43.339 144 INFO rally.task.runner [-] Task df0b928f-cdd2-4e5b-8907-7ecdf7a2d0e1 | ITER: 6 END: OK
2019-08-18 07:19:43.343 144 INFO rally.task.runner [-] Task df0b928f-cdd2-4e5b-8907-7ecdf7a2d0e1 | ITER: 9 START
2019-08-18 07:19:43.349 141 INFO rally.task.runner [-] Task df0b928f-cdd2-4e5b-8907-7ecdf7a2d0e1 | ITER: 7 END: OK
2019-08-18 07:19:43.353 141 INFO rally.task.runner [-] Task df0b928f-cdd2-4e5b-8907-7ecdf7a2d0e1 | ITER: 10 START
2019-08-18 07:19:43.435 143 INFO rally.task.runner [-] Task df0b928f-cdd2-4e5b-8907-7ecdf7a2d0e1 | ITER: 5 END: OK
2019-08-18 07:19:43.469 142 INFO rally.task.runner [-] Task df0b928f-cdd2-4e5b-8907-7ecdf7a2d0e1 | ITER: 8 END: OK
2019-08-18 07:19:43.676 144 INFO rally.task.runner [-] Task df0b928f-cdd2-4e5b-8907-7ecdf7a2d0e1 | ITER: 9 END: OK
2019-08-18 07:19:43.696 141 INFO rally.task.runner [-] Task df0b928f-cdd2-4e5b-8907-7ecdf7a2d0e1 | ITER: 10 END: OK
2019-08-18 07:19:43.717 17 INFO rally.task.context [-] Task df0b928f-cdd2-4e5b-8907-7ecdf7a2d0e1 | Context users@openstack cleanup() started
2019-08-18 07:19:48.875 17 INFO rally.task.context [-] Task df0b928f-cdd2-4e5b-8907-7ecdf7a2d0e1 | Context users@openstack cleanup() finished in 5.16 sec
2019-08-18 07:19:49.874 17 INFO rally.task.engine [-] Load duration is: 1.145242
2019-08-18 07:19:49.874 17 INFO rally.task.engine [-] Full runner duration is: 1.254392
2019-08-18 07:19:49.874 17 INFO rally.task.engine [-] Full duration is: 9.09335
2019-08-18 07:19:50.176 17 INFO rally.task.engine [-] Running workload: position = 0 config = { "version": 2, "title": "A cropped version of a bigger task.", "description": "Auto-generated task from a single workload (uuid=1436c6ad-4da4-43fb-9639-3ecf1034f6f6)", "subtasks": [ { "title": "Authenticate.validate_cinder", "description": "Check Cinder Client to ensure validation of token.", "scenario": { "Authenticate.validate_cinder": { "repetitions": 2 } }, "contexts": { "users": { "tenants": 3, "users_per_tenant": 2 } }, "runner": { "constant": { "concurrency": 4, "times": 10 } }, "hooks": [], "sla": { "failure_rate": { "max": 0 } } } ] }
2019-08-18 07:19:50.200 17 RALLYDEBUG rally_openstack.contexts.keystone.users [-] Creating 3 tenants using 20 threads
2019-08-18 07:19:51.279 17 RALLYDEBUG rally_openstack.contexts.keystone.users [-] Creating 6 users using 20 threads
2019-08-18 07:19:52.935 17 INFO rally.task.context [-] Task df0b928f-cdd2-4e5b-8907-7ecdf7a2d0e1 | Context users@openstack setup() finished in 2.73 sec
2019-08-18 07:19:52.944 17 RALLYDEBUG rally.task.runner [-] Starting the constant runner (task UUID: df0b928f-cdd2-4e5b-8907-7ecdf7a2d0e1). timeout: 0 concurrency: 4 concurrency_per_worker: 1 times: 10 concurrency_overhead: 0 processes_to_start: 4 max_cpu_used: 16
2019-08-18 07:19:52.957 245 RALLYDEBUG rally.task.runner [-] Starting a worker. concurrency: 1 args: {"repetitions": 2} times: 10 method_name: run timeout: 0 duration: None cls:
2019-08-18 07:19:52.961 246 RALLYDEBUG rally.task.runner [-] Starting a worker. concurrency: 1 args: {"repetitions": 2} times: 10 method_name: run timeout: 0 duration: None cls:
2019-08-18 07:19:52.965 245 INFO rally.task.runner [-] Task df0b928f-cdd2-4e5b-8907-7ecdf7a2d0e1 | ITER: 1 START
2019-08-18 07:19:52.964 247 RALLYDEBUG rally.task.runner [-] Starting a worker. concurrency: 1 args: {"repetitions": 2} times: 10 method_name: run timeout: 0 duration: None cls:
2019-08-18 07:19:52.967 248 RALLYDEBUG rally.task.runner [-] Starting a worker. concurrency: 1 args: {"repetitions": 2} times: 10 method_name: run timeout: 0 duration: None cls:
2019-08-18 07:19:52.969 246 INFO rally.task.runner [-] Task df0b928f-cdd2-4e5b-8907-7ecdf7a2d0e1 | ITER: 2 START
2019-08-18 07:19:52.971 247 INFO rally.task.runner [-] Task df0b928f-cdd2-4e5b-8907-7ecdf7a2d0e1 | ITER: 3 START
2019-08-18 07:19:52.974 248 INFO rally.task.runner [-] Task df0b928f-cdd2-4e5b-8907-7ecdf7a2d0e1 | ITER: 4 START
2019-08-18 07:19:53.653 246 INFO rally.task.runner [-] Task df0b928f-cdd2-4e5b-8907-7ecdf7a2d0e1 | ITER: 2 END: OK
2019-08-18 07:19:53.653 248 INFO rally.task.runner [-] Task df0b928f-cdd2-4e5b-8907-7ecdf7a2d0e1 | ITER: 4 END: OK
2019-08-18 07:19:53.658 248 INFO rally.task.runner [-] Task df0b928f-cdd2-4e5b-8907-7ecdf7a2d0e1 | ITER: 5 START
2019-08-18 07:19:53.658 246 INFO rally.task.runner [-] Task df0b928f-cdd2-4e5b-8907-7ecdf7a2d0e1 | ITER: 6 START
2019-08-18 07:19:53.908 247 INFO rally.task.runner [-] Task df0b928f-cdd2-4e5b-8907-7ecdf7a2d0e1 | ITER: 3 END: OK
2019-08-18 07:19:53.912 247 INFO rally.task.runner [-] Task df0b928f-cdd2-4e5b-8907-7ecdf7a2d0e1 | ITER: 7 START
2019-08-18 07:19:53.967 245 INFO rally.task.runner [-] Task df0b928f-cdd2-4e5b-8907-7ecdf7a2d0e1 | ITER: 1 END: OK
2019-08-18 07:19:53.972 245 INFO rally.task.runner [-] Task df0b928f-cdd2-4e5b-8907-7ecdf7a2d0e1 | ITER: 8 START
2019-08-18 07:19:54.068 248 INFO rally.task.runner [-] Task df0b928f-cdd2-4e5b-8907-7ecdf7a2d0e1 | ITER: 5 END: OK
2019-08-18 07:19:54.073 248 INFO rally.task.runner [-] Task df0b928f-cdd2-4e5b-8907-7ecdf7a2d0e1 | ITER: 9 START
2019-08-18 07:19:54.102 246 INFO rally.task.runner [-] Task df0b928f-cdd2-4e5b-8907-7ecdf7a2d0e1 | ITER: 6 END: OK
2019-08-18 07:19:54.106 246 INFO rally.task.runner [-] Task df0b928f-cdd2-4e5b-8907-7ecdf7a2d0e1 | ITER: 10 START
2019-08-18 07:19:54.490 248 INFO rally.task.runner [-] Task df0b928f-cdd2-4e5b-8907-7ecdf7a2d0e1 | ITER: 9 END: OK
2019-08-18 07:19:54.491 245 INFO rally.task.runner [-] Task df0b928f-cdd2-4e5b-8907-7ecdf7a2d0e1 | ITER: 8 END: OK
2019-08-18 07:19:54.520 246 INFO rally.task.runner [-] Task df0b928f-cdd2-4e5b-8907-7ecdf7a2d0e1 | ITER: 10 END: OK
2019-08-18 07:19:54.631 247 INFO rally.task.runner [-] Task df0b928f-cdd2-4e5b-8907-7ecdf7a2d0e1 | ITER: 7 END: OK
2019-08-18 07:19:54.652 17 INFO rally.task.context [-] Task df0b928f-cdd2-4e5b-8907-7ecdf7a2d0e1 | Context users@openstack cleanup() started
2019-08-18 07:19:59.511 17 INFO rally.task.context [-] Task df0b928f-cdd2-4e5b-8907-7ecdf7a2d0e1 | Context users@openstack cleanup() finished in 4.86 sec
2019-08-18 07:20:00.319 17 INFO rally.task.engine [-] Load duration is: 1.665124
2019-08-18 07:20:00.319 17 INFO rally.task.engine [-] Full runner duration is: 1.707933
2019-08-18 07:20:00.319 17 INFO rally.task.engine [-] Full duration is: 9.313562
2019-08-18 07:20:00.762 17 INFO rally.task.engine [-] Running workload: position = 0 config = { "version": 2, "title": "A cropped version of a bigger task.", "description": "Auto-generated task from a single workload (uuid=cf0980f6-45ed-4f12-82f2-37c2411964bc)", "subtasks": [ { "title": "Authenticate.validate_glance", "description": "Check Glance Client to ensure validation of token.", "scenario": { "Authenticate.validate_glance": { "repetitions": 2 } }, "contexts": { "users": { "tenants": 3, "users_per_tenant": 2 } }, "runner": { "constant": { "concurrency": 4, "times": 10 } }, "hooks": [], "sla": { "failure_rate": { "max": 0 } } } ] }
2019-08-18 07:20:00.787 17 RALLYDEBUG rally_openstack.contexts.keystone.users [-] Creating 3 tenants using 20 threads
2019-08-18 07:20:01.800 17 RALLYDEBUG rally_openstack.contexts.keystone.users [-] Creating 6 users using 20 threads
2019-08-18 07:20:03.781 17 INFO rally.task.context [-] Task df0b928f-cdd2-4e5b-8907-7ecdf7a2d0e1 | Context users@openstack setup() finished in 2.99 sec
2019-08-18 07:20:03.791 17 RALLYDEBUG rally.task.runner [-] Starting the constant runner (task UUID: df0b928f-cdd2-4e5b-8907-7ecdf7a2d0e1). timeout: 0 concurrency: 4 concurrency_per_worker: 1 times: 10 concurrency_overhead: 0 processes_to_start: 4 max_cpu_used: 16
2019-08-18 07:20:03.805 349 RALLYDEBUG rally.task.runner [-] Starting a worker. concurrency: 1 args: {"repetitions": 2} times: 10 method_name: run timeout: 0 duration: None cls:
2019-08-18 07:20:03.808 350 RALLYDEBUG rally.task.runner [-] Starting a worker. concurrency: 1 args: {"repetitions": 2} times: 10 method_name: run timeout: 0 duration: None cls:
2019-08-18 07:20:03.811 351 RALLYDEBUG rally.task.runner [-] Starting a worker. concurrency: 1 args: {"repetitions": 2} times: 10 method_name: run timeout: 0 duration: None cls:
2019-08-18 07:20:03.813 349 INFO rally.task.runner [-] Task df0b928f-cdd2-4e5b-8907-7ecdf7a2d0e1 | ITER: 1 START
2019-08-18 07:20:03.814 352 RALLYDEBUG rally.task.runner [-] Starting a worker. concurrency: 1 args: {"repetitions": 2} times: 10 method_name: run timeout: 0 duration: None cls:
2019-08-18 07:20:03.815 350 INFO rally.task.runner [-] Task df0b928f-cdd2-4e5b-8907-7ecdf7a2d0e1 | ITER: 2 START
2019-08-18 07:20:03.819 351 INFO rally.task.runner [-] Task df0b928f-cdd2-4e5b-8907-7ecdf7a2d0e1 | ITER: 3 START
2019-08-18 07:20:03.821 352 INFO rally.task.runner [-] Task df0b928f-cdd2-4e5b-8907-7ecdf7a2d0e1 | ITER: 4 START
2019-08-18 07:20:04.484 350 INFO rally.task.runner [-] Task df0b928f-cdd2-4e5b-8907-7ecdf7a2d0e1 | ITER: 2 END: OK
2019-08-18 07:20:04.489 350 INFO rally.task.runner [-] Task df0b928f-cdd2-4e5b-8907-7ecdf7a2d0e1 | ITER: 5 START
2019-08-18 07:20:04.535 352 INFO rally.task.runner [-] Task df0b928f-cdd2-4e5b-8907-7ecdf7a2d0e1 | ITER: 4 END: OK
2019-08-18 07:20:04.541 352 INFO rally.task.runner [-] Task df0b928f-cdd2-4e5b-8907-7ecdf7a2d0e1 | ITER: 6 START
2019-08-18 07:20:04.567 349 INFO rally.task.runner [-] Task df0b928f-cdd2-4e5b-8907-7ecdf7a2d0e1 | ITER: 1 END: OK
2019-08-18 07:20:04.571 349 INFO rally.task.runner [-] Task df0b928f-cdd2-4e5b-8907-7ecdf7a2d0e1 | ITER: 7 START
2019-08-18 07:20:04.981 351 INFO rally.task.runner [-] Task df0b928f-cdd2-4e5b-8907-7ecdf7a2d0e1 | ITER: 3 END: OK
2019-08-18 07:20:04.986 351 INFO rally.task.runner [-] Task df0b928f-cdd2-4e5b-8907-7ecdf7a2d0e1 | ITER: 8 START
2019-08-18 07:20:05.098 350 INFO rally.task.runner [-] Task df0b928f-cdd2-4e5b-8907-7ecdf7a2d0e1 | ITER: 5 END: OK
2019-08-18 07:20:05.101 350 INFO rally.task.runner [-] Task df0b928f-cdd2-4e5b-8907-7ecdf7a2d0e1 | ITER: 9 START
2019-08-18 07:20:05.106 349 INFO rally.task.runner [-] Task df0b928f-cdd2-4e5b-8907-7ecdf7a2d0e1 | ITER: 7 END: OK
2019-08-18 07:20:05.110 349 INFO rally.task.runner [-] Task df0b928f-cdd2-4e5b-8907-7ecdf7a2d0e1 | ITER: 10 START
2019-08-18 07:20:05.157 352 INFO rally.task.runner [-] Task df0b928f-cdd2-4e5b-8907-7ecdf7a2d0e1 | ITER: 6 END: OK
2019-08-18 07:20:05.657 351 INFO rally.task.runner [-] Task df0b928f-cdd2-4e5b-8907-7ecdf7a2d0e1 | ITER: 8 END: OK
2019-08-18 07:20:05.666 349 INFO rally.task.runner [-] Task df0b928f-cdd2-4e5b-8907-7ecdf7a2d0e1 | ITER: 10 END: OK
2019-08-18 07:20:05.857 350 INFO rally.task.runner [-] Task df0b928f-cdd2-4e5b-8907-7ecdf7a2d0e1 | ITER: 9 END: OK
2019-08-18 07:20:05.886 17 INFO rally.task.context [-] Task df0b928f-cdd2-4e5b-8907-7ecdf7a2d0e1 | Context users@openstack cleanup() started
2019-08-18 07:20:11.116 17 INFO rally.task.context [-] Task df0b928f-cdd2-4e5b-8907-7ecdf7a2d0e1 | Context users@openstack cleanup() finished in 5.23 sec
2019-08-18 07:20:12.904 17 INFO rally.task.engine [-] Load duration is: 2.04271
2019-08-18 07:20:12.905 17 INFO rally.task.engine [-] Full runner duration is: 2.095693
2019-08-18 07:20:12.905 17 INFO rally.task.engine [-] Full duration is: 10.3343
2019-08-18 07:20:13.518 17 INFO rally.task.engine [-] Running workload: position = 0 config = { "version": 2, "title": "A cropped version of a bigger task.", "description": "Auto-generated task from a single workload (uuid=cb6f8342-7509-41ba-8d5c-a2c04ae1fff5)", "subtasks": [ { "title": "Authenticate.validate_heat", "description": "Check Heat Client to ensure validation of token.", "scenario": { "Authenticate.validate_heat": { "repetitions": 2 } }, "contexts": { "users": { "tenants": 3, "users_per_tenant": 2 } }, "runner": { "constant": { "concurrency": 4, "times": 10 } }, "hooks": [], "sla": { "failure_rate": { "max": 0 } } } ] }
2019-08-18 07:20:13.544 17 RALLYDEBUG rally_openstack.contexts.keystone.users [-] Creating 3 tenants using 20 threads
2019-08-18 07:20:14.635 17 RALLYDEBUG rally_openstack.contexts.keystone.users [-] Creating 6 users using 20 threads
2019-08-18 07:20:16.291 17 INFO rally.task.context [-] Task df0b928f-cdd2-4e5b-8907-7ecdf7a2d0e1 | Context users@openstack setup() finished in 2.75 sec
2019-08-18 07:20:16.300 17 RALLYDEBUG rally.task.runner [-] Starting the constant runner (task UUID: df0b928f-cdd2-4e5b-8907-7ecdf7a2d0e1). timeout: 0 concurrency: 4 concurrency_per_worker: 1 times: 10 concurrency_overhead: 0 processes_to_start: 4 max_cpu_used: 16
2019-08-18 07:20:16.313 453 RALLYDEBUG rally.task.runner [-] Starting a worker. concurrency: 1 args: {"repetitions": 2} times: 10 method_name: run timeout: 0 duration: None cls:
2019-08-18 07:20:16.317 454 RALLYDEBUG rally.task.runner [-] Starting a worker. concurrency: 1 args: {"repetitions": 2} times: 10 method_name: run timeout: 0 duration: None cls:
2019-08-18 07:20:16.320 453 INFO rally.task.runner [-] Task df0b928f-cdd2-4e5b-8907-7ecdf7a2d0e1 | ITER: 1 START
2019-08-18 07:20:16.321 455 RALLYDEBUG rally.task.runner [-] Starting a worker. concurrency: 1 args: {"repetitions": 2} times: 10 method_name: run timeout: 0 duration: None cls:
2019-08-18 07:20:16.324 454 INFO rally.task.runner [-] Task df0b928f-cdd2-4e5b-8907-7ecdf7a2d0e1 | ITER: 2 START
2019-08-18 07:20:16.323 456 RALLYDEBUG rally.task.runner [-] Starting a worker. concurrency: 1 args: {"repetitions": 2} times: 10 method_name: run timeout: 0 duration: None cls:
2019-08-18 07:20:16.328 455 INFO rally.task.runner [-] Task df0b928f-cdd2-4e5b-8907-7ecdf7a2d0e1 | ITER: 3 START
2019-08-18 07:20:16.331 456 INFO rally.task.runner [-] Task df0b928f-cdd2-4e5b-8907-7ecdf7a2d0e1 | ITER: 4 START
2019-08-18 07:20:17.374 453 INFO rally.task.runner [-] Task df0b928f-cdd2-4e5b-8907-7ecdf7a2d0e1 | ITER: 1 END: OK
2019-08-18 07:20:17.379 453 INFO rally.task.runner [-] Task df0b928f-cdd2-4e5b-8907-7ecdf7a2d0e1 | ITER: 5 START
2019-08-18 07:20:17.591 455 INFO rally.task.runner [-] Task df0b928f-cdd2-4e5b-8907-7ecdf7a2d0e1 | ITER: 3 END: OK
2019-08-18 07:20:17.596 455 INFO rally.task.runner [-] Task df0b928f-cdd2-4e5b-8907-7ecdf7a2d0e1 | ITER: 6 START
2019-08-18 07:20:18.063 454 INFO rally.task.runner [-] Task df0b928f-cdd2-4e5b-8907-7ecdf7a2d0e1 | ITER: 2 END: OK
2019-08-18 07:20:18.068 454 INFO rally.task.runner [-] Task df0b928f-cdd2-4e5b-8907-7ecdf7a2d0e1 | ITER: 7 START
2019-08-18 07:20:18.166 456 INFO rally.task.runner [-] Task df0b928f-cdd2-4e5b-8907-7ecdf7a2d0e1 | ITER: 4 END: OK
2019-08-18 07:20:18.171 456 INFO rally.task.runner [-] Task df0b928f-cdd2-4e5b-8907-7ecdf7a2d0e1 | ITER: 8 START
2019-08-18 07:20:18.173 453 INFO rally.task.runner [-] Task df0b928f-cdd2-4e5b-8907-7ecdf7a2d0e1 | ITER: 5 END: OK
2019-08-18 07:20:18.178 453 INFO rally.task.runner [-] Task df0b928f-cdd2-4e5b-8907-7ecdf7a2d0e1 | ITER: 9 START
2019-08-18 07:20:18.651 455 INFO rally.task.runner [-] Task df0b928f-cdd2-4e5b-8907-7ecdf7a2d0e1 | ITER: 6 END: OK
2019-08-18 07:20:18.655 455 INFO rally.task.runner [-] Task df0b928f-cdd2-4e5b-8907-7ecdf7a2d0e1 | ITER: 10 START
2019-08-18 07:20:18.678 456 INFO rally.task.runner [-] Task df0b928f-cdd2-4e5b-8907-7ecdf7a2d0e1 | ITER: 8 END: OK
2019-08-18 07:20:18.691 453 INFO rally.task.runner [-] Task df0b928f-cdd2-4e5b-8907-7ecdf7a2d0e1 | ITER: 9 END: OK
2019-08-18 07:20:18.852 454 INFO rally.task.runner [-] Task df0b928f-cdd2-4e5b-8907-7ecdf7a2d0e1 | ITER: 7 END: OK
2019-08-18 07:20:19.247 455 INFO rally.task.runner [-] Task df0b928f-cdd2-4e5b-8907-7ecdf7a2d0e1 | ITER: 10 END: OK
2019-08-18 07:20:19.273 17 INFO rally.task.context [-] Task df0b928f-cdd2-4e5b-8907-7ecdf7a2d0e1 | Context users@openstack cleanup() started
2019-08-18 07:20:23.967 17 INFO rally.task.context [-] Task df0b928f-cdd2-4e5b-8907-7ecdf7a2d0e1 | Context users@openstack cleanup() finished in 4.69 sec
2019-08-18 07:20:25.643 17 INFO rally.task.engine [-] Load duration is: 2.924351
2019-08-18 07:20:25.644 17 INFO rally.task.engine [-] Full runner duration is: 2.973506
2019-08-18 07:20:25.644 17 INFO rally.task.engine [-] Full duration is: 10.425537
2019-08-18 07:20:26.184 17 INFO rally.task.engine [-] Running workload: position = 0 config = { "version": 2, "title": "A cropped version of a bigger task.", "description": "Auto-generated task from a single workload (uuid=3d45b2c9-5794-46fa-8d5b-4304d255e1d4)", "subtasks": [ { "title": "Authenticate.validate_neutron", "description": "Check Neutron Client to ensure validation of token.", "scenario": { "Authenticate.validate_neutron": { "repetitions": 2 } }, "contexts": { "users": { "tenants": 3, "users_per_tenant": 2 } }, "runner": { "constant": { "concurrency": 4, "times": 10 } }, "hooks": [], "sla": { "failure_rate": { "max": 0 } } } ] }
2019-08-18 07:20:26.210 17 RALLYDEBUG rally_openstack.contexts.keystone.users [-] Creating 3 tenants using 20 threads
2019-08-18 07:20:27.251 17 RALLYDEBUG rally_openstack.contexts.keystone.users [-] Creating 6 users using 20 threads
2019-08-18 07:20:28.928 17 INFO rally.task.context [-] Task df0b928f-cdd2-4e5b-8907-7ecdf7a2d0e1 | Context users@openstack setup() finished in 2.72 sec
2019-08-18 07:20:28.937 17 RALLYDEBUG rally.task.runner [-] Starting the constant runner (task UUID: df0b928f-cdd2-4e5b-8907-7ecdf7a2d0e1). timeout: 0 concurrency: 4 concurrency_per_worker: 1 times: 10 concurrency_overhead: 0 processes_to_start: 4 max_cpu_used: 16
2019-08-18 07:20:28.951 557 RALLYDEBUG rally.task.runner [-] Starting a worker. concurrency: 1 args: {"repetitions": 2} times: 10 method_name: run timeout: 0 duration: None cls:
2019-08-18 07:20:28.955 558 RALLYDEBUG rally.task.runner [-] Starting a worker. concurrency: 1 args: {"repetitions": 2} times: 10 method_name: run timeout: 0 duration: None cls:
2019-08-18 07:20:28.958 559 RALLYDEBUG rally.task.runner [-] Starting a worker. concurrency: 1 args: {"repetitions": 2} times: 10 method_name: run timeout: 0 duration: None cls:
2019-08-18 07:20:28.959 557 INFO rally.task.runner [-] Task df0b928f-cdd2-4e5b-8907-7ecdf7a2d0e1 | ITER: 1 START
2019-08-18 07:20:28.961 560 RALLYDEBUG rally.task.runner [-] Starting a worker. concurrency: 1 args: {"repetitions": 2} times: 10 method_name: run timeout: 0 duration: None cls:
2019-08-18 07:20:28.962 558 INFO rally.task.runner [-] Task df0b928f-cdd2-4e5b-8907-7ecdf7a2d0e1 | ITER: 2 START
2019-08-18 07:20:28.965 559 INFO rally.task.runner [-] Task df0b928f-cdd2-4e5b-8907-7ecdf7a2d0e1 | ITER: 3 START
2019-08-18 07:20:28.969 560 INFO rally.task.runner [-] Task df0b928f-cdd2-4e5b-8907-7ecdf7a2d0e1 | ITER: 4 START
2019-08-18 07:20:29.770 558 INFO rally.task.runner [-] Task df0b928f-cdd2-4e5b-8907-7ecdf7a2d0e1 | ITER: 2 END: OK
2019-08-18 07:20:29.775 558 INFO rally.task.runner [-] Task df0b928f-cdd2-4e5b-8907-7ecdf7a2d0e1 | ITER: 5 START
2019-08-18 07:20:29.781 560 INFO rally.task.runner [-] Task df0b928f-cdd2-4e5b-8907-7ecdf7a2d0e1 | ITER: 4 END: OK
2019-08-18 07:20:29.786 560 INFO rally.task.runner [-] Task df0b928f-cdd2-4e5b-8907-7ecdf7a2d0e1 | ITER: 6 START
2019-08-18 07:20:29.945 559 INFO rally.task.runner [-] Task df0b928f-cdd2-4e5b-8907-7ecdf7a2d0e1 | ITER: 3 END: OK
2019-08-18 07:20:29.950 559 INFO rally.task.runner [-] Task df0b928f-cdd2-4e5b-8907-7ecdf7a2d0e1 | ITER: 7 START
2019-08-18 07:20:30.004 557 INFO rally.task.runner [-] Task df0b928f-cdd2-4e5b-8907-7ecdf7a2d0e1 | ITER: 1 END: OK
2019-08-18 07:20:30.009 557 INFO rally.task.runner [-] Task df0b928f-cdd2-4e5b-8907-7ecdf7a2d0e1 | ITER: 8 START
2019-08-18 07:20:30.383 558 INFO rally.task.runner [-] Task df0b928f-cdd2-4e5b-8907-7ecdf7a2d0e1 | ITER: 5 END: OK
2019-08-18 07:20:30.388 558 INFO rally.task.runner [-] Task df0b928f-cdd2-4e5b-8907-7ecdf7a2d0e1 | ITER: 9 START
2019-08-18 07:20:30.728 559 INFO rally.task.runner [-] Task df0b928f-cdd2-4e5b-8907-7ecdf7a2d0e1 | ITER: 7 END: OK
2019-08-18 07:20:30.733 559 INFO rally.task.runner [-] Task df0b928f-cdd2-4e5b-8907-7ecdf7a2d0e1 | ITER: 10 START
2019-08-18 07:20:30.743 560 INFO rally.task.runner [-] Task df0b928f-cdd2-4e5b-8907-7ecdf7a2d0e1 | ITER: 6 END: OK
2019-08-18 07:20:30.746 557 INFO rally.task.runner [-] Task df0b928f-cdd2-4e5b-8907-7ecdf7a2d0e1 | ITER: 8 END: OK
2019-08-18 07:20:30.995 558 INFO rally.task.runner [-] Task df0b928f-cdd2-4e5b-8907-7ecdf7a2d0e1 | ITER: 9 END: OK
2019-08-18 07:20:31.343 559 INFO rally.task.runner [-] Task df0b928f-cdd2-4e5b-8907-7ecdf7a2d0e1 | ITER: 10 END: OK
2019-08-18 07:20:31.368 17 INFO rally.task.context [-] Task df0b928f-cdd2-4e5b-8907-7ecdf7a2d0e1 | Context users@openstack cleanup() started
2019-08-18 07:20:36.478 17 INFO rally.task.context [-] Task df0b928f-cdd2-4e5b-8907-7ecdf7a2d0e1 | Context users@openstack cleanup() finished in 5.11 sec
2019-08-18 07:20:38.331 17 INFO rally.task.engine [-] Load duration is: 2.382433
2019-08-18 07:20:38.332 17 INFO rally.task.engine [-] Full runner duration is: 2.431643
2019-08-18 07:20:38.332 17 INFO rally.task.engine [-] Full duration is: 10.271147
2019-08-18 07:20:38.895 17 INFO rally.task.engine [-] Running workload: position = 0 config = { "version": 2, "title": "A cropped version of a bigger task.", "description": "Auto-generated task from a single workload (uuid=942a74cd-3117-42b2-bbbc-6cf09123c62b)", "subtasks": [ { "title": "Authenticate.validate_nova", "description": "Check Nova Client to ensure validation of token.", "scenario": { "Authenticate.validate_nova": { "repetitions": 2 } }, "contexts": { "users": { "tenants": 3, "users_per_tenant": 2 } }, "runner": { "constant": { "concurrency": 4, "times": 10 } }, "hooks": [], "sla": { "failure_rate": { "max": 0 } } } ] }
2019-08-18 07:20:38.920 17 RALLYDEBUG rally_openstack.contexts.keystone.users [-] Creating 3 tenants using 20 threads
2019-08-18 07:20:39.950 17 RALLYDEBUG rally_openstack.contexts.keystone.users [-] Creating 6 users using 20 threads
2019-08-18 07:20:41.618 17 INFO rally.task.context [-] Task df0b928f-cdd2-4e5b-8907-7ecdf7a2d0e1 | Context users@openstack setup() finished in 2.70 sec
2019-08-18 07:20:41.627 17 RALLYDEBUG rally.task.runner [-] Starting the constant runner (task UUID: df0b928f-cdd2-4e5b-8907-7ecdf7a2d0e1). timeout: 0 concurrency: 4 concurrency_per_worker: 1 times: 10 concurrency_overhead: 0 processes_to_start: 4 max_cpu_used: 16
2019-08-18 07:20:41.642 661 RALLYDEBUG rally.task.runner [-] Starting a worker. concurrency: 1 args: {"repetitions": 2} times: 10 method_name: run timeout: 0 duration: None cls:
2019-08-18 07:20:41.645 662 RALLYDEBUG rally.task.runner [-] Starting a worker. concurrency: 1 args: {"repetitions": 2} times: 10 method_name: run timeout: 0 duration: None cls:
2019-08-18 07:20:41.648 663 RALLYDEBUG rally.task.runner [-] Starting a worker. concurrency: 1 args: {"repetitions": 2} times: 10 method_name: run timeout: 0 duration: None cls:
2019-08-18 07:20:41.650 661 INFO rally.task.runner [-] Task df0b928f-cdd2-4e5b-8907-7ecdf7a2d0e1 | ITER: 1 START
2019-08-18 07:20:41.651 664 RALLYDEBUG rally.task.runner [-] Starting a worker. concurrency: 1 args: {"repetitions": 2} times: 10 method_name: run timeout: 0 duration: None cls:
2019-08-18 07:20:41.652 662 INFO rally.task.runner [-] Task df0b928f-cdd2-4e5b-8907-7ecdf7a2d0e1 | ITER: 2 START
2019-08-18 07:20:41.655 663 INFO rally.task.runner [-] Task df0b928f-cdd2-4e5b-8907-7ecdf7a2d0e1 | ITER: 3 START
2019-08-18 07:20:41.658 664 INFO rally.task.runner [-] Task df0b928f-cdd2-4e5b-8907-7ecdf7a2d0e1 | ITER: 4 START
2019-08-18 07:20:42.143 662 DEBUG novaclient.v2.client [-] REQ: curl -g -i --cacert "/etc/ssl/certs/mcp_os_cacert" -X GET http://10.167.4.35:8774/v2.1/flavors/detail -H "Accept: application/json" -H "User-Agent: python-novaclient" -H "X-Auth-Token: {SHA1}423fab40a814f36a8b02c1a19dd39c1dc319d597" _http_log_request /usr/lib/python2.7/site-packages/keystoneauth1/session.py:448
2019-08-18 07:20:42.143 664 DEBUG novaclient.v2.client [-] REQ: curl -g -i --cacert "/etc/ssl/certs/mcp_os_cacert" -X GET http://10.167.4.35:8774/v2.1/flavors/detail -H "Accept: application/json" -H "User-Agent: python-novaclient" -H "X-Auth-Token: {SHA1}38186c845e245e014a84e58fa66c3a6f73c87d1a" _http_log_request /usr/lib/python2.7/site-packages/keystoneauth1/session.py:448
2019-08-18 07:20:42.143 661 DEBUG novaclient.v2.client [-] REQ: curl -g -i --cacert "/etc/ssl/certs/mcp_os_cacert" -X GET http://10.167.4.35:8774/v2.1/flavors/detail -H "Accept: application/json" -H "User-Agent: python-novaclient" -H "X-Auth-Token: {SHA1}eeced77bad4ef58443941007598f3167acbfe314" _http_log_request /usr/lib/python2.7/site-packages/keystoneauth1/session.py:448
2019-08-18 07:20:42.148 663 DEBUG novaclient.v2.client [-] REQ: curl -g -i --cacert "/etc/ssl/certs/mcp_os_cacert" -X GET http://10.167.4.35:8774/v2.1/flavors/detail -H "Accept: application/json" -H "User-Agent: python-novaclient" -H "X-Auth-Token: {SHA1}2d64bf60a9b966ebe9f6e43fd85ad20a5f8f776c" _http_log_request /usr/lib/python2.7/site-packages/keystoneauth1/session.py:448
2019-08-18 07:20:42.262 662 DEBUG novaclient.v2.client [-] RESP: [200] Connection: close Content-Length: 1014 Content-Type: application/json Date: Sun, 18 Aug 2019 07:20:42 GMT Openstack-Api-Version: compute 2.1 Vary: OpenStack-API-Version, X-OpenStack-Nova-API-Version X-Compute-Request-Id: req-49209cca-41e2-43f7-82fd-a544786e0cb4 X-Openstack-Nova-Api-Version: 2.1 X-Openstack-Request-Id: req-49209cca-41e2-43f7-82fd-a544786e0cb4 _http_log_response /usr/lib/python2.7/site-packages/keystoneauth1/session.py:479
2019-08-18 07:20:42.262 661 DEBUG novaclient.v2.client [-] RESP: [200] Connection: close Content-Length: 1014 Content-Type: application/json Date: Sun, 18 Aug 2019 07:20:42 GMT Openstack-Api-Version: compute 2.1 Vary: OpenStack-API-Version, X-OpenStack-Nova-API-Version X-Compute-Request-Id: req-9ace1bdf-8ac3-47cb-a4d8-dabd575b4929 X-Openstack-Nova-Api-Version: 2.1 X-Openstack-Request-Id: req-9ace1bdf-8ac3-47cb-a4d8-dabd575b4929 _http_log_response /usr/lib/python2.7/site-packages/keystoneauth1/session.py:479
2019-08-18 07:20:42.263 662 DEBUG novaclient.v2.client [-] RESP BODY: {"flavors": [{"name": "rally_full-flavor_alt_b217b167-4d00-431e-8775-c3e7e4f65e12", "links": [{"href": "http://10.167.4.35:8774/v2.1/flavors/0a76381f-1815-41f0-8b8f-ce974d4f2ed1", "rel": "self"}, {"href": "http://10.167.4.35:8774/flavors/0a76381f-1815-41f0-8b8f-ce974d4f2ed1", "rel": "bookmark"}], "ram": 1024, "OS-FLV-DISABLED:disabled": false, "vcpus": 1, "swap": "", "os-flavor-access:is_public": true, "rxtx_factor": 1.0, "OS-FLV-EXT-DATA:ephemeral": 0, "disk": 1, "id": "0a76381f-1815-41f0-8b8f-ce974d4f2ed1"}, {"name": "rally_full-flavor_b217b167-4d00-431e-8775-c3e7e4f65e12", "links": [{"href": "http://10.167.4.35:8774/v2.1/flavors/f4579c0e-604f-40b0-a80d-0ad81add4b5d", "rel": "self"}, {"href": "http://10.167.4.35:8774/flavors/f4579c0e-604f-40b0-a80d-0ad81add4b5d", "rel": "bookmark"}], "ram": 512, "OS-FLV-DISABLED:disabled": false, "vcpus": 1, "swap": "", "os-flavor-access:is_public": true, "rxtx_factor": 1.0, "OS-FLV-EXT-DATA:ephemeral": 0, "disk": 1, "id": "f4579c0e-604f-40b0-a80d-0ad81add4b5d"}]} _http_log_response /usr/lib/python2.7/site-packages/keystoneauth1/session.py:511
2019-08-18 07:20:42.263 661 DEBUG novaclient.v2.client [-] RESP BODY: {"flavors": [{"name": "rally_full-flavor_alt_b217b167-4d00-431e-8775-c3e7e4f65e12", "links": [{"href": "http://10.167.4.35:8774/v2.1/flavors/0a76381f-1815-41f0-8b8f-ce974d4f2ed1", "rel": "self"}, {"href": "http://10.167.4.35:8774/flavors/0a76381f-1815-41f0-8b8f-ce974d4f2ed1", "rel": "bookmark"}], "ram": 1024, "OS-FLV-DISABLED:disabled": false, "vcpus": 1, "swap": "", "os-flavor-access:is_public": true, "rxtx_factor": 1.0, "OS-FLV-EXT-DATA:ephemeral": 0, "disk": 1, "id": "0a76381f-1815-41f0-8b8f-ce974d4f2ed1"}, {"name": "rally_full-flavor_b217b167-4d00-431e-8775-c3e7e4f65e12", "links": [{"href": "http://10.167.4.35:8774/v2.1/flavors/f4579c0e-604f-40b0-a80d-0ad81add4b5d", "rel": "self"}, {"href": "http://10.167.4.35:8774/flavors/f4579c0e-604f-40b0-a80d-0ad81add4b5d", "rel": "bookmark"}], "ram": 512, "OS-FLV-DISABLED:disabled": false, "vcpus": 1, "swap": "", "os-flavor-access:is_public": true, "rxtx_factor": 1.0, "OS-FLV-EXT-DATA:ephemeral": 0, "disk": 1, "id": "f4579c0e-604f-40b0-a80d-0ad81add4b5d"}]} _http_log_response /usr/lib/python2.7/site-packages/keystoneauth1/session.py:511
2019-08-18 07:20:42.264 662 DEBUG novaclient.v2.client [-] GET call to compute for http://10.167.4.35:8774/v2.1/flavors/detail used request id req-49209cca-41e2-43f7-82fd-a544786e0cb4 request /usr/lib/python2.7/site-packages/keystoneauth1/session.py:844
2019-08-18 07:20:42.264 661 DEBUG novaclient.v2.client [-] GET call to compute for http://10.167.4.35:8774/v2.1/flavors/detail used request id req-9ace1bdf-8ac3-47cb-a4d8-dabd575b4929 request /usr/lib/python2.7/site-packages/keystoneauth1/session.py:844
2019-08-18 07:20:42.264 664 DEBUG novaclient.v2.client [-] RESP: [200] Connection: close Content-Length: 1014 Content-Type: application/json Date: Sun, 18 Aug 2019 07:20:42 GMT Openstack-Api-Version: compute 2.1 Vary: OpenStack-API-Version, X-OpenStack-Nova-API-Version X-Compute-Request-Id: req-7d23734e-27c1-49a4-bab8-57be58b077da X-Openstack-Nova-Api-Version: 2.1 X-Openstack-Request-Id: req-7d23734e-27c1-49a4-bab8-57be58b077da _http_log_response /usr/lib/python2.7/site-packages/keystoneauth1/session.py:479
2019-08-18 07:20:42.265 664 DEBUG novaclient.v2.client [-] RESP BODY: {"flavors": [{"name": "rally_full-flavor_alt_b217b167-4d00-431e-8775-c3e7e4f65e12", "links": [{"href": "http://10.167.4.35:8774/v2.1/flavors/0a76381f-1815-41f0-8b8f-ce974d4f2ed1", "rel": "self"}, {"href": "http://10.167.4.35:8774/flavors/0a76381f-1815-41f0-8b8f-ce974d4f2ed1", "rel": "bookmark"}], "ram": 1024, "OS-FLV-DISABLED:disabled": false, "vcpus": 1, "swap": "", "os-flavor-access:is_public": true, "rxtx_factor": 1.0, "OS-FLV-EXT-DATA:ephemeral": 0, "disk": 1, "id": "0a76381f-1815-41f0-8b8f-ce974d4f2ed1"}, {"name": "rally_full-flavor_b217b167-4d00-431e-8775-c3e7e4f65e12", "links": [{"href": "http://10.167.4.35:8774/v2.1/flavors/f4579c0e-604f-40b0-a80d-0ad81add4b5d", "rel": "self"}, {"href": "http://10.167.4.35:8774/flavors/f4579c0e-604f-40b0-a80d-0ad81add4b5d", "rel": "bookmark"}], "ram": 512, "OS-FLV-DISABLED:disabled": false, "vcpus": 1, "swap": "", "os-flavor-access:is_public": true, "rxtx_factor": 1.0, "OS-FLV-EXT-DATA:ephemeral": 0, "disk": 1, "id": "f4579c0e-604f-40b0-a80d-0ad81add4b5d"}]} _http_log_response /usr/lib/python2.7/site-packages/keystoneauth1/session.py:511
2019-08-18 07:20:42.266 664 DEBUG novaclient.v2.client [-] GET call to compute for http://10.167.4.35:8774/v2.1/flavors/detail used request id req-7d23734e-27c1-49a4-bab8-57be58b077da request /usr/lib/python2.7/site-packages/keystoneauth1/session.py:844
2019-08-18 07:20:42.266 661 DEBUG novaclient.v2.client [-] REQ: curl -g -i --cacert "/etc/ssl/certs/mcp_os_cacert" -X GET http://10.167.4.35:8774/v2.1/flavors/detail -H "Accept: application/json" -H "User-Agent: python-novaclient" -H "X-Auth-Token: {SHA1}eeced77bad4ef58443941007598f3167acbfe314" _http_log_request /usr/lib/python2.7/site-packages/keystoneauth1/session.py:448
2019-08-18 07:20:42.266 662 DEBUG novaclient.v2.client [-] REQ: curl -g -i --cacert "/etc/ssl/certs/mcp_os_cacert" -X GET http://10.167.4.35:8774/v2.1/flavors/detail -H "Accept: application/json" -H "User-Agent: python-novaclient" -H "X-Auth-Token: {SHA1}423fab40a814f36a8b02c1a19dd39c1dc319d597" _http_log_request /usr/lib/python2.7/site-packages/keystoneauth1/session.py:448
2019-08-18 07:20:42.267 664 DEBUG novaclient.v2.client [-] REQ: curl -g -i --cacert "/etc/ssl/certs/mcp_os_cacert" -X GET http://10.167.4.35:8774/v2.1/flavors/detail -H "Accept: application/json" -H "User-Agent: python-novaclient" -H "X-Auth-Token: {SHA1}38186c845e245e014a84e58fa66c3a6f73c87d1a" _http_log_request /usr/lib/python2.7/site-packages/keystoneauth1/session.py:448
2019-08-18 07:20:42.277 663 DEBUG novaclient.v2.client [-] RESP: [200] Connection: close Content-Length: 1014 Content-Type: application/json Date: Sun, 18 Aug 2019 07:20:42 GMT Openstack-Api-Version: compute 2.1 Vary: OpenStack-API-Version, X-OpenStack-Nova-API-Version X-Compute-Request-Id: req-81ab4f9b-6284-49b4-aebe-7c0539f26632 X-Openstack-Nova-Api-Version: 2.1 X-Openstack-Request-Id: req-81ab4f9b-6284-49b4-aebe-7c0539f26632 _http_log_response /usr/lib/python2.7/site-packages/keystoneauth1/session.py:479
2019-08-18 07:20:42.278 663 DEBUG novaclient.v2.client [-] RESP BODY: {"flavors": [{"name": "rally_full-flavor_alt_b217b167-4d00-431e-8775-c3e7e4f65e12", "links": [{"href": "http://10.167.4.35:8774/v2.1/flavors/0a76381f-1815-41f0-8b8f-ce974d4f2ed1", "rel": "self"}, {"href": "http://10.167.4.35:8774/flavors/0a76381f-1815-41f0-8b8f-ce974d4f2ed1", "rel": "bookmark"}], "ram": 1024, "OS-FLV-DISABLED:disabled": false, "vcpus": 1, "swap": "", "os-flavor-access:is_public": true, "rxtx_factor": 1.0, "OS-FLV-EXT-DATA:ephemeral": 0, "disk": 1, "id": "0a76381f-1815-41f0-8b8f-ce974d4f2ed1"}, {"name": "rally_full-flavor_b217b167-4d00-431e-8775-c3e7e4f65e12", "links": [{"href": "http://10.167.4.35:8774/v2.1/flavors/f4579c0e-604f-40b0-a80d-0ad81add4b5d", "rel": "self"}, {"href": "http://10.167.4.35:8774/flavors/f4579c0e-604f-40b0-a80d-0ad81add4b5d", "rel": "bookmark"}], "ram": 512, "OS-FLV-DISABLED:disabled": false, "vcpus": 1, "swap": "", "os-flavor-access:is_public": true, "rxtx_factor": 1.0, "OS-FLV-EXT-DATA:ephemeral": 0, "disk": 1, "id": "f4579c0e-604f-40b0-a80d-0ad81add4b5d"}]} _http_log_response /usr/lib/python2.7/site-packages/keystoneauth1/session.py:511
2019-08-18 07:20:42.279 663 DEBUG novaclient.v2.client [-] GET call to compute for http://10.167.4.35:8774/v2.1/flavors/detail used request id req-81ab4f9b-6284-49b4-aebe-7c0539f26632 request /usr/lib/python2.7/site-packages/keystoneauth1/session.py:844
2019-08-18 07:20:42.280 663 DEBUG novaclient.v2.client [-] REQ: curl -g -i --cacert "/etc/ssl/certs/mcp_os_cacert" -X GET http://10.167.4.35:8774/v2.1/flavors/detail -H "Accept: application/json" -H "User-Agent: python-novaclient" -H "X-Auth-Token: {SHA1}2d64bf60a9b966ebe9f6e43fd85ad20a5f8f776c" _http_log_request /usr/lib/python2.7/site-packages/keystoneauth1/session.py:448
2019-08-18 07:20:42.286 664 DEBUG novaclient.v2.client [-] RESP: [200] Connection: close Content-Length: 1014 Content-Type: application/json Date: Sun, 18 Aug 2019 07:20:42 GMT Openstack-Api-Version: compute 2.1 Vary: OpenStack-API-Version, X-OpenStack-Nova-API-Version X-Compute-Request-Id: req-d27279ee-2387-4629-875c-6cf156a553fb X-Openstack-Nova-Api-Version: 2.1 X-Openstack-Request-Id: req-d27279ee-2387-4629-875c-6cf156a553fb _http_log_response /usr/lib/python2.7/site-packages/keystoneauth1/session.py:479
2019-08-18 07:20:42.287 662 DEBUG novaclient.v2.client [-] RESP: [200] Connection: close Content-Length: 1014 Content-Type: application/json Date: Sun, 18 Aug 2019 07:20:42 GMT Openstack-Api-Version: compute 2.1 Vary: OpenStack-API-Version, X-OpenStack-Nova-API-Version X-Compute-Request-Id: req-047a7516-ae45-438f-a93c-fdf52e4deca4 X-Openstack-Nova-Api-Version: 2.1 X-Openstack-Request-Id: req-047a7516-ae45-438f-a93c-fdf52e4deca4 _http_log_response /usr/lib/python2.7/site-packages/keystoneauth1/session.py:479
2019-08-18 07:20:42.287 664 DEBUG novaclient.v2.client [-] RESP BODY: {"flavors": [{"name": "rally_full-flavor_alt_b217b167-4d00-431e-8775-c3e7e4f65e12", "links": [{"href": "http://10.167.4.35:8774/v2.1/flavors/0a76381f-1815-41f0-8b8f-ce974d4f2ed1", "rel": "self"}, {"href": "http://10.167.4.35:8774/flavors/0a76381f-1815-41f0-8b8f-ce974d4f2ed1", "rel": "bookmark"}], "ram": 1024, "OS-FLV-DISABLED:disabled": false, "vcpus": 1, "swap": "", "os-flavor-access:is_public": true, "rxtx_factor": 1.0, "OS-FLV-EXT-DATA:ephemeral": 0, "disk": 1, "id": "0a76381f-1815-41f0-8b8f-ce974d4f2ed1"}, {"name": "rally_full-flavor_b217b167-4d00-431e-8775-c3e7e4f65e12", "links": [{"href": "http://10.167.4.35:8774/v2.1/flavors/f4579c0e-604f-40b0-a80d-0ad81add4b5d", "rel": "self"}, {"href": "http://10.167.4.35:8774/flavors/f4579c0e-604f-40b0-a80d-0ad81add4b5d", "rel": "bookmark"}], "ram": 512, "OS-FLV-DISABLED:disabled": false, "vcpus": 1, "swap": "", "os-flavor-access:is_public": true, "rxtx_factor": 1.0, "OS-FLV-EXT-DATA:ephemeral": 0, "disk": 1, "id": "f4579c0e-604f-40b0-a80d-0ad81add4b5d"}]} _http_log_response /usr/lib/python2.7/site-packages/keystoneauth1/session.py:511
2019-08-18 07:20:42.288 662 DEBUG novaclient.v2.client [-] RESP BODY: {"flavors": [{"name": "rally_full-flavor_alt_b217b167-4d00-431e-8775-c3e7e4f65e12", "links": [{"href": "http://10.167.4.35:8774/v2.1/flavors/0a76381f-1815-41f0-8b8f-ce974d4f2ed1", "rel": "self"}, {"href": "http://10.167.4.35:8774/flavors/0a76381f-1815-41f0-8b8f-ce974d4f2ed1", "rel": "bookmark"}], "ram": 1024, "OS-FLV-DISABLED:disabled": false, "vcpus": 1, "swap": "", "os-flavor-access:is_public": true, "rxtx_factor": 1.0, "OS-FLV-EXT-DATA:ephemeral": 0, "disk": 1, "id": "0a76381f-1815-41f0-8b8f-ce974d4f2ed1"}, {"name": "rally_full-flavor_b217b167-4d00-431e-8775-c3e7e4f65e12", "links": [{"href": "http://10.167.4.35:8774/v2.1/flavors/f4579c0e-604f-40b0-a80d-0ad81add4b5d", "rel": "self"}, {"href": "http://10.167.4.35:8774/flavors/f4579c0e-604f-40b0-a80d-0ad81add4b5d", "rel": "bookmark"}], "ram": 512, "OS-FLV-DISABLED:disabled": false, "vcpus": 1, "swap": "", "os-flavor-access:is_public": true, "rxtx_factor": 1.0, "OS-FLV-EXT-DATA:ephemeral": 0, "disk": 1, "id": "f4579c0e-604f-40b0-a80d-0ad81add4b5d"}]} _http_log_response /usr/lib/python2.7/site-packages/keystoneauth1/session.py:511
2019-08-18 07:20:42.288 664 DEBUG novaclient.v2.client [-] GET call to compute for http://10.167.4.35:8774/v2.1/flavors/detail used request id req-d27279ee-2387-4629-875c-6cf156a553fb request /usr/lib/python2.7/site-packages/keystoneauth1/session.py:844
2019-08-18 07:20:42.288 662 DEBUG novaclient.v2.client [-] GET call to compute for http://10.167.4.35:8774/v2.1/flavors/detail used request id req-047a7516-ae45-438f-a93c-fdf52e4deca4 request /usr/lib/python2.7/site-packages/keystoneauth1/session.py:844
2019-08-18 07:20:42.288 661 DEBUG novaclient.v2.client [-] RESP: [200] Connection: close Content-Length: 1014 Content-Type: application/json Date: Sun, 18 Aug 2019 07:20:42 GMT Openstack-Api-Version: compute 2.1 Vary: OpenStack-API-Version, X-OpenStack-Nova-API-Version X-Compute-Request-Id: req-c23f1d78-c7cd-4649-a7d8-7d1700b82786 X-Openstack-Nova-Api-Version: 2.1 X-Openstack-Request-Id: req-c23f1d78-c7cd-4649-a7d8-7d1700b82786 _http_log_response /usr/lib/python2.7/site-packages/keystoneauth1/session.py:479
2019-08-18 07:20:42.289 664 INFO rally.task.runner [-] Task df0b928f-cdd2-4e5b-8907-7ecdf7a2d0e1 | ITER: 4 END: OK
2019-08-18 07:20:42.289 661 DEBUG novaclient.v2.client [-] RESP BODY: {"flavors": [{"name": "rally_full-flavor_alt_b217b167-4d00-431e-8775-c3e7e4f65e12", "links": [{"href": "http://10.167.4.35:8774/v2.1/flavors/0a76381f-1815-41f0-8b8f-ce974d4f2ed1", "rel": "self"}, {"href": "http://10.167.4.35:8774/flavors/0a76381f-1815-41f0-8b8f-ce974d4f2ed1", "rel": "bookmark"}], "ram": 1024, "OS-FLV-DISABLED:disabled": false, "vcpus": 1, "swap": "", "os-flavor-access:is_public": true, "rxtx_factor": 1.0, "OS-FLV-EXT-DATA:ephemeral": 0, "disk": 1, "id": "0a76381f-1815-41f0-8b8f-ce974d4f2ed1"}, {"name": "rally_full-flavor_b217b167-4d00-431e-8775-c3e7e4f65e12", "links": [{"href": "http://10.167.4.35:8774/v2.1/flavors/f4579c0e-604f-40b0-a80d-0ad81add4b5d", "rel": "self"}, {"href": "http://10.167.4.35:8774/flavors/f4579c0e-604f-40b0-a80d-0ad81add4b5d", "rel": "bookmark"}], "ram": 512, "OS-FLV-DISABLED:disabled": false, "vcpus": 1, "swap": "", "os-flavor-access:is_public": true, "rxtx_factor": 1.0, "OS-FLV-EXT-DATA:ephemeral": 0, "disk": 1, "id": "f4579c0e-604f-40b0-a80d-0ad81add4b5d"}]} _http_log_response /usr/lib/python2.7/site-packages/keystoneauth1/session.py:511
2019-08-18 07:20:42.289 662 INFO rally.task.runner [-] Task df0b928f-cdd2-4e5b-8907-7ecdf7a2d0e1 | ITER: 2 END: OK
2019-08-18 07:20:42.289 661 DEBUG novaclient.v2.client [-] GET call to compute for http://10.167.4.35:8774/v2.1/flavors/detail used request id req-c23f1d78-c7cd-4649-a7d8-7d1700b82786 request /usr/lib/python2.7/site-packages/keystoneauth1/session.py:844
2019-08-18 07:20:42.290 661 INFO rally.task.runner [-] Task df0b928f-cdd2-4e5b-8907-7ecdf7a2d0e1 | ITER: 1 END: OK
