2019-08-11 08:38:07.910 14274 RALLYDEBUG rally.api [-] INFO logs from urllib3 and requests module are hide.
2019-08-11 08:38:07.910 14274 RALLYDEBUG rally.api [-] urllib3 insecure warnings are hidden.
2019-08-11 08:38:07.910 14274 RALLYDEBUG rally.api [-] ERROR log from boto module is hide.
2019-08-11 08:38:10.547 14276 RALLYDEBUG rally.api [-] INFO logs from urllib3 and requests module are hide.
2019-08-11 08:38:10.547 14276 RALLYDEBUG rally.api [-] urllib3 insecure warnings are hidden.
2019-08-11 08:38:10.548 14276 RALLYDEBUG rally.api [-] ERROR log from boto module is hide.
2019-08-11 08:38:12.013 14276 WARNING rally_openstack.platforms.existing [-] endpoint is deprecated and not used.
2019-08-11 08:38:12.958 14278 RALLYDEBUG rally.api [-] INFO logs from urllib3 and requests module are hide.
2019-08-11 08:38:12.958 14278 RALLYDEBUG rally.api [-] urllib3 insecure warnings are hidden.
2019-08-11 08:38:12.958 14278 RALLYDEBUG rally.api [-] ERROR log from boto module is hide.
2019-08-11 08:38:16.312 14281 RALLYDEBUG rally.api [-] INFO logs from urllib3 and requests module are hide.
2019-08-11 08:38:16.312 14281 RALLYDEBUG rally.api [-] urllib3 insecure warnings are hidden.
2019-08-11 08:38:16.312 14281 RALLYDEBUG rally.api [-] ERROR log from boto module is hide.
2019-08-11 08:38:17.799 14283 RALLYDEBUG rally.api [-] INFO logs from urllib3 and requests module are hide.
2019-08-11 08:38:17.800 14283 RALLYDEBUG rally.api [-] urllib3 insecure warnings are hidden.
2019-08-11 08:38:17.800 14283 RALLYDEBUG rally.api [-] ERROR log from boto module is hide.
2019-08-11 08:38:19.206 14283 INFO rally.common.plugin.discover [-] Loading plugins from directories /root/.rally/plugins/*
2019-08-11 08:38:19.206 14283 INFO rally.common.plugin.discover [-] Loaded module with plugins: /root/.rally/plugins/__init__.py
2019-08-11 08:38:19.209 14283 INFO rally.common.plugin.discover [-] Loaded module with plugins: /root/.rally/plugins/trunk_scenario.py
2019-08-11 08:38:19.436 14283 INFO rally.task.engine [-] Task 5146d926-ba69-4159-8ac0-8f4a2a6b7e45 | Starting: Task validation.
2019-08-11 08:38:19.485 14283 INFO rally.task.engine [-] Task 5146d926-ba69-4159-8ac0-8f4a2a6b7e45 | Starting: Task validation of syntax.
2019-08-11 08:38:19.728 14283 INFO rally.task.engine [-] Task 5146d926-ba69-4159-8ac0-8f4a2a6b7e45 | Completed: Task validation of syntax.
2019-08-11 08:38:19.728 14283 INFO rally.task.engine [-] Task 5146d926-ba69-4159-8ac0-8f4a2a6b7e45 | Starting: Task validation of required platforms.
2019-08-11 08:38:19.799 14283 INFO rally.task.engine [-] Task 5146d926-ba69-4159-8ac0-8f4a2a6b7e45 | Completed: Task validation of required platforms.
2019-08-11 08:38:19.799 14283 INFO rally.task.engine [-] Task 5146d926-ba69-4159-8ac0-8f4a2a6b7e45 | Starting: Task validation of semantic.
2019-08-11 08:38:19.799 14283 INFO rally.task.engine [-] Check health of the environment '61f43368-01e1-46db-b9b3-d2ce40cd35ed'.
2019-08-11 08:38:20.378 14283 INFO rally.task.engine [-] Platform existing@openstack (available: True): OK!
2019-08-11 08:38:20.396 14283 RALLYDEBUG rally_openstack.contexts.keystone.users [-] Creating 1 tenants using 20 threads
2019-08-11 08:38:21.281 14283 RALLYDEBUG rally_openstack.contexts.keystone.users [-] Creating 1 users using 20 threads
2019-08-11 08:38:22.686 14283 INFO rally.task.context [-] Task 5146d926-ba69-4159-8ac0-8f4a2a6b7e45 | Context users@openstack setup() finished in 2.29 sec
2019-08-11 08:38:27.369 14283 INFO rally.task.context [-] Task 5146d926-ba69-4159-8ac0-8f4a2a6b7e45 | Context users@openstack cleanup() started
2019-08-11 08:38:30.538 14283 INFO rally.task.context [-] Task 5146d926-ba69-4159-8ac0-8f4a2a6b7e45 | Context users@openstack cleanup() finished in 3.17 sec
2019-08-11 08:38:30.538 14283 INFO rally.task.engine [-] Task 5146d926-ba69-4159-8ac0-8f4a2a6b7e45 | Completed: Task validation of semantic.
2019-08-11 08:38:30.539 14283 INFO rally.task.engine [-] Task 5146d926-ba69-4159-8ac0-8f4a2a6b7e45 | Completed: Task validation.
2019-08-11 08:38:30.539 14283 INFO rally.api [-] Task 5146d926-ba69-4159-8ac0-8f4a2a6b7e45 input file is valid.
2019-08-11 08:38:30.539 14283 INFO rally.api [-] Run Task 5146d926-ba69-4159-8ac0-8f4a2a6b7e45 against Deployment 61f43368-01e1-46db-b9b3-d2ce40cd35ed
2019-08-11 08:38:30.540 14283 INFO rally.task.engine [-] Task 5146d926-ba69-4159-8ac0-8f4a2a6b7e45 | Starting: Running task.
2019-08-11 08:38:30.732 14283 INFO rally.task.engine [-] Running workload: position = 0 config = { "version": 2, "title": "A cropped version of a bigger task.", "description": "Auto-generated task from a single workload (uuid=1d768420-550d-418a-aedc-635084ab6a1f)", "subtasks": [ { "title": "NeutronNetworks.create_and_list_networks", "description": "Check performance of list_networks action and ensure > network quotas are not exceeded", "scenario": { "NeutronNetworks.create_and_list_networks": {} }, "contexts": { "users": { "tenants": 1, "users_per_tenant": 1 }, "quotas": { "neutron": { "network": 119 } } }, "runner": { "constant": { "times": 100, "concurrency": 20 } }, "hooks": [], "sla": { "max_avg_duration_per_atomic": { "neutron.list_networks": 15 }, "failure_rate": { "max": 0 } } } ] }
2019-08-11 08:38:30.757 14283 RALLYDEBUG rally_openstack.contexts.keystone.users [-] Creating 1 tenants using 20 threads
2019-08-11 08:38:31.717 14283 RALLYDEBUG rally_openstack.contexts.keystone.users [-] Creating 1 users using 20 threads
2019-08-11 08:38:33.127 14283 INFO rally.task.context [-] Task 5146d926-ba69-4159-8ac0-8f4a2a6b7e45 | Context users@openstack setup() finished in 2.37 sec
2019-08-11 08:38:33.589 14283 INFO rally.task.context [-] Task 5146d926-ba69-4159-8ac0-8f4a2a6b7e45 | Context quotas@openstack setup() finished in 0.46 sec
2019-08-11 08:38:33.589 14283 INFO rally.task.context [-] Task 5146d926-ba69-4159-8ac0-8f4a2a6b7e45 | Context cleanup@openstack setup() finished in 0.01 msec
2019-08-11 08:38:33.598 14283 RALLYDEBUG rally.task.runner [-] Starting the constant runner (task UUID: 5146d926-ba69-4159-8ac0-8f4a2a6b7e45). timeout: 0 concurrency: 20 concurrency_per_worker: 1 times: 100 concurrency_overhead: 4 processes_to_start: 16 max_cpu_used: 16
2019-08-11 08:38:33.612 14407 RALLYDEBUG rally.task.runner [-] Starting a worker. concurrency: 2 args: {} times: 100 method_name: run timeout: 0 duration: None cls:
2019-08-11 08:38:33.614 14408 RALLYDEBUG rally.task.runner [-] Starting a worker. concurrency: 2 args: {} times: 100 method_name: run timeout: 0 duration: None cls:
2019-08-11 08:38:33.617 14409 RALLYDEBUG rally.task.runner [-] Starting a worker. concurrency: 2 args: {} times: 100 method_name: run timeout: 0 duration: None cls:
2019-08-11 08:38:33.620 14410 RALLYDEBUG rally.task.runner [-] Starting a worker. concurrency: 2 args: {} times: 100 method_name: run timeout: 0 duration: None cls:
2019-08-11 08:38:33.619 14407 INFO rally.task.runner [-] Task 5146d926-ba69-4159-8ac0-8f4a2a6b7e45 | ITER: 1 START
2019-08-11 08:38:33.622 14408 INFO rally.task.runner [-] Task 5146d926-ba69-4159-8ac0-8f4a2a6b7e45 | ITER: 2 START
2019-08-11 08:38:33.624 14413 RALLYDEBUG rally.task.runner [-] Starting a worker. concurrency: 1 args: {} times: 100 method_name: run timeout: 0 duration: None cls:
2019-08-11 08:38:33.626 14416 RALLYDEBUG rally.task.runner [-] Starting a worker. concurrency: 1 args: {} times: 100 method_name: run timeout: 0 duration: None cls:
2019-08-11 08:38:33.629 14409 INFO rally.task.runner [-] Task 5146d926-ba69-4159-8ac0-8f4a2a6b7e45 | ITER: 5 START
2019-08-11 08:38:33.630 14420 RALLYDEBUG rally.task.runner [-] Starting a worker. concurrency: 1 args: {} times: 100 method_name: run timeout: 0 duration: None cls:
2019-08-11 08:38:33.629 14413 INFO rally.task.runner [-] Task 5146d926-ba69-4159-8ac0-8f4a2a6b7e45 | ITER: 8 START
2019-08-11 08:38:33.630 14410 INFO rally.task.runner [-] Task 5146d926-ba69-4159-8ac0-8f4a2a6b7e45 | ITER: 6 START
2019-08-11 08:38:33.630 14407 INFO rally.task.runner [-] Task 5146d926-ba69-4159-8ac0-8f4a2a6b7e45 | ITER: 3 START
2019-08-11 08:38:33.632 14416 INFO rally.task.runner [-] Task 5146d926-ba69-4159-8ac0-8f4a2a6b7e45 | ITER: 10 START
2019-08-11 08:38:33.637 14408 INFO rally.task.runner [-] Task 5146d926-ba69-4159-8ac0-8f4a2a6b7e45 | ITER: 4 START
2019-08-11 08:38:33.637 14428 RALLYDEBUG rally.task.runner [-] Starting a worker. concurrency: 1 args: {} times: 100 method_name: run timeout: 0 duration: None cls:
2019-08-11 08:38:33.638 14420 INFO rally.task.runner [-] Task 5146d926-ba69-4159-8ac0-8f4a2a6b7e45 | ITER: 11 START
2019-08-11 08:38:33.637 14409 INFO rally.task.runner [-] Task 5146d926-ba69-4159-8ac0-8f4a2a6b7e45 | ITER: 7 START
2019-08-11 08:38:33.638 14410 INFO rally.task.runner [-] Task 5146d926-ba69-4159-8ac0-8f4a2a6b7e45 | ITER: 9 START
2019-08-11 08:38:33.643 14433 RALLYDEBUG rally.task.runner [-] Starting a worker. concurrency: 1 args: {} times: 100 method_name: run timeout: 0 duration: None cls:
2019-08-11 08:38:33.645 14428 INFO rally.task.runner [-] Task 5146d926-ba69-4159-8ac0-8f4a2a6b7e45 | ITER: 12 START
2019-08-11 08:38:33.651 14433 INFO rally.task.runner [-] Task 5146d926-ba69-4159-8ac0-8f4a2a6b7e45 | ITER: 13 START
2019-08-11 08:38:33.651 14436 RALLYDEBUG rally.task.runner [-] Starting a worker. concurrency: 1 args: {} times: 100 method_name: run timeout: 0 duration: None cls:
2019-08-11 08:38:33.658 14439 RALLYDEBUG rally.task.runner [-] Starting a worker. concurrency: 1 args: {} times: 100 method_name: run timeout: 0 duration: None cls:
2019-08-11 08:38:33.660 14436 INFO rally.task.runner [-] Task 5146d926-ba69-4159-8ac0-8f4a2a6b7e45 | ITER: 14 START
2019-08-11 08:38:33.665 14441 RALLYDEBUG rally.task.runner [-] Starting a worker. concurrency: 1 args: {} times: 100 method_name: run timeout: 0 duration: None cls:
2019-08-11 08:38:33.669 14439 INFO rally.task.runner [-] Task 5146d926-ba69-4159-8ac0-8f4a2a6b7e45 | ITER: 15 START
2019-08-11 08:38:33.672 14445 RALLYDEBUG rally.task.runner [-] Starting a worker. concurrency: 1 args: {} times: 100 method_name: run timeout: 0 duration: None cls:
2019-08-11 08:38:33.674 14441 INFO rally.task.runner [-] Task 5146d926-ba69-4159-8ac0-8f4a2a6b7e45 | ITER: 16 START
2019-08-11 08:38:33.678 14448 RALLYDEBUG rally.task.runner [-] Starting a worker. concurrency: 1 args: {} times: 100 method_name: run timeout: 0 duration: None cls:
2019-08-11 08:38:33.679 14445 INFO rally.task.runner [-] Task 5146d926-ba69-4159-8ac0-8f4a2a6b7e45 | ITER: 17 START
2019-08-11 08:38:33.684 14448 INFO rally.task.runner [-] Task 5146d926-ba69-4159-8ac0-8f4a2a6b7e45 | ITER: 18 START
2019-08-11 08:38:33.683 14449 RALLYDEBUG rally.task.runner [-] Starting a worker. concurrency: 1 args: {} times: 100 method_name: run timeout: 0 duration: None cls:
2019-08-11 08:38:33.685 14452 RALLYDEBUG rally.task.runner [-] Starting a worker. concurrency: 1 args: {} times: 100 method_name: run timeout: 0 duration: None cls:
2019-08-11 08:38:33.690 14449 INFO rally.task.runner [-] Task 5146d926-ba69-4159-8ac0-8f4a2a6b7e45 | ITER: 19 START
2019-08-11 08:38:33.691 14452 INFO rally.task.runner [-] Task 5146d926-ba69-4159-8ac0-8f4a2a6b7e45 | ITER: 20 START
2019-08-11 08:38:34.859 14407 INFO rally.task.runner [-] Task 5146d926-ba69-4159-8ac0-8f4a2a6b7e45 | ITER: 1 END: OK
2019-08-11 08:38:34.860 14433 INFO rally.task.runner [-] Task 5146d926-ba69-4159-8ac0-8f4a2a6b7e45 | ITER: 13 END: OK
2019-08-11 08:38:34.863 14407 INFO rally.task.runner [-] Task 5146d926-ba69-4159-8ac0-8f4a2a6b7e45 | ITER: 21 START
2019-08-11 08:38:34.864 14433 INFO rally.task.runner [-] Task 5146d926-ba69-4159-8ac0-8f4a2a6b7e45 | ITER: 22 START
2019-08-11 08:38:34.930 14410 INFO rally.task.runner [-] Task 5146d926-ba69-4159-8ac0-8f4a2a6b7e45 | ITER: 9 END: OK
2019-08-11 08:38:34.933 14410 INFO rally.task.runner [-] Task 5146d926-ba69-4159-8ac0-8f4a2a6b7e45 | ITER: 23 START
2019-08-11 08:38:34.962 14428 INFO rally.task.runner [-] Task 5146d926-ba69-4159-8ac0-8f4a2a6b7e45 | ITER: 12 END: OK
2019-08-11 08:38:34.966 14428 INFO rally.task.runner [-] Task 5146d926-ba69-4159-8ac0-8f4a2a6b7e45 | ITER: 24 START
2019-08-11 08:38:35.034 14448 INFO rally.task.runner [-] Task 5146d926-ba69-4159-8ac0-8f4a2a6b7e45 | ITER: 18 END: OK
2019-08-11 08:38:35.034 14416 INFO rally.task.runner [-] Task 5146d926-ba69-4159-8ac0-8f4a2a6b7e45 | ITER: 10 END: OK
2019-08-11 08:38:35.038 14448 INFO rally.task.runner [-] Task 5146d926-ba69-4159-8ac0-8f4a2a6b7e45 | ITER: 25 START
2019-08-11 08:38:35.038 14416 INFO rally.task.runner [-] Task 5146d926-ba69-4159-8ac0-8f4a2a6b7e45 | ITER: 26 START
2019-08-11 08:38:35.142 14408 INFO rally.task.runner [-] Task 5146d926-ba69-4159-8ac0-8f4a2a6b7e45 | ITER: 4 END: OK
2019-08-11 08:38:35.145 14408 INFO rally.task.runner [-] Task 5146d926-ba69-4159-8ac0-8f4a2a6b7e45 | ITER: 27 START
2019-08-11 08:38:35.149 14420 INFO rally.task.runner [-] Task 5146d926-ba69-4159-8ac0-8f4a2a6b7e45 | ITER: 11 END: OK
2019-08-11 08:38:35.150 14413 INFO rally.task.runner [-] Task 5146d926-ba69-4159-8ac0-8f4a2a6b7e45 | ITER: 8 END: OK
2019-08-11 08:38:35.153 14420 INFO rally.task.runner [-] Task 5146d926-ba69-4159-8ac0-8f4a2a6b7e45 | ITER: 28 START
2019-08-11 08:38:35.156 14413 INFO rally.task.runner [-] Task 5146d926-ba69-4159-8ac0-8f4a2a6b7e45 | ITER: 29 START
2019-08-11 08:38:35.157 14407 INFO rally.task.runner [-] Task 5146d926-ba69-4159-8ac0-8f4a2a6b7e45 | ITER: 3 END: OK
2019-08-11 08:38:35.160 14407 INFO rally.task.runner [-] Task 5146d926-ba69-4159-8ac0-8f4a2a6b7e45 | ITER: 30 START
2019-08-11 08:38:35.215 14436 INFO rally.task.runner [-] Task 5146d926-ba69-4159-8ac0-8f4a2a6b7e45 | ITER: 14 END: OK
2019-08-11 08:38:35.218 14408 INFO rally.task.runner [-] Task 5146d926-ba69-4159-8ac0-8f4a2a6b7e45 | ITER: 2 END: OK
2019-08-11 08:38:35.218 14410 INFO rally.task.runner [-] Task 5146d926-ba69-4159-8ac0-8f4a2a6b7e45 | ITER: 6 END: OK
2019-08-11 08:38:35.219 14436 INFO rally.task.runner [-] Task 5146d926-ba69-4159-8ac0-8f4a2a6b7e45 | ITER: 31 START
2019-08-11 08:38:35.222 14408 INFO rally.task.runner [-] Task 5146d926-ba69-4159-8ac0-8f4a2a6b7e45 | ITER: 32 START
2019-08-11 08:38:35.222 14410 INFO rally.task.runner [-] Task 5146d926-ba69-4159-8ac0-8f4a2a6b7e45 | ITER: 33 START
2019-08-11 08:38:35.301 14445 INFO rally.task.runner [-] Task 5146d926-ba69-4159-8ac0-8f4a2a6b7e45 | ITER: 17 END: OK
2019-08-11 08:38:35.305 14445 INFO rally.task.runner [-] Task 5146d926-ba69-4159-8ac0-8f4a2a6b7e45 | ITER: 34 START
2019-08-11 08:38:35.318 14441 INFO rally.task.runner [-] Task 5146d926-ba69-4159-8ac0-8f4a2a6b7e45 | ITER: 16 END: OK
2019-08-11 08:38:35.321 14441 INFO rally.task.runner [-] Task 5146d926-ba69-4159-8ac0-8f4a2a6b7e45 | ITER: 35 START
2019-08-11 08:38:35.358 14409 INFO rally.task.runner [-] Task 5146d926-ba69-4159-8ac0-8f4a2a6b7e45 | ITER: 7 END: OK
2019-08-11 08:38:35.362 14409 INFO rally.task.runner [-] Task 5146d926-ba69-4159-8ac0-8f4a2a6b7e45 | ITER: 36 START
2019-08-11 08:38:35.383 14452 INFO rally.task.runner [-] Task 5146d926-ba69-4159-8ac0-8f4a2a6b7e45 | ITER: 20 END: OK
2019-08-11 08:38:35.387 14452 INFO rally.task.runner [-] Task 5146d926-ba69-4159-8ac0-8f4a2a6b7e45 | ITER: 37 START
2019-08-11 08:38:35.401 14449 INFO rally.task.runner [-] Task 5146d926-ba69-4159-8ac0-8f4a2a6b7e45 | ITER: 19 END: OK
2019-08-11 08:38:35.405 14449 INFO rally.task.runner [-] Task 5146d926-ba69-4159-8ac0-8f4a2a6b7e45 | ITER: 38 START
2019-08-11 08:38:35.422 14409 INFO rally.task.runner [-] Task 5146d926-ba69-4159-8ac0-8f4a2a6b7e45 | ITER: 5 END: OK
2019-08-11 08:38:35.425 14409 INFO rally.task.runner [-] Task 5146d926-ba69-4159-8ac0-8f4a2a6b7e45 | ITER: 39 START
2019-08-11 08:38:35.553 14439 INFO rally.task.runner [-] Task 5146d926-ba69-4159-8ac0-8f4a2a6b7e45 | ITER: 15 END: OK
2019-08-11 08:38:35.558 14439 INFO rally.task.runner [-] Task 5146d926-ba69-4159-8ac0-8f4a2a6b7e45 | ITER: 40 START
2019-08-11 08:38:35.823 14433 INFO rally.task.runner [-] Task 5146d926-ba69-4159-8ac0-8f4a2a6b7e45 | ITER: 22 END: OK
2019-08-11 08:38:35.827 14433 INFO rally.task.runner [-] Task 5146d926-ba69-4159-8ac0-8f4a2a6b7e45 | ITER: 41 START
2019-08-11 08:38:35.939 14407 INFO rally.task.runner [-] Task 5146d926-ba69-4159-8ac0-8f4a2a6b7e45 | ITER: 30 END: OK
2019-08-11 08:38:35.942 14407 INFO rally.task.runner [-] Task 5146d926-ba69-4159-8ac0-8f4a2a6b7e45 | ITER: 42 START
2019-08-11 08:38:35.950 14407 INFO rally.task.runner [-] Task 5146d926-ba69-4159-8ac0-8f4a2a6b7e45 | ITER: 21 END: OK
2019-08-11 08:38:35.955 14407 INFO rally.task.runner [-] Task 5146d926-ba69-4159-8ac0-8f4a2a6b7e45 | ITER: 43 START
2019-08-11 08:38:35.969 14428 INFO rally.task.runner [-] Task 5146d926-ba69-4159-8ac0-8f4a2a6b7e45 | ITER: 24 END: OK
2019-08-11 08:38:35.972 14428 INFO rally.task.runner [-] Task 5146d926-ba69-4159-8ac0-8f4a2a6b7e45 | ITER: 44 START
2019-08-11 08:38:36.257 14436 INFO rally.task.runner [-] Task 5146d926-ba69-4159-8ac0-8f4a2a6b7e45 | ITER: 31 END: OK
2019-08-11 08:38:36.260 14436 INFO rally.task.runner [-] Task 5146d926-ba69-4159-8ac0-8f4a2a6b7e45 | ITER: 45 START
2019-08-11 08:38:36.311 14448 INFO rally.task.runner [-] Task 5146d926-ba69-4159-8ac0-8f4a2a6b7e45 | ITER: 25 END: OK
2019-08-11 08:38:36.313 14410 INFO rally.task.runner [-] Task 5146d926-ba69-4159-8ac0-8f4a2a6b7e45 | ITER: 23 END: OK
2019-08-11 08:38:36.315 14448 INFO rally.task.runner [-] Task 5146d926-ba69-4159-8ac0-8f4a2a6b7e45 | ITER: 46 START
2019-08-11 08:38:36.316 14410 INFO rally.task.runner [-] Task 5146d926-ba69-4159-8ac0-8f4a2a6b7e45 | ITER: 47 START
2019-08-11 08:38:36.427 14420 INFO rally.task.runner [-] Task 5146d926-ba69-4159-8ac0-8f4a2a6b7e45 | ITER: 28 END: OK
2019-08-11 08:38:36.430 14420 INFO rally.task.runner [-] Task 5146d926-ba69-4159-8ac0-8f4a2a6b7e45 | ITER: 48 START
2019-08-11 08:38:36.437 14416 INFO rally.task.runner [-] Task 5146d926-ba69-4159-8ac0-8f4a2a6b7e45 | ITER: 26 END: OK
2019-08-11 08:38:36.440 14416 INFO rally.task.runner [-] Task 5146d926-ba69-4159-8ac0-8f4a2a6b7e45 | ITER: 49 START
2019-08-11 08:38:36.467 14410 INFO rally.task.runner [-] Task 5146d926-ba69-4159-8ac0-8f4a2a6b7e45 | ITER: 33 END: OK
2019-08-11 08:38:36.470 14410 INFO rally.task.runner [-] Task 5146d926-ba69-4159-8ac0-8f4a2a6b7e45 | ITER: 50 START
2019-08-11 08:38:36.628 14409 INFO rally.task.runner [-] Task 5146d926-ba69-4159-8ac0-8f4a2a6b7e45 | ITER: 36 END: OK
2019-08-11 08:38:36.632 14409 INFO rally.task.runner [-] Task 5146d926-ba69-4159-8ac0-8f4a2a6b7e45 | ITER: 51 START
2019-08-11 08:38:36.725 14441 INFO rally.task.runner [-] Task 5146d926-ba69-4159-8ac0-8f4a2a6b7e45 | ITER: 35 END: OK
2019-08-11 08:38:36.729 14441 INFO rally.task.runner [-] Task 5146d926-ba69-4159-8ac0-8f4a2a6b7e45 | ITER: 52 START
2019-08-11 08:38:36.732 14408 INFO rally.task.runner [-] Task 5146d926-ba69-4159-8ac0-8f4a2a6b7e45 | ITER: 32 END: OK
2019-08-11 08:38:36.736 14408 INFO rally.task.runner [-] Task 5146d926-ba69-4159-8ac0-8f4a2a6b7e45 | ITER: 53 START
2019-08-11 08:38:36.826 14408 INFO rally.task.runner [-] Task 5146d926-ba69-4159-8ac0-8f4a2a6b7e45 | ITER: 27 END: OK
2019-08-11 08:38:36.829 14408 INFO rally.task.runner [-] Task 5146d926-ba69-4159-8ac0-8f4a2a6b7e45 | ITER: 54 START
2019-08-11 08:38:36.900 14452 INFO rally.task.runner [-] Task 5146d926-ba69-4159-8ac0-8f4a2a6b7e45 | ITER: 37 END: OK
2019-08-11 08:38:36.904 14452 INFO rally.task.runner [-] Task 5146d926-ba69-4159-8ac0-8f4a2a6b7e45 | ITER: 55 START
2019-08-11 08:38:36.937 14413 INFO rally.task.runner [-] Task 5146d926-ba69-4159-8ac0-8f4a2a6b7e45 | ITER: 29 END: OK
2019-08-11 08:38:36.941 14413 INFO rally.task.runner [-] Task 5146d926-ba69-4159-8ac0-8f4a2a6b7e45 | ITER: 56 START
2019-08-11 08:38:36.980 14428 INFO rally.task.runner [-] Task 5146d926-ba69-4159-8ac0-8f4a2a6b7e45 | ITER: 44 END: OK
2019-08-11 08:38:36.984 14428 INFO rally.task.runner [-] Task 5146d926-ba69-4159-8ac0-8f4a2a6b7e45 | ITER: 57 START
2019-08-11 08:38:37.076 14445 INFO rally.task.runner [-] Task 5146d926-ba69-4159-8ac0-8f4a2a6b7e45 | ITER: 34 END: OK
2019-08-11 08:38:37.080 14445 INFO rally.task.runner [-] Task 5146d926-ba69-4159-8ac0-8f4a2a6b7e45 | ITER: 58 START
2019-08-11 08:38:37.372 14449 INFO rally.task.runner [-] Task 5146d926-ba69-4159-8ac0-8f4a2a6b7e45 | ITER: 38 END: OK
2019-08-11 08:38:37.376 14449 INFO rally.task.runner [-] Task 5146d926-ba69-4159-8ac0-8f4a2a6b7e45 | ITER: 59 START
2019-08-11 08:38:37.378 14410 INFO rally.task.runner [-] Task 5146d926-ba69-4159-8ac0-8f4a2a6b7e45 | ITER: 47 END: OK
2019-08-11 08:38:37.382 14410 INFO rally.task.runner [-] Task 5146d926-ba69-4159-8ac0-8f4a2a6b7e45 | ITER: 60 START
2019-08-11 08:38:37.400 14433 INFO rally.task.runner [-] Task 5146d926-ba69-4159-8ac0-8f4a2a6b7e45 | ITER: 41 END: OK
2019-08-11 08:38:37.404 14433 INFO rally.task.runner [-] Task 5146d926-ba69-4159-8ac0-8f4a2a6b7e45 | ITER: 61 START
2019-08-11 08:38:37.465 14407 INFO rally.task.runner [-] Task 5146d926-ba69-4159-8ac0-8f4a2a6b7e45 | ITER: 43 END: OK
2019-08-11 08:38:37.469 14407 INFO rally.task.runner [-] Task 5146d926-ba69-4159-8ac0-8f4a2a6b7e45 | ITER: 62 START
2019-08-11 08:38:37.499 14409 INFO rally.task.runner [-] Task 5146d926-ba69-4159-8ac0-8f4a2a6b7e45 | ITER: 39 END: OK
2019-08-11 08:38:37.500 14439 INFO rally.task.runner [-] Task 5146d926-ba69-4159-8ac0-8f4a2a6b7e45 | ITER: 40 END: OK
2019-08-11 08:38:37.502 14409 INFO rally.task.runner [-] Task 5146d926-ba69-4159-8ac0-8f4a2a6b7e45 | ITER: 63 START
2019-08-11 08:38:37.504 14439 INFO rally.task.runner [-] Task 5146d926-ba69-4159-8ac0-8f4a2a6b7e45 | ITER: 64 START
2019-08-11 08:38:37.548 14436 INFO rally.task.runner [-] Task 5146d926-ba69-4159-8ac0-8f4a2a6b7e45 | ITER: 45 END: OK
2019-08-11 08:38:37.552 14436 INFO rally.task.runner [-] Task 5146d926-ba69-4159-8ac0-8f4a2a6b7e45 | ITER: 65 START
2019-08-11 08:38:37.720 14407 INFO rally.task.runner [-] Task 5146d926-ba69-4159-8ac0-8f4a2a6b7e45 | ITER: 42 END: OK
2019-08-11 08:38:37.723 14407 INFO rally.task.runner [-] Task 5146d926-ba69-4159-8ac0-8f4a2a6b7e45 | ITER: 66 START
2019-08-11 08:38:37.832 14448 INFO rally.task.runner [-] Task 5146d926-ba69-4159-8ac0-8f4a2a6b7e45 | ITER: 46 END: OK
2019-08-11 08:38:37.836 14448 INFO rally.task.runner [-] Task 5146d926-ba69-4159-8ac0-8f4a2a6b7e45 | ITER: 67 START
2019-08-11 08:38:37.898 14410 INFO rally.task.runner [-] Task 5146d926-ba69-4159-8ac0-8f4a2a6b7e45 | ITER: 50 END: OK
2019-08-11 08:38:37.902 14410 INFO rally.task.runner [-] Task 5146d926-ba69-4159-8ac0-8f4a2a6b7e45 | ITER: 68 START
2019-08-11 08:38:37.973 14420 INFO rally.task.runner [-] Task 5146d926-ba69-4159-8ac0-8f4a2a6b7e45 | ITER: 48 END: OK
2019-08-11 08:38:37.977 14420 INFO rally.task.runner [-] Task 5146d926-ba69-4159-8ac0-8f4a2a6b7e45 | ITER: 69 START
2019-08-11 08:38:38.100 14441 INFO rally.task.runner [-] Task 5146d926-ba69-4159-8ac0-8f4a2a6b7e45 | ITER: 52 END: OK
2019-08-11 08:38:38.103 14441 INFO rally.task.runner [-] Task 5146d926-ba69-4159-8ac0-8f4a2a6b7e45 | ITER: 70 START
2019-08-11 08:38:38.148 14409 INFO rally.task.runner [-] Task 5146d926-ba69-4159-8ac0-8f4a2a6b7e45 | ITER: 51 END: OK
2019-08-11 08:38:38.152 14409 INFO rally.task.runner [-] Task 5146d926-ba69-4159-8ac0-8f4a2a6b7e45 | ITER: 71 START
2019-08-11 08:38:38.355 14410 INFO rally.task.runner [-] Task 5146d926-ba69-4159-8ac0-8f4a2a6b7e45 | ITER: 60 END: OK
2019-08-11 08:38:38.358 14410 INFO rally.task.runner [-] Task 5146d926-ba69-4159-8ac0-8f4a2a6b7e45 | ITER: 72 START
2019-08-11 08:38:38.746 14449 INFO rally.task.runner [-] Task 5146d926-ba69-4159-8ac0-8f4a2a6b7e45 | ITER: 59 END: OK
2019-08-11 08:38:38.750 14449 INFO rally.task.runner [-] Task 5146d926-ba69-4159-8ac0-8f4a2a6b7e45 | ITER: 73 START
2019-08-11 08:38:38.790 14416 INFO rally.task.runner [-] Task 5146d926-ba69-4159-8ac0-8f4a2a6b7e45 | ITER: 49 END: OK
2019-08-11 08:38:38.794 14416 INFO rally.task.runner [-] Task 5146d926-ba69-4159-8ac0-8f4a2a6b7e45 | ITER: 74 START
2019-08-11 08:38:38.818 14452 INFO rally.task.runner [-] Task 5146d926-ba69-4159-8ac0-8f4a2a6b7e45 | ITER: 55 END: OK
2019-08-11 08:38:38.822 14452 INFO rally.task.runner [-] Task 5146d926-ba69-4159-8ac0-8f4a2a6b7e45 | ITER: 75 START
2019-08-11 08:38:38.840 14408 INFO rally.task.runner [-] Task 5146d926-ba69-4159-8ac0-8f4a2a6b7e45 | ITER: 54 END: OK
2019-08-11 08:38:38.840 14413 INFO rally.task.runner [-] Task 5146d926-ba69-4159-8ac0-8f4a2a6b7e45 | ITER: 56 END: OK
2019-08-11 08:38:38.844 14408 INFO rally.task.runner [-] Task 5146d926-ba69-4159-8ac0-8f4a2a6b7e45 | ITER: 76 START
2019-08-11 08:38:38.844 14413 INFO rally.task.runner [-] Task 5146d926-ba69-4159-8ac0-8f4a2a6b7e45 | ITER: 77 START
2019-08-11 08:38:38.845 14428 INFO rally.task.runner [-] Task 5146d926-ba69-4159-8ac0-8f4a2a6b7e45 | ITER: 57 END: OK
2019-08-11 08:38:38.849 14428 INFO rally.task.runner [-] Task 5146d926-ba69-4159-8ac0-8f4a2a6b7e45 | ITER: 78 START
2019-08-11 08:38:38.854 14408 INFO rally.task.runner [-] Task 5146d926-ba69-4159-8ac0-8f4a2a6b7e45 | ITER: 53 END: OK
2019-08-11 08:38:38.858 14408 INFO rally.task.runner [-] Task 5146d926-ba69-4159-8ac0-8f4a2a6b7e45 | ITER: 79 START
2019-08-11 08:38:39.159 14420 INFO rally.task.runner [-] Task 5146d926-ba69-4159-8ac0-8f4a2a6b7e45 | ITER: 69 END: OK
2019-08-11 08:38:39.163 14420 INFO rally.task.runner [-] Task 5146d926-ba69-4159-8ac0-8f4a2a6b7e45 | ITER: 80 START
2019-08-11 08:38:39.268 14409 INFO rally.task.runner [-] Task 5146d926-ba69-4159-8ac0-8f4a2a6b7e45 | ITER: 63 END: OK
2019-08-11 08:38:39.272 14409 INFO rally.task.runner [-] Task 5146d926-ba69-4159-8ac0-8f4a2a6b7e45 | ITER: 81 START
2019-08-11 08:38:39.301 14439 INFO rally.task.runner [-] Task 5146d926-ba69-4159-8ac0-8f4a2a6b7e45 | ITER: 64 END: OK
2019-08-11 08:38:39.305 14439 INFO rally.task.runner [-] Task 5146d926-ba69-4159-8ac0-8f4a2a6b7e45 | ITER: 82 START
2019-08-11 08:38:39.349 14407 INFO rally.task.runner [-] Task 5146d926-ba69-4159-8ac0-8f4a2a6b7e45 | ITER: 66 END: OK
2019-08-11 08:38:39.353 14407 INFO rally.task.runner [-] Task 5146d926-ba69-4159-8ac0-8f4a2a6b7e45 | ITER: 83 START
2019-08-11 08:38:39.478 14448 INFO rally.task.runner [-] Task 5146d926-ba69-4159-8ac0-8f4a2a6b7e45 | ITER: 67 END: OK
2019-08-11 08:38:39.481 14407 INFO rally.task.runner [-] Task 5146d926-ba69-4159-8ac0-8f4a2a6b7e45 | ITER: 62 END: OK
2019-08-11 08:38:39.481 14448 INFO rally.task.runner [-] Task 5146d926-ba69-4159-8ac0-8f4a2a6b7e45 | ITER: 84 START
2019-08-11 08:38:39.484 14407 INFO rally.task.runner [-] Task 5146d926-ba69-4159-8ac0-8f4a2a6b7e45 | ITER: 85 START
2019-08-11 08:38:39.715 14433 INFO rally.task.runner [-] Task 5146d926-ba69-4159-8ac0-8f4a2a6b7e45 | ITER: 61 END: OK
2019-08-11 08:38:39.718 14433 INFO rally.task.runner [-] Task 5146d926-ba69-4159-8ac0-8f4a2a6b7e45 | ITER: 86 START
2019-08-11 08:38:39.797 14445 INFO rally.task.runner [-] Task 5146d926-ba69-4159-8ac0-8f4a2a6b7e45 | ITER: 58 END: OK
2019-08-11 08:38:39.801 14445 INFO rally.task.runner [-] Task 5146d926-ba69-4159-8ac0-8f4a2a6b7e45 | ITER: 87 START
2019-08-11 08:38:39.895 14413 INFO rally.task.runner [-] Task 5146d926-ba69-4159-8ac0-8f4a2a6b7e45 | ITER: 77 END: OK
2019-08-11 08:38:39.898 14413 INFO rally.task.runner [-] Task 5146d926-ba69-4159-8ac0-8f4a2a6b7e45 | ITER: 88 START
2019-08-11 08:38:39.944 14428 INFO rally.task.runner [-] Task 5146d926-ba69-4159-8ac0-8f4a2a6b7e45 | ITER: 78 END: OK
2019-08-11 08:38:39.947 14428 INFO rally.task.runner [-] Task 5146d926-ba69-4159-8ac0-8f4a2a6b7e45 | ITER: 89 START
2019-08-11 08:38:39.983 14410 INFO rally.task.runner [-] Task 5146d926-ba69-4159-8ac0-8f4a2a6b7e45 | ITER: 68 END: OK
2019-08-11 08:38:39.987 14410 INFO rally.task.runner [-] Task 5146d926-ba69-4159-8ac0-8f4a2a6b7e45 | ITER: 90 START
2019-08-11 08:38:40.084 14409 INFO rally.task.runner [-] Task 5146d926-ba69-4159-8ac0-8f4a2a6b7e45 | ITER: 71 END: OK
2019-08-11 08:38:40.088 14409 INFO rally.task.runner [-] Task 5146d926-ba69-4159-8ac0-8f4a2a6b7e45 | ITER: 91 START
2019-08-11 08:38:40.124 14410 INFO rally.task.runner [-] Task 5146d926-ba69-4159-8ac0-8f4a2a6b7e45 | ITER: 72 END: OK
2019-08-11 08:38:40.127 14410 INFO rally.task.runner [-] Task 5146d926-ba69-4159-8ac0-8f4a2a6b7e45 | ITER: 92 START
2019-08-11 08:38:40.222 14441 INFO rally.task.runner [-] Task 5146d926-ba69-4159-8ac0-8f4a2a6b7e45 | ITER: 70 END: OK
2019-08-11 08:38:40.225 14441 INFO rally.task.runner [-] Task 5146d926-ba69-4159-8ac0-8f4a2a6b7e45 | ITER: 93 START
2019-08-11 08:38:40.287 14436 INFO rally.task.runner [-] Task 5146d926-ba69-4159-8ac0-8f4a2a6b7e45 | ITER: 65 END: OK
2019-08-11 08:38:40.290 14436 INFO rally.task.runner [-] Task 5146d926-ba69-4159-8ac0-8f4a2a6b7e45 | ITER: 94 START
2019-08-11 08:38:40.308 14408 INFO rally.task.runner [-] Task 5146d926-ba69-4159-8ac0-8f4a2a6b7e45 | ITER: 76 END: OK
2019-08-11 08:38:40.311 14408 INFO rally.task.runner [-] Task 5146d926-ba69-4159-8ac0-8f4a2a6b7e45 | ITER: 95 START
2019-08-11 08:38:40.481 14439 INFO rally.task.runner [-] Task 5146d926-ba69-4159-8ac0-8f4a2a6b7e45 | ITER: 82 END: OK
2019-08-11 08:38:40.485 14439 INFO rally.task.runner [-] Task 5146d926-ba69-4159-8ac0-8f4a2a6b7e45 | ITER: 96 START
2019-08-11 08:38:40.630 14416 INFO rally.task.runner [-] Task 5146d926-ba69-4159-8ac0-8f4a2a6b7e45 | ITER: 74 END: OK
2019-08-11 08:38:40.633 14416 INFO rally.task.runner [-] Task 5146d926-ba69-4159-8ac0-8f4a2a6b7e45 | ITER: 97 START
2019-08-11 08:38:40.684 14407 INFO rally.task.runner [-] Task 5146d926-ba69-4159-8ac0-8f4a2a6b7e45 | ITER: 85 END: OK
2019-08-11 08:38:40.687 14407 INFO rally.task.runner [-] Task 5146d926-ba69-4159-8ac0-8f4a2a6b7e45 | ITER: 98 START
2019-08-11 08:38:40.713 14449 INFO rally.task.runner [-] Task 5146d926-ba69-4159-8ac0-8f4a2a6b7e45 | ITER: 73 END: OK
2019-08-11 08:38:40.716 14449 INFO rally.task.runner [-] Task 5146d926-ba69-4159-8ac0-8f4a2a6b7e45 | ITER: 99 START
2019-08-11 08:38:40.731 14409 INFO rally.task.runner [-] Task 5146d926-ba69-4159-8ac0-8f4a2a6b7e45 | ITER: 81 END: OK
2019-08-11 08:38:40.734 14409 INFO rally.task.runner [-] Task 5146d926-ba69-4159-8ac0-8f4a2a6b7e45 | ITER: 100 START
2019-08-11 08:38:40.773 14407 INFO rally.task.runner [-] Task 5146d926-ba69-4159-8ac0-8f4a2a6b7e45 | ITER: 83 END: OK
2019-08-11 08:38:41.027 14408 INFO rally.task.runner [-] Task 5146d926-ba69-4159-8ac0-8f4a2a6b7e45 | ITER: 79 END: OK
2019-08-11 08:38:41.128 14420 INFO rally.task.runner [-] Task 5146d926-ba69-4159-8ac0-8f4a2a6b7e45 | ITER: 80 END: OK
2019-08-11 08:38:41.137 14452 INFO rally.task.runner [-] Task 5146d926-ba69-4159-8ac0-8f4a2a6b7e45 | ITER: 75 END: OK
2019-08-11 08:38:41.278 14433 INFO rally.task.runner [-] Task 5146d926-ba69-4159-8ac0-8f4a2a6b7e45 | ITER: 86 END: OK
2019-08-11 08:38:41.422 14448 INFO rally.task.runner [-] Task 5146d926-ba69-4159-8ac0-8f4a2a6b7e45 | ITER: 84 END: OK
2019-08-11 08:38:41.649 14413 INFO rally.task.runner [-] Task 5146d926-ba69-4159-8ac0-8f4a2a6b7e45 | ITER: 88 END: OK
2019-08-11 08:38:41.698 14410 INFO rally.task.runner [-] Task 5146d926-ba69-4159-8ac0-8f4a2a6b7e45 | ITER: 92 END: OK
2019-08-11 08:38:41.792 14410 INFO rally.task.runner [-] Task 5146d926-ba69-4159-8ac0-8f4a2a6b7e45 | ITER: 90 END: OK
2019-08-11 08:38:41.908 14409 INFO rally.task.runner [-] Task 5146d926-ba69-4159-8ac0-8f4a2a6b7e45 | ITER: 91 END: OK
2019-08-11 08:38:41.915 14445 INFO rally.task.runner [-] Task 5146d926-ba69-4159-8ac0-8f4a2a6b7e45 | ITER: 87 END: OK
2019-08-11 08:38:41.916 14441 INFO rally.task.runner [-] Task 5146d926-ba69-4159-8ac0-8f4a2a6b7e45 | ITER: 93 END: OK
2019-08-11 08:38:42.067 14428 INFO rally.task.runner [-] Task 5146d926-ba69-4159-8ac0-8f4a2a6b7e45 | ITER: 89 END: OK
2019-08-11 08:38:42.298 14439 INFO rally.task.runner [-] Task 5146d926-ba69-4159-8ac0-8f4a2a6b7e45 | ITER: 96 END: OK
2019-08-11 08:38:42.300 14436 INFO rally.task.runner [-] Task 5146d926-ba69-4159-8ac0-8f4a2a6b7e45 | ITER: 94 END: OK
2019-08-11 08:38:42.355 14408 INFO rally.task.runner [-] Task 5146d926-ba69-4159-8ac0-8f4a2a6b7e45 | ITER: 95 END: OK
2019-08-11 08:38:42.568 14407 INFO rally.task.runner [-] Task 5146d926-ba69-4159-8ac0-8f4a2a6b7e45 | ITER: 98 END: OK
2019-08-11 08:38:42.618 14449 INFO rally.task.runner [-] Task 5146d926-ba69-4159-8ac0-8f4a2a6b7e45 | ITER: 99 END: OK
2019-08-11 08:38:42.770 14416 INFO rally.task.runner [-] Task 5146d926-ba69-4159-8ac0-8f4a2a6b7e45 | ITER: 97 END: OK
2019-08-11 08:38:43.008 14409 INFO rally.task.runner [-] Task 5146d926-ba69-4159-8ac0-8f4a2a6b7e45 | ITER: 100 END: OK
2019-08-11 08:38:43.032 14283 INFO rally.task.context [-] Task 5146d926-ba69-4159-8ac0-8f4a2a6b7e45 | Context cleanup@openstack cleanup() started
2019-08-11 08:38:43.035 14283 RALLYDEBUG rally_openstack.cleanup.manager [-] Cleaning up neutron vip objects
2019-08-11 08:38:43.440 14283 RALLYDEBUG rally_openstack.cleanup.manager [-] Cleaning up neutron health_monitor objects
2019-08-11 08:38:43.841 14283 RALLYDEBUG rally_openstack.cleanup.manager [-] Cleaning up neutron pool objects
2019-08-11 08:38:44.247 14283 RALLYDEBUG rally_openstack.cleanup.manager [-] Cleaning up neutron loadbalancer objects
2019-08-11 08:38:44.641 14283 RALLYDEBUG rally_openstack.cleanup.manager [-] Cleaning up neutron floatingip objects
2019-08-11 08:38:45.078 14283 RALLYDEBUG rally_openstack.cleanup.manager [-] Cleaning up neutron port objects
2019-08-11 08:38:45.504 14283 RALLYDEBUG rally_openstack.cleanup.manager [-] Cleaning up neutron subnet objects
2019-08-11 08:38:45.932 14283 RALLYDEBUG rally_openstack.cleanup.manager [-] Cleaning up neutron network objects
2019-08-11 08:38:46.666 14283 RALLYDEBUG rally_openstack.cleanup.manager [-] Deleting neutron.network object s_rally_1d768420_sb6HSXnu (134f9907-0cb4-4c78-bb55-26fb98292493)
2019-08-11 08:38:46.667 14283 RALLYDEBUG rally_openstack.cleanup.manager [-] Deleting neutron.network object s_rally_1d768420_ZLXvrFit (1cb2ab37-6107-4444-8d0f-b6beed0edf32)
2019-08-11 08:38:46.670 14283 RALLYDEBUG rally_openstack.cleanup.manager [-] Deleting neutron.network object s_rally_1d768420_RPTz3HJI (131cc61c-5cfd-4c2f-aa98-66398f11273f)
2019-08-11 08:38:46.671 14283 RALLYDEBUG rally_openstack.cleanup.manager [-] Deleting neutron.network object s_rally_1d768420_eIggAsbs (078b1e5e-f03b-49be-ab85-27d3d8bcad4e)
2019-08-11 08:38:46.678 14283 RALLYDEBUG rally_openstack.cleanup.manager [-] Deleting neutron.network object s_rally_1d768420_GDP4BE6s (1e476feb-4760-4928-9978-9c08752b14cb)
2019-08-11 08:38:46.687 14283 RALLYDEBUG rally_openstack.cleanup.manager [-] Deleting neutron.network object s_rally_1d768420_x2KlRujZ (17ce38c8-f51f-47fe-92ea-5d1b6490fb58)
2019-08-11 08:38:46.690 14283 RALLYDEBUG rally_openstack.cleanup.manager [-] Deleting neutron.network object s_rally_1d768420_oiBR7nQl (13a1cac8-119e-4988-88e4-8c517954bc0c)
2019-08-11 08:38:46.692 14283 RALLYDEBUG rally_openstack.cleanup.manager [-] Deleting neutron.network object s_rally_1d768420_STQk9xuY (200254ba-33e2-4b79-87ec-4d39f54abf19)
2019-08-11 08:38:46.697 14283 RALLYDEBUG rally_openstack.cleanup.manager [-] Deleting neutron.network object s_rally_1d768420_BjaCPz1C (217ab103-180b-489f-882f-219b67891862)
2019-08-11 08:38:46.697 14283 RALLYDEBUG rally_openstack.cleanup.manager [-] Deleting neutron.network object s_rally_1d768420_1jKZHLhm (2a36aa51-67f8-4ba0-8691-963f06a281b1)
2019-08-11 08:38:46.700 14283 RALLYDEBUG rally_openstack.cleanup.manager [-] Deleting neutron.network object s_rally_1d768420_Mxd80Ni5 (0e9559c7-da80-40e3-b0ae-23ec8d1aa99e)
2019-08-11 08:38:46.703 14283 RALLYDEBUG rally_openstack.cleanup.manager [-] Deleting neutron.network object s_rally_1d768420_Kp5Tk3sQ (1430903b-4252-4b36-8c32-8e575083de9b)
2019-08-11 08:38:46.706 14283 RALLYDEBUG rally_openstack.cleanup.manager [-] Deleting neutron.network object s_rally_1d768420_Y5zWOtHN (1e76898f-e120-4de5-9839-b4fb6a202169)
2019-08-11 08:38:46.709 14283 RALLYDEBUG rally_openstack.cleanup.manager [-] Deleting neutron.network object s_rally_1d768420_yZ0Yvri3 (0716502f-fa99-450c-a97a-68394d3bcb98)
2019-08-11 08:38:46.718 14283 RALLYDEBUG rally_openstack.cleanup.manager [-] Deleting neutron.network object s_rally_1d768420_XAa6nF81 (03663d7d-317b-4e09-8fa2-93fd44930424)
2019-08-11 08:38:46.729 14283 RALLYDEBUG rally_openstack.cleanup.manager [-] Deleting neutron.network object s_rally_1d768420_oblshqPp (1ab23d27-4d92-4691-8059-eb6bf5947c72)
2019-08-11 08:38:46.731 14283 RALLYDEBUG rally_openstack.cleanup.manager [-] Deleting neutron.network object s_rally_1d768420_YW5UB9ev (1aaa0517-03a5-4c42-883c-d53f033307cd)
2019-08-11 08:38:46.738 14283 RALLYDEBUG rally_openstack.cleanup.manager [-] Deleting neutron.network object s_rally_1d768420_gQTQtvpu (0c870bba-6fed-4aad-816c-296b2864ec52)
2019-08-11 08:38:46.742 14283 RALLYDEBUG rally_openstack.cleanup.manager [-] Deleting neutron.network object s_rally_1d768420_XDfJS9N7 (20c4212a-b547-4427-8924-4e68ff2a5832)
2019-08-11 08:38:46.742 14283 RALLYDEBUG rally_openstack.cleanup.manager [-] Deleting neutron.network object s_rally_1d768420_4XRDKjQH (10adc4d3-52f8-4b33-ae46-08b35e0c3579)
2019-08-11 08:38:48.971 14283 RALLYDEBUG rally_openstack.cleanup.manager [-] Deleting neutron.network object s_rally_1d768420_8K9kVGgg (2bb2bfee-a02f-44a5-ac94-4a17ff45cd56)
2019-08-11 08:38:49.011 14283 RALLYDEBUG rally_openstack.cleanup.manager [-] Deleting neutron.network object s_rally_1d768420_xs13M4CK (2c1d707f-3258-4f60-88b5-c3fe763cdcf9)
2019-08-11 08:38:49.243 14283 RALLYDEBUG rally_openstack.cleanup.manager [-] Deleting neutron.network object s_rally_1d768420_ZRR7Vx6W (2d6e7d02-b3c5-4f08-90fb-29b67bf65a6a)
2019-08-11 08:38:49.312 14283 RALLYDEBUG rally_openstack.cleanup.manager [-] Deleting neutron.network object s_rally_1d768420_F8cuyd9U (2f5e7856-fd8b-4a85-9fe9-fe28f779754e)
2019-08-11 08:38:49.344 14283 RALLYDEBUG rally_openstack.cleanup.manager [-] Deleting neutron.network object s_rally_1d768420_19C4ia6Z (375118ef-287d-4612-9c3c-f5286d89e91f)
2019-08-11 08:38:49.351 14283 RALLYDEBUG rally_openstack.cleanup.manager [-] Deleting neutron.network object s_rally_1d768420_CzHqIF2z (3ebf1809-04d6-4d9c-8baa-eab2b72c9b3d)
2019-08-11 08:38:49.454 14283 RALLYDEBUG rally_openstack.cleanup.manager [-] Deleting neutron.network object s_rally_1d768420_OtFrO6E4 (4260d340-3cba-4d6b-94c3-05a00426cd2c)
2019-08-11 08:38:49.511 14283 RALLYDEBUG rally_openstack.cleanup.manager [-] Deleting neutron.network object s_rally_1d768420_KlALW2aQ (42ea31eb-ce62-445e-ae2c-a1886d7b1906)
2019-08-11 08:38:49.522 14283 RALLYDEBUG rally_openstack.cleanup.manager [-] Deleting neutron.network object s_rally_1d768420_3TzMSQL4 (444b3844-e4fd-49a7-a016-139efbcd5567)
2019-08-11 08:38:49.648 14283 RALLYDEBUG rally_openstack.cleanup.manager [-] Deleting neutron.network object s_rally_1d768420_0HTNuYiz (48a3347d-373b-499c-af13-4f158dc41bc8)
2019-08-11 08:38:49.704 14283 RALLYDEBUG rally_openstack.cleanup.manager [-] Deleting neutron.network object s_rally_1d768420_gTj9jDfk (4925b7b5-21ed-4c87-8b4b-fc5817154335)
2019-08-11 08:38:49.761 14283 RALLYDEBUG rally_openstack.cleanup.manager [-] Deleting neutron.network object s_rally_1d768420_DBsUyIuT (4c128d87-9966-4eb4-ad47-44ddc21e103e)
2019-08-11 08:38:50.047 14283 RALLYDEBUG rally_openstack.cleanup.manager [-] Deleting neutron.network object s_rally_1d768420_NTSYsIbG (4f4f0f80-6122-441e-a848-f0edf71acb95)
2019-08-11 08:38:50.404 14283 RALLYDEBUG rally_openstack.cleanup.manager [-] Deleting neutron.network object s_rally_1d768420_XtLPmD0q (518721be-ab5b-4ae2-b9ec-a0d5453335b9)
2019-08-11 08:38:50.416 14283 RALLYDEBUG rally_openstack.cleanup.manager [-] Deleting neutron.network object s_rally_1d768420_fJP2zyve (547a38b6-d28f-439c-801a-56c18f418370)
2019-08-11 08:38:50.416 14283 RALLYDEBUG rally_openstack.cleanup.manager [-] Deleting neutron.network object s_rally_1d768420_3EbOI6Kd (5c6ddd94-1c1b-49c6-9c67-8d1a15d5e9c5)
2019-08-11 08:38:50.426 14283 RALLYDEBUG rally_openstack.cleanup.manager [-] Deleting neutron.network object s_rally_1d768420_WHFXTUgE (5db4c1a3-28d7-40d6-8947-06e19b506787)
2019-08-11 08:38:50.480 14283 RALLYDEBUG rally_openstack.cleanup.manager [-] Deleting neutron.network object s_rally_1d768420_lbMkFzNV (5e4b0a5e-fd92-4c37-bc6d-2fbd08a50af5)
2019-08-11 08:38:50.488 14283 RALLYDEBUG rally_openstack.cleanup.manager [-] Deleting neutron.network object s_rally_1d768420_jaYCx7AK (5f27c4a0-a25d-4710-b023-098d34ea4798)
2019-08-11 08:38:50.635 14283 RALLYDEBUG rally_openstack.cleanup.manager [-] Deleting neutron.network object s_rally_1d768420_twfrXQ2e (65fba979-dece-4ccc-a0b0-b28e2226da66)
2019-08-11 08:38:51.196 14283 RALLYDEBUG rally_openstack.cleanup.manager [-] Deleting neutron.network object s_rally_1d768420_NQF9B99N (67463052-7602-4601-a0d9-f8776f719c24)
2019-08-11 08:38:51.303 14283 RALLYDEBUG rally_openstack.cleanup.manager [-] Deleting neutron.network object s_rally_1d768420_TMklVrkl (69f63189-b42a-4cf0-9b97-0fb878c36cc6)
2019-08-11 08:38:51.361 14283 RALLYDEBUG rally_openstack.cleanup.manager [-] Deleting neutron.network object s_rally_1d768420_MT9UWJiw (6c0c97a0-7f0e-43d2-9131-29fa10e0b71a)
2019-08-11 08:38:51.611 14283 RALLYDEBUG rally_openstack.cleanup.manager [-] Deleting neutron.network object s_rally_1d768420_sFlnz8ZB (6cd1db50-f3e5-4f52-b384-df92c0c6f8de)
2019-08-11 08:38:51.728 14283 RALLYDEBUG rally_openstack.cleanup.manager [-] Deleting neutron.network object s_rally_1d768420_pwRNvfS3 (6ecdc846-4eaa-4f60-a417-6b33fa3c029c)
2019-08-11 08:38:51.923 14283 RALLYDEBUG rally_openstack.cleanup.manager [-] Deleting neutron.network object s_rally_1d768420_sDrvdhHo (718be0c3-4928-42d1-8676-31a6cbae9ad1)
2019-08-11 08:38:52.041 14283 RALLYDEBUG rally_openstack.cleanup.manager [-] Deleting neutron.network object s_rally_1d768420_EiB27ioH (73c4a22b-358b-4123-8a02-2c67f75bd30f)
2019-08-11 08:38:52.267 14283 RALLYDEBUG rally_openstack.cleanup.manager [-] Deleting neutron.network object s_rally_1d768420_IcTZ0xph (77e0b300-39aa-4476-b869-f1b39d66c151)
2019-08-11 08:38:52.291 14283 RALLYDEBUG rally_openstack.cleanup.manager [-] Deleting neutron.network object s_rally_1d768420_0nwZ7924 (7894b817-9977-4c74-af5e-1acb3f194157)
2019-08-11 08:38:52.358 14283 RALLYDEBUG rally_openstack.cleanup.manager [-] Deleting neutron.network object s_rally_1d768420_vI98jUaP (7b9b6a75-d6e1-47d1-91f4-945d88fbf404)
2019-08-11 08:38:52.449 14283 RALLYDEBUG rally_openstack.cleanup.manager [-] Deleting neutron.network object s_rally_1d768420_phvxJvIb (7d791ec8-b6fa-4bf9-b7a4-435444fca78a)
2019-08-11 08:38:52.579 14283 RALLYDEBUG rally_openstack.cleanup.manager [-] Deleting neutron.network object s_rally_1d768420_3u7QsfSG (8aacce65-82ec-4464-88de-b73cc9e581d7)
2019-08-11 08:38:52.622 14283 RALLYDEBUG rally_openstack.cleanup.manager [-] Deleting neutron.network object s_rally_1d768420_n5awDbqP (8c00858b-43b8-4ac7-b585-941f86dda60a)
2019-08-11 08:38:52.695 14283 RALLYDEBUG rally_openstack.cleanup.manager [-] Deleting neutron.network object s_rally_1d768420_CibJBnJE (8ff17e23-2e61-4ebc-a13a-a674d653fc95)
2019-08-11 08:38:52.766 14283 RALLYDEBUG rally_openstack.cleanup.manager [-] Deleting neutron.network object s_rally_1d768420_RtfTV47P (9081790e-b410-4e6f-90cb-d1c12d6cdb84)
2019-08-11 08:38:52.916 14283 RALLYDEBUG rally_openstack.cleanup.manager [-] Deleting neutron.network object s_rally_1d768420_glPizJdK (91f31f60-a0d0-4398-8404-f4e6b1cb749b)
2019-08-11 08:38:53.195 14283 RALLYDEBUG rally_openstack.cleanup.manager [-] Deleting neutron.network object s_rally_1d768420_2wAfA52p (9321e95d-8c91-46d7-ab19-79f9e3cf86fb)
2019-08-11 08:38:53.290 14283 RALLYDEBUG rally_openstack.cleanup.manager [-] Deleting neutron.network object s_rally_1d768420_OfErFJFU (9d21c1ae-fac2-451b-a9dc-0b96b997155c)
2019-08-11 08:38:53.422 14283 RALLYDEBUG rally_openstack.cleanup.manager [-] Deleting neutron.network object s_rally_1d768420_q04XZ3mZ (9e18eaf8-7450-4e8d-9cc1-534617423564)
2019-08-11 08:38:53.525 14283 RALLYDEBUG rally_openstack.cleanup.manager [-] Deleting neutron.network object s_rally_1d768420_RRsbQxJc (9e58f5ed-f35d-4c55-b724-92e45daf6191)
2019-08-11 08:38:53.570 14283 RALLYDEBUG rally_openstack.cleanup.manager [-] Deleting neutron.network object s_rally_1d768420_AGNBnqJ3 (9f389954-6181-48e9-a1fb-144ed8fae4dd)
2019-08-11 08:38:53.683 14283 RALLYDEBUG rally_openstack.cleanup.manager [-] Deleting neutron.network object s_rally_1d768420_0NA44ke4 (a07d8424-8449-4b97-8075-ee28117105aa)
2019-08-11 08:38:53.747 14283 RALLYDEBUG rally_openstack.cleanup.manager [-] Deleting neutron.network object s_rally_1d768420_vN9ToE8A (a2fa638d-0418-46c4-acdb-569cef0c44a8)
2019-08-11 08:38:54.061 14283 RALLYDEBUG rally_openstack.cleanup.manager [-] Deleting neutron.network object s_rally_1d768420_1f3N5ijI (a3af269e-f8e4-4fb4-917d-686193e11c45)
2019-08-11 08:38:54.098 14283 RALLYDEBUG rally_openstack.cleanup.manager [-] Deleting neutron.network object s_rally_1d768420_aZqUxIXK (a4f2ea13-8ab7-4a73-b7ab-de41b76f1d52)
2019-08-11 08:38:54.234 14283 RALLYDEBUG rally_openstack.cleanup.manager [-] Deleting neutron.network object s_rally_1d768420_ZbPEXivp (a52a4270-4816-45bc-b208-5cd1782a2cf1)
2019-08-11 08:38:54.483 14283 RALLYDEBUG rally_openstack.cleanup.manager [-] Deleting neutron.network object s_rally_1d768420_1gsUJ9BL (aae780fe-f4f0-42fe-90d7-9b71b0d9ab7c)
2019-08-11 08:38:54.512 14283 RALLYDEBUG rally_openstack.cleanup.manager [-] Deleting neutron.network object s_rally_1d768420_iB8RxCFD (acd46b08-379b-4619-82f2-509ec417636a)
2019-08-11 08:38:54.923 14283 RALLYDEBUG rally_openstack.cleanup.manager [-] Deleting neutron.network object s_rally_1d768420_pQ7jImXJ (b00a189c-93f4-43b4-a448-4ddb721f63cf)
2019-08-11 08:38:55.015 14283 RALLYDEBUG rally_openstack.cleanup.manager [-] Deleting neutron.network object s_rally_1d768420_zFFRNofu (b196e45c-b474-4c46-abdb-5ff3b1a12bec)
2019-08-11 08:38:55.216 14283 RALLYDEBUG rally_openstack.cleanup.manager [-] Deleting neutron.network object s_rally_1d768420_agCtZN0Q (b75afdaf-a41a-4180-a9a8-6fcd644cdc34)
2019-08-11 08:38:55.224 14283 RALLYDEBUG rally_openstack.cleanup.manager [-] Deleting neutron.network object s_rally_1d768420_kKn9EMFj (b988339b-95de-40c8-b894-e353e9695f6e)
2019-08-11 08:38:55.326 14283 RALLYDEBUG rally_openstack.cleanup.manager [-] Deleting neutron.network object s_rally_1d768420_2De4om6w (c3aeb6da-a26a-4965-855c-56e5b44aff40)
2019-08-11 08:38:55.541 14283 RALLYDEBUG rally_openstack.cleanup.manager [-] Deleting neutron.network object s_rally_1d768420_cphHaj3f (c42a7bf0-3281-40ed-b5cd-b4739ba0af08)
2019-08-11 08:38:55.651 14283 RALLYDEBUG rally_openstack.cleanup.manager [-] Deleting neutron.network object s_rally_1d768420_B8ibF8L0 (c510b87a-580d-4eae-9dee-f799fa99d0a6)
2019-08-11 08:38:55.774 14283 RALLYDEBUG rally_openstack.cleanup.manager [-] Deleting neutron.network object s_rally_1d768420_sSuqrOpN (c7b76d23-3283-47c7-a91e-30e616d43534)
2019-08-11 08:38:56.134 14283 RALLYDEBUG rally_openstack.cleanup.manager [-] Deleting neutron.network object s_rally_1d768420_n9ZK0JYa (c8f8a9c1-3ceb-452e-8c3f-48b776d421bc)
2019-08-11 08:38:56.239 14283 RALLYDEBUG rally_openstack.cleanup.manager [-] Deleting neutron.network object s_rally_1d768420_5FxceePf (c90145fc-812e-4670-b203-b7b9080e00f9)
2019-08-11 08:38:56.337 14283 RALLYDEBUG rally_openstack.cleanup.manager [-] Deleting neutron.network object s_rally_1d768420_sZDOPQMV (ca8c599b-f4b9-4c03-bfa8-52367f1907c1)
2019-08-11 08:38:56.518 14283 RALLYDEBUG rally_openstack.cleanup.manager [-] Deleting neutron.network object s_rally_1d768420_oijo542R (cde5e4f4-ef30-4bb4-aa7b-9c308d3c706a)
2019-08-11 08:38:56.679 14283 RALLYDEBUG rally_openstack.cleanup.manager [-] Deleting neutron.network object s_rally_1d768420_8yCUGItt (d3a6311b-55d5-4aa3-a800-3f4692c4f4af)
2019-08-11 08:38:56.798 14283 RALLYDEBUG rally_openstack.cleanup.manager [-] Deleting neutron.network object s_rally_1d768420_Nx9ssMAe (d6ac5614-8ba6-4ee1-83aa-c6d0a0e3e6f8)
2019-08-11 08:38:56.852 14283 RALLYDEBUG rally_openstack.cleanup.manager [-] Deleting neutron.network object s_rally_1d768420_n5jIyXjM (dab300e2-257e-4ae2-b97e-7573f491fb19)
2019-08-11 08:38:56.949 14283 RALLYDEBUG rally_openstack.cleanup.manager [-] Deleting neutron.network object s_rally_1d768420_yzeZ7aaH (dd03f2f8-4a00-46b8-9051-e3f54da79f03)
2019-08-11 08:38:56.980 14283 RALLYDEBUG rally_openstack.cleanup.manager [-] Deleting neutron.network object s_rally_1d768420_o8Dq0l5n (de01fce0-f858-4094-91dc-292798830793)
2019-08-11 08:38:57.005 14283 RALLYDEBUG rally_openstack.cleanup.manager [-] Deleting neutron.network object s_rally_1d768420_Mu6XKZUR (df82b8f8-045a-4d1f-bd40-6ec061fb6696)
2019-08-11 08:38:57.198 14283 RALLYDEBUG rally_openstack.cleanup.manager [-] Deleting neutron.network object s_rally_1d768420_Ofw96tjc (e08cb68b-84c8-467d-842e-16126afd8991)
2019-08-11 08:38:57.220 14283 RALLYDEBUG rally_openstack.cleanup.manager [-] Deleting neutron.network object s_rally_1d768420_ezEV9G3J (e1cbd939-97f4-4bd6-9bdc-c37561b97648)
2019-08-11 08:38:57.232 14283 RALLYDEBUG rally_openstack.cleanup.manager [-] Deleting neutron.network object s_rally_1d768420_aKn9Pqd9 (e9b774b3-46ba-40de-bddc-f86d3af2108e)
2019-08-11 08:38:58.013 14283 RALLYDEBUG rally_openstack.cleanup.manager [-] Deleting neutron.network object s_rally_1d768420_eYi4SrME (e9c760cb-f651-49db-b969-702f6405c0dd)
2019-08-11 08:38:58.135 14283 RALLYDEBUG rally_openstack.cleanup.manager [-] Deleting neutron.network object s_rally_1d768420_WlwUdOEN (eb70d390-d26d-40b2-bb03-78f669645de2)
2019-08-11 08:38:58.167 14283 RALLYDEBUG rally_openstack.cleanup.manager [-] Deleting neutron.network object s_rally_1d768420_XAEoMVsj (ecc8bae4-8e12-4d10-9f5c-61666f0f7787)
2019-08-11 08:38:58.307 14283 RALLYDEBUG rally_openstack.cleanup.manager [-] Deleting neutron.network object s_rally_1d768420_x5kY4aw3 (ee90d9e6-b612-4cbe-ab80-fd9c106bb1d0)
2019-08-11 08:38:58.405 14283 RALLYDEBUG rally_openstack.cleanup.manager [-] Deleting neutron.network object s_rally_1d768420_91qUwZq2 (ef2d3c2f-9418-4559-918e-25687fdb4747)
2019-08-11 08:38:58.580 14283 RALLYDEBUG rally_openstack.cleanup.manager [-] Deleting neutron.network object s_rally_1d768420_OUUorVzo (f14bc6dc-4dab-424a-884a-6cc5339aa7a3)
2019-08-11 08:38:58.580 14283 RALLYDEBUG rally_openstack.cleanup.manager [-] Deleting neutron.network object s_rally_1d768420_kG2xrK9c (f1ee039c-f253-4910-9818-5a0b90602cf0)
