2019-08-11 08:50:36.800 14283 RALLYDEBUG rally_openstack.cleanup.manager [-] Deleting neutron.port object s_rally_5889576c_7d9UoSNk (cb4678fb-fab7-477c-b2f8-c98667a9d651)
2019-08-11 08:50:36.919 14283 RALLYDEBUG rally_openstack.cleanup.manager [-] Deleting neutron.port object s_rally_5889576c_6rSw0EJP (cbab3cf9-2fdb-40da-9431-139589de9e81)
2019-08-11 08:50:36.943 14283 RALLYDEBUG rally_openstack.cleanup.manager [-] Deleting neutron.port object s_rally_5889576c_6bTZ2q0a (cc2a815b-8ec8-4973-98fa-e48d5871f229)
2019-08-11 08:50:37.043 14283 RALLYDEBUG rally_openstack.cleanup.manager [-] Deleting neutron.port object s_rally_5889576c_PMDKfsDM (cd35599a-ae4e-460a-bcfd-13bb18b82aee)
2019-08-11 08:50:37.230 14283 RALLYDEBUG rally_openstack.cleanup.manager [-] Deleting neutron.port object s_rally_5889576c_BLh7Lp9j (cf59966e-aaa5-4a22-b5e0-ea18bdbbbb9d)
2019-08-11 08:50:37.292 14283 RALLYDEBUG rally_openstack.cleanup.manager [-] Deleting neutron.port object s_rally_5889576c_8iNDWrZ9 (d0bd48dd-7e0e-4a10-b096-1e2bb630bc10)
2019-08-11 08:50:37.598 14283 RALLYDEBUG rally_openstack.cleanup.manager [-] Deleting neutron.port object s_rally_5889576c_XTdJv8V8 (d21a788e-c795-4726-82c0-0da6533d7db4)
2019-08-11 08:50:37.653 14283 RALLYDEBUG rally_openstack.cleanup.manager [-] Deleting neutron.port object s_rally_5889576c_edH7Kvrw (d3132a43-c7e1-4333-8c94-3901164409d5)
2019-08-11 08:50:37.678 14283 RALLYDEBUG rally_openstack.cleanup.manager [-] Deleting neutron.port object s_rally_5889576c_CFgxndd7 (d37a1d4a-290d-4cc0-833f-b715d603ebce)
2019-08-11 08:50:37.758 14283 RALLYDEBUG rally_openstack.cleanup.manager [-] Deleting neutron.port object s_rally_5889576c_l1WUoYNE (d385561d-951c-4e53-bad8-db0f5bec0330)
2019-08-11 08:50:37.780 14283 RALLYDEBUG rally_openstack.cleanup.manager [-] Deleting neutron.port object s_rally_5889576c_FggZMiE5 (d3c5eed4-0dbd-4886-b5b6-35abd78b01b6)
2019-08-11 08:50:37.850 14283 RALLYDEBUG rally_openstack.cleanup.manager [-] Deleting neutron.port object s_rally_5889576c_6K5oaxPv (d5c0a693-8d68-4ab4-b069-e9a9c1c9c1e8)
2019-08-11 08:50:37.900 14283 RALLYDEBUG rally_openstack.cleanup.manager [-] Deleting neutron.port object s_rally_5889576c_y2CORo0E (d6d5429c-ce4f-4dc9-8e4b-5a99e0865b1f)
2019-08-11 08:50:38.128 14283 RALLYDEBUG rally_openstack.cleanup.manager [-] Deleting neutron.port object s_rally_5889576c_IWFkCGob (d74de6da-d691-495f-8f44-1d6b8d7d6f72)
2019-08-11 08:50:38.214 14283 RALLYDEBUG rally_openstack.cleanup.manager [-] Deleting neutron.port object s_rally_5889576c_ZQizKxkU (d88f213b-db30-4092-b998-486b2bddc079)
2019-08-11 08:50:38.241 14283 RALLYDEBUG rally_openstack.cleanup.manager [-] Deleting neutron.port object s_rally_5889576c_8QeLhxfC (d89632ed-426d-4362-9add-d97b9edf18bb)
2019-08-11 08:50:38.479 14283 RALLYDEBUG rally_openstack.cleanup.manager [-] Deleting neutron.port object s_rally_5889576c_tsclD39V (d915f5d9-039b-4d68-b7cc-8800213907ef)
2019-08-11 08:50:38.487 14283 RALLYDEBUG rally_openstack.cleanup.manager [-] Deleting neutron.port object s_rally_5889576c_C530wsjZ (da96d782-988f-48b2-8077-afa525f09083)
2019-08-11 08:50:38.730 14283 RALLYDEBUG rally_openstack.cleanup.manager [-] Deleting neutron.port object s_rally_5889576c_lPubjqiL (dae6f4c1-de1e-440c-b1e0-77c03db13f0a)
2019-08-11 08:50:38.974 14283 RALLYDEBUG rally_openstack.cleanup.manager [-] Deleting neutron.port object s_rally_5889576c_XZYmaaf7 (db339914-1505-4d2a-9a53-e54c664f7ede)
2019-08-11 08:50:38.995 14283 RALLYDEBUG rally_openstack.cleanup.manager [-] Deleting neutron.port object s_rally_5889576c_zQdTF3vY (db6623cc-8fc7-41be-8a67-8d4112ec4912)
2019-08-11 08:50:39.190 14283 RALLYDEBUG rally_openstack.cleanup.manager [-] Deleting neutron.port object s_rally_5889576c_U5h4y7fI (dbedd92c-9c8d-41bf-b3ee-23b0563e6dea)
2019-08-11 08:50:39.219 14283 RALLYDEBUG rally_openstack.cleanup.manager [-] Deleting neutron.port object s_rally_5889576c_zO0V8LxT (dc295b6a-d5f1-4940-84f5-c8e84c394f43)
2019-08-11 08:50:39.336 14283 RALLYDEBUG rally_openstack.cleanup.manager [-] Deleting neutron.port object s_rally_5889576c_0AnY0BrQ (dd698148-cecc-4e46-96b6-ddd11a2ce309)
2019-08-11 08:50:39.534 14283 RALLYDEBUG rally_openstack.cleanup.manager [-] Deleting neutron.port object s_rally_5889576c_LlX5hMwO (ddf42a52-418b-4790-a54c-cfec89a4e11a)
2019-08-11 08:50:39.548 14283 RALLYDEBUG rally_openstack.cleanup.manager [-] Deleting neutron.port object s_rally_5889576c_HACn0Oas (de31d1ed-619b-403d-8a67-8bcb9167c415)
2019-08-11 08:50:39.650 14283 RALLYDEBUG rally_openstack.cleanup.manager [-] Deleting neutron.port object s_rally_5889576c_ntKfSDFM (df4996d6-895a-43a1-924a-ab28d61ce525)
2019-08-11 08:50:39.885 14283 RALLYDEBUG rally_openstack.cleanup.manager [-] Deleting neutron.port object s_rally_5889576c_cAgwTpjI (e03a0564-3e2f-4cb9-b833-c905d1472f9e)
2019-08-11 08:50:39.885 14283 RALLYDEBUG rally_openstack.cleanup.manager [-] Deleting neutron.port object s_rally_5889576c_SKvoLoEw (e08cd115-8771-4056-bf3c-be771ca56038)
2019-08-11 08:50:39.965 14283 RALLYDEBUG rally_openstack.cleanup.manager [-] Deleting neutron.port object s_rally_5889576c_DD7tHSyC (e3070a9a-65b2-43cb-9a7e-f5e775543afb)
2019-08-11 08:50:40.025 14283 RALLYDEBUG rally_openstack.cleanup.manager [-] Deleting neutron.port object s_rally_5889576c_IA23a7cG (e5bc20b4-5737-4a95-9822-e4a330dde62e)
2019-08-11 08:50:40.262 14283 RALLYDEBUG rally_openstack.cleanup.manager [-] Deleting neutron.port object s_rally_5889576c_wvJrd57U (e802012e-696d-4b00-8bdf-c5a34966f050)
2019-08-11 08:50:40.278 14283 RALLYDEBUG rally_openstack.cleanup.manager [-] Deleting neutron.port object s_rally_5889576c_AIk0le3v (e8655cb5-7cb7-47b9-9c06-0665f2affb0d)
2019-08-11 08:50:40.396 14283 RALLYDEBUG rally_openstack.cleanup.manager [-] Deleting neutron.port object s_rally_5889576c_KgzxPfaE (e908dff9-47b9-47d2-b91f-0cda6ea48e6e)
2019-08-11 08:50:40.565 14283 RALLYDEBUG rally_openstack.cleanup.manager [-] Deleting neutron.port object s_rally_5889576c_pOiHCfSh (e938e824-9f42-4411-a9f9-9bd25a8057bc)
2019-08-11 08:50:40.633 14283 RALLYDEBUG rally_openstack.cleanup.manager [-] Deleting neutron.port object s_rally_5889576c_ojBfMEUX (e940c588-69f6-4af7-92f2-7398b60120d4)
2019-08-11 08:50:40.677 14283 RALLYDEBUG rally_openstack.cleanup.manager [-] Deleting neutron.port object s_rally_5889576c_jpZLxVMG (e98d8cfa-69cb-416d-92ed-ec8734688a79)
2019-08-11 08:50:40.864 14283 RALLYDEBUG rally_openstack.cleanup.manager [-] Deleting neutron.port object s_rally_5889576c_86KgqTPT (eb2ea9fe-51f8-4440-826d-9355fb76ee2d)
2019-08-11 08:50:40.864 14283 RALLYDEBUG rally_openstack.cleanup.manager [-] Deleting neutron.port object s_rally_5889576c_JXkME1R5 (ea88dc2d-eeaf-455d-a1ed-a3f99e697518)
2019-08-11 08:50:41.275 14283 RALLYDEBUG rally_openstack.cleanup.manager [-] Deleting neutron.port object s_rally_5889576c_ysJpvXZw (eb47a5ca-e2be-4457-b71c-4ccc023a0f2e)
2019-08-11 08:50:41.275 14283 RALLYDEBUG rally_openstack.cleanup.manager [-] Deleting neutron.port object s_rally_5889576c_tG3bNwsm (ec497ac2-6285-4ec5-81dd-99b19d4c5c87)
2019-08-11 08:50:41.306 14283 RALLYDEBUG rally_openstack.cleanup.manager [-] Deleting neutron.port object s_rally_5889576c_RdVIiXll (ec78580e-0833-4741-a2f3-a157b953f2e6)
2019-08-11 08:50:41.337 14283 RALLYDEBUG rally_openstack.cleanup.manager [-] Deleting neutron.port object s_rally_5889576c_CxekL1Xk (ee7a0215-a4ac-4d79-80f1-c20c42b7344c)
2019-08-11 08:50:41.561 14283 RALLYDEBUG rally_openstack.cleanup.manager [-] Deleting neutron.port object s_rally_5889576c_EZCyunhg (ef73dc97-1c0c-4e3d-9f73-051e8bfd0e25)
2019-08-11 08:50:41.737 14283 RALLYDEBUG rally_openstack.cleanup.manager [-] Deleting neutron.port object s_rally_5889576c_jeSEAd5I (f2a6fa9d-a7b2-4767-8050-8ea5794187c6)
2019-08-11 08:50:41.905 14283 RALLYDEBUG rally_openstack.cleanup.manager [-] Deleting neutron.port object s_rally_5889576c_9PeNGuwy (f3376f64-5e8c-4fbb-92e3-410298f87d84)
2019-08-11 08:50:41.960 14283 RALLYDEBUG rally_openstack.cleanup.manager [-] Deleting neutron.port object s_rally_5889576c_qqWcgmV5 (f3e83a01-5ff2-4d05-8009-746922421eac)
2019-08-11 08:50:42.022 14283 RALLYDEBUG rally_openstack.cleanup.manager [-] Deleting neutron.port object s_rally_5889576c_h4c0W0Ne (f43d8756-e8df-4657-a1ea-1a50771f76fc)
2019-08-11 08:50:42.030 14283 RALLYDEBUG rally_openstack.cleanup.manager [-] Deleting neutron.port object s_rally_5889576c_DArK64vd (f4a9949c-03a4-441c-9456-b99884332003)
2019-08-11 08:50:42.115 14283 RALLYDEBUG rally_openstack.cleanup.manager [-] Deleting neutron.port object s_rally_5889576c_QdKGZt5t (f5363f93-5b94-4ac2-ba1f-f4d9e1c079d3)
2019-08-11 08:50:42.160 14283 RALLYDEBUG rally_openstack.cleanup.manager [-] Deleting neutron.port object s_rally_5889576c_EnHwuVAS (f61224fe-c9b0-4bd8-922d-3d6e3b8aec23)
2019-08-11 08:50:42.206 14283 RALLYDEBUG rally_openstack.cleanup.manager [-] Deleting neutron.port object s_rally_5889576c_VtQ7VJ7h (f7c889ca-4da9-423e-8053-abb9f9a8c64c)
2019-08-11 08:50:42.306 14283 RALLYDEBUG rally_openstack.cleanup.manager [-] Deleting neutron.port object s_rally_5889576c_i9JdwAdT (f86590c4-d093-4c09-afa3-70521e8b9a2e)
2019-08-11 08:50:42.484 14283 RALLYDEBUG rally_openstack.cleanup.manager [-] Deleting neutron.port object s_rally_5889576c_o2Mqfgml (f878017d-9d3b-4ac9-9947-094ad137a7e8)
2019-08-11 08:50:42.654 14283 RALLYDEBUG rally_openstack.cleanup.manager [-] Deleting neutron.port object s_rally_5889576c_zS7KheJZ (f8fa7f45-294a-4cab-9e14-f4d97311d692)
2019-08-11 08:50:42.702 14283 RALLYDEBUG rally_openstack.cleanup.manager [-] Deleting neutron.port object s_rally_5889576c_uClXaFT9 (fb11859b-c3ff-4f16-88c8-df65c445ddbc)
2019-08-11 08:50:42.747 14283 RALLYDEBUG rally_openstack.cleanup.manager [-] Deleting neutron.port object s_rally_5889576c_mTyP2auS (fb47c4d6-43fc-45d3-a823-7783adce492d)
2019-08-11 08:50:42.942 14283 RALLYDEBUG rally_openstack.cleanup.manager [-] Deleting neutron.port object s_rally_5889576c_A3wYDZuF (fd0d8d22-ae0a-408b-984e-820d77716754)
2019-08-11 08:50:42.992 14283 RALLYDEBUG rally_openstack.cleanup.manager [-] Deleting neutron.port object s_rally_5889576c_Uh37T6c1 (fdad3180-4ac4-44fe-b0cd-d58eec4725dd)
2019-08-11 08:50:43.151 14283 RALLYDEBUG rally_openstack.cleanup.manager [-] Deleting neutron.port object s_rally_5889576c_L0wwzdAi (ff21d6ef-a74b-42c6-8aac-a62629fddee2)
2019-08-11 08:50:43.159 14283 RALLYDEBUG rally_openstack.cleanup.manager [-] Deleting neutron.port object s_rally_5889576c_pXTOiG6W (ff8bbb50-d146-44bb-88ef-8740698cde47)
2019-08-11 08:50:43.199 14283 RALLYDEBUG rally_openstack.cleanup.manager [-] Deleting neutron.port object s_rally_5889576c_27467FZJ (fff66aa2-5d71-43da-857d-8743eaefd55b)
2019-08-11 08:50:45.556 14283 RALLYDEBUG rally_openstack.cleanup.manager [-] Cleaning up neutron subnet objects
2019-08-11 08:50:46.005 14283 RALLYDEBUG rally_openstack.cleanup.manager [-] Cleaning up neutron network objects
2019-08-11 08:50:46.471 14283 RALLYDEBUG rally_openstack.cleanup.manager [-] Deleting neutron.network object s_rally_5889576c_P2X2H0VO (0c4ad18a-60b0-418d-85e2-2f9c95841791)
2019-08-11 08:50:46.477 14283 RALLYDEBUG rally_openstack.cleanup.manager [-] Deleting neutron.network object s_rally_5889576c_64OO1Di0 (0cf42dda-b01d-480d-a09e-cdf3c61cb267)
2019-08-11 08:50:46.495 14283 RALLYDEBUG rally_openstack.cleanup.manager [-] Deleting neutron.network object s_rally_5889576c_Gs40kvdV (14ea741a-05a2-4265-89be-85bbc2653d9e)
2019-08-11 08:50:46.500 14283 RALLYDEBUG rally_openstack.cleanup.manager [-] Deleting neutron.network object s_rally_5889576c_uGtHfP4y (31c3eb08-d39a-45c6-a9a0-92f2c127ce84)
2019-08-11 08:50:46.502 14283 RALLYDEBUG rally_openstack.cleanup.manager [-] Deleting neutron.network object s_rally_5889576c_UbSbgbxP (25792bf4-c9c7-415a-bbb0-1314e2ebd68f)
2019-08-11 08:50:46.534 14283 RALLYDEBUG rally_openstack.cleanup.manager [-] Deleting neutron.network object s_rally_5889576c_J5k5xpfP (4c66d883-236b-420c-bd31-2ef27de8450b)
2019-08-11 08:50:46.545 14283 RALLYDEBUG rally_openstack.cleanup.manager [-] Deleting neutron.network object s_rally_5889576c_FTuZlLG8 (c311927e-bcf6-4b50-ae00-b3e4eea0ece1)
2019-08-11 08:50:46.550 14283 RALLYDEBUG rally_openstack.cleanup.manager [-] Deleting neutron.network object s_rally_5889576c_KBhTfewQ (e9d08376-479a-4aad-aec9-030154ab6848)
2019-08-11 08:50:49.377 14283 RALLYDEBUG rally_openstack.cleanup.manager [-] Cleaning up neutron router objects
2019-08-11 08:50:49.824 14283 RALLYDEBUG rally_openstack.cleanup.manager [-] Cleaning up neutron security_group objects
2019-08-11 08:50:50.256 14283 INFO rally.task.context [-] Task 5146d926-ba69-4159-8ac0-8f4a2a6b7e45 | Context cleanup@openstack cleanup() finished in 54.39 sec
2019-08-11 08:50:50.256 14283 INFO rally.task.context [-] Task 5146d926-ba69-4159-8ac0-8f4a2a6b7e45 | Context quotas@openstack cleanup() started
2019-08-11 08:50:50.348 14283 INFO rally.task.context [-] Task 5146d926-ba69-4159-8ac0-8f4a2a6b7e45 | Context quotas@openstack cleanup() finished in 91.63 msec
2019-08-11 08:50:50.348 14283 INFO rally.task.context [-] Task 5146d926-ba69-4159-8ac0-8f4a2a6b7e45 | Context users@openstack cleanup() started
2019-08-11 08:50:53.050 14283 INFO rally.task.context [-] Task 5146d926-ba69-4159-8ac0-8f4a2a6b7e45 | Context users@openstack cleanup() finished in 2.70 sec
2019-08-11 08:50:53.566 14283 INFO rally.task.engine [-] Load duration is: 59.935686
2019-08-11 08:50:53.566 14283 INFO rally.task.engine [-] Full runner duration is: 59.981535
2019-08-11 08:50:53.567 14283 INFO rally.task.engine [-] Full duration is: 120.096328
2019-08-11 08:50:53.826 14283 INFO rally.task.engine [-] Running workload: position = 1 config = { "version": 2, "title": "A cropped version of a bigger task.", "description": "Auto-generated task from a single workload (uuid=7928fbe8-7954-465b-bcf8-42dbee671115)", "subtasks": [ { "title": "NeutronNetworks.create_and_update_ports", "description": "Create and update a given number of ports.", "scenario": { "NeutronNetworks.create_and_update_ports": { "network_create_args": {}, "port_create_args": {}, "ports_per_network": 5, "port_update_args": { "admin_state_up": false, "device_id": "dummy_id", "device_owner": "dummy_owner", "name": "_port_updated" } } }, "contexts": { "users": { "tenants": 1, "users_per_tenant": 1 }, "quotas": { "neutron": { "network": -1, "port": -1 } } }, "runner": { "constant": { "times": 40, "concurrency": 20 } }, "hooks": [], "sla": { "failure_rate": { "max": 0 } } } ] }
2019-08-11 08:50:53.855 14283 RALLYDEBUG rally_openstack.contexts.keystone.users [-] Creating 1 tenants using 20 threads
2019-08-11 08:50:54.820 14283 RALLYDEBUG rally_openstack.contexts.keystone.users [-] Creating 1 users using 20 threads
2019-08-11 08:50:56.241 14283 INFO rally.task.context [-] Task 5146d926-ba69-4159-8ac0-8f4a2a6b7e45 | Context users@openstack setup() finished in 2.39 sec
2019-08-11 08:50:56.729 14283 INFO rally.task.context [-] Task 5146d926-ba69-4159-8ac0-8f4a2a6b7e45 | Context quotas@openstack setup() finished in 0.49 sec
2019-08-11 08:50:56.729 14283 INFO rally.task.context [-] Task 5146d926-ba69-4159-8ac0-8f4a2a6b7e45 | Context cleanup@openstack setup() finished in 0.00 msec
2019-08-11 08:50:56.739 14283 RALLYDEBUG rally.task.runner [-] Starting the constant runner (task UUID: 5146d926-ba69-4159-8ac0-8f4a2a6b7e45). timeout: 0 concurrency: 20 concurrency_per_worker: 1 times: 40 concurrency_overhead: 4 processes_to_start: 16 max_cpu_used: 16
2019-08-11 08:50:56.754 18159 RALLYDEBUG rally.task.runner [-] Starting a worker. concurrency: 2 args: {"network_create_args": {}, "port_create_args": {}, "ports_per_network": 5, "port_update_args": {"admin_state_up": false, "device_id": "dummy_id", "device_owner": "dummy_owner", "name": "_port_updated"}} times: 40 method_name: run timeout: 0 duration: None cls:
2019-08-11 08:50:56.757 18160 RALLYDEBUG rally.task.runner [-] Starting a worker. concurrency: 2 args: {"network_create_args": {}, "port_create_args": {}, "ports_per_network": 5, "port_update_args": {"admin_state_up": false, "device_id": "dummy_id", "device_owner": "dummy_owner", "name": "_port_updated"}} times: 40 method_name: run timeout: 0 duration: None cls:
2019-08-11 08:50:56.760 18161 RALLYDEBUG rally.task.runner [-] Starting a worker. concurrency: 2 args: {"network_create_args": {}, "port_create_args": {}, "ports_per_network": 5, "port_update_args": {"admin_state_up": false, "device_id": "dummy_id", "device_owner": "dummy_owner", "name": "_port_updated"}} times: 40 method_name: run timeout: 0 duration: None cls:
2019-08-11 08:50:56.763 18162 RALLYDEBUG rally.task.runner [-] Starting a worker. concurrency: 2 args: {"network_create_args": {}, "port_create_args": {}, "ports_per_network": 5, "port_update_args": {"admin_state_up": false, "device_id": "dummy_id", "device_owner": "dummy_owner", "name": "_port_updated"}} times: 40 method_name: run timeout: 0 duration: None cls:
2019-08-11 08:50:56.765 18159 INFO rally.task.runner [-] Task 5146d926-ba69-4159-8ac0-8f4a2a6b7e45 | ITER: 1 START
2019-08-11 08:50:56.767 18163 RALLYDEBUG rally.task.runner [-] Starting a worker. concurrency: 1 args: {"network_create_args": {}, "port_create_args": {}, "ports_per_network": 5, "port_update_args": {"admin_state_up": false, "device_id": "dummy_id", "device_owner": "dummy_owner", "name": "_port_updated"}} times: 40 method_name: run timeout: 0 duration: None cls:
2019-08-11 08:50:56.767 18159 INFO rally.task.runner [-] Task 5146d926-ba69-4159-8ac0-8f4a2a6b7e45 | ITER: 3 START
2019-08-11 08:50:56.769 18159 WARNING rally_openstack.scenarios.neutron.utils [-] Running this scenario without either the 'network' or 'existing_network' context is deprecated
2019-08-11 08:50:56.771 18161 INFO rally.task.runner [-] Task 5146d926-ba69-4159-8ac0-8f4a2a6b7e45 | ITER: 4 START
2019-08-11 08:50:56.771 18160 INFO rally.task.runner [-] Task 5146d926-ba69-4159-8ac0-8f4a2a6b7e45 | ITER: 2 START
2019-08-11 08:50:56.771 18167 RALLYDEBUG rally.task.runner [-] Starting a worker. concurrency: 1 args: {"network_create_args": {}, "port_create_args": {}, "ports_per_network": 5, "port_update_args": {"admin_state_up": false, "device_id": "dummy_id", "device_owner": "dummy_owner", "name": "_port_updated"}} times: 40 method_name: run timeout: 0 duration: None cls:
2019-08-11 08:50:56.772 18160 INFO rally.task.runner [-] Task 5146d926-ba69-4159-8ac0-8f4a2a6b7e45 | ITER: 5 START
2019-08-11 08:50:56.773 18161 INFO rally.task.runner [-] Task 5146d926-ba69-4159-8ac0-8f4a2a6b7e45 | ITER: 7 START
2019-08-11 08:50:56.774 18160 WARNING rally_openstack.scenarios.neutron.utils [-] Running this scenario without either the 'network' or 'existing_network' context is deprecated
2019-08-11 08:50:56.774 18162 INFO rally.task.runner [-] Task 5146d926-ba69-4159-8ac0-8f4a2a6b7e45 | ITER: 6 START
2019-08-11 08:50:56.775 18163 INFO rally.task.runner [-] Task 5146d926-ba69-4159-8ac0-8f4a2a6b7e45 | ITER: 9 START
2019-08-11 08:50:56.775 18161 WARNING rally_openstack.scenarios.neutron.utils [-] Running this scenario without either the 'network' or 'existing_network' context is deprecated
2019-08-11 08:50:56.776 18172 RALLYDEBUG rally.task.runner [-] Starting a worker. concurrency: 1 args: {"network_create_args": {}, "port_create_args": {}, "ports_per_network": 5, "port_update_args": {"admin_state_up": false, "device_id": "dummy_id", "device_owner": "dummy_owner", "name": "_port_updated"}} times: 40 method_name: run timeout: 0 duration: None cls:
2019-08-11 08:50:56.777 18163 WARNING rally_openstack.scenarios.neutron.utils [-] Running this scenario without either the 'network' or 'existing_network' context is deprecated
2019-08-11 08:50:56.777 18162 WARNING rally_openstack.scenarios.neutron.utils [-] Running this scenario without either the 'network' or 'existing_network' context is deprecated
2019-08-11 08:50:56.775 18160 WARNING rally_openstack.scenarios.neutron.utils [-] Running this scenario without either the 'network' or 'existing_network' context is deprecated
2019-08-11 08:50:56.770 18159 WARNING rally_openstack.scenarios.neutron.utils [-] Running this scenario without either the 'network' or 'existing_network' context is deprecated
2019-08-11 08:50:56.780 18167 INFO rally.task.runner [-] Task 5146d926-ba69-4159-8ac0-8f4a2a6b7e45 | ITER: 10 START
2019-08-11 08:50:56.779 18176 RALLYDEBUG rally.task.runner [-] Starting a worker. concurrency: 1 args: {"network_create_args": {}, "port_create_args": {}, "ports_per_network": 5, "port_update_args": {"admin_state_up": false, "device_id": "dummy_id", "device_owner": "dummy_owner", "name": "_port_updated"}} times: 40 method_name: run timeout: 0 duration: None cls:
2019-08-11 08:50:56.778 18162 INFO rally.task.runner [-] Task 5146d926-ba69-4159-8ac0-8f4a2a6b7e45 | ITER: 8 START
2019-08-11 08:50:56.781 18167 WARNING rally_openstack.scenarios.neutron.utils [-] Running this scenario without either the 'network' or 'existing_network' context is deprecated
2019-08-11 08:50:56.775 18161 WARNING rally_openstack.scenarios.neutron.utils [-] Running this scenario without either the 'network' or 'existing_network' context is deprecated
2019-08-11 08:50:56.785 18172 INFO rally.task.runner [-] Task 5146d926-ba69-4159-8ac0-8f4a2a6b7e45 | ITER: 11 START
2019-08-11 08:50:56.785 18181 RALLYDEBUG rally.task.runner [-] Starting a worker. concurrency: 1 args: {"network_create_args": {}, "port_create_args": {}, "ports_per_network": 5, "port_update_args": {"admin_state_up": false, "device_id": "dummy_id", "device_owner": "dummy_owner", "name": "_port_updated"}} times: 40 method_name: run timeout: 0 duration: None cls:
2019-08-11 08:50:56.787 18172 WARNING rally_openstack.scenarios.neutron.utils [-] Running this scenario without either the 'network' or 'existing_network' context is deprecated
2019-08-11 08:50:56.788 18176 INFO rally.task.runner [-] Task 5146d926-ba69-4159-8ac0-8f4a2a6b7e45 | ITER: 12 START
2019-08-11 08:50:56.790 18176 WARNING rally_openstack.scenarios.neutron.utils [-] Running this scenario without either the 'network' or 'existing_network' context is deprecated
2019-08-11 08:50:56.791 18184 RALLYDEBUG rally.task.runner [-] Starting a worker. concurrency: 1 args: {"network_create_args": {}, "port_create_args": {}, "ports_per_network": 5, "port_update_args": {"admin_state_up": false, "device_id": "dummy_id", "device_owner": "dummy_owner", "name": "_port_updated"}} times: 40 method_name: run timeout: 0 duration: None cls:
2019-08-11 08:50:56.793 18181 INFO rally.task.runner [-] Task 5146d926-ba69-4159-8ac0-8f4a2a6b7e45 | ITER: 13 START
2019-08-11 08:50:56.782 18162 WARNING rally_openstack.scenarios.neutron.utils [-] Running this scenario without either the 'network' or 'existing_network' context is deprecated
2019-08-11 08:50:56.795 18181 WARNING rally_openstack.scenarios.neutron.utils [-] Running this scenario without either the 'network' or 'existing_network' context is deprecated
2019-08-11 08:50:56.797 18189 RALLYDEBUG rally.task.runner [-] Starting a worker. concurrency: 1 args: {"network_create_args": {}, "port_create_args": {}, "ports_per_network": 5, "port_update_args": {"admin_state_up": false, "device_id": "dummy_id", "device_owner": "dummy_owner", "name": "_port_updated"}} times: 40 method_name: run timeout: 0 duration: None cls:
2019-08-11 08:50:56.798 18184 INFO rally.task.runner [-] Task 5146d926-ba69-4159-8ac0-8f4a2a6b7e45 | ITER: 14 START
2019-08-11 08:50:56.800 18184 WARNING rally_openstack.scenarios.neutron.utils [-] Running this scenario without either the 'network' or 'existing_network' context is deprecated
2019-08-11 08:50:56.811 18192 RALLYDEBUG rally.task.runner [-] Starting a worker. concurrency: 1 args: {"network_create_args": {}, "port_create_args": {}, "ports_per_network": 5, "port_update_args": {"admin_state_up": false, "device_id": "dummy_id", "device_owner": "dummy_owner", "name": "_port_updated"}} times: 40 method_name: run timeout: 0 duration: None cls:
2019-08-11 08:50:56.809 18189 INFO rally.task.runner [-] Task 5146d926-ba69-4159-8ac0-8f4a2a6b7e45 | ITER: 15 START
2019-08-11 08:50:56.814 18189 WARNING rally_openstack.scenarios.neutron.utils [-] Running this scenario without either the 'network' or 'existing_network' context is deprecated
2019-08-11 08:50:56.815 18195 RALLYDEBUG rally.task.runner [-] Starting a worker. concurrency: 1 args: {"network_create_args": {}, "port_create_args": {}, "ports_per_network": 5, "port_update_args": {"admin_state_up": false, "device_id": "dummy_id", "device_owner": "dummy_owner", "name": "_port_updated"}} times: 40 method_name: run timeout: 0 duration: None cls:
2019-08-11 08:50:56.815 18198 RALLYDEBUG rally.task.runner [-] Starting a worker. concurrency: 1 args: {"network_create_args": {}, "port_create_args": {}, "ports_per_network": 5, "port_update_args": {"admin_state_up": false, "device_id": "dummy_id", "device_owner": "dummy_owner", "name": "_port_updated"}} times: 40 method_name: run timeout: 0 duration: None cls:
2019-08-11 08:50:56.819 18192 INFO rally.task.runner [-] Task 5146d926-ba69-4159-8ac0-8f4a2a6b7e45 | ITER: 16 START
2019-08-11 08:50:56.820 18199 RALLYDEBUG rally.task.runner [-] Starting a worker. concurrency: 1 args: {"network_create_args": {}, "port_create_args": {}, "ports_per_network": 5, "port_update_args": {"admin_state_up": false, "device_id": "dummy_id", "device_owner": "dummy_owner", "name": "_port_updated"}} times: 40 method_name: run timeout: 0 duration: None cls:
2019-08-11 08:50:56.821 18192 WARNING rally_openstack.scenarios.neutron.utils [-] Running this scenario without either the 'network' or 'existing_network' context is deprecated
2019-08-11 08:50:56.822 18195 INFO rally.task.runner [-] Task 5146d926-ba69-4159-8ac0-8f4a2a6b7e45 | ITER: 17 START
2019-08-11 08:50:56.824 18198 INFO rally.task.runner [-] Task 5146d926-ba69-4159-8ac0-8f4a2a6b7e45 | ITER: 18 START
2019-08-11 08:50:56.824 18195 WARNING rally_openstack.scenarios.neutron.utils [-] Running this scenario without either the 'network' or 'existing_network' context is deprecated
2019-08-11 08:50:56.826 18198 WARNING rally_openstack.scenarios.neutron.utils [-] Running this scenario without either the 'network' or 'existing_network' context is deprecated
2019-08-11 08:50:56.825 18199 INFO rally.task.runner [-] Task 5146d926-ba69-4159-8ac0-8f4a2a6b7e45 | ITER: 19 START
2019-08-11 08:50:56.827 18199 WARNING rally_openstack.scenarios.neutron.utils [-] Running this scenario without either the 'network' or 'existing_network' context is deprecated
2019-08-11 08:50:56.829 18205 RALLYDEBUG rally.task.runner [-] Starting a worker. concurrency: 1 args: {"network_create_args": {}, "port_create_args": {}, "ports_per_network": 5, "port_update_args": {"admin_state_up": false, "device_id": "dummy_id", "device_owner": "dummy_owner", "name": "_port_updated"}} times: 40 method_name: run timeout: 0 duration: None cls:
2019-08-11 08:50:56.835 18205 INFO rally.task.runner [-] Task 5146d926-ba69-4159-8ac0-8f4a2a6b7e45 | ITER: 20 START
2019-08-11 08:50:56.837 18205 WARNING rally_openstack.scenarios.neutron.utils [-] Running this scenario without either the 'network' or 'existing_network' context is deprecated
2019-08-11 08:51:06.155 18176 INFO rally.task.runner [-] Task 5146d926-ba69-4159-8ac0-8f4a2a6b7e45 | ITER: 12 END: OK
2019-08-11 08:51:06.161 18176 INFO rally.task.runner [-] Task 5146d926-ba69-4159-8ac0-8f4a2a6b7e45 | ITER: 21 START
2019-08-11 08:51:06.161 18176 WARNING rally_openstack.scenarios.neutron.utils [-] Running this scenario without either the 'network' or 'existing_network' context is deprecated
2019-08-11 08:51:06.540 18189 INFO rally.task.runner [-] Task 5146d926-ba69-4159-8ac0-8f4a2a6b7e45 | ITER: 15 END: OK
2019-08-11 08:51:06.545 18189 INFO rally.task.runner [-] Task 5146d926-ba69-4159-8ac0-8f4a2a6b7e45 | ITER: 22 START
2019-08-11 08:51:06.545 18189 WARNING rally_openstack.scenarios.neutron.utils [-] Running this scenario without either the 'network' or 'existing_network' context is deprecated
2019-08-11 08:51:06.566 18162 INFO rally.task.runner [-] Task 5146d926-ba69-4159-8ac0-8f4a2a6b7e45 | ITER: 6 END: OK
2019-08-11 08:51:06.571 18162 INFO rally.task.runner [-] Task 5146d926-ba69-4159-8ac0-8f4a2a6b7e45 | ITER: 23 START
2019-08-11 08:51:06.572 18162 WARNING rally_openstack.scenarios.neutron.utils [-] Running this scenario without either the 'network' or 'existing_network' context is deprecated
2019-08-11 08:51:06.765 18172 INFO rally.task.runner [-] Task 5146d926-ba69-4159-8ac0-8f4a2a6b7e45 | ITER: 11 END: OK
2019-08-11 08:51:06.769 18172 INFO rally.task.runner [-] Task 5146d926-ba69-4159-8ac0-8f4a2a6b7e45 | ITER: 24 START
2019-08-11 08:51:06.770 18172 WARNING rally_openstack.scenarios.neutron.utils [-] Running this scenario without either the 'network' or 'existing_network' context is deprecated
2019-08-11 08:51:06.852 18199 INFO rally.task.runner [-] Task 5146d926-ba69-4159-8ac0-8f4a2a6b7e45 | ITER: 19 END: OK
2019-08-11 08:51:06.857 18199 INFO rally.task.runner [-] Task 5146d926-ba69-4159-8ac0-8f4a2a6b7e45 | ITER: 25 START
2019-08-11 08:51:06.857 18199 WARNING rally_openstack.scenarios.neutron.utils [-] Running this scenario without either the 'network' or 'existing_network' context is deprecated
2019-08-11 08:51:07.050 18161 INFO rally.task.runner [-] Task 5146d926-ba69-4159-8ac0-8f4a2a6b7e45 | ITER: 4 END: OK
2019-08-11 08:51:07.055 18161 INFO rally.task.runner [-] Task 5146d926-ba69-4159-8ac0-8f4a2a6b7e45 | ITER: 26 START
2019-08-11 08:51:07.056 18161 WARNING rally_openstack.scenarios.neutron.utils [-] Running this scenario without either the 'network' or 'existing_network' context is deprecated
2019-08-11 08:51:07.192 18159 INFO rally.task.runner [-] Task 5146d926-ba69-4159-8ac0-8f4a2a6b7e45 | ITER: 3 END: OK
2019-08-11 08:51:07.196 18159 INFO rally.task.runner [-] Task 5146d926-ba69-4159-8ac0-8f4a2a6b7e45 | ITER: 27 START
2019-08-11 08:51:07.197 18159 WARNING rally_openstack.scenarios.neutron.utils [-] Running this scenario without either the 'network' or 'existing_network' context is deprecated
2019-08-11 08:51:07.375 18181 INFO rally.task.runner [-] Task 5146d926-ba69-4159-8ac0-8f4a2a6b7e45 | ITER: 13 END: OK
2019-08-11 08:51:07.380 18181 INFO rally.task.runner [-] Task 5146d926-ba69-4159-8ac0-8f4a2a6b7e45 | ITER: 28 START
2019-08-11 08:51:07.381 18181 WARNING rally_openstack.scenarios.neutron.utils [-] Running this scenario without either the 'network' or 'existing_network' context is deprecated
2019-08-11 08:51:07.396 18160 INFO rally.task.runner [-] Task 5146d926-ba69-4159-8ac0-8f4a2a6b7e45 | ITER: 5 END: OK
2019-08-11 08:51:07.401 18160 INFO rally.task.runner [-] Task 5146d926-ba69-4159-8ac0-8f4a2a6b7e45 | ITER: 29 START
2019-08-11 08:51:07.402 18160 WARNING rally_openstack.scenarios.neutron.utils [-] Running this scenario without either the 'network' or 'existing_network' context is deprecated
2019-08-11 08:51:07.574 18192 INFO rally.task.runner [-] Task 5146d926-ba69-4159-8ac0-8f4a2a6b7e45 | ITER: 16 END: OK
2019-08-11 08:51:07.579 18192 INFO rally.task.runner [-] Task 5146d926-ba69-4159-8ac0-8f4a2a6b7e45 | ITER: 30 START
2019-08-11 08:51:07.580 18192 WARNING rally_openstack.scenarios.neutron.utils [-] Running this scenario without either the 'network' or 'existing_network' context is deprecated
2019-08-11 08:51:07.680 18161 INFO rally.task.runner [-] Task 5146d926-ba69-4159-8ac0-8f4a2a6b7e45 | ITER: 7 END: OK
2019-08-11 08:51:07.685 18161 INFO rally.task.runner [-] Task 5146d926-ba69-4159-8ac0-8f4a2a6b7e45 | ITER: 31 START
2019-08-11 08:51:07.685 18161 WARNING rally_openstack.scenarios.neutron.utils [-] Running this scenario without either the 'network' or 'existing_network' context is deprecated
2019-08-11 08:51:08.036 18205 INFO rally.task.runner [-] Task 5146d926-ba69-4159-8ac0-8f4a2a6b7e45 | ITER: 20 END: OK
2019-08-11 08:51:08.042 18205 INFO rally.task.runner [-] Task 5146d926-ba69-4159-8ac0-8f4a2a6b7e45 | ITER: 32 START
2019-08-11 08:51:08.042 18205 WARNING rally_openstack.scenarios.neutron.utils [-] Running this scenario without either the 'network' or 'existing_network' context is deprecated
2019-08-11 08:51:08.108 18163 INFO rally.task.runner [-] Task 5146d926-ba69-4159-8ac0-8f4a2a6b7e45 | ITER: 9 END: OK
2019-08-11 08:51:08.113 18163 INFO rally.task.runner [-] Task 5146d926-ba69-4159-8ac0-8f4a2a6b7e45 | ITER: 33 START
2019-08-11 08:51:08.113 18163 WARNING rally_openstack.scenarios.neutron.utils [-] Running this scenario without either the 'network' or 'existing_network' context is deprecated
2019-08-11 08:51:08.229 18195 INFO rally.task.runner [-] Task 5146d926-ba69-4159-8ac0-8f4a2a6b7e45 | ITER: 17 END: OK
2019-08-11 08:51:08.233 18195 INFO rally.task.runner [-] Task 5146d926-ba69-4159-8ac0-8f4a2a6b7e45 | ITER: 34 START
2019-08-11 08:51:08.234 18195 WARNING rally_openstack.scenarios.neutron.utils [-] Running this scenario without either the 'network' or 'existing_network' context is deprecated
2019-08-11 08:51:08.299 18160 INFO rally.task.runner [-] Task 5146d926-ba69-4159-8ac0-8f4a2a6b7e45 | ITER: 2 END: OK
2019-08-11 08:51:08.304 18160 INFO rally.task.runner [-] Task 5146d926-ba69-4159-8ac0-8f4a2a6b7e45 | ITER: 35 START
2019-08-11 08:51:08.304 18160 WARNING rally_openstack.scenarios.neutron.utils [-] Running this scenario without either the 'network' or 'existing_network' context is deprecated
2019-08-11 08:51:09.190 18167 INFO rally.task.runner [-] Task 5146d926-ba69-4159-8ac0-8f4a2a6b7e45 | ITER: 10 END: OK
2019-08-11 08:51:09.195 18167 INFO rally.task.runner [-] Task 5146d926-ba69-4159-8ac0-8f4a2a6b7e45 | ITER: 36 START
2019-08-11 08:51:09.196 18167 WARNING rally_openstack.scenarios.neutron.utils [-] Running this scenario without either the 'network' or 'existing_network' context is deprecated
2019-08-11 08:51:09.234 18198 INFO rally.task.runner [-] Task 5146d926-ba69-4159-8ac0-8f4a2a6b7e45 | ITER: 18 END: OK
2019-08-11 08:51:09.239 18198 INFO rally.task.runner [-] Task 5146d926-ba69-4159-8ac0-8f4a2a6b7e45 | ITER: 37 START
2019-08-11 08:51:09.240 18198 WARNING rally_openstack.scenarios.neutron.utils [-] Running this scenario without either the 'network' or 'existing_network' context is deprecated
2019-08-11 08:51:10.140 18159 INFO rally.task.runner [-] Task 5146d926-ba69-4159-8ac0-8f4a2a6b7e45 | ITER: 1 END: OK
2019-08-11 08:51:10.144 18159 INFO rally.task.runner [-] Task 5146d926-ba69-4159-8ac0-8f4a2a6b7e45 | ITER: 38 START
2019-08-11 08:51:10.145 18159 WARNING rally_openstack.scenarios.neutron.utils [-] Running this scenario without either the 'network' or 'existing_network' context is deprecated
2019-08-11 08:51:10.641 18184 INFO rally.task.runner [-] Task 5146d926-ba69-4159-8ac0-8f4a2a6b7e45 | ITER: 14 END: OK
2019-08-11 08:51:10.646 18184 INFO rally.task.runner [-] Task 5146d926-ba69-4159-8ac0-8f4a2a6b7e45 | ITER: 39 START
2019-08-11 08:51:10.646 18184 WARNING rally_openstack.scenarios.neutron.utils [-] Running this scenario without either the 'network' or 'existing_network' context is deprecated
2019-08-11 08:51:10.844 18162 INFO rally.task.runner [-] Task 5146d926-ba69-4159-8ac0-8f4a2a6b7e45 | ITER: 8 END: OK
2019-08-11 08:51:10.849 18162 INFO rally.task.runner [-] Task 5146d926-ba69-4159-8ac0-8f4a2a6b7e45 | ITER: 40 START
2019-08-11 08:51:10.850 18162 WARNING rally_openstack.scenarios.neutron.utils [-] Running this scenario without either the 'network' or 'existing_network' context is deprecated
2019-08-11 08:51:15.872 18189 INFO rally.task.runner [-] Task 5146d926-ba69-4159-8ac0-8f4a2a6b7e45 | ITER: 22 END: OK
2019-08-11 08:51:16.759 18192 INFO rally.task.runner [-] Task 5146d926-ba69-4159-8ac0-8f4a2a6b7e45 | ITER: 30 END: OK
2019-08-11 08:51:16.867 18160 INFO rally.task.runner [-] Task 5146d926-ba69-4159-8ac0-8f4a2a6b7e45 | ITER: 35 END: OK
2019-08-11 08:51:16.914 18199 INFO rally.task.runner [-] Task 5146d926-ba69-4159-8ac0-8f4a2a6b7e45 | ITER: 25 END: OK
2019-08-11 08:51:17.003 18176 INFO rally.task.runner [-] Task 5146d926-ba69-4159-8ac0-8f4a2a6b7e45 | ITER: 21 END: OK
2019-08-11 08:51:17.370 18181 INFO rally.task.runner [-] Task 5146d926-ba69-4159-8ac0-8f4a2a6b7e45 | ITER: 28 END: OK
2019-08-11 08:51:17.942 18163 INFO rally.task.runner [-] Task 5146d926-ba69-4159-8ac0-8f4a2a6b7e45 | ITER: 33 END: OK
2019-08-11 08:51:18.010 18159 INFO rally.task.runner [-] Task 5146d926-ba69-4159-8ac0-8f4a2a6b7e45 | ITER: 27 END: OK
2019-08-11 08:51:18.093 18160 INFO rally.task.runner [-] Task 5146d926-ba69-4159-8ac0-8f4a2a6b7e45 | ITER: 29 END: OK
2019-08-11 08:51:18.114 18205 INFO rally.task.runner [-] Task 5146d926-ba69-4159-8ac0-8f4a2a6b7e45 | ITER: 32 END: OK
2019-08-11 08:51:18.359 18195 INFO rally.task.runner [-] Task 5146d926-ba69-4159-8ac0-8f4a2a6b7e45 | ITER: 34 END: OK
2019-08-11 08:51:18.429 18161 INFO rally.task.runner [-] Task 5146d926-ba69-4159-8ac0-8f4a2a6b7e45 | ITER: 26 END: OK
2019-08-11 08:51:18.442 18162 INFO rally.task.runner [-] Task 5146d926-ba69-4159-8ac0-8f4a2a6b7e45 | ITER: 23 END: OK
2019-08-11 08:51:18.521 18161 INFO rally.task.runner [-] Task 5146d926-ba69-4159-8ac0-8f4a2a6b7e45 | ITER: 31 END: OK
2019-08-11 08:51:18.584 18172 INFO rally.task.runner [-] Task 5146d926-ba69-4159-8ac0-8f4a2a6b7e45 | ITER: 24 END: OK
2019-08-11 08:51:18.759 18159 INFO rally.task.runner [-] Task 5146d926-ba69-4159-8ac0-8f4a2a6b7e45 | ITER: 38 END: OK
2019-08-11 08:51:18.999 18167 INFO rally.task.runner [-] Task 5146d926-ba69-4159-8ac0-8f4a2a6b7e45 | ITER: 36 END: OK
2019-08-11 08:51:19.111 18162 INFO rally.task.runner [-] Task 5146d926-ba69-4159-8ac0-8f4a2a6b7e45 | ITER: 40 END: OK
2019-08-11 08:51:19.907 18198 INFO rally.task.runner [-] Task 5146d926-ba69-4159-8ac0-8f4a2a6b7e45 | ITER: 37 END: OK
2019-08-11 08:51:20.684 18184 INFO rally.task.runner [-] Task 5146d926-ba69-4159-8ac0-8f4a2a6b7e45 | ITER: 39 END: OK
2019-08-11 08:51:20.712 14283 INFO rally.task.context [-] Task 5146d926-ba69-4159-8ac0-8f4a2a6b7e45 | Context cleanup@openstack cleanup() started
2019-08-11 08:51:20.715 14283 RALLYDEBUG rally_openstack.cleanup.manager [-] Cleaning up neutron vip objects
2019-08-11 08:51:21.108 14283 RALLYDEBUG rally_openstack.cleanup.manager [-] Cleaning up neutron health_monitor objects
2019-08-11 08:51:21.527 14283 RALLYDEBUG rally_openstack.cleanup.manager [-] Cleaning up neutron pool objects
2019-08-11 08:51:21.954 14283 RALLYDEBUG rally_openstack.cleanup.manager [-] Cleaning up neutron loadbalancer objects
2019-08-11 08:51:22.357 14283 RALLYDEBUG rally_openstack.cleanup.manager [-] Cleaning up neutron floatingip objects
2019-08-11 08:51:22.798 14283 RALLYDEBUG rally_openstack.cleanup.manager [-] Cleaning up neutron port objects
2019-08-11 08:51:23.647 14283 RALLYDEBUG rally_openstack.cleanup.manager [-] Deleting neutron.port object s_rally_7928fbe8_KsH8Gcfu (0e427344-f07a-453d-956b-973133706354)
2019-08-11 08:51:23.650 14283 RALLYDEBUG rally_openstack.cleanup.manager [-] Deleting neutron.port object s_rally_7928fbe8_GJHQqefn (13d4e1f5-5b58-43c6-8d7e-2bbe795ca484)
2019-08-11 08:51:23.651 14283 RALLYDEBUG rally_openstack.cleanup.manager [-] Deleting neutron.port object s_rally_7928fbe8_yauKUmWn (12d1b7ae-67e7-4ec9-92d0-fd7dee8c0d60)
2019-08-11 08:51:23.655 14283 RALLYDEBUG rally_openstack.cleanup.manager [-] Deleting neutron.port object s_rally_7928fbe8_PMt4hgYg (124bb6fb-9592-4d46-b8d1-cfd5445d14f6)
2019-08-11 08:51:23.656 14283 RALLYDEBUG rally_openstack.cleanup.manager [-] Deleting neutron.port object s_rally_7928fbe8_MO5bcoCr (03b34c21-55ed-4c5d-a22d-552fbc7fbc09)
2019-08-11 08:51:23.662 14283 RALLYDEBUG rally_openstack.cleanup.manager [-] Deleting neutron.port object s_rally_7928fbe8_JLujBv9U (074a5ed6-c7dc-4355-a9a0-e8546fdb70d7)
2019-08-11 08:51:23.665 14283 RALLYDEBUG rally_openstack.cleanup.manager [-] Deleting neutron.port object s_rally_7928fbe8_K9ckFU4E (13b737ba-0cf0-4fe9-a7ba-1636d0fcb056)
2019-08-11 08:51:23.666 14283 RALLYDEBUG rally_openstack.cleanup.manager [-] Deleting neutron.port object s_rally_7928fbe8_q86ZMDQ7 (162d77ad-81cc-4ddc-b397-f9d78489d1aa)
2019-08-11 08:51:23.672 14283 RALLYDEBUG rally_openstack.cleanup.manager [-] Deleting neutron.port object s_rally_7928fbe8_LrCqnNla (1537b445-423d-4e78-9ddc-76d17b9c6048)
2019-08-11 08:51:23.674 14283 RALLYDEBUG rally_openstack.cleanup.manager [-] Deleting neutron.port object s_rally_7928fbe8_KiPlezxa (110eceea-8dfe-407f-a406-3113ebf25c48)
2019-08-11 08:51:23.674 14283 RALLYDEBUG rally_openstack.cleanup.manager [-] Deleting neutron.port object s_rally_7928fbe8_X00rNhf5 (1508a635-3491-4388-9dea-37bd2f03096c)
2019-08-11 08:51:23.680 14283 RALLYDEBUG rally_openstack.cleanup.manager [-] Deleting neutron.port object s_rally_7928fbe8_7mZqJ22B (041bf084-e379-4ed4-b369-04611f3f9cef)
2019-08-11 08:51:23.682 14283 RALLYDEBUG rally_openstack.cleanup.manager [-] Deleting neutron.port object s_rally_7928fbe8_pBXuEWgY (0b60e1cb-ef7e-4714-a8f1-b170579f6db6)
2019-08-11 08:51:23.684 14283 RALLYDEBUG rally_openstack.cleanup.manager [-] Deleting neutron.port object s_rally_7928fbe8_4T14hjkQ (0e9df99b-d94d-4575-bd4e-41edbc5961b1)
2019-08-11 08:51:23.685 14283 RALLYDEBUG rally_openstack.cleanup.manager [-] Deleting neutron.port object s_rally_7928fbe8_aonXLxsA (12a8591b-847e-49e4-9477-a604d43daa77)
2019-08-11 08:51:23.695 14283 RALLYDEBUG rally_openstack.cleanup.manager [-] Deleting neutron.port object s_rally_7928fbe8_ulHc03GT (13c527fb-0bd7-4312-b7ce-ce1ace43059b)
2019-08-11 08:51:23.706 14283 RALLYDEBUG rally_openstack.cleanup.manager [-] Deleting neutron.port object s_rally_7928fbe8_8iPvJOKv (1ade3605-e805-47d2-a3cb-2b7a0deaa9f3)
2019-08-11 08:51:23.707 14283 RALLYDEBUG rally_openstack.cleanup.manager [-] Deleting neutron.port object s_rally_7928fbe8_fpV5QRzC (16f03d9a-9341-4cec-85ee-64923f93bb23)
2019-08-11 08:51:23.709 14283 RALLYDEBUG rally_openstack.cleanup.manager [-] Deleting neutron.port object s_rally_7928fbe8_bt5nq13P (1b70f05b-ac6c-4c50-aff8-1b99e282805b)
2019-08-11 08:51:23.739 14283 RALLYDEBUG rally_openstack.cleanup.manager [-] Deleting neutron.port object s_rally_7928fbe8_0Q7LQlk3 (06f1f1a3-38e1-4862-bc86-b95c65706f1c)
2019-08-11 08:51:25.747 14283 RALLYDEBUG rally_openstack.cleanup.manager [-] Deleting neutron.port object s_rally_7928fbe8_tNsioSbp (1c775ff4-59e6-4da1-9892-00d11f10ecf7)
2019-08-11 08:51:25.747 14283 RALLYDEBUG rally_openstack.cleanup.manager [-] Deleting neutron.port object s_rally_7928fbe8_TjhslUGX (1e94c8f7-f38e-4fa4-a49a-ce3630cdee28)
2019-08-11 08:51:25.796 14283 RALLYDEBUG rally_openstack.cleanup.manager [-] Deleting neutron.port object s_rally_7928fbe8_tKoxP89E (1ed72562-c476-4ee8-adbb-eb9151c38c13)
2019-08-11 08:51:26.013 14283 RALLYDEBUG rally_openstack.cleanup.manager [-] Deleting neutron.port object s_rally_7928fbe8_vHuMwW1L (1f04abbc-be89-45f8-a8f2-dd19c6524f06)
2019-08-11 08:51:26.140 14283 RALLYDEBUG rally_openstack.cleanup.manager [-] Deleting neutron.port object s_rally_7928fbe8_7GMcfdCQ (21df1de4-dbf8-4bd8-adc9-42f3c7abee5b)
2019-08-11 08:51:26.175 14283 RALLYDEBUG rally_openstack.cleanup.manager [-] Deleting neutron.port object s_rally_7928fbe8_euJTv5cm (239a35a4-aa3d-48ed-83bd-2d8e6435a630)
2019-08-11 08:51:26.239 14283 RALLYDEBUG rally_openstack.cleanup.manager [-] Deleting neutron.port object s_rally_7928fbe8_3AmvLLqv (2540794a-4e85-429e-9d2d-91eacaed01b8)
2019-08-11 08:51:26.337 14283 RALLYDEBUG rally_openstack.cleanup.manager [-] Deleting neutron.port object s_rally_7928fbe8_5SZBcWvb (25e2e607-10c4-481a-b925-ff123a70f1ac)
2019-08-11 08:51:26.346 14283 RALLYDEBUG rally_openstack.cleanup.manager [-] Deleting neutron.port object s_rally_7928fbe8_nLOng2gC (261437bf-b842-4ff6-983c-11587e98caf1)
2019-08-11 08:51:26.358 14283 RALLYDEBUG rally_openstack.cleanup.manager [-] Deleting neutron.port object s_rally_7928fbe8_3MBPpGIA (26b2e3e6-01f9-4f83-8678-00fc7e8cc3d3)
2019-08-11 08:51:26.505 14283 RALLYDEBUG rally_openstack.cleanup.manager [-] Deleting neutron.port object s_rally_7928fbe8_PmpIySUN (2a3b0c7f-1570-48a1-ab1d-e97ca27bd2d0)
2019-08-11 08:51:26.562 14283 RALLYDEBUG rally_openstack.cleanup.manager [-] Deleting neutron.port object s_rally_7928fbe8_DpN7mbmr (2ae44922-c4c0-4ff8-bcc1-b0f88cc0b269)
2019-08-11 08:51:26.639 14283 RALLYDEBUG rally_openstack.cleanup.manager [-] Deleting neutron.port object s_rally_7928fbe8_9ks6RTOC (2d3b1ada-4f9f-4ecf-84dd-cb6c74367c92)
2019-08-11 08:51:26.657 14283 RALLYDEBUG rally_openstack.cleanup.manager [-] Deleting neutron.port object s_rally_7928fbe8_wuDhzp7c (2f541ed0-2f18-45c4-a5a1-802f627c87fc)
2019-08-11 08:51:26.661 14283 RALLYDEBUG rally_openstack.cleanup.manager [-] Deleting neutron.port object s_rally_7928fbe8_YsnVIrDV (309172ea-53a5-44f1-86cb-ef3bd2caede1)
2019-08-11 08:51:26.689 14283 RALLYDEBUG rally_openstack.cleanup.manager [-] Deleting neutron.port object s_rally_7928fbe8_pUqPx9DP (31ef2c90-5cca-428b-a2aa-1fbb67ca43f4)
2019-08-11 08:51:26.692 14283 RALLYDEBUG rally_openstack.cleanup.manager [-] Deleting neutron.port object s_rally_7928fbe8_QRJAfJsO (32bee543-99e6-47f6-814c-507999a1c105)
2019-08-11 08:51:26.719 14283 RALLYDEBUG rally_openstack.cleanup.manager [-] Deleting neutron.port object s_rally_7928fbe8_SKjQcqyO (335d8947-9ef8-4e9a-a3f6-cdb5b200059c)
2019-08-11 08:51:26.849 14283 RALLYDEBUG rally_openstack.cleanup.manager [-] Deleting neutron.port object s_rally_7928fbe8_DSmOKMln (367d1420-5c0b-482b-9172-b6f1969e24aa)
2019-08-11 08:51:26.947 14283 RALLYDEBUG rally_openstack.cleanup.manager [-] Deleting neutron.port object s_rally_7928fbe8_mxYhtlZa (36fd626f-7e2e-4ab9-9838-017e56f84f43)
2019-08-11 08:51:27.583 14283 RALLYDEBUG rally_openstack.cleanup.manager [-] Deleting neutron.port object s_rally_7928fbe8_ummbAd8w (3b098219-2983-4c4a-9f4f-7f511b7b6a92)
2019-08-11 08:51:27.598 14283 RALLYDEBUG rally_openstack.cleanup.manager [-] Deleting neutron.port object s_rally_7928fbe8_swO9O10E (3bfa4c3d-5019-48f5-962b-4180069a74da)
2019-08-11 08:51:27.634 14283 RALLYDEBUG rally_openstack.cleanup.manager [-] Deleting neutron.port object s_rally_7928fbe8_Ot6gJwRB (3d2c06b6-6b81-4263-a23e-1896bb86aaeb)
2019-08-11 08:51:28.087 14283 RALLYDEBUG rally_openstack.cleanup.manager [-] Deleting neutron.port object s_rally_7928fbe8_ZVNpaZKs (41568c10-b561-4bf2-8e93-5669542d1a27)
2019-08-11 08:51:28.145 14283 RALLYDEBUG rally_openstack.cleanup.manager [-] Deleting neutron.port object s_rally_7928fbe8_aKC3EYr6 (4333a119-761e-4938-a466-4d436e317a6a)
2019-08-11 08:51:28.187 14283 RALLYDEBUG rally_openstack.cleanup.manager [-] Deleting neutron.port object s_rally_7928fbe8_Cuk5FYwn (438d9240-37e2-4dbe-99ef-c4eecc0986eb)
2019-08-11 08:51:28.244 14283 RALLYDEBUG rally_openstack.cleanup.manager [-] Deleting neutron.port object s_rally_7928fbe8_ifcCtG0o (44f8285e-ee75-401a-ac54-eea6279a9cd8)
2019-08-11 08:51:28.349 14283 RALLYDEBUG rally_openstack.cleanup.manager [-] Deleting neutron.port object s_rally_7928fbe8_JhYNSjXR (467d8a13-b035-4808-b669-6a750bbbd1da)
2019-08-11 08:51:28.449 14283 RALLYDEBUG rally_openstack.cleanup.manager [-] Deleting neutron.port object s_rally_7928fbe8_ET24lzqe (47521756-4e5d-4cca-af6f-cccf9fb40237)
2019-08-11 08:51:28.472 14283 RALLYDEBUG rally_openstack.cleanup.manager [-] Deleting neutron.port object s_rally_7928fbe8_oG0NuyAm (48824225-90cd-4fc5-b143-7eb53fffb04e)
2019-08-11 08:51:28.679 14283 RALLYDEBUG rally_openstack.cleanup.manager [-] Deleting neutron.port object s_rally_7928fbe8_vDXtKKw2 (4a383078-06e7-43a6-a8f7-0f03a614fa3d)
2019-08-11 08:51:28.763 14283 RALLYDEBUG rally_openstack.cleanup.manager [-] Deleting neutron.port object s_rally_7928fbe8_d8gtPry6 (4a7b4f7c-85d3-41ac-938e-08e4a5f9fb0a)
2019-08-11 08:51:28.805 14283 RALLYDEBUG rally_openstack.cleanup.manager [-] Deleting neutron.port object s_rally_7928fbe8_1zSA0WNj (4b4903c4-61b6-45eb-94d7-ded21e236ae6)
2019-08-11 08:51:28.853 14283 RALLYDEBUG rally_openstack.cleanup.manager [-] Deleting neutron.port object s_rally_7928fbe8_tYs4wpFQ (4c9fb830-e302-4dd4-baeb-997352bff9f0)
2019-08-11 08:51:28.860 14283 RALLYDEBUG rally_openstack.cleanup.manager [-] Deleting neutron.port object s_rally_7928fbe8_pDYsfr2s (4fdad989-cd9b-4105-8d56-d3611b71501c)
2019-08-11 08:51:28.871 14283 RALLYDEBUG rally_openstack.cleanup.manager [-] Deleting neutron.port object s_rally_7928fbe8_rAgAdhpj (4fe00258-0832-42d7-93b4-8ef51841d035)
2019-08-11 08:51:28.947 14283 RALLYDEBUG rally_openstack.cleanup.manager [-] Deleting neutron.port object s_rally_7928fbe8_1os5up7l (500c0642-369f-4c96-8221-45465d616716)
2019-08-11 08:51:29.113 14283 RALLYDEBUG rally_openstack.cleanup.manager [-] Deleting neutron.port object s_rally_7928fbe8_S06xc3x0 (50626c12-2bd7-4c43-bd1f-981f77f5bd96)
2019-08-11 08:51:29.151 14283 RALLYDEBUG rally_openstack.cleanup.manager [-] Deleting neutron.port object s_rally_7928fbe8_HELIy7z3 (510edd3b-6ae7-4d4a-8a86-15d17530690a)
2019-08-11 08:51:29.438 14283 RALLYDEBUG rally_openstack.cleanup.manager [-] Deleting neutron.port object s_rally_7928fbe8_xrUJ3Rrr (545516f6-5482-498e-9452-063410cdf7df)
2019-08-11 08:51:29.453 14283 RALLYDEBUG rally_openstack.cleanup.manager [-] Deleting neutron.port object s_rally_7928fbe8_3PCcge2m (55365266-03dd-4b1f-b751-75632852b051)
2019-08-11 08:51:29.547 14283 RALLYDEBUG rally_openstack.cleanup.manager [-] Deleting neutron.port object s_rally_7928fbe8_vQHBhZ6D (55446ccc-0455-4b76-85d4-56c95aabf45e)
2019-08-11 08:51:29.675 14283 RALLYDEBUG rally_openstack.cleanup.manager [-] Deleting neutron.port object s_rally_7928fbe8_CkG8scOF (55e10f5e-ba16-4b83-a2f7-d964949695de)
2019-08-11 08:51:29.983 14283 RALLYDEBUG rally_openstack.cleanup.manager [-] Deleting neutron.port object s_rally_7928fbe8_P67672YD (567c66a9-e82b-4279-a86a-8484ac3889d7)
2019-08-11 08:51:30.007 14283 RALLYDEBUG rally_openstack.cleanup.manager [-] Deleting neutron.port object s_rally_7928fbe8_0h4xLeyc (5767367a-3123-458a-b4ba-77ff0cf972e7)
2019-08-11 08:51:30.257 14283 RALLYDEBUG rally_openstack.cleanup.manager [-] Deleting neutron.port object s_rally_7928fbe8_FoFu9Was (587753f5-2e5b-4010-8146-27292e8b07ea)
2019-08-11 08:51:30.265 14283 RALLYDEBUG rally_openstack.cleanup.manager [-] Deleting neutron.port object s_rally_7928fbe8_kMZKUFSm (58f2df61-7c97-4f72-ab38-13cf08955a59)
