2019-08-11 08:52:18.337 18564 WARNING rally_openstack.scenarios.neutron.utils [-] Running this scenario without either the 'network' or 'existing_network' context is deprecated
2019-08-11 08:52:18.341 18532 INFO rally.task.runner [-] Task 5146d926-ba69-4159-8ac0-8f4a2a6b7e45 | ITER: 39 START
2019-08-11 08:52:18.342 18532 WARNING rally_openstack.scenarios.neutron.utils [-] Running this scenario without either the 'network' or 'existing_network' context is deprecated
2019-08-11 08:52:18.734 18532 INFO rally.task.runner [-] Task 5146d926-ba69-4159-8ac0-8f4a2a6b7e45 | ITER: 6 END: OK
2019-08-11 08:52:18.739 18532 INFO rally.task.runner [-] Task 5146d926-ba69-4159-8ac0-8f4a2a6b7e45 | ITER: 40 START
2019-08-11 08:52:18.739 18532 WARNING rally_openstack.scenarios.neutron.utils [-] Running this scenario without either the 'network' or 'existing_network' context is deprecated
2019-08-11 08:52:23.630 18531 INFO rally.task.runner [-] Task 5146d926-ba69-4159-8ac0-8f4a2a6b7e45 | ITER: 23 END: OK
2019-08-11 08:52:24.201 18531 INFO rally.task.runner [-] Task 5146d926-ba69-4159-8ac0-8f4a2a6b7e45 | ITER: 21 END: OK
2019-08-11 08:52:24.419 18567 INFO rally.task.runner [-] Task 5146d926-ba69-4159-8ac0-8f4a2a6b7e45 | ITER: 24 END: OK
2019-08-11 08:52:24.856 18573 INFO rally.task.runner [-] Task 5146d926-ba69-4159-8ac0-8f4a2a6b7e45 | ITER: 22 END: OK
2019-08-11 08:52:25.521 18553 INFO rally.task.runner [-] Task 5146d926-ba69-4159-8ac0-8f4a2a6b7e45 | ITER: 28 END: OK
2019-08-11 08:52:26.602 18549 INFO rally.task.runner [-] Task 5146d926-ba69-4159-8ac0-8f4a2a6b7e45 | ITER: 29 END: OK
2019-08-11 08:52:26.602 18540 INFO rally.task.runner [-] Task 5146d926-ba69-4159-8ac0-8f4a2a6b7e45 | ITER: 30 END: OK
2019-08-11 08:52:26.962 18561 INFO rally.task.runner [-] Task 5146d926-ba69-4159-8ac0-8f4a2a6b7e45 | ITER: 26 END: OK
2019-08-11 08:52:27.360 18530 INFO rally.task.runner [-] Task 5146d926-ba69-4159-8ac0-8f4a2a6b7e45 | ITER: 25 END: OK
2019-08-11 08:52:27.520 18537 INFO rally.task.runner [-] Task 5146d926-ba69-4159-8ac0-8f4a2a6b7e45 | ITER: 33 END: OK
2019-08-11 08:52:27.590 18544 INFO rally.task.runner [-] Task 5146d926-ba69-4159-8ac0-8f4a2a6b7e45 | ITER: 34 END: OK
2019-08-11 08:52:27.697 18529 INFO rally.task.runner [-] Task 5146d926-ba69-4159-8ac0-8f4a2a6b7e45 | ITER: 35 END: OK
2019-08-11 08:52:27.758 18532 INFO rally.task.runner [-] Task 5146d926-ba69-4159-8ac0-8f4a2a6b7e45 | ITER: 39 END: OK
2019-08-11 08:52:27.878 18576 INFO rally.task.runner [-] Task 5146d926-ba69-4159-8ac0-8f4a2a6b7e45 | ITER: 32 END: OK
2019-08-11 08:52:28.200 18529 INFO rally.task.runner [-] Task 5146d926-ba69-4159-8ac0-8f4a2a6b7e45 | ITER: 31 END: OK
2019-08-11 08:52:28.484 18533 INFO rally.task.runner [-] Task 5146d926-ba69-4159-8ac0-8f4a2a6b7e45 | ITER: 27 END: OK
2019-08-11 08:52:28.574 18564 INFO rally.task.runner [-] Task 5146d926-ba69-4159-8ac0-8f4a2a6b7e45 | ITER: 38 END: OK
2019-08-11 08:52:28.800 18532 INFO rally.task.runner [-] Task 5146d926-ba69-4159-8ac0-8f4a2a6b7e45 | ITER: 40 END: OK
2019-08-11 08:52:28.881 18570 INFO rally.task.runner [-] Task 5146d926-ba69-4159-8ac0-8f4a2a6b7e45 | ITER: 36 END: OK
2019-08-11 08:52:29.268 18530 INFO rally.task.runner [-] Task 5146d926-ba69-4159-8ac0-8f4a2a6b7e45 | ITER: 37 END: OK
2019-08-11 08:52:29.297 14283 INFO rally.task.context [-] Task 5146d926-ba69-4159-8ac0-8f4a2a6b7e45 | Context cleanup@openstack cleanup() started
2019-08-11 08:52:29.300 14283 RALLYDEBUG rally_openstack.cleanup.manager [-] Cleaning up neutron vip objects
2019-08-11 08:52:29.712 14283 RALLYDEBUG rally_openstack.cleanup.manager [-] Cleaning up neutron health_monitor objects
2019-08-11 08:52:30.114 14283 RALLYDEBUG rally_openstack.cleanup.manager [-] Cleaning up neutron pool objects
2019-08-11 08:52:30.518 14283 RALLYDEBUG rally_openstack.cleanup.manager [-] Cleaning up neutron loadbalancer objects
2019-08-11 08:52:30.924 14283 RALLYDEBUG rally_openstack.cleanup.manager [-] Cleaning up neutron floatingip objects
2019-08-11 08:52:31.360 14283 RALLYDEBUG rally_openstack.cleanup.manager [-] Cleaning up neutron port objects
2019-08-11 08:52:31.790 14283 RALLYDEBUG rally_openstack.cleanup.manager [-] Cleaning up neutron subnet objects
2019-08-11 08:52:32.219 14283 RALLYDEBUG rally_openstack.cleanup.manager [-] Cleaning up neutron network objects
2019-08-11 08:52:32.862 14283 RALLYDEBUG rally_openstack.cleanup.manager [-] Deleting neutron.network object s_rally_761b7374_BKOsCEmJ (3fb1a0d7-b60b-485b-bac6-2f19b8cade7b)
2019-08-11 08:52:32.867 14283 RALLYDEBUG rally_openstack.cleanup.manager [-] Deleting neutron.network object s_rally_761b7374_SKRG84YB (7758e4da-0c23-4867-9a9b-d891ac968ab5)
2019-08-11 08:52:32.874 14283 RALLYDEBUG rally_openstack.cleanup.manager [-] Deleting neutron.network object s_rally_761b7374_LGBnue3b (7ca3432b-ac10-47b6-952e-211c2c488e2a)
2019-08-11 08:52:32.877 14283 RALLYDEBUG rally_openstack.cleanup.manager [-] Deleting neutron.network object s_rally_761b7374_ecmckiGX (25fd4ee8-599c-4d01-bbbf-4b21ba69d120)
2019-08-11 08:52:32.873 14283 RALLYDEBUG rally_openstack.cleanup.manager [-] Deleting neutron.network object s_rally_761b7374_BWtMRmKd (77e7d1a5-0141-4241-b719-a01d134cef75)
2019-08-11 08:52:32.883 14283 RALLYDEBUG rally_openstack.cleanup.manager [-] Deleting neutron.network object s_rally_761b7374_kLhxjlzt (48cac27e-2ace-498b-b9c7-0cd689a3e5a9)
2019-08-11 08:52:32.885 14283 RALLYDEBUG rally_openstack.cleanup.manager [-] Deleting neutron.network object s_rally_761b7374_A5Dw68pO (14c2346b-d46e-4c8d-8c1c-35edb61e8a77)
2019-08-11 08:52:32.886 14283 RALLYDEBUG rally_openstack.cleanup.manager [-] Deleting neutron.network object s_rally_761b7374_s3T0EUSe (3789668d-c2b8-49d5-9d60-b6205d672c4b)
2019-08-11 08:52:32.886 14283 RALLYDEBUG rally_openstack.cleanup.manager [-] Deleting neutron.network object s_rally_761b7374_S7Q8YwEe (501ea8e9-5826-4051-81c2-9bf04c880487)
2019-08-11 08:52:32.889 14283 RALLYDEBUG rally_openstack.cleanup.manager [-] Deleting neutron.network object s_rally_761b7374_Aawd2Wdi (66978703-0959-4463-9f49-cff7c8b0025e)
2019-08-11 08:52:32.901 14283 RALLYDEBUG rally_openstack.cleanup.manager [-] Deleting neutron.network object s_rally_761b7374_9MzWlZmx (51d37815-be6a-48b2-9c52-718d73b33254)
2019-08-11 08:52:32.913 14283 RALLYDEBUG rally_openstack.cleanup.manager [-] Deleting neutron.network object s_rally_761b7374_7u0PpKZb (5e8d60e1-cec7-43bd-a08d-bcebf3e101bb)
2019-08-11 08:52:32.926 14283 RALLYDEBUG rally_openstack.cleanup.manager [-] Deleting neutron.network object s_rally_761b7374_nI0TLw0u (81aa8ce1-39d4-4429-a1c7-7c72d636c16b)
2019-08-11 08:52:32.928 14283 RALLYDEBUG rally_openstack.cleanup.manager [-] Deleting neutron.network object s_rally_761b7374_x5RaAw1H (45725535-ede4-4140-970d-286e6ea8842b)
2019-08-11 08:52:32.945 14283 RALLYDEBUG rally_openstack.cleanup.manager [-] Deleting neutron.network object s_rally_761b7374_kGz8TC7Q (68acae27-773f-4598-9152-d71c4ec1fed7)
2019-08-11 08:52:32.947 14283 RALLYDEBUG rally_openstack.cleanup.manager [-] Deleting neutron.network object s_rally_761b7374_vu3wHtyl (5d3e9440-6fd9-4512-822f-07fa627bc9cc)
2019-08-11 08:52:32.948 14283 RALLYDEBUG rally_openstack.cleanup.manager [-] Deleting neutron.network object s_rally_761b7374_UOwx6oWU (43e74c12-e38a-45da-a9a4-355ade575662)
2019-08-11 08:52:32.940 14283 RALLYDEBUG rally_openstack.cleanup.manager [-] Deleting neutron.network object s_rally_761b7374_O4hmD9x7 (763d248c-cec4-4f24-a1a2-a2cc09418b1a)
2019-08-11 08:52:32.970 14283 RALLYDEBUG rally_openstack.cleanup.manager [-] Deleting neutron.network object s_rally_761b7374_54FuWJM3 (4f5ad12f-1929-43dc-8206-97f3976d009d)
2019-08-11 08:52:32.994 14283 RALLYDEBUG rally_openstack.cleanup.manager [-] Deleting neutron.network object s_rally_761b7374_0rGdbKs4 (2298c877-f826-48bf-831d-a35db21a0ef4)
2019-08-11 08:52:35.167 14283 RALLYDEBUG rally_openstack.cleanup.manager [-] Deleting neutron.network object s_rally_761b7374_wAKDRD1T (848155dc-ba94-4e77-8e73-b2a79887a3d4)
2019-08-11 08:52:35.183 14283 RALLYDEBUG rally_openstack.cleanup.manager [-] Deleting neutron.network object s_rally_761b7374_FnQlKNIp (88ac6d59-062d-444c-9767-29dc59180195)
2019-08-11 08:52:35.388 14283 RALLYDEBUG rally_openstack.cleanup.manager [-] Deleting neutron.network object s_rally_761b7374_XbQIkNnx (8b2e89a8-2203-4916-965a-d492db534662)
2019-08-11 08:52:35.595 14283 RALLYDEBUG rally_openstack.cleanup.manager [-] Deleting neutron.network object s_rally_761b7374_cgUNBmOn (90662204-df12-4d39-8cbf-f799897585fc)
2019-08-11 08:52:35.823 14283 RALLYDEBUG rally_openstack.cleanup.manager [-] Deleting neutron.network object s_rally_761b7374_PmSZtBJl (9a905d19-1c20-4996-8566-9c37bde80081)
2019-08-11 08:52:35.829 14283 RALLYDEBUG rally_openstack.cleanup.manager [-] Deleting neutron.network object s_rally_761b7374_S4BD2cXY (a4367818-140e-4811-af1a-ff00528ab6c4)
2019-08-11 08:52:35.842 14283 RALLYDEBUG rally_openstack.cleanup.manager [-] Deleting neutron.network object s_rally_761b7374_xDnPwtH0 (a6befb50-51b0-4a05-9501-47cd63815742)
2019-08-11 08:52:35.895 14283 RALLYDEBUG rally_openstack.cleanup.manager [-] Deleting neutron.network object s_rally_761b7374_shdKFdzo (a860f520-0193-4020-b17a-6bb632aa8e21)
2019-08-11 08:52:36.171 14283 RALLYDEBUG rally_openstack.cleanup.manager [-] Deleting neutron.network object s_rally_761b7374_mUmn052o (a88e7687-86e8-44de-b0b9-e0ef7367d636)
2019-08-11 08:52:36.171 14283 RALLYDEBUG rally_openstack.cleanup.manager [-] Deleting neutron.network object s_rally_761b7374_GowsAoYz (a8e1c48c-4441-49db-9585-3b25a3af2b4d)
2019-08-11 08:52:36.172 14283 RALLYDEBUG rally_openstack.cleanup.manager [-] Deleting neutron.network object s_rally_761b7374_OuY44kJi (aa8436fa-43cf-4b66-88c1-c1eb50a5c194)
2019-08-11 08:52:36.265 14283 RALLYDEBUG rally_openstack.cleanup.manager [-] Deleting neutron.network object s_rally_761b7374_zul0lK3t (bdfdaee1-8c53-4197-8d7a-9bf281d1dc77)
2019-08-11 08:52:36.265 14283 RALLYDEBUG rally_openstack.cleanup.manager [-] Deleting neutron.network object s_rally_761b7374_sQYIH38I (bda77eee-fc9a-4345-b713-b9cad4f7178c)
2019-08-11 08:52:36.266 14283 RALLYDEBUG rally_openstack.cleanup.manager [-] Deleting neutron.network object s_rally_761b7374_UHA7pink (bcfbe00e-404a-4503-b6db-3583a99ef242)
2019-08-11 08:52:36.361 14283 RALLYDEBUG rally_openstack.cleanup.manager [-] Deleting neutron.network object s_rally_761b7374_yLXey9Gp (c2dccd86-0073-46dc-9be5-c835cf3f6908)
2019-08-11 08:52:36.463 14283 RALLYDEBUG rally_openstack.cleanup.manager [-] Deleting neutron.network object s_rally_761b7374_fnGyTyYY (cd81ad23-a2ba-407e-bf87-0daa0316aefb)
2019-08-11 08:52:36.471 14283 RALLYDEBUG rally_openstack.cleanup.manager [-] Deleting neutron.network object s_rally_761b7374_MVDPXqpP (d8899f7f-38ad-4064-904c-d52e35553549)
2019-08-11 08:52:36.964 14283 RALLYDEBUG rally_openstack.cleanup.manager [-] Deleting neutron.network object s_rally_761b7374_QvvWB0l2 (eac289d5-65bb-434f-8a99-02de159cae1a)
2019-08-11 08:52:37.075 14283 RALLYDEBUG rally_openstack.cleanup.manager [-] Deleting neutron.network object s_rally_761b7374_qNtk2l3Y (eac52882-7c1c-4092-93c7-9e5c49ef2cda)
2019-08-11 08:52:37.075 14283 RALLYDEBUG rally_openstack.cleanup.manager [-] Deleting neutron.network object s_rally_761b7374_hyfg6Vwi (f296ff92-7616-448c-8b4c-13038d512546)
2019-08-11 08:52:39.296 14283 RALLYDEBUG rally_openstack.cleanup.manager [-] Cleaning up neutron router objects
2019-08-11 08:52:39.738 14283 RALLYDEBUG rally_openstack.cleanup.manager [-] Cleaning up neutron security_group objects
2019-08-11 08:52:40.165 14283 INFO rally.task.context [-] Task 5146d926-ba69-4159-8ac0-8f4a2a6b7e45 | Context cleanup@openstack cleanup() finished in 10.87 sec
2019-08-11 08:52:40.165 14283 INFO rally.task.context [-] Task 5146d926-ba69-4159-8ac0-8f4a2a6b7e45 | Context quotas@openstack cleanup() started
2019-08-11 08:52:40.248 14283 INFO rally.task.context [-] Task 5146d926-ba69-4159-8ac0-8f4a2a6b7e45 | Context quotas@openstack cleanup() finished in 83.07 msec
2019-08-11 08:52:40.249 14283 INFO rally.task.context [-] Task 5146d926-ba69-4159-8ac0-8f4a2a6b7e45 | Context users@openstack cleanup() started
2019-08-11 08:52:43.312 14283 INFO rally.task.context [-] Task 5146d926-ba69-4159-8ac0-8f4a2a6b7e45 | Context users@openstack cleanup() finished in 3.06 sec
2019-08-11 08:52:44.728 14283 INFO rally.task.engine [-] Load duration is: 25.784906
2019-08-11 08:52:44.729 14283 INFO rally.task.engine [-] Full runner duration is: 25.84041
2019-08-11 08:52:44.729 14283 INFO rally.task.engine [-] Full duration is: 42.766701
2019-08-11 08:52:45.095 14283 INFO rally.task.engine [-] Running workload: position = 0 config = { "version": 2, "title": "A cropped version of a bigger task.", "description": "Auto-generated task from a single workload (uuid=6d8a5d5b-24cd-4cff-b845-eff86ba97da5)", "subtasks": [ { "title": "Quotas.neutron_update", "description": "Update quotas for neutron.", "scenario": { "Quotas.neutron_update": { "max_quota": 1024 } }, "contexts": { "users": { "tenants": 20, "users_per_tenant": 1 } }, "runner": { "constant": { "times": 40, "concurrency": 20 } }, "hooks": [], "sla": { "failure_rate": { "max": 0 } } } ] }
2019-08-11 08:52:45.120 14283 RALLYDEBUG rally_openstack.contexts.keystone.users [-] Creating 20 tenants using 20 threads
2019-08-11 08:52:47.481 14283 RALLYDEBUG rally_openstack.contexts.keystone.users [-] Creating 20 users using 20 threads
2019-08-11 08:52:50.631 14283 INFO rally.task.context [-] Task 5146d926-ba69-4159-8ac0-8f4a2a6b7e45 | Context users@openstack setup() finished in 5.51 sec
2019-08-11 08:52:50.631 14283 INFO rally.task.context [-] Task 5146d926-ba69-4159-8ac0-8f4a2a6b7e45 | Context admin_cleanup@openstack setup() finished in 0.01 msec
2019-08-11 08:52:50.640 14283 RALLYDEBUG rally.task.runner [-] Starting the constant runner (task UUID: 5146d926-ba69-4159-8ac0-8f4a2a6b7e45). timeout: 0 concurrency: 20 concurrency_per_worker: 1 times: 40 concurrency_overhead: 4 processes_to_start: 16 max_cpu_used: 16
2019-08-11 08:52:50.654 18899 RALLYDEBUG rally.task.runner [-] Starting a worker. concurrency: 2 args: {"max_quota": 1024} times: 40 method_name: run timeout: 0 duration: None cls:
2019-08-11 08:52:50.658 18900 RALLYDEBUG rally.task.runner [-] Starting a worker. concurrency: 2 args: {"max_quota": 1024} times: 40 method_name: run timeout: 0 duration: None cls:
2019-08-11 08:52:50.661 18901 RALLYDEBUG rally.task.runner [-] Starting a worker. concurrency: 2 args: {"max_quota": 1024} times: 40 method_name: run timeout: 0 duration: None cls:
2019-08-11 08:52:50.666 18902 RALLYDEBUG rally.task.runner [-] Starting a worker. concurrency: 2 args: {"max_quota": 1024} times: 40 method_name: run timeout: 0 duration: None cls:
2019-08-11 08:52:50.669 18900 INFO rally.task.runner [-] Task 5146d926-ba69-4159-8ac0-8f4a2a6b7e45 | ITER: 2 START
2019-08-11 08:52:50.669 18899 INFO rally.task.runner [-] Task 5146d926-ba69-4159-8ac0-8f4a2a6b7e45 | ITER: 1 START
2019-08-11 08:52:50.670 18903 RALLYDEBUG rally.task.runner [-] Starting a worker. concurrency: 1 args: {"max_quota": 1024} times: 40 method_name: run timeout: 0 duration: None cls:
2019-08-11 08:52:50.672 18904 RALLYDEBUG rally.task.runner [-] Starting a worker. concurrency: 1 args: {"max_quota": 1024} times: 40 method_name: run timeout: 0 duration: None cls:
2019-08-11 08:52:50.674 18906 RALLYDEBUG rally.task.runner [-] Starting a worker. concurrency: 1 args: {"max_quota": 1024} times: 40 method_name: run timeout: 0 duration: None cls:
2019-08-11 08:52:50.676 18901 INFO rally.task.runner [-] Task 5146d926-ba69-4159-8ac0-8f4a2a6b7e45 | ITER: 3 START
2019-08-11 08:52:50.678 18909 RALLYDEBUG rally.task.runner [-] Starting a worker. concurrency: 1 args: {"max_quota": 1024} times: 40 method_name: run timeout: 0 duration: None cls:
2019-08-11 08:52:50.679 18911 RALLYDEBUG rally.task.runner [-] Starting a worker. concurrency: 1 args: {"max_quota": 1024} times: 40 method_name: run timeout: 0 duration: None cls:
2019-08-11 08:52:50.681 18899 INFO rally.task.runner [-] Task 5146d926-ba69-4159-8ac0-8f4a2a6b7e45 | ITER: 4 START
2019-08-11 08:52:50.685 18903 INFO rally.task.runner [-] Task 5146d926-ba69-4159-8ac0-8f4a2a6b7e45 | ITER: 8 START
2019-08-11 08:52:50.686 18914 RALLYDEBUG rally.task.runner [-] Starting a worker. concurrency: 1 args: {"max_quota": 1024} times: 40 method_name: run timeout: 0 duration: None cls:
2019-08-11 08:52:50.687 18902 INFO rally.task.runner [-] Task 5146d926-ba69-4159-8ac0-8f4a2a6b7e45 | ITER: 5 START
2019-08-11 08:52:50.690 18915 RALLYDEBUG rally.task.runner [-] Starting a worker. concurrency: 1 args: {"max_quota": 1024} times: 40 method_name: run timeout: 0 duration: None cls:
2019-08-11 08:52:50.692 18904 INFO rally.task.runner [-] Task 5146d926-ba69-4159-8ac0-8f4a2a6b7e45 | ITER: 9 START
2019-08-11 08:52:50.694 18911 INFO rally.task.runner [-] Task 5146d926-ba69-4159-8ac0-8f4a2a6b7e45 | ITER: 13 START
2019-08-11 08:52:50.695 18922 RALLYDEBUG rally.task.runner [-] Starting a worker. concurrency: 1 args: {"max_quota": 1024} times: 40 method_name: run timeout: 0 duration: None cls:
2019-08-11 08:52:50.697 18901 INFO rally.task.runner [-] Task 5146d926-ba69-4159-8ac0-8f4a2a6b7e45 | ITER: 7 START
2019-08-11 08:52:50.699 18918 RALLYDEBUG rally.task.runner [-] Starting a worker. concurrency: 1 args: {"max_quota": 1024} times: 40 method_name: run timeout: 0 duration: None cls:
2019-08-11 08:52:50.703 18906 INFO rally.task.runner [-] Task 5146d926-ba69-4159-8ac0-8f4a2a6b7e45 | ITER: 10 START
2019-08-11 08:52:50.705 18914 INFO rally.task.runner [-] Task 5146d926-ba69-4159-8ac0-8f4a2a6b7e45 | ITER: 14 START
2019-08-11 08:52:50.706 18900 INFO rally.task.runner [-] Task 5146d926-ba69-4159-8ac0-8f4a2a6b7e45 | ITER: 6 START
2019-08-11 08:52:50.705 18925 RALLYDEBUG rally.task.runner [-] Starting a worker. concurrency: 1 args: {"max_quota": 1024} times: 40 method_name: run timeout: 0 duration: None cls:
2019-08-11 08:52:50.708 18909 INFO rally.task.runner [-] Task 5146d926-ba69-4159-8ac0-8f4a2a6b7e45 | ITER: 12 START
2019-08-11 08:52:50.711 18922 INFO rally.task.runner [-] Task 5146d926-ba69-4159-8ac0-8f4a2a6b7e45 | ITER: 16 START
2019-08-11 08:52:50.713 18931 RALLYDEBUG rally.task.runner [-] Starting a worker. concurrency: 1 args: {"max_quota": 1024} times: 40 method_name: run timeout: 0 duration: None cls:
2019-08-11 08:52:50.715 18902 INFO rally.task.runner [-] Task 5146d926-ba69-4159-8ac0-8f4a2a6b7e45 | ITER: 11 START
2019-08-11 08:52:50.717 18918 INFO rally.task.runner [-] Task 5146d926-ba69-4159-8ac0-8f4a2a6b7e45 | ITER: 17 START
2019-08-11 08:52:50.718 18915 INFO rally.task.runner [-] Task 5146d926-ba69-4159-8ac0-8f4a2a6b7e45 | ITER: 15 START
2019-08-11 08:52:50.718 18933 RALLYDEBUG rally.task.runner [-] Starting a worker. concurrency: 1 args: {"max_quota": 1024} times: 40 method_name: run timeout: 0 duration: None cls:
2019-08-11 08:52:50.725 18931 INFO rally.task.runner [-] Task 5146d926-ba69-4159-8ac0-8f4a2a6b7e45 | ITER: 19 START
2019-08-11 08:52:50.726 18925 INFO rally.task.runner [-] Task 5146d926-ba69-4159-8ac0-8f4a2a6b7e45 | ITER: 18 START
2019-08-11 08:52:50.729 18933 INFO rally.task.runner [-] Task 5146d926-ba69-4159-8ac0-8f4a2a6b7e45 | ITER: 20 START
2019-08-11 08:52:51.307 18909 INFO rally.task.runner [-] Task 5146d926-ba69-4159-8ac0-8f4a2a6b7e45 | ITER: 12 END: OK
2019-08-11 08:52:51.314 18909 INFO rally.task.runner [-] Task 5146d926-ba69-4159-8ac0-8f4a2a6b7e45 | ITER: 21 START
2019-08-11 08:52:51.332 18911 INFO rally.task.runner [-] Task 5146d926-ba69-4159-8ac0-8f4a2a6b7e45 | ITER: 13 END: OK
2019-08-11 08:52:51.336 18911 INFO rally.task.runner [-] Task 5146d926-ba69-4159-8ac0-8f4a2a6b7e45 | ITER: 22 START
2019-08-11 08:52:51.338 18901 INFO rally.task.runner [-] Task 5146d926-ba69-4159-8ac0-8f4a2a6b7e45 | ITER: 7 END: OK
2019-08-11 08:52:51.345 18901 INFO rally.task.runner [-] Task 5146d926-ba69-4159-8ac0-8f4a2a6b7e45 | ITER: 23 START
2019-08-11 08:52:51.346 18899 INFO rally.task.runner [-] Task 5146d926-ba69-4159-8ac0-8f4a2a6b7e45 | ITER: 4 END: OK
2019-08-11 08:52:51.353 18899 INFO rally.task.runner [-] Task 5146d926-ba69-4159-8ac0-8f4a2a6b7e45 | ITER: 24 START
2019-08-11 08:52:51.360 18902 INFO rally.task.runner [-] Task 5146d926-ba69-4159-8ac0-8f4a2a6b7e45 | ITER: 5 END: OK
2019-08-11 08:52:51.364 18902 INFO rally.task.runner [-] Task 5146d926-ba69-4159-8ac0-8f4a2a6b7e45 | ITER: 25 START
2019-08-11 08:52:51.380 18914 INFO rally.task.runner [-] Task 5146d926-ba69-4159-8ac0-8f4a2a6b7e45 | ITER: 14 END: OK
2019-08-11 08:52:51.381 18900 INFO rally.task.runner [-] Task 5146d926-ba69-4159-8ac0-8f4a2a6b7e45 | ITER: 2 END: OK
2019-08-11 08:52:51.384 18914 INFO rally.task.runner [-] Task 5146d926-ba69-4159-8ac0-8f4a2a6b7e45 | ITER: 26 START
2019-08-11 08:52:51.387 18900 INFO rally.task.runner [-] Task 5146d926-ba69-4159-8ac0-8f4a2a6b7e45 | ITER: 27 START
2019-08-11 08:52:51.389 18904 INFO rally.task.runner [-] Task 5146d926-ba69-4159-8ac0-8f4a2a6b7e45 | ITER: 9 END: OK
2019-08-11 08:52:51.393 18904 INFO rally.task.runner [-] Task 5146d926-ba69-4159-8ac0-8f4a2a6b7e45 | ITER: 28 START
2019-08-11 08:52:51.404 18906 INFO rally.task.runner [-] Task 5146d926-ba69-4159-8ac0-8f4a2a6b7e45 | ITER: 10 END: OK
2019-08-11 08:52:51.409 18906 INFO rally.task.runner [-] Task 5146d926-ba69-4159-8ac0-8f4a2a6b7e45 | ITER: 29 START
2019-08-11 08:52:51.420 18903 INFO rally.task.runner [-] Task 5146d926-ba69-4159-8ac0-8f4a2a6b7e45 | ITER: 8 END: OK
2019-08-11 08:52:51.425 18903 INFO rally.task.runner [-] Task 5146d926-ba69-4159-8ac0-8f4a2a6b7e45 | ITER: 30 START
2019-08-11 08:52:51.437 18900 INFO rally.task.runner [-] Task 5146d926-ba69-4159-8ac0-8f4a2a6b7e45 | ITER: 6 END: OK
2019-08-11 08:52:51.442 18900 INFO rally.task.runner [-] Task 5146d926-ba69-4159-8ac0-8f4a2a6b7e45 | ITER: 31 START
2019-08-11 08:52:51.448 18899 INFO rally.task.runner [-] Task 5146d926-ba69-4159-8ac0-8f4a2a6b7e45 | ITER: 1 END: OK
2019-08-11 08:52:51.453 18899 INFO rally.task.runner [-] Task 5146d926-ba69-4159-8ac0-8f4a2a6b7e45 | ITER: 32 START
2019-08-11 08:52:51.512 18931 INFO rally.task.runner [-] Task 5146d926-ba69-4159-8ac0-8f4a2a6b7e45 | ITER: 19 END: OK
2019-08-11 08:52:51.519 18931 INFO rally.task.runner [-] Task 5146d926-ba69-4159-8ac0-8f4a2a6b7e45 | ITER: 33 START
2019-08-11 08:52:51.550 18918 INFO rally.task.runner [-] Task 5146d926-ba69-4159-8ac0-8f4a2a6b7e45 | ITER: 17 END: OK
2019-08-11 08:52:51.554 18918 INFO rally.task.runner [-] Task 5146d926-ba69-4159-8ac0-8f4a2a6b7e45 | ITER: 34 START
2019-08-11 08:52:51.604 18901 INFO rally.task.runner [-] Task 5146d926-ba69-4159-8ac0-8f4a2a6b7e45 | ITER: 3 END: OK
2019-08-11 08:52:51.611 18901 INFO rally.task.runner [-] Task 5146d926-ba69-4159-8ac0-8f4a2a6b7e45 | ITER: 35 START
2019-08-11 08:52:51.630 18933 INFO rally.task.runner [-] Task 5146d926-ba69-4159-8ac0-8f4a2a6b7e45 | ITER: 20 END: OK
2019-08-11 08:52:51.634 18933 INFO rally.task.runner [-] Task 5146d926-ba69-4159-8ac0-8f4a2a6b7e45 | ITER: 36 START
2019-08-11 08:52:51.654 18915 INFO rally.task.runner [-] Task 5146d926-ba69-4159-8ac0-8f4a2a6b7e45 | ITER: 15 END: OK
2019-08-11 08:52:51.660 18915 INFO rally.task.runner [-] Task 5146d926-ba69-4159-8ac0-8f4a2a6b7e45 | ITER: 37 START
2019-08-11 08:52:51.727 18922 INFO rally.task.runner [-] Task 5146d926-ba69-4159-8ac0-8f4a2a6b7e45 | ITER: 16 END: OK
2019-08-11 08:52:51.731 18922 INFO rally.task.runner [-] Task 5146d926-ba69-4159-8ac0-8f4a2a6b7e45 | ITER: 38 START
2019-08-11 08:52:51.794 18902 INFO rally.task.runner [-] Task 5146d926-ba69-4159-8ac0-8f4a2a6b7e45 | ITER: 11 END: OK
2019-08-11 08:52:51.798 18902 INFO rally.task.runner [-] Task 5146d926-ba69-4159-8ac0-8f4a2a6b7e45 | ITER: 39 START
2019-08-11 08:52:51.825 18911 INFO rally.task.runner [-] Task 5146d926-ba69-4159-8ac0-8f4a2a6b7e45 | ITER: 22 END: OK
2019-08-11 08:52:51.830 18911 INFO rally.task.runner [-] Task 5146d926-ba69-4159-8ac0-8f4a2a6b7e45 | ITER: 40 START
2019-08-11 08:52:51.849 18904 INFO rally.task.runner [-] Task 5146d926-ba69-4159-8ac0-8f4a2a6b7e45 | ITER: 28 END: OK
2019-08-11 08:52:51.882 18925 INFO rally.task.runner [-] Task 5146d926-ba69-4159-8ac0-8f4a2a6b7e45 | ITER: 18 END: OK
2019-08-11 08:52:51.912 18900 INFO rally.task.runner [-] Task 5146d926-ba69-4159-8ac0-8f4a2a6b7e45 | ITER: 31 END: OK
2019-08-11 08:52:52.005 18931 INFO rally.task.runner [-] Task 5146d926-ba69-4159-8ac0-8f4a2a6b7e45 | ITER: 33 END: OK
2019-08-11 08:52:52.051 18909 INFO rally.task.runner [-] Task 5146d926-ba69-4159-8ac0-8f4a2a6b7e45 | ITER: 21 END: OK
2019-08-11 08:52:52.117 18900 INFO rally.task.runner [-] Task 5146d926-ba69-4159-8ac0-8f4a2a6b7e45 | ITER: 27 END: OK
2019-08-11 08:52:52.124 18914 INFO rally.task.runner [-] Task 5146d926-ba69-4159-8ac0-8f4a2a6b7e45 | ITER: 26 END: OK
2019-08-11 08:52:52.132 18902 INFO rally.task.runner [-] Task 5146d926-ba69-4159-8ac0-8f4a2a6b7e45 | ITER: 25 END: OK
2019-08-11 08:52:52.198 18906 INFO rally.task.runner [-] Task 5146d926-ba69-4159-8ac0-8f4a2a6b7e45 | ITER: 29 END: OK
2019-08-11 08:52:52.313 18903 INFO rally.task.runner [-] Task 5146d926-ba69-4159-8ac0-8f4a2a6b7e45 | ITER: 30 END: OK
2019-08-11 08:52:52.344 18899 INFO rally.task.runner [-] Task 5146d926-ba69-4159-8ac0-8f4a2a6b7e45 | ITER: 32 END: OK
2019-08-11 08:52:52.439 18901 INFO rally.task.runner [-] Task 5146d926-ba69-4159-8ac0-8f4a2a6b7e45 | ITER: 35 END: OK
2019-08-11 08:52:52.470 18899 INFO rally.task.runner [-] Task 5146d926-ba69-4159-8ac0-8f4a2a6b7e45 | ITER: 24 END: OK
2019-08-11 08:52:52.472 18901 INFO rally.task.runner [-] Task 5146d926-ba69-4159-8ac0-8f4a2a6b7e45 | ITER: 23 END: OK
2019-08-11 08:52:52.474 18933 INFO rally.task.runner [-] Task 5146d926-ba69-4159-8ac0-8f4a2a6b7e45 | ITER: 36 END: OK
2019-08-11 08:52:52.657 18915 INFO rally.task.runner [-] Task 5146d926-ba69-4159-8ac0-8f4a2a6b7e45 | ITER: 37 END: OK
2019-08-11 08:52:52.724 18922 INFO rally.task.runner [-] Task 5146d926-ba69-4159-8ac0-8f4a2a6b7e45 | ITER: 38 END: OK
2019-08-11 08:52:52.823 18918 INFO rally.task.runner [-] Task 5146d926-ba69-4159-8ac0-8f4a2a6b7e45 | ITER: 34 END: OK
2019-08-11 08:52:52.823 18902 INFO rally.task.runner [-] Task 5146d926-ba69-4159-8ac0-8f4a2a6b7e45 | ITER: 39 END: OK
2019-08-11 08:52:52.844 18911 INFO rally.task.runner [-] Task 5146d926-ba69-4159-8ac0-8f4a2a6b7e45 | ITER: 40 END: OK
2019-08-11 08:52:52.867 14283 INFO rally.task.context [-] Task 5146d926-ba69-4159-8ac0-8f4a2a6b7e45 | Context admin_cleanup@openstack cleanup() started
2019-08-11 08:52:52.870 14283 RALLYDEBUG rally_openstack.cleanup.manager [-] Cleaning up neutron quota objects
2019-08-11 08:52:54.535 14283 INFO rally.task.context [-] Task 5146d926-ba69-4159-8ac0-8f4a2a6b7e45 | Context admin_cleanup@openstack cleanup() finished in 1.67 sec
2019-08-11 08:52:54.536 14283 INFO rally.task.context [-] Task 5146d926-ba69-4159-8ac0-8f4a2a6b7e45 | Context users@openstack cleanup() started
2019-08-11 08:53:16.631 14283 INFO rally.task.context [-] Task 5146d926-ba69-4159-8ac0-8f4a2a6b7e45 | Context users@openstack cleanup() finished in 22.10 sec
2019-08-11 08:53:17.519 14283 INFO rally.task.engine [-] Load duration is: 2.172202
2019-08-11 08:53:17.520 14283 INFO rally.task.engine [-] Full runner duration is: 2.226663
2019-08-11 08:53:17.520 14283 INFO rally.task.engine [-] Full duration is: 31.515936
2019-08-11 08:53:17.838 14283 INFO rally.task.engine [-] Running workload: position = 0 config = { "version": 2, "title": "A cropped version of a bigger task.", "description": "Auto-generated task from a single workload (uuid=6cad3cf7-87bb-4265-a1a7-265195a7832d)", "subtasks": [ { "title": "NeutronTrunks.create_and_list_trunk_subports", "description": "", "scenario": { "NeutronTrunks.create_and_list_trunk_subports": { "subport_count": 125 } }, "contexts": { "users": { "tenants": 1, "users_per_tenant": 1 }, "quotas": { "neutron": { "network": -1, "port": 1000 } } }, "runner": { "constant": { "times": 4, "concurrency": 4 } }, "hooks": [], "sla": { "failure_rate": { "max": 0 } } } ] }
2019-08-11 08:53:17.866 14283 RALLYDEBUG rally_openstack.contexts.keystone.users [-] Creating 1 tenants using 20 threads
2019-08-11 08:53:18.859 14283 RALLYDEBUG rally_openstack.contexts.keystone.users [-] Creating 1 users using 20 threads
2019-08-11 08:53:20.274 14283 INFO rally.task.context [-] Task 5146d926-ba69-4159-8ac0-8f4a2a6b7e45 | Context users@openstack setup() finished in 2.41 sec
2019-08-11 08:53:20.816 14283 INFO rally.task.context [-] Task 5146d926-ba69-4159-8ac0-8f4a2a6b7e45 | Context quotas@openstack setup() finished in 0.54 sec
2019-08-11 08:53:20.816 14283 INFO rally.task.context [-] Task 5146d926-ba69-4159-8ac0-8f4a2a6b7e45 | Context cleanup@openstack setup() finished in 0.01 msec
2019-08-11 08:53:20.825 14283 RALLYDEBUG rally.task.runner [-] Starting the constant runner (task UUID: 5146d926-ba69-4159-8ac0-8f4a2a6b7e45). timeout: 0 concurrency: 4 concurrency_per_worker: 1 times: 4 concurrency_overhead: 0 processes_to_start: 4 max_cpu_used: 16
2019-08-11 08:53:20.839 19089 RALLYDEBUG rally.task.runner [-] Starting a worker. concurrency: 1 args: {"subport_count": 125} times: 4 method_name: run timeout: 0 duration: None cls:
2019-08-11 08:53:20.843 19090 RALLYDEBUG rally.task.runner [-] Starting a worker. concurrency: 1 args: {"subport_count": 125} times: 4 method_name: run timeout: 0 duration: None cls:
2019-08-11 08:53:20.845 19089 INFO rally.task.runner [-] Task 5146d926-ba69-4159-8ac0-8f4a2a6b7e45 | ITER: 1 START
2019-08-11 08:53:20.846 19091 RALLYDEBUG rally.task.runner [-] Starting a worker. concurrency: 1 args: {"subport_count": 125} times: 4 method_name: run timeout: 0 duration: None cls:
2019-08-11 08:53:20.849 19090 INFO rally.task.runner [-] Task 5146d926-ba69-4159-8ac0-8f4a2a6b7e45 | ITER: 2 START
2019-08-11 08:53:20.849 19092 RALLYDEBUG rally.task.runner [-] Starting a worker. concurrency: 1 args: {"subport_count": 125} times: 4 method_name: run timeout: 0 duration: None cls:
2019-08-11 08:53:20.852 19091 INFO rally.task.runner [-] Task 5146d926-ba69-4159-8ac0-8f4a2a6b7e45 | ITER: 3 START
2019-08-11 08:53:20.855 19092 INFO rally.task.runner [-] Task 5146d926-ba69-4159-8ac0-8f4a2a6b7e45 | ITER: 4 START
2019-08-11 08:55:06.451 19091 WARNING rally.task.atomic [-] 'optional_action_timer' is deprecated since rally v0.10.0.Please use action_timer instead, we have improved atomic actions, now do not need to explicitly close original action.
2019-08-11 08:55:06.491 19091 WARNING rally.task.atomic [-] 'optional_action_timer' is deprecated since rally v0.10.0.Please use action_timer instead, we have improved atomic actions, now do not need to explicitly close original action.
2019-08-11 08:55:06.831 19092 WARNING rally.task.atomic [-] 'optional_action_timer' is deprecated since rally v0.10.0.Please use action_timer instead, we have improved atomic actions, now do not need to explicitly close original action.
2019-08-11 08:55:06.859 19092 WARNING rally.task.atomic [-] 'optional_action_timer' is deprecated since rally v0.10.0.Please use action_timer instead, we have improved atomic actions, now do not need to explicitly close original action.
2019-08-11 08:55:06.966 19091 INFO rally.task.runner [-] Task 5146d926-ba69-4159-8ac0-8f4a2a6b7e45 | ITER: 3 END: OK
2019-08-11 08:55:07.219 19090 WARNING rally.task.atomic [-] 'optional_action_timer' is deprecated since rally v0.10.0.Please use action_timer instead, we have improved atomic actions, now do not need to explicitly close original action.
2019-08-11 08:55:07.250 19090 WARNING rally.task.atomic [-] 'optional_action_timer' is deprecated since rally v0.10.0.Please use action_timer instead, we have improved atomic actions, now do not need to explicitly close original action.
2019-08-11 08:55:07.726 19092 INFO rally.task.runner [-] Task 5146d926-ba69-4159-8ac0-8f4a2a6b7e45 | ITER: 4 END: OK
2019-08-11 08:55:07.807 19089 WARNING rally.task.atomic [-] 'optional_action_timer' is deprecated since rally v0.10.0.Please use action_timer instead, we have improved atomic actions, now do not need to explicitly close original action.
2019-08-11 08:55:07.847 19089 WARNING rally.task.atomic [-] 'optional_action_timer' is deprecated since rally v0.10.0.Please use action_timer instead, we have improved atomic actions, now do not need to explicitly close original action.
2019-08-11 08:55:08.086 19090 INFO rally.task.runner [-] Task 5146d926-ba69-4159-8ac0-8f4a2a6b7e45 | ITER: 2 END: OK
2019-08-11 08:55:08.474 19089 INFO rally.task.runner [-] Task 5146d926-ba69-4159-8ac0-8f4a2a6b7e45 | ITER: 1 END: OK
2019-08-11 08:55:08.507 14283 INFO rally.task.context [-] Task 5146d926-ba69-4159-8ac0-8f4a2a6b7e45 | Context cleanup@openstack cleanup() started
2019-08-11 08:55:08.510 14283 RALLYDEBUG rally_openstack.cleanup.manager [-] Cleaning up neutron vip objects
2019-08-11 08:55:08.910 14283 RALLYDEBUG rally_openstack.cleanup.manager [-] Cleaning up neutron health_monitor objects
2019-08-11 08:55:09.311 14283 RALLYDEBUG rally_openstack.cleanup.manager [-] Cleaning up neutron pool objects
2019-08-11 08:55:09.707 14283 RALLYDEBUG rally_openstack.cleanup.manager [-] Cleaning up neutron loadbalancer objects
2019-08-11 08:55:10.129 14283 RALLYDEBUG rally_openstack.cleanup.manager [-] Cleaning up neutron floatingip objects
2019-08-11 08:55:10.575 14283 RALLYDEBUG rally_openstack.cleanup.manager [-] Cleaning up neutron port objects
2019-08-11 08:55:12.125 14283 RALLYDEBUG rally_openstack.cleanup.manager [-] Deleting neutron.port object s_rally_6cad3cf7_Em9TMJ0W (01407cdf-df92-4f2d-9905-d890aafefbcc)
2019-08-11 08:55:12.128 14283 RALLYDEBUG rally_openstack.cleanup.manager [-] Deleting neutron.port object s_rally_6cad3cf7_BqUca2NC (07d7ed9a-e91f-4056-80eb-215b6db27775)
2019-08-11 08:55:12.129 14283 RALLYDEBUG rally_openstack.cleanup.manager [-] Deleting neutron.port object s_rally_6cad3cf7_RMWJCdFB (006a8d8d-6be8-4078-a194-c4c8503a6f73)
2019-08-11 08:55:12.131 14283 RALLYDEBUG rally_openstack.cleanup.manager [-] Deleting neutron.port object s_rally_6cad3cf7_X2fCLeCA (084fa8d5-9018-425f-9d1f-0f28700ac695)
2019-08-11 08:55:12.135 14283 RALLYDEBUG rally_openstack.cleanup.manager [-] Deleting neutron.port object s_rally_6cad3cf7_BopLKQ7j (05ff3d49-5138-435a-bd94-6786208ac9f8)
2019-08-11 08:55:12.147 14283 RALLYDEBUG rally_openstack.cleanup.manager [-] Deleting neutron.port object s_rally_6cad3cf7_Taexm0rT (02c48378-afb4-442b-ba8e-8cecd2e3474b)
2019-08-11 08:55:12.150 14283 RALLYDEBUG rally_openstack.cleanup.manager [-] Deleting neutron.port object s_rally_6cad3cf7_nEuzQVRX (0911412a-cc19-436f-9d6f-d658c9d260e8)
2019-08-11 08:55:12.151 14283 RALLYDEBUG rally_openstack.cleanup.manager [-] Deleting neutron.port object s_rally_6cad3cf7_3yr4XQ77 (072ddb4f-7498-4117-b306-aba4bf03f443)
2019-08-11 08:55:12.156 14283 RALLYDEBUG rally_openstack.cleanup.manager [-] Deleting neutron.port object s_rally_6cad3cf7_g4tr88Ex (096e8925-09bf-4d19-a366-2f901610cd80)
2019-08-11 08:55:12.162 14283 RALLYDEBUG rally_openstack.cleanup.manager [-] Deleting neutron.port object s_rally_6cad3cf7_T6BZXltd (098c68fb-867c-4eb4-9616-baff49989e10)
2019-08-11 08:55:12.163 14283 RALLYDEBUG rally_openstack.cleanup.manager [-] Deleting neutron.port object s_rally_6cad3cf7_nBHDlEQS (032c12c9-abc3-4ad3-9f70-2b7c00d8a9dd)
2019-08-11 08:55:12.167 14283 RALLYDEBUG rally_openstack.cleanup.manager [-] Deleting neutron.port object s_rally_6cad3cf7_Gi0ntjWJ (09657a17-6ff9-40a3-b100-7f7cdb1673cc)
2019-08-11 08:55:12.171 14283 RALLYDEBUG rally_openstack.cleanup.manager [-] Deleting neutron.port object s_rally_6cad3cf7_P9ErsID3 (081d490a-2eeb-4839-aaec-67d6fcaef9d9)
2019-08-11 08:55:12.173 14283 RALLYDEBUG rally_openstack.cleanup.manager [-] Deleting neutron.port object s_rally_6cad3cf7_9tiOokua (0a00ee19-e6e7-4d8a-b682-3f4dcd31a093)
2019-08-11 08:55:12.181 14283 RALLYDEBUG rally_openstack.cleanup.manager [-] Deleting neutron.port object s_rally_6cad3cf7_bTaRUpG4 (09ce0c06-6f4e-4cd5-9f8a-236d0b64e607)
2019-08-11 08:55:12.184 14283 RALLYDEBUG rally_openstack.cleanup.manager [-] Deleting neutron.port object s_rally_6cad3cf7_gaJs36Ig (00e23aa7-ae94-44e0-858e-a3bfc4f6005e)
2019-08-11 08:55:12.192 14283 RALLYDEBUG rally_openstack.cleanup.manager [-] Deleting neutron.port object s_rally_6cad3cf7_bLnhDVKR (09de5535-3943-4032-8fa0-fab892a90a89)
2019-08-11 08:55:12.196 14283 RALLYDEBUG rally_openstack.cleanup.manager [-] Deleting neutron.port object s_rally_6cad3cf7_q9oW1iJV (073def2a-578c-4bdc-bf23-de40d0b21c9d)
2019-08-11 08:55:12.233 14283 RALLYDEBUG rally_openstack.cleanup.manager [-] Deleting neutron.port object s_rally_6cad3cf7_F9jiHVHd (0a80d68a-7ad1-401d-a488-fb7d98dfb39b)
2019-08-11 08:55:12.268 14283 RALLYDEBUG rally_openstack.cleanup.manager [-] Deleting neutron.port object s_rally_6cad3cf7_IkQgDW4S (0ad0bf8e-901d-42a0-8940-6c3a50999db8)
2019-08-11 08:55:14.592 14283 RALLYDEBUG rally_openstack.cleanup.manager [-] Deleting neutron.port object s_rally_6cad3cf7_iAOZEHKW (0b3a9125-d55d-45d1-8ebf-cfe5baeee699)
2019-08-11 08:55:14.617 14283 RALLYDEBUG rally_openstack.cleanup.manager [-] Deleting neutron.port object s_rally_6cad3cf7_ziRbjFke (0c0b103f-d401-420f-b59d-a76e6628aa87)
2019-08-11 08:55:14.638 14283 RALLYDEBUG rally_openstack.cleanup.manager [-] Deleting neutron.port object s_rally_6cad3cf7_jJmJZx6q (0c6c5659-17f6-4d25-9d2f-195df62e16b3)
2019-08-11 08:55:14.653 14283 RALLYDEBUG rally_openstack.cleanup.manager [-] Deleting neutron.port object s_rally_6cad3cf7_OJ9jYuTJ (0df6e11e-f323-4208-ab89-70dedecb49d7)
2019-08-11 08:55:14.722 14283 RALLYDEBUG rally_openstack.cleanup.manager [-] Deleting neutron.port object s_rally_6cad3cf7_vY1Jd9ph (0e26cade-e1cb-4794-87fb-9c38896c215c)
2019-08-11 08:55:14.846 14283 RALLYDEBUG rally_openstack.cleanup.manager [-] Deleting neutron.port object s_rally_6cad3cf7_Y7ScJ9z3 (0f05ac58-2561-40bf-ba5a-d5377339d1c1)
2019-08-11 08:55:14.879 14283 RALLYDEBUG rally_openstack.cleanup.manager [-] Deleting neutron.port object s_rally_6cad3cf7_VJ6uCGlQ (1083197a-6f93-4ac7-9647-7e20dddc4bf9)
2019-08-11 08:55:15.198 14283 RALLYDEBUG rally_openstack.cleanup.manager [-] Deleting neutron.port object s_rally_6cad3cf7_T8X4Xk6B (10b65075-8947-4c57-9a84-afa89738d7bd)
2019-08-11 08:55:15.257 14283 RALLYDEBUG rally_openstack.cleanup.manager [-] Deleting neutron.port object s_rally_6cad3cf7_1o7D5ItE (1124d212-06a1-4a73-87d0-ba6fce696b68)
2019-08-11 08:55:15.404 14283 RALLYDEBUG rally_openstack.cleanup.manager [-] Deleting neutron.port object s_rally_6cad3cf7_ZcPkavhX (11d80320-1de7-4071-ba7b-74d6a3df4bab)
2019-08-11 08:55:15.419 14283 RALLYDEBUG rally_openstack.cleanup.manager [-] Deleting neutron.port object s_rally_6cad3cf7_OjAWy1Fy (11ddfb96-52cd-40e4-bf21-07420a68c9f6)
2019-08-11 08:55:15.522 14283 RALLYDEBUG rally_openstack.cleanup.manager [-] Deleting neutron.port object s_rally_6cad3cf7_u4Wq4cqy (11e78bbf-1e46-4da2-86d9-df32bd1dfd78)
2019-08-11 08:55:15.544 14283 RALLYDEBUG rally_openstack.cleanup.manager [-] Deleting neutron.port object s_rally_6cad3cf7_5IYSLGNb (12560579-1ac9-4d80-bc71-9af25576e73b)
2019-08-11 08:55:15.554 14283 RALLYDEBUG rally_openstack.cleanup.manager [-] Deleting neutron.port object s_rally_6cad3cf7_MpCmTAIk (12a7beb2-6b06-42fe-a9f0-7c1f2eb44eb0)
2019-08-11 08:55:15.711 14283 RALLYDEBUG rally_openstack.cleanup.manager [-] Deleting neutron.port object s_rally_6cad3cf7_Itd3eOPq (12e5d945-cd2c-4ef6-99e3-bbf5f9ea3c19)
2019-08-11 08:55:15.719 14283 RALLYDEBUG rally_openstack.cleanup.manager [-] Deleting neutron.port object s_rally_6cad3cf7_SfOOfSJy (1341d9e5-a997-440a-9d93-3122a6f75baa)
2019-08-11 08:55:15.772 14283 RALLYDEBUG rally_openstack.cleanup.manager [-] Deleting neutron.port object s_rally_6cad3cf7_OMEZq7zI (13903fb5-e256-472d-a514-74287ff6ec34)
2019-08-11 08:55:15.793 14283 RALLYDEBUG rally_openstack.cleanup.manager [-] Deleting neutron.port object s_rally_6cad3cf7_sI6SNQkr (142d3bcd-0876-40f9-980b-046d0110b3e1)
2019-08-11 08:55:15.809 14283 RALLYDEBUG rally_openstack.cleanup.manager [-] Deleting neutron.port object s_rally_6cad3cf7_rBTCXKQT (142ecf1b-5ca7-4d1d-86d3-581a0e4ef30f)
2019-08-11 08:55:15.839 14283 RALLYDEBUG rally_openstack.cleanup.manager [-] Deleting neutron.port object s_rally_6cad3cf7_cKAggTca (14f6644d-a05a-46ac-b647-c8bb51c517aa)
2019-08-11 08:55:16.611 14283 RALLYDEBUG rally_openstack.cleanup.manager [-] Deleting neutron.port object s_rally_6cad3cf7_VXmO9O1U (1507cc0e-ba80-4d45-aa2e-d830341b6683)
2019-08-11 08:55:16.763 14283 RALLYDEBUG rally_openstack.cleanup.manager [-] Deleting neutron.port object s_rally_6cad3cf7_dlEBPgT7 (152806f8-e0f1-4a85-b47b-cf29ef3f7fc0)
2019-08-11 08:55:16.802 14283 RALLYDEBUG rally_openstack.cleanup.manager [-] Deleting neutron.port object s_rally_6cad3cf7_YtRMTkpL (15ee46bb-2428-4c32-aa45-b9cd6e0303f3)
2019-08-11 08:55:17.034 14283 RALLYDEBUG rally_openstack.cleanup.manager [-] Deleting neutron.port object s_rally_6cad3cf7_eM63K8Qk (165a8a31-8b5f-41cc-a706-368f7efa1c80)
2019-08-11 08:55:17.041 14283 RALLYDEBUG rally_openstack.cleanup.manager [-] Deleting neutron.port object s_rally_6cad3cf7_ZEiyZ3sa (16b4af7f-c0ed-452e-8b12-838a2d39f7dc)
2019-08-11 08:55:17.094 14283 RALLYDEBUG rally_openstack.cleanup.manager [-] Deleting neutron.port object s_rally_6cad3cf7_Vs9vWJS3 (17039814-8550-4329-8770-27f83b8b2547)
2019-08-11 08:55:17.317 14283 RALLYDEBUG rally_openstack.cleanup.manager [-] Deleting neutron.port object s_rally_6cad3cf7_HLRVwjCd (174d34e0-1187-4d20-8a50-257458bdab86)
2019-08-11 08:55:17.446 14283 RALLYDEBUG rally_openstack.cleanup.manager [-] Deleting neutron.port object s_rally_6cad3cf7_0KXEfhgT (17f5791d-e884-4446-bb77-967fd195f578)
2019-08-11 08:55:17.492 14283 RALLYDEBUG rally_openstack.cleanup.manager [-] Deleting neutron.port object s_rally_6cad3cf7_Yu2SwITB (18272ab1-a3e8-449e-8a62-a9c7c59fd1b4)
2019-08-11 08:55:17.727 14283 RALLYDEBUG rally_openstack.cleanup.manager [-] Deleting neutron.port object s_rally_6cad3cf7_h4nyythx (183679a9-9203-4c92-8a1f-fd4019017345)
2019-08-11 08:55:17.756 14283 RALLYDEBUG rally_openstack.cleanup.manager [-] Deleting neutron.port object s_rally_6cad3cf7_Pz0VWaST (184693ab-f350-4655-842d-c584f2c93690)
2019-08-11 08:55:17.816 14283 RALLYDEBUG rally_openstack.cleanup.manager [-] Deleting neutron.port object s_rally_6cad3cf7_UN9wBpMy (18ab8297-fd62-4881-b2d7-903fde2092a8)
2019-08-11 08:55:17.922 14283 RALLYDEBUG rally_openstack.cleanup.manager [-] Deleting neutron.port object s_rally_6cad3cf7_HVAlgsUO (18cba529-a947-4ef3-ad43-efa9e54b33da)
2019-08-11 08:55:17.992 14283 RALLYDEBUG rally_openstack.cleanup.manager [-] Deleting neutron.port object s_rally_6cad3cf7_DnAZ6OFX (197ace80-1751-4003-a4ca-678f4cb45c75)
2019-08-11 08:55:18.025 14283 RALLYDEBUG rally_openstack.cleanup.manager [-] Deleting neutron.port object s_rally_6cad3cf7_8y0QNUzA (19cc6d05-6237-4e6f-b97d-28784ef2595f)
2019-08-11 08:55:18.154 14283 RALLYDEBUG rally_openstack.cleanup.manager [-] Deleting neutron.port object s_rally_6cad3cf7_jEo8G4mL (19e0a6f7-95dd-4ad5-9894-4084fae77b3f)
2019-08-11 08:55:18.155 14283 RALLYDEBUG rally_openstack.cleanup.manager [-] Deleting neutron.port object s_rally_6cad3cf7_3S0tA7ho (1a486458-4e0f-4b73-8309-7cae8cb3276e)
2019-08-11 08:55:18.441 14283 RALLYDEBUG rally_openstack.cleanup.manager [-] Deleting neutron.port object s_rally_6cad3cf7_GmnmmKqY (1b048c26-2552-462a-95e8-9da88b18949d)
2019-08-11 08:55:18.545 14283 RALLYDEBUG rally_openstack.cleanup.manager [-] Deleting neutron.port object s_rally_6cad3cf7_qBNWCzcu (1b0d1d21-1642-4812-8f91-452024d25a16)
2019-08-11 08:55:18.704 14283 RALLYDEBUG rally_openstack.cleanup.manager [-] Deleting neutron.port object s_rally_6cad3cf7_MqZhjSgY (1b5ee964-67eb-42c8-b6cc-8c60b5f79629)
2019-08-11 08:55:18.756 14283 RALLYDEBUG rally_openstack.cleanup.manager [-] Deleting neutron.port object s_rally_6cad3cf7_5ajoASaO (1cc18aca-8c0f-4c05-a489-a57a5d283d51)
2019-08-11 08:55:18.986 14283 RALLYDEBUG rally_openstack.cleanup.manager [-] Deleting neutron.port object s_rally_6cad3cf7_Hc8ombyr (1e3692bc-9261-4862-8fe9-0659e8aef0de)
2019-08-11 08:55:19.111 14283 RALLYDEBUG rally_openstack.cleanup.manager [-] Deleting neutron.port object s_rally_6cad3cf7_ODwKe7LB (1fb2fde8-6d00-49d6-87ed-6799ed40bfa5)
2019-08-11 08:55:19.118 14283 RALLYDEBUG rally_openstack.cleanup.manager [-] Deleting neutron.port object s_rally_6cad3cf7_4jTxlBm6 (1fbf0faf-5eea-49d0-9cf0-c02ae940801a)
2019-08-11 08:55:19.143 14283 RALLYDEBUG rally_openstack.cleanup.manager [-] Deleting neutron.port object s_rally_6cad3cf7_WGRoj68T (20541d95-a582-4161-8ff5-51914c9a5bd1)
2019-08-11 08:55:19.441 14283 RALLYDEBUG rally_openstack.cleanup.manager [-] Deleting neutron.port object s_rally_6cad3cf7_Cih2aBBq (2118d346-e7e5-4829-a982-cc3ff807615d)
2019-08-11 08:55:19.642 14283 RALLYDEBUG rally_openstack.cleanup.manager [-] Deleting neutron.port object s_rally_6cad3cf7_lE5o9abK (2157ae04-e954-4b7e-afdc-bc092a3561e0)
2019-08-11 08:55:19.802 14283 RALLYDEBUG rally_openstack.cleanup.manager [-] Deleting neutron.port object s_rally_6cad3cf7_z5a2RAf8 (218e7c0a-5052-44cb-b711-bd80de507a5d)
2019-08-11 08:55:19.873 14283 RALLYDEBUG rally_openstack.cleanup.manager [-] Deleting neutron.port object s_rally_6cad3cf7_30mz7v7T (230525bf-9840-4dfb-acff-ea8de0540360)
2019-08-11 08:55:20.004 14283 RALLYDEBUG rally_openstack.cleanup.manager [-] Deleting neutron.port object s_rally_6cad3cf7_ILIzu1Pi (23267b86-6961-4571-a953-9f5f282e0f8d)
2019-08-11 08:55:20.149 14283 RALLYDEBUG rally_openstack.cleanup.manager [-] Deleting neutron.port object s_rally_6cad3cf7_Z7xFJumN (2406962f-fc85-4d81-9a5c-c8d9ca876c80)
2019-08-11 08:55:20.221 14283 RALLYDEBUG rally_openstack.cleanup.manager [-] Deleting neutron.port object s_rally_6cad3cf7_LyEKza7I (24cf113b-e625-46c4-ab3b-f3432d0e4227)
2019-08-11 08:55:20.248 14283 RALLYDEBUG rally_openstack.cleanup.manager [-] Deleting neutron.port object s_rally_6cad3cf7_TzUSVuk6 (24dc0852-7a98-485e-9eed-fe05f525a6db)
2019-08-11 08:55:20.427 14283 RALLYDEBUG rally_openstack.cleanup.manager [-] Deleting neutron.port object s_rally_6cad3cf7_pyLsBuiY (251d3f35-255b-487d-b3ce-53f785d50b42)
2019-08-11 08:55:20.429 14283 RALLYDEBUG rally_openstack.cleanup.manager [-] Deleting neutron.port object s_rally_6cad3cf7_MVH4uchN (25c0dbea-964d-450c-ae36-5f5337203096)
2019-08-11 08:55:20.466 14283 RALLYDEBUG rally_openstack.cleanup.manager [-] Deleting neutron.port object s_rally_6cad3cf7_RVIboQ4w (269a61db-a960-49c0-aa0f-567248cedc20)
2019-08-11 08:55:20.572 14283 RALLYDEBUG rally_openstack.cleanup.manager [-] Deleting neutron.port object s_rally_6cad3cf7_R5uIMQwv (26b7c9a6-538f-42a2-991b-9a5702a62736)
2019-08-11 08:55:20.623 14283 RALLYDEBUG rally_openstack.cleanup.manager [-] Deleting neutron.port object s_rally_6cad3cf7_GSaabLGb (27c6a740-26a0-4311-941c-96e222b9d03e)
2019-08-11 08:55:20.766 14283 RALLYDEBUG rally_openstack.cleanup.manager [-] Deleting neutron.port object s_rally_6cad3cf7_Ow593QRb (27d2db55-9b6e-4c4f-9f31-a9bd2f8af6d8)
2019-08-11 08:55:21.072 14283 RALLYDEBUG rally_openstack.cleanup.manager [-] Deleting neutron.port object s_rally_6cad3cf7_0hVIGQo4 (27de7077-2c3e-43aa-a6da-309ebeb55bef)
2019-08-11 08:55:21.235 14283 RALLYDEBUG rally_openstack.cleanup.manager [-] Deleting neutron.port object s_rally_6cad3cf7_roypeiZX (28651e65-c30f-49c7-81e4-c42767ad08e0)
2019-08-11 08:55:21.319 14283 RALLYDEBUG rally_openstack.cleanup.manager [-] Deleting neutron.port object s_rally_6cad3cf7_HrhRZIow (2963cd02-afef-4c93-a8fe-e517b18be5a7)
2019-08-11 08:55:21.494 14283 RALLYDEBUG rally_openstack.cleanup.manager [-] Deleting neutron.port object s_rally_6cad3cf7_Psl9zKT6 (298c5f83-b880-4382-92e4-74d620fe31af)
2019-08-11 08:55:21.663 14283 RALLYDEBUG rally_openstack.cleanup.manager [-] Deleting neutron.port object s_rally_6cad3cf7_aBbzgCwk (29c880a9-bce6-4126-af80-4cd57f533ab1)
2019-08-11 08:55:21.686 14283 RALLYDEBUG rally_openstack.cleanup.manager [-] Deleting neutron.port object s_rally_6cad3cf7_UXcd0AyC (29efc549-057f-4469-9f68-3d3738cab146)
2019-08-11 08:55:21.926 14283 RALLYDEBUG rally_openstack.cleanup.manager [-] Deleting neutron.port object s_rally_6cad3cf7_mONizuUo (2a0fa8e9-5cd7-4155-b86f-32dedbe7e243)
2019-08-11 08:55:21.942 14283 RALLYDEBUG rally_openstack.cleanup.manager [-] Deleting neutron.port object s_rally_6cad3cf7_XtrktnSI (2a91d88d-c62b-4851-a3f6-3ac47aaea67c)
2019-08-11 08:55:22.006 14283 RALLYDEBUG rally_openstack.cleanup.manager [-] Deleting neutron.port object s_rally_6cad3cf7_UF9KPkZ5 (2abc06a6-1a6d-4c31-a10c-64faa8b9e3a9)
2019-08-11 08:55:22.321 14283 RALLYDEBUG rally_openstack.cleanup.manager [-] Deleting neutron.port object s_rally_6cad3cf7_foWJDAf6 (2acca2ac-3768-437f-97eb-655762bb0c02)
2019-08-11 08:55:22.410 14283 RALLYDEBUG rally_openstack.cleanup.manager [-] Deleting neutron.port object s_rally_6cad3cf7_QEj59AS0 (2b6c2540-95a3-48e2-99c1-0d018819b019)
2019-08-11 08:55:22.413 14283 RALLYDEBUG rally_openstack.cleanup.manager [-] Deleting neutron.port object s_rally_6cad3cf7_NhNdCzgH (2b9e2487-aa79-4c57-addc-e55125e753d1)
2019-08-11 08:55:22.674 14283 RALLYDEBUG rally_openstack.cleanup.manager [-] Deleting neutron.port object s_rally_6cad3cf7_4UHHDP8N (2ba20127-f4a8-40af-89d8-122314aa0efe)
2019-08-11 08:55:22.843 14283 RALLYDEBUG rally_openstack.cleanup.manager [-] Deleting neutron.port object s_rally_6cad3cf7_8Hpjysd1 (2bc68238-5fa7-40ba-8320-363fe05fe167)
2019-08-11 08:55:22.909 14283 RALLYDEBUG rally_openstack.cleanup.manager [-] Deleting neutron.port object s_rally_6cad3cf7_WfkKOQSB (2c1feee3-d410-4a97-a94a-b39819ac1500)
2019-08-11 08:55:22.919 14283 RALLYDEBUG rally_openstack.cleanup.manager [-] Deleting neutron.port object s_rally_6cad3cf7_RZZU0irY (2c9a02d3-e7ae-4fb7-a325-8a1f62d65276)
2019-08-11 08:55:23.043 14283 RALLYDEBUG rally_openstack.cleanup.manager [-] Deleting neutron.port object s_rally_6cad3cf7_k90pQkI6 (2d36bdbb-c0c2-4cc3-a297-61ac3d68e363)
2019-08-11 08:55:23.315 14283 RALLYDEBUG rally_openstack.cleanup.manager [-] Deleting neutron.port object s_rally_6cad3cf7_fKKXZZoq (2dcdbcdd-b1d6-44c5-b5aa-972c4f134581)
2019-08-11 08:55:23.434 14283 RALLYDEBUG rally_openstack.cleanup.manager [-] Deleting neutron.port object s_rally_6cad3cf7_p4HTGylB (2e135214-3eed-4950-b648-1aed75de6a65)
