2019-08-11 08:51:30.500 14283 RALLYDEBUG rally_openstack.cleanup.manager [-] Deleting neutron.port object s_rally_7928fbe8_VCkfrKsJ (5a27dc40-ba1a-44c7-945e-e9018c3c3f2f)
2019-08-11 08:51:30.612 14283 RALLYDEBUG rally_openstack.cleanup.manager [-] Deleting neutron.port object s_rally_7928fbe8_KkWBiUCb (5a9dcf88-5125-4c91-ab7f-a43fed8ad665)
2019-08-11 08:51:30.643 14283 RALLYDEBUG rally_openstack.cleanup.manager [-] Deleting neutron.port object s_rally_7928fbe8_UsqCGG6E (5b7ce4af-2eb9-43d9-aa2f-d747b9a10ef1)
2019-08-11 08:51:30.706 14283 RALLYDEBUG rally_openstack.cleanup.manager [-] Deleting neutron.port object s_rally_7928fbe8_Hyk7GUF5 (5bd9c181-d1fd-48e9-9e7a-31ac41d496f6)
2019-08-11 08:51:30.816 14283 RALLYDEBUG rally_openstack.cleanup.manager [-] Deleting neutron.port object s_rally_7928fbe8_7WfTv4la (5c731807-cf88-4631-a1bd-68ec0cb6531d)
2019-08-11 08:51:31.073 14283 RALLYDEBUG rally_openstack.cleanup.manager [-] Deleting neutron.port object s_rally_7928fbe8_N0KrK7e1 (5cc48e98-ec4e-418a-80cd-32284a13cfe9)
2019-08-11 08:51:31.179 14283 RALLYDEBUG rally_openstack.cleanup.manager [-] Deleting neutron.port object s_rally_7928fbe8_6zR6avjY (61bcc13c-8d05-43b0-a680-3375f1d94194)
2019-08-11 08:51:31.441 14283 RALLYDEBUG rally_openstack.cleanup.manager [-] Deleting neutron.port object s_rally_7928fbe8_4MezNNRx (629ffeec-0ddf-4fc0-b0c2-9cbfba95d8ba)
2019-08-11 08:51:31.486 14283 RALLYDEBUG rally_openstack.cleanup.manager [-] Deleting neutron.port object s_rally_7928fbe8_rsnsfIlN (62a30a18-d076-4d33-af78-d2204c958de1)
2019-08-11 08:51:31.495 14283 RALLYDEBUG rally_openstack.cleanup.manager [-] Deleting neutron.port object s_rally_7928fbe8_YG3ETeGn (644465c3-050b-4597-9b3b-1e789295bf68)
2019-08-11 08:51:31.529 14283 RALLYDEBUG rally_openstack.cleanup.manager [-] Deleting neutron.port object s_rally_7928fbe8_ZBNiHlA7 (65a594e3-a6ce-4d7c-805f-2096bb8f5e52)
2019-08-11 08:51:31.606 14283 RALLYDEBUG rally_openstack.cleanup.manager [-] Deleting neutron.port object s_rally_7928fbe8_06kVdJgG (68558146-f43b-4ed5-906b-f04aabce7e7a)
2019-08-11 08:51:31.640 14283 RALLYDEBUG rally_openstack.cleanup.manager [-] Deleting neutron.port object s_rally_7928fbe8_T0CJnEMc (68d4030a-9a35-4f52-86e1-4fe4ad637bf1)
2019-08-11 08:51:31.689 14283 RALLYDEBUG rally_openstack.cleanup.manager [-] Deleting neutron.port object s_rally_7928fbe8_8ucC0TDx (69682092-6ea0-4fb1-bc16-be8764daf3da)
2019-08-11 08:51:31.857 14283 RALLYDEBUG rally_openstack.cleanup.manager [-] Deleting neutron.port object s_rally_7928fbe8_vigazSQg (6f7574f5-d7ef-4128-969f-ec1df38b09b5)
2019-08-11 08:51:31.949 14283 RALLYDEBUG rally_openstack.cleanup.manager [-] Deleting neutron.port object s_rally_7928fbe8_BelKH5dw (73f4dcfb-5d0e-4913-96b0-cc4c45988d73)
2019-08-11 08:51:32.052 14283 RALLYDEBUG rally_openstack.cleanup.manager [-] Deleting neutron.port object s_rally_7928fbe8_B9RHNuIJ (740c4d51-b17f-4ba8-818a-8f45ecb1fe77)
2019-08-11 08:51:32.368 14283 RALLYDEBUG rally_openstack.cleanup.manager [-] Deleting neutron.port object s_rally_7928fbe8_OO40yyRV (74b095d1-3282-489a-96c9-c3a9ce7e253b)
2019-08-11 08:51:32.498 14283 RALLYDEBUG rally_openstack.cleanup.manager [-] Deleting neutron.port object s_rally_7928fbe8_vPirQmYR (766bbdaa-774d-4614-b25a-1621ce9e9fb3)
2019-08-11 08:51:32.498 14283 RALLYDEBUG rally_openstack.cleanup.manager [-] Deleting neutron.port object s_rally_7928fbe8_FwAbXzt2 (7539df5b-49f6-4c2e-a2cf-da06a62013de)
2019-08-11 08:51:32.717 14283 RALLYDEBUG rally_openstack.cleanup.manager [-] Deleting neutron.port object s_rally_7928fbe8_m2KaGZLV (77e42839-f4ae-4d3f-95b3-6fc4886936b1)
2019-08-11 08:51:32.848 14283 RALLYDEBUG rally_openstack.cleanup.manager [-] Deleting neutron.port object s_rally_7928fbe8_g9njBHEQ (795a62d7-5938-4d34-b533-2f690156747b)
2019-08-11 08:51:33.036 14283 RALLYDEBUG rally_openstack.cleanup.manager [-] Deleting neutron.port object s_rally_7928fbe8_4IQncn0Q (798a217a-821b-420e-8e04-6a68e6a60dc7)
2019-08-11 08:51:33.103 14283 RALLYDEBUG rally_openstack.cleanup.manager [-] Deleting neutron.port object s_rally_7928fbe8_C1ebQVQ1 (7f487bb1-bf99-4cbc-bf16-179e2bf409d6)
2019-08-11 08:51:33.114 14283 RALLYDEBUG rally_openstack.cleanup.manager [-] Deleting neutron.port object s_rally_7928fbe8_Da4e7KHQ (816e7add-d557-4953-ac37-4f2f19be609e)
2019-08-11 08:51:33.206 14283 RALLYDEBUG rally_openstack.cleanup.manager [-] Deleting neutron.port object s_rally_7928fbe8_rfOLfRd5 (82fe91ca-4e6d-436b-87eb-b1b4cdb486f2)
2019-08-11 08:51:33.343 14283 RALLYDEBUG rally_openstack.cleanup.manager [-] Deleting neutron.port object s_rally_7928fbe8_hoI9eIE2 (8375b1c9-0707-4c42-a1b6-5036eb19d8b0)
2019-08-11 08:51:33.406 14283 RALLYDEBUG rally_openstack.cleanup.manager [-] Deleting neutron.port object s_rally_7928fbe8_TrXE9Ay0 (869da6e6-29a3-41ce-9e93-babf0720ccad)
2019-08-11 08:51:33.615 14283 RALLYDEBUG rally_openstack.cleanup.manager [-] Deleting neutron.port object s_rally_7928fbe8_fI6DRRWb (86af4453-8186-4ea2-9601-8da04da64fb3)
2019-08-11 08:51:33.712 14283 RALLYDEBUG rally_openstack.cleanup.manager [-] Deleting neutron.port object s_rally_7928fbe8_QvWihu2W (8745b586-c08e-4994-b464-e09e1d537be3)
2019-08-11 08:51:33.883 14283 RALLYDEBUG rally_openstack.cleanup.manager [-] Deleting neutron.port object s_rally_7928fbe8_1PS0oe3x (87e58204-ac24-46f8-8c84-b85ad42c784e)
2019-08-11 08:51:33.892 14283 RALLYDEBUG rally_openstack.cleanup.manager [-] Deleting neutron.port object s_rally_7928fbe8_XsxYOPKC (87eda6f5-e0ee-45eb-9bad-ee1fcba369aa)
2019-08-11 08:51:33.993 14283 RALLYDEBUG rally_openstack.cleanup.manager [-] Deleting neutron.port object s_rally_7928fbe8_SMXi77mB (88c04fc1-3f3a-41a7-87c7-c18b4624b56a)
2019-08-11 08:51:34.114 14283 RALLYDEBUG rally_openstack.cleanup.manager [-] Deleting neutron.port object s_rally_7928fbe8_67lfQOMJ (89a83120-269d-4b67-8794-e4b2a175a03f)
2019-08-11 08:51:34.125 14283 RALLYDEBUG rally_openstack.cleanup.manager [-] Deleting neutron.port object s_rally_7928fbe8_8fb146j8 (8dbbe611-2037-4eaf-a691-013ef50ca186)
2019-08-11 08:51:34.425 14283 RALLYDEBUG rally_openstack.cleanup.manager [-] Deleting neutron.port object s_rally_7928fbe8_GfTY2CJn (8dc981e2-af45-49ff-9866-b75529d5fe4b)
2019-08-11 08:51:34.475 14283 RALLYDEBUG rally_openstack.cleanup.manager [-] Deleting neutron.port object s_rally_7928fbe8_5qLioWWF (8dcbdd65-bdea-400c-9a6d-bc45495a6945)
2019-08-11 08:51:34.590 14283 RALLYDEBUG rally_openstack.cleanup.manager [-] Deleting neutron.port object s_rally_7928fbe8_5QSkRaqw (8e5cb002-76fa-4168-9305-f53b25656e17)
2019-08-11 08:51:34.598 14283 RALLYDEBUG rally_openstack.cleanup.manager [-] Deleting neutron.port object s_rally_7928fbe8_PIjYNr2t (8fc1da09-f41e-4305-8642-938d6ac43fdb)
2019-08-11 08:51:34.634 14283 RALLYDEBUG rally_openstack.cleanup.manager [-] Deleting neutron.port object s_rally_7928fbe8_juAkNsOa (8ff51f3a-28dc-4cb7-94ae-a2a851a152f8)
2019-08-11 08:51:34.856 14283 RALLYDEBUG rally_openstack.cleanup.manager [-] Deleting neutron.port object s_rally_7928fbe8_lOhfDdLg (91e268d6-1028-4278-bfa3-17239d672dd2)
2019-08-11 08:51:34.889 14283 RALLYDEBUG rally_openstack.cleanup.manager [-] Deleting neutron.port object s_rally_7928fbe8_RdWseYZf (9267c7cc-3561-4723-938a-6dfca100c2c2)
2019-08-11 08:51:34.945 14283 RALLYDEBUG rally_openstack.cleanup.manager [-] Deleting neutron.port object s_rally_7928fbe8_VrPfiuUW (93bd3fdb-998b-45b5-b70d-7e225796c0c8)
2019-08-11 08:51:35.170 14283 RALLYDEBUG rally_openstack.cleanup.manager [-] Deleting neutron.port object s_rally_7928fbe8_eZVVO0o6 (9465f183-b3c6-4414-acd4-e8e0f38ba620)
2019-08-11 08:51:35.185 14283 RALLYDEBUG rally_openstack.cleanup.manager [-] Deleting neutron.port object s_rally_7928fbe8_YhyXn494 (94d58f56-e0d8-497b-be79-3afbcef0b2dc)
2019-08-11 08:51:35.284 14283 RALLYDEBUG rally_openstack.cleanup.manager [-] Deleting neutron.port object s_rally_7928fbe8_UVPyzDGG (954e96a6-8b1b-4e6b-894e-a305464da1d7)
2019-08-11 08:51:35.669 14283 RALLYDEBUG rally_openstack.cleanup.manager [-] Deleting neutron.port object s_rally_7928fbe8_svItWFv0 (977d4e58-6a22-4ddb-ae28-d11056fc8ced)
2019-08-11 08:51:35.709 14283 RALLYDEBUG rally_openstack.cleanup.manager [-] Deleting neutron.port object s_rally_7928fbe8_Rl0LJyTp (97cd9705-c308-4d99-bc75-2391b7515238)
2019-08-11 08:51:35.711 14283 RALLYDEBUG rally_openstack.cleanup.manager [-] Deleting neutron.port object s_rally_7928fbe8_jWKd24L2 (98f0fa34-dcda-4341-afc8-c3d0e527d21a)
2019-08-11 08:51:35.865 14283 RALLYDEBUG rally_openstack.cleanup.manager [-] Deleting neutron.port object s_rally_7928fbe8_VXqJAg8a (99e6a1dc-9a23-4bd6-844e-280a848c838c)
2019-08-11 08:51:35.910 14283 RALLYDEBUG rally_openstack.cleanup.manager [-] Deleting neutron.port object s_rally_7928fbe8_EmJCTXc9 (9a148be3-b7dd-4df4-9cc2-d9850f7af4d6)
2019-08-11 08:51:36.098 14283 RALLYDEBUG rally_openstack.cleanup.manager [-] Deleting neutron.port object s_rally_7928fbe8_zVqKXBFX (9f1082d2-d054-4769-9c17-15356b558f5a)
2019-08-11 08:51:36.147 14283 RALLYDEBUG rally_openstack.cleanup.manager [-] Deleting neutron.port object s_rally_7928fbe8_yWKrHOP0 (9f537606-1416-40aa-87ad-fcc01e1c8890)
2019-08-11 08:51:36.218 14283 RALLYDEBUG rally_openstack.cleanup.manager [-] Deleting neutron.port object s_rally_7928fbe8_fMpYgC4b (a12c3490-67d6-4583-b656-f4852b343e5a)
2019-08-11 08:51:36.432 14283 RALLYDEBUG rally_openstack.cleanup.manager [-] Deleting neutron.port object s_rally_7928fbe8_7STi8bo1 (a183f53f-3683-4365-9b6f-e613ecabed33)
2019-08-11 08:51:36.479 14283 RALLYDEBUG rally_openstack.cleanup.manager [-] Deleting neutron.port object s_rally_7928fbe8_5ZlkFsee (a1ee1910-941f-4699-a134-0430f7d45d4d)
2019-08-11 08:51:36.568 14283 RALLYDEBUG rally_openstack.cleanup.manager [-] Deleting neutron.port object s_rally_7928fbe8_sTuKQ8CL (a27ab0a7-eefe-4255-91f2-2bd57e42fadc)
2019-08-11 08:51:36.722 14283 RALLYDEBUG rally_openstack.cleanup.manager [-] Deleting neutron.port object s_rally_7928fbe8_SrCO15NI (a3718faf-b5de-40b8-a4bc-1fb58e02e44c)
2019-08-11 08:51:36.776 14283 RALLYDEBUG rally_openstack.cleanup.manager [-] Deleting neutron.port object s_rally_7928fbe8_Tla0Z3Xo (a4dc0441-cec6-4573-831e-7871a66d9c07)
2019-08-11 08:51:36.927 14283 RALLYDEBUG rally_openstack.cleanup.manager [-] Deleting neutron.port object s_rally_7928fbe8_U6cMg5Al (a4fc8fcb-be54-48f5-8574-4d453bc641e2)
2019-08-11 08:51:37.018 14283 RALLYDEBUG rally_openstack.cleanup.manager [-] Deleting neutron.port object s_rally_7928fbe8_VcDTodlB (a52fc089-5195-4efa-8013-6e1290250f70)
2019-08-11 08:51:37.029 14283 RALLYDEBUG rally_openstack.cleanup.manager [-] Deleting neutron.port object s_rally_7928fbe8_WFbNA6bB (a5d2f1fc-854f-47b1-90d2-fa70948fd4f2)
2019-08-11 08:51:37.194 14283 RALLYDEBUG rally_openstack.cleanup.manager [-] Deleting neutron.port object s_rally_7928fbe8_fwP1FeN8 (a7c37074-7db0-4c63-9a18-671b57805dc8)
2019-08-11 08:51:37.314 14283 RALLYDEBUG rally_openstack.cleanup.manager [-] Deleting neutron.port object s_rally_7928fbe8_HTHfKaDT (a8a1339e-2b93-4a10-b869-e83c17038662)
2019-08-11 08:51:37.383 14283 RALLYDEBUG rally_openstack.cleanup.manager [-] Deleting neutron.port object s_rally_7928fbe8_GfrzLkeJ (a9f34373-31b3-4ed0-ae29-a1120ba25b3a)
2019-08-11 08:51:37.585 14283 RALLYDEBUG rally_openstack.cleanup.manager [-] Deleting neutron.port object s_rally_7928fbe8_N8qQXGbk (ac103ff3-e35c-40e3-9fe9-77e25449349c)
2019-08-11 08:51:37.676 14283 RALLYDEBUG rally_openstack.cleanup.manager [-] Deleting neutron.port object s_rally_7928fbe8_RsRahJe3 (ad003325-2c15-4bd6-a7c9-e5756f2f6f82)
2019-08-11 08:51:37.744 14283 RALLYDEBUG rally_openstack.cleanup.manager [-] Deleting neutron.port object s_rally_7928fbe8_HpW0LBPL (ad27b042-6bd9-4709-bd43-b79064b254ac)
2019-08-11 08:51:37.754 14283 RALLYDEBUG rally_openstack.cleanup.manager [-] Deleting neutron.port object s_rally_7928fbe8_2ArTcYJB (ad787371-cc47-4981-b3c8-250f8f841c6a)
2019-08-11 08:51:37.985 14283 RALLYDEBUG rally_openstack.cleanup.manager [-] Deleting neutron.port object s_rally_7928fbe8_MYZS7mcJ (ae8d2a85-ba3d-4dab-b3be-b776ec5e1772)
2019-08-11 08:51:38.121 14283 RALLYDEBUG rally_openstack.cleanup.manager [-] Deleting neutron.port object s_rally_7928fbe8_ydUvX3wl (af9a672e-11c9-46b1-ab52-0046bf4edc01)
2019-08-11 08:51:38.177 14283 RALLYDEBUG rally_openstack.cleanup.manager [-] Deleting neutron.port object s_rally_7928fbe8_dFKBAczo (b20a1ead-8438-44dd-bbb6-899b8dc47152)
2019-08-11 08:51:38.290 14283 RALLYDEBUG rally_openstack.cleanup.manager [-] Deleting neutron.port object s_rally_7928fbe8_PvN3cUjH (b21ad8ce-fc03-4915-a6d4-244f2b7545a6)
2019-08-11 08:51:38.324 14283 RALLYDEBUG rally_openstack.cleanup.manager [-] Deleting neutron.port object s_rally_7928fbe8_o42ZNy6e (b7d3bb3f-117f-41ad-8264-67f9c3b4a832)
2019-08-11 08:51:38.473 14283 RALLYDEBUG rally_openstack.cleanup.manager [-] Deleting neutron.port object s_rally_7928fbe8_QdvUXIBc (b8040e02-c23d-4deb-b1c6-c2080e01f731)
2019-08-11 08:51:38.905 14283 RALLYDEBUG rally_openstack.cleanup.manager [-] Deleting neutron.port object s_rally_7928fbe8_bPLCUl0l (b8ffdd50-dda9-4852-ac2a-3a5f65d54ec6)
2019-08-11 08:51:38.988 14283 RALLYDEBUG rally_openstack.cleanup.manager [-] Deleting neutron.port object s_rally_7928fbe8_rlsRE5SX (b90098dc-892e-4b3e-a5aa-babe3f2b2efe)
2019-08-11 08:51:39.072 14283 RALLYDEBUG rally_openstack.cleanup.manager [-] Deleting neutron.port object s_rally_7928fbe8_8VjRKvi0 (b94d872b-7538-4457-9282-c96002bea27a)
2019-08-11 08:51:39.087 14283 RALLYDEBUG rally_openstack.cleanup.manager [-] Deleting neutron.port object s_rally_7928fbe8_hI4LZfAa (bc1c1ac7-38e9-40b9-96a6-fb1104f5600f)
2019-08-11 08:51:39.176 14283 RALLYDEBUG rally_openstack.cleanup.manager [-] Deleting neutron.port object s_rally_7928fbe8_6yIAFihP (bcf33501-7133-4310-8bef-ef351f1fa3e1)
2019-08-11 08:51:39.183 14283 RALLYDEBUG rally_openstack.cleanup.manager [-] Deleting neutron.port object s_rally_7928fbe8_7w366cMT (bd7ff36f-dc01-4052-a796-60d2b68472b4)
2019-08-11 08:51:39.362 14283 RALLYDEBUG rally_openstack.cleanup.manager [-] Deleting neutron.port object s_rally_7928fbe8_XGhMsbfV (bdfc9660-dada-48f1-8445-f728829fe0bd)
2019-08-11 08:51:39.515 14283 RALLYDEBUG rally_openstack.cleanup.manager [-] Deleting neutron.port object s_rally_7928fbe8_QxoYABHl (beeda7e2-8863-4e22-bb51-0e655cc44d06)
2019-08-11 08:51:39.579 14283 RALLYDEBUG rally_openstack.cleanup.manager [-] Deleting neutron.port object s_rally_7928fbe8_VZW67WOu (c252331d-1442-4ec7-b792-7cd4909824d0)
2019-08-11 08:51:39.624 14283 RALLYDEBUG rally_openstack.cleanup.manager [-] Deleting neutron.port object s_rally_7928fbe8_OWjtgJVK (c263edc9-bccc-4858-bb83-75e0f0084d1d)
2019-08-11 08:51:39.695 14283 RALLYDEBUG rally_openstack.cleanup.manager [-] Deleting neutron.port object s_rally_7928fbe8_tC1DnEN9 (c2e691e7-5747-450e-ab52-94d566b47ff4)
2019-08-11 08:51:39.751 14283 RALLYDEBUG rally_openstack.cleanup.manager [-] Deleting neutron.port object s_rally_7928fbe8_UsloF7an (c5087963-038f-4d39-a938-3a464ca0e968)
2019-08-11 08:51:39.827 14283 RALLYDEBUG rally_openstack.cleanup.manager [-] Deleting neutron.port object s_rally_7928fbe8_fwpnX7sc (c51f0b26-f7a8-4acf-9d06-4d8af8195985)
2019-08-11 08:51:39.901 14283 RALLYDEBUG rally_openstack.cleanup.manager [-] Deleting neutron.port object s_rally_7928fbe8_KeGuXquz (c54a32c5-f1cf-4a0c-929e-6e5ac343d601)
2019-08-11 08:51:39.998 14283 RALLYDEBUG rally_openstack.cleanup.manager [-] Deleting neutron.port object s_rally_7928fbe8_nnxcpIrd (c6883760-8cb6-4583-ae0d-378bc37bd7ed)
2019-08-11 08:51:40.147 14283 RALLYDEBUG rally_openstack.cleanup.manager [-] Deleting neutron.port object s_rally_7928fbe8_WDHVXKmt (c7bc2d91-c2ed-4c8c-b2e6-8386b2dcba69)
2019-08-11 08:51:40.230 14283 RALLYDEBUG rally_openstack.cleanup.manager [-] Deleting neutron.port object s_rally_7928fbe8_eM2EjB9p (c883665f-72c2-4b77-8613-759df3c91dd0)
2019-08-11 08:51:40.331 14283 RALLYDEBUG rally_openstack.cleanup.manager [-] Deleting neutron.port object s_rally_7928fbe8_2aQKqCOR (c88fc83a-9e03-4ada-be6d-be856533d0f5)
2019-08-11 08:51:40.332 14283 RALLYDEBUG rally_openstack.cleanup.manager [-] Deleting neutron.port object s_rally_7928fbe8_FVYtmbqz (cbc87480-d3eb-43c1-b2d2-06a3cb2b27cb)
2019-08-11 08:51:40.553 14283 RALLYDEBUG rally_openstack.cleanup.manager [-] Deleting neutron.port object s_rally_7928fbe8_H4v4CqmJ (ccc81568-d9f3-4565-b131-5ad2ff80bc10)
2019-08-11 08:51:40.765 14283 RALLYDEBUG rally_openstack.cleanup.manager [-] Deleting neutron.port object s_rally_7928fbe8_DZDf7lrb (cd26280e-f207-4c2e-84e6-79f6804aa37c)
2019-08-11 08:51:40.911 14283 RALLYDEBUG rally_openstack.cleanup.manager [-] Deleting neutron.port object s_rally_7928fbe8_rNot3BTg (ce1f4f96-e30c-4671-8231-ffd9619ca574)
2019-08-11 08:51:41.039 14283 RALLYDEBUG rally_openstack.cleanup.manager [-] Deleting neutron.port object s_rally_7928fbe8_w4MqiNOu (ce20ec3a-1fd7-4ea3-b653-192e603dac90)
2019-08-11 08:51:41.051 14283 RALLYDEBUG rally_openstack.cleanup.manager [-] Deleting neutron.port object s_rally_7928fbe8_EPSmd0sX (d148f29e-7b17-4c47-a9e2-5111bbf9f0be)
2019-08-11 08:51:41.186 14283 RALLYDEBUG rally_openstack.cleanup.manager [-] Deleting neutron.port object s_rally_7928fbe8_VEuzR6bG (d248aa8d-dc61-402d-bc5b-55931a4ebdc6)
2019-08-11 08:51:41.381 14283 RALLYDEBUG rally_openstack.cleanup.manager [-] Deleting neutron.port object s_rally_7928fbe8_FBmScC6v (d24f0d14-c9a8-48db-ad9b-416565ed84b7)
2019-08-11 08:51:41.532 14283 RALLYDEBUG rally_openstack.cleanup.manager [-] Deleting neutron.port object s_rally_7928fbe8_bzaKXhnN (d459f385-f5ed-4145-9a63-6b0d7cff91ef)
2019-08-11 08:51:41.607 14283 RALLYDEBUG rally_openstack.cleanup.manager [-] Deleting neutron.port object s_rally_7928fbe8_rnf7vRvc (d4eb8b86-30d1-4ee3-a82e-1583c8589077)
2019-08-11 08:51:41.622 14283 RALLYDEBUG rally_openstack.cleanup.manager [-] Deleting neutron.port object s_rally_7928fbe8_HFQjfRYw (d52c502a-110a-4927-bae6-983b4e10f549)
2019-08-11 08:51:42.153 14283 RALLYDEBUG rally_openstack.cleanup.manager [-] Deleting neutron.port object s_rally_7928fbe8_3uxChm2v (d61b04ca-1bee-49f6-81c5-979ea5e0975d)
2019-08-11 08:51:42.161 14283 RALLYDEBUG rally_openstack.cleanup.manager [-] Deleting neutron.port object s_rally_7928fbe8_YOynRopv (d64fdf73-8ced-48ad-acd0-a6a6044c52ca)
2019-08-11 08:51:42.186 14283 RALLYDEBUG rally_openstack.cleanup.manager [-] Deleting neutron.port object s_rally_7928fbe8_OibosQPq (d6f7a48c-cc9a-4d97-b9e7-3bd7047222a1)
2019-08-11 08:51:42.190 14283 RALLYDEBUG rally_openstack.cleanup.manager [-] Deleting neutron.port object s_rally_7928fbe8_uER5XJ5k (d999ef85-e2a6-4c95-bfe8-b0dfd3ef8502)
2019-08-11 08:51:42.415 14283 RALLYDEBUG rally_openstack.cleanup.manager [-] Deleting neutron.port object s_rally_7928fbe8_vrkFtVc1 (da7b644c-b650-4395-bb02-60aca81f8247)
2019-08-11 08:51:42.429 14283 RALLYDEBUG rally_openstack.cleanup.manager [-] Deleting neutron.port object s_rally_7928fbe8_dtuV8RFM (db8a4d14-dcbc-4f53-b7ba-330d6a0c77ec)
2019-08-11 08:51:42.609 14283 RALLYDEBUG rally_openstack.cleanup.manager [-] Deleting neutron.port object s_rally_7928fbe8_tFXen6Su (e044dcb0-b732-43af-bbff-2f51d6d8be28)
2019-08-11 08:51:42.675 14283 RALLYDEBUG rally_openstack.cleanup.manager [-] Deleting neutron.port object s_rally_7928fbe8_ZQGbdPe8 (e086d217-1d03-49fa-8078-bad59f9d96e2)
2019-08-11 08:51:42.700 14283 RALLYDEBUG rally_openstack.cleanup.manager [-] Deleting neutron.port object s_rally_7928fbe8_fvBFu5dW (e0f3ee05-f792-47ea-8814-44f5f53651e4)
2019-08-11 08:51:43.014 14283 RALLYDEBUG rally_openstack.cleanup.manager [-] Deleting neutron.port object s_rally_7928fbe8_dzIuR9OX (e1b64990-2fb1-4e46-85b7-5ebe38cb2da1)
2019-08-11 08:51:43.055 14283 RALLYDEBUG rally_openstack.cleanup.manager [-] Deleting neutron.port object s_rally_7928fbe8_5j1yppqq (e261c715-6fef-4032-a87b-c3b1b31b2477)
2019-08-11 08:51:43.092 14283 RALLYDEBUG rally_openstack.cleanup.manager [-] Deleting neutron.port object s_rally_7928fbe8_tf7rwoTr (e42019fd-948f-40bc-b7c3-461f82bee8d0)
2019-08-11 08:51:43.174 14283 RALLYDEBUG rally_openstack.cleanup.manager [-] Deleting neutron.port object s_rally_7928fbe8_NAZI2NDr (e568c7a0-1fc7-400b-acca-f2d343d5c2d3)
2019-08-11 08:51:43.375 14283 RALLYDEBUG rally_openstack.cleanup.manager [-] Deleting neutron.port object s_rally_7928fbe8_OJqAcxiI (e5b65588-0450-4000-a3d3-746756bb2d94)
2019-08-11 08:51:43.397 14283 RALLYDEBUG rally_openstack.cleanup.manager [-] Deleting neutron.port object s_rally_7928fbe8_ERQabwaS (e82c6e1f-d12c-4612-95cb-61c2a8335ca1)
2019-08-11 08:51:43.566 14283 RALLYDEBUG rally_openstack.cleanup.manager [-] Deleting neutron.port object s_rally_7928fbe8_PoujXGQL (e973af2d-d4be-43a2-933f-57c00cbf0d93)
2019-08-11 08:51:43.634 14283 RALLYDEBUG rally_openstack.cleanup.manager [-] Deleting neutron.port object s_rally_7928fbe8_eRFFkPXG (eb2173e4-43a6-4a2d-9d9f-09f0a280eea5)
2019-08-11 08:51:43.663 14283 RALLYDEBUG rally_openstack.cleanup.manager [-] Deleting neutron.port object s_rally_7928fbe8_KbKVEs75 (ec59e2fb-5064-4019-b156-9412814ef74c)
2019-08-11 08:51:43.695 14283 RALLYDEBUG rally_openstack.cleanup.manager [-] Deleting neutron.port object s_rally_7928fbe8_ypeePazw (ed3d2ebb-ff1e-48c3-8466-fed426807bc3)
2019-08-11 08:51:43.900 14283 RALLYDEBUG rally_openstack.cleanup.manager [-] Deleting neutron.port object s_rally_7928fbe8_Hshe8zDg (eea3bd29-09a7-44e8-8bab-d40820d62efd)
2019-08-11 08:51:44.085 14283 RALLYDEBUG rally_openstack.cleanup.manager [-] Deleting neutron.port object s_rally_7928fbe8_yO8R9QiO (efae865b-8805-4e6e-813e-6cdf491d7091)
2019-08-11 08:51:44.089 14283 RALLYDEBUG rally_openstack.cleanup.manager [-] Deleting neutron.port object s_rally_7928fbe8_13AmC6IQ (f428e8a2-598d-4149-b50e-5473745c75c9)
2019-08-11 08:51:44.241 14283 RALLYDEBUG rally_openstack.cleanup.manager [-] Deleting neutron.port object s_rally_7928fbe8_qKWH90bt (f5396862-69a0-43c5-9949-a42015baac58)
2019-08-11 08:51:44.292 14283 RALLYDEBUG rally_openstack.cleanup.manager [-] Deleting neutron.port object s_rally_7928fbe8_AXtoiylc (f58b1d8a-e167-46a6-8f18-5f33049e6106)
2019-08-11 08:51:44.527 14283 RALLYDEBUG rally_openstack.cleanup.manager [-] Deleting neutron.port object s_rally_7928fbe8_2fSCNi8g (f60ad80f-514e-421d-b6de-dad6b9d7f851)
2019-08-11 08:51:44.530 14283 RALLYDEBUG rally_openstack.cleanup.manager [-] Deleting neutron.port object s_rally_7928fbe8_kdr54mrn (f6545929-4b7c-4dff-8729-b7c18730f80e)
2019-08-11 08:51:44.563 14283 RALLYDEBUG rally_openstack.cleanup.manager [-] Deleting neutron.port object s_rally_7928fbe8_NLM4BXKv (f9dc49e2-8823-470e-9988-de7b08b3b2d7)
2019-08-11 08:51:44.854 14283 RALLYDEBUG rally_openstack.cleanup.manager [-] Deleting neutron.port object s_rally_7928fbe8_04zRolMU (fe7a5144-c93d-4a0b-8db4-a4389469ce92)
2019-08-11 08:51:44.862 14283 RALLYDEBUG rally_openstack.cleanup.manager [-] Deleting neutron.port object s_rally_7928fbe8_LEyGy5PN (fee08314-d93a-4471-84c5-9afd7765c8db)
2019-08-11 08:51:46.974 14283 RALLYDEBUG rally_openstack.cleanup.manager [-] Cleaning up neutron subnet objects
2019-08-11 08:51:47.424 14283 RALLYDEBUG rally_openstack.cleanup.manager [-] Cleaning up neutron network objects
2019-08-11 08:51:47.968 14283 RALLYDEBUG rally_openstack.cleanup.manager [-] Deleting neutron.network object s_rally_7928fbe8_bQs0Cvgo (0699ebf5-d54d-4174-a659-25722ea9f5ee)
2019-08-11 08:51:47.975 14283 RALLYDEBUG rally_openstack.cleanup.manager [-] Deleting neutron.network object s_rally_7928fbe8_koPYre7g (07a7df2b-aa02-4f9c-bf90-a8db4e63e904)
2019-08-11 08:51:47.990 14283 RALLYDEBUG rally_openstack.cleanup.manager [-] Deleting neutron.network object s_rally_7928fbe8_hszwUTti (1287237b-425e-4a5d-afd3-1c0af9077250)
2019-08-11 08:51:47.990 14283 RALLYDEBUG rally_openstack.cleanup.manager [-] Deleting neutron.network object s_rally_7928fbe8_vzqPruyr (16f28be9-9b02-44ad-88e0-453216b3befb)
2019-08-11 08:51:47.999 14283 RALLYDEBUG rally_openstack.cleanup.manager [-] Deleting neutron.network object s_rally_7928fbe8_dxjcOTjI (26009ac3-68f7-40b3-8c7e-a1407ea6f51c)
2019-08-11 08:51:48.014 14283 RALLYDEBUG rally_openstack.cleanup.manager [-] Deleting neutron.network object s_rally_7928fbe8_BtseiHEC (292e96d5-4c02-4a21-9267-890d75768b6a)
2019-08-11 08:51:48.019 14283 RALLYDEBUG rally_openstack.cleanup.manager [-] Deleting neutron.network object s_rally_7928fbe8_JbPT8uVf (2814db93-1777-4780-afb4-f0fb959f8b53)
2019-08-11 08:51:48.025 14283 RALLYDEBUG rally_openstack.cleanup.manager [-] Deleting neutron.network object s_rally_7928fbe8_sB4lmywb (2c905995-ed67-46f5-9780-5b406525453c)
2019-08-11 08:51:48.041 14283 RALLYDEBUG rally_openstack.cleanup.manager [-] Deleting neutron.network object s_rally_7928fbe8_vADqNWOr (2ee09a4b-6f09-4360-9118-37f35bfb19a4)
2019-08-11 08:51:48.053 14283 RALLYDEBUG rally_openstack.cleanup.manager [-] Deleting neutron.network object s_rally_7928fbe8_Fn9gEiaB (30c7af17-428a-4635-8513-44d45b58997d)
2019-08-11 08:51:48.070 14283 RALLYDEBUG rally_openstack.cleanup.manager [-] Deleting neutron.network object s_rally_7928fbe8_HusiUFX1 (36f0935d-1965-4bcc-a4af-94ee8a5ccc93)
2019-08-11 08:51:48.076 14283 RALLYDEBUG rally_openstack.cleanup.manager [-] Deleting neutron.network object s_rally_7928fbe8_w5fj3KH7 (46283ea7-43a8-41f1-940e-3ffd983ecdac)
2019-08-11 08:51:48.097 14283 RALLYDEBUG rally_openstack.cleanup.manager [-] Deleting neutron.network object s_rally_7928fbe8_6Tqyfgj6 (47991057-747c-48c7-b18d-1bc8d874c7e3)
2019-08-11 08:51:48.098 14283 RALLYDEBUG rally_openstack.cleanup.manager [-] Deleting neutron.network object s_rally_7928fbe8_BNakIqbl (4d19c129-0d59-4ef5-a684-775baae6bc6e)
2019-08-11 08:51:48.107 14283 RALLYDEBUG rally_openstack.cleanup.manager [-] Deleting neutron.network object s_rally_7928fbe8_XAN7kEMD (6299d58a-b8a4-4284-ac0a-b9e79134841f)
2019-08-11 08:51:48.130 14283 RALLYDEBUG rally_openstack.cleanup.manager [-] Deleting neutron.network object s_rally_7928fbe8_SIas2G0c (66bf4efc-03af-4225-bdf7-937c6ff49cf8)
2019-08-11 08:51:48.141 14283 RALLYDEBUG rally_openstack.cleanup.manager [-] Deleting neutron.network object s_rally_7928fbe8_jZSwB6br (6e6f9f8b-b648-40c5-a614-18af17cd5765)
2019-08-11 08:51:48.158 14283 RALLYDEBUG rally_openstack.cleanup.manager [-] Deleting neutron.network object s_rally_7928fbe8_dVkv08uO (74895d91-a576-4949-be02-56ec328a91fe)
2019-08-11 08:51:48.176 14283 RALLYDEBUG rally_openstack.cleanup.manager [-] Deleting neutron.network object s_rally_7928fbe8_jdvmFTFM (7dc7642f-5d77-4ee1-a458-c010f80fc8a7)
2019-08-11 08:51:48.186 14283 RALLYDEBUG rally_openstack.cleanup.manager [-] Deleting neutron.network object s_rally_7928fbe8_KSx6gD0q (7dc278ed-4b34-4c14-a37d-2ad3c017ae71)
2019-08-11 08:51:50.580 14283 RALLYDEBUG rally_openstack.cleanup.manager [-] Deleting neutron.network object s_rally_7928fbe8_Xw5LlgQd (827f28b1-6117-4b35-ac67-010a1432f9ba)
2019-08-11 08:51:50.596 14283 RALLYDEBUG rally_openstack.cleanup.manager [-] Deleting neutron.network object s_rally_7928fbe8_lxV9rH5l (8f332889-8383-4d3d-a2b7-636d47d3fcc4)
2019-08-11 08:51:50.666 14283 RALLYDEBUG rally_openstack.cleanup.manager [-] Deleting neutron.network object s_rally_7928fbe8_Q1MdfrAO (92492200-d65e-4fe0-b67b-e48654ea15f8)
2019-08-11 08:51:50.908 14283 RALLYDEBUG rally_openstack.cleanup.manager [-] Deleting neutron.network object s_rally_7928fbe8_wAOaNuOL (96291bfa-9b1f-4bfe-83f0-fe89142eddbb)
2019-08-11 08:51:50.943 14283 RALLYDEBUG rally_openstack.cleanup.manager [-] Deleting neutron.network object s_rally_7928fbe8_S8gT39r8 (9a8352d8-9721-4112-908d-087919007fe2)
2019-08-11 08:51:51.399 14283 RALLYDEBUG rally_openstack.cleanup.manager [-] Deleting neutron.network object s_rally_7928fbe8_mR7FfRca (a3748362-a9a0-42ce-892f-2f740ad1f955)
2019-08-11 08:51:51.406 14283 RALLYDEBUG rally_openstack.cleanup.manager [-] Deleting neutron.network object s_rally_7928fbe8_KLDwFZKQ (a7e771ed-cf1d-4d2c-b8f8-cc9fc994b860)
2019-08-11 08:51:51.428 14283 RALLYDEBUG rally_openstack.cleanup.manager [-] Deleting neutron.network object s_rally_7928fbe8_WSwfUboG (a928f461-783e-419b-aa93-8f9b9cde0912)
2019-08-11 08:51:51.653 14283 RALLYDEBUG rally_openstack.cleanup.manager [-] Deleting neutron.network object s_rally_7928fbe8_LroZVrek (c3e318ab-325c-42cd-8881-07d1b816b252)
2019-08-11 08:51:51.665 14283 RALLYDEBUG rally_openstack.cleanup.manager [-] Deleting neutron.network object s_rally_7928fbe8_j1P7xQjA (cb5a7023-723f-4c7a-b437-944ca2a55636)
2019-08-11 08:51:51.711 14283 RALLYDEBUG rally_openstack.cleanup.manager [-] Deleting neutron.network object s_rally_7928fbe8_MPcrGKza (d49c7f1a-23f8-4503-8ebc-635efe3ad838)
2019-08-11 08:51:51.733 14283 RALLYDEBUG rally_openstack.cleanup.manager [-] Deleting neutron.network object s_rally_7928fbe8_MepEd6tu (d62968d1-1fcb-4a47-ba74-06ef80bb9dcf)
2019-08-11 08:51:51.860 14283 RALLYDEBUG rally_openstack.cleanup.manager [-] Deleting neutron.network object s_rally_7928fbe8_x5EdgRI4 (dbbfa294-5740-43a1-b975-b041f45c480c)
2019-08-11 08:51:51.874 14283 RALLYDEBUG rally_openstack.cleanup.manager [-] Deleting neutron.network object s_rally_7928fbe8_quwhTDcc (ed7444ee-1269-41ce-a373-5f0e84199034)
2019-08-11 08:51:51.960 14283 RALLYDEBUG rally_openstack.cleanup.manager [-] Deleting neutron.network object s_rally_7928fbe8_Zp6VHqgy (eef7f2a9-b97e-4c0d-80d8-015f8694be83)
2019-08-11 08:51:52.047 14283 RALLYDEBUG rally_openstack.cleanup.manager [-] Deleting neutron.network object s_rally_7928fbe8_LlJWynC8 (ef023d68-982c-46ec-9acc-cf5de035292e)
2019-08-11 08:51:52.085 14283 RALLYDEBUG rally_openstack.cleanup.manager [-] Deleting neutron.network object s_rally_7928fbe8_IPfGRXvW (f390c5f0-4c8c-48f3-9043-494b2df2a7a0)
2019-08-11 08:51:52.180 14283 RALLYDEBUG rally_openstack.cleanup.manager [-] Deleting neutron.network object s_rally_7928fbe8_7wWPDnzJ (f503fa7e-c3f0-468c-b5ef-ba96a41a85f7)
2019-08-11 08:51:52.250 14283 RALLYDEBUG rally_openstack.cleanup.manager [-] Deleting neutron.network object s_rally_7928fbe8_Wj570uRI (f58987ce-ead0-4444-826c-2836bcc92ba0)
2019-08-11 08:51:52.279 14283 RALLYDEBUG rally_openstack.cleanup.manager [-] Deleting neutron.network object s_rally_7928fbe8_x8vVeXGA (f91e3463-17bc-4988-8b00-7f03ee4aa982)
2019-08-11 08:51:55.039 14283 RALLYDEBUG rally_openstack.cleanup.manager [-] Cleaning up neutron router objects
2019-08-11 08:51:55.504 14283 RALLYDEBUG rally_openstack.cleanup.manager [-] Cleaning up neutron security_group objects
2019-08-11 08:51:55.942 14283 INFO rally.task.context [-] Task 5146d926-ba69-4159-8ac0-8f4a2a6b7e45 | Context cleanup@openstack cleanup() finished in 35.23 sec
2019-08-11 08:51:55.943 14283 INFO rally.task.context [-] Task 5146d926-ba69-4159-8ac0-8f4a2a6b7e45 | Context quotas@openstack cleanup() started
2019-08-11 08:51:56.046 14283 INFO rally.task.context [-] Task 5146d926-ba69-4159-8ac0-8f4a2a6b7e45 | Context quotas@openstack cleanup() finished in 0.10 sec
2019-08-11 08:51:56.047 14283 INFO rally.task.context [-] Task 5146d926-ba69-4159-8ac0-8f4a2a6b7e45 | Context users@openstack cleanup() started
2019-08-11 08:51:58.868 14283 INFO rally.task.context [-] Task 5146d926-ba69-4159-8ac0-8f4a2a6b7e45 | Context users@openstack cleanup() finished in 2.82 sec
2019-08-11 08:52:00.228 14283 INFO rally.task.engine [-] Load duration is: 23.915119
2019-08-11 08:52:00.229 14283 INFO rally.task.engine [-] Full runner duration is: 23.973304
2019-08-11 08:52:00.229 14283 INFO rally.task.engine [-] Full duration is: 65.020531
2019-08-11 08:52:00.525 14283 INFO rally.task.engine [-] Running workload: position = 2 config = { "version": 2, "title": "A cropped version of a bigger task.", "description": "Auto-generated task from a single workload (uuid=761b7374-eb37-4024-ae6c-bc145d60eba0)", "subtasks": [ { "title": "NeutronNetworks.create_and_delete_ports", "description": "Create and delete a port.", "scenario": { "NeutronNetworks.create_and_delete_ports": { "network_create_args": {}, "port_create_args": {}, "ports_per_network": 5 } }, "contexts": { "users": { "tenants": 1, "users_per_tenant": 1 }, "quotas": { "neutron": { "network": -1, "port": -1 } } }, "runner": { "constant": { "times": 40, "concurrency": 20 } }, "hooks": [], "sla": { "failure_rate": { "max": 0 } } } ] }
2019-08-11 08:52:00.552 14283 RALLYDEBUG rally_openstack.contexts.keystone.users [-] Creating 1 tenants using 20 threads
2019-08-11 08:52:01.492 14283 RALLYDEBUG rally_openstack.contexts.keystone.users [-] Creating 1 users using 20 threads
2019-08-11 08:52:02.933 14283 INFO rally.task.context [-] Task 5146d926-ba69-4159-8ac0-8f4a2a6b7e45 | Context users@openstack setup() finished in 2.38 sec
2019-08-11 08:52:03.447 14283 INFO rally.task.context [-] Task 5146d926-ba69-4159-8ac0-8f4a2a6b7e45 | Context quotas@openstack setup() finished in 0.51 sec
2019-08-11 08:52:03.448 14283 INFO rally.task.context [-] Task 5146d926-ba69-4159-8ac0-8f4a2a6b7e45 | Context cleanup@openstack setup() finished in 0.00 msec
2019-08-11 08:52:03.457 14283 RALLYDEBUG rally.task.runner [-] Starting the constant runner (task UUID: 5146d926-ba69-4159-8ac0-8f4a2a6b7e45). timeout: 0 concurrency: 20 concurrency_per_worker: 1 times: 40 concurrency_overhead: 4 processes_to_start: 16 max_cpu_used: 16
2019-08-11 08:52:03.471 18529 RALLYDEBUG rally.task.runner [-] Starting a worker. concurrency: 2 args: {"network_create_args": {}, "port_create_args": {}, "ports_per_network": 5} times: 40 method_name: run timeout: 0 duration: None cls:
2019-08-11 08:52:03.474 18530 RALLYDEBUG rally.task.runner [-] Starting a worker. concurrency: 2 args: {"network_create_args": {}, "port_create_args": {}, "ports_per_network": 5} times: 40 method_name: run timeout: 0 duration: None cls:
2019-08-11 08:52:03.478 18531 RALLYDEBUG rally.task.runner [-] Starting a worker. concurrency: 2 args: {"network_create_args": {}, "port_create_args": {}, "ports_per_network": 5} times: 40 method_name: run timeout: 0 duration: None cls:
2019-08-11 08:52:03.480 18532 RALLYDEBUG rally.task.runner [-] Starting a worker. concurrency: 2 args: {"network_create_args": {}, "port_create_args": {}, "ports_per_network": 5} times: 40 method_name: run timeout: 0 duration: None cls:
2019-08-11 08:52:03.481 18529 INFO rally.task.runner [-] Task 5146d926-ba69-4159-8ac0-8f4a2a6b7e45 | ITER: 1 START
2019-08-11 08:52:03.482 18530 INFO rally.task.runner [-] Task 5146d926-ba69-4159-8ac0-8f4a2a6b7e45 | ITER: 2 START
2019-08-11 08:52:03.484 18530 WARNING rally_openstack.scenarios.neutron.utils [-] Running this scenario without either the 'network' or 'existing_network' context is deprecated
2019-08-11 08:52:03.484 18533 RALLYDEBUG rally.task.runner [-] Starting a worker. concurrency: 1 args: {"network_create_args": {}, "port_create_args": {}, "ports_per_network": 5} times: 40 method_name: run timeout: 0 duration: None cls:
2019-08-11 08:52:03.483 18529 WARNING rally_openstack.scenarios.neutron.utils [-] Running this scenario without either the 'network' or 'existing_network' context is deprecated
2019-08-11 08:52:03.488 18531 INFO rally.task.runner [-] Task 5146d926-ba69-4159-8ac0-8f4a2a6b7e45 | ITER: 4 START
2019-08-11 08:52:03.485 18529 INFO rally.task.runner [-] Task 5146d926-ba69-4159-8ac0-8f4a2a6b7e45 | ITER: 3 START
2019-08-11 08:52:03.490 18533 INFO rally.task.runner [-] Task 5146d926-ba69-4159-8ac0-8f4a2a6b7e45 | ITER: 8 START
2019-08-11 08:52:03.490 18531 WARNING rally_openstack.scenarios.neutron.utils [-] Running this scenario without either the 'network' or 'existing_network' context is deprecated
2019-08-11 08:52:03.490 18537 RALLYDEBUG rally.task.runner [-] Starting a worker. concurrency: 1 args: {"network_create_args": {}, "port_create_args": {}, "ports_per_network": 5} times: 40 method_name: run timeout: 0 duration: None cls:
2019-08-11 08:52:03.490 18540 RALLYDEBUG rally.task.runner [-] Starting a worker. concurrency: 1 args: {"network_create_args": {}, "port_create_args": {}, "ports_per_network": 5} times: 40 method_name: run timeout: 0 duration: None cls:
2019-08-11 08:52:03.492 18533 WARNING rally_openstack.scenarios.neutron.utils [-] Running this scenario without either the 'network' or 'existing_network' context is deprecated
2019-08-11 08:52:03.492 18532 INFO rally.task.runner [-] Task 5146d926-ba69-4159-8ac0-8f4a2a6b7e45 | ITER: 6 START
2019-08-11 08:52:03.494 18532 WARNING rally_openstack.scenarios.neutron.utils [-] Running this scenario without either the 'network' or 'existing_network' context is deprecated
2019-08-11 08:52:03.495 18544 RALLYDEBUG rally.task.runner [-] Starting a worker. concurrency: 1 args: {"network_create_args": {}, "port_create_args": {}, "ports_per_network": 5} times: 40 method_name: run timeout: 0 duration: None cls:
2019-08-11 08:52:03.497 18540 INFO rally.task.runner [-] Task 5146d926-ba69-4159-8ac0-8f4a2a6b7e45 | ITER: 10 START
2019-08-11 08:52:03.497 18532 INFO rally.task.runner [-] Task 5146d926-ba69-4159-8ac0-8f4a2a6b7e45 | ITER: 9 START
2019-08-11 08:52:03.494 18529 WARNING rally_openstack.scenarios.neutron.utils [-] Running this scenario without either the 'network' or 'existing_network' context is deprecated
2019-08-11 08:52:03.492 18531 INFO rally.task.runner [-] Task 5146d926-ba69-4159-8ac0-8f4a2a6b7e45 | ITER: 7 START
2019-08-11 08:52:03.498 18540 WARNING rally_openstack.scenarios.neutron.utils [-] Running this scenario without either the 'network' or 'existing_network' context is deprecated
2019-08-11 08:52:03.498 18549 RALLYDEBUG rally.task.runner [-] Starting a worker. concurrency: 1 args: {"network_create_args": {}, "port_create_args": {}, "ports_per_network": 5} times: 40 method_name: run timeout: 0 duration: None cls:
2019-08-11 08:52:03.498 18531 WARNING rally_openstack.scenarios.neutron.utils [-] Running this scenario without either the 'network' or 'existing_network' context is deprecated
2019-08-11 08:52:03.500 18537 INFO rally.task.runner [-] Task 5146d926-ba69-4159-8ac0-8f4a2a6b7e45 | ITER: 11 START
2019-08-11 08:52:03.502 18537 WARNING rally_openstack.scenarios.neutron.utils [-] Running this scenario without either the 'network' or 'existing_network' context is deprecated
2019-08-11 08:52:03.503 18532 WARNING rally_openstack.scenarios.neutron.utils [-] Running this scenario without either the 'network' or 'existing_network' context is deprecated
2019-08-11 08:52:03.504 18544 INFO rally.task.runner [-] Task 5146d926-ba69-4159-8ac0-8f4a2a6b7e45 | ITER: 12 START
2019-08-11 08:52:03.504 18530 INFO rally.task.runner [-] Task 5146d926-ba69-4159-8ac0-8f4a2a6b7e45 | ITER: 5 START
2019-08-11 08:52:03.505 18530 WARNING rally_openstack.scenarios.neutron.utils [-] Running this scenario without either the 'network' or 'existing_network' context is deprecated
2019-08-11 08:52:03.505 18549 INFO rally.task.runner [-] Task 5146d926-ba69-4159-8ac0-8f4a2a6b7e45 | ITER: 13 START
2019-08-11 08:52:03.506 18544 WARNING rally_openstack.scenarios.neutron.utils [-] Running this scenario without either the 'network' or 'existing_network' context is deprecated
2019-08-11 08:52:03.507 18549 WARNING rally_openstack.scenarios.neutron.utils [-] Running this scenario without either the 'network' or 'existing_network' context is deprecated
2019-08-11 08:52:03.506 18553 RALLYDEBUG rally.task.runner [-] Starting a worker. concurrency: 1 args: {"network_create_args": {}, "port_create_args": {}, "ports_per_network": 5} times: 40 method_name: run timeout: 0 duration: None cls:
2019-08-11 08:52:03.512 18561 RALLYDEBUG rally.task.runner [-] Starting a worker. concurrency: 1 args: {"network_create_args": {}, "port_create_args": {}, "ports_per_network": 5} times: 40 method_name: run timeout: 0 duration: None cls:
2019-08-11 08:52:03.515 18553 INFO rally.task.runner [-] Task 5146d926-ba69-4159-8ac0-8f4a2a6b7e45 | ITER: 14 START
2019-08-11 08:52:03.517 18553 WARNING rally_openstack.scenarios.neutron.utils [-] Running this scenario without either the 'network' or 'existing_network' context is deprecated
2019-08-11 08:52:03.520 18561 INFO rally.task.runner [-] Task 5146d926-ba69-4159-8ac0-8f4a2a6b7e45 | ITER: 15 START
2019-08-11 08:52:03.522 18561 WARNING rally_openstack.scenarios.neutron.utils [-] Running this scenario without either the 'network' or 'existing_network' context is deprecated
2019-08-11 08:52:03.523 18564 RALLYDEBUG rally.task.runner [-] Starting a worker. concurrency: 1 args: {"network_create_args": {}, "port_create_args": {}, "ports_per_network": 5} times: 40 method_name: run timeout: 0 duration: None cls:
2019-08-11 08:52:03.531 18564 INFO rally.task.runner [-] Task 5146d926-ba69-4159-8ac0-8f4a2a6b7e45 | ITER: 16 START
2019-08-11 08:52:03.531 18567 RALLYDEBUG rally.task.runner [-] Starting a worker. concurrency: 1 args: {"network_create_args": {}, "port_create_args": {}, "ports_per_network": 5} times: 40 method_name: run timeout: 0 duration: None cls:
2019-08-11 08:52:03.533 18564 WARNING rally_openstack.scenarios.neutron.utils [-] Running this scenario without either the 'network' or 'existing_network' context is deprecated
2019-08-11 08:52:03.538 18567 INFO rally.task.runner [-] Task 5146d926-ba69-4159-8ac0-8f4a2a6b7e45 | ITER: 17 START
2019-08-11 08:52:03.539 18570 RALLYDEBUG rally.task.runner [-] Starting a worker. concurrency: 1 args: {"network_create_args": {}, "port_create_args": {}, "ports_per_network": 5} times: 40 method_name: run timeout: 0 duration: None cls:
2019-08-11 08:52:03.540 18567 WARNING rally_openstack.scenarios.neutron.utils [-] Running this scenario without either the 'network' or 'existing_network' context is deprecated
2019-08-11 08:52:03.544 18570 INFO rally.task.runner [-] Task 5146d926-ba69-4159-8ac0-8f4a2a6b7e45 | ITER: 18 START
2019-08-11 08:52:03.546 18570 WARNING rally_openstack.scenarios.neutron.utils [-] Running this scenario without either the 'network' or 'existing_network' context is deprecated
2019-08-11 08:52:03.546 18573 RALLYDEBUG rally.task.runner [-] Starting a worker. concurrency: 1 args: {"network_create_args": {}, "port_create_args": {}, "ports_per_network": 5} times: 40 method_name: run timeout: 0 duration: None cls:
2019-08-11 08:52:03.550 18576 RALLYDEBUG rally.task.runner [-] Starting a worker. concurrency: 1 args: {"network_create_args": {}, "port_create_args": {}, "ports_per_network": 5} times: 40 method_name: run timeout: 0 duration: None cls:
2019-08-11 08:52:03.551 18573 INFO rally.task.runner [-] Task 5146d926-ba69-4159-8ac0-8f4a2a6b7e45 | ITER: 19 START
2019-08-11 08:52:03.553 18573 WARNING rally_openstack.scenarios.neutron.utils [-] Running this scenario without either the 'network' or 'existing_network' context is deprecated
2019-08-11 08:52:03.555 18576 INFO rally.task.runner [-] Task 5146d926-ba69-4159-8ac0-8f4a2a6b7e45 | ITER: 20 START
2019-08-11 08:52:03.557 18576 WARNING rally_openstack.scenarios.neutron.utils [-] Running this scenario without either the 'network' or 'existing_network' context is deprecated
2019-08-11 08:52:13.014 18531 INFO rally.task.runner [-] Task 5146d926-ba69-4159-8ac0-8f4a2a6b7e45 | ITER: 4 END: OK
2019-08-11 08:52:13.018 18573 INFO rally.task.runner [-] Task 5146d926-ba69-4159-8ac0-8f4a2a6b7e45 | ITER: 19 END: OK
2019-08-11 08:52:13.018 18531 INFO rally.task.runner [-] Task 5146d926-ba69-4159-8ac0-8f4a2a6b7e45 | ITER: 21 START
2019-08-11 08:52:13.019 18531 WARNING rally_openstack.scenarios.neutron.utils [-] Running this scenario without either the 'network' or 'existing_network' context is deprecated
2019-08-11 08:52:13.023 18573 INFO rally.task.runner [-] Task 5146d926-ba69-4159-8ac0-8f4a2a6b7e45 | ITER: 22 START
2019-08-11 08:52:13.023 18573 WARNING rally_openstack.scenarios.neutron.utils [-] Running this scenario without either the 'network' or 'existing_network' context is deprecated
2019-08-11 08:52:13.159 18531 INFO rally.task.runner [-] Task 5146d926-ba69-4159-8ac0-8f4a2a6b7e45 | ITER: 7 END: OK
2019-08-11 08:52:13.163 18531 INFO rally.task.runner [-] Task 5146d926-ba69-4159-8ac0-8f4a2a6b7e45 | ITER: 23 START
2019-08-11 08:52:13.164 18531 WARNING rally_openstack.scenarios.neutron.utils [-] Running this scenario without either the 'network' or 'existing_network' context is deprecated
2019-08-11 08:52:14.179 18567 INFO rally.task.runner [-] Task 5146d926-ba69-4159-8ac0-8f4a2a6b7e45 | ITER: 17 END: OK
2019-08-11 08:52:14.184 18567 INFO rally.task.runner [-] Task 5146d926-ba69-4159-8ac0-8f4a2a6b7e45 | ITER: 24 START
2019-08-11 08:52:14.185 18567 WARNING rally_openstack.scenarios.neutron.utils [-] Running this scenario without either the 'network' or 'existing_network' context is deprecated
2019-08-11 08:52:14.374 18530 INFO rally.task.runner [-] Task 5146d926-ba69-4159-8ac0-8f4a2a6b7e45 | ITER: 5 END: OK
2019-08-11 08:52:14.378 18530 INFO rally.task.runner [-] Task 5146d926-ba69-4159-8ac0-8f4a2a6b7e45 | ITER: 25 START
2019-08-11 08:52:14.379 18530 WARNING rally_openstack.scenarios.neutron.utils [-] Running this scenario without either the 'network' or 'existing_network' context is deprecated
2019-08-11 08:52:14.630 18561 INFO rally.task.runner [-] Task 5146d926-ba69-4159-8ac0-8f4a2a6b7e45 | ITER: 15 END: OK
2019-08-11 08:52:14.635 18561 INFO rally.task.runner [-] Task 5146d926-ba69-4159-8ac0-8f4a2a6b7e45 | ITER: 26 START
2019-08-11 08:52:14.636 18561 WARNING rally_openstack.scenarios.neutron.utils [-] Running this scenario without either the 'network' or 'existing_network' context is deprecated
2019-08-11 08:52:14.945 18533 INFO rally.task.runner [-] Task 5146d926-ba69-4159-8ac0-8f4a2a6b7e45 | ITER: 8 END: OK
2019-08-11 08:52:14.951 18533 INFO rally.task.runner [-] Task 5146d926-ba69-4159-8ac0-8f4a2a6b7e45 | ITER: 27 START
2019-08-11 08:52:14.951 18533 WARNING rally_openstack.scenarios.neutron.utils [-] Running this scenario without either the 'network' or 'existing_network' context is deprecated
2019-08-11 08:52:15.079 18553 INFO rally.task.runner [-] Task 5146d926-ba69-4159-8ac0-8f4a2a6b7e45 | ITER: 14 END: OK
2019-08-11 08:52:15.083 18553 INFO rally.task.runner [-] Task 5146d926-ba69-4159-8ac0-8f4a2a6b7e45 | ITER: 28 START
2019-08-11 08:52:15.084 18553 WARNING rally_openstack.scenarios.neutron.utils [-] Running this scenario without either the 'network' or 'existing_network' context is deprecated
2019-08-11 08:52:15.096 18549 INFO rally.task.runner [-] Task 5146d926-ba69-4159-8ac0-8f4a2a6b7e45 | ITER: 13 END: OK
2019-08-11 08:52:15.100 18549 INFO rally.task.runner [-] Task 5146d926-ba69-4159-8ac0-8f4a2a6b7e45 | ITER: 29 START
2019-08-11 08:52:15.101 18549 WARNING rally_openstack.scenarios.neutron.utils [-] Running this scenario without either the 'network' or 'existing_network' context is deprecated
2019-08-11 08:52:15.455 18540 INFO rally.task.runner [-] Task 5146d926-ba69-4159-8ac0-8f4a2a6b7e45 | ITER: 10 END: OK
2019-08-11 08:52:15.459 18540 INFO rally.task.runner [-] Task 5146d926-ba69-4159-8ac0-8f4a2a6b7e45 | ITER: 30 START
2019-08-11 08:52:15.460 18540 WARNING rally_openstack.scenarios.neutron.utils [-] Running this scenario without either the 'network' or 'existing_network' context is deprecated
2019-08-11 08:52:15.647 18529 INFO rally.task.runner [-] Task 5146d926-ba69-4159-8ac0-8f4a2a6b7e45 | ITER: 3 END: OK
2019-08-11 08:52:15.652 18529 INFO rally.task.runner [-] Task 5146d926-ba69-4159-8ac0-8f4a2a6b7e45 | ITER: 31 START
2019-08-11 08:52:15.653 18529 WARNING rally_openstack.scenarios.neutron.utils [-] Running this scenario without either the 'network' or 'existing_network' context is deprecated
2019-08-11 08:52:15.749 18576 INFO rally.task.runner [-] Task 5146d926-ba69-4159-8ac0-8f4a2a6b7e45 | ITER: 20 END: OK
2019-08-11 08:52:15.754 18576 INFO rally.task.runner [-] Task 5146d926-ba69-4159-8ac0-8f4a2a6b7e45 | ITER: 32 START
2019-08-11 08:52:15.754 18576 WARNING rally_openstack.scenarios.neutron.utils [-] Running this scenario without either the 'network' or 'existing_network' context is deprecated
2019-08-11 08:52:16.176 18537 INFO rally.task.runner [-] Task 5146d926-ba69-4159-8ac0-8f4a2a6b7e45 | ITER: 11 END: OK
2019-08-11 08:52:16.182 18537 INFO rally.task.runner [-] Task 5146d926-ba69-4159-8ac0-8f4a2a6b7e45 | ITER: 33 START
2019-08-11 08:52:16.182 18537 WARNING rally_openstack.scenarios.neutron.utils [-] Running this scenario without either the 'network' or 'existing_network' context is deprecated
2019-08-11 08:52:16.503 18544 INFO rally.task.runner [-] Task 5146d926-ba69-4159-8ac0-8f4a2a6b7e45 | ITER: 12 END: OK
2019-08-11 08:52:16.508 18544 INFO rally.task.runner [-] Task 5146d926-ba69-4159-8ac0-8f4a2a6b7e45 | ITER: 34 START
2019-08-11 08:52:16.509 18544 WARNING rally_openstack.scenarios.neutron.utils [-] Running this scenario without either the 'network' or 'existing_network' context is deprecated
2019-08-11 08:52:17.852 18529 INFO rally.task.runner [-] Task 5146d926-ba69-4159-8ac0-8f4a2a6b7e45 | ITER: 1 END: OK
2019-08-11 08:52:17.857 18529 INFO rally.task.runner [-] Task 5146d926-ba69-4159-8ac0-8f4a2a6b7e45 | ITER: 35 START
2019-08-11 08:52:17.858 18529 WARNING rally_openstack.scenarios.neutron.utils [-] Running this scenario without either the 'network' or 'existing_network' context is deprecated
2019-08-11 08:52:17.949 18570 INFO rally.task.runner [-] Task 5146d926-ba69-4159-8ac0-8f4a2a6b7e45 | ITER: 18 END: OK
2019-08-11 08:52:17.953 18570 INFO rally.task.runner [-] Task 5146d926-ba69-4159-8ac0-8f4a2a6b7e45 | ITER: 36 START
2019-08-11 08:52:17.954 18570 WARNING rally_openstack.scenarios.neutron.utils [-] Running this scenario without either the 'network' or 'existing_network' context is deprecated
2019-08-11 08:52:18.327 18530 INFO rally.task.runner [-] Task 5146d926-ba69-4159-8ac0-8f4a2a6b7e45 | ITER: 2 END: OK
2019-08-11 08:52:18.331 18564 INFO rally.task.runner [-] Task 5146d926-ba69-4159-8ac0-8f4a2a6b7e45 | ITER: 16 END: OK
2019-08-11 08:52:18.332 18530 INFO rally.task.runner [-] Task 5146d926-ba69-4159-8ac0-8f4a2a6b7e45 | ITER: 37 START
2019-08-11 08:52:18.332 18530 WARNING rally_openstack.scenarios.neutron.utils [-] Running this scenario without either the 'network' or 'existing_network' context is deprecated
2019-08-11 08:52:18.336 18532 INFO rally.task.runner [-] Task 5146d926-ba69-4159-8ac0-8f4a2a6b7e45 | ITER: 9 END: OK
2019-08-11 08:52:18.336 18564 INFO rally.task.runner [-] Task 5146d926-ba69-4159-8ac0-8f4a2a6b7e45 | ITER: 38 START
