2019-08-11 08:43:04.848 16386 WARNING rally_openstack.scenarios.neutron.utils [-] Running this scenario without either the 'network' or 'existing_network' context is deprecated
2019-08-11 08:43:04.849 16380 WARNING rally_openstack.scenarios.neutron.utils [-] Running this scenario without either the 'network' or 'existing_network' context is deprecated
2019-08-11 08:43:04.850 16392 RALLYDEBUG rally.task.runner [-] Starting a worker. concurrency: 1 args: {"network_create_args": {}, "subnet_create_args": {}, "subnet_cidr_start": "1.1.0.0/30", "subnets_per_network": 2} times: 40 method_name: run timeout: 0 duration: None cls:
2019-08-11 08:43:04.851 16389 INFO rally.task.runner [-] Task 5146d926-ba69-4159-8ac0-8f4a2a6b7e45 | ITER: 11 START
2019-08-11 08:43:04.849 16380 INFO rally.task.runner [-] Task 5146d926-ba69-4159-8ac0-8f4a2a6b7e45 | ITER: 8 START
2019-08-11 08:43:04.853 16389 WARNING rally_openstack.scenarios.neutron.utils [-] Running this scenario without either the 'network' or 'existing_network' context is deprecated
2019-08-11 08:43:04.857 16392 INFO rally.task.runner [-] Task 5146d926-ba69-4159-8ac0-8f4a2a6b7e45 | ITER: 12 START
2019-08-11 08:43:04.857 16399 RALLYDEBUG rally.task.runner [-] Starting a worker. concurrency: 1 args: {"network_create_args": {}, "subnet_create_args": {}, "subnet_cidr_start": "1.1.0.0/30", "subnets_per_network": 2} times: 40 method_name: run timeout: 0 duration: None cls:
2019-08-11 08:43:04.859 16392 WARNING rally_openstack.scenarios.neutron.utils [-] Running this scenario without either the 'network' or 'existing_network' context is deprecated
2019-08-11 08:43:04.858 16377 INFO rally.task.runner [-] Task 5146d926-ba69-4159-8ac0-8f4a2a6b7e45 | ITER: 3 START
2019-08-11 08:43:04.862 16377 WARNING rally_openstack.scenarios.neutron.utils [-] Running this scenario without either the 'network' or 'existing_network' context is deprecated
2019-08-11 08:43:04.862 16378 INFO rally.task.runner [-] Task 5146d926-ba69-4159-8ac0-8f4a2a6b7e45 | ITER: 5 START
2019-08-11 08:43:04.863 16379 INFO rally.task.runner [-] Task 5146d926-ba69-4159-8ac0-8f4a2a6b7e45 | ITER: 7 START
2019-08-11 08:43:04.859 16380 WARNING rally_openstack.scenarios.neutron.utils [-] Running this scenario without either the 'network' or 'existing_network' context is deprecated
2019-08-11 08:43:04.863 16378 WARNING rally_openstack.scenarios.neutron.utils [-] Running this scenario without either the 'network' or 'existing_network' context is deprecated
2019-08-11 08:43:04.864 16399 INFO rally.task.runner [-] Task 5146d926-ba69-4159-8ac0-8f4a2a6b7e45 | ITER: 13 START
2019-08-11 08:43:04.863 16379 WARNING rally_openstack.scenarios.neutron.utils [-] Running this scenario without either the 'network' or 'existing_network' context is deprecated
2019-08-11 08:43:04.864 16404 RALLYDEBUG rally.task.runner [-] Starting a worker. concurrency: 1 args: {"network_create_args": {}, "subnet_create_args": {}, "subnet_cidr_start": "1.1.0.0/30", "subnets_per_network": 2} times: 40 method_name: run timeout: 0 duration: None cls:
2019-08-11 08:43:04.865 16399 WARNING rally_openstack.scenarios.neutron.utils [-] Running this scenario without either the 'network' or 'existing_network' context is deprecated
2019-08-11 08:43:04.873 16404 INFO rally.task.runner [-] Task 5146d926-ba69-4159-8ac0-8f4a2a6b7e45 | ITER: 14 START
2019-08-11 08:43:04.875 16404 WARNING rally_openstack.scenarios.neutron.utils [-] Running this scenario without either the 'network' or 'existing_network' context is deprecated
2019-08-11 08:43:04.876 16409 RALLYDEBUG rally.task.runner [-] Starting a worker. concurrency: 1 args: {"network_create_args": {}, "subnet_create_args": {}, "subnet_cidr_start": "1.1.0.0/30", "subnets_per_network": 2} times: 40 method_name: run timeout: 0 duration: None cls:
2019-08-11 08:43:04.882 16412 RALLYDEBUG rally.task.runner [-] Starting a worker. concurrency: 1 args: {"network_create_args": {}, "subnet_create_args": {}, "subnet_cidr_start": "1.1.0.0/30", "subnets_per_network": 2} times: 40 method_name: run timeout: 0 duration: None cls:
2019-08-11 08:43:04.884 16409 INFO rally.task.runner [-] Task 5146d926-ba69-4159-8ac0-8f4a2a6b7e45 | ITER: 15 START
2019-08-11 08:43:04.886 16409 WARNING rally_openstack.scenarios.neutron.utils [-] Running this scenario without either the 'network' or 'existing_network' context is deprecated
2019-08-11 08:43:04.889 16412 INFO rally.task.runner [-] Task 5146d926-ba69-4159-8ac0-8f4a2a6b7e45 | ITER: 16 START
2019-08-11 08:43:04.890 16412 WARNING rally_openstack.scenarios.neutron.utils [-] Running this scenario without either the 'network' or 'existing_network' context is deprecated
2019-08-11 08:43:04.894 16415 RALLYDEBUG rally.task.runner [-] Starting a worker. concurrency: 1 args: {"network_create_args": {}, "subnet_create_args": {}, "subnet_cidr_start": "1.1.0.0/30", "subnets_per_network": 2} times: 40 method_name: run timeout: 0 duration: None cls:
2019-08-11 08:43:04.897 16418 RALLYDEBUG rally.task.runner [-] Starting a worker. concurrency: 1 args: {"network_create_args": {}, "subnet_create_args": {}, "subnet_cidr_start": "1.1.0.0/30", "subnets_per_network": 2} times: 40 method_name: run timeout: 0 duration: None cls:
2019-08-11 08:43:04.901 16415 INFO rally.task.runner [-] Task 5146d926-ba69-4159-8ac0-8f4a2a6b7e45 | ITER: 17 START
2019-08-11 08:43:04.901 16419 RALLYDEBUG rally.task.runner [-] Starting a worker. concurrency: 1 args: {"network_create_args": {}, "subnet_create_args": {}, "subnet_cidr_start": "1.1.0.0/30", "subnets_per_network": 2} times: 40 method_name: run timeout: 0 duration: None cls:
2019-08-11 08:43:04.902 16415 WARNING rally_openstack.scenarios.neutron.utils [-] Running this scenario without either the 'network' or 'existing_network' context is deprecated
2019-08-11 08:43:04.903 16418 INFO rally.task.runner [-] Task 5146d926-ba69-4159-8ac0-8f4a2a6b7e45 | ITER: 18 START
2019-08-11 08:43:04.904 16418 WARNING rally_openstack.scenarios.neutron.utils [-] Running this scenario without either the 'network' or 'existing_network' context is deprecated
2019-08-11 08:43:04.906 16419 INFO rally.task.runner [-] Task 5146d926-ba69-4159-8ac0-8f4a2a6b7e45 | ITER: 19 START
2019-08-11 08:43:04.907 16419 WARNING rally_openstack.scenarios.neutron.utils [-] Running this scenario without either the 'network' or 'existing_network' context is deprecated
2019-08-11 08:43:04.908 16424 RALLYDEBUG rally.task.runner [-] Starting a worker. concurrency: 1 args: {"network_create_args": {}, "subnet_create_args": {}, "subnet_cidr_start": "1.1.0.0/30", "subnets_per_network": 2} times: 40 method_name: run timeout: 0 duration: None cls:
2019-08-11 08:43:04.913 16424 INFO rally.task.runner [-] Task 5146d926-ba69-4159-8ac0-8f4a2a6b7e45 | ITER: 20 START
2019-08-11 08:43:04.914 16424 WARNING rally_openstack.scenarios.neutron.utils [-] Running this scenario without either the 'network' or 'existing_network' context is deprecated
2019-08-11 08:43:05.602 16377 RALLYDEBUG rally_openstack.wrappers.network [-] CIDR generated: 1.1.4.96/30
2019-08-11 08:43:05.692 16399 RALLYDEBUG rally_openstack.wrappers.network [-] CIDR generated: 1.1.4.100/30
2019-08-11 08:43:05.708 16380 RALLYDEBUG rally_openstack.wrappers.network [-] CIDR generated: 1.1.4.104/30
2019-08-11 08:43:05.729 16389 RALLYDEBUG rally_openstack.wrappers.network [-] CIDR generated: 1.1.4.108/30
2019-08-11 08:43:05.741 16379 RALLYDEBUG rally_openstack.wrappers.network [-] CIDR generated: 1.1.4.112/30
2019-08-11 08:43:05.745 16381 RALLYDEBUG rally_openstack.wrappers.network [-] CIDR generated: 1.1.4.116/30
2019-08-11 08:43:05.767 16380 RALLYDEBUG rally_openstack.wrappers.network [-] CIDR generated: 1.1.4.120/30
2019-08-11 08:43:05.843 16378 RALLYDEBUG rally_openstack.wrappers.network [-] CIDR generated: 1.1.4.124/30
2019-08-11 08:43:05.848 16392 RALLYDEBUG rally_openstack.wrappers.network [-] CIDR generated: 1.1.4.128/30
2019-08-11 08:43:05.856 16377 RALLYDEBUG rally_openstack.wrappers.network [-] CIDR generated: 1.1.4.132/30
2019-08-11 08:43:05.864 16386 RALLYDEBUG rally_openstack.wrappers.network [-] CIDR generated: 1.1.4.136/30
2019-08-11 08:43:05.960 16379 RALLYDEBUG rally_openstack.wrappers.network [-] CIDR generated: 1.1.4.140/30
2019-08-11 08:43:05.977 16378 RALLYDEBUG rally_openstack.wrappers.network [-] CIDR generated: 1.1.4.144/30
2019-08-11 08:43:05.978 16415 RALLYDEBUG rally_openstack.wrappers.network [-] CIDR generated: 1.1.4.148/30
2019-08-11 08:43:05.979 16404 RALLYDEBUG rally_openstack.wrappers.network [-] CIDR generated: 1.1.4.152/30
2019-08-11 08:43:06.047 16409 RALLYDEBUG rally_openstack.wrappers.network [-] CIDR generated: 1.1.4.156/30
2019-08-11 08:43:06.062 16424 RALLYDEBUG rally_openstack.wrappers.network [-] CIDR generated: 1.1.4.160/30
2019-08-11 08:43:06.150 16412 RALLYDEBUG rally_openstack.wrappers.network [-] CIDR generated: 1.1.4.164/30
2019-08-11 08:43:06.268 16418 RALLYDEBUG rally_openstack.wrappers.network [-] CIDR generated: 1.1.4.168/30
2019-08-11 08:43:06.448 16419 RALLYDEBUG rally_openstack.wrappers.network [-] CIDR generated: 1.1.4.172/30
2019-08-11 08:43:06.632 16379 RALLYDEBUG rally_openstack.wrappers.network [-] CIDR generated: 1.1.4.176/30
2019-08-11 08:43:06.881 16380 RALLYDEBUG rally_openstack.wrappers.network [-] CIDR generated: 1.1.4.180/30
2019-08-11 08:43:07.287 16419 RALLYDEBUG rally_openstack.wrappers.network [-] CIDR generated: 1.1.4.184/30
2019-08-11 08:43:07.374 16380 RALLYDEBUG rally_openstack.wrappers.network [-] CIDR generated: 1.1.4.188/30
2019-08-11 08:43:07.517 16378 RALLYDEBUG rally_openstack.wrappers.network [-] CIDR generated: 1.1.4.192/30
2019-08-11 08:43:07.585 16379 RALLYDEBUG rally_openstack.wrappers.network [-] CIDR generated: 1.1.4.196/30
2019-08-11 08:43:07.603 16409 RALLYDEBUG rally_openstack.wrappers.network [-] CIDR generated: 1.1.4.200/30
2019-08-11 08:43:07.632 16386 RALLYDEBUG rally_openstack.wrappers.network [-] CIDR generated: 1.1.4.204/30
2019-08-11 08:43:07.672 16381 RALLYDEBUG rally_openstack.wrappers.network [-] CIDR generated: 1.1.4.208/30
2019-08-11 08:43:07.700 16377 RALLYDEBUG rally_openstack.wrappers.network [-] CIDR generated: 1.1.4.212/30
2019-08-11 08:43:07.952 16378 RALLYDEBUG rally_openstack.wrappers.network [-] CIDR generated: 1.1.4.216/30
2019-08-11 08:43:08.020 16418 RALLYDEBUG rally_openstack.wrappers.network [-] CIDR generated: 1.1.4.220/30
2019-08-11 08:43:08.107 16404 RALLYDEBUG rally_openstack.wrappers.network [-] CIDR generated: 1.1.4.224/30
2019-08-11 08:43:08.338 16389 RALLYDEBUG rally_openstack.wrappers.network [-] CIDR generated: 1.1.4.228/30
2019-08-11 08:43:08.395 16399 RALLYDEBUG rally_openstack.wrappers.network [-] CIDR generated: 1.1.4.232/30
2019-08-11 08:43:08.412 16392 RALLYDEBUG rally_openstack.wrappers.network [-] CIDR generated: 1.1.4.236/30
2019-08-11 08:43:08.610 16377 RALLYDEBUG rally_openstack.wrappers.network [-] CIDR generated: 1.1.4.240/30
2019-08-11 08:43:08.723 16424 RALLYDEBUG rally_openstack.wrappers.network [-] CIDR generated: 1.1.4.244/30
2019-08-11 08:43:08.793 16415 RALLYDEBUG rally_openstack.wrappers.network [-] CIDR generated: 1.1.4.248/30
2019-08-11 08:43:09.029 16412 RALLYDEBUG rally_openstack.wrappers.network [-] CIDR generated: 1.1.4.252/30
2019-08-11 08:43:11.011 16419 INFO rally.task.runner [-] Task 5146d926-ba69-4159-8ac0-8f4a2a6b7e45 | ITER: 19 END: OK
2019-08-11 08:43:11.015 16419 INFO rally.task.runner [-] Task 5146d926-ba69-4159-8ac0-8f4a2a6b7e45 | ITER: 21 START
2019-08-11 08:43:11.016 16419 WARNING rally_openstack.scenarios.neutron.utils [-] Running this scenario without either the 'network' or 'existing_network' context is deprecated
2019-08-11 08:43:11.600 16419 RALLYDEBUG rally_openstack.wrappers.network [-] CIDR generated: 1.1.5.0/30
2019-08-11 08:43:12.057 16379 INFO rally.task.runner [-] Task 5146d926-ba69-4159-8ac0-8f4a2a6b7e45 | ITER: 4 END: OK
2019-08-11 08:43:12.061 16379 INFO rally.task.runner [-] Task 5146d926-ba69-4159-8ac0-8f4a2a6b7e45 | ITER: 22 START
2019-08-11 08:43:12.062 16379 WARNING rally_openstack.scenarios.neutron.utils [-] Running this scenario without either the 'network' or 'existing_network' context is deprecated
2019-08-11 08:43:12.334 16378 INFO rally.task.runner [-] Task 5146d926-ba69-4159-8ac0-8f4a2a6b7e45 | ITER: 5 END: OK
2019-08-11 08:43:12.339 16378 INFO rally.task.runner [-] Task 5146d926-ba69-4159-8ac0-8f4a2a6b7e45 | ITER: 23 START
2019-08-11 08:43:12.340 16378 WARNING rally_openstack.scenarios.neutron.utils [-] Running this scenario without either the 'network' or 'existing_network' context is deprecated
2019-08-11 08:43:12.671 16419 RALLYDEBUG rally_openstack.wrappers.network [-] CIDR generated: 1.1.5.4/30
2019-08-11 08:43:12.673 16379 RALLYDEBUG rally_openstack.wrappers.network [-] CIDR generated: 1.1.5.8/30
2019-08-11 08:43:12.687 16392 INFO rally.task.runner [-] Task 5146d926-ba69-4159-8ac0-8f4a2a6b7e45 | ITER: 12 END: OK
2019-08-11 08:43:12.691 16392 INFO rally.task.runner [-] Task 5146d926-ba69-4159-8ac0-8f4a2a6b7e45 | ITER: 24 START
2019-08-11 08:43:12.692 16392 WARNING rally_openstack.scenarios.neutron.utils [-] Running this scenario without either the 'network' or 'existing_network' context is deprecated
2019-08-11 08:43:12.700 16377 INFO rally.task.runner [-] Task 5146d926-ba69-4159-8ac0-8f4a2a6b7e45 | ITER: 3 END: OK
2019-08-11 08:43:12.704 16377 INFO rally.task.runner [-] Task 5146d926-ba69-4159-8ac0-8f4a2a6b7e45 | ITER: 25 START
2019-08-11 08:43:12.705 16377 WARNING rally_openstack.scenarios.neutron.utils [-] Running this scenario without either the 'network' or 'existing_network' context is deprecated
2019-08-11 08:43:12.765 16379 INFO rally.task.runner [-] Task 5146d926-ba69-4159-8ac0-8f4a2a6b7e45 | ITER: 7 END: OK
2019-08-11 08:43:12.767 16379 INFO rally.task.runner [-] Task 5146d926-ba69-4159-8ac0-8f4a2a6b7e45 | ITER: 26 START
2019-08-11 08:43:12.768 16379 WARNING rally_openstack.scenarios.neutron.utils [-] Running this scenario without either the 'network' or 'existing_network' context is deprecated
2019-08-11 08:43:12.881 16378 RALLYDEBUG rally_openstack.wrappers.network [-] CIDR generated: 1.1.5.12/30
2019-08-11 08:43:13.229 16381 INFO rally.task.runner [-] Task 5146d926-ba69-4159-8ac0-8f4a2a6b7e45 | ITER: 9 END: OK
2019-08-11 08:43:13.232 16381 INFO rally.task.runner [-] Task 5146d926-ba69-4159-8ac0-8f4a2a6b7e45 | ITER: 27 START
2019-08-11 08:43:13.233 16381 WARNING rally_openstack.scenarios.neutron.utils [-] Running this scenario without either the 'network' or 'existing_network' context is deprecated
2019-08-11 08:43:13.320 16392 RALLYDEBUG rally_openstack.wrappers.network [-] CIDR generated: 1.1.5.16/30
2019-08-11 08:43:13.414 16377 INFO rally.task.runner [-] Task 5146d926-ba69-4159-8ac0-8f4a2a6b7e45 | ITER: 1 END: OK
2019-08-11 08:43:13.417 16377 INFO rally.task.runner [-] Task 5146d926-ba69-4159-8ac0-8f4a2a6b7e45 | ITER: 28 START
2019-08-11 08:43:13.418 16377 WARNING rally_openstack.scenarios.neutron.utils [-] Running this scenario without either the 'network' or 'existing_network' context is deprecated
2019-08-11 08:43:13.523 16380 INFO rally.task.runner [-] Task 5146d926-ba69-4159-8ac0-8f4a2a6b7e45 | ITER: 6 END: OK
2019-08-11 08:43:13.527 16380 INFO rally.task.runner [-] Task 5146d926-ba69-4159-8ac0-8f4a2a6b7e45 | ITER: 29 START
2019-08-11 08:43:13.528 16380 WARNING rally_openstack.scenarios.neutron.utils [-] Running this scenario without either the 'network' or 'existing_network' context is deprecated
2019-08-11 08:43:13.878 16378 RALLYDEBUG rally_openstack.wrappers.network [-] CIDR generated: 1.1.5.20/30
2019-08-11 08:43:13.917 16418 INFO rally.task.runner [-] Task 5146d926-ba69-4159-8ac0-8f4a2a6b7e45 | ITER: 18 END: OK
2019-08-11 08:43:13.921 16418 INFO rally.task.runner [-] Task 5146d926-ba69-4159-8ac0-8f4a2a6b7e45 | ITER: 30 START
2019-08-11 08:43:13.922 16418 WARNING rally_openstack.scenarios.neutron.utils [-] Running this scenario without either the 'network' or 'existing_network' context is deprecated
2019-08-11 08:43:14.355 16377 RALLYDEBUG rally_openstack.wrappers.network [-] CIDR generated: 1.1.5.24/30
2019-08-11 08:43:14.387 16415 INFO rally.task.runner [-] Task 5146d926-ba69-4159-8ac0-8f4a2a6b7e45 | ITER: 17 END: OK
2019-08-11 08:43:14.390 16415 INFO rally.task.runner [-] Task 5146d926-ba69-4159-8ac0-8f4a2a6b7e45 | ITER: 31 START
2019-08-11 08:43:14.391 16415 WARNING rally_openstack.scenarios.neutron.utils [-] Running this scenario without either the 'network' or 'existing_network' context is deprecated
2019-08-11 08:43:14.456 16392 RALLYDEBUG rally_openstack.wrappers.network [-] CIDR generated: 1.1.5.28/30
2019-08-11 08:43:14.540 16418 RALLYDEBUG rally_openstack.wrappers.network [-] CIDR generated: 1.1.5.32/30
2019-08-11 08:43:14.810 16381 RALLYDEBUG rally_openstack.wrappers.network [-] CIDR generated: 1.1.5.36/30
2019-08-11 08:43:14.995 16377 RALLYDEBUG rally_openstack.wrappers.network [-] CIDR generated: 1.1.5.40/30
2019-08-11 08:43:15.046 16379 RALLYDEBUG rally_openstack.wrappers.network [-] CIDR generated: 1.1.5.44/30
2019-08-11 08:43:15.055 16415 RALLYDEBUG rally_openstack.wrappers.network [-] CIDR generated: 1.1.5.48/30
2019-08-11 08:43:15.130 16379 RALLYDEBUG rally_openstack.wrappers.network [-] CIDR generated: 1.1.5.52/30
2019-08-11 08:43:15.321 16412 INFO rally.task.runner [-] Task 5146d926-ba69-4159-8ac0-8f4a2a6b7e45 | ITER: 16 END: OK
2019-08-11 08:43:15.326 16412 INFO rally.task.runner [-] Task 5146d926-ba69-4159-8ac0-8f4a2a6b7e45 | ITER: 32 START
2019-08-11 08:43:15.327 16412 WARNING rally_openstack.scenarios.neutron.utils [-] Running this scenario without either the 'network' or 'existing_network' context is deprecated
2019-08-11 08:43:15.465 16404 INFO rally.task.runner [-] Task 5146d926-ba69-4159-8ac0-8f4a2a6b7e45 | ITER: 14 END: OK
2019-08-11 08:43:15.467 16404 INFO rally.task.runner [-] Task 5146d926-ba69-4159-8ac0-8f4a2a6b7e45 | ITER: 33 START
2019-08-11 08:43:15.467 16404 WARNING rally_openstack.scenarios.neutron.utils [-] Running this scenario without either the 'network' or 'existing_network' context is deprecated
2019-08-11 08:43:15.587 16380 RALLYDEBUG rally_openstack.wrappers.network [-] CIDR generated: 1.1.5.56/30
2019-08-11 08:43:16.052 16399 INFO rally.task.runner [-] Task 5146d926-ba69-4159-8ac0-8f4a2a6b7e45 | ITER: 13 END: OK
2019-08-11 08:43:16.055 16399 INFO rally.task.runner [-] Task 5146d926-ba69-4159-8ac0-8f4a2a6b7e45 | ITER: 34 START
2019-08-11 08:43:16.056 16399 WARNING rally_openstack.scenarios.neutron.utils [-] Running this scenario without either the 'network' or 'existing_network' context is deprecated
2019-08-11 08:43:16.291 16412 RALLYDEBUG rally_openstack.wrappers.network [-] CIDR generated: 1.1.5.60/30
2019-08-11 08:43:16.539 16415 RALLYDEBUG rally_openstack.wrappers.network [-] CIDR generated: 1.1.5.64/30
2019-08-11 08:43:16.565 16389 INFO rally.task.runner [-] Task 5146d926-ba69-4159-8ac0-8f4a2a6b7e45 | ITER: 11 END: OK
2019-08-11 08:43:16.570 16389 INFO rally.task.runner [-] Task 5146d926-ba69-4159-8ac0-8f4a2a6b7e45 | ITER: 35 START
2019-08-11 08:43:16.570 16389 WARNING rally_openstack.scenarios.neutron.utils [-] Running this scenario without either the 'network' or 'existing_network' context is deprecated
2019-08-11 08:43:16.603 16379 RALLYDEBUG rally_openstack.wrappers.network [-] CIDR generated: 1.1.5.68/30
2019-08-11 08:43:16.612 16399 RALLYDEBUG rally_openstack.wrappers.network [-] CIDR generated: 1.1.5.72/30
2019-08-11 08:43:16.686 16377 RALLYDEBUG rally_openstack.wrappers.network [-] CIDR generated: 1.1.5.76/30
2019-08-11 08:43:16.858 16377 RALLYDEBUG rally_openstack.wrappers.network [-] CIDR generated: 1.1.5.80/30
2019-08-11 08:43:17.028 16381 RALLYDEBUG rally_openstack.wrappers.network [-] CIDR generated: 1.1.5.84/30
2019-08-11 08:43:17.142 16389 RALLYDEBUG rally_openstack.wrappers.network [-] CIDR generated: 1.1.5.88/30
2019-08-11 08:43:17.388 16424 INFO rally.task.runner [-] Task 5146d926-ba69-4159-8ac0-8f4a2a6b7e45 | ITER: 20 END: OK
2019-08-11 08:43:17.393 16424 INFO rally.task.runner [-] Task 5146d926-ba69-4159-8ac0-8f4a2a6b7e45 | ITER: 36 START
2019-08-11 08:43:17.394 16424 WARNING rally_openstack.scenarios.neutron.utils [-] Running this scenario without either the 'network' or 'existing_network' context is deprecated
2019-08-11 08:43:17.578 16418 RALLYDEBUG rally_openstack.wrappers.network [-] CIDR generated: 1.1.5.92/30
2019-08-11 08:43:17.622 16404 RALLYDEBUG rally_openstack.wrappers.network [-] CIDR generated: 1.1.5.96/30
2019-08-11 08:43:17.670 16399 RALLYDEBUG rally_openstack.wrappers.network [-] CIDR generated: 1.1.5.100/30
2019-08-11 08:43:18.643 16409 INFO rally.task.runner [-] Task 5146d926-ba69-4159-8ac0-8f4a2a6b7e45 | ITER: 15 END: OK
2019-08-11 08:43:18.648 16409 INFO rally.task.runner [-] Task 5146d926-ba69-4159-8ac0-8f4a2a6b7e45 | ITER: 37 START
2019-08-11 08:43:18.648 16409 WARNING rally_openstack.scenarios.neutron.utils [-] Running this scenario without either the 'network' or 'existing_network' context is deprecated
2019-08-11 08:43:18.879 16378 INFO rally.task.runner [-] Task 5146d926-ba69-4159-8ac0-8f4a2a6b7e45 | ITER: 23 END: OK
2019-08-11 08:43:18.883 16378 INFO rally.task.runner [-] Task 5146d926-ba69-4159-8ac0-8f4a2a6b7e45 | ITER: 38 START
2019-08-11 08:43:18.884 16378 WARNING rally_openstack.scenarios.neutron.utils [-] Running this scenario without either the 'network' or 'existing_network' context is deprecated
2019-08-11 08:43:19.242 16424 RALLYDEBUG rally_openstack.wrappers.network [-] CIDR generated: 1.1.5.104/30
2019-08-11 08:43:19.357 16389 RALLYDEBUG rally_openstack.wrappers.network [-] CIDR generated: 1.1.5.108/30
2019-08-11 08:43:19.435 16412 RALLYDEBUG rally_openstack.wrappers.network [-] CIDR generated: 1.1.5.112/30
2019-08-11 08:43:19.516 16378 RALLYDEBUG rally_openstack.wrappers.network [-] CIDR generated: 1.1.5.116/30
2019-08-11 08:43:19.572 16409 RALLYDEBUG rally_openstack.wrappers.network [-] CIDR generated: 1.1.5.120/30
2019-08-11 08:43:19.653 16419 INFO rally.task.runner [-] Task 5146d926-ba69-4159-8ac0-8f4a2a6b7e45 | ITER: 21 END: OK
2019-08-11 08:43:19.657 16419 INFO rally.task.runner [-] Task 5146d926-ba69-4159-8ac0-8f4a2a6b7e45 | ITER: 39 START
2019-08-11 08:43:19.658 16419 WARNING rally_openstack.scenarios.neutron.utils [-] Running this scenario without either the 'network' or 'existing_network' context is deprecated
2019-08-11 08:43:20.118 16378 INFO rally.task.runner [-] Task 5146d926-ba69-4159-8ac0-8f4a2a6b7e45 | ITER: 2 END: OK
2019-08-11 08:43:20.122 16378 INFO rally.task.runner [-] Task 5146d926-ba69-4159-8ac0-8f4a2a6b7e45 | ITER: 40 START
2019-08-11 08:43:20.123 16378 WARNING rally_openstack.scenarios.neutron.utils [-] Running this scenario without either the 'network' or 'existing_network' context is deprecated
2019-08-11 08:43:20.560 16404 RALLYDEBUG rally_openstack.wrappers.network [-] CIDR generated: 1.1.5.124/30
2019-08-11 08:43:20.599 16380 RALLYDEBUG rally_openstack.wrappers.network [-] CIDR generated: 1.1.5.128/30
2019-08-11 08:43:20.691 16409 RALLYDEBUG rally_openstack.wrappers.network [-] CIDR generated: 1.1.5.132/30
2019-08-11 08:43:21.088 16419 RALLYDEBUG rally_openstack.wrappers.network [-] CIDR generated: 1.1.5.136/30
2019-08-11 08:43:21.277 16378 RALLYDEBUG rally_openstack.wrappers.network [-] CIDR generated: 1.1.5.140/30
2019-08-11 08:43:21.379 16392 INFO rally.task.runner [-] Task 5146d926-ba69-4159-8ac0-8f4a2a6b7e45 | ITER: 24 END: OK
2019-08-11 08:43:21.817 16386 INFO rally.task.runner [-] Task 5146d926-ba69-4159-8ac0-8f4a2a6b7e45 | ITER: 10 END: OK
2019-08-11 08:43:22.411 16379 INFO rally.task.runner [-] Task 5146d926-ba69-4159-8ac0-8f4a2a6b7e45 | ITER: 22 END: OK
2019-08-11 08:43:22.746 16380 INFO rally.task.runner [-] Task 5146d926-ba69-4159-8ac0-8f4a2a6b7e45 | ITER: 8 END: OK
2019-08-11 08:43:22.831 16377 INFO rally.task.runner [-] Task 5146d926-ba69-4159-8ac0-8f4a2a6b7e45 | ITER: 25 END: OK
2019-08-11 08:43:22.863 16378 RALLYDEBUG rally_openstack.wrappers.network [-] CIDR generated: 1.1.5.144/30
2019-08-11 08:43:23.017 16419 RALLYDEBUG rally_openstack.wrappers.network [-] CIDR generated: 1.1.5.148/30
2019-08-11 08:43:23.164 16399 INFO rally.task.runner [-] Task 5146d926-ba69-4159-8ac0-8f4a2a6b7e45 | ITER: 34 END: OK
2019-08-11 08:43:23.400 16424 RALLYDEBUG rally_openstack.wrappers.network [-] CIDR generated: 1.1.5.152/30
2019-08-11 08:43:23.467 16418 INFO rally.task.runner [-] Task 5146d926-ba69-4159-8ac0-8f4a2a6b7e45 | ITER: 30 END: OK
2019-08-11 08:43:23.518 16378 RALLYDEBUG rally_openstack.wrappers.network [-] CIDR generated: 1.1.5.156/30
2019-08-11 08:43:23.964 16415 INFO rally.task.runner [-] Task 5146d926-ba69-4159-8ac0-8f4a2a6b7e45 | ITER: 31 END: OK
2019-08-11 08:43:24.108 16377 INFO rally.task.runner [-] Task 5146d926-ba69-4159-8ac0-8f4a2a6b7e45 | ITER: 28 END: OK
2019-08-11 08:43:24.252 16404 INFO rally.task.runner [-] Task 5146d926-ba69-4159-8ac0-8f4a2a6b7e45 | ITER: 33 END: OK
2019-08-11 08:43:24.472 16381 INFO rally.task.runner [-] Task 5146d926-ba69-4159-8ac0-8f4a2a6b7e45 | ITER: 27 END: OK
2019-08-11 08:43:24.517 16379 INFO rally.task.runner [-] Task 5146d926-ba69-4159-8ac0-8f4a2a6b7e45 | ITER: 26 END: OK
2019-08-11 08:43:25.006 16412 INFO rally.task.runner [-] Task 5146d926-ba69-4159-8ac0-8f4a2a6b7e45 | ITER: 32 END: OK
2019-08-11 08:43:25.279 16389 INFO rally.task.runner [-] Task 5146d926-ba69-4159-8ac0-8f4a2a6b7e45 | ITER: 35 END: OK
2019-08-11 08:43:26.055 16380 INFO rally.task.runner [-] Task 5146d926-ba69-4159-8ac0-8f4a2a6b7e45 | ITER: 29 END: OK
2019-08-11 08:43:26.137 16409 INFO rally.task.runner [-] Task 5146d926-ba69-4159-8ac0-8f4a2a6b7e45 | ITER: 37 END: OK
2019-08-11 08:43:26.904 16378 INFO rally.task.runner [-] Task 5146d926-ba69-4159-8ac0-8f4a2a6b7e45 | ITER: 40 END: OK
2019-08-11 08:43:26.976 16378 INFO rally.task.runner [-] Task 5146d926-ba69-4159-8ac0-8f4a2a6b7e45 | ITER: 38 END: OK
2019-08-11 08:43:27.781 16419 INFO rally.task.runner [-] Task 5146d926-ba69-4159-8ac0-8f4a2a6b7e45 | ITER: 39 END: OK
2019-08-11 08:43:27.994 16424 INFO rally.task.runner [-] Task 5146d926-ba69-4159-8ac0-8f4a2a6b7e45 | ITER: 36 END: OK
2019-08-11 08:43:28.021 14283 INFO rally.task.context [-] Task 5146d926-ba69-4159-8ac0-8f4a2a6b7e45 | Context cleanup@openstack cleanup() started
2019-08-11 08:43:28.024 14283 RALLYDEBUG rally_openstack.cleanup.manager [-] Cleaning up neutron vip objects
2019-08-11 08:43:28.427 14283 RALLYDEBUG rally_openstack.cleanup.manager [-] Cleaning up neutron health_monitor objects
2019-08-11 08:43:28.821 14283 RALLYDEBUG rally_openstack.cleanup.manager [-] Cleaning up neutron pool objects
2019-08-11 08:43:29.227 14283 RALLYDEBUG rally_openstack.cleanup.manager [-] Cleaning up neutron loadbalancer objects
2019-08-11 08:43:29.620 14283 RALLYDEBUG rally_openstack.cleanup.manager [-] Cleaning up neutron floatingip objects
2019-08-11 08:43:30.065 14283 RALLYDEBUG rally_openstack.cleanup.manager [-] Cleaning up neutron port objects
2019-08-11 08:43:30.575 14283 RALLYDEBUG rally_openstack.cleanup.manager [-] Cleaning up neutron subnet objects
2019-08-11 08:43:31.034 14283 RALLYDEBUG rally_openstack.cleanup.manager [-] Cleaning up neutron network objects
2019-08-11 08:43:31.606 14283 RALLYDEBUG rally_openstack.cleanup.manager [-] Deleting neutron.network object s_rally_3f508e4f_9GFN2Rj4 (0df29385-9364-40f2-92a0-013c28ee19c7)
2019-08-11 08:43:31.617 14283 RALLYDEBUG rally_openstack.cleanup.manager [-] Deleting neutron.network object s_rally_3f508e4f_s06E42sP (112db113-ee00-4ee1-a636-f27dcb14e292)
2019-08-11 08:43:31.628 14283 RALLYDEBUG rally_openstack.cleanup.manager [-] Deleting neutron.network object s_rally_3f508e4f_JAh7NYRn (20f3530c-1d76-4248-9050-ebee2e344008)
2019-08-11 08:43:31.631 14283 RALLYDEBUG rally_openstack.cleanup.manager [-] Deleting neutron.network object s_rally_3f508e4f_7HB1cRm2 (26dd6e69-2480-4b07-a5ee-4c011c1956de)
2019-08-11 08:43:31.639 14283 RALLYDEBUG rally_openstack.cleanup.manager [-] Deleting neutron.network object s_rally_3f508e4f_fq2eu5Xb (2deda59b-8b01-4deb-8dc8-b508f98ca27d)
2019-08-11 08:43:31.643 14283 RALLYDEBUG rally_openstack.cleanup.manager [-] Deleting neutron.network object s_rally_3f508e4f_ApFTlZiI (2922046c-c150-4924-ba16-b530400343bb)
2019-08-11 08:43:31.664 14283 RALLYDEBUG rally_openstack.cleanup.manager [-] Deleting neutron.network object s_rally_3f508e4f_L2sMihnJ (4887a586-2b65-46c2-bd90-8cda9edb349f)
2019-08-11 08:43:31.703 14283 RALLYDEBUG rally_openstack.cleanup.manager [-] Deleting neutron.network object s_rally_3f508e4f_qrjZRJDM (5403a188-7eaf-4cfb-8c75-510264f7c246)
2019-08-11 08:43:31.705 14283 RALLYDEBUG rally_openstack.cleanup.manager [-] Deleting neutron.network object s_rally_3f508e4f_9PD3x14K (4351218f-1e82-4bfd-b62f-363121f4727e)
2019-08-11 08:43:31.712 14283 RALLYDEBUG rally_openstack.cleanup.manager [-] Deleting neutron.network object s_rally_3f508e4f_HeDh16GO (4e8bf23e-9772-4205-a35e-451c80d639cd)
2019-08-11 08:43:31.750 14283 RALLYDEBUG rally_openstack.cleanup.manager [-] Deleting neutron.network object s_rally_3f508e4f_H0H9YFnk (50f3229e-da8e-4d57-b1f4-a235f32897e4)
2019-08-11 08:43:31.766 14283 RALLYDEBUG rally_openstack.cleanup.manager [-] Deleting neutron.network object s_rally_3f508e4f_1mcNo6u3 (5d3a3c38-cf1e-46e5-a108-b817582ce3cd)
2019-08-11 08:43:31.778 14283 RALLYDEBUG rally_openstack.cleanup.manager [-] Deleting neutron.network object s_rally_3f508e4f_k9tdSDXq (68fc845b-bd84-42d9-b88c-2456416e14d8)
2019-08-11 08:43:31.792 14283 RALLYDEBUG rally_openstack.cleanup.manager [-] Deleting neutron.network object s_rally_3f508e4f_Rkb57bev (6b589874-1a2b-427c-b3c1-173d99970351)
2019-08-11 08:43:31.797 14283 RALLYDEBUG rally_openstack.cleanup.manager [-] Deleting neutron.network object s_rally_3f508e4f_h5oSK4J8 (6d9e0360-f7d8-418c-a3ca-62db8b03ad09)
2019-08-11 08:43:31.879 14283 RALLYDEBUG rally_openstack.cleanup.manager [-] Deleting neutron.network object s_rally_3f508e4f_QOj7okvH (7417a9c8-0190-4f62-b168-23fad0248c4d)
2019-08-11 08:43:31.881 14283 RALLYDEBUG rally_openstack.cleanup.manager [-] Deleting neutron.network object s_rally_3f508e4f_GEUViySK (771c106e-cb9d-4895-b4c7-72f29041b7da)
2019-08-11 08:43:31.896 14283 RALLYDEBUG rally_openstack.cleanup.manager [-] Deleting neutron.network object s_rally_3f508e4f_1JIRfd10 (5c5472a4-0545-4e1e-8225-240951c04481)
2019-08-11 08:43:31.935 14283 RALLYDEBUG rally_openstack.cleanup.manager [-] Deleting neutron.network object s_rally_3f508e4f_T0tFji4N (80deeee0-0181-4160-b73f-9646b80effca)
2019-08-11 08:43:31.946 14283 RALLYDEBUG rally_openstack.cleanup.manager [-] Deleting neutron.network object s_rally_3f508e4f_aam8muSf (7f2bcf60-2da3-42bc-88b7-4938d7398d3f)
2019-08-11 08:43:34.067 14283 RALLYDEBUG rally_openstack.cleanup.manager [-] Deleting neutron.network object s_rally_3f508e4f_QTQo80iB (84dad1dd-be33-44eb-b915-977d20fd7a81)
2019-08-11 08:43:34.367 14283 RALLYDEBUG rally_openstack.cleanup.manager [-] Deleting neutron.network object s_rally_3f508e4f_vMIfe41O (a0bfb132-a93f-4caf-8e91-a83cf52b11a3)
2019-08-11 08:43:34.452 14283 RALLYDEBUG rally_openstack.cleanup.manager [-] Deleting neutron.network object s_rally_3f508e4f_wqoKOktv (a93d8510-f6c7-4e30-9214-4bf450580c1a)
2019-08-11 08:43:34.481 14283 RALLYDEBUG rally_openstack.cleanup.manager [-] Deleting neutron.network object s_rally_3f508e4f_HskR5tvx (ada1e5ff-09b0-4cf5-8395-cca2502e27a0)
2019-08-11 08:43:34.647 14283 RALLYDEBUG rally_openstack.cleanup.manager [-] Deleting neutron.network object s_rally_3f508e4f_dmDLQoeI (b4c568af-0871-4798-9cd1-4c675cb2fa55)
2019-08-11 08:43:34.667 14283 RALLYDEBUG rally_openstack.cleanup.manager [-] Deleting neutron.network object s_rally_3f508e4f_hSRWQ8x8 (cc057126-6055-4916-9551-aa38f389418a)
2019-08-11 08:43:34.815 14283 RALLYDEBUG rally_openstack.cleanup.manager [-] Deleting neutron.network object s_rally_3f508e4f_9hFZ6pER (cd0af486-f878-4468-b626-4ab3e28abd6c)
2019-08-11 08:43:34.830 14283 RALLYDEBUG rally_openstack.cleanup.manager [-] Deleting neutron.network object s_rally_3f508e4f_nx5RkS4g (d0d1f512-a795-40a3-b830-357f199fd46a)
2019-08-11 08:43:34.848 14283 RALLYDEBUG rally_openstack.cleanup.manager [-] Deleting neutron.network object s_rally_3f508e4f_0UzIGa5q (dd54f8be-b210-4565-9051-a50470a681ec)
2019-08-11 08:43:35.019 14283 RALLYDEBUG rally_openstack.cleanup.manager [-] Deleting neutron.network object s_rally_3f508e4f_vnBTKfUe (ded41366-2ad7-45e1-ac8f-d78b6eb20667)
2019-08-11 08:43:35.072 14283 RALLYDEBUG rally_openstack.cleanup.manager [-] Deleting neutron.network object s_rally_3f508e4f_eUZ2TPDK (ded9e70c-ea4d-4ab2-a535-a8d8a1070d67)
2019-08-11 08:43:35.094 14283 RALLYDEBUG rally_openstack.cleanup.manager [-] Deleting neutron.network object s_rally_3f508e4f_ydlqrYIB (e155154a-b4ee-47b2-aa1b-e37e3fbd0b23)
2019-08-11 08:43:35.102 14283 RALLYDEBUG rally_openstack.cleanup.manager [-] Deleting neutron.network object s_rally_3f508e4f_O6yNhCtc (e1a959c9-2a36-4a64-85ab-49ac18d67073)
2019-08-11 08:43:35.117 14283 RALLYDEBUG rally_openstack.cleanup.manager [-] Deleting neutron.network object s_rally_3f508e4f_acm4Z9RO (e366de49-8914-432f-aadd-9f86d4db9243)
2019-08-11 08:43:36.047 14283 RALLYDEBUG rally_openstack.cleanup.manager [-] Deleting neutron.network object s_rally_3f508e4f_h83W9O1Q (e81f2d34-d789-42ca-ac84-e950398d8776)
2019-08-11 08:43:36.059 14283 RALLYDEBUG rally_openstack.cleanup.manager [-] Deleting neutron.network object s_rally_3f508e4f_GCC8mBco (e912f2de-7644-4e10-9039-d3e317250a28)
2019-08-11 08:43:36.125 14283 RALLYDEBUG rally_openstack.cleanup.manager [-] Deleting neutron.network object s_rally_3f508e4f_hyvD9yAn (f9dc13ab-e734-47b7-9585-72de1987eb75)
2019-08-11 08:43:36.369 14283 RALLYDEBUG rally_openstack.cleanup.manager [-] Deleting neutron.network object s_rally_3f508e4f_sdYiHAhH (f9e0b412-6154-45af-8047-665e7d52dedd)
2019-08-11 08:43:36.391 14283 RALLYDEBUG rally_openstack.cleanup.manager [-] Deleting neutron.network object s_rally_3f508e4f_VTStUuHa (fc5f5c1d-2e5d-462d-a330-8162d91f0dd3)
2019-08-11 08:43:36.604 14283 RALLYDEBUG rally_openstack.cleanup.manager [-] Deleting neutron.network object s_rally_3f508e4f_jiXKt2ko (fe16f012-6552-4853-9594-a3a76f8327bb)
2019-08-11 08:43:39.082 14283 RALLYDEBUG rally_openstack.cleanup.manager [-] Cleaning up neutron router objects
2019-08-11 08:43:39.834 14283 RALLYDEBUG rally_openstack.cleanup.manager [-] Cleaning up neutron security_group objects
2019-08-11 08:43:40.274 14283 INFO rally.task.context [-] Task 5146d926-ba69-4159-8ac0-8f4a2a6b7e45 | Context cleanup@openstack cleanup() finished in 12.25 sec
2019-08-11 08:43:40.275 14283 INFO rally.task.context [-] Task 5146d926-ba69-4159-8ac0-8f4a2a6b7e45 | Context quotas@openstack cleanup() started
2019-08-11 08:43:40.353 14283 INFO rally.task.context [-] Task 5146d926-ba69-4159-8ac0-8f4a2a6b7e45 | Context quotas@openstack cleanup() finished in 78.23 msec
2019-08-11 08:43:40.353 14283 INFO rally.task.context [-] Task 5146d926-ba69-4159-8ac0-8f4a2a6b7e45 | Context users@openstack cleanup() started
2019-08-11 08:43:43.114 14283 INFO rally.task.context [-] Task 5146d926-ba69-4159-8ac0-8f4a2a6b7e45 | Context users@openstack cleanup() finished in 2.76 sec
2019-08-11 08:43:44.127 14283 INFO rally.task.engine [-] Load duration is: 23.157725
2019-08-11 08:43:44.128 14283 INFO rally.task.engine [-] Full runner duration is: 23.210596
2019-08-11 08:43:44.128 14283 INFO rally.task.engine [-] Full duration is: 41.226002
2019-08-11 08:43:44.533 14283 INFO rally.task.engine [-] Running workload: position = 0 config = { "version": 2, "title": "A cropped version of a bigger task.", "description": "Auto-generated task from a single workload (uuid=95c9df61-6b82-4566-8f3d-d658a66f7a83)", "subtasks": [ { "title": "NeutronNetworks.create_and_list_routers", "description": "Create and a given number of routers and list all routers.", "scenario": { "NeutronNetworks.create_and_list_routers": { "network_create_args": null, "subnet_create_args": null, "subnet_cidr_start": "1.1.0.0/30", "subnets_per_network": 2, "router_create_args": null } }, "contexts": { "users": { "tenants": 1, "users_per_tenant": 1 }, "quotas": { "neutron": { "network": -1, "subnet": -1, "router": -1 } } }, "runner": { "constant": { "times": 40, "concurrency": 20 } }, "hooks": [], "sla": { "failure_rate": { "max": 0 } } } ] }
2019-08-11 08:43:44.560 14283 RALLYDEBUG rally_openstack.contexts.keystone.users [-] Creating 1 tenants using 20 threads
2019-08-11 08:43:45.504 14283 RALLYDEBUG rally_openstack.contexts.keystone.users [-] Creating 1 users using 20 threads
2019-08-11 08:43:46.892 14283 INFO rally.task.context [-] Task 5146d926-ba69-4159-8ac0-8f4a2a6b7e45 | Context users@openstack setup() finished in 2.33 sec
2019-08-11 08:43:47.437 14283 INFO rally.task.context [-] Task 5146d926-ba69-4159-8ac0-8f4a2a6b7e45 | Context quotas@openstack setup() finished in 0.54 sec
2019-08-11 08:43:47.437 14283 INFO rally.task.context [-] Task 5146d926-ba69-4159-8ac0-8f4a2a6b7e45 | Context cleanup@openstack setup() finished in 0.01 msec
2019-08-11 08:43:47.445 14283 RALLYDEBUG rally.task.runner [-] Starting the constant runner (task UUID: 5146d926-ba69-4159-8ac0-8f4a2a6b7e45). timeout: 0 concurrency: 20 concurrency_per_worker: 1 times: 40 concurrency_overhead: 4 processes_to_start: 16 max_cpu_used: 16
2019-08-11 08:43:47.460 16747 RALLYDEBUG rally.task.runner [-] Starting a worker. concurrency: 2 args: {"network_create_args": null, "subnet_create_args": null, "subnet_cidr_start": "1.1.0.0/30", "subnets_per_network": 2, "router_create_args": null} times: 40 method_name: run timeout: 0 duration: None cls:
2019-08-11 08:43:47.462 16748 RALLYDEBUG rally.task.runner [-] Starting a worker. concurrency: 2 args: {"network_create_args": null, "subnet_create_args": null, "subnet_cidr_start": "1.1.0.0/30", "subnets_per_network": 2, "router_create_args": null} times: 40 method_name: run timeout: 0 duration: None cls:
2019-08-11 08:43:47.466 16749 RALLYDEBUG rally.task.runner [-] Starting a worker. concurrency: 2 args: {"network_create_args": null, "subnet_create_args": null, "subnet_cidr_start": "1.1.0.0/30", "subnets_per_network": 2, "router_create_args": null} times: 40 method_name: run timeout: 0 duration: None cls:
2019-08-11 08:43:47.469 16750 RALLYDEBUG rally.task.runner [-] Starting a worker. concurrency: 2 args: {"network_create_args": null, "subnet_create_args": null, "subnet_cidr_start": "1.1.0.0/30", "subnets_per_network": 2, "router_create_args": null} times: 40 method_name: run timeout: 0 duration: None cls:
2019-08-11 08:43:47.470 16748 INFO rally.task.runner [-] Task 5146d926-ba69-4159-8ac0-8f4a2a6b7e45 | ITER: 2 START
2019-08-11 08:43:47.469 16747 INFO rally.task.runner [-] Task 5146d926-ba69-4159-8ac0-8f4a2a6b7e45 | ITER: 1 START
2019-08-11 08:43:47.473 16751 RALLYDEBUG rally.task.runner [-] Starting a worker. concurrency: 1 args: {"network_create_args": null, "subnet_create_args": null, "subnet_cidr_start": "1.1.0.0/30", "subnets_per_network": 2, "router_create_args": null} times: 40 method_name: run timeout: 0 duration: None cls:
2019-08-11 08:43:47.477 16749 INFO rally.task.runner [-] Task 5146d926-ba69-4159-8ac0-8f4a2a6b7e45 | ITER: 4 START
2019-08-11 08:43:47.478 16759 RALLYDEBUG rally.task.runner [-] Starting a worker. concurrency: 1 args: {"network_create_args": null, "subnet_create_args": null, "subnet_cidr_start": "1.1.0.0/30", "subnets_per_network": 2, "router_create_args": null} times: 40 method_name: run timeout: 0 duration: None cls:
2019-08-11 08:43:47.479 16751 INFO rally.task.runner [-] Task 5146d926-ba69-4159-8ac0-8f4a2a6b7e45 | ITER: 8 START
2019-08-11 08:43:47.479 16750 INFO rally.task.runner [-] Task 5146d926-ba69-4159-8ac0-8f4a2a6b7e45 | ITER: 6 START
2019-08-11 08:43:47.479 16755 RALLYDEBUG rally.task.runner [-] Starting a worker. concurrency: 1 args: {"network_create_args": null, "subnet_create_args": null, "subnet_cidr_start": "1.1.0.0/30", "subnets_per_network": 2, "router_create_args": null} times: 40 method_name: run timeout: 0 duration: None cls:
2019-08-11 08:43:47.480 16747 INFO rally.task.runner [-] Task 5146d926-ba69-4159-8ac0-8f4a2a6b7e45 | ITER: 3 START
2019-08-11 08:43:47.483 16750 INFO rally.task.runner [-] Task 5146d926-ba69-4159-8ac0-8f4a2a6b7e45 | ITER: 9 START
2019-08-11 08:43:47.484 16764 RALLYDEBUG rally.task.runner [-] Starting a worker. concurrency: 1 args: {"network_create_args": null, "subnet_create_args": null, "subnet_cidr_start": "1.1.0.0/30", "subnets_per_network": 2, "router_create_args": null} times: 40 method_name: run timeout: 0 duration: None cls:
2019-08-11 08:43:47.487 16759 INFO rally.task.runner [-] Task 5146d926-ba69-4159-8ac0-8f4a2a6b7e45 | ITER: 10 START
2019-08-11 08:43:47.488 16755 INFO rally.task.runner [-] Task 5146d926-ba69-4159-8ac0-8f4a2a6b7e45 | ITER: 11 START
2019-08-11 08:43:47.486 16749 INFO rally.task.runner [-] Task 5146d926-ba69-4159-8ac0-8f4a2a6b7e45 | ITER: 7 START
2019-08-11 08:43:47.489 16768 RALLYDEBUG rally.task.runner [-] Starting a worker. concurrency: 1 args: {"network_create_args": null, "subnet_create_args": null, "subnet_cidr_start": "1.1.0.0/30", "subnets_per_network": 2, "router_create_args": null} times: 40 method_name: run timeout: 0 duration: None cls:
2019-08-11 08:43:47.490 16748 INFO rally.task.runner [-] Task 5146d926-ba69-4159-8ac0-8f4a2a6b7e45 | ITER: 5 START
2019-08-11 08:43:47.492 16771 RALLYDEBUG rally.task.runner [-] Starting a worker. concurrency: 1 args: {"network_create_args": null, "subnet_create_args": null, "subnet_cidr_start": "1.1.0.0/30", "subnets_per_network": 2, "router_create_args": null} times: 40 method_name: run timeout: 0 duration: None cls:
2019-08-11 08:43:47.493 16764 INFO rally.task.runner [-] Task 5146d926-ba69-4159-8ac0-8f4a2a6b7e45 | ITER: 12 START
2019-08-11 08:43:47.499 16768 INFO rally.task.runner [-] Task 5146d926-ba69-4159-8ac0-8f4a2a6b7e45 | ITER: 13 START
2019-08-11 08:43:47.498 16774 RALLYDEBUG rally.task.runner [-] Starting a worker. concurrency: 1 args: {"network_create_args": null, "subnet_create_args": null, "subnet_cidr_start": "1.1.0.0/30", "subnets_per_network": 2, "router_create_args": null} times: 40 method_name: run timeout: 0 duration: None cls:
2019-08-11 08:43:47.502 16779 RALLYDEBUG rally.task.runner [-] Starting a worker. concurrency: 1 args: {"network_create_args": null, "subnet_create_args": null, "subnet_cidr_start": "1.1.0.0/30", "subnets_per_network": 2, "router_create_args": null} times: 40 method_name: run timeout: 0 duration: None cls:
2019-08-11 08:43:47.503 16771 INFO rally.task.runner [-] Task 5146d926-ba69-4159-8ac0-8f4a2a6b7e45 | ITER: 14 START
2019-08-11 08:43:47.506 16774 INFO rally.task.runner [-] Task 5146d926-ba69-4159-8ac0-8f4a2a6b7e45 | ITER: 15 START
2019-08-11 08:43:47.507 16779 INFO rally.task.runner [-] Task 5146d926-ba69-4159-8ac0-8f4a2a6b7e45 | ITER: 16 START
2019-08-11 08:43:47.523 16787 RALLYDEBUG rally.task.runner [-] Starting a worker. concurrency: 1 args: {"network_create_args": null, "subnet_create_args": null, "subnet_cidr_start": "1.1.0.0/30", "subnets_per_network": 2, "router_create_args": null} times: 40 method_name: run timeout: 0 duration: None cls:
2019-08-11 08:43:47.530 16787 INFO rally.task.runner [-] Task 5146d926-ba69-4159-8ac0-8f4a2a6b7e45 | ITER: 17 START
2019-08-11 08:43:47.530 16789 RALLYDEBUG rally.task.runner [-] Starting a worker. concurrency: 1 args: {"network_create_args": null, "subnet_create_args": null, "subnet_cidr_start": "1.1.0.0/30", "subnets_per_network": 2, "router_create_args": null} times: 40 method_name: run timeout: 0 duration: None cls:
2019-08-11 08:43:47.531 16788 RALLYDEBUG rally.task.runner [-] Starting a worker. concurrency: 1 args: {"network_create_args": null, "subnet_create_args": null, "subnet_cidr_start": "1.1.0.0/30", "subnets_per_network": 2, "router_create_args": null} times: 40 method_name: run timeout: 0 duration: None cls:
2019-08-11 08:43:47.535 16789 INFO rally.task.runner [-] Task 5146d926-ba69-4159-8ac0-8f4a2a6b7e45 | ITER: 18 START
2019-08-11 08:43:47.535 16790 RALLYDEBUG rally.task.runner [-] Starting a worker. concurrency: 1 args: {"network_create_args": null, "subnet_create_args": null, "subnet_cidr_start": "1.1.0.0/30", "subnets_per_network": 2, "router_create_args": null} times: 40 method_name: run timeout: 0 duration: None cls:
2019-08-11 08:43:47.537 16788 INFO rally.task.runner [-] Task 5146d926-ba69-4159-8ac0-8f4a2a6b7e45 | ITER: 19 START
2019-08-11 08:43:47.539 16790 INFO rally.task.runner [-] Task 5146d926-ba69-4159-8ac0-8f4a2a6b7e45 | ITER: 20 START
2019-08-11 08:43:48.362 16764 RALLYDEBUG rally_openstack.wrappers.network [-] CIDR generated: 1.1.5.160/30
2019-08-11 08:43:48.375 16747 RALLYDEBUG rally_openstack.wrappers.network [-] CIDR generated: 1.1.5.164/30
2019-08-11 08:43:48.451 16749 RALLYDEBUG rally_openstack.wrappers.network [-] CIDR generated: 1.1.5.168/30
2019-08-11 08:43:48.475 16747 RALLYDEBUG rally_openstack.wrappers.network [-] CIDR generated: 1.1.5.172/30
2019-08-11 08:43:48.512 16748 RALLYDEBUG rally_openstack.wrappers.network [-] CIDR generated: 1.1.5.176/30
2019-08-11 08:43:48.525 16749 RALLYDEBUG rally_openstack.wrappers.network [-] CIDR generated: 1.1.5.180/30
2019-08-11 08:43:48.570 16750 RALLYDEBUG rally_openstack.wrappers.network [-] CIDR generated: 1.1.5.184/30
2019-08-11 08:43:48.593 16750 RALLYDEBUG rally_openstack.wrappers.network [-] CIDR generated: 1.1.5.188/30
2019-08-11 08:43:48.603 16771 RALLYDEBUG rally_openstack.wrappers.network [-] CIDR generated: 1.1.5.192/30
2019-08-11 08:43:48.627 16774 RALLYDEBUG rally_openstack.wrappers.network [-] CIDR generated: 1.1.5.196/30
2019-08-11 08:43:48.655 16779 RALLYDEBUG rally_openstack.wrappers.network [-] CIDR generated: 1.1.5.200/30
2019-08-11 08:43:48.661 16768 RALLYDEBUG rally_openstack.wrappers.network [-] CIDR generated: 1.1.5.204/30
2019-08-11 08:43:48.673 16748 RALLYDEBUG rally_openstack.wrappers.network [-] CIDR generated: 1.1.5.208/30
2019-08-11 08:43:48.674 16755 RALLYDEBUG rally_openstack.wrappers.network [-] CIDR generated: 1.1.5.212/30
2019-08-11 08:43:48.696 16788 RALLYDEBUG rally_openstack.wrappers.network [-] CIDR generated: 1.1.5.216/30
2019-08-11 08:43:48.748 16759 RALLYDEBUG rally_openstack.wrappers.network [-] CIDR generated: 1.1.5.220/30
2019-08-11 08:43:48.856 16787 RALLYDEBUG rally_openstack.wrappers.network [-] CIDR generated: 1.1.5.224/30
2019-08-11 08:43:48.878 16751 RALLYDEBUG rally_openstack.wrappers.network [-] CIDR generated: 1.1.5.228/30
2019-08-11 08:43:48.904 16790 RALLYDEBUG rally_openstack.wrappers.network [-] CIDR generated: 1.1.5.232/30
2019-08-11 08:43:48.969 16789 RALLYDEBUG rally_openstack.wrappers.network [-] CIDR generated: 1.1.5.236/30
2019-08-11 08:43:49.461 16750 RALLYDEBUG rally_openstack.wrappers.network [-] CIDR generated: 1.1.5.240/30
2019-08-11 08:43:49.521 16750 RALLYDEBUG rally_openstack.wrappers.network [-] CIDR generated: 1.1.5.244/30
2019-08-11 08:43:49.808 16751 RALLYDEBUG rally_openstack.wrappers.network [-] CIDR generated: 1.1.5.248/30
2019-08-11 08:43:49.860 16764 RALLYDEBUG rally_openstack.wrappers.network [-] CIDR generated: 1.1.5.252/30
2019-08-11 08:43:49.891 16748 RALLYDEBUG rally_openstack.wrappers.network [-] CIDR generated: 1.1.6.0/30
2019-08-11 08:43:49.936 16748 RALLYDEBUG rally_openstack.wrappers.network [-] CIDR generated: 1.1.6.4/30
2019-08-11 08:43:50.103 16787 RALLYDEBUG rally_openstack.wrappers.network [-] CIDR generated: 1.1.6.8/30
2019-08-11 08:43:50.147 16749 RALLYDEBUG rally_openstack.wrappers.network [-] CIDR generated: 1.1.6.12/30
2019-08-11 08:43:50.165 16749 RALLYDEBUG rally_openstack.wrappers.network [-] CIDR generated: 1.1.6.16/30
2019-08-11 08:43:50.546 16747 RALLYDEBUG rally_openstack.wrappers.network [-] CIDR generated: 1.1.6.20/30
2019-08-11 08:43:50.917 16774 RALLYDEBUG rally_openstack.wrappers.network [-] CIDR generated: 1.1.6.24/30
2019-08-11 08:43:51.413 16759 RALLYDEBUG rally_openstack.wrappers.network [-] CIDR generated: 1.1.6.28/30
2019-08-11 08:43:51.616 16747 RALLYDEBUG rally_openstack.wrappers.network [-] CIDR generated: 1.1.6.32/30
2019-08-11 08:43:51.669 16790 RALLYDEBUG rally_openstack.wrappers.network [-] CIDR generated: 1.1.6.36/30
2019-08-11 08:43:52.574 16768 RALLYDEBUG rally_openstack.wrappers.network [-] CIDR generated: 1.1.6.40/30
2019-08-11 08:43:52.650 16788 RALLYDEBUG rally_openstack.wrappers.network [-] CIDR generated: 1.1.6.44/30
2019-08-11 08:43:52.812 16771 RALLYDEBUG rally_openstack.wrappers.network [-] CIDR generated: 1.1.6.48/30
2019-08-11 08:43:53.093 16755 RALLYDEBUG rally_openstack.wrappers.network [-] CIDR generated: 1.1.6.52/30
2019-08-11 08:43:53.389 16779 RALLYDEBUG rally_openstack.wrappers.network [-] CIDR generated: 1.1.6.56/30
2019-08-11 08:43:54.253 16789 RALLYDEBUG rally_openstack.wrappers.network [-] CIDR generated: 1.1.6.60/30
2019-08-11 08:43:57.640 16750 INFO rally.task.runner [-] Task 5146d926-ba69-4159-8ac0-8f4a2a6b7e45 | ITER: 9 END: OK
2019-08-11 08:43:57.645 16750 INFO rally.task.runner [-] Task 5146d926-ba69-4159-8ac0-8f4a2a6b7e45 | ITER: 21 START
2019-08-11 08:43:58.313 16748 INFO rally.task.runner [-] Task 5146d926-ba69-4159-8ac0-8f4a2a6b7e45 | ITER: 2 END: OK
2019-08-11 08:43:58.317 16748 INFO rally.task.runner [-] Task 5146d926-ba69-4159-8ac0-8f4a2a6b7e45 | ITER: 22 START
2019-08-11 08:43:58.380 16750 RALLYDEBUG rally_openstack.wrappers.network [-] CIDR generated: 1.1.6.64/30
2019-08-11 08:43:58.837 16747 INFO rally.task.runner [-] Task 5146d926-ba69-4159-8ac0-8f4a2a6b7e45 | ITER: 1 END: OK
2019-08-11 08:43:58.841 16747 INFO rally.task.runner [-] Task 5146d926-ba69-4159-8ac0-8f4a2a6b7e45 | ITER: 23 START
2019-08-11 08:43:59.022 16748 RALLYDEBUG rally_openstack.wrappers.network [-] CIDR generated: 1.1.6.68/30
2019-08-11 08:43:59.491 16750 RALLYDEBUG rally_openstack.wrappers.network [-] CIDR generated: 1.1.6.72/30
2019-08-11 08:44:00.200 16747 RALLYDEBUG rally_openstack.wrappers.network [-] CIDR generated: 1.1.6.76/30
2019-08-11 08:44:00.238 16787 INFO rally.task.runner [-] Task 5146d926-ba69-4159-8ac0-8f4a2a6b7e45 | ITER: 17 END: OK
