2019-08-11 06:31:06.474 8 RALLYDEBUG rally.api [-] INFO logs from urllib3 and requests module are hide.
2019-08-11 06:31:06.474 8 RALLYDEBUG rally.api [-] urllib3 insecure warnings are hidden.
2019-08-11 06:31:06.474 8 RALLYDEBUG rally.api [-] ERROR log from boto module is hide.
2019-08-11 06:31:07.904 8 ERROR rally.cli.cliutils [-] Unexpected exception in CLI: DBRecordNotFound: Record for uuid or name is opnfv-rally not found in table envs
2019-08-11 06:31:07.904 8 ERROR rally.cli.cliutils
Traceback (most recent call last):
2019-08-11 06:31:07.904 8 ERROR rally.cli.cliutils
File "/usr/lib/python2.7/site-packages/rally/cli/cliutils.py", line 674, in run
2019-08-11 06:31:07.904 8 ERROR rally.cli.cliutils ret = fn(*fn_args, **fn_kwargs)
2019-08-11 06:31:07.904 8 ERROR rally.cli.cliutils File "", line 2, in destroy
2019-08-11 06:31:07.904 8 ERROR rally.cli.cliutils
File "/usr/lib/python2.7/site-packages/rally/cli/envutils.py", line 69, in default_from_global
2019-08-11 06:31:07.904 8 ERROR rally.cli.cliutils return f(*args, **kwargs)
2019-08-11 06:31:07.904 8 ERROR rally.cli.cliutils File "", line 2, in destroy
2019-08-11 06:31:07.904 8 ERROR rally.cli.cliutils
File "/usr/lib/python2.7/site-packages/rally/plugins/__init__.py", line 51, in ensure_plugins_are_loaded
2019-08-11 06:31:07.904 8 ERROR rally.cli.cliutils return f(*args, **kwargs)
2019-08-11 06:31:07.904 8 ERROR rally.cli.cliutils
File "/usr/lib/python2.7/site-packages/rally/cli/commands/deployment.py", line 140, in destroy
2019-08-11 06:31:07.904 8 ERROR rally.cli.cliutils api.deployment.destroy(deployment=deployment)
2019-08-11 06:31:07.904 8 ERROR rally.cli.cliutils
File "/usr/lib/python2.7/site-packages/rally/api.py", line 115, in destroy
2019-08-11 06:31:07.904 8 ERROR rally.cli.cliutils deploy = objects.Deployment.get(deployment)
2019-08-11 06:31:07.904 8 ERROR rally.cli.cliutils
File "/usr/lib/python2.7/site-packages/rally/common/objects/deploy.py", line 124, in get
2019-08-11 06:31:07.904 8 ERROR rally.cli.cliutils return Deployment(env_mgr.EnvManager.get(deploy))
2019-08-11 06:31:07.904 8 ERROR rally.cli.cliutils
File "/usr/lib/python2.7/site-packages/rally/env/env_mgr.py", line 212, in get
2019-08-11 06:31:07.904 8 ERROR rally.cli.cliutils return cls(db.env_get(uuid_or_name))
2019-08-11 06:31:07.904 8 ERROR rally.cli.cliutils
File "/usr/lib/python2.7/site-packages/rally/common/db/api.py", line 135, in wrapper
2019-08-11 06:31:07.904 8 ERROR rally.cli.cliutils result = f(session, *args, **kwargs)
2019-08-11 06:31:07.904 8 ERROR rally.cli.cliutils
File "/usr/lib/python2.7/site-packages/rally/common/db/api.py", line 521, in env_get
2019-08-11 06:31:07.904 8 ERROR rally.cli.cliutils criteria="uuid or name is %s" % uuid_or_name, table="envs")
2019-08-11 06:31:07.904 8 ERROR rally.cli.cliutils DBRecordNotFound: Record for uuid or name is opnfv-rally not found in table envs
2019-08-11 06:31:07.904 8 ERROR rally.cli.cliutils
2019-08-11 06:31:08.752 10 RALLYDEBUG rally.api [-] INFO logs from urllib3 and requests module are hide.
2019-08-11 06:31:08.752 10 RALLYDEBUG rally.api [-] urllib3 insecure warnings are hidden.
2019-08-11 06:31:08.752 10 RALLYDEBUG rally.api [-] ERROR log from boto module is hide.
2019-08-11 06:31:10.509 10 WARNING rally_openstack.platforms.existing [-] endpoint is deprecated and not used.
2019-08-11 06:31:11.590 12 RALLYDEBUG rally.api [-] INFO logs from urllib3 and requests module are hide.
2019-08-11 06:31:11.590 12 RALLYDEBUG rally.api [-] urllib3 insecure warnings are hidden.
2019-08-11 06:31:11.591 12 RALLYDEBUG rally.api [-] ERROR log from boto module is hide.
2019-08-11 06:31:14.894 15 RALLYDEBUG rally.api [-] INFO logs from urllib3 and requests module are hide.
2019-08-11 06:31:14.894 15 RALLYDEBUG rally.api [-] urllib3 insecure warnings are hidden.
2019-08-11 06:31:14.895 15 RALLYDEBUG rally.api [-] ERROR log from boto module is hide.
2019-08-11 06:31:16.117 17 RALLYDEBUG rally.api [-] INFO logs from urllib3 and requests module are hide.
2019-08-11 06:31:16.118 17 RALLYDEBUG rally.api [-] urllib3 insecure warnings are hidden.
2019-08-11 06:31:16.118 17 RALLYDEBUG rally.api [-] ERROR log from boto module is hide.
2019-08-11 06:31:17.799 17 INFO rally.task.engine [-] Task 03e6338b-af5f-45ff-a660-efcaea0fc0c8 | Starting: Task validation.
2019-08-11 06:31:17.853 17 INFO rally.task.engine [-] Task 03e6338b-af5f-45ff-a660-efcaea0fc0c8 | Starting: Task validation of syntax.
2019-08-11 06:31:17.942 17 INFO rally.task.engine [-] Task 03e6338b-af5f-45ff-a660-efcaea0fc0c8 | Completed: Task validation of syntax.
2019-08-11 06:31:17.943 17 INFO rally.task.engine [-] Task 03e6338b-af5f-45ff-a660-efcaea0fc0c8 | Starting: Task validation of required platforms.
2019-08-11 06:31:17.984 17 INFO rally.task.engine [-] Task 03e6338b-af5f-45ff-a660-efcaea0fc0c8 | Completed: Task validation of required platforms.
2019-08-11 06:31:17.984 17 INFO rally.task.engine [-] Task 03e6338b-af5f-45ff-a660-efcaea0fc0c8 | Starting: Task validation of semantic.
2019-08-11 06:31:17.984 17 INFO rally.task.engine [-] Check health of the environment 'be489feb-aba8-493d-92ad-c19c8483cbe2'.
2019-08-11 06:31:18.619 17 INFO rally.task.engine [-] Platform existing@openstack (available: True): OK!
2019-08-11 06:31:18.639 17 RALLYDEBUG rally_openstack.contexts.keystone.users [-] Creating 1 tenants using 20 threads
2019-08-11 06:31:19.582 17 RALLYDEBUG rally_openstack.contexts.keystone.users [-] Creating 1 users using 20 threads
2019-08-11 06:31:20.978 17 INFO rally.task.context [-] Task 03e6338b-af5f-45ff-a660-efcaea0fc0c8 | Context users@openstack setup() finished in 2.34 sec
2019-08-11 06:31:21.044 17 INFO rally.task.context [-] Task 03e6338b-af5f-45ff-a660-efcaea0fc0c8 | Context users@openstack cleanup() started
2019-08-11 06:31:24.623 17 INFO rally.task.context [-] Task 03e6338b-af5f-45ff-a660-efcaea0fc0c8 | Context users@openstack cleanup() finished in 3.58 sec
2019-08-11 06:31:24.624 17 INFO rally.task.engine [-] Task 03e6338b-af5f-45ff-a660-efcaea0fc0c8 | Completed: Task validation of semantic.
2019-08-11 06:31:24.624 17 INFO rally.task.engine [-] Task 03e6338b-af5f-45ff-a660-efcaea0fc0c8 | Completed: Task validation.
2019-08-11 06:31:24.624 17 INFO rally.api [-] Task 03e6338b-af5f-45ff-a660-efcaea0fc0c8 input file is valid.
2019-08-11 06:31:24.625 17 INFO rally.api [-] Run Task 03e6338b-af5f-45ff-a660-efcaea0fc0c8 against Deployment be489feb-aba8-493d-92ad-c19c8483cbe2
2019-08-11 06:31:24.625 17 INFO rally.task.engine [-] Task 03e6338b-af5f-45ff-a660-efcaea0fc0c8 | Starting: Running task.
2019-08-11 06:31:24.921 17 INFO rally.task.engine [-] Running workload: position = 0 config = { "version": 2, "title": "A cropped version of a bigger task.", "description": "Auto-generated task from a single workload (uuid=d6fb2897-1411-4b2c-857a-9b53ea67384d)", "subtasks": [ { "title": "Authenticate.keystone", "description": "Check Keystone Client.", "scenario": { "Authenticate.keystone": {} }, "contexts": { "users": { "tenants": 3, "users_per_tenant": 2 } }, "runner": { "constant": { "concurrency": 4, "times": 10 } }, "hooks": [], "sla": { "failure_rate": { "max": 0 } } } ] }
2019-08-11 06:31:24.944 17 RALLYDEBUG rally_openstack.contexts.keystone.users [-] Creating 3 tenants using 20 threads
2019-08-11 06:31:25.932 17 RALLYDEBUG rally_openstack.contexts.keystone.users [-] Creating 6 users using 20 threads
2019-08-11 06:31:27.905 17 INFO rally.task.context [-] Task 03e6338b-af5f-45ff-a660-efcaea0fc0c8 | Context users@openstack setup() finished in 2.96 sec
2019-08-11 06:31:27.914 17 RALLYDEBUG rally.task.runner [-] Starting the constant runner (task UUID: 03e6338b-af5f-45ff-a660-efcaea0fc0c8). timeout: 0 concurrency: 4 concurrency_per_worker: 1 times: 10 concurrency_overhead: 0 processes_to_start: 4 max_cpu_used: 16
2019-08-11 06:31:27.929 141 RALLYDEBUG rally.task.runner [-] Starting a worker. concurrency: 1 args: {} times: 10 method_name: run timeout: 0 duration: None cls:
2019-08-11 06:31:27.932 142 RALLYDEBUG rally.task.runner [-] Starting a worker. concurrency: 1 args: {} times: 10 method_name: run timeout: 0 duration: None cls:
2019-08-11 06:31:27.935 143 RALLYDEBUG rally.task.runner [-] Starting a worker. concurrency: 1 args: {} times: 10 method_name: run timeout: 0 duration: None cls:
2019-08-11 06:31:27.936 141 INFO rally.task.runner [-] Task 03e6338b-af5f-45ff-a660-efcaea0fc0c8 | ITER: 1 START
2019-08-11 06:31:27.938 142 INFO rally.task.runner [-] Task 03e6338b-af5f-45ff-a660-efcaea0fc0c8 | ITER: 2 START
2019-08-11 06:31:27.938 144 RALLYDEBUG rally.task.runner [-] Starting a worker. concurrency: 1 args: {} times: 10 method_name: run timeout: 0 duration: None cls:
2019-08-11 06:31:27.942 143 INFO rally.task.runner [-] Task 03e6338b-af5f-45ff-a660-efcaea0fc0c8 | ITER: 3 START
2019-08-11 06:31:27.944 144 INFO rally.task.runner [-] Task 03e6338b-af5f-45ff-a660-efcaea0fc0c8 | ITER: 4 START
2019-08-11 06:31:28.378 142 INFO rally.task.runner [-] Task 03e6338b-af5f-45ff-a660-efcaea0fc0c8 | ITER: 2 END: OK
2019-08-11 06:31:28.382 142 INFO rally.task.runner [-] Task 03e6338b-af5f-45ff-a660-efcaea0fc0c8 | ITER: 5 START
2019-08-11 06:31:28.392 143 INFO rally.task.runner [-] Task 03e6338b-af5f-45ff-a660-efcaea0fc0c8 | ITER: 3 END: OK
2019-08-11 06:31:28.396 141 INFO rally.task.runner [-] Task 03e6338b-af5f-45ff-a660-efcaea0fc0c8 | ITER: 1 END: OK
2019-08-11 06:31:28.397 143 INFO rally.task.runner [-] Task 03e6338b-af5f-45ff-a660-efcaea0fc0c8 | ITER: 6 START
2019-08-11 06:31:28.400 141 INFO rally.task.runner [-] Task 03e6338b-af5f-45ff-a660-efcaea0fc0c8 | ITER: 7 START
2019-08-11 06:31:28.435 144 INFO rally.task.runner [-] Task 03e6338b-af5f-45ff-a660-efcaea0fc0c8 | ITER: 4 END: OK
2019-08-11 06:31:28.439 144 INFO rally.task.runner [-] Task 03e6338b-af5f-45ff-a660-efcaea0fc0c8 | ITER: 8 START
2019-08-11 06:31:28.735 143 INFO rally.task.runner [-] Task 03e6338b-af5f-45ff-a660-efcaea0fc0c8 | ITER: 6 END: OK
2019-08-11 06:31:28.740 143 INFO rally.task.runner [-] Task 03e6338b-af5f-45ff-a660-efcaea0fc0c8 | ITER: 9 START
2019-08-11 06:31:28.786 144 INFO rally.task.runner [-] Task 03e6338b-af5f-45ff-a660-efcaea0fc0c8 | ITER: 8 END: OK
2019-08-11 06:31:28.790 144 INFO rally.task.runner [-] Task 03e6338b-af5f-45ff-a660-efcaea0fc0c8 | ITER: 10 START
2019-08-11 06:31:28.828 142 INFO rally.task.runner [-] Task 03e6338b-af5f-45ff-a660-efcaea0fc0c8 | ITER: 5 END: OK
2019-08-11 06:31:28.845 141 INFO rally.task.runner [-] Task 03e6338b-af5f-45ff-a660-efcaea0fc0c8 | ITER: 7 END: OK
2019-08-11 06:31:29.075 143 INFO rally.task.runner [-] Task 03e6338b-af5f-45ff-a660-efcaea0fc0c8 | ITER: 9 END: OK
2019-08-11 06:31:29.130 144 INFO rally.task.runner [-] Task 03e6338b-af5f-45ff-a660-efcaea0fc0c8 | ITER: 10 END: OK
2019-08-11 06:31:29.155 17 INFO rally.task.context [-] Task 03e6338b-af5f-45ff-a660-efcaea0fc0c8 | Context users@openstack cleanup() started
2019-08-11 06:31:34.803 17 INFO rally.task.context [-] Task 03e6338b-af5f-45ff-a660-efcaea0fc0c8 | Context users@openstack cleanup() finished in 5.65 sec
2019-08-11 06:31:35.012 17 INFO rally.task.engine [-] Load duration is: 1.191881
2019-08-11 06:31:35.012 17 INFO rally.task.engine [-] Full runner duration is: 1.242118
2019-08-11 06:31:35.012 17 INFO rally.task.engine [-] Full duration is: 9.864087
2019-08-11 06:31:35.299 17 INFO rally.task.engine [-] Running workload: position = 0 config = { "version": 2, "title": "A cropped version of a bigger task.", "description": "Auto-generated task from a single workload (uuid=ffb3b894-cfac-4506-bd90-4bd830ef8747)", "subtasks": [ { "title": "Authenticate.validate_cinder", "description": "Check Cinder Client to ensure validation of token.", "scenario": { "Authenticate.validate_cinder": { "repetitions": 2 } }, "contexts": { "users": { "tenants": 3, "users_per_tenant": 2 } }, "runner": { "constant": { "concurrency": 4, "times": 10 } }, "hooks": [], "sla": { "failure_rate": { "max": 0 } } } ] }
2019-08-11 06:31:35.327 17 RALLYDEBUG rally_openstack.contexts.keystone.users [-] Creating 3 tenants using 20 threads
2019-08-11 06:31:36.351 17 RALLYDEBUG rally_openstack.contexts.keystone.users [-] Creating 6 users using 20 threads
2019-08-11 06:31:37.958 17 INFO rally.task.context [-] Task 03e6338b-af5f-45ff-a660-efcaea0fc0c8 | Context users@openstack setup() finished in 2.63 sec
2019-08-11 06:31:37.967 17 RALLYDEBUG rally.task.runner [-] Starting the constant runner (task UUID: 03e6338b-af5f-45ff-a660-efcaea0fc0c8). timeout: 0 concurrency: 4 concurrency_per_worker: 1 times: 10 concurrency_overhead: 0 processes_to_start: 4 max_cpu_used: 16
2019-08-11 06:31:37.980 245 RALLYDEBUG rally.task.runner [-] Starting a worker. concurrency: 1 args: {"repetitions": 2} times: 10 method_name: run timeout: 0 duration: None cls:
2019-08-11 06:31:37.983 246 RALLYDEBUG rally.task.runner [-] Starting a worker. concurrency: 1 args: {"repetitions": 2} times: 10 method_name: run timeout: 0 duration: None cls:
2019-08-11 06:31:37.987 248 RALLYDEBUG rally.task.runner [-] Starting a worker. concurrency: 1 args: {"repetitions": 2} times: 10 method_name: run timeout: 0 duration: None cls:
2019-08-11 06:31:37.986 247 RALLYDEBUG rally.task.runner [-] Starting a worker. concurrency: 1 args: {"repetitions": 2} times: 10 method_name: run timeout: 0 duration: None cls:
2019-08-11 06:31:37.988 245 INFO rally.task.runner [-] Task 03e6338b-af5f-45ff-a660-efcaea0fc0c8 | ITER: 1 START
2019-08-11 06:31:37.990 246 INFO rally.task.runner [-] Task 03e6338b-af5f-45ff-a660-efcaea0fc0c8 | ITER: 2 START
2019-08-11 06:31:37.991 248 INFO rally.task.runner [-] Task 03e6338b-af5f-45ff-a660-efcaea0fc0c8 | ITER: 3 START
2019-08-11 06:31:37.994 247 INFO rally.task.runner [-] Task 03e6338b-af5f-45ff-a660-efcaea0fc0c8 | ITER: 4 START
2019-08-11 06:31:38.751 248 INFO rally.task.runner [-] Task 03e6338b-af5f-45ff-a660-efcaea0fc0c8 | ITER: 3 END: OK
2019-08-11 06:31:38.756 248 INFO rally.task.runner [-] Task 03e6338b-af5f-45ff-a660-efcaea0fc0c8 | ITER: 5 START
2019-08-11 06:31:38.833 245 INFO rally.task.runner [-] Task 03e6338b-af5f-45ff-a660-efcaea0fc0c8 | ITER: 1 END: OK
2019-08-11 06:31:38.838 245 INFO rally.task.runner [-] Task 03e6338b-af5f-45ff-a660-efcaea0fc0c8 | ITER: 6 START
2019-08-11 06:31:39.258 246 INFO rally.task.runner [-] Task 03e6338b-af5f-45ff-a660-efcaea0fc0c8 | ITER: 2 END: OK
2019-08-11 06:31:39.262 246 INFO rally.task.runner [-] Task 03e6338b-af5f-45ff-a660-efcaea0fc0c8 | ITER: 7 START
2019-08-11 06:31:39.346 248 INFO rally.task.runner [-] Task 03e6338b-af5f-45ff-a660-efcaea0fc0c8 | ITER: 5 END: OK
2019-08-11 06:31:39.350 248 INFO rally.task.runner [-] Task 03e6338b-af5f-45ff-a660-efcaea0fc0c8 | ITER: 8 START
2019-08-11 06:31:39.483 245 INFO rally.task.runner [-] Task 03e6338b-af5f-45ff-a660-efcaea0fc0c8 | ITER: 6 END: OK
2019-08-11 06:31:39.485 245 INFO rally.task.runner [-] Task 03e6338b-af5f-45ff-a660-efcaea0fc0c8 | ITER: 9 START
2019-08-11 06:31:39.687 246 INFO rally.task.runner [-] Task 03e6338b-af5f-45ff-a660-efcaea0fc0c8 | ITER: 7 END: OK
2019-08-11 06:31:39.692 246 INFO rally.task.runner [-] Task 03e6338b-af5f-45ff-a660-efcaea0fc0c8 | ITER: 10 START
2019-08-11 06:31:40.019 245 INFO rally.task.runner [-] Task 03e6338b-af5f-45ff-a660-efcaea0fc0c8 | ITER: 9 END: OK
2019-08-11 06:31:40.099 248 INFO rally.task.runner [-] Task 03e6338b-af5f-45ff-a660-efcaea0fc0c8 | ITER: 8 END: OK
2019-08-11 06:31:40.239 246 INFO rally.task.runner [-] Task 03e6338b-af5f-45ff-a660-efcaea0fc0c8 | ITER: 10 END: OK
2019-08-11 06:31:41.340 247 INFO rally.task.runner [-] Task 03e6338b-af5f-45ff-a660-efcaea0fc0c8 | ITER: 4 END: OK
2019-08-11 06:31:41.369 17 INFO rally.task.context [-] Task 03e6338b-af5f-45ff-a660-efcaea0fc0c8 | Context users@openstack cleanup() started
2019-08-11 06:31:46.081 17 INFO rally.task.context [-] Task 03e6338b-af5f-45ff-a660-efcaea0fc0c8 | Context users@openstack cleanup() finished in 4.71 sec
2019-08-11 06:31:47.424 17 INFO rally.task.engine [-] Load duration is: 3.349963
2019-08-11 06:31:47.425 17 INFO rally.task.engine [-] Full runner duration is: 3.402415
2019-08-11 06:31:47.425 17 INFO rally.task.engine [-] Full duration is: 10.758033
2019-08-11 06:31:47.783 17 INFO rally.task.engine [-] Running workload: position = 0 config = { "version": 2, "title": "A cropped version of a bigger task.", "description": "Auto-generated task from a single workload (uuid=67bc9b5c-7df9-4832-b2bc-1d38706d6cc1)", "subtasks": [ { "title": "Authenticate.validate_glance", "description": "Check Glance Client to ensure validation of token.", "scenario": { "Authenticate.validate_glance": { "repetitions": 2 } }, "contexts": { "users": { "tenants": 3, "users_per_tenant": 2 } }, "runner": { "constant": { "concurrency": 4, "times": 10 } }, "hooks": [], "sla": { "failure_rate": { "max": 0 } } } ] }
2019-08-11 06:31:47.808 17 RALLYDEBUG rally_openstack.contexts.keystone.users [-] Creating 3 tenants using 20 threads
2019-08-11 06:31:49.008 17 RALLYDEBUG rally_openstack.contexts.keystone.users [-] Creating 6 users using 20 threads
2019-08-11 06:31:50.795 17 INFO rally.task.context [-] Task 03e6338b-af5f-45ff-a660-efcaea0fc0c8 | Context users@openstack setup() finished in 2.99 sec
2019-08-11 06:31:50.804 17 RALLYDEBUG rally.task.runner [-] Starting the constant runner (task UUID: 03e6338b-af5f-45ff-a660-efcaea0fc0c8). timeout: 0 concurrency: 4 concurrency_per_worker: 1 times: 10 concurrency_overhead: 0 processes_to_start: 4 max_cpu_used: 16
2019-08-11 06:31:50.818 349 RALLYDEBUG rally.task.runner [-] Starting a worker. concurrency: 1 args: {"repetitions": 2} times: 10 method_name: run timeout: 0 duration: None cls:
2019-08-11 06:31:50.822 350 RALLYDEBUG rally.task.runner [-] Starting a worker. concurrency: 1 args: {"repetitions": 2} times: 10 method_name: run timeout: 0 duration: None cls:
2019-08-11 06:31:50.823 351 RALLYDEBUG rally.task.runner [-] Starting a worker. concurrency: 1 args: {"repetitions": 2} times: 10 method_name: run timeout: 0 duration: None cls:
2019-08-11 06:31:50.826 349 INFO rally.task.runner [-] Task 03e6338b-af5f-45ff-a660-efcaea0fc0c8 | ITER: 1 START
2019-08-11 06:31:50.827 351 INFO rally.task.runner [-] Task 03e6338b-af5f-45ff-a660-efcaea0fc0c8 | ITER: 3 START
2019-08-11 06:31:50.827 352 RALLYDEBUG rally.task.runner [-] Starting a worker. concurrency: 1 args: {"repetitions": 2} times: 10 method_name: run timeout: 0 duration: None cls:
2019-08-11 06:31:50.829 350 INFO rally.task.runner [-] Task 03e6338b-af5f-45ff-a660-efcaea0fc0c8 | ITER: 2 START
2019-08-11 06:31:50.834 352 INFO rally.task.runner [-] Task 03e6338b-af5f-45ff-a660-efcaea0fc0c8 | ITER: 4 START
2019-08-11 06:31:51.572 349 INFO rally.task.runner [-] Task 03e6338b-af5f-45ff-a660-efcaea0fc0c8 | ITER: 1 END: OK
2019-08-11 06:31:51.577 349 INFO rally.task.runner [-] Task 03e6338b-af5f-45ff-a660-efcaea0fc0c8 | ITER: 5 START
2019-08-11 06:31:51.607 350 INFO rally.task.runner [-] Task 03e6338b-af5f-45ff-a660-efcaea0fc0c8 | ITER: 2 END: OK
2019-08-11 06:31:51.612 350 INFO rally.task.runner [-] Task 03e6338b-af5f-45ff-a660-efcaea0fc0c8 | ITER: 6 START
2019-08-11 06:31:51.614 352 INFO rally.task.runner [-] Task 03e6338b-af5f-45ff-a660-efcaea0fc0c8 | ITER: 4 END: OK
2019-08-11 06:31:51.619 352 INFO rally.task.runner [-] Task 03e6338b-af5f-45ff-a660-efcaea0fc0c8 | ITER: 7 START
2019-08-11 06:31:52.015 351 INFO rally.task.runner [-] Task 03e6338b-af5f-45ff-a660-efcaea0fc0c8 | ITER: 3 END: OK
2019-08-11 06:31:52.020 351 INFO rally.task.runner [-] Task 03e6338b-af5f-45ff-a660-efcaea0fc0c8 | ITER: 8 START
2019-08-11 06:31:52.154 352 INFO rally.task.runner [-] Task 03e6338b-af5f-45ff-a660-efcaea0fc0c8 | ITER: 7 END: OK
2019-08-11 06:31:52.159 352 INFO rally.task.runner [-] Task 03e6338b-af5f-45ff-a660-efcaea0fc0c8 | ITER: 9 START
2019-08-11 06:31:52.343 350 INFO rally.task.runner [-] Task 03e6338b-af5f-45ff-a660-efcaea0fc0c8 | ITER: 6 END: OK
2019-08-11 06:31:52.348 350 INFO rally.task.runner [-] Task 03e6338b-af5f-45ff-a660-efcaea0fc0c8 | ITER: 10 START
2019-08-11 06:31:52.446 349 INFO rally.task.runner [-] Task 03e6338b-af5f-45ff-a660-efcaea0fc0c8 | ITER: 5 END: OK
2019-08-11 06:31:52.938 352 INFO rally.task.runner [-] Task 03e6338b-af5f-45ff-a660-efcaea0fc0c8 | ITER: 9 END: OK
2019-08-11 06:31:53.074 350 INFO rally.task.runner [-] Task 03e6338b-af5f-45ff-a660-efcaea0fc0c8 | ITER: 10 END: OK
2019-08-11 06:31:53.216 351 INFO rally.task.runner [-] Task 03e6338b-af5f-45ff-a660-efcaea0fc0c8 | ITER: 8 END: OK
2019-08-11 06:31:53.246 17 INFO rally.task.context [-] Task 03e6338b-af5f-45ff-a660-efcaea0fc0c8 | Context users@openstack cleanup() started
2019-08-11 06:31:57.949 17 INFO rally.task.context [-] Task 03e6338b-af5f-45ff-a660-efcaea0fc0c8 | Context users@openstack cleanup() finished in 4.70 sec
2019-08-11 06:31:59.915 17 INFO rally.task.engine [-] Load duration is: 2.388273
2019-08-11 06:31:59.916 17 INFO rally.task.engine [-] Full runner duration is: 2.442317
2019-08-11 06:31:59.916 17 INFO rally.task.engine [-] Full duration is: 10.145694
2019-08-11 06:32:00.419 17 INFO rally.task.engine [-] Running workload: position = 0 config = { "version": 2, "title": "A cropped version of a bigger task.", "description": "Auto-generated task from a single workload (uuid=4c03d2f8-c687-4e8a-9c5e-b436d30cee15)", "subtasks": [ { "title": "Authenticate.validate_heat", "description": "Check Heat Client to ensure validation of token.", "scenario": { "Authenticate.validate_heat": { "repetitions": 2 } }, "contexts": { "users": { "tenants": 3, "users_per_tenant": 2 } }, "runner": { "constant": { "concurrency": 4, "times": 10 } }, "hooks": [], "sla": { "failure_rate": { "max": 0 } } } ] }
2019-08-11 06:32:00.444 17 RALLYDEBUG rally_openstack.contexts.keystone.users [-] Creating 3 tenants using 20 threads
2019-08-11 06:32:01.573 17 RALLYDEBUG rally_openstack.contexts.keystone.users [-] Creating 6 users using 20 threads
2019-08-11 06:32:03.313 17 INFO rally.task.context [-] Task 03e6338b-af5f-45ff-a660-efcaea0fc0c8 | Context users@openstack setup() finished in 2.87 sec
2019-08-11 06:32:03.322 17 RALLYDEBUG rally.task.runner [-] Starting the constant runner (task UUID: 03e6338b-af5f-45ff-a660-efcaea0fc0c8). timeout: 0 concurrency: 4 concurrency_per_worker: 1 times: 10 concurrency_overhead: 0 processes_to_start: 4 max_cpu_used: 16
2019-08-11 06:32:03.336 453 RALLYDEBUG rally.task.runner [-] Starting a worker. concurrency: 1 args: {"repetitions": 2} times: 10 method_name: run timeout: 0 duration: None cls:
2019-08-11 06:32:03.339 454 RALLYDEBUG rally.task.runner [-] Starting a worker. concurrency: 1 args: {"repetitions": 2} times: 10 method_name: run timeout: 0 duration: None cls:
2019-08-11 06:32:03.342 455 RALLYDEBUG rally.task.runner [-] Starting a worker. concurrency: 1 args: {"repetitions": 2} times: 10 method_name: run timeout: 0 duration: None cls:
2019-08-11 06:32:03.344 453 INFO rally.task.runner [-] Task 03e6338b-af5f-45ff-a660-efcaea0fc0c8 | ITER: 1 START
2019-08-11 06:32:03.345 456 RALLYDEBUG rally.task.runner [-] Starting a worker. concurrency: 1 args: {"repetitions": 2} times: 10 method_name: run timeout: 0 duration: None cls:
2019-08-11 06:32:03.346 454 INFO rally.task.runner [-] Task 03e6338b-af5f-45ff-a660-efcaea0fc0c8 | ITER: 2 START
2019-08-11 06:32:03.350 455 INFO rally.task.runner [-] Task 03e6338b-af5f-45ff-a660-efcaea0fc0c8 | ITER: 3 START
2019-08-11 06:32:03.352 456 INFO rally.task.runner [-] Task 03e6338b-af5f-45ff-a660-efcaea0fc0c8 | ITER: 4 START
2019-08-11 06:32:06.017 456 INFO rally.task.runner [-] Task 03e6338b-af5f-45ff-a660-efcaea0fc0c8 | ITER: 4 END: OK
2019-08-11 06:32:06.022 456 INFO rally.task.runner [-] Task 03e6338b-af5f-45ff-a660-efcaea0fc0c8 | ITER: 5 START
2019-08-11 06:32:06.346 454 INFO rally.task.runner [-] Task 03e6338b-af5f-45ff-a660-efcaea0fc0c8 | ITER: 2 END: OK
2019-08-11 06:32:06.351 454 INFO rally.task.runner [-] Task 03e6338b-af5f-45ff-a660-efcaea0fc0c8 | ITER: 6 START
2019-08-11 06:32:07.834 453 INFO rally.task.runner [-] Task 03e6338b-af5f-45ff-a660-efcaea0fc0c8 | ITER: 1 END: OK
2019-08-11 06:32:07.840 453 INFO rally.task.runner [-] Task 03e6338b-af5f-45ff-a660-efcaea0fc0c8 | ITER: 7 START
2019-08-11 06:32:08.944 454 INFO rally.task.runner [-] Task 03e6338b-af5f-45ff-a660-efcaea0fc0c8 | ITER: 6 END: OK
2019-08-11 06:32:08.948 454 INFO rally.task.runner [-] Task 03e6338b-af5f-45ff-a660-efcaea0fc0c8 | ITER: 8 START
2019-08-11 06:32:09.170 453 INFO rally.task.runner [-] Task 03e6338b-af5f-45ff-a660-efcaea0fc0c8 | ITER: 7 END: OK
2019-08-11 06:32:09.174 453 INFO rally.task.runner [-] Task 03e6338b-af5f-45ff-a660-efcaea0fc0c8 | ITER: 9 START
2019-08-11 06:32:09.529 454 INFO rally.task.runner [-] Task 03e6338b-af5f-45ff-a660-efcaea0fc0c8 | ITER: 8 END: OK
2019-08-11 06:32:09.532 454 INFO rally.task.runner [-] Task 03e6338b-af5f-45ff-a660-efcaea0fc0c8 | ITER: 10 START
2019-08-11 06:32:09.656 455 INFO rally.task.runner [-] Task 03e6338b-af5f-45ff-a660-efcaea0fc0c8 | ITER: 3 END: OK
2019-08-11 06:32:09.813 456 INFO rally.task.runner [-] Task 03e6338b-af5f-45ff-a660-efcaea0fc0c8 | ITER: 5 END: OK
2019-08-11 06:32:09.975 453 INFO rally.task.runner [-] Task 03e6338b-af5f-45ff-a660-efcaea0fc0c8 | ITER: 9 END: OK
2019-08-11 06:32:10.088 454 INFO rally.task.runner [-] Task 03e6338b-af5f-45ff-a660-efcaea0fc0c8 | ITER: 10 END: OK
2019-08-11 06:32:10.116 17 INFO rally.task.context [-] Task 03e6338b-af5f-45ff-a660-efcaea0fc0c8 | Context users@openstack cleanup() started
2019-08-11 06:32:14.725 17 INFO rally.task.context [-] Task 03e6338b-af5f-45ff-a660-efcaea0fc0c8 | Context users@openstack cleanup() finished in 4.61 sec
2019-08-11 06:32:16.537 17 INFO rally.task.engine [-] Load duration is: 6.742504
2019-08-11 06:32:16.538 17 INFO rally.task.engine [-] Full runner duration is: 6.794728
2019-08-11 06:32:16.538 17 INFO rally.task.engine [-] Full duration is: 14.28384
2019-08-11 06:32:17.078 17 INFO rally.task.engine [-] Running workload: position = 0 config = { "version": 2, "title": "A cropped version of a bigger task.", "description": "Auto-generated task from a single workload (uuid=da7cfa26-e824-4af3-a632-2c22da39f456)", "subtasks": [ { "title": "Authenticate.validate_neutron", "description": "Check Neutron Client to ensure validation of token.", "scenario": { "Authenticate.validate_neutron": { "repetitions": 2 } }, "contexts": { "users": { "tenants": 3, "users_per_tenant": 2 } }, "runner": { "constant": { "concurrency": 4, "times": 10 } }, "hooks": [], "sla": { "failure_rate": { "max": 0 } } } ] }
2019-08-11 06:32:17.100 17 RALLYDEBUG rally_openstack.contexts.keystone.users [-] Creating 3 tenants using 20 threads
2019-08-11 06:32:18.133 17 RALLYDEBUG rally_openstack.contexts.keystone.users [-] Creating 6 users using 20 threads
2019-08-11 06:32:20.150 17 INFO rally.task.context [-] Task 03e6338b-af5f-45ff-a660-efcaea0fc0c8 | Context users@openstack setup() finished in 3.05 sec
2019-08-11 06:32:20.159 17 RALLYDEBUG rally.task.runner [-] Starting the constant runner (task UUID: 03e6338b-af5f-45ff-a660-efcaea0fc0c8). timeout: 0 concurrency: 4 concurrency_per_worker: 1 times: 10 concurrency_overhead: 0 processes_to_start: 4 max_cpu_used: 16
2019-08-11 06:32:20.173 557 RALLYDEBUG rally.task.runner [-] Starting a worker. concurrency: 1 args: {"repetitions": 2} times: 10 method_name: run timeout: 0 duration: None cls:
2019-08-11 06:32:20.177 558 RALLYDEBUG rally.task.runner [-] Starting a worker. concurrency: 1 args: {"repetitions": 2} times: 10 method_name: run timeout: 0 duration: None cls:
2019-08-11 06:32:20.179 559 RALLYDEBUG rally.task.runner [-] Starting a worker. concurrency: 1 args: {"repetitions": 2} times: 10 method_name: run timeout: 0 duration: None cls:
2019-08-11 06:32:20.181 557 INFO rally.task.runner [-] Task 03e6338b-af5f-45ff-a660-efcaea0fc0c8 | ITER: 1 START
2019-08-11 06:32:20.182 560 RALLYDEBUG rally.task.runner [-] Starting a worker. concurrency: 1 args: {"repetitions": 2} times: 10 method_name: run timeout: 0 duration: None cls:
2019-08-11 06:32:20.184 558 INFO rally.task.runner [-] Task 03e6338b-af5f-45ff-a660-efcaea0fc0c8 | ITER: 2 START
2019-08-11 06:32:20.187 559 INFO rally.task.runner [-] Task 03e6338b-af5f-45ff-a660-efcaea0fc0c8 | ITER: 3 START
2019-08-11 06:32:20.189 560 INFO rally.task.runner [-] Task 03e6338b-af5f-45ff-a660-efcaea0fc0c8 | ITER: 4 START
2019-08-11 06:32:21.004 560 INFO rally.task.runner [-] Task 03e6338b-af5f-45ff-a660-efcaea0fc0c8 | ITER: 4 END: OK
2019-08-11 06:32:21.009 560 INFO rally.task.runner [-] Task 03e6338b-af5f-45ff-a660-efcaea0fc0c8 | ITER: 5 START
2019-08-11 06:32:21.052 557 INFO rally.task.runner [-] Task 03e6338b-af5f-45ff-a660-efcaea0fc0c8 | ITER: 1 END: OK
2019-08-11 06:32:21.057 557 INFO rally.task.runner [-] Task 03e6338b-af5f-45ff-a660-efcaea0fc0c8 | ITER: 6 START
2019-08-11 06:32:21.302 558 INFO rally.task.runner [-] Task 03e6338b-af5f-45ff-a660-efcaea0fc0c8 | ITER: 2 END: OK
2019-08-11 06:32:21.306 559 INFO rally.task.runner [-] Task 03e6338b-af5f-45ff-a660-efcaea0fc0c8 | ITER: 3 END: OK
2019-08-11 06:32:21.307 558 INFO rally.task.runner [-] Task 03e6338b-af5f-45ff-a660-efcaea0fc0c8 | ITER: 7 START
2019-08-11 06:32:21.311 559 INFO rally.task.runner [-] Task 03e6338b-af5f-45ff-a660-efcaea0fc0c8 | ITER: 8 START
2019-08-11 06:32:21.706 560 INFO rally.task.runner [-] Task 03e6338b-af5f-45ff-a660-efcaea0fc0c8 | ITER: 5 END: OK
2019-08-11 06:32:21.710 560 INFO rally.task.runner [-] Task 03e6338b-af5f-45ff-a660-efcaea0fc0c8 | ITER: 9 START
2019-08-11 06:32:21.746 557 INFO rally.task.runner [-] Task 03e6338b-af5f-45ff-a660-efcaea0fc0c8 | ITER: 6 END: OK
2019-08-11 06:32:21.751 557 INFO rally.task.runner [-] Task 03e6338b-af5f-45ff-a660-efcaea0fc0c8 | ITER: 10 START
2019-08-11 06:32:21.911 558 INFO rally.task.runner [-] Task 03e6338b-af5f-45ff-a660-efcaea0fc0c8 | ITER: 7 END: OK
2019-08-11 06:32:21.957 559 INFO rally.task.runner [-] Task 03e6338b-af5f-45ff-a660-efcaea0fc0c8 | ITER: 8 END: OK
2019-08-11 06:32:22.344 560 INFO rally.task.runner [-] Task 03e6338b-af5f-45ff-a660-efcaea0fc0c8 | ITER: 9 END: OK
2019-08-11 06:32:22.377 557 INFO rally.task.runner [-] Task 03e6338b-af5f-45ff-a660-efcaea0fc0c8 | ITER: 10 END: OK
2019-08-11 06:32:22.398 17 INFO rally.task.context [-] Task 03e6338b-af5f-45ff-a660-efcaea0fc0c8 | Context users@openstack cleanup() started
2019-08-11 06:32:27.436 17 INFO rally.task.context [-] Task 03e6338b-af5f-45ff-a660-efcaea0fc0c8 | Context users@openstack cleanup() finished in 5.04 sec
2019-08-11 06:32:29.179 17 INFO rally.task.engine [-] Load duration is: 2.194008
2019-08-11 06:32:29.180 17 INFO rally.task.engine [-] Full runner duration is: 2.239712
2019-08-11 06:32:29.180 17 INFO rally.task.engine [-] Full duration is: 10.33836
2019-08-11 06:32:29.690 17 INFO rally.task.engine [-] Running workload: position = 0 config = { "version": 2, "title": "A cropped version of a bigger task.", "description": "Auto-generated task from a single workload (uuid=659b5744-63b3-4ebb-a21a-72b05751cd93)", "subtasks": [ { "title": "Authenticate.validate_nova", "description": "Check Nova Client to ensure validation of token.", "scenario": { "Authenticate.validate_nova": { "repetitions": 2 } }, "contexts": { "users": { "tenants": 3, "users_per_tenant": 2 } }, "runner": { "constant": { "concurrency": 4, "times": 10 } }, "hooks": [], "sla": { "failure_rate": { "max": 0 } } } ] }
2019-08-11 06:32:29.717 17 RALLYDEBUG rally_openstack.contexts.keystone.users [-] Creating 3 tenants using 20 threads
2019-08-11 06:32:30.707 17 RALLYDEBUG rally_openstack.contexts.keystone.users [-] Creating 6 users using 20 threads
2019-08-11 06:32:32.409 17 INFO rally.task.context [-] Task 03e6338b-af5f-45ff-a660-efcaea0fc0c8 | Context users@openstack setup() finished in 2.69 sec
2019-08-11 06:32:32.418 17 RALLYDEBUG rally.task.runner [-] Starting the constant runner (task UUID: 03e6338b-af5f-45ff-a660-efcaea0fc0c8). timeout: 0 concurrency: 4 concurrency_per_worker: 1 times: 10 concurrency_overhead: 0 processes_to_start: 4 max_cpu_used: 16
2019-08-11 06:32:32.431 661 RALLYDEBUG rally.task.runner [-] Starting a worker. concurrency: 1 args: {"repetitions": 2} times: 10 method_name: run timeout: 0 duration: None cls:
2019-08-11 06:32:32.434 662 RALLYDEBUG rally.task.runner [-] Starting a worker. concurrency: 1 args: {"repetitions": 2} times: 10 method_name: run timeout: 0 duration: None cls:
2019-08-11 06:32:32.439 661 INFO rally.task.runner [-] Task 03e6338b-af5f-45ff-a660-efcaea0fc0c8 | ITER: 1 START
2019-08-11 06:32:32.438 663 RALLYDEBUG rally.task.runner [-] Starting a worker. concurrency: 1 args: {"repetitions": 2} times: 10 method_name: run timeout: 0 duration: None cls:
2019-08-11 06:32:32.441 662 INFO rally.task.runner [-] Task 03e6338b-af5f-45ff-a660-efcaea0fc0c8 | ITER: 2 START
2019-08-11 06:32:32.441 664 RALLYDEBUG rally.task.runner [-] Starting a worker. concurrency: 1 args: {"repetitions": 2} times: 10 method_name: run timeout: 0 duration: None cls:
2019-08-11 06:32:32.446 663 INFO rally.task.runner [-] Task 03e6338b-af5f-45ff-a660-efcaea0fc0c8 | ITER: 3 START
2019-08-11 06:32:32.448 664 INFO rally.task.runner [-] Task 03e6338b-af5f-45ff-a660-efcaea0fc0c8 | ITER: 4 START
2019-08-11 06:32:32.939 661 DEBUG novaclient.v2.client [-] REQ: curl -g -i --cacert "/etc/ssl/certs/mcp_os_cacert" -X GET http://10.167.4.35:8774/v2.1/flavors/detail -H "Accept: application/json" -H "User-Agent: python-novaclient" -H "X-Auth-Token: {SHA1}1c64827253788e93033387439f2192e33eea9f27" _http_log_request /usr/lib/python2.7/site-packages/keystoneauth1/session.py:448
2019-08-11 06:32:32.940 664 DEBUG novaclient.v2.client [-] REQ: curl -g -i --cacert "/etc/ssl/certs/mcp_os_cacert" -X GET http://10.167.4.35:8774/v2.1/flavors/detail -H "Accept: application/json" -H "User-Agent: python-novaclient" -H "X-Auth-Token: {SHA1}81308e85cb85cbac51bda5dcf5f4b7f7c77d05bf" _http_log_request /usr/lib/python2.7/site-packages/keystoneauth1/session.py:448
2019-08-11 06:32:32.943 662 DEBUG novaclient.v2.client [-] REQ: curl -g -i --cacert "/etc/ssl/certs/mcp_os_cacert" -X GET http://10.167.4.35:8774/v2.1/flavors/detail -H "Accept: application/json" -H "User-Agent: python-novaclient" -H "X-Auth-Token: {SHA1}9e0fa0fe93c4fb23c439e1ee6474cf966abeac81" _http_log_request /usr/lib/python2.7/site-packages/keystoneauth1/session.py:448
2019-08-11 06:32:32.956 663 DEBUG novaclient.v2.client [-] REQ: curl -g -i --cacert "/etc/ssl/certs/mcp_os_cacert" -X GET http://10.167.4.35:8774/v2.1/flavors/detail -H "Accept: application/json" -H "User-Agent: python-novaclient" -H "X-Auth-Token: {SHA1}a77151d780fa358c23c2f1224def3541ad8d31e7" _http_log_request /usr/lib/python2.7/site-packages/keystoneauth1/session.py:448
2019-08-11 06:32:33.101 664 DEBUG novaclient.v2.client [-] RESP: [200] Connection: close Content-Length: 1014 Content-Type: application/json Date: Sun, 11 Aug 2019 06:32:33 GMT Openstack-Api-Version: compute 2.1 Vary: OpenStack-API-Version, X-OpenStack-Nova-API-Version X-Compute-Request-Id: req-72cb01dd-5b60-4846-8741-5b4aecdf10ab X-Openstack-Nova-Api-Version: 2.1 X-Openstack-Request-Id: req-72cb01dd-5b60-4846-8741-5b4aecdf10ab _http_log_response /usr/lib/python2.7/site-packages/keystoneauth1/session.py:479
2019-08-11 06:32:33.102 664 DEBUG novaclient.v2.client [-] RESP BODY: {"flavors": [{"name": "rally_full-flavor_d13691bf-1103-40bd-a288-b55af39f779b", "links": [{"href": "http://10.167.4.35:8774/v2.1/flavors/226f4483-2be5-48b0-8cd4-ee3a2a1f8374", "rel": "self"}, {"href": "http://10.167.4.35:8774/flavors/226f4483-2be5-48b0-8cd4-ee3a2a1f8374", "rel": "bookmark"}], "ram": 512, "OS-FLV-DISABLED:disabled": false, "vcpus": 1, "swap": "", "os-flavor-access:is_public": true, "rxtx_factor": 1.0, "OS-FLV-EXT-DATA:ephemeral": 0, "disk": 1, "id": "226f4483-2be5-48b0-8cd4-ee3a2a1f8374"}, {"name": "rally_full-flavor_alt_d13691bf-1103-40bd-a288-b55af39f779b", "links": [{"href": "http://10.167.4.35:8774/v2.1/flavors/ea6fcac9-1c86-4afc-9fb5-3c374588fbae", "rel": "self"}, {"href": "http://10.167.4.35:8774/flavors/ea6fcac9-1c86-4afc-9fb5-3c374588fbae", "rel": "bookmark"}], "ram": 1024, "OS-FLV-DISABLED:disabled": false, "vcpus": 1, "swap": "", "os-flavor-access:is_public": true, "rxtx_factor": 1.0, "OS-FLV-EXT-DATA:ephemeral": 0, "disk": 1, "id": "ea6fcac9-1c86-4afc-9fb5-3c374588fbae"}]} _http_log_response /usr/lib/python2.7/site-packages/keystoneauth1/session.py:511
2019-08-11 06:32:33.102 664 DEBUG novaclient.v2.client [-] GET call to compute for http://10.167.4.35:8774/v2.1/flavors/detail used request id req-72cb01dd-5b60-4846-8741-5b4aecdf10ab request /usr/lib/python2.7/site-packages/keystoneauth1/session.py:844
2019-08-11 06:32:33.105 664 DEBUG novaclient.v2.client [-] REQ: curl -g -i --cacert "/etc/ssl/certs/mcp_os_cacert" -X GET http://10.167.4.35:8774/v2.1/flavors/detail -H "Accept: application/json" -H "User-Agent: python-novaclient" -H "X-Auth-Token: {SHA1}81308e85cb85cbac51bda5dcf5f4b7f7c77d05bf" _http_log_request /usr/lib/python2.7/site-packages/keystoneauth1/session.py:448
2019-08-11 06:32:33.107 662 DEBUG novaclient.v2.client [-] RESP: [200] Connection: close Content-Length: 1014 Content-Type: application/json Date: Sun, 11 Aug 2019 06:32:33 GMT Openstack-Api-Version: compute 2.1 Vary: OpenStack-API-Version, X-OpenStack-Nova-API-Version X-Compute-Request-Id: req-c0fe6151-5414-4f1a-ab51-e6173540cbbe X-Openstack-Nova-Api-Version: 2.1 X-Openstack-Request-Id: req-c0fe6151-5414-4f1a-ab51-e6173540cbbe _http_log_response /usr/lib/python2.7/site-packages/keystoneauth1/session.py:479
2019-08-11 06:32:33.108 662 DEBUG novaclient.v2.client [-] RESP BODY: {"flavors": [{"name": "rally_full-flavor_d13691bf-1103-40bd-a288-b55af39f779b", "links": [{"href": "http://10.167.4.35:8774/v2.1/flavors/226f4483-2be5-48b0-8cd4-ee3a2a1f8374", "rel": "self"}, {"href": "http://10.167.4.35:8774/flavors/226f4483-2be5-48b0-8cd4-ee3a2a1f8374", "rel": "bookmark"}], "ram": 512, "OS-FLV-DISABLED:disabled": false, "vcpus": 1, "swap": "", "os-flavor-access:is_public": true, "rxtx_factor": 1.0, "OS-FLV-EXT-DATA:ephemeral": 0, "disk": 1, "id": "226f4483-2be5-48b0-8cd4-ee3a2a1f8374"}, {"name": "rally_full-flavor_alt_d13691bf-1103-40bd-a288-b55af39f779b", "links": [{"href": "http://10.167.4.35:8774/v2.1/flavors/ea6fcac9-1c86-4afc-9fb5-3c374588fbae", "rel": "self"}, {"href": "http://10.167.4.35:8774/flavors/ea6fcac9-1c86-4afc-9fb5-3c374588fbae", "rel": "bookmark"}], "ram": 1024, "OS-FLV-DISABLED:disabled": false, "vcpus": 1, "swap": "", "os-flavor-access:is_public": true, "rxtx_factor": 1.0, "OS-FLV-EXT-DATA:ephemeral": 0, "disk": 1, "id": "ea6fcac9-1c86-4afc-9fb5-3c374588fbae"}]} _http_log_response /usr/lib/python2.7/site-packages/keystoneauth1/session.py:511
2019-08-11 06:32:33.109 662 DEBUG novaclient.v2.client [-] GET call to compute for http://10.167.4.35:8774/v2.1/flavors/detail used request id req-c0fe6151-5414-4f1a-ab51-e6173540cbbe request /usr/lib/python2.7/site-packages/keystoneauth1/session.py:844
2019-08-11 06:32:33.109 661 DEBUG novaclient.v2.client [-] RESP: [200] Connection: close Content-Length: 1014 Content-Type: application/json Date: Sun, 11 Aug 2019 06:32:33 GMT Openstack-Api-Version: compute 2.1 Vary: OpenStack-API-Version, X-OpenStack-Nova-API-Version X-Compute-Request-Id: req-6f583a3e-9c7f-4bef-855c-c0b47337af1b X-Openstack-Nova-Api-Version: 2.1 X-Openstack-Request-Id: req-6f583a3e-9c7f-4bef-855c-c0b47337af1b _http_log_response /usr/lib/python2.7/site-packages/keystoneauth1/session.py:479
2019-08-11 06:32:33.110 662 DEBUG novaclient.v2.client [-] REQ: curl -g -i --cacert "/etc/ssl/certs/mcp_os_cacert" -X GET http://10.167.4.35:8774/v2.1/flavors/detail -H "Accept: application/json" -H "User-Agent: python-novaclient" -H "X-Auth-Token: {SHA1}9e0fa0fe93c4fb23c439e1ee6474cf966abeac81" _http_log_request /usr/lib/python2.7/site-packages/keystoneauth1/session.py:448
2019-08-11 06:32:33.110 661 DEBUG novaclient.v2.client [-] RESP BODY: {"flavors": [{"name": "rally_full-flavor_d13691bf-1103-40bd-a288-b55af39f779b", "links": [{"href": "http://10.167.4.35:8774/v2.1/flavors/226f4483-2be5-48b0-8cd4-ee3a2a1f8374", "rel": "self"}, {"href": "http://10.167.4.35:8774/flavors/226f4483-2be5-48b0-8cd4-ee3a2a1f8374", "rel": "bookmark"}], "ram": 512, "OS-FLV-DISABLED:disabled": false, "vcpus": 1, "swap": "", "os-flavor-access:is_public": true, "rxtx_factor": 1.0, "OS-FLV-EXT-DATA:ephemeral": 0, "disk": 1, "id": "226f4483-2be5-48b0-8cd4-ee3a2a1f8374"}, {"name": "rally_full-flavor_alt_d13691bf-1103-40bd-a288-b55af39f779b", "links": [{"href": "http://10.167.4.35:8774/v2.1/flavors/ea6fcac9-1c86-4afc-9fb5-3c374588fbae", "rel": "self"}, {"href": "http://10.167.4.35:8774/flavors/ea6fcac9-1c86-4afc-9fb5-3c374588fbae", "rel": "bookmark"}], "ram": 1024, "OS-FLV-DISABLED:disabled": false, "vcpus": 1, "swap": "", "os-flavor-access:is_public": true, "rxtx_factor": 1.0, "OS-FLV-EXT-DATA:ephemeral": 0, "disk": 1, "id": "ea6fcac9-1c86-4afc-9fb5-3c374588fbae"}]} _http_log_response /usr/lib/python2.7/site-packages/keystoneauth1/session.py:511
2019-08-11 06:32:33.111 661 DEBUG novaclient.v2.client [-] GET call to compute for http://10.167.4.35:8774/v2.1/flavors/detail used request id req-6f583a3e-9c7f-4bef-855c-c0b47337af1b request /usr/lib/python2.7/site-packages/keystoneauth1/session.py:844
2019-08-11 06:32:33.113 661 DEBUG novaclient.v2.client [-] REQ: curl -g -i --cacert "/etc/ssl/certs/mcp_os_cacert" -X GET http://10.167.4.35:8774/v2.1/flavors/detail -H "Accept: application/json" -H "User-Agent: python-novaclient" -H "X-Auth-Token: {SHA1}1c64827253788e93033387439f2192e33eea9f27" _http_log_request /usr/lib/python2.7/site-packages/keystoneauth1/session.py:448
2019-08-11 06:32:33.126 664 DEBUG novaclient.v2.client [-] RESP: [200] Connection: close Content-Length: 1014 Content-Type: application/json Date: Sun, 11 Aug 2019 06:32:33 GMT Openstack-Api-Version: compute 2.1 Vary: OpenStack-API-Version, X-OpenStack-Nova-API-Version X-Compute-Request-Id: req-33ee0ff5-8b77-448b-94d3-05e697d5b4a7 X-Openstack-Nova-Api-Version: 2.1 X-Openstack-Request-Id: req-33ee0ff5-8b77-448b-94d3-05e697d5b4a7 _http_log_response /usr/lib/python2.7/site-packages/keystoneauth1/session.py:479
2019-08-11 06:32:33.127 664 DEBUG novaclient.v2.client [-] RESP BODY: {"flavors": [{"name": "rally_full-flavor_d13691bf-1103-40bd-a288-b55af39f779b", "links": [{"href": "http://10.167.4.35:8774/v2.1/flavors/226f4483-2be5-48b0-8cd4-ee3a2a1f8374", "rel": "self"}, {"href": "http://10.167.4.35:8774/flavors/226f4483-2be5-48b0-8cd4-ee3a2a1f8374", "rel": "bookmark"}], "ram": 512, "OS-FLV-DISABLED:disabled": false, "vcpus": 1, "swap": "", "os-flavor-access:is_public": true, "rxtx_factor": 1.0, "OS-FLV-EXT-DATA:ephemeral": 0, "disk": 1, "id": "226f4483-2be5-48b0-8cd4-ee3a2a1f8374"}, {"name": "rally_full-flavor_alt_d13691bf-1103-40bd-a288-b55af39f779b", "links": [{"href": "http://10.167.4.35:8774/v2.1/flavors/ea6fcac9-1c86-4afc-9fb5-3c374588fbae", "rel": "self"}, {"href": "http://10.167.4.35:8774/flavors/ea6fcac9-1c86-4afc-9fb5-3c374588fbae", "rel": "bookmark"}], "ram": 1024, "OS-FLV-DISABLED:disabled": false, "vcpus": 1, "swap": "", "os-flavor-access:is_public": true, "rxtx_factor": 1.0, "OS-FLV-EXT-DATA:ephemeral": 0, "disk": 1, "id": "ea6fcac9-1c86-4afc-9fb5-3c374588fbae"}]} _http_log_response /usr/lib/python2.7/site-packages/keystoneauth1/session.py:511
2019-08-11 06:32:33.127 664 DEBUG novaclient.v2.client [-] GET call to compute for http://10.167.4.35:8774/v2.1/flavors/detail used request id req-33ee0ff5-8b77-448b-94d3-05e697d5b4a7 request /usr/lib/python2.7/site-packages/keystoneauth1/session.py:844
2019-08-11 06:32:33.129 664 INFO rally.task.runner [-] Task 03e6338b-af5f-45ff-a660-efcaea0fc0c8 | ITER: 4 END: OK
2019-08-11 06:32:33.132 662 DEBUG novaclient.v2.client [-] RESP: [200] Connection: close Content-Length: 1014 Content-Type: application/json Date: Sun, 11 Aug 2019 06:32:33 GMT Openstack-Api-Version: compute 2.1 Vary: OpenStack-API-Version, X-OpenStack-Nova-API-Version X-Compute-Request-Id: req-c382fec7-b683-4d78-aed9-91baecd7076e X-Openstack-Nova-Api-Version: 2.1 X-Openstack-Request-Id: req-c382fec7-b683-4d78-aed9-91baecd7076e _http_log_response /usr/lib/python2.7/site-packages/keystoneauth1/session.py:479
2019-08-11 06:32:33.133 662 DEBUG novaclient.v2.client [-] RESP BODY: {"flavors": [{"name": "rally_full-flavor_d13691bf-1103-40bd-a288-b55af39f779b", "links": [{"href": "http://10.167.4.35:8774/v2.1/flavors/226f4483-2be5-48b0-8cd4-ee3a2a1f8374", "rel": "self"}, {"href": "http://10.167.4.35:8774/flavors/226f4483-2be5-48b0-8cd4-ee3a2a1f8374", "rel": "bookmark"}], "ram": 512, "OS-FLV-DISABLED:disabled": false, "vcpus": 1, "swap": "", "os-flavor-access:is_public": true, "rxtx_factor": 1.0, "OS-FLV-EXT-DATA:ephemeral": 0, "disk": 1, "id": "226f4483-2be5-48b0-8cd4-ee3a2a1f8374"}, {"name": "rally_full-flavor_alt_d13691bf-1103-40bd-a288-b55af39f779b", "links": [{"href": "http://10.167.4.35:8774/v2.1/flavors/ea6fcac9-1c86-4afc-9fb5-3c374588fbae", "rel": "self"}, {"href": "http://10.167.4.35:8774/flavors/ea6fcac9-1c86-4afc-9fb5-3c374588fbae", "rel": "bookmark"}], "ram": 1024, "OS-FLV-DISABLED:disabled": false, "vcpus": 1, "swap": "", "os-flavor-access:is_public": true, "rxtx_factor": 1.0, "OS-FLV-EXT-DATA:ephemeral": 0, "disk": 1, "id": "ea6fcac9-1c86-4afc-9fb5-3c374588fbae"}]} _http_log_response /usr/lib/python2.7/site-packages/keystoneauth1/session.py:511
2019-08-11 06:32:33.133 662 DEBUG novaclient.v2.client [-] GET call to compute for http://10.167.4.35:8774/v2.1/flavors/detail used request id req-c382fec7-b683-4d78-aed9-91baecd7076e request /usr/lib/python2.7/site-packages/keystoneauth1/session.py:844
2019-08-11 06:32:33.133 664 INFO rally.task.runner [-] Task 03e6338b-af5f-45ff-a660-efcaea0fc0c8 | ITER: 5 START
2019-08-11 06:32:33.134 662 INFO rally.task.runner [-] Task 03e6338b-af5f-45ff-a660-efcaea0fc0c8 | ITER: 2 END: OK
2019-08-11 06:32:33.139 662 INFO rally.task.runner [-] Task 03e6338b-af5f-45ff-a660-efcaea0fc0c8 | ITER: 6 START
2019-08-11 06:32:33.140 661 DEBUG novaclient.v2.client [-] RESP: [200] Connection: close Content-Length: 1014 Content-Type: application/json Date: Sun, 11 Aug 2019 06:32:33 GMT Openstack-Api-Version: compute 2.1 Vary: OpenStack-API-Version, X-OpenStack-Nova-API-Version X-Compute-Request-Id: req-77d0763a-75ad-40be-84c9-e348a7a6fa9c X-Openstack-Nova-Api-Version: 2.1 X-Openstack-Request-Id: req-77d0763a-75ad-40be-84c9-e348a7a6fa9c _http_log_response /usr/lib/python2.7/site-packages/keystoneauth1/session.py:479
2019-08-11 06:32:33.140 661 DEBUG novaclient.v2.client [-] RESP BODY: {"flavors": [{"name": "rally_full-flavor_d13691bf-1103-40bd-a288-b55af39f779b", "links": [{"href": "http://10.167.4.35:8774/v2.1/flavors/226f4483-2be5-48b0-8cd4-ee3a2a1f8374", "rel": "self"}, {"href": "http://10.167.4.35:8774/flavors/226f4483-2be5-48b0-8cd4-ee3a2a1f8374", "rel": "bookmark"}], "ram": 512, "OS-FLV-DISABLED:disabled": false, "vcpus": 1, "swap": "", "os-flavor-access:is_public": true, "rxtx_factor": 1.0, "OS-FLV-EXT-DATA:ephemeral": 0, "disk": 1, "id": "226f4483-2be5-48b0-8cd4-ee3a2a1f8374"}, {"name": "rally_full-flavor_alt_d13691bf-1103-40bd-a288-b55af39f779b", "links": [{"href": "http://10.167.4.35:8774/v2.1/flavors/ea6fcac9-1c86-4afc-9fb5-3c374588fbae", "rel": "self"}, {"href": "http://10.167.4.35:8774/flavors/ea6fcac9-1c86-4afc-9fb5-3c374588fbae", "rel": "bookmark"}], "ram": 1024, "OS-FLV-DISABLED:disabled": false, "vcpus": 1, "swap": "", "os-flavor-access:is_public": true, "rxtx_factor": 1.0, "OS-FLV-EXT-DATA:ephemeral": 0, "disk": 1, "id": "ea6fcac9-1c86-4afc-9fb5-3c374588fbae"}]} _http_log_response /usr/lib/python2.7/site-packages/keystoneauth1/session.py:511
2019-08-11 06:32:33.140 661 DEBUG novaclient.v2.client [-] GET call to compute for http://10.167.4.35:8774/v2.1/flavors/detail used request id req-77d0763a-75ad-40be-84c9-e348a7a6fa9c request /usr/lib/python2.7/site-packages/keystoneauth1/session.py:844
2019-08-11 06:32:33.141 661 INFO rally.task.runner [-] Task 03e6338b-af5f-45ff-a660-efcaea0fc0c8 | ITER: 1 END: OK
2019-08-11 06:32:33.143 663 DEBUG novaclient.v2.client [-] RESP: [200] Connection: close Content-Length: 1014 Content-Type: application/json Date: Sun, 11 Aug 2019 06:32:33 GMT Openstack-Api-Version: compute 2.1 Vary: OpenStack-API-Version, X-OpenStack-Nova-API-Version X-Compute-Request-Id: req-93d2c240-0f30-4f0d-878a-a2d64ec79a03 X-Openstack-Nova-Api-Version: 2.1 X-Openstack-Request-Id: req-93d2c240-0f30-4f0d-878a-a2d64ec79a03 _http_log_response /usr/lib/python2.7/site-packages/keystoneauth1/session.py:479
2019-08-11 06:32:33.144 663 DEBUG novaclient.v2.client [-] RESP BODY: {"flavors": [{"name": "rally_full-flavor_d13691bf-1103-40bd-a288-b55af39f779b", "links": [{"href": "http://10.167.4.35:8774/v2.1/flavors/226f4483-2be5-48b0-8cd4-ee3a2a1f8374", "rel": "self"}, {"href": "http://10.167.4.35:8774/flavors/226f4483-2be5-48b0-8cd4-ee3a2a1f8374", "rel": "bookmark"}], "ram": 512, "OS-FLV-DISABLED:disabled": false, "vcpus": 1, "swap": "", "os-flavor-access:is_public": true, "rxtx_factor": 1.0, "OS-FLV-EXT-DATA:ephemeral": 0, "disk": 1, "id": "226f4483-2be5-48b0-8cd4-ee3a2a1f8374"}, {"name": "rally_full-flavor_alt_d13691bf-1103-40bd-a288-b55af39f779b", "links": [{"href": "http://10.167.4.35:8774/v2.1/flavors/ea6fcac9-1c86-4afc-9fb5-3c374588fbae", "rel": "self"}, {"href": "http://10.167.4.35:8774/flavors/ea6fcac9-1c86-4afc-9fb5-3c374588fbae", "rel": "bookmark"}], "ram": 1024, "OS-FLV-DISABLED:disabled": false, "vcpus": 1, "swap": "", "os-flavor-access:is_public": true, "rxtx_factor": 1.0, "OS-FLV-EXT-DATA:ephemeral": 0, "disk": 1, "id": "ea6fcac9-1c86-4afc-9fb5-3c374588fbae"}]} _http_log_response /usr/lib/python2.7/site-packages/keystoneauth1/session.py:511
2019-08-11 06:32:33.144 663 DEBUG novaclient.v2.client [-] GET call to compute for http://10.167.4.35:8774/v2.1/flavors/detail used request id req-93d2c240-0f30-4f0d-878a-a2d64ec79a03 request /usr/lib/python2.7/site-packages/keystoneauth1/session.py:844
2019-08-11 06:32:33.145 661 INFO rally.task.runner [-] Task 03e6338b-af5f-45ff-a660-efcaea0fc0c8 | ITER: 7 START
