2019-07-14 09:30:56.253 21662 RALLYDEBUG rally_openstack.cleanup.manager [-] Deleting neutron.port object s_rally_dcddee65_5AgsHw7o (552d39a6-9e4c-459c-9190-9dfbac60223f)
2019-07-14 09:30:56.439 21662 RALLYDEBUG rally_openstack.cleanup.manager [-] Deleting neutron.port object s_rally_dcddee65_h9DPZrBL (55932d05-8377-466d-beb7-26ab35e89879)
2019-07-14 09:30:56.441 21662 RALLYDEBUG rally_openstack.cleanup.manager [-] Deleting neutron.port object s_rally_dcddee65_ucLoLEac (55abfca1-0aec-47cb-bec4-7c6fd3783720)
2019-07-14 09:30:56.576 21662 RALLYDEBUG rally_openstack.cleanup.manager [-] Deleting neutron.port object s_rally_dcddee65_1wuJ1DOI (55d9dfdd-76d4-4131-bd7b-842f07be4bae)
2019-07-14 09:30:56.657 21662 RALLYDEBUG rally_openstack.cleanup.manager [-] Deleting neutron.port object s_rally_dcddee65_vwT4M0qv (55f42580-a2b9-40a5-8688-8992ee210487)
2019-07-14 09:30:56.670 21662 RALLYDEBUG rally_openstack.cleanup.manager [-] Deleting neutron.port object s_rally_dcddee65_OFvthYzJ (56ae4769-1f9b-4198-a954-9658f9acebd6)
2019-07-14 09:30:56.757 21662 RALLYDEBUG rally_openstack.cleanup.manager [-] Deleting neutron.port object s_rally_dcddee65_zFi5OxIs (59b75401-44c3-4885-a624-5e4022efcd39)
2019-07-14 09:30:57.009 21662 RALLYDEBUG rally_openstack.cleanup.manager [-] Deleting neutron.port object s_rally_dcddee65_wpg8BQ3k (59c313ea-2b8a-4c0b-8e2b-a66d86a1eabf)
2019-07-14 09:30:57.105 21662 RALLYDEBUG rally_openstack.cleanup.manager [-] Deleting neutron.port object s_rally_dcddee65_lhEODakD (59fdf893-7fd4-4b19-a718-4242e81f350a)
2019-07-14 09:30:57.220 21662 RALLYDEBUG rally_openstack.cleanup.manager [-] Deleting neutron.port object s_rally_dcddee65_qm8JYVPE (5e6425c5-1683-4c86-a770-e26f6b5a7d13)
2019-07-14 09:30:57.304 21662 RALLYDEBUG rally_openstack.cleanup.manager [-] Deleting neutron.port object s_rally_dcddee65_hlNNQCUa (5f32834d-34fc-4f10-9557-15c207967c47)
2019-07-14 09:30:57.423 21662 RALLYDEBUG rally_openstack.cleanup.manager [-] Deleting neutron.port object s_rally_dcddee65_qeUblZeL (6119b805-0b84-41c8-97d7-d603d69a7821)
2019-07-14 09:30:57.472 21662 RALLYDEBUG rally_openstack.cleanup.manager [-] Deleting neutron.port object s_rally_dcddee65_5DcYx0CJ (61b989c2-0511-4ab3-99ef-274facc2871c)
2019-07-14 09:30:57.630 21662 RALLYDEBUG rally_openstack.cleanup.manager [-] Deleting neutron.port object s_rally_dcddee65_wO8Z8KXN (65aaab59-a417-4da9-ace3-436f33ebe9d3)
2019-07-14 09:30:57.808 21662 RALLYDEBUG rally_openstack.cleanup.manager [-] Deleting neutron.port object s_rally_dcddee65_kQoDWwht (6696c702-ae07-48d9-9ef3-266788905fde)
2019-07-14 09:30:57.963 21662 RALLYDEBUG rally_openstack.cleanup.manager [-] Deleting neutron.port object s_rally_dcddee65_HpkWSaWj (6bf82714-4301-4556-9fc6-99bb94e6b14a)
2019-07-14 09:30:58.061 21662 RALLYDEBUG rally_openstack.cleanup.manager [-] Deleting neutron.port object s_rally_dcddee65_qArqk9ub (6c7b027f-1887-43c0-a23e-6784e08d9f64)
2019-07-14 09:30:58.134 21662 RALLYDEBUG rally_openstack.cleanup.manager [-] Deleting neutron.port object s_rally_dcddee65_wv8EROY0 (6dc756a6-c279-40f8-87f3-b354f63f0b53)
2019-07-14 09:30:58.269 21662 RALLYDEBUG rally_openstack.cleanup.manager [-] Deleting neutron.port object s_rally_dcddee65_S2CayFbX (6e14cb51-0722-4c9b-b5d4-ccbce3dd46b0)
2019-07-14 09:30:58.302 21662 RALLYDEBUG rally_openstack.cleanup.manager [-] Deleting neutron.port object s_rally_dcddee65_EAZKLYl4 (6eb715e2-e5ea-40b7-a2cb-32bb9bf7f8d0)
2019-07-14 09:30:58.354 21662 RALLYDEBUG rally_openstack.cleanup.manager [-] Deleting neutron.port object s_rally_dcddee65_25ZEHiCA (71ca7fea-faaf-42ce-8db8-1250a8f45925)
2019-07-14 09:30:58.560 21662 RALLYDEBUG rally_openstack.cleanup.manager [-] Deleting neutron.port object s_rally_dcddee65_SGvbYUdy (74a131b7-1c9c-4c30-a04d-a4db81913cb5)
2019-07-14 09:30:58.655 21662 RALLYDEBUG rally_openstack.cleanup.manager [-] Deleting neutron.port object s_rally_dcddee65_ObW4jvMx (75990b37-17ca-4684-9877-bbe67001119f)
2019-07-14 09:30:58.655 21662 RALLYDEBUG rally_openstack.cleanup.manager [-] Deleting neutron.port object s_rally_dcddee65_ACm3FbtK (7609647d-1f87-4566-987e-892a249ac42e)
2019-07-14 09:30:58.859 21662 RALLYDEBUG rally_openstack.cleanup.manager [-] Deleting neutron.port object s_rally_dcddee65_1nxN51SY (77acec81-9ea0-4435-b0e6-32066493c216)
2019-07-14 09:30:58.893 21662 RALLYDEBUG rally_openstack.cleanup.manager [-] Deleting neutron.port object s_rally_dcddee65_DajDY2eE (79d1c0ce-299b-4a81-9ea6-aa82e4f87ba2)
2019-07-14 09:30:58.930 21662 RALLYDEBUG rally_openstack.cleanup.manager [-] Deleting neutron.port object s_rally_dcddee65_cLzP7651 (7a836ebe-b27f-4258-8770-2928086c7813)
2019-07-14 09:30:59.001 21662 RALLYDEBUG rally_openstack.cleanup.manager [-] Deleting neutron.port object s_rally_dcddee65_Vb82mLrL (7b73d7e4-f854-4cec-8420-0f2688ccd937)
2019-07-14 09:30:59.342 21662 RALLYDEBUG rally_openstack.cleanup.manager [-] Deleting neutron.port object s_rally_dcddee65_3F2un66a (7c0d7481-c621-4a72-a92f-03d0fc55a809)
2019-07-14 09:30:59.451 21662 RALLYDEBUG rally_openstack.cleanup.manager [-] Deleting neutron.port object s_rally_dcddee65_grQp7fxr (7cee70d0-7d22-48da-9ea9-a50eb61aa2d4)
2019-07-14 09:30:59.565 21662 RALLYDEBUG rally_openstack.cleanup.manager [-] Deleting neutron.port object s_rally_dcddee65_EdCrADSj (7d473b45-39b3-4a62-a4df-752935cba5c9)
2019-07-14 09:30:59.580 21662 RALLYDEBUG rally_openstack.cleanup.manager [-] Deleting neutron.port object s_rally_dcddee65_jxVx3YX4 (7e307d99-dd50-4c9e-a2d7-4b465544481f)
2019-07-14 09:30:59.940 21662 RALLYDEBUG rally_openstack.cleanup.manager [-] Deleting neutron.port object s_rally_dcddee65_U4TXz8Kh (7ecfdf30-b6f3-47e3-bc0a-4fed6779a154)
2019-07-14 09:30:59.975 21662 RALLYDEBUG rally_openstack.cleanup.manager [-] Deleting neutron.port object s_rally_dcddee65_X6cb5oS5 (81b3a6c4-c414-4fb5-97e6-4d84dc6e6eb1)
2019-07-14 09:31:00.055 21662 RALLYDEBUG rally_openstack.cleanup.manager [-] Deleting neutron.port object s_rally_dcddee65_4HJl9P0h (82e19b69-6f02-4999-aa54-87da1f28d768)
2019-07-14 09:31:00.070 21662 RALLYDEBUG rally_openstack.cleanup.manager [-] Deleting neutron.port object s_rally_dcddee65_fdRmL6fn (8386e887-36a7-4bb7-82bd-97fcc25d580f)
2019-07-14 09:31:00.284 21662 RALLYDEBUG rally_openstack.cleanup.manager [-] Deleting neutron.port object s_rally_dcddee65_ohhAk2kD (85205ec6-796b-4374-b3cb-961b39564319)
2019-07-14 09:31:00.485 21662 RALLYDEBUG rally_openstack.cleanup.manager [-] Deleting neutron.port object s_rally_dcddee65_iTaFVQW9 (8732f35b-2af0-4250-a8da-946a2583eb81)
2019-07-14 09:31:00.611 21662 RALLYDEBUG rally_openstack.cleanup.manager [-] Deleting neutron.port object s_rally_dcddee65_USR0D24u (88d6f4b1-bdd7-4d0a-975b-17c37227a4a5)
2019-07-14 09:31:00.620 21662 RALLYDEBUG rally_openstack.cleanup.manager [-] Deleting neutron.port object s_rally_dcddee65_iEWphIGL (89d539fa-1be0-43e2-ac0a-809c5cdf1ac4)
2019-07-14 09:31:00.656 21662 RALLYDEBUG rally_openstack.cleanup.manager [-] Deleting neutron.port object s_rally_dcddee65_OkbsYQK3 (8b674282-0aa4-413c-9efd-27af4df31869)
2019-07-14 09:31:00.685 21662 RALLYDEBUG rally_openstack.cleanup.manager [-] Deleting neutron.port object s_rally_dcddee65_Xuz7jS7E (8ee7c04c-9e29-4112-b8d2-80f5710c4bfc)
2019-07-14 09:31:00.840 21662 RALLYDEBUG rally_openstack.cleanup.manager [-] Deleting neutron.port object s_rally_dcddee65_IHUOje7Q (8ff47d91-a30d-45ce-9493-0d8646073d8d)
2019-07-14 09:31:01.005 21662 RALLYDEBUG rally_openstack.cleanup.manager [-] Deleting neutron.port object s_rally_dcddee65_PjoFfcIQ (9279b3db-70a7-4675-ac33-575ea98dc6ee)
2019-07-14 09:31:01.180 21662 RALLYDEBUG rally_openstack.cleanup.manager [-] Deleting neutron.port object s_rally_dcddee65_p11hqWra (931e8bf0-8aa4-4581-9340-f85da02b45e8)
2019-07-14 09:31:01.223 21662 RALLYDEBUG rally_openstack.cleanup.manager [-] Deleting neutron.port object s_rally_dcddee65_bigQdbbK (9b7b6953-cc85-4be0-bc65-abf326522e50)
2019-07-14 09:31:01.302 21662 RALLYDEBUG rally_openstack.cleanup.manager [-] Deleting neutron.port object s_rally_dcddee65_0jkbEnVJ (9c0b2e4c-6882-40ae-ad69-58a7d722e3d9)
2019-07-14 09:31:01.384 21662 RALLYDEBUG rally_openstack.cleanup.manager [-] Deleting neutron.port object s_rally_dcddee65_6h0viXD4 (9e5d9cfa-7248-4ce5-9304-1ab0ce2f6b44)
2019-07-14 09:31:01.405 21662 RALLYDEBUG rally_openstack.cleanup.manager [-] Deleting neutron.port object s_rally_dcddee65_ge4pW5W3 (9edfb5f2-b0b5-4bf1-bdd9-a1e58dc42f09)
2019-07-14 09:31:01.613 21662 RALLYDEBUG rally_openstack.cleanup.manager [-] Deleting neutron.port object s_rally_dcddee65_FEyowK94 (9ee4e35e-3905-49bf-b341-3dd741e6be14)
2019-07-14 09:31:01.726 21662 RALLYDEBUG rally_openstack.cleanup.manager [-] Deleting neutron.port object s_rally_dcddee65_uaLHpV8b (9fc989f8-91a0-49f6-8ca4-c7cfdcc19fbd)
2019-07-14 09:31:01.832 21662 RALLYDEBUG rally_openstack.cleanup.manager [-] Deleting neutron.port object s_rally_dcddee65_ovJKePhS (a0cc1771-8670-45d3-8667-fa084653ffbb)
2019-07-14 09:31:01.933 21662 RALLYDEBUG rally_openstack.cleanup.manager [-] Deleting neutron.port object s_rally_dcddee65_5tvXjGqy (a1f0d8d5-9aad-4faf-964b-4cf05f2099a9)
2019-07-14 09:31:02.000 21662 RALLYDEBUG rally_openstack.cleanup.manager [-] Deleting neutron.port object s_rally_dcddee65_u7JYMfz3 (a4300e07-a06e-4090-bc5b-255f7d3ee5ff)
2019-07-14 09:31:02.068 21662 RALLYDEBUG rally_openstack.cleanup.manager [-] Deleting neutron.port object s_rally_dcddee65_feF6OT3j (a4f4be57-6d63-4638-8d33-5dacd5cd7f48)
2019-07-14 09:31:02.341 21662 RALLYDEBUG rally_openstack.cleanup.manager [-] Deleting neutron.port object s_rally_dcddee65_n7jnXswf (a5b4eb76-de3c-44fa-8cd0-7e63b3b0b875)
2019-07-14 09:31:02.376 21662 RALLYDEBUG rally_openstack.cleanup.manager [-] Deleting neutron.port object s_rally_dcddee65_oGc9lV7i (a68e3a24-63bb-4b32-ac63-1e4b7600bce3)
2019-07-14 09:31:02.443 21662 RALLYDEBUG rally_openstack.cleanup.manager [-] Deleting neutron.port object s_rally_dcddee65_Lx43GJmo (a9f82528-f5e9-40cb-9a2b-60702c9854bf)
2019-07-14 09:31:02.615 21662 RALLYDEBUG rally_openstack.cleanup.manager [-] Deleting neutron.port object s_rally_dcddee65_RN7nkirM (aade276c-2365-498e-9c75-073ba6827114)
2019-07-14 09:31:02.697 21662 RALLYDEBUG rally_openstack.cleanup.manager [-] Deleting neutron.port object s_rally_dcddee65_RDMo3uka (ad4e79a7-f8c3-4734-a521-8bb14545487d)
2019-07-14 09:31:02.905 21662 RALLYDEBUG rally_openstack.cleanup.manager [-] Deleting neutron.port object s_rally_dcddee65_W5CaYn8V (b0e2e7c7-f5b5-4779-8ec9-85307319f09f)
2019-07-14 09:31:03.050 21662 RALLYDEBUG rally_openstack.cleanup.manager [-] Deleting neutron.port object s_rally_dcddee65_3KDcCa4P (b203f09c-2237-49ab-ad13-d70cce2803e6)
2019-07-14 09:31:03.062 21662 RALLYDEBUG rally_openstack.cleanup.manager [-] Deleting neutron.port object s_rally_dcddee65_X1TPAXYB (b22e66bf-6901-442a-ad72-008a8d1c331b)
2019-07-14 09:31:03.275 21662 RALLYDEBUG rally_openstack.cleanup.manager [-] Deleting neutron.port object s_rally_dcddee65_k4xqs7Gq (b3092969-9e86-4f7d-8bca-4023df48abf6)
2019-07-14 09:31:03.498 21662 RALLYDEBUG rally_openstack.cleanup.manager [-] Deleting neutron.port object s_rally_dcddee65_zqH0TFXj (b3a182fa-74bd-4dab-ac6a-dfb528e9b2fe)
2019-07-14 09:31:03.530 21662 RALLYDEBUG rally_openstack.cleanup.manager [-] Deleting neutron.port object s_rally_dcddee65_qfw0uscr (b8c1274f-ae7c-4636-9a02-1b000bed51e2)
2019-07-14 09:31:03.585 21662 RALLYDEBUG rally_openstack.cleanup.manager [-] Deleting neutron.port object s_rally_dcddee65_cqKkE8Ee (b91dd281-3130-4f55-9d3c-93b636c597b4)
2019-07-14 09:31:03.702 21662 RALLYDEBUG rally_openstack.cleanup.manager [-] Deleting neutron.port object s_rally_dcddee65_1KTxN4WR (ba925c19-f985-4a9d-ab81-1d430fbb31c9)
2019-07-14 09:31:03.930 21662 RALLYDEBUG rally_openstack.cleanup.manager [-] Deleting neutron.port object s_rally_dcddee65_4bi78sBQ (bc760cd6-c589-42c5-8867-c844fa6c6365)
2019-07-14 09:31:04.115 21662 RALLYDEBUG rally_openstack.cleanup.manager [-] Deleting neutron.port object s_rally_dcddee65_N1Rfx44M (bd7282e4-f1b2-4714-93a3-5477ef368da4)
2019-07-14 09:31:04.127 21662 RALLYDEBUG rally_openstack.cleanup.manager [-] Deleting neutron.port object s_rally_dcddee65_GT9yv23P (bdaa8b2e-7126-4791-a374-6d59fe20e36e)
2019-07-14 09:31:04.193 21662 RALLYDEBUG rally_openstack.cleanup.manager [-] Deleting neutron.port object s_rally_dcddee65_6EUBbEgR (bdc574a1-a521-42f2-bf52-e447a1f995eb)
2019-07-14 09:31:04.389 21662 RALLYDEBUG rally_openstack.cleanup.manager [-] Deleting neutron.port object s_rally_dcddee65_v8vkUdS4 (bf0a9a43-b2fb-4929-8af4-09eb4efb6fa0)
2019-07-14 09:31:04.463 21662 RALLYDEBUG rally_openstack.cleanup.manager [-] Deleting neutron.port object s_rally_dcddee65_58KiNhce (bf5d58b8-b8ab-4d82-aec1-acf1654494c0)
2019-07-14 09:31:04.650 21662 RALLYDEBUG rally_openstack.cleanup.manager [-] Deleting neutron.port object s_rally_dcddee65_2nMexIkf (bfba89ff-d796-4959-915e-5304975af66e)
2019-07-14 09:31:04.789 21662 RALLYDEBUG rally_openstack.cleanup.manager [-] Deleting neutron.port object s_rally_dcddee65_SQEF93eg (c0d24907-8962-412d-adad-e010ab3d1169)
2019-07-14 09:31:04.832 21662 RALLYDEBUG rally_openstack.cleanup.manager [-] Deleting neutron.port object s_rally_dcddee65_Rt4hAciB (c1ca26bc-de3d-45b2-8cf3-2fa51263f7c3)
2019-07-14 09:31:04.921 21662 RALLYDEBUG rally_openstack.cleanup.manager [-] Deleting neutron.port object s_rally_dcddee65_IsGp0K8U (c1ce95da-d5cc-4f5e-8703-0ce00a101474)
2019-07-14 09:31:05.017 21662 RALLYDEBUG rally_openstack.cleanup.manager [-] Deleting neutron.port object s_rally_dcddee65_JOpnHmku (c35dc8e1-23be-463d-9862-9c2dcce23d7a)
2019-07-14 09:31:05.178 21662 RALLYDEBUG rally_openstack.cleanup.manager [-] Deleting neutron.port object s_rally_dcddee65_VT6UyIPb (c559e299-a88c-41f5-bd08-5eec82e30bfc)
2019-07-14 09:31:05.232 21662 RALLYDEBUG rally_openstack.cleanup.manager [-] Deleting neutron.port object s_rally_dcddee65_mRoUJr5R (c5b326e3-bda3-4629-afa9-cc320443c004)
2019-07-14 09:31:05.422 21662 RALLYDEBUG rally_openstack.cleanup.manager [-] Deleting neutron.port object s_rally_dcddee65_ZBbyCT2x (c6296f90-02d3-4c6b-8b0f-bd4cdb51c3d9)
2019-07-14 09:31:05.484 21662 RALLYDEBUG rally_openstack.cleanup.manager [-] Deleting neutron.port object s_rally_dcddee65_VqzWunP2 (c79c27ca-b796-45b8-877b-a1c1f9c0c576)
2019-07-14 09:31:05.585 21662 RALLYDEBUG rally_openstack.cleanup.manager [-] Deleting neutron.port object s_rally_dcddee65_Ngk7T5Wi (c7a8e207-dbe8-461f-9e8a-3e161de25c8d)
2019-07-14 09:31:05.645 21662 RALLYDEBUG rally_openstack.cleanup.manager [-] Deleting neutron.port object s_rally_dcddee65_5rnqryW5 (c9e100be-6322-47b9-b3f8-56fcd197c3a7)
2019-07-14 09:31:05.737 21662 RALLYDEBUG rally_openstack.cleanup.manager [-] Deleting neutron.port object s_rally_dcddee65_E31n6F84 (cb30e771-f4d4-431f-8314-2952bcf33cbb)
2019-07-14 09:31:05.909 21662 RALLYDEBUG rally_openstack.cleanup.manager [-] Deleting neutron.port object s_rally_dcddee65_pOerqj33 (cbe65e0e-bf54-4090-b7fe-46d69dff6918)
2019-07-14 09:31:05.957 21662 RALLYDEBUG rally_openstack.cleanup.manager [-] Deleting neutron.port object s_rally_dcddee65_OIHbORKa (cbe9baf0-d435-45ef-a10b-9b4624473b73)
2019-07-14 09:31:06.144 21662 RALLYDEBUG rally_openstack.cleanup.manager [-] Deleting neutron.port object s_rally_dcddee65_U8wRU0z4 (cc8e706b-0247-42c8-9384-d7530bd90467)
2019-07-14 09:31:06.237 21662 RALLYDEBUG rally_openstack.cleanup.manager [-] Deleting neutron.port object s_rally_dcddee65_D0xkZjmH (cd1ff2fd-e4b8-4e25-85f6-6a4445bf5aec)
2019-07-14 09:31:06.274 21662 RALLYDEBUG rally_openstack.cleanup.manager [-] Deleting neutron.port object s_rally_dcddee65_obyXHvSX (cebf411a-6def-49ab-ae5c-0b91625e6719)
2019-07-14 09:31:06.368 21662 RALLYDEBUG rally_openstack.cleanup.manager [-] Deleting neutron.port object s_rally_dcddee65_VKq762mJ (cf8adf87-8421-4181-8271-748885cfde8a)
2019-07-14 09:31:06.384 21662 RALLYDEBUG rally_openstack.cleanup.manager [-] Deleting neutron.port object s_rally_dcddee65_8LDHsbPU (d04e40bf-4d4a-4839-8644-7936fb2dc9af)
2019-07-14 09:31:06.706 21662 RALLYDEBUG rally_openstack.cleanup.manager [-] Deleting neutron.port object s_rally_dcddee65_sEV1p1G9 (d198f246-a6f6-4904-9cd6-120c91eb4626)
2019-07-14 09:31:06.979 21662 RALLYDEBUG rally_openstack.cleanup.manager [-] Deleting neutron.port object s_rally_dcddee65_pz4kkybe (d1ff128e-eda5-4477-a908-d866e38f3edd)
2019-07-14 09:31:07.066 21662 RALLYDEBUG rally_openstack.cleanup.manager [-] Deleting neutron.port object s_rally_dcddee65_tuj9cWot (d3150175-78c8-42b1-8fc9-4320d3dc7340)
2019-07-14 09:31:07.082 21662 RALLYDEBUG rally_openstack.cleanup.manager [-] Deleting neutron.port object s_rally_dcddee65_qOMgiKcv (d32cc568-45d1-490d-87da-272c818863f2)
2019-07-14 09:31:07.158 21662 RALLYDEBUG rally_openstack.cleanup.manager [-] Deleting neutron.port object s_rally_dcddee65_OXEUURxE (d4b65d66-c02e-4a3e-9a31-6b9ec52e4b30)
2019-07-14 09:31:07.315 21662 RALLYDEBUG rally_openstack.cleanup.manager [-] Deleting neutron.port object s_rally_dcddee65_tOWMDj1j (d73df472-88c0-46de-8bcd-3d5c67d6ca7c)
2019-07-14 09:31:07.463 21662 RALLYDEBUG rally_openstack.cleanup.manager [-] Deleting neutron.port object s_rally_dcddee65_u4cgJ50Z (d87b0d21-f08f-4500-a89e-52f6785ccf95)
2019-07-14 09:31:07.653 21662 RALLYDEBUG rally_openstack.cleanup.manager [-] Deleting neutron.port object s_rally_dcddee65_A2YAeU1a (d9258e9a-b8c8-4c24-a274-b8f0967c3869)
2019-07-14 09:31:07.721 21662 RALLYDEBUG rally_openstack.cleanup.manager [-] Deleting neutron.port object s_rally_dcddee65_guRYPNBi (d9fc7a9d-63b9-438d-bad2-dea4c438b1e3)
2019-07-14 09:31:07.959 21662 RALLYDEBUG rally_openstack.cleanup.manager [-] Deleting neutron.port object s_rally_dcddee65_w1eeLFg9 (da5a43c6-b51d-497b-b869-48bc966b37ac)
2019-07-14 09:31:07.975 21662 RALLYDEBUG rally_openstack.cleanup.manager [-] Deleting neutron.port object s_rally_dcddee65_Wv5huMbv (dc660dd7-f0b1-45ce-9ed6-bea931932930)
2019-07-14 09:31:08.042 21662 RALLYDEBUG rally_openstack.cleanup.manager [-] Deleting neutron.port object s_rally_dcddee65_iILk3P6G (dcc64cc9-0c98-4a0f-8dd2-1e4ab8c10b4d)
2019-07-14 09:31:08.216 21662 RALLYDEBUG rally_openstack.cleanup.manager [-] Deleting neutron.port object s_rally_dcddee65_FXFxLq4U (dd7b4ca3-3e72-40c3-8dec-1df564c5e21e)
2019-07-14 09:31:08.270 21662 RALLYDEBUG rally_openstack.cleanup.manager [-] Deleting neutron.port object s_rally_dcddee65_KeLyhDV6 (dee60b7f-f2fd-4656-8e5d-40ee29d2772a)
2019-07-14 09:31:08.402 21662 RALLYDEBUG rally_openstack.cleanup.manager [-] Deleting neutron.port object s_rally_dcddee65_RqMIW1u1 (df17bfd3-1363-4b74-b2f1-448e194e498c)
2019-07-14 09:31:08.405 21662 RALLYDEBUG rally_openstack.cleanup.manager [-] Deleting neutron.port object s_rally_dcddee65_9upavy4N (dfa56dec-f2a5-4ec1-92e7-d6806ce832cf)
2019-07-14 09:31:08.505 21662 RALLYDEBUG rally_openstack.cleanup.manager [-] Deleting neutron.port object s_rally_dcddee65_iio3jdGp (e1b00ea0-8819-4c2b-ad36-096735e32084)
2019-07-14 09:31:08.525 21662 RALLYDEBUG rally_openstack.cleanup.manager [-] Deleting neutron.port object s_rally_dcddee65_HdAhoDeU (e22da205-16c0-4c57-878e-8deb072518a4)
2019-07-14 09:31:08.609 21662 RALLYDEBUG rally_openstack.cleanup.manager [-] Deleting neutron.port object s_rally_dcddee65_Dt1bGfAF (e2e62002-132a-402c-a449-be5b1cf77e63)
2019-07-14 09:31:08.785 21662 RALLYDEBUG rally_openstack.cleanup.manager [-] Deleting neutron.port object s_rally_dcddee65_G6LLK17v (e31b95b7-7d4c-447a-b507-5bba7e7a2bc7)
2019-07-14 09:31:09.036 21662 RALLYDEBUG rally_openstack.cleanup.manager [-] Deleting neutron.port object s_rally_dcddee65_jZCJHFjF (e32ecb3f-8b72-4bb7-a499-1cd19242581e)
2019-07-14 09:31:09.119 21662 RALLYDEBUG rally_openstack.cleanup.manager [-] Deleting neutron.port object s_rally_dcddee65_GRW0qMyj (e7d5ffb1-14cd-4f32-86dd-eb57b3a46c67)
2019-07-14 09:31:09.216 21662 RALLYDEBUG rally_openstack.cleanup.manager [-] Deleting neutron.port object s_rally_dcddee65_h9qgO4Qr (e8d9972a-8e7d-445b-8f41-466aea596cc6)
2019-07-14 09:31:09.237 21662 RALLYDEBUG rally_openstack.cleanup.manager [-] Deleting neutron.port object s_rally_dcddee65_8uPWOPRk (e8f9f4ef-ad29-4c51-a657-83554a719738)
2019-07-14 09:31:09.290 21662 RALLYDEBUG rally_openstack.cleanup.manager [-] Deleting neutron.port object s_rally_dcddee65_DBCGR5tj (ec6458a3-2597-4b34-8e74-1b0e2ba18ebd)
2019-07-14 09:31:09.471 21662 RALLYDEBUG rally_openstack.cleanup.manager [-] Deleting neutron.port object s_rally_dcddee65_p351myBL (eeb068ed-d446-40e1-923d-60cd4c3285fa)
2019-07-14 09:31:09.806 21662 RALLYDEBUG rally_openstack.cleanup.manager [-] Deleting neutron.port object s_rally_dcddee65_2ac8hzZ9 (ef431bb7-7f0b-476c-92c4-532faeab9276)
2019-07-14 09:31:09.825 21662 RALLYDEBUG rally_openstack.cleanup.manager [-] Deleting neutron.port object s_rally_dcddee65_ZbQA39Il (efac9ee7-6803-4e34-81fa-c9a923c1b529)
2019-07-14 09:31:09.869 21662 RALLYDEBUG rally_openstack.cleanup.manager [-] Deleting neutron.port object s_rally_dcddee65_o77XB86n (efb741b1-0c9b-4997-a6cf-6a36fe5b741b)
2019-07-14 09:31:09.954 21662 RALLYDEBUG rally_openstack.cleanup.manager [-] Deleting neutron.port object s_rally_dcddee65_MY2xnoxF (f48af06c-b5f4-469a-a7c6-dee85d72e493)
2019-07-14 09:31:10.161 21662 RALLYDEBUG rally_openstack.cleanup.manager [-] Deleting neutron.port object s_rally_dcddee65_EEu3aQUf (f4f8d7e4-81e0-4abd-8cef-c3244dba3755)
2019-07-14 09:31:10.257 21662 RALLYDEBUG rally_openstack.cleanup.manager [-] Deleting neutron.port object s_rally_dcddee65_79HdcMYh (f52b8c23-08ee-4784-ac03-f095c18439bd)
2019-07-14 09:31:10.341 21662 RALLYDEBUG rally_openstack.cleanup.manager [-] Deleting neutron.port object s_rally_dcddee65_0U36xxME (f601a448-0e5e-4d6d-8891-857d296cbd07)
2019-07-14 09:31:10.530 21662 RALLYDEBUG rally_openstack.cleanup.manager [-] Deleting neutron.port object s_rally_dcddee65_8JdTraTi (f6ed4ffb-eda7-4768-a7d3-edda951088e6)
2019-07-14 09:31:10.558 21662 RALLYDEBUG rally_openstack.cleanup.manager [-] Deleting neutron.port object s_rally_dcddee65_Od3SpBI4 (f8315d33-8da8-4f09-87ac-ee95fbb27a7c)
2019-07-14 09:31:10.580 21662 RALLYDEBUG rally_openstack.cleanup.manager [-] Deleting neutron.port object s_rally_dcddee65_EIu0lqNX (f935973c-a57c-4b7e-a5df-e995bb31fde1)
2019-07-14 09:31:10.819 21662 RALLYDEBUG rally_openstack.cleanup.manager [-] Deleting neutron.port object s_rally_dcddee65_lEjJHnMo (f9d40b92-ddab-437e-8fcf-584716475e34)
2019-07-14 09:31:10.936 21662 RALLYDEBUG rally_openstack.cleanup.manager [-] Deleting neutron.port object s_rally_dcddee65_GRFAGAni (fc3bf350-4b15-4c8a-96b0-68a0f14f2d63)
2019-07-14 09:31:10.982 21662 RALLYDEBUG rally_openstack.cleanup.manager [-] Deleting neutron.port object s_rally_dcddee65_CJy9xCT9 (fc9ba276-18a9-4087-be9b-0905a72ed13b)
2019-07-14 09:31:10.998 21662 RALLYDEBUG rally_openstack.cleanup.manager [-] Deleting neutron.port object s_rally_dcddee65_3V0jJQnq (fcf057ea-3c21-458b-8bfd-5b1f60063e66)
2019-07-14 09:31:13.302 21662 RALLYDEBUG rally_openstack.cleanup.manager [-] Cleaning up neutron subnet objects
2019-07-14 09:31:13.729 21662 RALLYDEBUG rally_openstack.cleanup.manager [-] Cleaning up neutron network objects
2019-07-14 09:31:14.261 21662 RALLYDEBUG rally_openstack.cleanup.manager [-] Deleting neutron.network object s_rally_dcddee65_OmQwSow5 (00b76be4-9e30-4b6c-af16-7ba7dc8843ed)
2019-07-14 09:31:14.274 21662 RALLYDEBUG rally_openstack.cleanup.manager [-] Deleting neutron.network object s_rally_dcddee65_PUSEsOuX (0116f63a-0caf-4d94-99e1-f4102e213a70)
2019-07-14 09:31:14.276 21662 RALLYDEBUG rally_openstack.cleanup.manager [-] Deleting neutron.network object s_rally_dcddee65_zzoUWLpm (067281d5-4b3d-49ce-b1f2-124e9b2db463)
2019-07-14 09:31:14.288 21662 RALLYDEBUG rally_openstack.cleanup.manager [-] Deleting neutron.network object s_rally_dcddee65_ToeXd3Ny (12767b22-2f65-494e-8936-e0c0b1bc756e)
2019-07-14 09:31:14.290 21662 RALLYDEBUG rally_openstack.cleanup.manager [-] Deleting neutron.network object s_rally_dcddee65_nGRpMZJM (092d9cef-c84e-4dba-b6b5-1113d5c2c2d4)
2019-07-14 09:31:14.301 21662 RALLYDEBUG rally_openstack.cleanup.manager [-] Deleting neutron.network object s_rally_dcddee65_iMx2bYNl (2d75dab5-bcdd-42c6-b37e-77ed59999d92)
2019-07-14 09:31:14.309 21662 RALLYDEBUG rally_openstack.cleanup.manager [-] Deleting neutron.network object s_rally_dcddee65_92y7U1EC (2c1c952a-4e32-47d2-8d3e-be94bb069895)
2019-07-14 09:31:14.341 21662 RALLYDEBUG rally_openstack.cleanup.manager [-] Deleting neutron.network object s_rally_dcddee65_YRoahqT3 (3a044802-2dc6-4ca0-b301-8bf89568cc21)
2019-07-14 09:31:14.347 21662 RALLYDEBUG rally_openstack.cleanup.manager [-] Deleting neutron.network object s_rally_dcddee65_HZKkweao (3424b7ec-d8ec-4a42-8527-7d10a261815e)
2019-07-14 09:31:14.404 21662 RALLYDEBUG rally_openstack.cleanup.manager [-] Deleting neutron.network object s_rally_dcddee65_ua8pGa4f (3c90afd6-3ee5-4de9-82fd-f5c03ff98b7f)
2019-07-14 09:31:14.412 21662 RALLYDEBUG rally_openstack.cleanup.manager [-] Deleting neutron.network object s_rally_dcddee65_0XHHLok1 (52c8d2db-bd7f-4b8e-8d72-1f9e1ae7eada)
2019-07-14 09:31:14.434 21662 RALLYDEBUG rally_openstack.cleanup.manager [-] Deleting neutron.network object s_rally_dcddee65_zvBbgjle (41350d7e-1b07-4097-b3cc-59afb6cbfc02)
2019-07-14 09:31:14.460 21662 RALLYDEBUG rally_openstack.cleanup.manager [-] Deleting neutron.network object s_rally_dcddee65_YZGcJvbf (625c463b-1b65-411c-8671-9611ab6ebb04)
2019-07-14 09:31:14.463 21662 RALLYDEBUG rally_openstack.cleanup.manager [-] Deleting neutron.network object s_rally_dcddee65_Lq37CZlg (6ca98f60-0a62-4a31-a280-ef010f00997d)
2019-07-14 09:31:14.464 21662 RALLYDEBUG rally_openstack.cleanup.manager [-] Deleting neutron.network object s_rally_dcddee65_Zs6fnkg1 (534d7e92-7d55-44f7-85f2-dab9cbb4a812)
2019-07-14 09:31:14.463 21662 RALLYDEBUG rally_openstack.cleanup.manager [-] Deleting neutron.network object s_rally_dcddee65_yBUlRrgp (6f1374be-3f9c-4833-b3c2-7d1e8117c939)
2019-07-14 09:31:14.467 21662 RALLYDEBUG rally_openstack.cleanup.manager [-] Deleting neutron.network object s_rally_dcddee65_svbWcSCC (6e978f24-1700-480f-9b79-deb2be57d59b)
2019-07-14 09:31:14.472 21662 RALLYDEBUG rally_openstack.cleanup.manager [-] Deleting neutron.network object s_rally_dcddee65_AbTRg2XY (6cd7ae2f-d39b-41c5-8e67-40ab08d68f1e)
2019-07-14 09:31:14.542 21662 RALLYDEBUG rally_openstack.cleanup.manager [-] Deleting neutron.network object s_rally_dcddee65_4oaYzy4P (6edf3e35-5885-4a30-9c91-31c966f32b57)
2019-07-14 09:31:14.551 21662 RALLYDEBUG rally_openstack.cleanup.manager [-] Deleting neutron.network object s_rally_dcddee65_Ge9Et0k4 (824a7065-7e5b-43a0-95e4-234f87a40ebb)
2019-07-14 09:31:16.825 21662 RALLYDEBUG rally_openstack.cleanup.manager [-] Deleting neutron.network object s_rally_dcddee65_RTqhxsgI (829a43e5-bb9a-4e71-8c81-06555917c5cc)
2019-07-14 09:31:16.921 21662 RALLYDEBUG rally_openstack.cleanup.manager [-] Deleting neutron.network object s_rally_dcddee65_I4Qn2oPP (83d2eac0-45b1-445a-9921-2ad1bca5a2ed)
2019-07-14 09:31:17.096 21662 RALLYDEBUG rally_openstack.cleanup.manager [-] Deleting neutron.network object s_rally_dcddee65_p350PrZp (84e808cc-9c64-400c-86ed-995a964b9ce7)
2019-07-14 09:31:17.186 21662 RALLYDEBUG rally_openstack.cleanup.manager [-] Deleting neutron.network object s_rally_dcddee65_jyLSHZsG (8ad89820-ead6-489d-9feb-c9d38ac87809)
2019-07-14 09:31:17.241 21662 RALLYDEBUG rally_openstack.cleanup.manager [-] Deleting neutron.network object s_rally_dcddee65_8ybulFTs (8c4a1b07-00b3-40d0-b45f-87d7969dbaeb)
2019-07-14 09:31:17.291 21662 RALLYDEBUG rally_openstack.cleanup.manager [-] Deleting neutron.network object s_rally_dcddee65_fEBP8zsf (8d0f2618-9b28-4cb8-8e43-8ba56e10235e)
2019-07-14 09:31:17.359 21662 RALLYDEBUG rally_openstack.cleanup.manager [-] Deleting neutron.network object s_rally_dcddee65_1EeF2dgW (947361d2-9290-4456-8ee8-711f5ddb2c59)
2019-07-14 09:31:17.381 21662 RALLYDEBUG rally_openstack.cleanup.manager [-] Deleting neutron.network object s_rally_dcddee65_mWEnJh21 (94e22ec7-af64-4a28-883d-ff852c71996f)
2019-07-14 09:31:17.415 21662 RALLYDEBUG rally_openstack.cleanup.manager [-] Deleting neutron.network object s_rally_dcddee65_NvgbiEQ8 (9c421b52-260f-4253-ba2c-4014d59ab095)
2019-07-14 09:31:17.428 21662 RALLYDEBUG rally_openstack.cleanup.manager [-] Deleting neutron.network object s_rally_dcddee65_EMymwqgu (9cad105e-55d0-4246-8842-f033f888982f)
2019-07-14 09:31:17.541 21662 RALLYDEBUG rally_openstack.cleanup.manager [-] Deleting neutron.network object s_rally_dcddee65_aUu8gDVW (a38cedcc-0d72-43ab-8cde-f9bf882b2564)
2019-07-14 09:31:17.582 21662 RALLYDEBUG rally_openstack.cleanup.manager [-] Deleting neutron.network object s_rally_dcddee65_seKfOmxf (a4a37b30-b6d2-4a4f-912e-098c9b5e8688)
2019-07-14 09:31:17.655 21662 RALLYDEBUG rally_openstack.cleanup.manager [-] Deleting neutron.network object s_rally_dcddee65_vRjUZ9tZ (ab925175-5b2a-4e17-8328-80fb43ade12c)
2019-07-14 09:31:17.655 21662 RALLYDEBUG rally_openstack.cleanup.manager [-] Deleting neutron.network object s_rally_dcddee65_4hgxmVFP (b33df26d-72e4-4932-99ac-db5cb089d0d2)
2019-07-14 09:31:17.661 21662 RALLYDEBUG rally_openstack.cleanup.manager [-] Deleting neutron.network object s_rally_dcddee65_EzQY4Gnt (c40a5206-0562-4ce7-8415-162c9ed3fb55)
2019-07-14 09:31:17.721 21662 RALLYDEBUG rally_openstack.cleanup.manager [-] Deleting neutron.network object s_rally_dcddee65_fj3ab77N (d3331f81-c933-4534-9077-af82beb6558a)
2019-07-14 09:31:17.748 21662 RALLYDEBUG rally_openstack.cleanup.manager [-] Deleting neutron.network object s_rally_dcddee65_ya34kgoF (e0e63abb-afa8-4824-9b86-fa8de4fb6576)
2019-07-14 09:31:17.760 21662 RALLYDEBUG rally_openstack.cleanup.manager [-] Deleting neutron.network object s_rally_dcddee65_J5ElsZYW (e3c4d4f2-5439-4a4b-81ca-7152c65994c8)
2019-07-14 09:31:17.803 21662 RALLYDEBUG rally_openstack.cleanup.manager [-] Deleting neutron.network object s_rally_dcddee65_YgYVu3uU (ea9b39cc-a9b4-4683-a012-499be6a1e5ce)
2019-07-14 09:31:18.101 21662 RALLYDEBUG rally_openstack.cleanup.manager [-] Deleting neutron.network object s_rally_dcddee65_Xc1kvEqn (f37e781b-1138-4f8d-b55d-24ab94b5999e)
2019-07-14 09:31:21.266 21662 RALLYDEBUG rally_openstack.cleanup.manager [-] Cleaning up neutron router objects
2019-07-14 09:31:21.713 21662 RALLYDEBUG rally_openstack.cleanup.manager [-] Cleaning up neutron security_group objects
2019-07-14 09:31:22.132 21662 INFO rally.task.context [-] Task 2fcb4d44-090b-4c3d-b747-e5f780bbc9dc | Context cleanup@openstack cleanup() finished in 35.63 sec
2019-07-14 09:31:22.133 21662 INFO rally.task.context [-] Task 2fcb4d44-090b-4c3d-b747-e5f780bbc9dc | Context quotas@openstack cleanup() started
2019-07-14 09:31:22.211 21662 INFO rally.task.context [-] Task 2fcb4d44-090b-4c3d-b747-e5f780bbc9dc | Context quotas@openstack cleanup() finished in 78.57 msec
2019-07-14 09:31:22.212 21662 INFO rally.task.context [-] Task 2fcb4d44-090b-4c3d-b747-e5f780bbc9dc | Context users@openstack cleanup() started
2019-07-14 09:31:24.977 21662 INFO rally.task.context [-] Task 2fcb4d44-090b-4c3d-b747-e5f780bbc9dc | Context users@openstack cleanup() finished in 2.77 sec
2019-07-14 09:31:25.047 21662 INFO rally.task.engine [-] Load duration is: 24.786051
2019-07-14 09:31:25.047 21662 INFO rally.task.engine [-] Full runner duration is: 24.839669
2019-07-14 09:31:25.048 21662 INFO rally.task.engine [-] Full duration is: 66.283871
2019-07-14 09:31:25.354 21662 INFO rally.task.engine [-] Running workload: position = 2 config = { "version": 2, "title": "A cropped version of a bigger task.", "description": "Auto-generated task from a single workload (uuid=603ece1c-6b70-4d52-8e6c-bdfa419c3918)", "subtasks": [ { "title": "NeutronNetworks.create_and_delete_ports", "description": "Create and delete a port.", "scenario": { "NeutronNetworks.create_and_delete_ports": { "network_create_args": {}, "port_create_args": {}, "ports_per_network": 5 } }, "contexts": { "users": { "tenants": 1, "users_per_tenant": 1 }, "quotas": { "neutron": { "network": -1, "port": -1 } } }, "runner": { "constant": { "times": 40, "concurrency": 20 } }, "hooks": [], "sla": { "failure_rate": { "max": 0 } } } ] }
2019-07-14 09:31:25.381 21662 RALLYDEBUG rally_openstack.contexts.keystone.users [-] Creating 1 tenants using 20 threads
2019-07-14 09:31:26.323 21662 RALLYDEBUG rally_openstack.contexts.keystone.users [-] Creating 1 users using 20 threads
2019-07-14 09:31:27.707 21662 INFO rally.task.context [-] Task 2fcb4d44-090b-4c3d-b747-e5f780bbc9dc | Context users@openstack setup() finished in 2.33 sec
2019-07-14 09:31:28.273 21662 INFO rally.task.context [-] Task 2fcb4d44-090b-4c3d-b747-e5f780bbc9dc | Context quotas@openstack setup() finished in 0.57 sec
2019-07-14 09:31:28.273 21662 INFO rally.task.context [-] Task 2fcb4d44-090b-4c3d-b747-e5f780bbc9dc | Context cleanup@openstack setup() finished in 0.01 msec
2019-07-14 09:31:28.284 21662 RALLYDEBUG rally.task.runner [-] Starting the constant runner (task UUID: 2fcb4d44-090b-4c3d-b747-e5f780bbc9dc). timeout: 0 concurrency: 20 concurrency_per_worker: 1 times: 40 concurrency_overhead: 4 processes_to_start: 16 max_cpu_used: 16
2019-07-14 09:31:28.299 25908 RALLYDEBUG rally.task.runner [-] Starting a worker. concurrency: 2 args: {"network_create_args": {}, "port_create_args": {}, "ports_per_network": 5} times: 40 method_name: run timeout: 0 duration: None cls:
2019-07-14 09:31:28.302 25909 RALLYDEBUG rally.task.runner [-] Starting a worker. concurrency: 2 args: {"network_create_args": {}, "port_create_args": {}, "ports_per_network": 5} times: 40 method_name: run timeout: 0 duration: None cls:
2019-07-14 09:31:28.305 25910 RALLYDEBUG rally.task.runner [-] Starting a worker. concurrency: 2 args: {"network_create_args": {}, "port_create_args": {}, "ports_per_network": 5} times: 40 method_name: run timeout: 0 duration: None cls:
2019-07-14 09:31:28.308 25908 INFO rally.task.runner [-] Task 2fcb4d44-090b-4c3d-b747-e5f780bbc9dc | ITER: 1 START
2019-07-14 09:31:28.309 25911 RALLYDEBUG rally.task.runner [-] Starting a worker. concurrency: 2 args: {"network_create_args": {}, "port_create_args": {}, "ports_per_network": 5} times: 40 method_name: run timeout: 0 duration: None cls:
2019-07-14 09:31:28.311 25909 INFO rally.task.runner [-] Task 2fcb4d44-090b-4c3d-b747-e5f780bbc9dc | ITER: 2 START
2019-07-14 09:31:28.310 25908 WARNING rally_openstack.scenarios.neutron.utils [-] Running this scenario without either the 'network' or 'existing_network' context is deprecated
2019-07-14 09:31:28.313 25912 RALLYDEBUG rally.task.runner [-] Starting a worker. concurrency: 1 args: {"network_create_args": {}, "port_create_args": {}, "ports_per_network": 5} times: 40 method_name: run timeout: 0 duration: None cls:
2019-07-14 09:31:28.313 25909 WARNING rally_openstack.scenarios.neutron.utils [-] Running this scenario without either the 'network' or 'existing_network' context is deprecated
2019-07-14 09:31:28.316 25917 RALLYDEBUG rally.task.runner [-] Starting a worker. concurrency: 1 args: {"network_create_args": {}, "port_create_args": {}, "ports_per_network": 5} times: 40 method_name: run timeout: 0 duration: None cls:
2019-07-14 09:31:28.316 25910 INFO rally.task.runner [-] Task 2fcb4d44-090b-4c3d-b747-e5f780bbc9dc | ITER: 5 START
2019-07-14 09:31:28.318 25910 INFO rally.task.runner [-] Task 2fcb4d44-090b-4c3d-b747-e5f780bbc9dc | ITER: 7 START
2019-07-14 09:31:28.320 25911 INFO rally.task.runner [-] Task 2fcb4d44-090b-4c3d-b747-e5f780bbc9dc | ITER: 6 START
2019-07-14 09:31:28.320 25910 WARNING rally_openstack.scenarios.neutron.utils [-] Running this scenario without either the 'network' or 'existing_network' context is deprecated
2019-07-14 09:31:28.322 25917 INFO rally.task.runner [-] Task 2fcb4d44-090b-4c3d-b747-e5f780bbc9dc | ITER: 10 START
2019-07-14 09:31:28.323 25911 WARNING rally_openstack.scenarios.neutron.utils [-] Running this scenario without either the 'network' or 'existing_network' context is deprecated
2019-07-14 09:31:28.323 25912 INFO rally.task.runner [-] Task 2fcb4d44-090b-4c3d-b747-e5f780bbc9dc | ITER: 8 START
2019-07-14 09:31:28.323 25925 RALLYDEBUG rally.task.runner [-] Starting a worker. concurrency: 1 args: {"network_create_args": {}, "port_create_args": {}, "ports_per_network": 5} times: 40 method_name: run timeout: 0 duration: None cls:
2019-07-14 09:31:28.324 25917 WARNING rally_openstack.scenarios.neutron.utils [-] Running this scenario without either the 'network' or 'existing_network' context is deprecated
2019-07-14 09:31:28.323 25920 RALLYDEBUG rally.task.runner [-] Starting a worker. concurrency: 1 args: {"network_create_args": {}, "port_create_args": {}, "ports_per_network": 5} times: 40 method_name: run timeout: 0 duration: None cls:
2019-07-14 09:31:28.325 25912 WARNING rally_openstack.scenarios.neutron.utils [-] Running this scenario without either the 'network' or 'existing_network' context is deprecated
2019-07-14 09:31:28.326 25909 INFO rally.task.runner [-] Task 2fcb4d44-090b-4c3d-b747-e5f780bbc9dc | ITER: 4 START
2019-07-14 09:31:28.328 25909 WARNING rally_openstack.scenarios.neutron.utils [-] Running this scenario without either the 'network' or 'existing_network' context is deprecated
2019-07-14 09:31:28.328 25908 INFO rally.task.runner [-] Task 2fcb4d44-090b-4c3d-b747-e5f780bbc9dc | ITER: 3 START
2019-07-14 09:31:28.330 25908 WARNING rally_openstack.scenarios.neutron.utils [-] Running this scenario without either the 'network' or 'existing_network' context is deprecated
2019-07-14 09:31:28.329 25929 RALLYDEBUG rally.task.runner [-] Starting a worker. concurrency: 1 args: {"network_create_args": {}, "port_create_args": {}, "ports_per_network": 5} times: 40 method_name: run timeout: 0 duration: None cls:
2019-07-14 09:31:28.330 25925 INFO rally.task.runner [-] Task 2fcb4d44-090b-4c3d-b747-e5f780bbc9dc | ITER: 11 START
2019-07-14 09:31:28.321 25910 WARNING rally_openstack.scenarios.neutron.utils [-] Running this scenario without either the 'network' or 'existing_network' context is deprecated
2019-07-14 09:31:28.331 25920 INFO rally.task.runner [-] Task 2fcb4d44-090b-4c3d-b747-e5f780bbc9dc | ITER: 12 START
2019-07-14 09:31:28.332 25925 WARNING rally_openstack.scenarios.neutron.utils [-] Running this scenario without either the 'network' or 'existing_network' context is deprecated
2019-07-14 09:31:28.332 25911 INFO rally.task.runner [-] Task 2fcb4d44-090b-4c3d-b747-e5f780bbc9dc | ITER: 9 START
2019-07-14 09:31:28.333 25920 WARNING rally_openstack.scenarios.neutron.utils [-] Running this scenario without either the 'network' or 'existing_network' context is deprecated
2019-07-14 09:31:28.333 25933 RALLYDEBUG rally.task.runner [-] Starting a worker. concurrency: 1 args: {"network_create_args": {}, "port_create_args": {}, "ports_per_network": 5} times: 40 method_name: run timeout: 0 duration: None cls:
2019-07-14 09:31:28.333 25911 WARNING rally_openstack.scenarios.neutron.utils [-] Running this scenario without either the 'network' or 'existing_network' context is deprecated
2019-07-14 09:31:28.338 25929 INFO rally.task.runner [-] Task 2fcb4d44-090b-4c3d-b747-e5f780bbc9dc | ITER: 13 START
2019-07-14 09:31:28.340 25929 WARNING rally_openstack.scenarios.neutron.utils [-] Running this scenario without either the 'network' or 'existing_network' context is deprecated
2019-07-14 09:31:28.342 25933 INFO rally.task.runner [-] Task 2fcb4d44-090b-4c3d-b747-e5f780bbc9dc | ITER: 14 START
2019-07-14 09:31:28.344 25933 WARNING rally_openstack.scenarios.neutron.utils [-] Running this scenario without either the 'network' or 'existing_network' context is deprecated
2019-07-14 09:31:28.345 25935 RALLYDEBUG rally.task.runner [-] Starting a worker. concurrency: 1 args: {"network_create_args": {}, "port_create_args": {}, "ports_per_network": 5} times: 40 method_name: run timeout: 0 duration: None cls:
2019-07-14 09:31:28.346 25941 RALLYDEBUG rally.task.runner [-] Starting a worker. concurrency: 1 args: {"network_create_args": {}, "port_create_args": {}, "ports_per_network": 5} times: 40 method_name: run timeout: 0 duration: None cls:
2019-07-14 09:31:28.352 25941 INFO rally.task.runner [-] Task 2fcb4d44-090b-4c3d-b747-e5f780bbc9dc | ITER: 16 START
2019-07-14 09:31:28.354 25941 WARNING rally_openstack.scenarios.neutron.utils [-] Running this scenario without either the 'network' or 'existing_network' context is deprecated
2019-07-14 09:31:28.354 25935 INFO rally.task.runner [-] Task 2fcb4d44-090b-4c3d-b747-e5f780bbc9dc | ITER: 15 START
2019-07-14 09:31:28.357 25935 WARNING rally_openstack.scenarios.neutron.utils [-] Running this scenario without either the 'network' or 'existing_network' context is deprecated
2019-07-14 09:31:28.364 25948 RALLYDEBUG rally.task.runner [-] Starting a worker. concurrency: 1 args: {"network_create_args": {}, "port_create_args": {}, "ports_per_network": 5} times: 40 method_name: run timeout: 0 duration: None cls:
2019-07-14 09:31:28.369 25949 RALLYDEBUG rally.task.runner [-] Starting a worker. concurrency: 1 args: {"network_create_args": {}, "port_create_args": {}, "ports_per_network": 5} times: 40 method_name: run timeout: 0 duration: None cls:
2019-07-14 09:31:28.370 25948 INFO rally.task.runner [-] Task 2fcb4d44-090b-4c3d-b747-e5f780bbc9dc | ITER: 17 START
2019-07-14 09:31:28.372 25948 WARNING rally_openstack.scenarios.neutron.utils [-] Running this scenario without either the 'network' or 'existing_network' context is deprecated
2019-07-14 09:31:28.375 25949 INFO rally.task.runner [-] Task 2fcb4d44-090b-4c3d-b747-e5f780bbc9dc | ITER: 18 START
2019-07-14 09:31:28.374 25950 RALLYDEBUG rally.task.runner [-] Starting a worker. concurrency: 1 args: {"network_create_args": {}, "port_create_args": {}, "ports_per_network": 5} times: 40 method_name: run timeout: 0 duration: None cls:
2019-07-14 09:31:28.377 25949 WARNING rally_openstack.scenarios.neutron.utils [-] Running this scenario without either the 'network' or 'existing_network' context is deprecated
2019-07-14 09:31:28.381 25950 INFO rally.task.runner [-] Task 2fcb4d44-090b-4c3d-b747-e5f780bbc9dc | ITER: 19 START
2019-07-14 09:31:28.381 25954 RALLYDEBUG rally.task.runner [-] Starting a worker. concurrency: 1 args: {"network_create_args": {}, "port_create_args": {}, "ports_per_network": 5} times: 40 method_name: run timeout: 0 duration: None cls:
2019-07-14 09:31:28.382 25950 WARNING rally_openstack.scenarios.neutron.utils [-] Running this scenario without either the 'network' or 'existing_network' context is deprecated
2019-07-14 09:31:28.386 25954 INFO rally.task.runner [-] Task 2fcb4d44-090b-4c3d-b747-e5f780bbc9dc | ITER: 20 START
2019-07-14 09:31:28.387 25954 WARNING rally_openstack.scenarios.neutron.utils [-] Running this scenario without either the 'network' or 'existing_network' context is deprecated
2019-07-14 09:31:38.065 25912 INFO rally.task.runner [-] Task 2fcb4d44-090b-4c3d-b747-e5f780bbc9dc | ITER: 8 END: OK
2019-07-14 09:31:38.069 25912 INFO rally.task.runner [-] Task 2fcb4d44-090b-4c3d-b747-e5f780bbc9dc | ITER: 21 START
2019-07-14 09:31:38.070 25912 WARNING rally_openstack.scenarios.neutron.utils [-] Running this scenario without either the 'network' or 'existing_network' context is deprecated
2019-07-14 09:31:38.233 25950 INFO rally.task.runner [-] Task 2fcb4d44-090b-4c3d-b747-e5f780bbc9dc | ITER: 19 END: OK
2019-07-14 09:31:38.238 25950 INFO rally.task.runner [-] Task 2fcb4d44-090b-4c3d-b747-e5f780bbc9dc | ITER: 22 START
2019-07-14 09:31:38.239 25950 WARNING rally_openstack.scenarios.neutron.utils [-] Running this scenario without either the 'network' or 'existing_network' context is deprecated
2019-07-14 09:31:38.626 25954 INFO rally.task.runner [-] Task 2fcb4d44-090b-4c3d-b747-e5f780bbc9dc | ITER: 20 END: OK
2019-07-14 09:31:38.630 25954 INFO rally.task.runner [-] Task 2fcb4d44-090b-4c3d-b747-e5f780bbc9dc | ITER: 23 START
2019-07-14 09:31:38.631 25954 WARNING rally_openstack.scenarios.neutron.utils [-] Running this scenario without either the 'network' or 'existing_network' context is deprecated
2019-07-14 09:31:38.833 25917 INFO rally.task.runner [-] Task 2fcb4d44-090b-4c3d-b747-e5f780bbc9dc | ITER: 10 END: OK
2019-07-14 09:31:38.838 25917 INFO rally.task.runner [-] Task 2fcb4d44-090b-4c3d-b747-e5f780bbc9dc | ITER: 24 START
2019-07-14 09:31:38.839 25917 WARNING rally_openstack.scenarios.neutron.utils [-] Running this scenario without either the 'network' or 'existing_network' context is deprecated
2019-07-14 09:31:38.902 25911 INFO rally.task.runner [-] Task 2fcb4d44-090b-4c3d-b747-e5f780bbc9dc | ITER: 9 END: OK
2019-07-14 09:31:38.906 25911 INFO rally.task.runner [-] Task 2fcb4d44-090b-4c3d-b747-e5f780bbc9dc | ITER: 25 START
2019-07-14 09:31:38.907 25911 WARNING rally_openstack.scenarios.neutron.utils [-] Running this scenario without either the 'network' or 'existing_network' context is deprecated
2019-07-14 09:31:38.937 25933 INFO rally.task.runner [-] Task 2fcb4d44-090b-4c3d-b747-e5f780bbc9dc | ITER: 14 END: OK
2019-07-14 09:31:38.942 25933 INFO rally.task.runner [-] Task 2fcb4d44-090b-4c3d-b747-e5f780bbc9dc | ITER: 26 START
2019-07-14 09:31:38.942 25933 WARNING rally_openstack.scenarios.neutron.utils [-] Running this scenario without either the 'network' or 'existing_network' context is deprecated
2019-07-14 09:31:39.279 25941 INFO rally.task.runner [-] Task 2fcb4d44-090b-4c3d-b747-e5f780bbc9dc | ITER: 16 END: OK
2019-07-14 09:31:39.283 25941 INFO rally.task.runner [-] Task 2fcb4d44-090b-4c3d-b747-e5f780bbc9dc | ITER: 27 START
2019-07-14 09:31:39.284 25941 WARNING rally_openstack.scenarios.neutron.utils [-] Running this scenario without either the 'network' or 'existing_network' context is deprecated
2019-07-14 09:31:39.467 25929 INFO rally.task.runner [-] Task 2fcb4d44-090b-4c3d-b747-e5f780bbc9dc | ITER: 13 END: OK
2019-07-14 09:31:39.471 25929 INFO rally.task.runner [-] Task 2fcb4d44-090b-4c3d-b747-e5f780bbc9dc | ITER: 28 START
2019-07-14 09:31:39.472 25929 WARNING rally_openstack.scenarios.neutron.utils [-] Running this scenario without either the 'network' or 'existing_network' context is deprecated
2019-07-14 09:31:39.999 25908 INFO rally.task.runner [-] Task 2fcb4d44-090b-4c3d-b747-e5f780bbc9dc | ITER: 1 END: OK
2019-07-14 09:31:40.003 25908 INFO rally.task.runner [-] Task 2fcb4d44-090b-4c3d-b747-e5f780bbc9dc | ITER: 29 START
2019-07-14 09:31:40.004 25908 WARNING rally_openstack.scenarios.neutron.utils [-] Running this scenario without either the 'network' or 'existing_network' context is deprecated
2019-07-14 09:31:40.383 25910 INFO rally.task.runner [-] Task 2fcb4d44-090b-4c3d-b747-e5f780bbc9dc | ITER: 5 END: OK
2019-07-14 09:31:40.388 25910 INFO rally.task.runner [-] Task 2fcb4d44-090b-4c3d-b747-e5f780bbc9dc | ITER: 30 START
2019-07-14 09:31:40.389 25910 WARNING rally_openstack.scenarios.neutron.utils [-] Running this scenario without either the 'network' or 'existing_network' context is deprecated
2019-07-14 09:31:40.433 25908 INFO rally.task.runner [-] Task 2fcb4d44-090b-4c3d-b747-e5f780bbc9dc | ITER: 3 END: OK
2019-07-14 09:31:40.437 25908 INFO rally.task.runner [-] Task 2fcb4d44-090b-4c3d-b747-e5f780bbc9dc | ITER: 31 START
2019-07-14 09:31:40.438 25908 WARNING rally_openstack.scenarios.neutron.utils [-] Running this scenario without either the 'network' or 'existing_network' context is deprecated
2019-07-14 09:31:40.560 25910 INFO rally.task.runner [-] Task 2fcb4d44-090b-4c3d-b747-e5f780bbc9dc | ITER: 7 END: OK
2019-07-14 09:31:40.564 25910 INFO rally.task.runner [-] Task 2fcb4d44-090b-4c3d-b747-e5f780bbc9dc | ITER: 32 START
2019-07-14 09:31:40.565 25910 WARNING rally_openstack.scenarios.neutron.utils [-] Running this scenario without either the 'network' or 'existing_network' context is deprecated
2019-07-14 09:31:41.070 25909 INFO rally.task.runner [-] Task 2fcb4d44-090b-4c3d-b747-e5f780bbc9dc | ITER: 4 END: OK
2019-07-14 09:31:41.074 25909 INFO rally.task.runner [-] Task 2fcb4d44-090b-4c3d-b747-e5f780bbc9dc | ITER: 33 START
2019-07-14 09:31:41.075 25909 WARNING rally_openstack.scenarios.neutron.utils [-] Running this scenario without either the 'network' or 'existing_network' context is deprecated
2019-07-14 09:31:41.100 25920 INFO rally.task.runner [-] Task 2fcb4d44-090b-4c3d-b747-e5f780bbc9dc | ITER: 12 END: OK
2019-07-14 09:31:41.105 25920 INFO rally.task.runner [-] Task 2fcb4d44-090b-4c3d-b747-e5f780bbc9dc | ITER: 34 START
2019-07-14 09:31:41.106 25920 WARNING rally_openstack.scenarios.neutron.utils [-] Running this scenario without either the 'network' or 'existing_network' context is deprecated
2019-07-14 09:31:41.370 25925 INFO rally.task.runner [-] Task 2fcb4d44-090b-4c3d-b747-e5f780bbc9dc | ITER: 11 END: OK
2019-07-14 09:31:41.374 25925 INFO rally.task.runner [-] Task 2fcb4d44-090b-4c3d-b747-e5f780bbc9dc | ITER: 35 START
2019-07-14 09:31:41.375 25925 WARNING rally_openstack.scenarios.neutron.utils [-] Running this scenario without either the 'network' or 'existing_network' context is deprecated
2019-07-14 09:31:41.450 25949 INFO rally.task.runner [-] Task 2fcb4d44-090b-4c3d-b747-e5f780bbc9dc | ITER: 18 END: OK
2019-07-14 09:31:41.455 25949 INFO rally.task.runner [-] Task 2fcb4d44-090b-4c3d-b747-e5f780bbc9dc | ITER: 36 START
2019-07-14 09:31:41.456 25949 WARNING rally_openstack.scenarios.neutron.utils [-] Running this scenario without either the 'network' or 'existing_network' context is deprecated
2019-07-14 09:31:41.707 25909 INFO rally.task.runner [-] Task 2fcb4d44-090b-4c3d-b747-e5f780bbc9dc | ITER: 2 END: OK
2019-07-14 09:31:41.711 25909 INFO rally.task.runner [-] Task 2fcb4d44-090b-4c3d-b747-e5f780bbc9dc | ITER: 37 START
2019-07-14 09:31:41.712 25909 WARNING rally_openstack.scenarios.neutron.utils [-] Running this scenario without either the 'network' or 'existing_network' context is deprecated
2019-07-14 09:31:41.950 25911 INFO rally.task.runner [-] Task 2fcb4d44-090b-4c3d-b747-e5f780bbc9dc | ITER: 6 END: OK
2019-07-14 09:31:41.953 25911 INFO rally.task.runner [-] Task 2fcb4d44-090b-4c3d-b747-e5f780bbc9dc | ITER: 38 START
2019-07-14 09:31:41.954 25911 WARNING rally_openstack.scenarios.neutron.utils [-] Running this scenario without either the 'network' or 'existing_network' context is deprecated
