2019-07-14 09:22:31.422 23761 WARNING rally_openstack.scenarios.neutron.utils [-] Running this scenario without either the 'network' or 'existing_network' context is deprecated
2019-07-14 09:22:31.420 23759 INFO rally.task.runner [-] Task 2fcb4d44-090b-4c3d-b747-e5f780bbc9dc | ITER: 9 START
2019-07-14 09:22:31.422 23759 WARNING rally_openstack.scenarios.neutron.utils [-] Running this scenario without either the 'network' or 'existing_network' context is deprecated
2019-07-14 09:22:31.422 23773 RALLYDEBUG rally.task.runner [-] Starting a worker. concurrency: 1 args: {"network_create_args": {}, "subnet_create_args": {}, "subnet_cidr_start": "1.1.0.0/30", "subnets_per_network": 2} times: 40 method_name: run timeout: 0 duration: None cls:
2019-07-14 09:22:31.413 23756 INFO rally.task.runner [-] Task 2fcb4d44-090b-4c3d-b747-e5f780bbc9dc | ITER: 3 START
2019-07-14 09:22:31.416 23757 INFO rally.task.runner [-] Task 2fcb4d44-090b-4c3d-b747-e5f780bbc9dc | ITER: 5 START
2019-07-14 09:22:31.426 23756 WARNING rally_openstack.scenarios.neutron.utils [-] Running this scenario without either the 'network' or 'existing_network' context is deprecated
2019-07-14 09:22:31.427 23764 INFO rally.task.runner [-] Task 2fcb4d44-090b-4c3d-b747-e5f780bbc9dc | ITER: 10 START
2019-07-14 09:22:31.427 23769 INFO rally.task.runner [-] Task 2fcb4d44-090b-4c3d-b747-e5f780bbc9dc | ITER: 11 START
2019-07-14 09:22:31.428 23757 WARNING rally_openstack.scenarios.neutron.utils [-] Running this scenario without either the 'network' or 'existing_network' context is deprecated
2019-07-14 09:22:31.429 23764 WARNING rally_openstack.scenarios.neutron.utils [-] Running this scenario without either the 'network' or 'existing_network' context is deprecated
2019-07-14 09:22:31.429 23769 WARNING rally_openstack.scenarios.neutron.utils [-] Running this scenario without either the 'network' or 'existing_network' context is deprecated
2019-07-14 09:22:31.423 23759 WARNING rally_openstack.scenarios.neutron.utils [-] Running this scenario without either the 'network' or 'existing_network' context is deprecated
2019-07-14 09:22:31.430 23773 INFO rally.task.runner [-] Task 2fcb4d44-090b-4c3d-b747-e5f780bbc9dc | ITER: 12 START
2019-07-14 09:22:31.431 23779 RALLYDEBUG rally.task.runner [-] Starting a worker. concurrency: 1 args: {"network_create_args": {}, "subnet_create_args": {}, "subnet_cidr_start": "1.1.0.0/30", "subnets_per_network": 2} times: 40 method_name: run timeout: 0 duration: None cls:
2019-07-14 09:22:31.433 23773 WARNING rally_openstack.scenarios.neutron.utils [-] Running this scenario without either the 'network' or 'existing_network' context is deprecated
2019-07-14 09:22:31.437 23785 RALLYDEBUG rally.task.runner [-] Starting a worker. concurrency: 1 args: {"network_create_args": {}, "subnet_create_args": {}, "subnet_cidr_start": "1.1.0.0/30", "subnets_per_network": 2} times: 40 method_name: run timeout: 0 duration: None cls:
2019-07-14 09:22:31.439 23779 INFO rally.task.runner [-] Task 2fcb4d44-090b-4c3d-b747-e5f780bbc9dc | ITER: 13 START
2019-07-14 09:22:31.442 23779 WARNING rally_openstack.scenarios.neutron.utils [-] Running this scenario without either the 'network' or 'existing_network' context is deprecated
2019-07-14 09:22:31.444 23785 INFO rally.task.runner [-] Task 2fcb4d44-090b-4c3d-b747-e5f780bbc9dc | ITER: 14 START
2019-07-14 09:22:31.446 23785 WARNING rally_openstack.scenarios.neutron.utils [-] Running this scenario without either the 'network' or 'existing_network' context is deprecated
2019-07-14 09:22:31.446 23788 RALLYDEBUG rally.task.runner [-] Starting a worker. concurrency: 1 args: {"network_create_args": {}, "subnet_create_args": {}, "subnet_cidr_start": "1.1.0.0/30", "subnets_per_network": 2} times: 40 method_name: run timeout: 0 duration: None cls:
2019-07-14 09:22:31.453 23788 INFO rally.task.runner [-] Task 2fcb4d44-090b-4c3d-b747-e5f780bbc9dc | ITER: 15 START
2019-07-14 09:22:31.457 23788 WARNING rally_openstack.scenarios.neutron.utils [-] Running this scenario without either the 'network' or 'existing_network' context is deprecated
2019-07-14 09:22:31.457 23791 RALLYDEBUG rally.task.runner [-] Starting a worker. concurrency: 1 args: {"network_create_args": {}, "subnet_create_args": {}, "subnet_cidr_start": "1.1.0.0/30", "subnets_per_network": 2} times: 40 method_name: run timeout: 0 duration: None cls:
2019-07-14 09:22:31.463 23791 INFO rally.task.runner [-] Task 2fcb4d44-090b-4c3d-b747-e5f780bbc9dc | ITER: 16 START
2019-07-14 09:22:31.464 23791 WARNING rally_openstack.scenarios.neutron.utils [-] Running this scenario without either the 'network' or 'existing_network' context is deprecated
2019-07-14 09:22:31.464 23794 RALLYDEBUG rally.task.runner [-] Starting a worker. concurrency: 1 args: {"network_create_args": {}, "subnet_create_args": {}, "subnet_cidr_start": "1.1.0.0/30", "subnets_per_network": 2} times: 40 method_name: run timeout: 0 duration: None cls:
2019-07-14 09:22:31.471 23794 INFO rally.task.runner [-] Task 2fcb4d44-090b-4c3d-b747-e5f780bbc9dc | ITER: 17 START
2019-07-14 09:22:31.473 23794 WARNING rally_openstack.scenarios.neutron.utils [-] Running this scenario without either the 'network' or 'existing_network' context is deprecated
2019-07-14 09:22:31.473 23797 RALLYDEBUG rally.task.runner [-] Starting a worker. concurrency: 1 args: {"network_create_args": {}, "subnet_create_args": {}, "subnet_cidr_start": "1.1.0.0/30", "subnets_per_network": 2} times: 40 method_name: run timeout: 0 duration: None cls:
2019-07-14 09:22:31.478 23797 INFO rally.task.runner [-] Task 2fcb4d44-090b-4c3d-b747-e5f780bbc9dc | ITER: 18 START
2019-07-14 09:22:31.478 23800 RALLYDEBUG rally.task.runner [-] Starting a worker. concurrency: 1 args: {"network_create_args": {}, "subnet_create_args": {}, "subnet_cidr_start": "1.1.0.0/30", "subnets_per_network": 2} times: 40 method_name: run timeout: 0 duration: None cls:
2019-07-14 09:22:31.480 23797 WARNING rally_openstack.scenarios.neutron.utils [-] Running this scenario without either the 'network' or 'existing_network' context is deprecated
2019-07-14 09:22:31.482 23801 RALLYDEBUG rally.task.runner [-] Starting a worker. concurrency: 1 args: {"network_create_args": {}, "subnet_create_args": {}, "subnet_cidr_start": "1.1.0.0/30", "subnets_per_network": 2} times: 40 method_name: run timeout: 0 duration: None cls:
2019-07-14 09:22:31.484 23800 INFO rally.task.runner [-] Task 2fcb4d44-090b-4c3d-b747-e5f780bbc9dc | ITER: 19 START
2019-07-14 09:22:31.485 23800 WARNING rally_openstack.scenarios.neutron.utils [-] Running this scenario without either the 'network' or 'existing_network' context is deprecated
2019-07-14 09:22:31.486 23801 INFO rally.task.runner [-] Task 2fcb4d44-090b-4c3d-b747-e5f780bbc9dc | ITER: 20 START
2019-07-14 09:22:31.488 23801 WARNING rally_openstack.scenarios.neutron.utils [-] Running this scenario without either the 'network' or 'existing_network' context is deprecated
2019-07-14 09:22:32.272 23757 RALLYDEBUG rally_openstack.wrappers.network [-] CIDR generated: 1.1.4.96/30
2019-07-14 09:22:32.354 23761 RALLYDEBUG rally_openstack.wrappers.network [-] CIDR generated: 1.1.4.100/30
2019-07-14 09:22:32.400 23756 RALLYDEBUG rally_openstack.wrappers.network [-] CIDR generated: 1.1.4.104/30
2019-07-14 09:22:32.431 23794 RALLYDEBUG rally_openstack.wrappers.network [-] CIDR generated: 1.1.4.108/30
2019-07-14 09:22:32.438 23791 RALLYDEBUG rally_openstack.wrappers.network [-] CIDR generated: 1.1.4.112/30
2019-07-14 09:22:32.469 23773 RALLYDEBUG rally_openstack.wrappers.network [-] CIDR generated: 1.1.4.116/30
2019-07-14 09:22:32.487 23756 RALLYDEBUG rally_openstack.wrappers.network [-] CIDR generated: 1.1.4.120/30
2019-07-14 09:22:32.521 23759 RALLYDEBUG rally_openstack.wrappers.network [-] CIDR generated: 1.1.4.124/30
2019-07-14 09:22:32.538 23797 RALLYDEBUG rally_openstack.wrappers.network [-] CIDR generated: 1.1.4.128/30
2019-07-14 09:22:32.579 23759 RALLYDEBUG rally_openstack.wrappers.network [-] CIDR generated: 1.1.4.132/30
2019-07-14 09:22:32.579 23758 RALLYDEBUG rally_openstack.wrappers.network [-] CIDR generated: 1.1.4.136/30
2019-07-14 09:22:32.666 23764 RALLYDEBUG rally_openstack.wrappers.network [-] CIDR generated: 1.1.4.140/30
2019-07-14 09:22:32.693 23785 RALLYDEBUG rally_openstack.wrappers.network [-] CIDR generated: 1.1.4.144/30
2019-07-14 09:22:32.716 23758 RALLYDEBUG rally_openstack.wrappers.network [-] CIDR generated: 1.1.4.148/30
2019-07-14 09:22:32.758 23801 RALLYDEBUG rally_openstack.wrappers.network [-] CIDR generated: 1.1.4.152/30
2019-07-14 09:22:32.863 23769 RALLYDEBUG rally_openstack.wrappers.network [-] CIDR generated: 1.1.4.156/30
2019-07-14 09:22:32.923 23757 RALLYDEBUG rally_openstack.wrappers.network [-] CIDR generated: 1.1.4.160/30
2019-07-14 09:22:32.935 23779 RALLYDEBUG rally_openstack.wrappers.network [-] CIDR generated: 1.1.4.164/30
2019-07-14 09:22:33.036 23788 RALLYDEBUG rally_openstack.wrappers.network [-] CIDR generated: 1.1.4.168/30
2019-07-14 09:22:33.091 23800 RALLYDEBUG rally_openstack.wrappers.network [-] CIDR generated: 1.1.4.172/30
2019-07-14 09:22:33.397 23757 RALLYDEBUG rally_openstack.wrappers.network [-] CIDR generated: 1.1.4.176/30
2019-07-14 09:22:33.596 23759 RALLYDEBUG rally_openstack.wrappers.network [-] CIDR generated: 1.1.4.180/30
2019-07-14 09:22:33.611 23756 RALLYDEBUG rally_openstack.wrappers.network [-] CIDR generated: 1.1.4.184/30
2019-07-14 09:22:33.641 23764 RALLYDEBUG rally_openstack.wrappers.network [-] CIDR generated: 1.1.4.188/30
2019-07-14 09:22:33.997 23758 RALLYDEBUG rally_openstack.wrappers.network [-] CIDR generated: 1.1.4.192/30
2019-07-14 09:22:34.117 23785 RALLYDEBUG rally_openstack.wrappers.network [-] CIDR generated: 1.1.4.196/30
2019-07-14 09:22:34.214 23797 RALLYDEBUG rally_openstack.wrappers.network [-] CIDR generated: 1.1.4.200/30
2019-07-14 09:22:34.345 23761 RALLYDEBUG rally_openstack.wrappers.network [-] CIDR generated: 1.1.4.204/30
2019-07-14 09:22:34.378 23756 RALLYDEBUG rally_openstack.wrappers.network [-] CIDR generated: 1.1.4.208/30
2019-07-14 09:22:34.425 23759 RALLYDEBUG rally_openstack.wrappers.network [-] CIDR generated: 1.1.4.212/30
2019-07-14 09:22:34.649 23773 RALLYDEBUG rally_openstack.wrappers.network [-] CIDR generated: 1.1.4.216/30
2019-07-14 09:22:34.858 23758 RALLYDEBUG rally_openstack.wrappers.network [-] CIDR generated: 1.1.4.220/30
2019-07-14 09:22:35.242 23757 RALLYDEBUG rally_openstack.wrappers.network [-] CIDR generated: 1.1.4.224/30
2019-07-14 09:22:35.507 23791 RALLYDEBUG rally_openstack.wrappers.network [-] CIDR generated: 1.1.4.228/30
2019-07-14 09:22:35.529 23794 RALLYDEBUG rally_openstack.wrappers.network [-] CIDR generated: 1.1.4.232/30
2019-07-14 09:22:35.646 23788 RALLYDEBUG rally_openstack.wrappers.network [-] CIDR generated: 1.1.4.236/30
2019-07-14 09:22:36.155 23769 RALLYDEBUG rally_openstack.wrappers.network [-] CIDR generated: 1.1.4.240/30
2019-07-14 09:22:36.211 23800 RALLYDEBUG rally_openstack.wrappers.network [-] CIDR generated: 1.1.4.244/30
2019-07-14 09:22:36.549 23801 RALLYDEBUG rally_openstack.wrappers.network [-] CIDR generated: 1.1.4.248/30
2019-07-14 09:22:36.594 23779 RALLYDEBUG rally_openstack.wrappers.network [-] CIDR generated: 1.1.4.252/30
2019-07-14 09:22:37.649 23756 INFO rally.task.runner [-] Task 2fcb4d44-090b-4c3d-b747-e5f780bbc9dc | ITER: 3 END: OK
2019-07-14 09:22:37.654 23756 INFO rally.task.runner [-] Task 2fcb4d44-090b-4c3d-b747-e5f780bbc9dc | ITER: 21 START
2019-07-14 09:22:37.655 23756 WARNING rally_openstack.scenarios.neutron.utils [-] Running this scenario without either the 'network' or 'existing_network' context is deprecated
2019-07-14 09:22:37.758 23773 INFO rally.task.runner [-] Task 2fcb4d44-090b-4c3d-b747-e5f780bbc9dc | ITER: 12 END: OK
2019-07-14 09:22:37.762 23773 INFO rally.task.runner [-] Task 2fcb4d44-090b-4c3d-b747-e5f780bbc9dc | ITER: 22 START
2019-07-14 09:22:37.763 23773 WARNING rally_openstack.scenarios.neutron.utils [-] Running this scenario without either the 'network' or 'existing_network' context is deprecated
2019-07-14 09:22:38.449 23773 RALLYDEBUG rally_openstack.wrappers.network [-] CIDR generated: 1.1.5.0/30
2019-07-14 09:22:38.524 23756 RALLYDEBUG rally_openstack.wrappers.network [-] CIDR generated: 1.1.5.4/30
2019-07-14 09:22:38.611 23757 INFO rally.task.runner [-] Task 2fcb4d44-090b-4c3d-b747-e5f780bbc9dc | ITER: 5 END: OK
2019-07-14 09:22:38.616 23757 INFO rally.task.runner [-] Task 2fcb4d44-090b-4c3d-b747-e5f780bbc9dc | ITER: 23 START
2019-07-14 09:22:38.617 23757 WARNING rally_openstack.scenarios.neutron.utils [-] Running this scenario without either the 'network' or 'existing_network' context is deprecated
2019-07-14 09:22:39.556 23756 RALLYDEBUG rally_openstack.wrappers.network [-] CIDR generated: 1.1.5.8/30
2019-07-14 09:22:39.741 23797 INFO rally.task.runner [-] Task 2fcb4d44-090b-4c3d-b747-e5f780bbc9dc | ITER: 18 END: OK
2019-07-14 09:22:39.745 23797 INFO rally.task.runner [-] Task 2fcb4d44-090b-4c3d-b747-e5f780bbc9dc | ITER: 24 START
2019-07-14 09:22:39.746 23797 WARNING rally_openstack.scenarios.neutron.utils [-] Running this scenario without either the 'network' or 'existing_network' context is deprecated
2019-07-14 09:22:39.985 23757 RALLYDEBUG rally_openstack.wrappers.network [-] CIDR generated: 1.1.5.12/30
2019-07-14 09:22:40.266 23764 INFO rally.task.runner [-] Task 2fcb4d44-090b-4c3d-b747-e5f780bbc9dc | ITER: 10 END: OK
2019-07-14 09:22:40.271 23764 INFO rally.task.runner [-] Task 2fcb4d44-090b-4c3d-b747-e5f780bbc9dc | ITER: 25 START
2019-07-14 09:22:40.272 23764 WARNING rally_openstack.scenarios.neutron.utils [-] Running this scenario without either the 'network' or 'existing_network' context is deprecated
2019-07-14 09:22:40.367 23759 INFO rally.task.runner [-] Task 2fcb4d44-090b-4c3d-b747-e5f780bbc9dc | ITER: 9 END: OK
2019-07-14 09:22:40.372 23759 INFO rally.task.runner [-] Task 2fcb4d44-090b-4c3d-b747-e5f780bbc9dc | ITER: 26 START
2019-07-14 09:22:40.373 23759 WARNING rally_openstack.scenarios.neutron.utils [-] Running this scenario without either the 'network' or 'existing_network' context is deprecated
2019-07-14 09:22:40.391 23779 INFO rally.task.runner [-] Task 2fcb4d44-090b-4c3d-b747-e5f780bbc9dc | ITER: 13 END: OK
2019-07-14 09:22:40.396 23779 INFO rally.task.runner [-] Task 2fcb4d44-090b-4c3d-b747-e5f780bbc9dc | ITER: 27 START
2019-07-14 09:22:40.396 23779 WARNING rally_openstack.scenarios.neutron.utils [-] Running this scenario without either the 'network' or 'existing_network' context is deprecated
2019-07-14 09:22:40.701 23761 INFO rally.task.runner [-] Task 2fcb4d44-090b-4c3d-b747-e5f780bbc9dc | ITER: 8 END: OK
2019-07-14 09:22:40.705 23761 INFO rally.task.runner [-] Task 2fcb4d44-090b-4c3d-b747-e5f780bbc9dc | ITER: 28 START
2019-07-14 09:22:40.706 23761 WARNING rally_openstack.scenarios.neutron.utils [-] Running this scenario without either the 'network' or 'existing_network' context is deprecated
2019-07-14 09:22:40.706 23797 RALLYDEBUG rally_openstack.wrappers.network [-] CIDR generated: 1.1.5.16/30
2019-07-14 09:22:40.707 23757 INFO rally.task.runner [-] Task 2fcb4d44-090b-4c3d-b747-e5f780bbc9dc | ITER: 2 END: OK
2019-07-14 09:22:40.711 23757 INFO rally.task.runner [-] Task 2fcb4d44-090b-4c3d-b747-e5f780bbc9dc | ITER: 29 START
2019-07-14 09:22:40.712 23757 WARNING rally_openstack.scenarios.neutron.utils [-] Running this scenario without either the 'network' or 'existing_network' context is deprecated
2019-07-14 09:22:40.791 23773 RALLYDEBUG rally_openstack.wrappers.network [-] CIDR generated: 1.1.5.20/30
2019-07-14 09:22:40.975 23758 INFO rally.task.runner [-] Task 2fcb4d44-090b-4c3d-b747-e5f780bbc9dc | ITER: 4 END: OK
2019-07-14 09:22:40.979 23758 INFO rally.task.runner [-] Task 2fcb4d44-090b-4c3d-b747-e5f780bbc9dc | ITER: 30 START
2019-07-14 09:22:40.980 23758 WARNING rally_openstack.scenarios.neutron.utils [-] Running this scenario without either the 'network' or 'existing_network' context is deprecated
2019-07-14 09:22:41.044 23764 RALLYDEBUG rally_openstack.wrappers.network [-] CIDR generated: 1.1.5.24/30
2019-07-14 09:22:41.125 23785 INFO rally.task.runner [-] Task 2fcb4d44-090b-4c3d-b747-e5f780bbc9dc | ITER: 14 END: OK
2019-07-14 09:22:41.130 23785 INFO rally.task.runner [-] Task 2fcb4d44-090b-4c3d-b747-e5f780bbc9dc | ITER: 31 START
2019-07-14 09:22:41.131 23785 WARNING rally_openstack.scenarios.neutron.utils [-] Running this scenario without either the 'network' or 'existing_network' context is deprecated
2019-07-14 09:22:41.236 23779 RALLYDEBUG rally_openstack.wrappers.network [-] CIDR generated: 1.1.5.28/30
2019-07-14 09:22:41.248 23794 INFO rally.task.runner [-] Task 2fcb4d44-090b-4c3d-b747-e5f780bbc9dc | ITER: 17 END: OK
2019-07-14 09:22:41.252 23794 INFO rally.task.runner [-] Task 2fcb4d44-090b-4c3d-b747-e5f780bbc9dc | ITER: 32 START
2019-07-14 09:22:41.253 23794 WARNING rally_openstack.scenarios.neutron.utils [-] Running this scenario without either the 'network' or 'existing_network' context is deprecated
2019-07-14 09:22:41.440 23757 RALLYDEBUG rally_openstack.wrappers.network [-] CIDR generated: 1.1.5.32/30
2019-07-14 09:22:41.535 23759 RALLYDEBUG rally_openstack.wrappers.network [-] CIDR generated: 1.1.5.36/30
2019-07-14 09:22:41.682 23757 RALLYDEBUG rally_openstack.wrappers.network [-] CIDR generated: 1.1.5.40/30
2019-07-14 09:22:41.726 23791 INFO rally.task.runner [-] Task 2fcb4d44-090b-4c3d-b747-e5f780bbc9dc | ITER: 16 END: OK
2019-07-14 09:22:41.730 23791 INFO rally.task.runner [-] Task 2fcb4d44-090b-4c3d-b747-e5f780bbc9dc | ITER: 33 START
2019-07-14 09:22:41.731 23791 WARNING rally_openstack.scenarios.neutron.utils [-] Running this scenario without either the 'network' or 'existing_network' context is deprecated
2019-07-14 09:22:41.867 23761 RALLYDEBUG rally_openstack.wrappers.network [-] CIDR generated: 1.1.5.44/30
2019-07-14 09:22:41.941 23785 RALLYDEBUG rally_openstack.wrappers.network [-] CIDR generated: 1.1.5.48/30
2019-07-14 09:22:42.403 23758 RALLYDEBUG rally_openstack.wrappers.network [-] CIDR generated: 1.1.5.52/30
2019-07-14 09:22:42.611 23758 INFO rally.task.runner [-] Task 2fcb4d44-090b-4c3d-b747-e5f780bbc9dc | ITER: 7 END: OK
2019-07-14 09:22:42.616 23758 INFO rally.task.runner [-] Task 2fcb4d44-090b-4c3d-b747-e5f780bbc9dc | ITER: 34 START
2019-07-14 09:22:42.617 23758 WARNING rally_openstack.scenarios.neutron.utils [-] Running this scenario without either the 'network' or 'existing_network' context is deprecated
2019-07-14 09:22:42.623 23800 INFO rally.task.runner [-] Task 2fcb4d44-090b-4c3d-b747-e5f780bbc9dc | ITER: 19 END: OK
2019-07-14 09:22:42.628 23800 INFO rally.task.runner [-] Task 2fcb4d44-090b-4c3d-b747-e5f780bbc9dc | ITER: 35 START
2019-07-14 09:22:42.629 23800 WARNING rally_openstack.scenarios.neutron.utils [-] Running this scenario without either the 'network' or 'existing_network' context is deprecated
2019-07-14 09:22:42.641 23791 RALLYDEBUG rally_openstack.wrappers.network [-] CIDR generated: 1.1.5.56/30
2019-07-14 09:22:42.708 23757 RALLYDEBUG rally_openstack.wrappers.network [-] CIDR generated: 1.1.5.60/30
2019-07-14 09:22:42.711 23759 INFO rally.task.runner [-] Task 2fcb4d44-090b-4c3d-b747-e5f780bbc9dc | ITER: 6 END: OK
2019-07-14 09:22:42.715 23759 INFO rally.task.runner [-] Task 2fcb4d44-090b-4c3d-b747-e5f780bbc9dc | ITER: 36 START
2019-07-14 09:22:42.716 23759 WARNING rally_openstack.scenarios.neutron.utils [-] Running this scenario without either the 'network' or 'existing_network' context is deprecated
2019-07-14 09:22:42.797 23794 RALLYDEBUG rally_openstack.wrappers.network [-] CIDR generated: 1.1.5.64/30
2019-07-14 09:22:42.863 23801 INFO rally.task.runner [-] Task 2fcb4d44-090b-4c3d-b747-e5f780bbc9dc | ITER: 20 END: OK
2019-07-14 09:22:42.867 23801 INFO rally.task.runner [-] Task 2fcb4d44-090b-4c3d-b747-e5f780bbc9dc | ITER: 37 START
2019-07-14 09:22:42.868 23801 WARNING rally_openstack.scenarios.neutron.utils [-] Running this scenario without either the 'network' or 'existing_network' context is deprecated
2019-07-14 09:22:43.286 23758 RALLYDEBUG rally_openstack.wrappers.network [-] CIDR generated: 1.1.5.68/30
2019-07-14 09:22:43.483 23764 RALLYDEBUG rally_openstack.wrappers.network [-] CIDR generated: 1.1.5.72/30
2019-07-14 09:22:43.574 23759 RALLYDEBUG rally_openstack.wrappers.network [-] CIDR generated: 1.1.5.76/30
2019-07-14 09:22:43.596 23800 RALLYDEBUG rally_openstack.wrappers.network [-] CIDR generated: 1.1.5.80/30
2019-07-14 09:22:43.669 23801 RALLYDEBUG rally_openstack.wrappers.network [-] CIDR generated: 1.1.5.84/30
2019-07-14 09:22:43.904 23756 INFO rally.task.runner [-] Task 2fcb4d44-090b-4c3d-b747-e5f780bbc9dc | ITER: 1 END: OK
2019-07-14 09:22:43.909 23756 INFO rally.task.runner [-] Task 2fcb4d44-090b-4c3d-b747-e5f780bbc9dc | ITER: 38 START
2019-07-14 09:22:43.909 23756 WARNING rally_openstack.scenarios.neutron.utils [-] Running this scenario without either the 'network' or 'existing_network' context is deprecated
2019-07-14 09:22:44.103 23785 RALLYDEBUG rally_openstack.wrappers.network [-] CIDR generated: 1.1.5.88/30
2019-07-14 09:22:44.304 23794 RALLYDEBUG rally_openstack.wrappers.network [-] CIDR generated: 1.1.5.92/30
2019-07-14 09:22:44.385 23791 RALLYDEBUG rally_openstack.wrappers.network [-] CIDR generated: 1.1.5.96/30
2019-07-14 09:22:44.406 23797 RALLYDEBUG rally_openstack.wrappers.network [-] CIDR generated: 1.1.5.100/30
2019-07-14 09:22:44.524 23779 RALLYDEBUG rally_openstack.wrappers.network [-] CIDR generated: 1.1.5.104/30
2019-07-14 09:22:44.739 23758 RALLYDEBUG rally_openstack.wrappers.network [-] CIDR generated: 1.1.5.108/30
2019-07-14 09:22:44.767 23756 RALLYDEBUG rally_openstack.wrappers.network [-] CIDR generated: 1.1.5.112/30
2019-07-14 09:22:44.925 23761 RALLYDEBUG rally_openstack.wrappers.network [-] CIDR generated: 1.1.5.116/30
2019-07-14 09:22:45.032 23759 RALLYDEBUG rally_openstack.wrappers.network [-] CIDR generated: 1.1.5.120/30
2019-07-14 09:22:45.063 23759 RALLYDEBUG rally_openstack.wrappers.network [-] CIDR generated: 1.1.5.124/30
2019-07-14 09:22:45.274 23758 RALLYDEBUG rally_openstack.wrappers.network [-] CIDR generated: 1.1.5.128/30
2019-07-14 09:22:45.671 23800 RALLYDEBUG rally_openstack.wrappers.network [-] CIDR generated: 1.1.5.132/30
2019-07-14 09:22:45.791 23757 INFO rally.task.runner [-] Task 2fcb4d44-090b-4c3d-b747-e5f780bbc9dc | ITER: 23 END: OK
2019-07-14 09:22:45.796 23757 INFO rally.task.runner [-] Task 2fcb4d44-090b-4c3d-b747-e5f780bbc9dc | ITER: 39 START
2019-07-14 09:22:45.797 23757 WARNING rally_openstack.scenarios.neutron.utils [-] Running this scenario without either the 'network' or 'existing_network' context is deprecated
2019-07-14 09:22:46.447 23757 RALLYDEBUG rally_openstack.wrappers.network [-] CIDR generated: 1.1.5.136/30
2019-07-14 09:22:46.825 23756 RALLYDEBUG rally_openstack.wrappers.network [-] CIDR generated: 1.1.5.140/30
2019-07-14 09:22:47.017 23769 INFO rally.task.runner [-] Task 2fcb4d44-090b-4c3d-b747-e5f780bbc9dc | ITER: 11 END: OK
2019-07-14 09:22:47.021 23769 INFO rally.task.runner [-] Task 2fcb4d44-090b-4c3d-b747-e5f780bbc9dc | ITER: 40 START
2019-07-14 09:22:47.022 23769 WARNING rally_openstack.scenarios.neutron.utils [-] Running this scenario without either the 'network' or 'existing_network' context is deprecated
2019-07-14 09:22:47.696 23757 RALLYDEBUG rally_openstack.wrappers.network [-] CIDR generated: 1.1.5.144/30
2019-07-14 09:22:47.925 23756 INFO rally.task.runner [-] Task 2fcb4d44-090b-4c3d-b747-e5f780bbc9dc | ITER: 21 END: OK
2019-07-14 09:22:47.979 23788 INFO rally.task.runner [-] Task 2fcb4d44-090b-4c3d-b747-e5f780bbc9dc | ITER: 15 END: OK
2019-07-14 09:22:48.140 23769 RALLYDEBUG rally_openstack.wrappers.network [-] CIDR generated: 1.1.5.148/30
2019-07-14 09:22:48.222 23801 RALLYDEBUG rally_openstack.wrappers.network [-] CIDR generated: 1.1.5.152/30
2019-07-14 09:22:48.397 23791 INFO rally.task.runner [-] Task 2fcb4d44-090b-4c3d-b747-e5f780bbc9dc | ITER: 33 END: OK
2019-07-14 09:22:48.452 23779 INFO rally.task.runner [-] Task 2fcb4d44-090b-4c3d-b747-e5f780bbc9dc | ITER: 27 END: OK
2019-07-14 09:22:48.642 23758 INFO rally.task.runner [-] Task 2fcb4d44-090b-4c3d-b747-e5f780bbc9dc | ITER: 34 END: OK
2019-07-14 09:22:49.086 23756 INFO rally.task.runner [-] Task 2fcb4d44-090b-4c3d-b747-e5f780bbc9dc | ITER: 38 END: OK
2019-07-14 09:22:49.850 23761 INFO rally.task.runner [-] Task 2fcb4d44-090b-4c3d-b747-e5f780bbc9dc | ITER: 28 END: OK
2019-07-14 09:22:50.170 23785 INFO rally.task.runner [-] Task 2fcb4d44-090b-4c3d-b747-e5f780bbc9dc | ITER: 31 END: OK
2019-07-14 09:22:50.390 23769 RALLYDEBUG rally_openstack.wrappers.network [-] CIDR generated: 1.1.5.156/30
2019-07-14 09:22:50.657 23764 INFO rally.task.runner [-] Task 2fcb4d44-090b-4c3d-b747-e5f780bbc9dc | ITER: 25 END: OK
2019-07-14 09:22:51.308 23773 INFO rally.task.runner [-] Task 2fcb4d44-090b-4c3d-b747-e5f780bbc9dc | ITER: 22 END: OK
2019-07-14 09:22:51.687 23757 INFO rally.task.runner [-] Task 2fcb4d44-090b-4c3d-b747-e5f780bbc9dc | ITER: 29 END: OK
2019-07-14 09:22:52.250 23801 INFO rally.task.runner [-] Task 2fcb4d44-090b-4c3d-b747-e5f780bbc9dc | ITER: 37 END: OK
2019-07-14 09:22:52.886 23757 INFO rally.task.runner [-] Task 2fcb4d44-090b-4c3d-b747-e5f780bbc9dc | ITER: 39 END: OK
2019-07-14 09:22:52.912 23794 INFO rally.task.runner [-] Task 2fcb4d44-090b-4c3d-b747-e5f780bbc9dc | ITER: 32 END: OK
2019-07-14 09:22:53.277 23800 INFO rally.task.runner [-] Task 2fcb4d44-090b-4c3d-b747-e5f780bbc9dc | ITER: 35 END: OK
2019-07-14 09:22:53.369 23759 INFO rally.task.runner [-] Task 2fcb4d44-090b-4c3d-b747-e5f780bbc9dc | ITER: 36 END: OK
2019-07-14 09:22:54.098 23769 INFO rally.task.runner [-] Task 2fcb4d44-090b-4c3d-b747-e5f780bbc9dc | ITER: 40 END: OK
2019-07-14 09:22:54.694 23797 INFO rally.task.runner [-] Task 2fcb4d44-090b-4c3d-b747-e5f780bbc9dc | ITER: 24 END: OK
2019-07-14 09:22:54.834 23759 INFO rally.task.runner [-] Task 2fcb4d44-090b-4c3d-b747-e5f780bbc9dc | ITER: 26 END: OK
2019-07-14 09:22:55.044 23758 INFO rally.task.runner [-] Task 2fcb4d44-090b-4c3d-b747-e5f780bbc9dc | ITER: 30 END: OK
2019-07-14 09:22:55.073 21662 INFO rally.task.context [-] Task 2fcb4d44-090b-4c3d-b747-e5f780bbc9dc | Context cleanup@openstack cleanup() started
2019-07-14 09:22:55.076 21662 RALLYDEBUG rally_openstack.cleanup.manager [-] Cleaning up neutron vip objects
2019-07-14 09:22:55.487 21662 RALLYDEBUG rally_openstack.cleanup.manager [-] Cleaning up neutron health_monitor objects
2019-07-14 09:22:55.883 21662 RALLYDEBUG rally_openstack.cleanup.manager [-] Cleaning up neutron pool objects
2019-07-14 09:22:56.271 21662 RALLYDEBUG rally_openstack.cleanup.manager [-] Cleaning up neutron loadbalancer objects
2019-07-14 09:22:56.670 21662 RALLYDEBUG rally_openstack.cleanup.manager [-] Cleaning up neutron floatingip objects
2019-07-14 09:22:57.103 21662 RALLYDEBUG rally_openstack.cleanup.manager [-] Cleaning up neutron port objects
2019-07-14 09:22:57.666 21662 RALLYDEBUG rally_openstack.cleanup.manager [-] Cleaning up neutron subnet objects
2019-07-14 09:22:58.090 21662 RALLYDEBUG rally_openstack.cleanup.manager [-] Cleaning up neutron network objects
2019-07-14 09:22:58.624 21662 RALLYDEBUG rally_openstack.cleanup.manager [-] Deleting neutron.network object s_rally_f341088c_ilRAN5gH (02acac4b-5ad8-447e-ac23-d10e4561bd7a)
2019-07-14 09:22:58.638 21662 RALLYDEBUG rally_openstack.cleanup.manager [-] Deleting neutron.network object s_rally_f341088c_AKPR9q4w (0388f2aa-327b-4c85-961d-4ea49fdd6f89)
2019-07-14 09:22:58.642 21662 RALLYDEBUG rally_openstack.cleanup.manager [-] Deleting neutron.network object s_rally_f341088c_MBooVcO2 (0d4a6776-2d37-43fd-acef-67d371756d59)
2019-07-14 09:22:58.654 21662 RALLYDEBUG rally_openstack.cleanup.manager [-] Deleting neutron.network object s_rally_f341088c_Bo3R088A (14e5e48d-a3a1-46f4-9d97-52210cc4b80a)
2019-07-14 09:22:58.659 21662 RALLYDEBUG rally_openstack.cleanup.manager [-] Deleting neutron.network object s_rally_f341088c_yDTkBE5M (1907e177-4388-4563-825d-884e741e7e2b)
2019-07-14 09:22:58.667 21662 RALLYDEBUG rally_openstack.cleanup.manager [-] Deleting neutron.network object s_rally_f341088c_OF80YFZS (1a9e0224-1322-49d9-8bab-0ce694f53e4b)
2019-07-14 09:22:58.694 21662 RALLYDEBUG rally_openstack.cleanup.manager [-] Deleting neutron.network object s_rally_f341088c_TeFqWpqn (1aa5ee46-f239-4b62-87c2-2c124a7fca4a)
2019-07-14 09:22:58.698 21662 RALLYDEBUG rally_openstack.cleanup.manager [-] Deleting neutron.network object s_rally_f341088c_fm2RW8tt (1d671b9c-043e-492d-b849-5cd8af29e6f4)
2019-07-14 09:22:58.702 21662 RALLYDEBUG rally_openstack.cleanup.manager [-] Deleting neutron.network object s_rally_f341088c_cvdrqotG (1f69f7c8-4f92-40e2-afe2-8cc04fdbdb55)
2019-07-14 09:22:58.732 21662 RALLYDEBUG rally_openstack.cleanup.manager [-] Deleting neutron.network object s_rally_f341088c_l9n6UVTu (20b252f3-2048-4723-ab3d-8f8105c396e1)
2019-07-14 09:22:58.743 21662 RALLYDEBUG rally_openstack.cleanup.manager [-] Deleting neutron.network object s_rally_f341088c_7vqkHCga (2fdcb475-3cd8-488f-9ed2-bd50f2ae6ff6)
2019-07-14 09:22:58.781 21662 RALLYDEBUG rally_openstack.cleanup.manager [-] Deleting neutron.network object s_rally_f341088c_RyI7a2r3 (372140d4-210f-45bb-aa3d-74234a585df6)
2019-07-14 09:22:58.833 21662 RALLYDEBUG rally_openstack.cleanup.manager [-] Deleting neutron.network object s_rally_f341088c_pDw09h1w (3b68bec9-ebab-4fae-880d-7af56b46fbd3)
2019-07-14 09:22:58.837 21662 RALLYDEBUG rally_openstack.cleanup.manager [-] Deleting neutron.network object s_rally_f341088c_GsHJe2ww (56dedaef-1a53-4260-9738-38a85619dc4e)
2019-07-14 09:22:58.856 21662 RALLYDEBUG rally_openstack.cleanup.manager [-] Deleting neutron.network object s_rally_f341088c_oOviWf5n (73a6f38b-8847-4cfe-be6f-553f08c1ec18)
2019-07-14 09:22:58.878 21662 RALLYDEBUG rally_openstack.cleanup.manager [-] Deleting neutron.network object s_rally_f341088c_wiKhiiu3 (6335ade0-cc5b-4f04-b7e9-0d482d76e16d)
2019-07-14 09:22:58.882 21662 RALLYDEBUG rally_openstack.cleanup.manager [-] Deleting neutron.network object s_rally_f341088c_skKGydOA (5d1851ea-c637-4bac-a794-45b4c78d3a23)
2019-07-14 09:22:58.890 21662 RALLYDEBUG rally_openstack.cleanup.manager [-] Deleting neutron.network object s_rally_f341088c_X8gwzxCj (7baee5d9-a8c4-4658-9a2e-88324645fd11)
2019-07-14 09:22:58.897 21662 RALLYDEBUG rally_openstack.cleanup.manager [-] Deleting neutron.network object s_rally_f341088c_fCklHjjg (78614052-155b-4e2c-9911-b646cccd9602)
2019-07-14 09:22:58.912 21662 RALLYDEBUG rally_openstack.cleanup.manager [-] Deleting neutron.network object s_rally_f341088c_WMpsDFXr (88eb61eb-4e55-4661-b08b-000b283793c0)
2019-07-14 09:23:01.182 21662 RALLYDEBUG rally_openstack.cleanup.manager [-] Deleting neutron.network object s_rally_f341088c_29EL5vBo (8f71ba0b-350b-4e12-ae1b-f75a5530df7c)
2019-07-14 09:23:01.364 21662 RALLYDEBUG rally_openstack.cleanup.manager [-] Deleting neutron.network object s_rally_f341088c_N0jUMvR7 (8f8a2219-4554-4255-a941-aa861675dae7)
2019-07-14 09:23:01.472 21662 RALLYDEBUG rally_openstack.cleanup.manager [-] Deleting neutron.network object s_rally_f341088c_AtsPep03 (92f4d60e-41ec-441b-9277-89a07680a47a)
2019-07-14 09:23:01.514 21662 RALLYDEBUG rally_openstack.cleanup.manager [-] Deleting neutron.network object s_rally_f341088c_yrmbJNqN (9d4d1fc2-a372-4ffc-8020-fa5115453b52)
2019-07-14 09:23:01.665 21662 RALLYDEBUG rally_openstack.cleanup.manager [-] Deleting neutron.network object s_rally_f341088c_5mI7cbXk (9eaebe4f-ca45-4ccb-b040-2e46065ce2e3)
2019-07-14 09:23:01.729 21662 RALLYDEBUG rally_openstack.cleanup.manager [-] Deleting neutron.network object s_rally_f341088c_JtxjoYU5 (a06358da-506a-4056-8394-807ffa6a635b)
2019-07-14 09:23:01.758 21662 RALLYDEBUG rally_openstack.cleanup.manager [-] Deleting neutron.network object s_rally_f341088c_O0rKfMMn (a5a752bc-8e6d-4078-90d5-4afc597dda61)
2019-07-14 09:23:01.934 21662 RALLYDEBUG rally_openstack.cleanup.manager [-] Deleting neutron.network object s_rally_f341088c_cB1YLJJU (b3754df6-a617-445f-9c9c-e2f4d840376a)
2019-07-14 09:23:01.945 21662 RALLYDEBUG rally_openstack.cleanup.manager [-] Deleting neutron.network object s_rally_f341088c_0tWOPe5A (c4ee4999-fa8d-48e7-bb4d-9b3a9371c639)
2019-07-14 09:23:01.948 21662 RALLYDEBUG rally_openstack.cleanup.manager [-] Deleting neutron.network object s_rally_f341088c_RujtQYLA (ae0355cb-abd4-4777-a434-26f21fc6fafb)
2019-07-14 09:23:02.128 21662 RALLYDEBUG rally_openstack.cleanup.manager [-] Deleting neutron.network object s_rally_f341088c_zXS4qpvw (c620b2f7-7969-4107-a8c0-f85a326fe776)
2019-07-14 09:23:02.242 21662 RALLYDEBUG rally_openstack.cleanup.manager [-] Deleting neutron.network object s_rally_f341088c_WvzgI2nH (c7e5b8c2-f275-4765-98e5-801932299591)
2019-07-14 09:23:02.432 21662 RALLYDEBUG rally_openstack.cleanup.manager [-] Deleting neutron.network object s_rally_f341088c_4mFIN67y (c9b8892f-97c3-401d-a4d9-cdaf72c05c2b)
2019-07-14 09:23:02.532 21662 RALLYDEBUG rally_openstack.cleanup.manager [-] Deleting neutron.network object s_rally_f341088c_Vv2HLdDC (cf3fb1bd-1b62-494a-a22d-aff20e8957bd)
2019-07-14 09:23:02.946 21662 RALLYDEBUG rally_openstack.cleanup.manager [-] Deleting neutron.network object s_rally_f341088c_i0ZT8FlA (cf456e80-ea7a-4da3-96cf-f9fb0e0e4243)
2019-07-14 09:23:02.960 21662 RALLYDEBUG rally_openstack.cleanup.manager [-] Deleting neutron.network object s_rally_f341088c_jAa1PTOe (d80c1371-89a3-41e4-9792-8dbe62fc3614)
2019-07-14 09:23:02.960 21662 RALLYDEBUG rally_openstack.cleanup.manager [-] Deleting neutron.network object s_rally_f341088c_knzqie6A (e87afaac-e6f0-44e7-bf61-21c6f6b306f6)
2019-07-14 09:23:03.149 21662 RALLYDEBUG rally_openstack.cleanup.manager [-] Deleting neutron.network object s_rally_f341088c_PxoOP77f (e8ff5b82-3abf-4ef6-9b98-5ba65ee1ec22)
2019-07-14 09:23:03.236 21662 RALLYDEBUG rally_openstack.cleanup.manager [-] Deleting neutron.network object s_rally_f341088c_fVjVca9W (ebafade3-c815-4b1e-9bae-c652cf2a291d)
2019-07-14 09:23:03.540 21662 RALLYDEBUG rally_openstack.cleanup.manager [-] Deleting neutron.network object s_rally_f341088c_JYca5cVn (fcb5344c-b414-4ff9-af76-9f3ad651f025)
2019-07-14 09:23:06.703 21662 RALLYDEBUG rally_openstack.cleanup.manager [-] Cleaning up neutron router objects
2019-07-14 09:23:07.131 21662 RALLYDEBUG rally_openstack.cleanup.manager [-] Cleaning up neutron security_group objects
2019-07-14 09:23:07.572 21662 INFO rally.task.context [-] Task 2fcb4d44-090b-4c3d-b747-e5f780bbc9dc | Context cleanup@openstack cleanup() finished in 12.50 sec
2019-07-14 09:23:07.573 21662 INFO rally.task.context [-] Task 2fcb4d44-090b-4c3d-b747-e5f780bbc9dc | Context quotas@openstack cleanup() started
2019-07-14 09:23:07.650 21662 INFO rally.task.context [-] Task 2fcb4d44-090b-4c3d-b747-e5f780bbc9dc | Context quotas@openstack cleanup() finished in 77.71 msec
2019-07-14 09:23:07.651 21662 INFO rally.task.context [-] Task 2fcb4d44-090b-4c3d-b747-e5f780bbc9dc | Context users@openstack cleanup() started
2019-07-14 09:23:10.365 21662 INFO rally.task.context [-] Task 2fcb4d44-090b-4c3d-b747-e5f780bbc9dc | Context users@openstack cleanup() finished in 2.71 sec
2019-07-14 09:23:10.639 21662 INFO rally.task.engine [-] Load duration is: 23.632557
2019-07-14 09:23:10.640 21662 INFO rally.task.engine [-] Full runner duration is: 23.689407
2019-07-14 09:23:10.640 21662 INFO rally.task.engine [-] Full duration is: 41.90396
2019-07-14 09:23:11.011 21662 INFO rally.task.engine [-] Running workload: position = 0 config = { "version": 2, "title": "A cropped version of a bigger task.", "description": "Auto-generated task from a single workload (uuid=423628c4-2b93-4ac8-849f-afa2b1143c74)", "subtasks": [ { "title": "NeutronNetworks.create_and_list_routers", "description": "Create and a given number of routers and list all routers.", "scenario": { "NeutronNetworks.create_and_list_routers": { "network_create_args": null, "subnet_create_args": null, "subnet_cidr_start": "1.1.0.0/30", "subnets_per_network": 2, "router_create_args": null } }, "contexts": { "users": { "tenants": 1, "users_per_tenant": 1 }, "quotas": { "neutron": { "network": -1, "subnet": -1, "router": -1 } } }, "runner": { "constant": { "times": 40, "concurrency": 20 } }, "hooks": [], "sla": { "failure_rate": { "max": 0 } } } ] }
2019-07-14 09:23:11.038 21662 RALLYDEBUG rally_openstack.contexts.keystone.users [-] Creating 1 tenants using 20 threads
2019-07-14 09:23:11.945 21662 RALLYDEBUG rally_openstack.contexts.keystone.users [-] Creating 1 users using 20 threads
2019-07-14 09:23:13.280 21662 INFO rally.task.context [-] Task 2fcb4d44-090b-4c3d-b747-e5f780bbc9dc | Context users@openstack setup() finished in 2.24 sec
2019-07-14 09:23:13.799 21662 INFO rally.task.context [-] Task 2fcb4d44-090b-4c3d-b747-e5f780bbc9dc | Context quotas@openstack setup() finished in 0.52 sec
2019-07-14 09:23:13.800 21662 INFO rally.task.context [-] Task 2fcb4d44-090b-4c3d-b747-e5f780bbc9dc | Context cleanup@openstack setup() finished in 0.01 msec
2019-07-14 09:23:13.809 21662 RALLYDEBUG rally.task.runner [-] Starting the constant runner (task UUID: 2fcb4d44-090b-4c3d-b747-e5f780bbc9dc). timeout: 0 concurrency: 20 concurrency_per_worker: 1 times: 40 concurrency_overhead: 4 processes_to_start: 16 max_cpu_used: 16
2019-07-14 09:23:13.823 24126 RALLYDEBUG rally.task.runner [-] Starting a worker. concurrency: 2 args: {"network_create_args": null, "subnet_create_args": null, "subnet_cidr_start": "1.1.0.0/30", "subnets_per_network": 2, "router_create_args": null} times: 40 method_name: run timeout: 0 duration: None cls:
2019-07-14 09:23:13.826 24127 RALLYDEBUG rally.task.runner [-] Starting a worker. concurrency: 2 args: {"network_create_args": null, "subnet_create_args": null, "subnet_cidr_start": "1.1.0.0/30", "subnets_per_network": 2, "router_create_args": null} times: 40 method_name: run timeout: 0 duration: None cls:
2019-07-14 09:23:13.830 24128 RALLYDEBUG rally.task.runner [-] Starting a worker. concurrency: 2 args: {"network_create_args": null, "subnet_create_args": null, "subnet_cidr_start": "1.1.0.0/30", "subnets_per_network": 2, "router_create_args": null} times: 40 method_name: run timeout: 0 duration: None cls:
2019-07-14 09:23:13.832 24126 INFO rally.task.runner [-] Task 2fcb4d44-090b-4c3d-b747-e5f780bbc9dc | ITER: 1 START
2019-07-14 09:23:13.833 24129 RALLYDEBUG rally.task.runner [-] Starting a worker. concurrency: 2 args: {"network_create_args": null, "subnet_create_args": null, "subnet_cidr_start": "1.1.0.0/30", "subnets_per_network": 2, "router_create_args": null} times: 40 method_name: run timeout: 0 duration: None cls:
2019-07-14 09:23:13.836 24127 INFO rally.task.runner [-] Task 2fcb4d44-090b-4c3d-b747-e5f780bbc9dc | ITER: 2 START
2019-07-14 09:23:13.837 24130 RALLYDEBUG rally.task.runner [-] Starting a worker. concurrency: 1 args: {"network_create_args": null, "subnet_create_args": null, "subnet_cidr_start": "1.1.0.0/30", "subnets_per_network": 2, "router_create_args": null} times: 40 method_name: run timeout: 0 duration: None cls:
2019-07-14 09:23:13.841 24135 RALLYDEBUG rally.task.runner [-] Starting a worker. concurrency: 1 args: {"network_create_args": null, "subnet_create_args": null, "subnet_cidr_start": "1.1.0.0/30", "subnets_per_network": 2, "router_create_args": null} times: 40 method_name: run timeout: 0 duration: None cls:
2019-07-14 09:23:13.843 24129 INFO rally.task.runner [-] Task 2fcb4d44-090b-4c3d-b747-e5f780bbc9dc | ITER: 6 START
2019-07-14 09:23:13.843 24130 INFO rally.task.runner [-] Task 2fcb4d44-090b-4c3d-b747-e5f780bbc9dc | ITER: 8 START
2019-07-14 09:23:13.841 24128 INFO rally.task.runner [-] Task 2fcb4d44-090b-4c3d-b747-e5f780bbc9dc | ITER: 5 START
2019-07-14 09:23:13.845 24137 RALLYDEBUG rally.task.runner [-] Starting a worker. concurrency: 1 args: {"network_create_args": null, "subnet_create_args": null, "subnet_cidr_start": "1.1.0.0/30", "subnets_per_network": 2, "router_create_args": null} times: 40 method_name: run timeout: 0 duration: None cls:
2019-07-14 09:23:13.847 24127 INFO rally.task.runner [-] Task 2fcb4d44-090b-4c3d-b747-e5f780bbc9dc | ITER: 4 START
2019-07-14 09:23:13.843 24128 INFO rally.task.runner [-] Task 2fcb4d44-090b-4c3d-b747-e5f780bbc9dc | ITER: 7 START
2019-07-14 09:23:13.849 24126 INFO rally.task.runner [-] Task 2fcb4d44-090b-4c3d-b747-e5f780bbc9dc | ITER: 3 START
2019-07-14 09:23:13.849 24135 INFO rally.task.runner [-] Task 2fcb4d44-090b-4c3d-b747-e5f780bbc9dc | ITER: 10 START
2019-07-14 09:23:13.849 24142 RALLYDEBUG rally.task.runner [-] Starting a worker. concurrency: 1 args: {"network_create_args": null, "subnet_create_args": null, "subnet_cidr_start": "1.1.0.0/30", "subnets_per_network": 2, "router_create_args": null} times: 40 method_name: run timeout: 0 duration: None cls:
2019-07-14 09:23:13.852 24137 INFO rally.task.runner [-] Task 2fcb4d44-090b-4c3d-b747-e5f780bbc9dc | ITER: 11 START
2019-07-14 09:23:13.853 24129 INFO rally.task.runner [-] Task 2fcb4d44-090b-4c3d-b747-e5f780bbc9dc | ITER: 9 START
2019-07-14 09:23:13.853 24147 RALLYDEBUG rally.task.runner [-] Starting a worker. concurrency: 1 args: {"network_create_args": null, "subnet_create_args": null, "subnet_cidr_start": "1.1.0.0/30", "subnets_per_network": 2, "router_create_args": null} times: 40 method_name: run timeout: 0 duration: None cls:
2019-07-14 09:23:13.855 24142 INFO rally.task.runner [-] Task 2fcb4d44-090b-4c3d-b747-e5f780bbc9dc | ITER: 12 START
2019-07-14 09:23:13.860 24147 INFO rally.task.runner [-] Task 2fcb4d44-090b-4c3d-b747-e5f780bbc9dc | ITER: 13 START
2019-07-14 09:23:13.861 24153 RALLYDEBUG rally.task.runner [-] Starting a worker. concurrency: 1 args: {"network_create_args": null, "subnet_create_args": null, "subnet_cidr_start": "1.1.0.0/30", "subnets_per_network": 2, "router_create_args": null} times: 40 method_name: run timeout: 0 duration: None cls:
2019-07-14 09:23:13.869 24153 INFO rally.task.runner [-] Task 2fcb4d44-090b-4c3d-b747-e5f780bbc9dc | ITER: 14 START
2019-07-14 09:23:13.871 24158 RALLYDEBUG rally.task.runner [-] Starting a worker. concurrency: 1 args: {"network_create_args": null, "subnet_create_args": null, "subnet_cidr_start": "1.1.0.0/30", "subnets_per_network": 2, "router_create_args": null} times: 40 method_name: run timeout: 0 duration: None cls:
2019-07-14 09:23:13.877 24158 INFO rally.task.runner [-] Task 2fcb4d44-090b-4c3d-b747-e5f780bbc9dc | ITER: 15 START
2019-07-14 09:23:13.882 24161 RALLYDEBUG rally.task.runner [-] Starting a worker. concurrency: 1 args: {"network_create_args": null, "subnet_create_args": null, "subnet_cidr_start": "1.1.0.0/30", "subnets_per_network": 2, "router_create_args": null} times: 40 method_name: run timeout: 0 duration: None cls:
2019-07-14 09:23:13.888 24161 INFO rally.task.runner [-] Task 2fcb4d44-090b-4c3d-b747-e5f780bbc9dc | ITER: 16 START
2019-07-14 09:23:13.890 24164 RALLYDEBUG rally.task.runner [-] Starting a worker. concurrency: 1 args: {"network_create_args": null, "subnet_create_args": null, "subnet_cidr_start": "1.1.0.0/30", "subnets_per_network": 2, "router_create_args": null} times: 40 method_name: run timeout: 0 duration: None cls:
2019-07-14 09:23:13.893 24165 RALLYDEBUG rally.task.runner [-] Starting a worker. concurrency: 1 args: {"network_create_args": null, "subnet_create_args": null, "subnet_cidr_start": "1.1.0.0/30", "subnets_per_network": 2, "router_create_args": null} times: 40 method_name: run timeout: 0 duration: None cls:
2019-07-14 09:23:13.895 24164 INFO rally.task.runner [-] Task 2fcb4d44-090b-4c3d-b747-e5f780bbc9dc | ITER: 17 START
2019-07-14 09:23:13.898 24165 INFO rally.task.runner [-] Task 2fcb4d44-090b-4c3d-b747-e5f780bbc9dc | ITER: 18 START
2019-07-14 09:23:13.898 24168 RALLYDEBUG rally.task.runner [-] Starting a worker. concurrency: 1 args: {"network_create_args": null, "subnet_create_args": null, "subnet_cidr_start": "1.1.0.0/30", "subnets_per_network": 2, "router_create_args": null} times: 40 method_name: run timeout: 0 duration: None cls:
2019-07-14 09:23:13.902 24168 INFO rally.task.runner [-] Task 2fcb4d44-090b-4c3d-b747-e5f780bbc9dc | ITER: 19 START
2019-07-14 09:23:13.905 24173 RALLYDEBUG rally.task.runner [-] Starting a worker. concurrency: 1 args: {"network_create_args": null, "subnet_create_args": null, "subnet_cidr_start": "1.1.0.0/30", "subnets_per_network": 2, "router_create_args": null} times: 40 method_name: run timeout: 0 duration: None cls:
2019-07-14 09:23:13.909 24173 INFO rally.task.runner [-] Task 2fcb4d44-090b-4c3d-b747-e5f780bbc9dc | ITER: 20 START
2019-07-14 09:23:14.643 24130 RALLYDEBUG rally_openstack.wrappers.network [-] CIDR generated: 1.1.5.160/30
2019-07-14 09:23:14.652 24127 RALLYDEBUG rally_openstack.wrappers.network [-] CIDR generated: 1.1.5.164/30
2019-07-14 09:23:14.799 24137 RALLYDEBUG rally_openstack.wrappers.network [-] CIDR generated: 1.1.5.168/30
2019-07-14 09:23:14.837 24128 RALLYDEBUG rally_openstack.wrappers.network [-] CIDR generated: 1.1.5.172/30
2019-07-14 09:23:14.855 24127 RALLYDEBUG rally_openstack.wrappers.network [-] CIDR generated: 1.1.5.176/30
2019-07-14 09:23:14.868 24147 RALLYDEBUG rally_openstack.wrappers.network [-] CIDR generated: 1.1.5.180/30
2019-07-14 09:23:14.895 24129 RALLYDEBUG rally_openstack.wrappers.network [-] CIDR generated: 1.1.5.184/30
2019-07-14 09:23:14.903 24135 RALLYDEBUG rally_openstack.wrappers.network [-] CIDR generated: 1.1.5.188/30
2019-07-14 09:23:14.941 24126 RALLYDEBUG rally_openstack.wrappers.network [-] CIDR generated: 1.1.5.192/30
2019-07-14 09:23:14.978 24126 RALLYDEBUG rally_openstack.wrappers.network [-] CIDR generated: 1.1.5.196/30
2019-07-14 09:23:14.979 24165 RALLYDEBUG rally_openstack.wrappers.network [-] CIDR generated: 1.1.5.200/30
2019-07-14 09:23:15.007 24173 RALLYDEBUG rally_openstack.wrappers.network [-] CIDR generated: 1.1.5.204/30
2019-07-14 09:23:15.140 24153 RALLYDEBUG rally_openstack.wrappers.network [-] CIDR generated: 1.1.5.208/30
2019-07-14 09:23:15.156 24142 RALLYDEBUG rally_openstack.wrappers.network [-] CIDR generated: 1.1.5.212/30
2019-07-14 09:23:15.188 24128 RALLYDEBUG rally_openstack.wrappers.network [-] CIDR generated: 1.1.5.216/30
2019-07-14 09:23:15.234 24161 RALLYDEBUG rally_openstack.wrappers.network [-] CIDR generated: 1.1.5.220/30
2019-07-14 09:23:15.274 24164 RALLYDEBUG rally_openstack.wrappers.network [-] CIDR generated: 1.1.5.224/30
2019-07-14 09:23:15.372 24158 RALLYDEBUG rally_openstack.wrappers.network [-] CIDR generated: 1.1.5.228/30
2019-07-14 09:23:15.549 24129 RALLYDEBUG rally_openstack.wrappers.network [-] CIDR generated: 1.1.5.232/30
2019-07-14 09:23:15.588 24168 RALLYDEBUG rally_openstack.wrappers.network [-] CIDR generated: 1.1.5.236/30
2019-07-14 09:23:15.706 24126 RALLYDEBUG rally_openstack.wrappers.network [-] CIDR generated: 1.1.5.240/30
2019-07-14 09:23:15.965 24128 RALLYDEBUG rally_openstack.wrappers.network [-] CIDR generated: 1.1.5.244/30
2019-07-14 09:23:15.979 24127 RALLYDEBUG rally_openstack.wrappers.network [-] CIDR generated: 1.1.5.248/30
2019-07-14 09:23:16.122 24147 RALLYDEBUG rally_openstack.wrappers.network [-] CIDR generated: 1.1.5.252/30
2019-07-14 09:23:16.387 24127 RALLYDEBUG rally_openstack.wrappers.network [-] CIDR generated: 1.1.6.0/30
2019-07-14 09:23:16.418 24161 RALLYDEBUG rally_openstack.wrappers.network [-] CIDR generated: 1.1.6.4/30
2019-07-14 09:23:16.453 24153 RALLYDEBUG rally_openstack.wrappers.network [-] CIDR generated: 1.1.6.8/30
2019-07-14 09:23:16.596 24137 RALLYDEBUG rally_openstack.wrappers.network [-] CIDR generated: 1.1.6.12/30
2019-07-14 09:23:16.728 24158 RALLYDEBUG rally_openstack.wrappers.network [-] CIDR generated: 1.1.6.16/30
2019-07-14 09:23:17.084 24135 RALLYDEBUG rally_openstack.wrappers.network [-] CIDR generated: 1.1.6.20/30
2019-07-14 09:23:17.171 24130 RALLYDEBUG rally_openstack.wrappers.network [-] CIDR generated: 1.1.6.24/30
2019-07-14 09:23:17.342 24165 RALLYDEBUG rally_openstack.wrappers.network [-] CIDR generated: 1.1.6.28/30
2019-07-14 09:23:17.601 24129 RALLYDEBUG rally_openstack.wrappers.network [-] CIDR generated: 1.1.6.32/30
2019-07-14 09:23:17.769 24164 RALLYDEBUG rally_openstack.wrappers.network [-] CIDR generated: 1.1.6.36/30
2019-07-14 09:23:18.384 24173 RALLYDEBUG rally_openstack.wrappers.network [-] CIDR generated: 1.1.6.40/30
2019-07-14 09:23:19.109 24126 RALLYDEBUG rally_openstack.wrappers.network [-] CIDR generated: 1.1.6.44/30
2019-07-14 09:23:19.249 24129 RALLYDEBUG rally_openstack.wrappers.network [-] CIDR generated: 1.1.6.48/30
2019-07-14 09:23:19.332 24128 RALLYDEBUG rally_openstack.wrappers.network [-] CIDR generated: 1.1.6.52/30
2019-07-14 09:23:19.861 24142 RALLYDEBUG rally_openstack.wrappers.network [-] CIDR generated: 1.1.6.56/30
2019-07-14 09:23:20.068 24168 RALLYDEBUG rally_openstack.wrappers.network [-] CIDR generated: 1.1.6.60/30
2019-07-14 09:23:25.616 24137 INFO rally.task.runner [-] Task 2fcb4d44-090b-4c3d-b747-e5f780bbc9dc | ITER: 11 END: OK
2019-07-14 09:23:25.620 24137 INFO rally.task.runner [-] Task 2fcb4d44-090b-4c3d-b747-e5f780bbc9dc | ITER: 21 START
2019-07-14 09:23:26.173 24129 INFO rally.task.runner [-] Task 2fcb4d44-090b-4c3d-b747-e5f780bbc9dc | ITER: 9 END: OK
2019-07-14 09:23:26.177 24129 INFO rally.task.runner [-] Task 2fcb4d44-090b-4c3d-b747-e5f780bbc9dc | ITER: 22 START
2019-07-14 09:23:26.413 24127 INFO rally.task.runner [-] Task 2fcb4d44-090b-4c3d-b747-e5f780bbc9dc | ITER: 4 END: OK
2019-07-14 09:23:26.418 24127 INFO rally.task.runner [-] Task 2fcb4d44-090b-4c3d-b747-e5f780bbc9dc | ITER: 23 START
2019-07-14 09:23:26.766 24137 RALLYDEBUG rally_openstack.wrappers.network [-] CIDR generated: 1.1.6.64/30
2019-07-14 09:23:27.090 24129 RALLYDEBUG rally_openstack.wrappers.network [-] CIDR generated: 1.1.6.68/30
2019-07-14 09:23:27.101 24127 RALLYDEBUG rally_openstack.wrappers.network [-] CIDR generated: 1.1.6.72/30
2019-07-14 09:23:27.169 24126 INFO rally.task.runner [-] Task 2fcb4d44-090b-4c3d-b747-e5f780bbc9dc | ITER: 1 END: OK
2019-07-14 09:23:27.174 24126 INFO rally.task.runner [-] Task 2fcb4d44-090b-4c3d-b747-e5f780bbc9dc | ITER: 24 START
