2019-07-14 09:31:43.568 25948 INFO rally.task.runner [-] Task 2fcb4d44-090b-4c3d-b747-e5f780bbc9dc | ITER: 17 END: OK
2019-07-14 09:31:43.572 25948 INFO rally.task.runner [-] Task 2fcb4d44-090b-4c3d-b747-e5f780bbc9dc | ITER: 39 START
2019-07-14 09:31:43.573 25948 WARNING rally_openstack.scenarios.neutron.utils [-] Running this scenario without either the 'network' or 'existing_network' context is deprecated
2019-07-14 09:31:45.019 25935 INFO rally.task.runner [-] Task 2fcb4d44-090b-4c3d-b747-e5f780bbc9dc | ITER: 15 END: OK
2019-07-14 09:31:45.023 25935 INFO rally.task.runner [-] Task 2fcb4d44-090b-4c3d-b747-e5f780bbc9dc | ITER: 40 START
2019-07-14 09:31:45.024 25935 WARNING rally_openstack.scenarios.neutron.utils [-] Running this scenario without either the 'network' or 'existing_network' context is deprecated
2019-07-14 09:31:48.721 25933 INFO rally.task.runner [-] Task 2fcb4d44-090b-4c3d-b747-e5f780bbc9dc | ITER: 26 END: OK
2019-07-14 09:31:49.629 25912 INFO rally.task.runner [-] Task 2fcb4d44-090b-4c3d-b747-e5f780bbc9dc | ITER: 21 END: OK
2019-07-14 09:31:49.828 25908 INFO rally.task.runner [-] Task 2fcb4d44-090b-4c3d-b747-e5f780bbc9dc | ITER: 31 END: OK
2019-07-14 09:31:50.575 25929 INFO rally.task.runner [-] Task 2fcb4d44-090b-4c3d-b747-e5f780bbc9dc | ITER: 28 END: OK
2019-07-14 09:31:50.757 25911 INFO rally.task.runner [-] Task 2fcb4d44-090b-4c3d-b747-e5f780bbc9dc | ITER: 25 END: OK
2019-07-14 09:31:51.267 25909 INFO rally.task.runner [-] Task 2fcb4d44-090b-4c3d-b747-e5f780bbc9dc | ITER: 37 END: OK
2019-07-14 09:31:52.026 25908 INFO rally.task.runner [-] Task 2fcb4d44-090b-4c3d-b747-e5f780bbc9dc | ITER: 29 END: OK
2019-07-14 09:31:52.080 25920 INFO rally.task.runner [-] Task 2fcb4d44-090b-4c3d-b747-e5f780bbc9dc | ITER: 34 END: OK
2019-07-14 09:31:52.094 25941 INFO rally.task.runner [-] Task 2fcb4d44-090b-4c3d-b747-e5f780bbc9dc | ITER: 27 END: OK
2019-07-14 09:31:52.157 25910 INFO rally.task.runner [-] Task 2fcb4d44-090b-4c3d-b747-e5f780bbc9dc | ITER: 30 END: OK
2019-07-14 09:31:52.242 25950 INFO rally.task.runner [-] Task 2fcb4d44-090b-4c3d-b747-e5f780bbc9dc | ITER: 22 END: OK
2019-07-14 09:31:52.532 25917 INFO rally.task.runner [-] Task 2fcb4d44-090b-4c3d-b747-e5f780bbc9dc | ITER: 24 END: OK
2019-07-14 09:31:52.581 25954 INFO rally.task.runner [-] Task 2fcb4d44-090b-4c3d-b747-e5f780bbc9dc | ITER: 23 END: OK
2019-07-14 09:31:52.921 25948 INFO rally.task.runner [-] Task 2fcb4d44-090b-4c3d-b747-e5f780bbc9dc | ITER: 39 END: OK
2019-07-14 09:31:53.078 25910 INFO rally.task.runner [-] Task 2fcb4d44-090b-4c3d-b747-e5f780bbc9dc | ITER: 32 END: OK
2019-07-14 09:31:53.206 25949 INFO rally.task.runner [-] Task 2fcb4d44-090b-4c3d-b747-e5f780bbc9dc | ITER: 36 END: OK
2019-07-14 09:31:53.781 25911 INFO rally.task.runner [-] Task 2fcb4d44-090b-4c3d-b747-e5f780bbc9dc | ITER: 38 END: OK
2019-07-14 09:31:53.948 25925 INFO rally.task.runner [-] Task 2fcb4d44-090b-4c3d-b747-e5f780bbc9dc | ITER: 35 END: OK
2019-07-14 09:31:53.949 25935 INFO rally.task.runner [-] Task 2fcb4d44-090b-4c3d-b747-e5f780bbc9dc | ITER: 40 END: OK
2019-07-14 09:31:54.242 25909 INFO rally.task.runner [-] Task 2fcb4d44-090b-4c3d-b747-e5f780bbc9dc | ITER: 33 END: OK
2019-07-14 09:31:54.270 21662 INFO rally.task.context [-] Task 2fcb4d44-090b-4c3d-b747-e5f780bbc9dc | Context cleanup@openstack cleanup() started
2019-07-14 09:31:54.273 21662 RALLYDEBUG rally_openstack.cleanup.manager [-] Cleaning up neutron vip objects
2019-07-14 09:31:54.684 21662 RALLYDEBUG rally_openstack.cleanup.manager [-] Cleaning up neutron health_monitor objects
2019-07-14 09:31:55.088 21662 RALLYDEBUG rally_openstack.cleanup.manager [-] Cleaning up neutron pool objects
2019-07-14 09:31:55.488 21662 RALLYDEBUG rally_openstack.cleanup.manager [-] Cleaning up neutron loadbalancer objects
2019-07-14 09:31:55.886 21662 RALLYDEBUG rally_openstack.cleanup.manager [-] Cleaning up neutron floatingip objects
2019-07-14 09:31:56.342 21662 RALLYDEBUG rally_openstack.cleanup.manager [-] Cleaning up neutron port objects
2019-07-14 09:31:56.828 21662 RALLYDEBUG rally_openstack.cleanup.manager [-] Cleaning up neutron subnet objects
2019-07-14 09:31:57.253 21662 RALLYDEBUG rally_openstack.cleanup.manager [-] Cleaning up neutron network objects
2019-07-14 09:31:58.229 21662 RALLYDEBUG rally_openstack.cleanup.manager [-] Deleting neutron.network object s_rally_603ece1c_JjbJC5Uw (35689643-d355-4da7-a74b-a38240ac4131)
2019-07-14 09:31:58.234 21662 RALLYDEBUG rally_openstack.cleanup.manager [-] Deleting neutron.network object s_rally_603ece1c_ZOE1Uw3I (42ec97f1-0e8d-48ed-9d73-53f2b0276156)
2019-07-14 09:31:58.236 21662 RALLYDEBUG rally_openstack.cleanup.manager [-] Deleting neutron.network object s_rally_603ece1c_hwqxSflN (2483309c-0134-4f7a-a7a3-fb2a1a4ee622)
2019-07-14 09:31:58.239 21662 RALLYDEBUG rally_openstack.cleanup.manager [-] Deleting neutron.network object s_rally_603ece1c_e4bNFrmt (6d588d7c-3e6e-4069-9c8c-84c9e65e22bd)
2019-07-14 09:31:58.242 21662 RALLYDEBUG rally_openstack.cleanup.manager [-] Deleting neutron.network object s_rally_603ece1c_VU7gvinp (4177d80a-e291-4f08-8aa9-6d9a21203da4)
2019-07-14 09:31:58.246 21662 RALLYDEBUG rally_openstack.cleanup.manager [-] Deleting neutron.network object s_rally_603ece1c_0v9N36ry (70ec05b6-4f5f-4b82-86c0-55a708fca41e)
2019-07-14 09:31:58.244 21662 RALLYDEBUG rally_openstack.cleanup.manager [-] Deleting neutron.network object s_rally_603ece1c_Nkb3TkuC (64968b2e-f928-4483-a69d-cc74f275204e)
2019-07-14 09:31:58.245 21662 RALLYDEBUG rally_openstack.cleanup.manager [-] Deleting neutron.network object s_rally_603ece1c_ZQgHJe2R (5f3af94c-6b2a-48b5-9c16-9326cfbb90df)
2019-07-14 09:31:58.252 21662 RALLYDEBUG rally_openstack.cleanup.manager [-] Deleting neutron.network object s_rally_603ece1c_tY3yYyOO (4fdf8f68-633e-42f1-872d-8bd5291f7c50)
2019-07-14 09:31:58.257 21662 RALLYDEBUG rally_openstack.cleanup.manager [-] Deleting neutron.network object s_rally_603ece1c_mabWOush (14e745ec-65ad-42ba-8ca6-61b4a3967ecc)
2019-07-14 09:31:58.267 21662 RALLYDEBUG rally_openstack.cleanup.manager [-] Deleting neutron.network object s_rally_603ece1c_PZPMAuxz (1c4fa668-fbb8-46fb-b856-c63c22dcc95e)
2019-07-14 09:31:58.268 21662 RALLYDEBUG rally_openstack.cleanup.manager [-] Deleting neutron.network object s_rally_603ece1c_cfNMK5hF (6e9fe756-c2b4-4d0d-9948-23330a3d3e94)
2019-07-14 09:31:58.276 21662 RALLYDEBUG rally_openstack.cleanup.manager [-] Deleting neutron.network object s_rally_603ece1c_Ue0yrkl6 (81579223-21c6-49ca-be64-9ed879aa187e)
2019-07-14 09:31:58.284 21662 RALLYDEBUG rally_openstack.cleanup.manager [-] Deleting neutron.network object s_rally_603ece1c_aLn0qVyw (7441c7f3-a2ff-481f-a2e3-9249745dc4b9)
2019-07-14 09:31:58.290 21662 RALLYDEBUG rally_openstack.cleanup.manager [-] Deleting neutron.network object s_rally_603ece1c_8AwFFm4y (0be82d8e-caf9-423f-9c57-59648721492c)
2019-07-14 09:31:58.306 21662 RALLYDEBUG rally_openstack.cleanup.manager [-] Deleting neutron.network object s_rally_603ece1c_LwmUnn33 (81b113b0-c8cb-4deb-b32f-ec55cbe642d3)
2019-07-14 09:31:58.317 21662 RALLYDEBUG rally_openstack.cleanup.manager [-] Deleting neutron.network object s_rally_603ece1c_wpr8HRjA (77ad969e-ae40-4df3-ace0-0cc9211aef4d)
2019-07-14 09:31:58.324 21662 RALLYDEBUG rally_openstack.cleanup.manager [-] Deleting neutron.network object s_rally_603ece1c_uanfdNpf (66d34326-0b9e-4bb4-bfb5-f76721b65ee2)
2019-07-14 09:31:58.317 21662 RALLYDEBUG rally_openstack.cleanup.manager [-] Deleting neutron.network object s_rally_603ece1c_o2fOrJ0D (061d3dba-5b40-46cb-9f06-c7f7fe73c6ba)
2019-07-14 09:31:58.351 21662 RALLYDEBUG rally_openstack.cleanup.manager [-] Deleting neutron.network object s_rally_603ece1c_uEuueALM (0c52cd9d-cdc7-427e-9569-2dc02a11a080)
2019-07-14 09:32:00.480 21662 RALLYDEBUG rally_openstack.cleanup.manager [-] Deleting neutron.network object s_rally_603ece1c_RBFg9ILs (827ed898-28bf-4b45-b435-039f49f3d5f3)
2019-07-14 09:32:00.694 21662 RALLYDEBUG rally_openstack.cleanup.manager [-] Deleting neutron.network object s_rally_603ece1c_KB9cD6lN (83e589eb-8266-404b-8bcf-f13b874f2aec)
2019-07-14 09:32:00.755 21662 RALLYDEBUG rally_openstack.cleanup.manager [-] Deleting neutron.network object s_rally_603ece1c_lcdTjs2c (8ae7d884-4c0a-4bdd-aa1f-386b375d59fd)
2019-07-14 09:32:00.926 21662 RALLYDEBUG rally_openstack.cleanup.manager [-] Deleting neutron.network object s_rally_603ece1c_1LykyLKy (9ca893aa-3655-4680-b489-afc791f492a1)
2019-07-14 09:32:00.983 21662 RALLYDEBUG rally_openstack.cleanup.manager [-] Deleting neutron.network object s_rally_603ece1c_Mb3KTapG (a1b64f7a-543f-456d-9495-0cb2cf422a0f)
2019-07-14 09:32:01.089 21662 RALLYDEBUG rally_openstack.cleanup.manager [-] Deleting neutron.network object s_rally_603ece1c_ELESQ6tm (a242f2d0-d00f-4683-85b5-db2222eb92c6)
2019-07-14 09:32:01.309 21662 RALLYDEBUG rally_openstack.cleanup.manager [-] Deleting neutron.network object s_rally_603ece1c_BavJ0c4k (a2e0a452-e776-45d0-990a-d70b78ad536a)
2019-07-14 09:32:01.331 21662 RALLYDEBUG rally_openstack.cleanup.manager [-] Deleting neutron.network object s_rally_603ece1c_4em8unje (a5ff470d-a68a-4bce-beca-a2fe9a52945d)
2019-07-14 09:32:01.383 21662 RALLYDEBUG rally_openstack.cleanup.manager [-] Deleting neutron.network object s_rally_603ece1c_igiDCDB5 (acf16931-2015-4c75-8406-65fee7e4c578)
2019-07-14 09:32:01.390 21662 RALLYDEBUG rally_openstack.cleanup.manager [-] Deleting neutron.network object s_rally_603ece1c_7M5gHydl (b0aa9a4b-fd0c-4082-85c0-d061db0641bc)
2019-07-14 09:32:01.419 21662 RALLYDEBUG rally_openstack.cleanup.manager [-] Deleting neutron.network object s_rally_603ece1c_niontuDu (bbf18af1-5015-4a6d-b1d6-69569f076238)
2019-07-14 09:32:01.434 21662 RALLYDEBUG rally_openstack.cleanup.manager [-] Deleting neutron.network object s_rally_603ece1c_kgYXQjnT (c0644b0a-f690-4420-b99f-8beaa98c035c)
2019-07-14 09:32:01.505 21662 RALLYDEBUG rally_openstack.cleanup.manager [-] Deleting neutron.network object s_rally_603ece1c_K7RndZ8v (c3c9afde-f70a-4d91-8b08-75c8c9f62651)
2019-07-14 09:32:01.513 21662 RALLYDEBUG rally_openstack.cleanup.manager [-] Deleting neutron.network object s_rally_603ece1c_7uUvh3Fw (c61e3c15-96de-4475-83f5-d52366e46fce)
2019-07-14 09:32:01.593 21662 RALLYDEBUG rally_openstack.cleanup.manager [-] Deleting neutron.network object s_rally_603ece1c_fNrqC9Tu (cc4edec8-896d-4fc1-afc2-76bf92a3bf2a)
2019-07-14 09:32:01.655 21662 RALLYDEBUG rally_openstack.cleanup.manager [-] Deleting neutron.network object s_rally_603ece1c_QhkOpTcF (d606f9d9-3644-4fe9-9372-45ffa12e16ff)
2019-07-14 09:32:01.669 21662 RALLYDEBUG rally_openstack.cleanup.manager [-] Deleting neutron.network object s_rally_603ece1c_blTCiC8F (da9214fd-bb2b-4c2e-8120-d69d99e4e7fb)
2019-07-14 09:32:01.698 21662 RALLYDEBUG rally_openstack.cleanup.manager [-] Deleting neutron.network object s_rally_603ece1c_mFQZ3Fgc (dfd553eb-b7a1-4dfa-af40-d1739ad8a2f8)
2019-07-14 09:32:01.817 21662 RALLYDEBUG rally_openstack.cleanup.manager [-] Deleting neutron.network object s_rally_603ece1c_6uvlwqu1 (efc7b5a0-3c65-47a5-aa84-3e299eeffa3d)
2019-07-14 09:32:01.822 21662 RALLYDEBUG rally_openstack.cleanup.manager [-] Deleting neutron.network object s_rally_603ece1c_CLTC9mKC (f602392f-3f24-49b6-b9a3-7bd77e0a42fd)
2019-07-14 09:32:04.484 21662 RALLYDEBUG rally_openstack.cleanup.manager [-] Cleaning up neutron router objects
2019-07-14 09:32:04.920 21662 RALLYDEBUG rally_openstack.cleanup.manager [-] Cleaning up neutron security_group objects
2019-07-14 09:32:05.329 21662 INFO rally.task.context [-] Task 2fcb4d44-090b-4c3d-b747-e5f780bbc9dc | Context cleanup@openstack cleanup() finished in 11.06 sec
2019-07-14 09:32:05.329 21662 INFO rally.task.context [-] Task 2fcb4d44-090b-4c3d-b747-e5f780bbc9dc | Context quotas@openstack cleanup() started
2019-07-14 09:32:05.430 21662 INFO rally.task.context [-] Task 2fcb4d44-090b-4c3d-b747-e5f780bbc9dc | Context quotas@openstack cleanup() finished in 0.10 sec
2019-07-14 09:32:05.431 21662 INFO rally.task.context [-] Task 2fcb4d44-090b-4c3d-b747-e5f780bbc9dc | Context users@openstack cleanup() started
2019-07-14 09:32:08.186 21662 INFO rally.task.context [-] Task 2fcb4d44-090b-4c3d-b747-e5f780bbc9dc | Context users@openstack cleanup() finished in 2.76 sec
2019-07-14 09:32:09.560 21662 INFO rally.task.engine [-] Load duration is: 25.931649
2019-07-14 09:32:09.561 21662 INFO rally.task.engine [-] Full runner duration is: 25.986147
2019-07-14 09:32:09.561 21662 INFO rally.task.engine [-] Full duration is: 42.811804
2019-07-14 09:32:10.156 21662 INFO rally.task.engine [-] Running workload: position = 0 config = { "version": 2, "title": "A cropped version of a bigger task.", "description": "Auto-generated task from a single workload (uuid=8c6b4bc2-5ea4-40ec-ad14-e31f50c8bb2e)", "subtasks": [ { "title": "Quotas.neutron_update", "description": "Update quotas for neutron.", "scenario": { "Quotas.neutron_update": { "max_quota": 1024 } }, "contexts": { "users": { "tenants": 20, "users_per_tenant": 1 } }, "runner": { "constant": { "times": 40, "concurrency": 20 } }, "hooks": [], "sla": { "failure_rate": { "max": 0 } } } ] }
2019-07-14 09:32:10.183 21662 RALLYDEBUG rally_openstack.contexts.keystone.users [-] Creating 20 tenants using 20 threads
2019-07-14 09:32:12.560 21662 RALLYDEBUG rally_openstack.contexts.keystone.users [-] Creating 20 users using 20 threads
2019-07-14 09:32:15.719 21662 INFO rally.task.context [-] Task 2fcb4d44-090b-4c3d-b747-e5f780bbc9dc | Context users@openstack setup() finished in 5.54 sec
2019-07-14 09:32:15.720 21662 INFO rally.task.context [-] Task 2fcb4d44-090b-4c3d-b747-e5f780bbc9dc | Context admin_cleanup@openstack setup() finished in 0.01 msec
2019-07-14 09:32:15.726 21662 RALLYDEBUG rally.task.runner [-] Starting the constant runner (task UUID: 2fcb4d44-090b-4c3d-b747-e5f780bbc9dc). timeout: 0 concurrency: 20 concurrency_per_worker: 1 times: 40 concurrency_overhead: 4 processes_to_start: 16 max_cpu_used: 16
2019-07-14 09:32:15.741 26278 RALLYDEBUG rally.task.runner [-] Starting a worker. concurrency: 2 args: {"max_quota": 1024} times: 40 method_name: run timeout: 0 duration: None cls:
2019-07-14 09:32:15.742 26279 RALLYDEBUG rally.task.runner [-] Starting a worker. concurrency: 2 args: {"max_quota": 1024} times: 40 method_name: run timeout: 0 duration: None cls:
2019-07-14 09:32:15.745 26280 RALLYDEBUG rally.task.runner [-] Starting a worker. concurrency: 2 args: {"max_quota": 1024} times: 40 method_name: run timeout: 0 duration: None cls:
2019-07-14 09:32:15.748 26281 RALLYDEBUG rally.task.runner [-] Starting a worker. concurrency: 2 args: {"max_quota": 1024} times: 40 method_name: run timeout: 0 duration: None cls:
2019-07-14 09:32:15.751 26282 RALLYDEBUG rally.task.runner [-] Starting a worker. concurrency: 1 args: {"max_quota": 1024} times: 40 method_name: run timeout: 0 duration: None cls:
2019-07-14 09:32:15.754 26283 RALLYDEBUG rally.task.runner [-] Starting a worker. concurrency: 1 args: {"max_quota": 1024} times: 40 method_name: run timeout: 0 duration: None cls:
2019-07-14 09:32:15.756 26278 INFO rally.task.runner [-] Task 2fcb4d44-090b-4c3d-b747-e5f780bbc9dc | ITER: 1 START
2019-07-14 09:32:15.758 26280 INFO rally.task.runner [-] Task 2fcb4d44-090b-4c3d-b747-e5f780bbc9dc | ITER: 3 START
2019-07-14 09:32:15.760 26279 INFO rally.task.runner [-] Task 2fcb4d44-090b-4c3d-b747-e5f780bbc9dc | ITER: 2 START
2019-07-14 09:32:15.760 26281 INFO rally.task.runner [-] Task 2fcb4d44-090b-4c3d-b747-e5f780bbc9dc | ITER: 4 START
2019-07-14 09:32:15.759 26284 RALLYDEBUG rally.task.runner [-] Starting a worker. concurrency: 1 args: {"max_quota": 1024} times: 40 method_name: run timeout: 0 duration: None cls:
2019-07-14 09:32:15.762 26282 INFO rally.task.runner [-] Task 2fcb4d44-090b-4c3d-b747-e5f780bbc9dc | ITER: 7 START
2019-07-14 09:32:15.764 26279 INFO rally.task.runner [-] Task 2fcb4d44-090b-4c3d-b747-e5f780bbc9dc | ITER: 6 START
2019-07-14 09:32:15.763 26288 RALLYDEBUG rally.task.runner [-] Starting a worker. concurrency: 1 args: {"max_quota": 1024} times: 40 method_name: run timeout: 0 duration: None cls:
2019-07-14 09:32:15.766 26283 INFO rally.task.runner [-] Task 2fcb4d44-090b-4c3d-b747-e5f780bbc9dc | ITER: 9 START
2019-07-14 09:32:15.766 26292 RALLYDEBUG rally.task.runner [-] Starting a worker. concurrency: 1 args: {"max_quota": 1024} times: 40 method_name: run timeout: 0 duration: None cls:
2019-07-14 09:32:15.770 26298 RALLYDEBUG rally.task.runner [-] Starting a worker. concurrency: 1 args: {"max_quota": 1024} times: 40 method_name: run timeout: 0 duration: None cls:
2019-07-14 09:32:15.773 26278 INFO rally.task.runner [-] Task 2fcb4d44-090b-4c3d-b747-e5f780bbc9dc | ITER: 5 START
2019-07-14 09:32:15.773 26284 INFO rally.task.runner [-] Task 2fcb4d44-090b-4c3d-b747-e5f780bbc9dc | ITER: 11 START
2019-07-14 09:32:15.774 26292 INFO rally.task.runner [-] Task 2fcb4d44-090b-4c3d-b747-e5f780bbc9dc | ITER: 13 START
2019-07-14 09:32:15.778 26288 INFO rally.task.runner [-] Task 2fcb4d44-090b-4c3d-b747-e5f780bbc9dc | ITER: 12 START
2019-07-14 09:32:15.778 26301 RALLYDEBUG rally.task.runner [-] Starting a worker. concurrency: 1 args: {"max_quota": 1024} times: 40 method_name: run timeout: 0 duration: None cls:
2019-07-14 09:32:15.783 26298 INFO rally.task.runner [-] Task 2fcb4d44-090b-4c3d-b747-e5f780bbc9dc | ITER: 14 START
2019-07-14 09:32:15.784 26281 INFO rally.task.runner [-] Task 2fcb4d44-090b-4c3d-b747-e5f780bbc9dc | ITER: 10 START
2019-07-14 09:32:15.784 26308 RALLYDEBUG rally.task.runner [-] Starting a worker. concurrency: 1 args: {"max_quota": 1024} times: 40 method_name: run timeout: 0 duration: None cls:
2019-07-14 09:32:15.788 26280 INFO rally.task.runner [-] Task 2fcb4d44-090b-4c3d-b747-e5f780bbc9dc | ITER: 8 START
2019-07-14 09:32:15.788 26310 RALLYDEBUG rally.task.runner [-] Starting a worker. concurrency: 1 args: {"max_quota": 1024} times: 40 method_name: run timeout: 0 duration: None cls:
2019-07-14 09:32:15.789 26314 RALLYDEBUG rally.task.runner [-] Starting a worker. concurrency: 1 args: {"max_quota": 1024} times: 40 method_name: run timeout: 0 duration: None cls:
2019-07-14 09:32:15.795 26308 INFO rally.task.runner [-] Task 2fcb4d44-090b-4c3d-b747-e5f780bbc9dc | ITER: 16 START
2019-07-14 09:32:15.797 26314 INFO rally.task.runner [-] Task 2fcb4d44-090b-4c3d-b747-e5f780bbc9dc | ITER: 18 START
2019-07-14 09:32:15.799 26301 INFO rally.task.runner [-] Task 2fcb4d44-090b-4c3d-b747-e5f780bbc9dc | ITER: 15 START
2019-07-14 09:32:15.800 26317 RALLYDEBUG rally.task.runner [-] Starting a worker. concurrency: 1 args: {"max_quota": 1024} times: 40 method_name: run timeout: 0 duration: None cls:
2019-07-14 09:32:15.802 26310 INFO rally.task.runner [-] Task 2fcb4d44-090b-4c3d-b747-e5f780bbc9dc | ITER: 17 START
2019-07-14 09:32:15.811 26317 INFO rally.task.runner [-] Task 2fcb4d44-090b-4c3d-b747-e5f780bbc9dc | ITER: 19 START
2019-07-14 09:32:15.810 26323 RALLYDEBUG rally.task.runner [-] Starting a worker. concurrency: 1 args: {"max_quota": 1024} times: 40 method_name: run timeout: 0 duration: None cls:
2019-07-14 09:32:15.819 26323 INFO rally.task.runner [-] Task 2fcb4d44-090b-4c3d-b747-e5f780bbc9dc | ITER: 20 START
2019-07-14 09:32:16.350 26283 INFO rally.task.runner [-] Task 2fcb4d44-090b-4c3d-b747-e5f780bbc9dc | ITER: 9 END: OK
2019-07-14 09:32:16.356 26284 INFO rally.task.runner [-] Task 2fcb4d44-090b-4c3d-b747-e5f780bbc9dc | ITER: 11 END: OK
2019-07-14 09:32:16.357 26283 INFO rally.task.runner [-] Task 2fcb4d44-090b-4c3d-b747-e5f780bbc9dc | ITER: 21 START
2019-07-14 09:32:16.364 26284 INFO rally.task.runner [-] Task 2fcb4d44-090b-4c3d-b747-e5f780bbc9dc | ITER: 22 START
2019-07-14 09:32:16.370 26279 INFO rally.task.runner [-] Task 2fcb4d44-090b-4c3d-b747-e5f780bbc9dc | ITER: 6 END: OK
2019-07-14 09:32:16.377 26279 INFO rally.task.runner [-] Task 2fcb4d44-090b-4c3d-b747-e5f780bbc9dc | ITER: 23 START
2019-07-14 09:32:16.459 26278 INFO rally.task.runner [-] Task 2fcb4d44-090b-4c3d-b747-e5f780bbc9dc | ITER: 5 END: OK
2019-07-14 09:32:16.467 26278 INFO rally.task.runner [-] Task 2fcb4d44-090b-4c3d-b747-e5f780bbc9dc | ITER: 24 START
2019-07-14 09:32:16.508 26282 INFO rally.task.runner [-] Task 2fcb4d44-090b-4c3d-b747-e5f780bbc9dc | ITER: 7 END: OK
2019-07-14 09:32:16.515 26282 INFO rally.task.runner [-] Task 2fcb4d44-090b-4c3d-b747-e5f780bbc9dc | ITER: 25 START
2019-07-14 09:32:16.516 26288 INFO rally.task.runner [-] Task 2fcb4d44-090b-4c3d-b747-e5f780bbc9dc | ITER: 12 END: OK
2019-07-14 09:32:16.516 26278 INFO rally.task.runner [-] Task 2fcb4d44-090b-4c3d-b747-e5f780bbc9dc | ITER: 1 END: OK
2019-07-14 09:32:16.522 26292 INFO rally.task.runner [-] Task 2fcb4d44-090b-4c3d-b747-e5f780bbc9dc | ITER: 13 END: OK
2019-07-14 09:32:16.523 26288 INFO rally.task.runner [-] Task 2fcb4d44-090b-4c3d-b747-e5f780bbc9dc | ITER: 26 START
2019-07-14 09:32:16.526 26278 INFO rally.task.runner [-] Task 2fcb4d44-090b-4c3d-b747-e5f780bbc9dc | ITER: 27 START
2019-07-14 09:32:16.529 26292 INFO rally.task.runner [-] Task 2fcb4d44-090b-4c3d-b747-e5f780bbc9dc | ITER: 28 START
2019-07-14 09:32:16.538 26298 INFO rally.task.runner [-] Task 2fcb4d44-090b-4c3d-b747-e5f780bbc9dc | ITER: 14 END: OK
2019-07-14 09:32:16.542 26280 INFO rally.task.runner [-] Task 2fcb4d44-090b-4c3d-b747-e5f780bbc9dc | ITER: 3 END: OK
2019-07-14 09:32:16.544 26298 INFO rally.task.runner [-] Task 2fcb4d44-090b-4c3d-b747-e5f780bbc9dc | ITER: 29 START
2019-07-14 09:32:16.549 26280 INFO rally.task.runner [-] Task 2fcb4d44-090b-4c3d-b747-e5f780bbc9dc | ITER: 30 START
2019-07-14 09:32:16.575 26301 INFO rally.task.runner [-] Task 2fcb4d44-090b-4c3d-b747-e5f780bbc9dc | ITER: 15 END: OK
2019-07-14 09:32:16.585 26301 INFO rally.task.runner [-] Task 2fcb4d44-090b-4c3d-b747-e5f780bbc9dc | ITER: 31 START
2019-07-14 09:32:16.645 26281 INFO rally.task.runner [-] Task 2fcb4d44-090b-4c3d-b747-e5f780bbc9dc | ITER: 10 END: OK
2019-07-14 09:32:16.653 26281 INFO rally.task.runner [-] Task 2fcb4d44-090b-4c3d-b747-e5f780bbc9dc | ITER: 32 START
2019-07-14 09:32:16.658 26310 INFO rally.task.runner [-] Task 2fcb4d44-090b-4c3d-b747-e5f780bbc9dc | ITER: 17 END: OK
2019-07-14 09:32:16.665 26310 INFO rally.task.runner [-] Task 2fcb4d44-090b-4c3d-b747-e5f780bbc9dc | ITER: 33 START
2019-07-14 09:32:16.736 26279 INFO rally.task.runner [-] Task 2fcb4d44-090b-4c3d-b747-e5f780bbc9dc | ITER: 2 END: OK
2019-07-14 09:32:16.743 26279 INFO rally.task.runner [-] Task 2fcb4d44-090b-4c3d-b747-e5f780bbc9dc | ITER: 34 START
2019-07-14 09:32:16.750 26317 INFO rally.task.runner [-] Task 2fcb4d44-090b-4c3d-b747-e5f780bbc9dc | ITER: 19 END: OK
2019-07-14 09:32:16.757 26317 INFO rally.task.runner [-] Task 2fcb4d44-090b-4c3d-b747-e5f780bbc9dc | ITER: 35 START
2019-07-14 09:32:16.821 26280 INFO rally.task.runner [-] Task 2fcb4d44-090b-4c3d-b747-e5f780bbc9dc | ITER: 8 END: OK
2019-07-14 09:32:16.828 26280 INFO rally.task.runner [-] Task 2fcb4d44-090b-4c3d-b747-e5f780bbc9dc | ITER: 36 START
2019-07-14 09:32:16.850 26284 INFO rally.task.runner [-] Task 2fcb4d44-090b-4c3d-b747-e5f780bbc9dc | ITER: 22 END: OK
2019-07-14 09:32:16.857 26284 INFO rally.task.runner [-] Task 2fcb4d44-090b-4c3d-b747-e5f780bbc9dc | ITER: 37 START
2019-07-14 09:32:16.866 26314 INFO rally.task.runner [-] Task 2fcb4d44-090b-4c3d-b747-e5f780bbc9dc | ITER: 18 END: OK
2019-07-14 09:32:16.875 26314 INFO rally.task.runner [-] Task 2fcb4d44-090b-4c3d-b747-e5f780bbc9dc | ITER: 38 START
2019-07-14 09:32:16.898 26308 INFO rally.task.runner [-] Task 2fcb4d44-090b-4c3d-b747-e5f780bbc9dc | ITER: 16 END: OK
2019-07-14 09:32:16.905 26308 INFO rally.task.runner [-] Task 2fcb4d44-090b-4c3d-b747-e5f780bbc9dc | ITER: 39 START
2019-07-14 09:32:16.920 26281 INFO rally.task.runner [-] Task 2fcb4d44-090b-4c3d-b747-e5f780bbc9dc | ITER: 4 END: OK
2019-07-14 09:32:16.927 26281 INFO rally.task.runner [-] Task 2fcb4d44-090b-4c3d-b747-e5f780bbc9dc | ITER: 40 START
2019-07-14 09:32:16.995 26283 INFO rally.task.runner [-] Task 2fcb4d44-090b-4c3d-b747-e5f780bbc9dc | ITER: 21 END: OK
2019-07-14 09:32:17.000 26288 INFO rally.task.runner [-] Task 2fcb4d44-090b-4c3d-b747-e5f780bbc9dc | ITER: 26 END: OK
2019-07-14 09:32:17.033 26279 INFO rally.task.runner [-] Task 2fcb4d44-090b-4c3d-b747-e5f780bbc9dc | ITER: 23 END: OK
2019-07-14 09:32:17.042 26278 INFO rally.task.runner [-] Task 2fcb4d44-090b-4c3d-b747-e5f780bbc9dc | ITER: 27 END: OK
2019-07-14 09:32:17.082 26323 INFO rally.task.runner [-] Task 2fcb4d44-090b-4c3d-b747-e5f780bbc9dc | ITER: 20 END: OK
2019-07-14 09:32:17.096 26278 INFO rally.task.runner [-] Task 2fcb4d44-090b-4c3d-b747-e5f780bbc9dc | ITER: 24 END: OK
2019-07-14 09:32:17.126 26280 INFO rally.task.runner [-] Task 2fcb4d44-090b-4c3d-b747-e5f780bbc9dc | ITER: 30 END: OK
2019-07-14 09:32:17.192 26281 INFO rally.task.runner [-] Task 2fcb4d44-090b-4c3d-b747-e5f780bbc9dc | ITER: 32 END: OK
2019-07-14 09:32:17.233 26282 INFO rally.task.runner [-] Task 2fcb4d44-090b-4c3d-b747-e5f780bbc9dc | ITER: 25 END: OK
2019-07-14 09:32:17.266 26279 INFO rally.task.runner [-] Task 2fcb4d44-090b-4c3d-b747-e5f780bbc9dc | ITER: 34 END: OK
2019-07-14 09:32:17.292 26292 INFO rally.task.runner [-] Task 2fcb4d44-090b-4c3d-b747-e5f780bbc9dc | ITER: 28 END: OK
2019-07-14 09:32:17.295 26298 INFO rally.task.runner [-] Task 2fcb4d44-090b-4c3d-b747-e5f780bbc9dc | ITER: 29 END: OK
2019-07-14 09:32:17.414 26310 INFO rally.task.runner [-] Task 2fcb4d44-090b-4c3d-b747-e5f780bbc9dc | ITER: 33 END: OK
2019-07-14 09:32:17.470 26280 INFO rally.task.runner [-] Task 2fcb4d44-090b-4c3d-b747-e5f780bbc9dc | ITER: 36 END: OK
2019-07-14 09:32:17.489 26284 INFO rally.task.runner [-] Task 2fcb4d44-090b-4c3d-b747-e5f780bbc9dc | ITER: 37 END: OK
2019-07-14 09:32:17.522 26301 INFO rally.task.runner [-] Task 2fcb4d44-090b-4c3d-b747-e5f780bbc9dc | ITER: 31 END: OK
2019-07-14 09:32:17.627 26314 INFO rally.task.runner [-] Task 2fcb4d44-090b-4c3d-b747-e5f780bbc9dc | ITER: 38 END: OK
2019-07-14 09:32:17.747 26308 INFO rally.task.runner [-] Task 2fcb4d44-090b-4c3d-b747-e5f780bbc9dc | ITER: 39 END: OK
2019-07-14 09:32:17.764 26281 INFO rally.task.runner [-] Task 2fcb4d44-090b-4c3d-b747-e5f780bbc9dc | ITER: 40 END: OK
2019-07-14 09:32:17.768 26317 INFO rally.task.runner [-] Task 2fcb4d44-090b-4c3d-b747-e5f780bbc9dc | ITER: 35 END: OK
2019-07-14 09:32:17.789 21662 INFO rally.task.context [-] Task 2fcb4d44-090b-4c3d-b747-e5f780bbc9dc | Context admin_cleanup@openstack cleanup() started
2019-07-14 09:32:17.792 21662 RALLYDEBUG rally_openstack.cleanup.manager [-] Cleaning up neutron quota objects
2019-07-14 09:32:19.454 21662 INFO rally.task.context [-] Task 2fcb4d44-090b-4c3d-b747-e5f780bbc9dc | Context admin_cleanup@openstack cleanup() finished in 1.67 sec
2019-07-14 09:32:19.455 21662 INFO rally.task.context [-] Task 2fcb4d44-090b-4c3d-b747-e5f780bbc9dc | Context users@openstack cleanup() started
2019-07-14 09:32:41.330 21662 INFO rally.task.context [-] Task 2fcb4d44-090b-4c3d-b747-e5f780bbc9dc | Context users@openstack cleanup() finished in 21.88 sec
2019-07-14 09:32:42.373 21662 INFO rally.task.engine [-] Load duration is: 2.009549
2019-07-14 09:32:42.373 21662 INFO rally.task.engine [-] Full runner duration is: 2.062911
2019-07-14 09:32:42.374 21662 INFO rally.task.engine [-] Full duration is: 31.152141
2019-07-14 09:32:42.768 21662 INFO rally.task.engine [-] Running workload: position = 0 config = { "version": 2, "title": "A cropped version of a bigger task.", "description": "Auto-generated task from a single workload (uuid=3db461bf-5b63-4126-9353-e46223e27a9c)", "subtasks": [ { "title": "NeutronTrunks.create_and_list_trunk_subports", "description": "", "scenario": { "NeutronTrunks.create_and_list_trunk_subports": { "subport_count": 125 } }, "contexts": { "users": { "tenants": 1, "users_per_tenant": 1 }, "quotas": { "neutron": { "network": -1, "port": 1000 } } }, "runner": { "constant": { "times": 4, "concurrency": 4 } }, "hooks": [], "sla": { "failure_rate": { "max": 0 } } } ] }
2019-07-14 09:32:42.795 21662 RALLYDEBUG rally_openstack.contexts.keystone.users [-] Creating 1 tenants using 20 threads
2019-07-14 09:32:43.716 21662 RALLYDEBUG rally_openstack.contexts.keystone.users [-] Creating 1 users using 20 threads
2019-07-14 09:32:45.174 21662 INFO rally.task.context [-] Task 2fcb4d44-090b-4c3d-b747-e5f780bbc9dc | Context users@openstack setup() finished in 2.38 sec
2019-07-14 09:32:45.677 21662 INFO rally.task.context [-] Task 2fcb4d44-090b-4c3d-b747-e5f780bbc9dc | Context quotas@openstack setup() finished in 0.50 sec
2019-07-14 09:32:45.677 21662 INFO rally.task.context [-] Task 2fcb4d44-090b-4c3d-b747-e5f780bbc9dc | Context cleanup@openstack setup() finished in 0.01 msec
2019-07-14 09:32:45.686 21662 RALLYDEBUG rally.task.runner [-] Starting the constant runner (task UUID: 2fcb4d44-090b-4c3d-b747-e5f780bbc9dc). timeout: 0 concurrency: 4 concurrency_per_worker: 1 times: 4 concurrency_overhead: 0 processes_to_start: 4 max_cpu_used: 16
2019-07-14 09:32:45.700 26468 RALLYDEBUG rally.task.runner [-] Starting a worker. concurrency: 1 args: {"subport_count": 125} times: 4 method_name: run timeout: 0 duration: None cls:
2019-07-14 09:32:45.704 26469 RALLYDEBUG rally.task.runner [-] Starting a worker. concurrency: 1 args: {"subport_count": 125} times: 4 method_name: run timeout: 0 duration: None cls:
2019-07-14 09:32:45.707 26468 INFO rally.task.runner [-] Task 2fcb4d44-090b-4c3d-b747-e5f780bbc9dc | ITER: 1 START
2019-07-14 09:32:45.707 26470 RALLYDEBUG rally.task.runner [-] Starting a worker. concurrency: 1 args: {"subport_count": 125} times: 4 method_name: run timeout: 0 duration: None cls:
2019-07-14 09:32:45.710 26469 INFO rally.task.runner [-] Task 2fcb4d44-090b-4c3d-b747-e5f780bbc9dc | ITER: 2 START
2019-07-14 09:32:45.710 26471 RALLYDEBUG rally.task.runner [-] Starting a worker. concurrency: 1 args: {"subport_count": 125} times: 4 method_name: run timeout: 0 duration: None cls:
2019-07-14 09:32:45.713 26470 INFO rally.task.runner [-] Task 2fcb4d44-090b-4c3d-b747-e5f780bbc9dc | ITER: 3 START
2019-07-14 09:32:45.716 26471 INFO rally.task.runner [-] Task 2fcb4d44-090b-4c3d-b747-e5f780bbc9dc | ITER: 4 START
2019-07-14 09:34:29.033 26470 WARNING rally.task.atomic [-] 'optional_action_timer' is deprecated since rally v0.10.0.Please use action_timer instead, we have improved atomic actions, now do not need to explicitly close original action.
2019-07-14 09:34:29.069 26470 WARNING rally.task.atomic [-] 'optional_action_timer' is deprecated since rally v0.10.0.Please use action_timer instead, we have improved atomic actions, now do not need to explicitly close original action.
2019-07-14 09:34:29.603 26470 INFO rally.task.runner [-] Task 2fcb4d44-090b-4c3d-b747-e5f780bbc9dc | ITER: 3 END: OK
2019-07-14 09:34:32.070 26471 WARNING rally.task.atomic [-] 'optional_action_timer' is deprecated since rally v0.10.0.Please use action_timer instead, we have improved atomic actions, now do not need to explicitly close original action.
2019-07-14 09:34:32.112 26471 WARNING rally.task.atomic [-] 'optional_action_timer' is deprecated since rally v0.10.0.Please use action_timer instead, we have improved atomic actions, now do not need to explicitly close original action.
2019-07-14 09:34:32.638 26471 INFO rally.task.runner [-] Task 2fcb4d44-090b-4c3d-b747-e5f780bbc9dc | ITER: 4 END: OK
2019-07-14 09:34:32.673 26468 WARNING rally.task.atomic [-] 'optional_action_timer' is deprecated since rally v0.10.0.Please use action_timer instead, we have improved atomic actions, now do not need to explicitly close original action.
2019-07-14 09:34:32.709 26468 WARNING rally.task.atomic [-] 'optional_action_timer' is deprecated since rally v0.10.0.Please use action_timer instead, we have improved atomic actions, now do not need to explicitly close original action.
2019-07-14 09:34:33.701 26468 INFO rally.task.runner [-] Task 2fcb4d44-090b-4c3d-b747-e5f780bbc9dc | ITER: 1 END: OK
2019-07-14 09:34:34.110 26469 WARNING rally.task.atomic [-] 'optional_action_timer' is deprecated since rally v0.10.0.Please use action_timer instead, we have improved atomic actions, now do not need to explicitly close original action.
2019-07-14 09:34:34.151 26469 WARNING rally.task.atomic [-] 'optional_action_timer' is deprecated since rally v0.10.0.Please use action_timer instead, we have improved atomic actions, now do not need to explicitly close original action.
2019-07-14 09:34:34.675 26469 INFO rally.task.runner [-] Task 2fcb4d44-090b-4c3d-b747-e5f780bbc9dc | ITER: 2 END: OK
2019-07-14 09:34:34.708 21662 INFO rally.task.context [-] Task 2fcb4d44-090b-4c3d-b747-e5f780bbc9dc | Context cleanup@openstack cleanup() started
2019-07-14 09:34:34.711 21662 RALLYDEBUG rally_openstack.cleanup.manager [-] Cleaning up neutron vip objects
2019-07-14 09:34:35.134 21662 RALLYDEBUG rally_openstack.cleanup.manager [-] Cleaning up neutron health_monitor objects
2019-07-14 09:34:35.548 21662 RALLYDEBUG rally_openstack.cleanup.manager [-] Cleaning up neutron pool objects
2019-07-14 09:34:35.966 21662 RALLYDEBUG rally_openstack.cleanup.manager [-] Cleaning up neutron loadbalancer objects
2019-07-14 09:34:36.379 21662 RALLYDEBUG rally_openstack.cleanup.manager [-] Cleaning up neutron floatingip objects
2019-07-14 09:34:36.809 21662 RALLYDEBUG rally_openstack.cleanup.manager [-] Cleaning up neutron port objects
2019-07-14 09:34:38.421 21662 RALLYDEBUG rally_openstack.cleanup.manager [-] Deleting neutron.port object s_rally_3db461bf_Jrcpy1Q5 (07254d2d-4ae2-43d9-ba65-9bbd94d58a16)
2019-07-14 09:34:38.429 21662 RALLYDEBUG rally_openstack.cleanup.manager [-] Deleting neutron.port object s_rally_3db461bf_E7N3N7R7 (079ca451-f799-419c-918c-3558f6c189d1)
2019-07-14 09:34:38.435 21662 RALLYDEBUG rally_openstack.cleanup.manager [-] Deleting neutron.port object s_rally_3db461bf_wQ66gaAU (008008c4-2269-4e3d-9fb8-4b7285089701)
2019-07-14 09:34:38.436 21662 RALLYDEBUG rally_openstack.cleanup.manager [-] Deleting neutron.port object s_rally_3db461bf_EkCyZqhK (09b33bc7-1ea7-465f-a007-a8a2f825f22c)
2019-07-14 09:34:38.442 21662 RALLYDEBUG rally_openstack.cleanup.manager [-] Deleting neutron.port object s_rally_3db461bf_sl48jKVt (0999684f-9092-49db-a97f-bbae8b60812d)
2019-07-14 09:34:38.447 21662 RALLYDEBUG rally_openstack.cleanup.manager [-] Deleting neutron.port object s_rally_3db461bf_t4XFeFpf (07ac2995-f136-41df-983f-3c1324636ea2)
2019-07-14 09:34:38.452 21662 RALLYDEBUG rally_openstack.cleanup.manager [-] Deleting neutron.port object s_rally_3db461bf_oOYbGTmv (05baeee5-b0e7-4dee-8bb2-c7d25125b56c)
2019-07-14 09:34:38.453 21662 RALLYDEBUG rally_openstack.cleanup.manager [-] Deleting neutron.port object s_rally_3db461bf_l19mC92K (00305ee9-8abd-48d3-8874-5480ff089c86)
2019-07-14 09:34:38.459 21662 RALLYDEBUG rally_openstack.cleanup.manager [-] Deleting neutron.port object s_rally_3db461bf_3gmdmgTt (0a7d4bb3-a93a-43ff-babb-5ffee5efdac2)
2019-07-14 09:34:38.460 21662 RALLYDEBUG rally_openstack.cleanup.manager [-] Deleting neutron.port object s_rally_3db461bf_REgIK9Az (04a603e1-ba11-4061-be5f-6eb1abc73a01)
2019-07-14 09:34:38.462 21662 RALLYDEBUG rally_openstack.cleanup.manager [-] Deleting neutron.port object s_rally_3db461bf_qRHK7YTC (005c7aea-3652-4c03-922e-cf293e4e1152)
2019-07-14 09:34:38.464 21662 RALLYDEBUG rally_openstack.cleanup.manager [-] Deleting neutron.port object s_rally_3db461bf_n0mODKTd (024ee5e0-7e96-4361-930b-affaa78f6f97)
2019-07-14 09:34:38.473 21662 RALLYDEBUG rally_openstack.cleanup.manager [-] Deleting neutron.port object s_rally_3db461bf_DtLSUFfY (026f18b8-2e08-43e9-907d-93e769ac7863)
2019-07-14 09:34:38.474 21662 RALLYDEBUG rally_openstack.cleanup.manager [-] Deleting neutron.port object s_rally_3db461bf_qF3ew4TL (05b7c615-339a-46df-89b5-08d6022346ef)
2019-07-14 09:34:38.474 21662 RALLYDEBUG rally_openstack.cleanup.manager [-] Deleting neutron.port object s_rally_3db461bf_1Vf7Z3xD (06494bf5-82f9-41fe-85f2-e36cadfcaec9)
2019-07-14 09:34:38.476 21662 RALLYDEBUG rally_openstack.cleanup.manager [-] Deleting neutron.port object s_rally_3db461bf_eIwbVuYI (0a1a4f77-036a-4faa-b3d1-cc1534be4444)
2019-07-14 09:34:38.477 21662 RALLYDEBUG rally_openstack.cleanup.manager [-] Deleting neutron.port object s_rally_3db461bf_pSvGTgr1 (09c4330b-bad8-43d0-95fc-0c5a3ac72dc4)
2019-07-14 09:34:38.479 21662 RALLYDEBUG rally_openstack.cleanup.manager [-] Deleting neutron.port object s_rally_3db461bf_ssAFWMd3 (06e0142b-1069-4506-86ce-28436250b0cf)
2019-07-14 09:34:38.483 21662 RALLYDEBUG rally_openstack.cleanup.manager [-] Deleting neutron.port object s_rally_3db461bf_zXuBev70 (0a793440-f551-4741-9610-a454ea31103b)
2019-07-14 09:34:38.494 21662 RALLYDEBUG rally_openstack.cleanup.manager [-] Deleting neutron.port object s_rally_3db461bf_dEWeBTVR (06ef291a-9cc9-46c7-bb63-f386d2ec39c3)
2019-07-14 09:34:40.744 21662 RALLYDEBUG rally_openstack.cleanup.manager [-] Deleting neutron.port object s_rally_3db461bf_QkrGqy44 (0afa6952-f228-444a-a23c-e3b9144deaa4)
2019-07-14 09:34:40.771 21662 RALLYDEBUG rally_openstack.cleanup.manager [-] Deleting neutron.port object s_rally_3db461bf_dfm4Tuk4 (0b7e811f-4f65-4a56-8327-31b03f995d81)
2019-07-14 09:34:41.079 21662 RALLYDEBUG rally_openstack.cleanup.manager [-] Deleting neutron.port object s_rally_3db461bf_ho3j72AD (0bfc1049-d1eb-41ea-bb42-0ab9da75929b)
2019-07-14 09:34:41.099 21662 RALLYDEBUG rally_openstack.cleanup.manager [-] Deleting neutron.port object s_rally_3db461bf_Z95htS4j (0d5b8a05-462a-43f5-afc0-543a52ddf567)
2019-07-14 09:34:41.125 21662 RALLYDEBUG rally_openstack.cleanup.manager [-] Deleting neutron.port object s_rally_3db461bf_aYqlrgl3 (0dd4eadf-7e8e-4a86-88c5-a05963e5c6f6)
2019-07-14 09:34:41.159 21662 RALLYDEBUG rally_openstack.cleanup.manager [-] Deleting neutron.port object s_rally_3db461bf_7oye3qrb (0e14f7d0-232b-4cbb-8dd4-f4e30ff3b2ee)
2019-07-14 09:34:41.350 21662 RALLYDEBUG rally_openstack.cleanup.manager [-] Deleting neutron.port object s_rally_3db461bf_BLkNmrA1 (0e36b479-d3e0-4e87-b015-8108e0bf5a3c)
2019-07-14 09:34:41.402 21662 RALLYDEBUG rally_openstack.cleanup.manager [-] Deleting neutron.port object s_rally_3db461bf_4WFVd0Mz (0e77567c-bb96-4d8b-a6a3-6314a12662ba)
2019-07-14 09:34:41.416 21662 RALLYDEBUG rally_openstack.cleanup.manager [-] Deleting neutron.port object s_rally_3db461bf_UIZknIqL (0efea91b-6dec-4619-88c5-e620cecc7f7a)
2019-07-14 09:34:41.429 21662 RALLYDEBUG rally_openstack.cleanup.manager [-] Deleting neutron.port object s_rally_3db461bf_etCJyEus (0fa82dd4-f7fa-4340-ac75-a6b1ddd44756)
2019-07-14 09:34:41.506 21662 RALLYDEBUG rally_openstack.cleanup.manager [-] Deleting neutron.port object s_rally_3db461bf_ozMbmk9t (11dd0cfa-20fd-41d8-b1a8-f2a38b6358ba)
2019-07-14 09:34:41.608 21662 RALLYDEBUG rally_openstack.cleanup.manager [-] Deleting neutron.port object s_rally_3db461bf_BrXAGclx (11fc0b24-a9dd-4ca4-9806-501a37522f39)
2019-07-14 09:34:41.743 21662 RALLYDEBUG rally_openstack.cleanup.manager [-] Deleting neutron.port object s_rally_3db461bf_c6QsTFLf (12d9557b-f4d2-44cf-abb3-daa06dfda7a6)
2019-07-14 09:34:41.744 21662 RALLYDEBUG rally_openstack.cleanup.manager [-] Deleting neutron.port object s_rally_3db461bf_qivkKdEH (1316d558-ad53-494a-acaf-71af9b30471f)
2019-07-14 09:34:41.796 21662 RALLYDEBUG rally_openstack.cleanup.manager [-] Deleting neutron.port object s_rally_3db461bf_aoq7wlJZ (13cc44df-beda-4efc-a06e-87628e6cc0c3)
2019-07-14 09:34:41.798 21662 RALLYDEBUG rally_openstack.cleanup.manager [-] Deleting neutron.port object s_rally_3db461bf_I2cQpAsV (131a0513-c825-4b70-875a-796910bf0e15)
2019-07-14 09:34:41.855 21662 RALLYDEBUG rally_openstack.cleanup.manager [-] Deleting neutron.port object s_rally_3db461bf_JhvcgJi0 (14b7e166-fcdc-493f-9b2f-e2f3071d2cb7)
2019-07-14 09:34:41.855 21662 RALLYDEBUG rally_openstack.cleanup.manager [-] Deleting neutron.port object s_rally_3db461bf_VObgl8PV (1636cd88-ee22-4516-b3de-e9dedb716a6c)
2019-07-14 09:34:41.862 21662 RALLYDEBUG rally_openstack.cleanup.manager [-] Deleting neutron.port object s_rally_3db461bf_FpdAeN6z (17feb69f-3213-4f09-8a70-86863bafb45b)
2019-07-14 09:34:41.911 21662 RALLYDEBUG rally_openstack.cleanup.manager [-] Deleting neutron.port object s_rally_3db461bf_DTbHXcOs (1831a479-7e48-4074-aca9-5ce9c2506b1f)
2019-07-14 09:34:42.654 21662 RALLYDEBUG rally_openstack.cleanup.manager [-] Deleting neutron.port object s_rally_3db461bf_deZ7j0KJ (18559271-e96f-4a16-bff9-c743d703c5ad)
2019-07-14 09:34:42.784 21662 RALLYDEBUG rally_openstack.cleanup.manager [-] Deleting neutron.port object s_rally_3db461bf_EYDCCdRF (1879352b-a2ec-46dc-b487-610941713a4d)
2019-07-14 09:34:43.494 21662 RALLYDEBUG rally_openstack.cleanup.manager [-] Deleting neutron.port object s_rally_3db461bf_B4qGB2iZ (187d3ea1-aad6-49cd-8708-0185f9d5153a)
2019-07-14 09:34:43.546 21662 RALLYDEBUG rally_openstack.cleanup.manager [-] Deleting neutron.port object s_rally_3db461bf_oOD6HrWq (18de6c01-94c2-4031-bd32-b98c3452fb7a)
2019-07-14 09:34:43.663 21662 RALLYDEBUG rally_openstack.cleanup.manager [-] Deleting neutron.port object s_rally_3db461bf_jeoNnUiw (194e6b67-1f87-4ce3-ae68-fcf2c9bc9a2b)
2019-07-14 09:34:43.830 21662 RALLYDEBUG rally_openstack.cleanup.manager [-] Deleting neutron.port object s_rally_3db461bf_BORdQA1h (19563ea3-cbb7-4cca-a1ce-68f2f0d01db5)
2019-07-14 09:34:43.838 21662 RALLYDEBUG rally_openstack.cleanup.manager [-] Deleting neutron.port object s_rally_3db461bf_sesuGrMO (197f777b-93d5-4865-b53f-9679bdea612f)
2019-07-14 09:34:43.873 21662 RALLYDEBUG rally_openstack.cleanup.manager [-] Deleting neutron.port object s_rally_3db461bf_YwZ6m0QE (19805391-a17b-482f-9441-4793d69b5c96)
2019-07-14 09:34:43.923 21662 RALLYDEBUG rally_openstack.cleanup.manager [-] Deleting neutron.port object s_rally_3db461bf_Sv2DJKXS (19d34f79-de2a-4bb3-b4b3-06edfb25e654)
2019-07-14 09:34:43.946 21662 RALLYDEBUG rally_openstack.cleanup.manager [-] Deleting neutron.port object s_rally_3db461bf_Dsud4VMR (1b46b32f-8f87-4f1d-a876-69c406650596)
2019-07-14 09:34:43.961 21662 RALLYDEBUG rally_openstack.cleanup.manager [-] Deleting neutron.port object s_rally_3db461bf_BDi6KS1H (1be962c7-7ff6-431d-85d7-12386cf6cc03)
2019-07-14 09:34:44.203 21662 RALLYDEBUG rally_openstack.cleanup.manager [-] Deleting neutron.port object s_rally_3db461bf_rJVvmpPE (1c322a9a-ce52-47e4-b1c5-10963efe3a87)
2019-07-14 09:34:44.271 21662 RALLYDEBUG rally_openstack.cleanup.manager [-] Deleting neutron.port object s_rally_3db461bf_Ah3YpGa8 (1cca1294-1039-408f-90b1-361831ce4b9e)
2019-07-14 09:34:44.371 21662 RALLYDEBUG rally_openstack.cleanup.manager [-] Deleting neutron.port object s_rally_3db461bf_dWBuyMj6 (1d6974c6-c714-416a-af48-e508a2c4ddb5)
2019-07-14 09:34:44.484 21662 RALLYDEBUG rally_openstack.cleanup.manager [-] Deleting neutron.port object s_rally_3db461bf_MJlyuX8n (1d84f9f1-c513-4dfa-9619-2f02caec9fca)
2019-07-14 09:34:44.544 21662 RALLYDEBUG rally_openstack.cleanup.manager [-] Deleting neutron.port object s_rally_3db461bf_rGRX68rP (1d9fba71-b9dc-4f8a-a8e5-f8ec097b757e)
2019-07-14 09:34:44.592 21662 RALLYDEBUG rally_openstack.cleanup.manager [-] Deleting neutron.port object s_rally_3db461bf_Z9JTms27 (1dc5f08b-7c52-4e9a-8048-e73d547d8c03)
2019-07-14 09:34:44.595 21662 RALLYDEBUG rally_openstack.cleanup.manager [-] Deleting neutron.port object s_rally_3db461bf_uU7i7X7k (1e104a2a-d4c3-49f3-ab23-3ec05aa4034e)
2019-07-14 09:34:44.603 21662 RALLYDEBUG rally_openstack.cleanup.manager [-] Deleting neutron.port object s_rally_3db461bf_19aZhDU9 (1f89d37e-4dac-4ea4-82e9-9cb04cb6b18a)
2019-07-14 09:34:44.612 21662 RALLYDEBUG rally_openstack.cleanup.manager [-] Deleting neutron.port object s_rally_3db461bf_grxNdsx9 (201c9680-e810-43e6-b4c6-ae61548d3018)
2019-07-14 09:34:44.666 21662 RALLYDEBUG rally_openstack.cleanup.manager [-] Deleting neutron.port object s_rally_3db461bf_Oko0iPrj (20f0ce20-3258-48e6-9492-8ab0221bb478)
2019-07-14 09:34:44.693 21662 RALLYDEBUG rally_openstack.cleanup.manager [-] Deleting neutron.port object s_rally_3db461bf_cAffEW0s (212cca88-0170-4143-b012-911ed8783107)
2019-07-14 09:34:45.437 21662 RALLYDEBUG rally_openstack.cleanup.manager [-] Deleting neutron.port object s_rally_3db461bf_Yj5I7KMh (217b8d72-0f45-4296-906a-64db66113ba9)
2019-07-14 09:34:45.656 21662 RALLYDEBUG rally_openstack.cleanup.manager [-] Deleting neutron.port object s_rally_3db461bf_iUZPT9FZ (21aa0de1-4571-4178-8c3e-3b809032ea31)
2019-07-14 09:34:45.817 21662 RALLYDEBUG rally_openstack.cleanup.manager [-] Deleting neutron.port object s_rally_3db461bf_Lg3idBDD (21c3c5e9-5c3a-4507-a3fb-87a3d2f199af)
2019-07-14 09:34:45.839 21662 RALLYDEBUG rally_openstack.cleanup.manager [-] Deleting neutron.port object s_rally_3db461bf_T42Evftv (226deb9c-a400-48e1-8f07-59c85bc05885)
2019-07-14 09:34:45.878 21662 RALLYDEBUG rally_openstack.cleanup.manager [-] Deleting neutron.port object s_rally_3db461bf_UxrJYSaM (236ab0ce-eedb-46b8-81b7-adc260c1ff35)
2019-07-14 09:34:45.940 21662 RALLYDEBUG rally_openstack.cleanup.manager [-] Deleting neutron.port object s_rally_3db461bf_Fz9bMaJd (2382eea4-cba9-48d2-96ea-66263efb3f24)
2019-07-14 09:34:46.071 21662 RALLYDEBUG rally_openstack.cleanup.manager [-] Deleting neutron.port object s_rally_3db461bf_hUBJ7eJK (23bed7ce-8004-4593-ac10-c7b218611bf2)
2019-07-14 09:34:46.463 21662 RALLYDEBUG rally_openstack.cleanup.manager [-] Deleting neutron.port object s_rally_3db461bf_Vmq7y1xY (23ea781e-6ef4-4401-b408-0f0667f474f2)
2019-07-14 09:34:46.485 21662 RALLYDEBUG rally_openstack.cleanup.manager [-] Deleting neutron.port object s_rally_3db461bf_FotzyiHi (245b529b-d105-48d9-a927-78ff3bbb43d9)
2019-07-14 09:34:46.656 21662 RALLYDEBUG rally_openstack.cleanup.manager [-] Deleting neutron.port object s_rally_3db461bf_u07Dxrye (257d0469-d282-4a22-8245-031f74ad8230)
2019-07-14 09:34:46.761 21662 RALLYDEBUG rally_openstack.cleanup.manager [-] Deleting neutron.port object s_rally_3db461bf_W9n0y6qF (258cb1ef-85cc-4b3f-94bf-826bb2651f62)
2019-07-14 09:34:46.884 21662 RALLYDEBUG rally_openstack.cleanup.manager [-] Deleting neutron.port object s_rally_3db461bf_Fkz4pyeS (25dac558-d792-480d-9046-63022eb2bf94)
2019-07-14 09:34:46.911 21662 RALLYDEBUG rally_openstack.cleanup.manager [-] Deleting neutron.port object s_rally_3db461bf_ziZjBE0j (266d122b-f520-4529-a082-5b2f4599a5be)
2019-07-14 09:34:46.987 21662 RALLYDEBUG rally_openstack.cleanup.manager [-] Deleting neutron.port object s_rally_3db461bf_KHFb5jwi (2736e51e-9dbd-4627-86ac-30e0e9bf0c10)
2019-07-14 09:34:47.060 21662 RALLYDEBUG rally_openstack.cleanup.manager [-] Deleting neutron.port object s_rally_3db461bf_wtxz7lM0 (28a974c2-f86e-4b21-b610-df3e316b4551)
2019-07-14 09:34:47.113 21662 RALLYDEBUG rally_openstack.cleanup.manager [-] Deleting neutron.port object s_rally_3db461bf_3HPv0JhJ (291fc299-9ac3-4481-8b74-bed1a666b485)
2019-07-14 09:34:47.134 21662 RALLYDEBUG rally_openstack.cleanup.manager [-] Deleting neutron.port object s_rally_3db461bf_6UaljiPu (29af87b8-1dfc-40a2-ac78-0264b8ed4dd1)
2019-07-14 09:34:47.212 21662 RALLYDEBUG rally_openstack.cleanup.manager [-] Deleting neutron.port object s_rally_3db461bf_XhMRzH6R (29f40c47-60f1-48ce-97b8-84811a322005)
2019-07-14 09:34:47.430 21662 RALLYDEBUG rally_openstack.cleanup.manager [-] Deleting neutron.port object s_rally_3db461bf_RoB0U0hn (2a3c4734-d45d-4c77-8945-af5b4e13e923)
2019-07-14 09:34:47.587 21662 RALLYDEBUG rally_openstack.cleanup.manager [-] Deleting neutron.port object s_rally_3db461bf_KILeTr4P (2a94862c-e4ae-4237-a1d3-5e91323c925e)
2019-07-14 09:34:47.697 21662 RALLYDEBUG rally_openstack.cleanup.manager [-] Deleting neutron.port object s_rally_3db461bf_ly3Rtn6o (2aed1061-0c62-4762-99ae-b26df6ed13de)
2019-07-14 09:34:47.993 21662 RALLYDEBUG rally_openstack.cleanup.manager [-] Deleting neutron.port object s_rally_3db461bf_11bbzNSd (2af3c131-8810-437f-9dea-f02b0b1da136)
2019-07-14 09:34:48.096 21662 RALLYDEBUG rally_openstack.cleanup.manager [-] Deleting neutron.port object s_rally_3db461bf_KKPlPhSY (2b03fc2f-f40c-4db5-9efd-dbed5e59de45)
2019-07-14 09:34:48.212 21662 RALLYDEBUG rally_openstack.cleanup.manager [-] Deleting neutron.port object s_rally_3db461bf_9Qg4qL9e (2b0a6cd4-99d7-4750-83aa-73428bba3bfa)
2019-07-14 09:34:48.392 21662 RALLYDEBUG rally_openstack.cleanup.manager [-] Deleting neutron.port object s_rally_3db461bf_WhRG2wsJ (2b512776-9689-409a-835a-a18177833cdc)
2019-07-14 09:34:48.557 21662 RALLYDEBUG rally_openstack.cleanup.manager [-] Deleting neutron.port object s_rally_3db461bf_3ubYRZAL (2b9c627d-9111-4e0a-8f6c-90e56dc4eb61)
2019-07-14 09:34:48.595 21662 RALLYDEBUG rally_openstack.cleanup.manager [-] Deleting neutron.port object s_rally_3db461bf_0SGM94xk (2c7aec67-6c51-4032-b5bb-bc8cfaa420ad)
2019-07-14 09:34:48.723 21662 RALLYDEBUG rally_openstack.cleanup.manager [-] Deleting neutron.port object s_rally_3db461bf_j4lHJBks (2c8b9634-a1c6-48f5-938f-173876dc130a)
2019-07-14 09:34:48.961 21662 RALLYDEBUG rally_openstack.cleanup.manager [-] Deleting neutron.port object s_rally_3db461bf_6qkdW4KB (2d5327b5-a744-4e18-99ef-4ec4112e00fb)
2019-07-14 09:34:49.032 21662 RALLYDEBUG rally_openstack.cleanup.manager [-] Deleting neutron.port object s_rally_3db461bf_K0ZcdLQk (2e52a142-6ed4-4069-8296-5b9d77750f20)
2019-07-14 09:34:49.221 21662 RALLYDEBUG rally_openstack.cleanup.manager [-] Deleting neutron.port object s_rally_3db461bf_TTh7HMJY (2e8e36c3-426e-4c13-96ba-28913aa1be05)
2019-07-14 09:34:49.480 21662 RALLYDEBUG rally_openstack.cleanup.manager [-] Deleting neutron.port object s_rally_3db461bf_zZDoBocD (2e98eb03-4bff-4783-b43d-e4eab92ab542)
2019-07-14 09:34:49.586 21662 RALLYDEBUG rally_openstack.cleanup.manager [-] Deleting neutron.port object s_rally_3db461bf_Dne3Kstf (2f9f9c5c-358f-46b4-bd3c-9d9fee306f3b)
2019-07-14 09:34:49.592 21662 RALLYDEBUG rally_openstack.cleanup.manager [-] Deleting neutron.port object s_rally_3db461bf_fIzMHAV0 (301188b3-c46a-4cd8-b09d-26a04af809f4)
2019-07-14 09:34:49.604 21662 RALLYDEBUG rally_openstack.cleanup.manager [-] Deleting neutron.port object s_rally_3db461bf_DauvYIPR (3012c809-a5c2-43b7-8748-76cd08a364af)
2019-07-14 09:34:49.769 21662 RALLYDEBUG rally_openstack.cleanup.manager [-] Deleting neutron.port object s_rally_3db461bf_MljZ0awb (306112b1-e419-4fb5-92da-7abee507990f)
