2019-07-14 09:17:40.157 21653 RALLYDEBUG rally.api [-] INFO logs from urllib3 and requests module are hide.
2019-07-14 09:17:40.158 21653 RALLYDEBUG rally.api [-] urllib3 insecure warnings are hidden.
2019-07-14 09:17:40.158 21653 RALLYDEBUG rally.api [-] ERROR log from boto module is hide.
2019-07-14 09:17:42.831 21655 RALLYDEBUG rally.api [-] INFO logs from urllib3 and requests module are hide.
2019-07-14 09:17:42.831 21655 RALLYDEBUG rally.api [-] urllib3 insecure warnings are hidden.
2019-07-14 09:17:42.831 21655 RALLYDEBUG rally.api [-] ERROR log from boto module is hide.
2019-07-14 09:17:44.358 21655 WARNING rally_openstack.platforms.existing [-] endpoint is deprecated and not used.
2019-07-14 09:17:45.443 21657 RALLYDEBUG rally.api [-] INFO logs from urllib3 and requests module are hide.
2019-07-14 09:17:45.443 21657 RALLYDEBUG rally.api [-] urllib3 insecure warnings are hidden.
2019-07-14 09:17:45.443 21657 RALLYDEBUG rally.api [-] ERROR log from boto module is hide.
2019-07-14 09:17:48.701 21660 RALLYDEBUG rally.api [-] INFO logs from urllib3 and requests module are hide.
2019-07-14 09:17:48.701 21660 RALLYDEBUG rally.api [-] urllib3 insecure warnings are hidden.
2019-07-14 09:17:48.701 21660 RALLYDEBUG rally.api [-] ERROR log from boto module is hide.
2019-07-14 09:17:50.120 21662 RALLYDEBUG rally.api [-] INFO logs from urllib3 and requests module are hide.
2019-07-14 09:17:50.120 21662 RALLYDEBUG rally.api [-] urllib3 insecure warnings are hidden.
2019-07-14 09:17:50.121 21662 RALLYDEBUG rally.api [-] ERROR log from boto module is hide.
2019-07-14 09:17:51.473 21662 INFO rally.common.plugin.discover [-] Loading plugins from directories /root/.rally/plugins/*
2019-07-14 09:17:51.474 21662 INFO rally.common.plugin.discover [-] Loaded module with plugins: /root/.rally/plugins/__init__.py
2019-07-14 09:17:51.477 21662 INFO rally.common.plugin.discover [-] Loaded module with plugins: /root/.rally/plugins/trunk_scenario.py
2019-07-14 09:17:51.758 21662 INFO rally.task.engine [-] Task 2fcb4d44-090b-4c3d-b747-e5f780bbc9dc | Starting: Task validation.
2019-07-14 09:17:51.821 21662 INFO rally.task.engine [-] Task 2fcb4d44-090b-4c3d-b747-e5f780bbc9dc | Starting: Task validation of syntax.
2019-07-14 09:17:52.064 21662 INFO rally.task.engine [-] Task 2fcb4d44-090b-4c3d-b747-e5f780bbc9dc | Completed: Task validation of syntax.
2019-07-14 09:17:52.064 21662 INFO rally.task.engine [-] Task 2fcb4d44-090b-4c3d-b747-e5f780bbc9dc | Starting: Task validation of required platforms.
2019-07-14 09:17:52.134 21662 INFO rally.task.engine [-] Task 2fcb4d44-090b-4c3d-b747-e5f780bbc9dc | Completed: Task validation of required platforms.
2019-07-14 09:17:52.135 21662 INFO rally.task.engine [-] Task 2fcb4d44-090b-4c3d-b747-e5f780bbc9dc | Starting: Task validation of semantic.
2019-07-14 09:17:52.135 21662 INFO rally.task.engine [-] Check health of the environment 'df5345c9-3843-433d-b2b0-a5ade0bbdbcc'.
2019-07-14 09:17:52.722 21662 INFO rally.task.engine [-] Platform existing@openstack (available: True): OK!
2019-07-14 09:17:52.739 21662 RALLYDEBUG rally_openstack.contexts.keystone.users [-] Creating 1 tenants using 20 threads
2019-07-14 09:17:53.601 21662 RALLYDEBUG rally_openstack.contexts.keystone.users [-] Creating 1 users using 20 threads
2019-07-14 09:17:54.995 21662 INFO rally.task.context [-] Task 2fcb4d44-090b-4c3d-b747-e5f780bbc9dc | Context users@openstack setup() finished in 2.26 sec
2019-07-14 09:17:59.660 21662 INFO rally.task.context [-] Task 2fcb4d44-090b-4c3d-b747-e5f780bbc9dc | Context users@openstack cleanup() started
2019-07-14 09:18:03.013 21662 INFO rally.task.context [-] Task 2fcb4d44-090b-4c3d-b747-e5f780bbc9dc | Context users@openstack cleanup() finished in 3.35 sec
2019-07-14 09:18:03.014 21662 INFO rally.task.engine [-] Task 2fcb4d44-090b-4c3d-b747-e5f780bbc9dc | Completed: Task validation of semantic.
2019-07-14 09:18:03.014 21662 INFO rally.task.engine [-] Task 2fcb4d44-090b-4c3d-b747-e5f780bbc9dc | Completed: Task validation.
2019-07-14 09:18:03.015 21662 INFO rally.api [-] Task 2fcb4d44-090b-4c3d-b747-e5f780bbc9dc input file is valid.
2019-07-14 09:18:03.015 21662 INFO rally.api [-] Run Task 2fcb4d44-090b-4c3d-b747-e5f780bbc9dc against Deployment df5345c9-3843-433d-b2b0-a5ade0bbdbcc
2019-07-14 09:18:03.016 21662 INFO rally.task.engine [-] Task 2fcb4d44-090b-4c3d-b747-e5f780bbc9dc | Starting: Running task.
2019-07-14 09:18:03.230 21662 INFO rally.task.engine [-] Running workload: position = 0 config = { "version": 2, "title": "A cropped version of a bigger task.", "description": "Auto-generated task from a single workload (uuid=d2563509-8433-47a8-b3da-c053de99e21f)", "subtasks": [ { "title": "NeutronNetworks.create_and_list_networks", "description": "Check performance of list_networks action and ensure > network quotas are not exceeded", "scenario": { "NeutronNetworks.create_and_list_networks": {} }, "contexts": { "users": { "tenants": 1, "users_per_tenant": 1 }, "quotas": { "neutron": { "network": 119 } } }, "runner": { "constant": { "times": 100, "concurrency": 20 } }, "hooks": [], "sla": { "max_avg_duration_per_atomic": { "neutron.list_networks": 15 }, "failure_rate": { "max": 0 } } } ] }
2019-07-14 09:18:03.259 21662 RALLYDEBUG rally_openstack.contexts.keystone.users [-] Creating 1 tenants using 20 threads
2019-07-14 09:18:04.195 21662 RALLYDEBUG rally_openstack.contexts.keystone.users [-] Creating 1 users using 20 threads
2019-07-14 09:18:05.616 21662 INFO rally.task.context [-] Task 2fcb4d44-090b-4c3d-b747-e5f780bbc9dc | Context users@openstack setup() finished in 2.36 sec
2019-07-14 09:18:06.077 21662 INFO rally.task.context [-] Task 2fcb4d44-090b-4c3d-b747-e5f780bbc9dc | Context quotas@openstack setup() finished in 0.46 sec
2019-07-14 09:18:06.077 21662 INFO rally.task.context [-] Task 2fcb4d44-090b-4c3d-b747-e5f780bbc9dc | Context cleanup@openstack setup() finished in 0.03 msec
2019-07-14 09:18:06.087 21662 RALLYDEBUG rally.task.runner [-] Starting the constant runner (task UUID: 2fcb4d44-090b-4c3d-b747-e5f780bbc9dc). timeout: 0 concurrency: 20 concurrency_per_worker: 1 times: 100 concurrency_overhead: 4 processes_to_start: 16 max_cpu_used: 16
2019-07-14 09:18:06.100 21786 RALLYDEBUG rally.task.runner [-] Starting a worker. concurrency: 2 args: {} times: 100 method_name: run timeout: 0 duration: None cls:
2019-07-14 09:18:06.104 21787 RALLYDEBUG rally.task.runner [-] Starting a worker. concurrency: 2 args: {} times: 100 method_name: run timeout: 0 duration: None cls:
2019-07-14 09:18:06.106 21788 RALLYDEBUG rally.task.runner [-] Starting a worker. concurrency: 2 args: {} times: 100 method_name: run timeout: 0 duration: None cls:
2019-07-14 09:18:06.110 21789 RALLYDEBUG rally.task.runner [-] Starting a worker. concurrency: 2 args: {} times: 100 method_name: run timeout: 0 duration: None cls:
2019-07-14 09:18:06.111 21786 INFO rally.task.runner [-] Task 2fcb4d44-090b-4c3d-b747-e5f780bbc9dc | ITER: 1 START
2019-07-14 09:18:06.113 21792 RALLYDEBUG rally.task.runner [-] Starting a worker. concurrency: 1 args: {} times: 100 method_name: run timeout: 0 duration: None cls:
2019-07-14 09:18:06.115 21787 INFO rally.task.runner [-] Task 2fcb4d44-090b-4c3d-b747-e5f780bbc9dc | ITER: 2 START
2019-07-14 09:18:06.117 21795 RALLYDEBUG rally.task.runner [-] Starting a worker. concurrency: 1 args: {} times: 100 method_name: run timeout: 0 duration: None cls:
2019-07-14 09:18:06.118 21788 INFO rally.task.runner [-] Task 2fcb4d44-090b-4c3d-b747-e5f780bbc9dc | ITER: 4 START
2019-07-14 09:18:06.118 21789 INFO rally.task.runner [-] Task 2fcb4d44-090b-4c3d-b747-e5f780bbc9dc | ITER: 6 START
2019-07-14 09:18:06.122 21792 INFO rally.task.runner [-] Task 2fcb4d44-090b-4c3d-b747-e5f780bbc9dc | ITER: 8 START
2019-07-14 09:18:06.121 21799 RALLYDEBUG rally.task.runner [-] Starting a worker. concurrency: 1 args: {} times: 100 method_name: run timeout: 0 duration: None cls:
2019-07-14 09:18:06.122 21803 RALLYDEBUG rally.task.runner [-] Starting a worker. concurrency: 1 args: {} times: 100 method_name: run timeout: 0 duration: None cls:
2019-07-14 09:18:06.123 21787 INFO rally.task.runner [-] Task 2fcb4d44-090b-4c3d-b747-e5f780bbc9dc | ITER: 5 START
2019-07-14 09:18:06.125 21786 INFO rally.task.runner [-] Task 2fcb4d44-090b-4c3d-b747-e5f780bbc9dc | ITER: 3 START
2019-07-14 09:18:06.126 21795 INFO rally.task.runner [-] Task 2fcb4d44-090b-4c3d-b747-e5f780bbc9dc | ITER: 10 START
2019-07-14 09:18:06.126 21807 RALLYDEBUG rally.task.runner [-] Starting a worker. concurrency: 1 args: {} times: 100 method_name: run timeout: 0 duration: None cls:
2019-07-14 09:18:06.130 21788 INFO rally.task.runner [-] Task 2fcb4d44-090b-4c3d-b747-e5f780bbc9dc | ITER: 7 START
2019-07-14 09:18:06.131 21803 INFO rally.task.runner [-] Task 2fcb4d44-090b-4c3d-b747-e5f780bbc9dc | ITER: 12 START
2019-07-14 09:18:06.131 21799 INFO rally.task.runner [-] Task 2fcb4d44-090b-4c3d-b747-e5f780bbc9dc | ITER: 11 START
2019-07-14 09:18:06.132 21811 RALLYDEBUG rally.task.runner [-] Starting a worker. concurrency: 1 args: {} times: 100 method_name: run timeout: 0 duration: None cls:
2019-07-14 09:18:06.134 21789 INFO rally.task.runner [-] Task 2fcb4d44-090b-4c3d-b747-e5f780bbc9dc | ITER: 9 START
2019-07-14 09:18:06.136 21807 INFO rally.task.runner [-] Task 2fcb4d44-090b-4c3d-b747-e5f780bbc9dc | ITER: 13 START
2019-07-14 09:18:06.137 21815 RALLYDEBUG rally.task.runner [-] Starting a worker. concurrency: 1 args: {} times: 100 method_name: run timeout: 0 duration: None cls:
2019-07-14 09:18:06.145 21819 RALLYDEBUG rally.task.runner [-] Starting a worker. concurrency: 1 args: {} times: 100 method_name: run timeout: 0 duration: None cls:
2019-07-14 09:18:06.146 21811 INFO rally.task.runner [-] Task 2fcb4d44-090b-4c3d-b747-e5f780bbc9dc | ITER: 14 START
2019-07-14 09:18:06.152 21815 INFO rally.task.runner [-] Task 2fcb4d44-090b-4c3d-b747-e5f780bbc9dc | ITER: 15 START
2019-07-14 09:18:06.160 21819 INFO rally.task.runner [-] Task 2fcb4d44-090b-4c3d-b747-e5f780bbc9dc | ITER: 16 START
2019-07-14 09:18:06.171 21826 RALLYDEBUG rally.task.runner [-] Starting a worker. concurrency: 1 args: {} times: 100 method_name: run timeout: 0 duration: None cls:
2019-07-14 09:18:06.178 21826 INFO rally.task.runner [-] Task 2fcb4d44-090b-4c3d-b747-e5f780bbc9dc | ITER: 17 START
2019-07-14 09:18:06.182 21829 RALLYDEBUG rally.task.runner [-] Starting a worker. concurrency: 1 args: {} times: 100 method_name: run timeout: 0 duration: None cls:
2019-07-14 09:18:06.189 21829 INFO rally.task.runner [-] Task 2fcb4d44-090b-4c3d-b747-e5f780bbc9dc | ITER: 18 START
2019-07-14 09:18:06.192 21830 RALLYDEBUG rally.task.runner [-] Starting a worker. concurrency: 1 args: {} times: 100 method_name: run timeout: 0 duration: None cls:
2019-07-14 09:18:06.196 21833 RALLYDEBUG rally.task.runner [-] Starting a worker. concurrency: 1 args: {} times: 100 method_name: run timeout: 0 duration: None cls:
2019-07-14 09:18:06.199 21830 INFO rally.task.runner [-] Task 2fcb4d44-090b-4c3d-b747-e5f780bbc9dc | ITER: 19 START
2019-07-14 09:18:06.202 21833 INFO rally.task.runner [-] Task 2fcb4d44-090b-4c3d-b747-e5f780bbc9dc | ITER: 20 START
2019-07-14 09:18:07.207 21787 INFO rally.task.runner [-] Task 2fcb4d44-090b-4c3d-b747-e5f780bbc9dc | ITER: 5 END: OK
2019-07-14 09:18:07.212 21787 INFO rally.task.runner [-] Task 2fcb4d44-090b-4c3d-b747-e5f780bbc9dc | ITER: 21 START
2019-07-14 09:18:07.241 21799 INFO rally.task.runner [-] Task 2fcb4d44-090b-4c3d-b747-e5f780bbc9dc | ITER: 11 END: OK
2019-07-14 09:18:07.245 21799 INFO rally.task.runner [-] Task 2fcb4d44-090b-4c3d-b747-e5f780bbc9dc | ITER: 22 START
2019-07-14 09:18:07.284 21792 INFO rally.task.runner [-] Task 2fcb4d44-090b-4c3d-b747-e5f780bbc9dc | ITER: 8 END: OK
2019-07-14 09:18:07.288 21792 INFO rally.task.runner [-] Task 2fcb4d44-090b-4c3d-b747-e5f780bbc9dc | ITER: 23 START
2019-07-14 09:18:07.357 21803 INFO rally.task.runner [-] Task 2fcb4d44-090b-4c3d-b747-e5f780bbc9dc | ITER: 12 END: OK
2019-07-14 09:18:07.360 21803 INFO rally.task.runner [-] Task 2fcb4d44-090b-4c3d-b747-e5f780bbc9dc | ITER: 24 START
2019-07-14 09:18:07.417 21788 INFO rally.task.runner [-] Task 2fcb4d44-090b-4c3d-b747-e5f780bbc9dc | ITER: 7 END: OK
2019-07-14 09:18:07.421 21788 INFO rally.task.runner [-] Task 2fcb4d44-090b-4c3d-b747-e5f780bbc9dc | ITER: 25 START
2019-07-14 09:18:07.441 21786 INFO rally.task.runner [-] Task 2fcb4d44-090b-4c3d-b747-e5f780bbc9dc | ITER: 1 END: OK
2019-07-14 09:18:07.445 21786 INFO rally.task.runner [-] Task 2fcb4d44-090b-4c3d-b747-e5f780bbc9dc | ITER: 26 START
2019-07-14 09:18:07.446 21789 INFO rally.task.runner [-] Task 2fcb4d44-090b-4c3d-b747-e5f780bbc9dc | ITER: 9 END: OK
2019-07-14 09:18:07.449 21789 INFO rally.task.runner [-] Task 2fcb4d44-090b-4c3d-b747-e5f780bbc9dc | ITER: 27 START
2019-07-14 09:18:07.472 21815 INFO rally.task.runner [-] Task 2fcb4d44-090b-4c3d-b747-e5f780bbc9dc | ITER: 15 END: OK
2019-07-14 09:18:07.476 21815 INFO rally.task.runner [-] Task 2fcb4d44-090b-4c3d-b747-e5f780bbc9dc | ITER: 28 START
2019-07-14 09:18:07.482 21787 INFO rally.task.runner [-] Task 2fcb4d44-090b-4c3d-b747-e5f780bbc9dc | ITER: 2 END: OK
2019-07-14 09:18:07.483 21819 INFO rally.task.runner [-] Task 2fcb4d44-090b-4c3d-b747-e5f780bbc9dc | ITER: 16 END: OK
2019-07-14 09:18:07.485 21787 INFO rally.task.runner [-] Task 2fcb4d44-090b-4c3d-b747-e5f780bbc9dc | ITER: 29 START
2019-07-14 09:18:07.487 21819 INFO rally.task.runner [-] Task 2fcb4d44-090b-4c3d-b747-e5f780bbc9dc | ITER: 30 START
2019-07-14 09:18:07.497 21795 INFO rally.task.runner [-] Task 2fcb4d44-090b-4c3d-b747-e5f780bbc9dc | ITER: 10 END: OK
2019-07-14 09:18:07.500 21795 INFO rally.task.runner [-] Task 2fcb4d44-090b-4c3d-b747-e5f780bbc9dc | ITER: 31 START
2019-07-14 09:18:07.592 21788 INFO rally.task.runner [-] Task 2fcb4d44-090b-4c3d-b747-e5f780bbc9dc | ITER: 4 END: OK
2019-07-14 09:18:07.595 21788 INFO rally.task.runner [-] Task 2fcb4d44-090b-4c3d-b747-e5f780bbc9dc | ITER: 32 START
2019-07-14 09:18:07.618 21789 INFO rally.task.runner [-] Task 2fcb4d44-090b-4c3d-b747-e5f780bbc9dc | ITER: 6 END: OK
2019-07-14 09:18:07.622 21789 INFO rally.task.runner [-] Task 2fcb4d44-090b-4c3d-b747-e5f780bbc9dc | ITER: 33 START
2019-07-14 09:18:07.654 21829 INFO rally.task.runner [-] Task 2fcb4d44-090b-4c3d-b747-e5f780bbc9dc | ITER: 18 END: OK
2019-07-14 09:18:07.658 21829 INFO rally.task.runner [-] Task 2fcb4d44-090b-4c3d-b747-e5f780bbc9dc | ITER: 34 START
2019-07-14 09:18:07.741 21833 INFO rally.task.runner [-] Task 2fcb4d44-090b-4c3d-b747-e5f780bbc9dc | ITER: 20 END: OK
2019-07-14 09:18:07.746 21833 INFO rally.task.runner [-] Task 2fcb4d44-090b-4c3d-b747-e5f780bbc9dc | ITER: 35 START
2019-07-14 09:18:07.763 21807 INFO rally.task.runner [-] Task 2fcb4d44-090b-4c3d-b747-e5f780bbc9dc | ITER: 13 END: OK
2019-07-14 09:18:07.766 21807 INFO rally.task.runner [-] Task 2fcb4d44-090b-4c3d-b747-e5f780bbc9dc | ITER: 36 START
2019-07-14 09:18:07.767 21786 INFO rally.task.runner [-] Task 2fcb4d44-090b-4c3d-b747-e5f780bbc9dc | ITER: 3 END: OK
2019-07-14 09:18:07.770 21786 INFO rally.task.runner [-] Task 2fcb4d44-090b-4c3d-b747-e5f780bbc9dc | ITER: 37 START
2019-07-14 09:18:08.225 21826 INFO rally.task.runner [-] Task 2fcb4d44-090b-4c3d-b747-e5f780bbc9dc | ITER: 17 END: OK
2019-07-14 09:18:08.230 21787 INFO rally.task.runner [-] Task 2fcb4d44-090b-4c3d-b747-e5f780bbc9dc | ITER: 21 END: OK
2019-07-14 09:18:08.230 21826 INFO rally.task.runner [-] Task 2fcb4d44-090b-4c3d-b747-e5f780bbc9dc | ITER: 38 START
2019-07-14 09:18:08.234 21787 INFO rally.task.runner [-] Task 2fcb4d44-090b-4c3d-b747-e5f780bbc9dc | ITER: 39 START
2019-07-14 09:18:08.277 21830 INFO rally.task.runner [-] Task 2fcb4d44-090b-4c3d-b747-e5f780bbc9dc | ITER: 19 END: OK
2019-07-14 09:18:08.281 21830 INFO rally.task.runner [-] Task 2fcb4d44-090b-4c3d-b747-e5f780bbc9dc | ITER: 40 START
2019-07-14 09:18:08.418 21795 INFO rally.task.runner [-] Task 2fcb4d44-090b-4c3d-b747-e5f780bbc9dc | ITER: 31 END: OK
2019-07-14 09:18:08.421 21795 INFO rally.task.runner [-] Task 2fcb4d44-090b-4c3d-b747-e5f780bbc9dc | ITER: 41 START
2019-07-14 09:18:08.437 21803 INFO rally.task.runner [-] Task 2fcb4d44-090b-4c3d-b747-e5f780bbc9dc | ITER: 24 END: OK
2019-07-14 09:18:08.441 21803 INFO rally.task.runner [-] Task 2fcb4d44-090b-4c3d-b747-e5f780bbc9dc | ITER: 42 START
2019-07-14 09:18:08.454 21799 INFO rally.task.runner [-] Task 2fcb4d44-090b-4c3d-b747-e5f780bbc9dc | ITER: 22 END: OK
2019-07-14 09:18:08.454 21811 INFO rally.task.runner [-] Task 2fcb4d44-090b-4c3d-b747-e5f780bbc9dc | ITER: 14 END: OK
2019-07-14 09:18:08.457 21799 INFO rally.task.runner [-] Task 2fcb4d44-090b-4c3d-b747-e5f780bbc9dc | ITER: 43 START
2019-07-14 09:18:08.458 21811 INFO rally.task.runner [-] Task 2fcb4d44-090b-4c3d-b747-e5f780bbc9dc | ITER: 44 START
2019-07-14 09:18:08.545 21792 INFO rally.task.runner [-] Task 2fcb4d44-090b-4c3d-b747-e5f780bbc9dc | ITER: 23 END: OK
2019-07-14 09:18:08.548 21792 INFO rally.task.runner [-] Task 2fcb4d44-090b-4c3d-b747-e5f780bbc9dc | ITER: 45 START
2019-07-14 09:18:08.658 21789 INFO rally.task.runner [-] Task 2fcb4d44-090b-4c3d-b747-e5f780bbc9dc | ITER: 27 END: OK
2019-07-14 09:18:08.661 21789 INFO rally.task.runner [-] Task 2fcb4d44-090b-4c3d-b747-e5f780bbc9dc | ITER: 46 START
2019-07-14 09:18:08.699 21788 INFO rally.task.runner [-] Task 2fcb4d44-090b-4c3d-b747-e5f780bbc9dc | ITER: 25 END: OK
2019-07-14 09:18:08.703 21788 INFO rally.task.runner [-] Task 2fcb4d44-090b-4c3d-b747-e5f780bbc9dc | ITER: 47 START
2019-07-14 09:18:08.730 21819 INFO rally.task.runner [-] Task 2fcb4d44-090b-4c3d-b747-e5f780bbc9dc | ITER: 30 END: OK
2019-07-14 09:18:08.734 21819 INFO rally.task.runner [-] Task 2fcb4d44-090b-4c3d-b747-e5f780bbc9dc | ITER: 48 START
2019-07-14 09:18:08.963 21807 INFO rally.task.runner [-] Task 2fcb4d44-090b-4c3d-b747-e5f780bbc9dc | ITER: 36 END: OK
2019-07-14 09:18:08.966 21807 INFO rally.task.runner [-] Task 2fcb4d44-090b-4c3d-b747-e5f780bbc9dc | ITER: 49 START
2019-07-14 09:18:08.973 21787 INFO rally.task.runner [-] Task 2fcb4d44-090b-4c3d-b747-e5f780bbc9dc | ITER: 29 END: OK
2019-07-14 09:18:08.977 21787 INFO rally.task.runner [-] Task 2fcb4d44-090b-4c3d-b747-e5f780bbc9dc | ITER: 50 START
2019-07-14 09:18:09.257 21789 INFO rally.task.runner [-] Task 2fcb4d44-090b-4c3d-b747-e5f780bbc9dc | ITER: 33 END: OK
2019-07-14 09:18:09.261 21789 INFO rally.task.runner [-] Task 2fcb4d44-090b-4c3d-b747-e5f780bbc9dc | ITER: 51 START
2019-07-14 09:18:09.346 21787 INFO rally.task.runner [-] Task 2fcb4d44-090b-4c3d-b747-e5f780bbc9dc | ITER: 39 END: OK
2019-07-14 09:18:09.349 21787 INFO rally.task.runner [-] Task 2fcb4d44-090b-4c3d-b747-e5f780bbc9dc | ITER: 52 START
2019-07-14 09:18:09.353 21826 INFO rally.task.runner [-] Task 2fcb4d44-090b-4c3d-b747-e5f780bbc9dc | ITER: 38 END: OK
2019-07-14 09:18:09.356 21826 INFO rally.task.runner [-] Task 2fcb4d44-090b-4c3d-b747-e5f780bbc9dc | ITER: 53 START
2019-07-14 09:18:09.377 21788 INFO rally.task.runner [-] Task 2fcb4d44-090b-4c3d-b747-e5f780bbc9dc | ITER: 32 END: OK
2019-07-14 09:18:09.380 21788 INFO rally.task.runner [-] Task 2fcb4d44-090b-4c3d-b747-e5f780bbc9dc | ITER: 54 START
2019-07-14 09:18:09.498 21815 INFO rally.task.runner [-] Task 2fcb4d44-090b-4c3d-b747-e5f780bbc9dc | ITER: 28 END: OK
2019-07-14 09:18:09.502 21815 INFO rally.task.runner [-] Task 2fcb4d44-090b-4c3d-b747-e5f780bbc9dc | ITER: 55 START
2019-07-14 09:18:09.676 21833 INFO rally.task.runner [-] Task 2fcb4d44-090b-4c3d-b747-e5f780bbc9dc | ITER: 35 END: OK
2019-07-14 09:18:09.680 21833 INFO rally.task.runner [-] Task 2fcb4d44-090b-4c3d-b747-e5f780bbc9dc | ITER: 56 START
2019-07-14 09:18:09.739 21789 INFO rally.task.runner [-] Task 2fcb4d44-090b-4c3d-b747-e5f780bbc9dc | ITER: 46 END: OK
2019-07-14 09:18:09.742 21789 INFO rally.task.runner [-] Task 2fcb4d44-090b-4c3d-b747-e5f780bbc9dc | ITER: 57 START
2019-07-14 09:18:09.746 21829 INFO rally.task.runner [-] Task 2fcb4d44-090b-4c3d-b747-e5f780bbc9dc | ITER: 34 END: OK
2019-07-14 09:18:09.749 21829 INFO rally.task.runner [-] Task 2fcb4d44-090b-4c3d-b747-e5f780bbc9dc | ITER: 58 START
2019-07-14 09:18:09.962 21792 INFO rally.task.runner [-] Task 2fcb4d44-090b-4c3d-b747-e5f780bbc9dc | ITER: 45 END: OK
2019-07-14 09:18:09.964 21811 INFO rally.task.runner [-] Task 2fcb4d44-090b-4c3d-b747-e5f780bbc9dc | ITER: 44 END: OK
2019-07-14 09:18:09.966 21792 INFO rally.task.runner [-] Task 2fcb4d44-090b-4c3d-b747-e5f780bbc9dc | ITER: 59 START
2019-07-14 09:18:09.967 21811 INFO rally.task.runner [-] Task 2fcb4d44-090b-4c3d-b747-e5f780bbc9dc | ITER: 60 START
2019-07-14 09:18:10.045 21786 INFO rally.task.runner [-] Task 2fcb4d44-090b-4c3d-b747-e5f780bbc9dc | ITER: 37 END: OK
2019-07-14 09:18:10.049 21786 INFO rally.task.runner [-] Task 2fcb4d44-090b-4c3d-b747-e5f780bbc9dc | ITER: 61 START
2019-07-14 09:18:10.057 21795 INFO rally.task.runner [-] Task 2fcb4d44-090b-4c3d-b747-e5f780bbc9dc | ITER: 41 END: OK
2019-07-14 09:18:10.060 21795 INFO rally.task.runner [-] Task 2fcb4d44-090b-4c3d-b747-e5f780bbc9dc | ITER: 62 START
2019-07-14 09:18:10.169 21786 INFO rally.task.runner [-] Task 2fcb4d44-090b-4c3d-b747-e5f780bbc9dc | ITER: 26 END: OK
2019-07-14 09:18:10.172 21786 INFO rally.task.runner [-] Task 2fcb4d44-090b-4c3d-b747-e5f780bbc9dc | ITER: 63 START
2019-07-14 09:18:10.176 21819 INFO rally.task.runner [-] Task 2fcb4d44-090b-4c3d-b747-e5f780bbc9dc | ITER: 48 END: OK
2019-07-14 09:18:10.180 21819 INFO rally.task.runner [-] Task 2fcb4d44-090b-4c3d-b747-e5f780bbc9dc | ITER: 64 START
2019-07-14 09:18:10.216 21830 INFO rally.task.runner [-] Task 2fcb4d44-090b-4c3d-b747-e5f780bbc9dc | ITER: 40 END: OK
2019-07-14 09:18:10.219 21830 INFO rally.task.runner [-] Task 2fcb4d44-090b-4c3d-b747-e5f780bbc9dc | ITER: 65 START
2019-07-14 09:18:10.222 21807 INFO rally.task.runner [-] Task 2fcb4d44-090b-4c3d-b747-e5f780bbc9dc | ITER: 49 END: OK
2019-07-14 09:18:10.226 21807 INFO rally.task.runner [-] Task 2fcb4d44-090b-4c3d-b747-e5f780bbc9dc | ITER: 66 START
2019-07-14 09:18:10.511 21799 INFO rally.task.runner [-] Task 2fcb4d44-090b-4c3d-b747-e5f780bbc9dc | ITER: 43 END: OK
2019-07-14 09:18:10.515 21799 INFO rally.task.runner [-] Task 2fcb4d44-090b-4c3d-b747-e5f780bbc9dc | ITER: 67 START
2019-07-14 09:18:10.563 21787 INFO rally.task.runner [-] Task 2fcb4d44-090b-4c3d-b747-e5f780bbc9dc | ITER: 50 END: OK
2019-07-14 09:18:10.567 21787 INFO rally.task.runner [-] Task 2fcb4d44-090b-4c3d-b747-e5f780bbc9dc | ITER: 68 START
2019-07-14 09:18:10.673 21829 INFO rally.task.runner [-] Task 2fcb4d44-090b-4c3d-b747-e5f780bbc9dc | ITER: 58 END: OK
2019-07-14 09:18:10.676 21829 INFO rally.task.runner [-] Task 2fcb4d44-090b-4c3d-b747-e5f780bbc9dc | ITER: 69 START
2019-07-14 09:18:10.677 21803 INFO rally.task.runner [-] Task 2fcb4d44-090b-4c3d-b747-e5f780bbc9dc | ITER: 42 END: OK
2019-07-14 09:18:10.680 21803 INFO rally.task.runner [-] Task 2fcb4d44-090b-4c3d-b747-e5f780bbc9dc | ITER: 70 START
2019-07-14 09:18:10.704 21787 INFO rally.task.runner [-] Task 2fcb4d44-090b-4c3d-b747-e5f780bbc9dc | ITER: 52 END: OK
2019-07-14 09:18:10.707 21787 INFO rally.task.runner [-] Task 2fcb4d44-090b-4c3d-b747-e5f780bbc9dc | ITER: 71 START
2019-07-14 09:18:10.839 21788 INFO rally.task.runner [-] Task 2fcb4d44-090b-4c3d-b747-e5f780bbc9dc | ITER: 47 END: OK
2019-07-14 09:18:10.842 21788 INFO rally.task.runner [-] Task 2fcb4d44-090b-4c3d-b747-e5f780bbc9dc | ITER: 72 START
2019-07-14 09:18:10.858 21826 INFO rally.task.runner [-] Task 2fcb4d44-090b-4c3d-b747-e5f780bbc9dc | ITER: 53 END: OK
2019-07-14 09:18:10.861 21826 INFO rally.task.runner [-] Task 2fcb4d44-090b-4c3d-b747-e5f780bbc9dc | ITER: 73 START
2019-07-14 09:18:10.915 21788 INFO rally.task.runner [-] Task 2fcb4d44-090b-4c3d-b747-e5f780bbc9dc | ITER: 54 END: OK
2019-07-14 09:18:10.918 21788 INFO rally.task.runner [-] Task 2fcb4d44-090b-4c3d-b747-e5f780bbc9dc | ITER: 74 START
2019-07-14 09:18:11.036 21789 INFO rally.task.runner [-] Task 2fcb4d44-090b-4c3d-b747-e5f780bbc9dc | ITER: 51 END: OK
2019-07-14 09:18:11.040 21789 INFO rally.task.runner [-] Task 2fcb4d44-090b-4c3d-b747-e5f780bbc9dc | ITER: 75 START
2019-07-14 09:18:11.080 21819 INFO rally.task.runner [-] Task 2fcb4d44-090b-4c3d-b747-e5f780bbc9dc | ITER: 64 END: OK
2019-07-14 09:18:11.083 21819 INFO rally.task.runner [-] Task 2fcb4d44-090b-4c3d-b747-e5f780bbc9dc | ITER: 76 START
2019-07-14 09:18:11.112 21792 INFO rally.task.runner [-] Task 2fcb4d44-090b-4c3d-b747-e5f780bbc9dc | ITER: 59 END: OK
2019-07-14 09:18:11.116 21792 INFO rally.task.runner [-] Task 2fcb4d44-090b-4c3d-b747-e5f780bbc9dc | ITER: 77 START
2019-07-14 09:18:11.165 21815 INFO rally.task.runner [-] Task 2fcb4d44-090b-4c3d-b747-e5f780bbc9dc | ITER: 55 END: OK
2019-07-14 09:18:11.168 21815 INFO rally.task.runner [-] Task 2fcb4d44-090b-4c3d-b747-e5f780bbc9dc | ITER: 78 START
2019-07-14 09:18:11.403 21789 INFO rally.task.runner [-] Task 2fcb4d44-090b-4c3d-b747-e5f780bbc9dc | ITER: 57 END: OK
2019-07-14 09:18:11.407 21789 INFO rally.task.runner [-] Task 2fcb4d44-090b-4c3d-b747-e5f780bbc9dc | ITER: 79 START
2019-07-14 09:18:11.435 21833 INFO rally.task.runner [-] Task 2fcb4d44-090b-4c3d-b747-e5f780bbc9dc | ITER: 56 END: OK
2019-07-14 09:18:11.439 21833 INFO rally.task.runner [-] Task 2fcb4d44-090b-4c3d-b747-e5f780bbc9dc | ITER: 80 START
2019-07-14 09:18:11.511 21811 INFO rally.task.runner [-] Task 2fcb4d44-090b-4c3d-b747-e5f780bbc9dc | ITER: 60 END: OK
2019-07-14 09:18:11.514 21811 INFO rally.task.runner [-] Task 2fcb4d44-090b-4c3d-b747-e5f780bbc9dc | ITER: 81 START
2019-07-14 09:18:11.597 21795 INFO rally.task.runner [-] Task 2fcb4d44-090b-4c3d-b747-e5f780bbc9dc | ITER: 62 END: OK
2019-07-14 09:18:11.601 21795 INFO rally.task.runner [-] Task 2fcb4d44-090b-4c3d-b747-e5f780bbc9dc | ITER: 82 START
2019-07-14 09:18:11.615 21786 INFO rally.task.runner [-] Task 2fcb4d44-090b-4c3d-b747-e5f780bbc9dc | ITER: 61 END: OK
2019-07-14 09:18:11.618 21786 INFO rally.task.runner [-] Task 2fcb4d44-090b-4c3d-b747-e5f780bbc9dc | ITER: 83 START
2019-07-14 09:18:11.761 21803 INFO rally.task.runner [-] Task 2fcb4d44-090b-4c3d-b747-e5f780bbc9dc | ITER: 70 END: OK
2019-07-14 09:18:11.765 21803 INFO rally.task.runner [-] Task 2fcb4d44-090b-4c3d-b747-e5f780bbc9dc | ITER: 84 START
2019-07-14 09:18:11.906 21786 INFO rally.task.runner [-] Task 2fcb4d44-090b-4c3d-b747-e5f780bbc9dc | ITER: 63 END: OK
2019-07-14 09:18:11.909 21786 INFO rally.task.runner [-] Task 2fcb4d44-090b-4c3d-b747-e5f780bbc9dc | ITER: 85 START
2019-07-14 09:18:11.931 21807 INFO rally.task.runner [-] Task 2fcb4d44-090b-4c3d-b747-e5f780bbc9dc | ITER: 66 END: OK
2019-07-14 09:18:11.935 21807 INFO rally.task.runner [-] Task 2fcb4d44-090b-4c3d-b747-e5f780bbc9dc | ITER: 86 START
2019-07-14 09:18:12.016 21829 INFO rally.task.runner [-] Task 2fcb4d44-090b-4c3d-b747-e5f780bbc9dc | ITER: 69 END: OK
2019-07-14 09:18:12.019 21829 INFO rally.task.runner [-] Task 2fcb4d44-090b-4c3d-b747-e5f780bbc9dc | ITER: 87 START
2019-07-14 09:18:12.146 21830 INFO rally.task.runner [-] Task 2fcb4d44-090b-4c3d-b747-e5f780bbc9dc | ITER: 65 END: OK
2019-07-14 09:18:12.150 21830 INFO rally.task.runner [-] Task 2fcb4d44-090b-4c3d-b747-e5f780bbc9dc | ITER: 88 START
2019-07-14 09:18:12.209 21789 INFO rally.task.runner [-] Task 2fcb4d44-090b-4c3d-b747-e5f780bbc9dc | ITER: 75 END: OK
2019-07-14 09:18:12.211 21789 INFO rally.task.runner [-] Task 2fcb4d44-090b-4c3d-b747-e5f780bbc9dc | ITER: 89 START
2019-07-14 09:18:12.226 21799 INFO rally.task.runner [-] Task 2fcb4d44-090b-4c3d-b747-e5f780bbc9dc | ITER: 67 END: OK
2019-07-14 09:18:12.229 21799 INFO rally.task.runner [-] Task 2fcb4d44-090b-4c3d-b747-e5f780bbc9dc | ITER: 90 START
2019-07-14 09:18:12.335 21788 INFO rally.task.runner [-] Task 2fcb4d44-090b-4c3d-b747-e5f780bbc9dc | ITER: 72 END: OK
2019-07-14 09:18:12.338 21788 INFO rally.task.runner [-] Task 2fcb4d44-090b-4c3d-b747-e5f780bbc9dc | ITER: 91 START
2019-07-14 09:18:12.392 21787 INFO rally.task.runner [-] Task 2fcb4d44-090b-4c3d-b747-e5f780bbc9dc | ITER: 68 END: OK
2019-07-14 09:18:12.397 21787 INFO rally.task.runner [-] Task 2fcb4d44-090b-4c3d-b747-e5f780bbc9dc | ITER: 92 START
2019-07-14 09:18:12.550 21819 INFO rally.task.runner [-] Task 2fcb4d44-090b-4c3d-b747-e5f780bbc9dc | ITER: 76 END: OK
2019-07-14 09:18:12.554 21819 INFO rally.task.runner [-] Task 2fcb4d44-090b-4c3d-b747-e5f780bbc9dc | ITER: 93 START
2019-07-14 09:18:12.616 21826 INFO rally.task.runner [-] Task 2fcb4d44-090b-4c3d-b747-e5f780bbc9dc | ITER: 73 END: OK
2019-07-14 09:18:12.620 21826 INFO rally.task.runner [-] Task 2fcb4d44-090b-4c3d-b747-e5f780bbc9dc | ITER: 94 START
2019-07-14 09:18:12.708 21815 INFO rally.task.runner [-] Task 2fcb4d44-090b-4c3d-b747-e5f780bbc9dc | ITER: 78 END: OK
2019-07-14 09:18:12.712 21815 INFO rally.task.runner [-] Task 2fcb4d44-090b-4c3d-b747-e5f780bbc9dc | ITER: 95 START
2019-07-14 09:18:12.838 21789 INFO rally.task.runner [-] Task 2fcb4d44-090b-4c3d-b747-e5f780bbc9dc | ITER: 79 END: OK
2019-07-14 09:18:12.841 21789 INFO rally.task.runner [-] Task 2fcb4d44-090b-4c3d-b747-e5f780bbc9dc | ITER: 96 START
2019-07-14 09:18:12.881 21792 INFO rally.task.runner [-] Task 2fcb4d44-090b-4c3d-b747-e5f780bbc9dc | ITER: 77 END: OK
2019-07-14 09:18:12.884 21792 INFO rally.task.runner [-] Task 2fcb4d44-090b-4c3d-b747-e5f780bbc9dc | ITER: 97 START
2019-07-14 09:18:12.960 21788 INFO rally.task.runner [-] Task 2fcb4d44-090b-4c3d-b747-e5f780bbc9dc | ITER: 74 END: OK
2019-07-14 09:18:12.964 21788 INFO rally.task.runner [-] Task 2fcb4d44-090b-4c3d-b747-e5f780bbc9dc | ITER: 98 START
2019-07-14 09:18:13.157 21833 INFO rally.task.runner [-] Task 2fcb4d44-090b-4c3d-b747-e5f780bbc9dc | ITER: 80 END: OK
2019-07-14 09:18:13.160 21833 INFO rally.task.runner [-] Task 2fcb4d44-090b-4c3d-b747-e5f780bbc9dc | ITER: 99 START
2019-07-14 09:18:13.225 21811 INFO rally.task.runner [-] Task 2fcb4d44-090b-4c3d-b747-e5f780bbc9dc | ITER: 81 END: OK
2019-07-14 09:18:13.225 21787 INFO rally.task.runner [-] Task 2fcb4d44-090b-4c3d-b747-e5f780bbc9dc | ITER: 71 END: OK
2019-07-14 09:18:13.229 21811 INFO rally.task.runner [-] Task 2fcb4d44-090b-4c3d-b747-e5f780bbc9dc | ITER: 100 START
2019-07-14 09:18:13.259 21795 INFO rally.task.runner [-] Task 2fcb4d44-090b-4c3d-b747-e5f780bbc9dc | ITER: 82 END: OK
2019-07-14 09:18:13.624 21786 INFO rally.task.runner [-] Task 2fcb4d44-090b-4c3d-b747-e5f780bbc9dc | ITER: 85 END: OK
2019-07-14 09:18:13.625 21803 INFO rally.task.runner [-] Task 2fcb4d44-090b-4c3d-b747-e5f780bbc9dc | ITER: 84 END: OK
2019-07-14 09:18:13.630 21786 INFO rally.task.runner [-] Task 2fcb4d44-090b-4c3d-b747-e5f780bbc9dc | ITER: 83 END: OK
2019-07-14 09:18:13.927 21829 INFO rally.task.runner [-] Task 2fcb4d44-090b-4c3d-b747-e5f780bbc9dc | ITER: 87 END: OK
2019-07-14 09:18:14.019 21807 INFO rally.task.runner [-] Task 2fcb4d44-090b-4c3d-b747-e5f780bbc9dc | ITER: 86 END: OK
2019-07-14 09:18:14.096 21799 INFO rally.task.runner [-] Task 2fcb4d44-090b-4c3d-b747-e5f780bbc9dc | ITER: 90 END: OK
2019-07-14 09:18:14.243 21789 INFO rally.task.runner [-] Task 2fcb4d44-090b-4c3d-b747-e5f780bbc9dc | ITER: 89 END: OK
2019-07-14 09:18:14.406 21830 INFO rally.task.runner [-] Task 2fcb4d44-090b-4c3d-b747-e5f780bbc9dc | ITER: 88 END: OK
2019-07-14 09:18:14.747 21819 INFO rally.task.runner [-] Task 2fcb4d44-090b-4c3d-b747-e5f780bbc9dc | ITER: 93 END: OK
2019-07-14 09:18:14.813 21788 INFO rally.task.runner [-] Task 2fcb4d44-090b-4c3d-b747-e5f780bbc9dc | ITER: 91 END: OK
2019-07-14 09:18:14.849 21787 INFO rally.task.runner [-] Task 2fcb4d44-090b-4c3d-b747-e5f780bbc9dc | ITER: 92 END: OK
2019-07-14 09:18:14.869 21826 INFO rally.task.runner [-] Task 2fcb4d44-090b-4c3d-b747-e5f780bbc9dc | ITER: 94 END: OK
2019-07-14 09:18:15.035 21789 INFO rally.task.runner [-] Task 2fcb4d44-090b-4c3d-b747-e5f780bbc9dc | ITER: 96 END: OK
2019-07-14 09:18:15.042 21815 INFO rally.task.runner [-] Task 2fcb4d44-090b-4c3d-b747-e5f780bbc9dc | ITER: 95 END: OK
2019-07-14 09:18:15.145 21788 INFO rally.task.runner [-] Task 2fcb4d44-090b-4c3d-b747-e5f780bbc9dc | ITER: 98 END: OK
2019-07-14 09:18:15.186 21792 INFO rally.task.runner [-] Task 2fcb4d44-090b-4c3d-b747-e5f780bbc9dc | ITER: 97 END: OK
2019-07-14 09:18:15.227 21811 INFO rally.task.runner [-] Task 2fcb4d44-090b-4c3d-b747-e5f780bbc9dc | ITER: 100 END: OK
2019-07-14 09:18:15.270 21833 INFO rally.task.runner [-] Task 2fcb4d44-090b-4c3d-b747-e5f780bbc9dc | ITER: 99 END: OK
2019-07-14 09:18:15.289 21662 INFO rally.task.context [-] Task 2fcb4d44-090b-4c3d-b747-e5f780bbc9dc | Context cleanup@openstack cleanup() started
2019-07-14 09:18:15.292 21662 RALLYDEBUG rally_openstack.cleanup.manager [-] Cleaning up neutron vip objects
2019-07-14 09:18:15.687 21662 RALLYDEBUG rally_openstack.cleanup.manager [-] Cleaning up neutron health_monitor objects
2019-07-14 09:18:16.073 21662 RALLYDEBUG rally_openstack.cleanup.manager [-] Cleaning up neutron pool objects
2019-07-14 09:18:16.465 21662 RALLYDEBUG rally_openstack.cleanup.manager [-] Cleaning up neutron loadbalancer objects
2019-07-14 09:18:16.855 21662 RALLYDEBUG rally_openstack.cleanup.manager [-] Cleaning up neutron floatingip objects
2019-07-14 09:18:17.280 21662 RALLYDEBUG rally_openstack.cleanup.manager [-] Cleaning up neutron port objects
2019-07-14 09:18:17.694 21662 RALLYDEBUG rally_openstack.cleanup.manager [-] Cleaning up neutron subnet objects
2019-07-14 09:18:18.102 21662 RALLYDEBUG rally_openstack.cleanup.manager [-] Cleaning up neutron network objects
2019-07-14 09:18:19.032 21662 RALLYDEBUG rally_openstack.cleanup.manager [-] Deleting neutron.network object s_rally_d2563509_HI0tAqu5 (12fad061-5b00-4596-8d9a-e3744a81d3b6)
2019-07-14 09:18:19.037 21662 RALLYDEBUG rally_openstack.cleanup.manager [-] Deleting neutron.network object s_rally_d2563509_G2Cp38nj (2e52b9a7-8fde-4a09-8ebb-0f2149e05eef)
2019-07-14 09:18:19.045 21662 RALLYDEBUG rally_openstack.cleanup.manager [-] Deleting neutron.network object s_rally_d2563509_jP7ifVx5 (2e1f4867-2080-4605-8d44-6b961df42ebf)
2019-07-14 09:18:19.053 21662 RALLYDEBUG rally_openstack.cleanup.manager [-] Deleting neutron.network object s_rally_d2563509_r6MA0hIw (3039d7c1-a9e9-43f9-b9e6-9c8449c57899)
2019-07-14 09:18:19.061 21662 RALLYDEBUG rally_openstack.cleanup.manager [-] Deleting neutron.network object s_rally_d2563509_6Vu7An4y (35fa3fdb-17a8-4639-aada-fdd8bc1188bd)
2019-07-14 09:18:19.063 21662 RALLYDEBUG rally_openstack.cleanup.manager [-] Deleting neutron.network object s_rally_d2563509_6o0zoWxJ (00c4a5c9-560d-4f75-93b0-94fd4f7048b8)
2019-07-14 09:18:19.070 21662 RALLYDEBUG rally_openstack.cleanup.manager [-] Deleting neutron.network object s_rally_d2563509_m6Nb9uYi (1cfcef98-51e5-4d37-b796-9c8d1cc59fbe)
2019-07-14 09:18:19.084 21662 RALLYDEBUG rally_openstack.cleanup.manager [-] Deleting neutron.network object s_rally_d2563509_oKYxGm3q (361e8261-f69b-4174-b8da-c8388e65999e)
2019-07-14 09:18:19.092 21662 RALLYDEBUG rally_openstack.cleanup.manager [-] Deleting neutron.network object s_rally_d2563509_3Rc7TLE1 (381ca4ab-ecb0-4708-b5cf-ded41232ebf2)
2019-07-14 09:18:19.097 21662 RALLYDEBUG rally_openstack.cleanup.manager [-] Deleting neutron.network object s_rally_d2563509_kpZchOl8 (1dbf7d68-f900-4bd8-995f-7a951585bcf1)
2019-07-14 09:18:19.102 21662 RALLYDEBUG rally_openstack.cleanup.manager [-] Deleting neutron.network object s_rally_d2563509_RGo4ORmn (2038b657-619c-4ee4-9798-4b754d080305)
2019-07-14 09:18:19.111 21662 RALLYDEBUG rally_openstack.cleanup.manager [-] Deleting neutron.network object s_rally_d2563509_3ktKISIe (0ce371c0-31ca-404f-8633-2a72ea4c8471)
2019-07-14 09:18:19.112 21662 RALLYDEBUG rally_openstack.cleanup.manager [-] Deleting neutron.network object s_rally_d2563509_RhSlS4bI (37908206-daad-46c7-8bca-000732255335)
2019-07-14 09:18:19.112 21662 RALLYDEBUG rally_openstack.cleanup.manager [-] Deleting neutron.network object s_rally_d2563509_VDXUngs5 (00552c37-ead6-4c42-aa17-50ecd856d6b5)
2019-07-14 09:18:19.113 21662 RALLYDEBUG rally_openstack.cleanup.manager [-] Deleting neutron.network object s_rally_d2563509_EFuEqdcI (0b511d5e-3b5d-4f02-85e7-8e4b8d217552)
2019-07-14 09:18:19.121 21662 RALLYDEBUG rally_openstack.cleanup.manager [-] Deleting neutron.network object s_rally_d2563509_Ydk77wFe (2a02667f-d634-4fc0-ba29-42ccb14c53b9)
2019-07-14 09:18:19.128 21662 RALLYDEBUG rally_openstack.cleanup.manager [-] Deleting neutron.network object s_rally_d2563509_FtTrPggW (2deb3636-45bd-46a2-b279-c9f47e7d702f)
2019-07-14 09:18:19.133 21662 RALLYDEBUG rally_openstack.cleanup.manager [-] Deleting neutron.network object s_rally_d2563509_umg5cTsY (09a0f7f3-ecaa-451f-a4fd-7175ba83b98f)
2019-07-14 09:18:19.133 21662 RALLYDEBUG rally_openstack.cleanup.manager [-] Deleting neutron.network object s_rally_d2563509_zOudZFAL (0c91c8b7-f7cb-4f32-a865-8829c666527a)
2019-07-14 09:18:19.156 21662 RALLYDEBUG rally_openstack.cleanup.manager [-] Deleting neutron.network object s_rally_d2563509_3WrlFvH6 (0df8b999-51eb-4600-a973-6239437a9678)
2019-07-14 09:18:21.254 21662 RALLYDEBUG rally_openstack.cleanup.manager [-] Deleting neutron.network object s_rally_d2563509_INQOpsc8 (3a4c2cd9-0ff7-44ca-b196-398c346f449b)
2019-07-14 09:18:21.642 21662 RALLYDEBUG rally_openstack.cleanup.manager [-] Deleting neutron.network object s_rally_d2563509_xstyd2ZK (3b0caccd-2d7b-4c9e-9228-745ce9c14c51)
2019-07-14 09:18:21.669 21662 RALLYDEBUG rally_openstack.cleanup.manager [-] Deleting neutron.network object s_rally_d2563509_dibD4fx4 (3f9f8291-8b63-4a6d-9fa5-a0ef54115e9b)
2019-07-14 09:18:21.716 21662 RALLYDEBUG rally_openstack.cleanup.manager [-] Deleting neutron.network object s_rally_d2563509_NnUWwuG6 (41483a13-6f9b-487a-b4da-cfdc472cb501)
2019-07-14 09:18:21.757 21662 RALLYDEBUG rally_openstack.cleanup.manager [-] Deleting neutron.network object s_rally_d2563509_8g9VuqT2 (448ab9ef-929c-4a5b-a584-8ec0e1990605)
2019-07-14 09:18:21.807 21662 RALLYDEBUG rally_openstack.cleanup.manager [-] Deleting neutron.network object s_rally_d2563509_IiG5VSXp (4692c0cd-e092-4bc5-b49d-77a4b3334ce8)
2019-07-14 09:18:21.823 21662 RALLYDEBUG rally_openstack.cleanup.manager [-] Deleting neutron.network object s_rally_d2563509_zuCsp0vZ (473e971c-42fd-40aa-bb6b-de47830a5eed)
2019-07-14 09:18:21.950 21662 RALLYDEBUG rally_openstack.cleanup.manager [-] Deleting neutron.network object s_rally_d2563509_tbwBVWFJ (481a1de6-0736-4952-b7db-4bbe4d71d53d)
2019-07-14 09:18:22.010 21662 RALLYDEBUG rally_openstack.cleanup.manager [-] Deleting neutron.network object s_rally_d2563509_6DOppu4r (48ba0afe-1c54-4716-8793-3198dd5f40e7)
2019-07-14 09:18:22.179 21662 RALLYDEBUG rally_openstack.cleanup.manager [-] Deleting neutron.network object s_rally_d2563509_ZIK9tY3T (4d72470a-6892-4396-8bc5-ac76b02d73b6)
2019-07-14 09:18:22.203 21662 RALLYDEBUG rally_openstack.cleanup.manager [-] Deleting neutron.network object s_rally_d2563509_OphZsAOf (4e358b55-34d8-4825-831c-34463a497fac)
2019-07-14 09:18:22.333 21662 RALLYDEBUG rally_openstack.cleanup.manager [-] Deleting neutron.network object s_rally_d2563509_VxMXFXHs (50be8642-472e-4ac4-8b6f-c80329d19429)
2019-07-14 09:18:22.389 21662 RALLYDEBUG rally_openstack.cleanup.manager [-] Deleting neutron.network object s_rally_d2563509_SzRQp5px (573ce57a-a9d7-4e29-8e86-092a373fae47)
2019-07-14 09:18:22.498 21662 RALLYDEBUG rally_openstack.cleanup.manager [-] Deleting neutron.network object s_rally_d2563509_VCYMPumG (5876711a-f7c8-42f9-a468-a1dee697b113)
2019-07-14 09:18:22.696 21662 RALLYDEBUG rally_openstack.cleanup.manager [-] Deleting neutron.network object s_rally_d2563509_7Cruimmo (59e4416f-4abb-4ae6-8c66-355af706df3f)
2019-07-14 09:18:22.819 21662 RALLYDEBUG rally_openstack.cleanup.manager [-] Deleting neutron.network object s_rally_d2563509_N5l1eWU9 (6083b6b1-7e63-4668-bd59-3eead0f96baa)
2019-07-14 09:18:23.096 21662 RALLYDEBUG rally_openstack.cleanup.manager [-] Deleting neutron.network object s_rally_d2563509_wHJnGlWI (60eb0c8b-c5ed-4efc-b22b-8a2b9ee8fdab)
2019-07-14 09:18:23.107 21662 RALLYDEBUG rally_openstack.cleanup.manager [-] Deleting neutron.network object s_rally_d2563509_JNUWgUvz (612484f8-c09d-47d5-8500-44b337dcc838)
2019-07-14 09:18:23.112 21662 RALLYDEBUG rally_openstack.cleanup.manager [-] Deleting neutron.network object s_rally_d2563509_rnjB9BDt (61f60b9d-99a1-4321-b295-6bee07560e16)
2019-07-14 09:18:23.252 21662 RALLYDEBUG rally_openstack.cleanup.manager [-] Deleting neutron.network object s_rally_d2563509_EG8YN23f (6638c822-1ea2-414b-9f20-dd04219b57fb)
2019-07-14 09:18:23.357 21662 RALLYDEBUG rally_openstack.cleanup.manager [-] Deleting neutron.network object s_rally_d2563509_SA5vC4ww (679a1352-9e93-4dfc-b685-7bdcf20f63d5)
2019-07-14 09:18:23.636 21662 RALLYDEBUG rally_openstack.cleanup.manager [-] Deleting neutron.network object s_rally_d2563509_ctMqrhds (67cf9591-81c2-456c-9f21-9750f0d10c42)
2019-07-14 09:18:23.731 21662 RALLYDEBUG rally_openstack.cleanup.manager [-] Deleting neutron.network object s_rally_d2563509_dI97m7SW (6d5957f4-8376-41b6-9bb9-feb3cc188175)
2019-07-14 09:18:23.849 21662 RALLYDEBUG rally_openstack.cleanup.manager [-] Deleting neutron.network object s_rally_d2563509_5AEEx1Xn (6fb42548-49c4-433b-9844-26d7284116ce)
2019-07-14 09:18:23.989 21662 RALLYDEBUG rally_openstack.cleanup.manager [-] Deleting neutron.network object s_rally_d2563509_dEVtfwzD (71f39790-6bc5-4d04-829b-55d826ed906c)
2019-07-14 09:18:24.026 21662 RALLYDEBUG rally_openstack.cleanup.manager [-] Deleting neutron.network object s_rally_d2563509_GfcXlKXD (72777631-3b8b-4d3e-9fa9-5472ed64b2f6)
2019-07-14 09:18:24.104 21662 RALLYDEBUG rally_openstack.cleanup.manager [-] Deleting neutron.network object s_rally_d2563509_dqTivGHE (733bc721-0a5f-438e-846d-663ad74b51c9)
2019-07-14 09:18:24.235 21662 RALLYDEBUG rally_openstack.cleanup.manager [-] Deleting neutron.network object s_rally_d2563509_1sUhZAT9 (749d0df6-8216-4cae-b4ef-b19cb359ad16)
2019-07-14 09:18:24.420 21662 RALLYDEBUG rally_openstack.cleanup.manager [-] Deleting neutron.network object s_rally_d2563509_LxGIceoa (74adf0cb-4e89-4f42-8e16-040f88bfd854)
2019-07-14 09:18:24.598 21662 RALLYDEBUG rally_openstack.cleanup.manager [-] Deleting neutron.network object s_rally_d2563509_rxh2Vzcf (773cc90d-7d55-4884-81a0-ab9ae89e1037)
2019-07-14 09:18:24.621 21662 RALLYDEBUG rally_openstack.cleanup.manager [-] Deleting neutron.network object s_rally_d2563509_Ob6cm60E (80a68fca-11d4-4a14-88f7-0c0fb30ccf98)
2019-07-14 09:18:24.643 21662 RALLYDEBUG rally_openstack.cleanup.manager [-] Deleting neutron.network object s_rally_d2563509_DHPf4XsA (8274edbd-1e0d-417e-8acf-76a881017693)
2019-07-14 09:18:24.715 21662 RALLYDEBUG rally_openstack.cleanup.manager [-] Deleting neutron.network object s_rally_d2563509_KaCIH72R (892ac0bd-21ab-4035-8941-d2f04d66435b)
2019-07-14 09:18:24.841 21662 RALLYDEBUG rally_openstack.cleanup.manager [-] Deleting neutron.network object s_rally_d2563509_3de2kpW5 (89fcbea6-88bd-4161-9a45-ea6d06b36ff3)
2019-07-14 09:18:25.396 21662 RALLYDEBUG rally_openstack.cleanup.manager [-] Deleting neutron.network object s_rally_d2563509_9iud3bST (8a69bec2-1749-4f14-a36e-7e1504479238)
2019-07-14 09:18:25.419 21662 RALLYDEBUG rally_openstack.cleanup.manager [-] Deleting neutron.network object s_rally_d2563509_5hW0m638 (8b0e8436-101b-4a07-97e5-287fa41034cf)
2019-07-14 09:18:25.432 21662 RALLYDEBUG rally_openstack.cleanup.manager [-] Deleting neutron.network object s_rally_d2563509_e5COfqzs (8b8c5850-7d2a-49e0-9dbb-f343f8fb80a5)
2019-07-14 09:18:25.672 21662 RALLYDEBUG rally_openstack.cleanup.manager [-] Deleting neutron.network object s_rally_d2563509_86JjUEKO (8e31027d-8342-43dd-a8a5-b2354facd0a4)
2019-07-14 09:18:25.769 21662 RALLYDEBUG rally_openstack.cleanup.manager [-] Deleting neutron.network object s_rally_d2563509_4SGECjLz (92085536-b51c-44fc-b870-837aebb85822)
2019-07-14 09:18:25.778 21662 RALLYDEBUG rally_openstack.cleanup.manager [-] Deleting neutron.network object s_rally_d2563509_oVdS7D7M (9228c867-208c-4cff-a2e8-9827bd82d6df)
2019-07-14 09:18:25.797 21662 RALLYDEBUG rally_openstack.cleanup.manager [-] Deleting neutron.network object s_rally_d2563509_pKfbATEa (985a5266-545b-4a15-9c2a-9bdd97cc85a3)
2019-07-14 09:18:25.806 21662 RALLYDEBUG rally_openstack.cleanup.manager [-] Deleting neutron.network object s_rally_d2563509_c6jW9LnF (994921aa-0279-4283-aeee-8a4ada7a78fd)
2019-07-14 09:18:25.902 21662 RALLYDEBUG rally_openstack.cleanup.manager [-] Deleting neutron.network object s_rally_d2563509_ncLoKALL (9d64294f-b7e4-4dc8-b8c6-4e7732107120)
2019-07-14 09:18:26.143 21662 RALLYDEBUG rally_openstack.cleanup.manager [-] Deleting neutron.network object s_rally_d2563509_95WghbXA (a03e5e45-2d41-4a71-ab87-64655f6853a9)
2019-07-14 09:18:26.306 21662 RALLYDEBUG rally_openstack.cleanup.manager [-] Deleting neutron.network object s_rally_d2563509_T1b5k89I (a14a6a97-4609-4730-b53f-5999ea0ceef6)
2019-07-14 09:18:26.437 21662 RALLYDEBUG rally_openstack.cleanup.manager [-] Deleting neutron.network object s_rally_d2563509_MgktYBuT (a2ec60d0-a85a-488b-97bf-e33d718df70c)
2019-07-14 09:18:26.593 21662 RALLYDEBUG rally_openstack.cleanup.manager [-] Deleting neutron.network object s_rally_d2563509_wdI7YRQY (a311ea6d-70ef-4bc0-bfd5-3a00959508b7)
2019-07-14 09:18:26.740 21662 RALLYDEBUG rally_openstack.cleanup.manager [-] Deleting neutron.network object s_rally_d2563509_OtcXuHLe (a4004820-58b4-4f04-8df8-df526985a022)
2019-07-14 09:18:26.866 21662 RALLYDEBUG rally_openstack.cleanup.manager [-] Deleting neutron.network object s_rally_d2563509_tDQuYCxV (a7c06b0a-b802-4f12-aad8-f94566c0904a)
2019-07-14 09:18:26.901 21662 RALLYDEBUG rally_openstack.cleanup.manager [-] Deleting neutron.network object s_rally_d2563509_MQileae8 (a85366e3-cba0-45bc-aabd-91810058ba8d)
2019-07-14 09:18:26.943 21662 RALLYDEBUG rally_openstack.cleanup.manager [-] Deleting neutron.network object s_rally_d2563509_Vu2msUlq (a91d20ec-abc7-4715-9c39-42294f89eebe)
2019-07-14 09:18:27.584 21662 RALLYDEBUG rally_openstack.cleanup.manager [-] Deleting neutron.network object s_rally_d2563509_xC4LrOkr (adb377a2-e1b2-4ba3-9269-ee7ae25b439d)
2019-07-14 09:18:27.625 21662 RALLYDEBUG rally_openstack.cleanup.manager [-] Deleting neutron.network object s_rally_d2563509_mlxd6j8c (afec7719-2d97-4951-b164-2ae2a1587742)
2019-07-14 09:18:27.729 21662 RALLYDEBUG rally_openstack.cleanup.manager [-] Deleting neutron.network object s_rally_d2563509_jB6w99LF (b0e93b0a-7869-49c2-9537-3cbeb2b736e9)
2019-07-14 09:18:27.758 21662 RALLYDEBUG rally_openstack.cleanup.manager [-] Deleting neutron.network object s_rally_d2563509_idkwfhQh (b12d0f29-6782-4a51-8b3e-f1cced5905da)
2019-07-14 09:18:28.007 21662 RALLYDEBUG rally_openstack.cleanup.manager [-] Deleting neutron.network object s_rally_d2563509_koHSkeeq (b5dc2cb3-7100-4332-87a2-48d56f3551f9)
2019-07-14 09:18:28.123 21662 RALLYDEBUG rally_openstack.cleanup.manager [-] Deleting neutron.network object s_rally_d2563509_31mBFp4x (bca8a78b-20eb-45cc-b5f0-27fbee351d5a)
2019-07-14 09:18:28.139 21662 RALLYDEBUG rally_openstack.cleanup.manager [-] Deleting neutron.network object s_rally_d2563509_WLcM33y3 (bcf6f1f7-84d4-4317-aa27-64b7c908177a)
2019-07-14 09:18:28.271 21662 RALLYDEBUG rally_openstack.cleanup.manager [-] Deleting neutron.network object s_rally_d2563509_FdW9NbOh (bd770e6c-dad8-4eca-bb62-48f8ae5c7cb3)
2019-07-14 09:18:28.303 21662 RALLYDEBUG rally_openstack.cleanup.manager [-] Deleting neutron.network object s_rally_d2563509_ahYTH2k2 (c7a86c6d-1d88-41ac-ba60-a7bab46c1215)
2019-07-14 09:18:28.496 21662 RALLYDEBUG rally_openstack.cleanup.manager [-] Deleting neutron.network object s_rally_d2563509_yfTkK349 (c86e4ba7-b26a-430a-b878-1d208d58ff08)
2019-07-14 09:18:28.539 21662 RALLYDEBUG rally_openstack.cleanup.manager [-] Deleting neutron.network object s_rally_d2563509_8cr2v2EN (d20cbfe6-de71-4a91-8b67-a5b0f867224e)
2019-07-14 09:18:28.540 21662 RALLYDEBUG rally_openstack.cleanup.manager [-] Deleting neutron.network object s_rally_d2563509_nwp2DcCI (d33a2054-2f58-4491-8e6b-6ced42dcccdb)
2019-07-14 09:18:28.702 21662 RALLYDEBUG rally_openstack.cleanup.manager [-] Deleting neutron.network object s_rally_d2563509_t5pYR64O (d76793ca-caa4-4d80-9ad6-24360c3079fc)
2019-07-14 09:18:28.779 21662 RALLYDEBUG rally_openstack.cleanup.manager [-] Deleting neutron.network object s_rally_d2563509_qNryGWVq (d876146e-f7c9-4328-81d0-5293a6a36475)
2019-07-14 09:18:28.805 21662 RALLYDEBUG rally_openstack.cleanup.manager [-] Deleting neutron.network object s_rally_d2563509_i3nSsCjm (dc1f731a-2db0-44f3-bcd2-0cc8eb5deb35)
2019-07-14 09:18:29.041 21662 RALLYDEBUG rally_openstack.cleanup.manager [-] Deleting neutron.network object s_rally_d2563509_1CluSmXp (dc9273cf-01fe-4d26-b16c-690be68291dd)
2019-07-14 09:18:29.057 21662 RALLYDEBUG rally_openstack.cleanup.manager [-] Deleting neutron.network object s_rally_d2563509_dYxCi5Dd (dd48ba10-31fc-4eab-b0e8-c419a7e755c7)
2019-07-14 09:18:29.189 21662 RALLYDEBUG rally_openstack.cleanup.manager [-] Deleting neutron.network object s_rally_d2563509_lIfrTGQR (dde2b748-1991-4673-a628-b4e63eadaed4)
2019-07-14 09:18:29.232 21662 RALLYDEBUG rally_openstack.cleanup.manager [-] Deleting neutron.network object s_rally_d2563509_S69VbLDK (e3c2e2e9-487f-4638-83aa-f2c3baab7365)
2019-07-14 09:18:29.330 21662 RALLYDEBUG rally_openstack.cleanup.manager [-] Deleting neutron.network object s_rally_d2563509_tmUK5Z9h (e442a297-75e8-450c-bd49-371dd1c56fe9)
2019-07-14 09:18:29.555 21662 RALLYDEBUG rally_openstack.cleanup.manager [-] Deleting neutron.network object s_rally_d2563509_c7dGPLwn (ee213309-9aa6-46e6-a637-d6cb72acca62)
2019-07-14 09:18:29.821 21662 RALLYDEBUG rally_openstack.cleanup.manager [-] Deleting neutron.network object s_rally_d2563509_u2xJhqAZ (eec7755f-ae8a-480d-9c51-7c9ea8f1f067)
2019-07-14 09:18:30.013 21662 RALLYDEBUG rally_openstack.cleanup.manager [-] Deleting neutron.network object s_rally_d2563509_xASCXxXA (f151fb5c-8a04-4ea6-aa6a-3d127d051730)
2019-07-14 09:18:30.452 21662 RALLYDEBUG rally_openstack.cleanup.manager [-] Deleting neutron.network object s_rally_d2563509_NVvFIiCQ (f47e38fa-24ec-443d-8fdb-686815f7a136)
2019-07-14 09:18:30.459 21662 RALLYDEBUG rally_openstack.cleanup.manager [-] Deleting neutron.network object s_rally_d2563509_kB7wbn5t (f6b0bcef-f02a-411b-b3e5-273ee236ac1a)
