2019-07-14 09:30:00.586 21662 RALLYDEBUG rally_openstack.cleanup.manager [-] Deleting neutron.port object s_rally_987029ea_tYAD5XUD (cf695443-9e51-4b89-8fd6-a0c45fbfc111)
2019-07-14 09:30:00.688 21662 RALLYDEBUG rally_openstack.cleanup.manager [-] Deleting neutron.port object s_rally_987029ea_L9XWycfm (cfa252c2-7e46-4333-8a18-c4c8dda6e2ba)
2019-07-14 09:30:00.912 21662 RALLYDEBUG rally_openstack.cleanup.manager [-] Deleting neutron.port object s_rally_987029ea_OxO2UKPA (d202a4b8-86b5-4a96-97f9-ba3ceae33639)
2019-07-14 09:30:01.013 21662 RALLYDEBUG rally_openstack.cleanup.manager [-] Deleting neutron.port object s_rally_987029ea_5N08wT3r (d378c510-a96d-4a58-b7a8-62e2c95fdd33)
2019-07-14 09:30:01.187 21662 RALLYDEBUG rally_openstack.cleanup.manager [-] Deleting neutron.port object s_rally_987029ea_zdieFxmO (d3e66a16-b3f9-4cfe-9dc4-c9605b8d3ec4)
2019-07-14 09:30:01.291 21662 RALLYDEBUG rally_openstack.cleanup.manager [-] Deleting neutron.port object s_rally_987029ea_qm2YAFDa (d505e895-5435-4b3a-81d2-9e4c66b3ecc4)
2019-07-14 09:30:01.421 21662 RALLYDEBUG rally_openstack.cleanup.manager [-] Deleting neutron.port object s_rally_987029ea_rBFJetG7 (d59f40a4-133e-4f77-af85-395e45836d62)
2019-07-14 09:30:01.472 21662 RALLYDEBUG rally_openstack.cleanup.manager [-] Deleting neutron.port object s_rally_987029ea_EtOf44gJ (d5d9b2cb-4105-4f9c-bc02-b7980f42af34)
2019-07-14 09:30:01.549 21662 RALLYDEBUG rally_openstack.cleanup.manager [-] Deleting neutron.port object s_rally_987029ea_hc7RcTsX (d621b806-bf0b-4e46-8f51-77d24ed6bb0c)
2019-07-14 09:30:01.753 21662 RALLYDEBUG rally_openstack.cleanup.manager [-] Deleting neutron.port object s_rally_987029ea_lCgDJ8MF (d6fc8bb7-5d3c-487b-b095-8c210f1f8f95)
2019-07-14 09:30:01.838 21662 RALLYDEBUG rally_openstack.cleanup.manager [-] Deleting neutron.port object s_rally_987029ea_6ZzYO9qf (d70b31d6-bfda-4e4d-b5ea-9bcbe8f837fe)
2019-07-14 09:30:01.963 21662 RALLYDEBUG rally_openstack.cleanup.manager [-] Deleting neutron.port object s_rally_987029ea_FhIHCmIf (d95c0ab8-8231-4255-9c05-dae2efda4ac7)
2019-07-14 09:30:02.080 21662 RALLYDEBUG rally_openstack.cleanup.manager [-] Deleting neutron.port object s_rally_987029ea_RTY2jOy9 (d9b4ece6-9a38-4c7e-89d1-6ee0379a7cb1)
2019-07-14 09:30:02.273 21662 RALLYDEBUG rally_openstack.cleanup.manager [-] Deleting neutron.port object s_rally_987029ea_0P4IzOgJ (dc89b753-f7b7-46b4-afe1-e1f4d5ad8f0b)
2019-07-14 09:30:02.372 21662 RALLYDEBUG rally_openstack.cleanup.manager [-] Deleting neutron.port object s_rally_987029ea_9nCb7wrF (dcb1ff10-ca46-485e-879d-0e2c6cdd836f)
2019-07-14 09:30:02.539 21662 RALLYDEBUG rally_openstack.cleanup.manager [-] Deleting neutron.port object s_rally_987029ea_S9R4pplU (dd383a0a-c859-478a-8c7a-c009d1164d08)
2019-07-14 09:30:02.625 21662 RALLYDEBUG rally_openstack.cleanup.manager [-] Deleting neutron.port object s_rally_987029ea_cbKvCNmS (ddc17ca3-c35b-4512-81b1-3b65aff159ee)
2019-07-14 09:30:02.628 21662 RALLYDEBUG rally_openstack.cleanup.manager [-] Deleting neutron.port object s_rally_987029ea_kjw77t9A (de3eb10a-52d7-41f5-986d-4ffe29953ad3)
2019-07-14 09:30:02.685 21662 RALLYDEBUG rally_openstack.cleanup.manager [-] Deleting neutron.port object s_rally_987029ea_ExbZON5d (decd28a4-b02f-45d6-b4fb-d554024c1bd9)
2019-07-14 09:30:02.753 21662 RALLYDEBUG rally_openstack.cleanup.manager [-] Deleting neutron.port object s_rally_987029ea_oLW5Oskt (df3f3778-2b99-40e5-9bab-7669d95f7ac7)
2019-07-14 09:30:02.878 21662 RALLYDEBUG rally_openstack.cleanup.manager [-] Deleting neutron.port object s_rally_987029ea_T2zJcdq9 (e09aa37a-f873-41be-b713-933a8676dc29)
2019-07-14 09:30:02.899 21662 RALLYDEBUG rally_openstack.cleanup.manager [-] Deleting neutron.port object s_rally_987029ea_Owypi5Cr (e20642d1-086a-48be-825d-bd277541a872)
2019-07-14 09:30:02.917 21662 RALLYDEBUG rally_openstack.cleanup.manager [-] Deleting neutron.port object s_rally_987029ea_iJuE4GEK (e212de6e-0602-447e-8c4a-354bdd46de6b)
2019-07-14 09:30:02.928 21662 RALLYDEBUG rally_openstack.cleanup.manager [-] Deleting neutron.port object s_rally_987029ea_3qzJ447B (e30d5029-8516-477d-8d8b-2f4df7104f8e)
2019-07-14 09:30:03.364 21662 RALLYDEBUG rally_openstack.cleanup.manager [-] Deleting neutron.port object s_rally_987029ea_9GpXvFU0 (e3b78175-2afa-4f01-abd7-03080a931777)
2019-07-14 09:30:03.364 21662 RALLYDEBUG rally_openstack.cleanup.manager [-] Deleting neutron.port object s_rally_987029ea_FduJ86az (e3aab1cc-61cc-4823-a225-b35d75fc742c)
2019-07-14 09:30:03.643 21662 RALLYDEBUG rally_openstack.cleanup.manager [-] Deleting neutron.port object s_rally_987029ea_Lg22rekA (e3e27fb6-c293-4b8f-bdd5-37b9b726e16e)
2019-07-14 09:30:03.730 21662 RALLYDEBUG rally_openstack.cleanup.manager [-] Deleting neutron.port object s_rally_987029ea_8jPgIm6i (e41f876c-f22b-4127-90d0-a72991639bbe)
2019-07-14 09:30:03.873 21662 RALLYDEBUG rally_openstack.cleanup.manager [-] Deleting neutron.port object s_rally_987029ea_SbYwwPMq (e528a2b0-a55a-495f-b8e2-60f177635490)
2019-07-14 09:30:03.874 21662 RALLYDEBUG rally_openstack.cleanup.manager [-] Deleting neutron.port object s_rally_987029ea_N9dSZslK (e588a359-df27-4f6a-a4dd-f5812cbcba44)
2019-07-14 09:30:03.974 21662 RALLYDEBUG rally_openstack.cleanup.manager [-] Deleting neutron.port object s_rally_987029ea_7HaKBNp0 (e6a96640-aad2-4a4b-86d9-c9462fa4bed8)
2019-07-14 09:30:04.261 21662 RALLYDEBUG rally_openstack.cleanup.manager [-] Deleting neutron.port object s_rally_987029ea_tmq8czwT (e8285ba3-384a-4498-8be7-f46b5fe4c4d7)
2019-07-14 09:30:04.273 21662 RALLYDEBUG rally_openstack.cleanup.manager [-] Deleting neutron.port object s_rally_987029ea_lnejWRPl (e83ed6e2-72c5-44e4-a354-22e3fffc2ba3)
2019-07-14 09:30:04.299 21662 RALLYDEBUG rally_openstack.cleanup.manager [-] Deleting neutron.port object s_rally_987029ea_K80VFUtB (e852d148-8c03-4295-856d-f99ac0b8f410)
2019-07-14 09:30:04.514 21662 RALLYDEBUG rally_openstack.cleanup.manager [-] Deleting neutron.port object s_rally_987029ea_ZR0SomqD (e8e58dfe-1652-49a8-9441-fa88fde90064)
2019-07-14 09:30:04.581 21662 RALLYDEBUG rally_openstack.cleanup.manager [-] Deleting neutron.port object s_rally_987029ea_6EDrAl2t (e913023e-8594-417b-a249-eba4ac224c2e)
2019-07-14 09:30:04.642 21662 RALLYDEBUG rally_openstack.cleanup.manager [-] Deleting neutron.port object s_rally_987029ea_GSt1j4u9 (eb069455-e95a-4725-a048-ea99bb6fadf0)
2019-07-14 09:30:04.694 21662 RALLYDEBUG rally_openstack.cleanup.manager [-] Deleting neutron.port object s_rally_987029ea_ZqTzOLKs (eb924702-6adf-4166-96d0-57cc5480f6b3)
2019-07-14 09:30:04.787 21662 RALLYDEBUG rally_openstack.cleanup.manager [-] Deleting neutron.port object s_rally_987029ea_P8jb877V (ed45d184-69f8-4057-ba4c-5a266a2dfc30)
2019-07-14 09:30:04.842 21662 RALLYDEBUG rally_openstack.cleanup.manager [-] Deleting neutron.port object s_rally_987029ea_b6fqfRof (edc902ac-c6fd-4bb6-a5f9-ec0bf4bd9c30)
2019-07-14 09:30:04.892 21662 RALLYDEBUG rally_openstack.cleanup.manager [-] Deleting neutron.port object s_rally_987029ea_uSrFmVYA (edf6c043-06ba-4955-9eb5-4985e8ea00b5)
2019-07-14 09:30:04.948 21662 RALLYDEBUG rally_openstack.cleanup.manager [-] Deleting neutron.port object s_rally_987029ea_uhLk1RhA (ee49a099-adfe-4317-bd02-0e82a623049e)
2019-07-14 09:30:04.963 21662 RALLYDEBUG rally_openstack.cleanup.manager [-] Deleting neutron.port object s_rally_987029ea_2E1vxvw9 (eeea16c9-026b-4698-842a-4b47e230da3d)
2019-07-14 09:30:04.995 21662 RALLYDEBUG rally_openstack.cleanup.manager [-] Deleting neutron.port object s_rally_987029ea_0Y7t615x (f07eba8d-64bf-450b-b404-3b672d44bab8)
2019-07-14 09:30:05.247 21662 RALLYDEBUG rally_openstack.cleanup.manager [-] Deleting neutron.port object s_rally_987029ea_tXKqgNsK (f2315b3c-9311-4ba7-b2b1-f7689b422737)
2019-07-14 09:30:05.485 21662 RALLYDEBUG rally_openstack.cleanup.manager [-] Deleting neutron.port object s_rally_987029ea_zUfD07Wv (f23772f8-d44b-4b4b-8a71-e3b512b358e9)
2019-07-14 09:30:05.532 21662 RALLYDEBUG rally_openstack.cleanup.manager [-] Deleting neutron.port object s_rally_987029ea_Di2NYBr3 (f23fe35d-ac01-413e-92f3-15cda8c793d3)
2019-07-14 09:30:05.600 21662 RALLYDEBUG rally_openstack.cleanup.manager [-] Deleting neutron.port object s_rally_987029ea_EEcoSMX3 (f27ccf2f-3856-45a1-86dc-cf022f507bdc)
2019-07-14 09:30:05.753 21662 RALLYDEBUG rally_openstack.cleanup.manager [-] Deleting neutron.port object s_rally_987029ea_N6o6RK5P (f2a1f91b-c029-4026-8528-f5ad9bd932d7)
2019-07-14 09:30:05.754 21662 RALLYDEBUG rally_openstack.cleanup.manager [-] Deleting neutron.port object s_rally_987029ea_nR2Ed3AL (f2d653b6-a461-4351-abe5-f05acc751c84)
2019-07-14 09:30:06.115 21662 RALLYDEBUG rally_openstack.cleanup.manager [-] Deleting neutron.port object s_rally_987029ea_J35558p7 (f3202f27-6026-49dc-b006-d9bbb5d43f00)
2019-07-14 09:30:06.117 21662 RALLYDEBUG rally_openstack.cleanup.manager [-] Deleting neutron.port object s_rally_987029ea_K70u9AKj (f8d04432-0797-4a30-a1d8-af27b34dbb61)
2019-07-14 09:30:06.161 21662 RALLYDEBUG rally_openstack.cleanup.manager [-] Deleting neutron.port object s_rally_987029ea_kv7GTPQf (f8feb03d-7b47-4c3b-8f91-ccb78bb667f3)
2019-07-14 09:30:06.183 21662 RALLYDEBUG rally_openstack.cleanup.manager [-] Deleting neutron.port object s_rally_987029ea_3a7llHlX (f9a1ea2d-654e-4457-86e8-6ab25b477278)
2019-07-14 09:30:06.532 21662 RALLYDEBUG rally_openstack.cleanup.manager [-] Deleting neutron.port object s_rally_987029ea_5p16if5X (fa9e61ad-10e6-4d39-9f90-774c83073eb4)
2019-07-14 09:30:06.840 21662 RALLYDEBUG rally_openstack.cleanup.manager [-] Deleting neutron.port object s_rally_987029ea_Wlzq25RU (fab7fb5e-1367-418b-b16f-7b302d6e1bbf)
2019-07-14 09:30:06.887 21662 RALLYDEBUG rally_openstack.cleanup.manager [-] Deleting neutron.port object s_rally_987029ea_IQayJyTg (fbc18ccb-4b27-49b5-9798-e8461b3ee4b6)
2019-07-14 09:30:07.159 21662 RALLYDEBUG rally_openstack.cleanup.manager [-] Deleting neutron.port object s_rally_987029ea_i7rQe2Py (fe1e9f59-9fa5-436c-b9c5-8ddd91acaa5c)
2019-07-14 09:30:07.239 21662 RALLYDEBUG rally_openstack.cleanup.manager [-] Deleting neutron.port object s_rally_987029ea_IXNJPnuh (fe904044-f071-45f2-ba77-e4421f3ebefb)
2019-07-14 09:30:07.260 21662 RALLYDEBUG rally_openstack.cleanup.manager [-] Deleting neutron.port object s_rally_987029ea_FPzHHyGR (fec37c6f-939e-491e-8455-8273ab36f7db)
2019-07-14 09:30:07.284 21662 RALLYDEBUG rally_openstack.cleanup.manager [-] Deleting neutron.port object s_rally_987029ea_mEo4t45i (ff83861d-9a3c-42bb-a5d6-d1dedccc810f)
2019-07-14 09:30:07.376 21662 RALLYDEBUG rally_openstack.cleanup.manager [-] Deleting neutron.port object s_rally_987029ea_mKhk6fyu (ffae5dc9-54a8-4b41-89c4-bf1a096bd70f)
2019-07-14 09:30:09.346 21662 RALLYDEBUG rally_openstack.cleanup.manager [-] Cleaning up neutron subnet objects
2019-07-14 09:30:09.779 21662 RALLYDEBUG rally_openstack.cleanup.manager [-] Cleaning up neutron network objects
2019-07-14 09:30:10.264 21662 RALLYDEBUG rally_openstack.cleanup.manager [-] Deleting neutron.network object s_rally_987029ea_v5tjbZux (30e89855-7c58-430a-bb2c-a960d144520e)
2019-07-14 09:30:10.278 21662 RALLYDEBUG rally_openstack.cleanup.manager [-] Deleting neutron.network object s_rally_987029ea_xxskYmhv (58d30c47-b6b6-4ca2-be0e-da4d9df25050)
2019-07-14 09:30:10.288 21662 RALLYDEBUG rally_openstack.cleanup.manager [-] Deleting neutron.network object s_rally_987029ea_aU30hYQ7 (5afacedc-014a-4995-8a39-3254ebb20904)
2019-07-14 09:30:10.306 21662 RALLYDEBUG rally_openstack.cleanup.manager [-] Deleting neutron.network object s_rally_987029ea_G58b4tIn (9275d118-4119-46c0-b0b2-bb9faf66489a)
2019-07-14 09:30:10.306 21662 RALLYDEBUG rally_openstack.cleanup.manager [-] Deleting neutron.network object s_rally_987029ea_3Feye82l (c64e3ec1-b318-42b9-8c35-15ee24aaeac1)
2019-07-14 09:30:10.308 21662 RALLYDEBUG rally_openstack.cleanup.manager [-] Deleting neutron.network object s_rally_987029ea_rl6CgzH6 (9f007ece-3574-4f8b-b71b-d94844c39da9)
2019-07-14 09:30:10.345 21662 RALLYDEBUG rally_openstack.cleanup.manager [-] Deleting neutron.network object s_rally_987029ea_rhPpm5p7 (cbe52146-0cc0-416d-ae6e-9b06a109928f)
2019-07-14 09:30:10.365 21662 RALLYDEBUG rally_openstack.cleanup.manager [-] Deleting neutron.network object s_rally_987029ea_RJmjDWIo (f5cd20cd-fc88-4bb2-a5a8-c7c98defdd61)
2019-07-14 09:30:13.182 21662 RALLYDEBUG rally_openstack.cleanup.manager [-] Cleaning up neutron router objects
2019-07-14 09:30:13.630 21662 RALLYDEBUG rally_openstack.cleanup.manager [-] Cleaning up neutron security_group objects
2019-07-14 09:30:14.074 21662 INFO rally.task.context [-] Task 2fcb4d44-090b-4c3d-b747-e5f780bbc9dc | Context cleanup@openstack cleanup() finished in 53.76 sec
2019-07-14 09:30:14.074 21662 INFO rally.task.context [-] Task 2fcb4d44-090b-4c3d-b747-e5f780bbc9dc | Context quotas@openstack cleanup() started
2019-07-14 09:30:14.151 21662 INFO rally.task.context [-] Task 2fcb4d44-090b-4c3d-b747-e5f780bbc9dc | Context quotas@openstack cleanup() finished in 77.01 msec
2019-07-14 09:30:14.152 21662 INFO rally.task.context [-] Task 2fcb4d44-090b-4c3d-b747-e5f780bbc9dc | Context users@openstack cleanup() started
2019-07-14 09:30:16.857 21662 INFO rally.task.context [-] Task 2fcb4d44-090b-4c3d-b747-e5f780bbc9dc | Context users@openstack cleanup() finished in 2.70 sec
2019-07-14 09:30:18.351 21662 INFO rally.task.engine [-] Load duration is: 57.759268
2019-07-14 09:30:18.351 21662 INFO rally.task.engine [-] Full runner duration is: 57.81012
2019-07-14 09:30:18.352 21662 INFO rally.task.engine [-] Full duration is: 117.283392
2019-07-14 09:30:18.671 21662 INFO rally.task.engine [-] Running workload: position = 1 config = { "version": 2, "title": "A cropped version of a bigger task.", "description": "Auto-generated task from a single workload (uuid=dcddee65-5890-4c3e-bd69-67a2c6c8b24b)", "subtasks": [ { "title": "NeutronNetworks.create_and_update_ports", "description": "Create and update a given number of ports.", "scenario": { "NeutronNetworks.create_and_update_ports": { "network_create_args": {}, "port_create_args": {}, "ports_per_network": 5, "port_update_args": { "admin_state_up": false, "device_id": "dummy_id", "device_owner": "dummy_owner", "name": "_port_updated" } } }, "contexts": { "users": { "tenants": 1, "users_per_tenant": 1 }, "quotas": { "neutron": { "network": -1, "port": -1 } } }, "runner": { "constant": { "times": 40, "concurrency": 20 } }, "hooks": [], "sla": { "failure_rate": { "max": 0 } } } ] }
2019-07-14 09:30:18.700 21662 RALLYDEBUG rally_openstack.contexts.keystone.users [-] Creating 1 tenants using 20 threads
2019-07-14 09:30:19.744 21662 RALLYDEBUG rally_openstack.contexts.keystone.users [-] Creating 1 users using 20 threads
2019-07-14 09:30:21.141 21662 INFO rally.task.context [-] Task 2fcb4d44-090b-4c3d-b747-e5f780bbc9dc | Context users@openstack setup() finished in 2.44 sec
2019-07-14 09:30:21.653 21662 INFO rally.task.context [-] Task 2fcb4d44-090b-4c3d-b747-e5f780bbc9dc | Context quotas@openstack setup() finished in 0.51 sec
2019-07-14 09:30:21.654 21662 INFO rally.task.context [-] Task 2fcb4d44-090b-4c3d-b747-e5f780bbc9dc | Context cleanup@openstack setup() finished in 0.01 msec
2019-07-14 09:30:21.663 21662 RALLYDEBUG rally.task.runner [-] Starting the constant runner (task UUID: 2fcb4d44-090b-4c3d-b747-e5f780bbc9dc). timeout: 0 concurrency: 20 concurrency_per_worker: 1 times: 40 concurrency_overhead: 4 processes_to_start: 16 max_cpu_used: 16
2019-07-14 09:30:21.678 25538 RALLYDEBUG rally.task.runner [-] Starting a worker. concurrency: 2 args: {"network_create_args": {}, "port_create_args": {}, "ports_per_network": 5, "port_update_args": {"admin_state_up": false, "device_id": "dummy_id", "device_owner": "dummy_owner", "name": "_port_updated"}} times: 40 method_name: run timeout: 0 duration: None cls:
2019-07-14 09:30:21.681 25539 RALLYDEBUG rally.task.runner [-] Starting a worker. concurrency: 2 args: {"network_create_args": {}, "port_create_args": {}, "ports_per_network": 5, "port_update_args": {"admin_state_up": false, "device_id": "dummy_id", "device_owner": "dummy_owner", "name": "_port_updated"}} times: 40 method_name: run timeout: 0 duration: None cls:
2019-07-14 09:30:21.684 25540 RALLYDEBUG rally.task.runner [-] Starting a worker. concurrency: 2 args: {"network_create_args": {}, "port_create_args": {}, "ports_per_network": 5, "port_update_args": {"admin_state_up": false, "device_id": "dummy_id", "device_owner": "dummy_owner", "name": "_port_updated"}} times: 40 method_name: run timeout: 0 duration: None cls:
2019-07-14 09:30:21.688 25541 RALLYDEBUG rally.task.runner [-] Starting a worker. concurrency: 2 args: {"network_create_args": {}, "port_create_args": {}, "ports_per_network": 5, "port_update_args": {"admin_state_up": false, "device_id": "dummy_id", "device_owner": "dummy_owner", "name": "_port_updated"}} times: 40 method_name: run timeout: 0 duration: None cls:
2019-07-14 09:30:21.691 25542 RALLYDEBUG rally.task.runner [-] Starting a worker. concurrency: 1 args: {"network_create_args": {}, "port_create_args": {}, "ports_per_network": 5, "port_update_args": {"admin_state_up": false, "device_id": "dummy_id", "device_owner": "dummy_owner", "name": "_port_updated"}} times: 40 method_name: run timeout: 0 duration: None cls:
2019-07-14 09:30:21.692 25539 INFO rally.task.runner [-] Task 2fcb4d44-090b-4c3d-b747-e5f780bbc9dc | ITER: 2 START
2019-07-14 09:30:21.691 25538 INFO rally.task.runner [-] Task 2fcb4d44-090b-4c3d-b747-e5f780bbc9dc | ITER: 1 START
2019-07-14 09:30:21.694 25539 WARNING rally_openstack.scenarios.neutron.utils [-] Running this scenario without either the 'network' or 'existing_network' context is deprecated
2019-07-14 09:30:21.692 25538 INFO rally.task.runner [-] Task 2fcb4d44-090b-4c3d-b747-e5f780bbc9dc | ITER: 3 START
2019-07-14 09:30:21.695 25538 WARNING rally_openstack.scenarios.neutron.utils [-] Running this scenario without either the 'network' or 'existing_network' context is deprecated
2019-07-14 09:30:21.695 25546 RALLYDEBUG rally.task.runner [-] Starting a worker. concurrency: 1 args: {"network_create_args": {}, "port_create_args": {}, "ports_per_network": 5, "port_update_args": {"admin_state_up": false, "device_id": "dummy_id", "device_owner": "dummy_owner", "name": "_port_updated"}} times: 40 method_name: run timeout: 0 duration: None cls:
2019-07-14 09:30:21.695 25540 INFO rally.task.runner [-] Task 2fcb4d44-090b-4c3d-b747-e5f780bbc9dc | ITER: 5 START
2019-07-14 09:30:21.698 25540 WARNING rally_openstack.scenarios.neutron.utils [-] Running this scenario without either the 'network' or 'existing_network' context is deprecated
2019-07-14 09:30:21.699 25542 INFO rally.task.runner [-] Task 2fcb4d44-090b-4c3d-b747-e5f780bbc9dc | ITER: 8 START
2019-07-14 09:30:21.699 25550 RALLYDEBUG rally.task.runner [-] Starting a worker. concurrency: 1 args: {"network_create_args": {}, "port_create_args": {}, "ports_per_network": 5, "port_update_args": {"admin_state_up": false, "device_id": "dummy_id", "device_owner": "dummy_owner", "name": "_port_updated"}} times: 40 method_name: run timeout: 0 duration: None cls:
2019-07-14 09:30:21.701 25542 WARNING rally_openstack.scenarios.neutron.utils [-] Running this scenario without either the 'network' or 'existing_network' context is deprecated
2019-07-14 09:30:21.701 25541 INFO rally.task.runner [-] Task 2fcb4d44-090b-4c3d-b747-e5f780bbc9dc | ITER: 9 START
2019-07-14 09:30:21.703 25546 INFO rally.task.runner [-] Task 2fcb4d44-090b-4c3d-b747-e5f780bbc9dc | ITER: 10 START
2019-07-14 09:30:21.703 25541 WARNING rally_openstack.scenarios.neutron.utils [-] Running this scenario without either the 'network' or 'existing_network' context is deprecated
2019-07-14 09:30:21.703 25539 INFO rally.task.runner [-] Task 2fcb4d44-090b-4c3d-b747-e5f780bbc9dc | ITER: 4 START
2019-07-14 09:30:21.704 25546 WARNING rally_openstack.scenarios.neutron.utils [-] Running this scenario without either the 'network' or 'existing_network' context is deprecated
2019-07-14 09:30:21.705 25539 WARNING rally_openstack.scenarios.neutron.utils [-] Running this scenario without either the 'network' or 'existing_network' context is deprecated
2019-07-14 09:30:21.696 25538 WARNING rally_openstack.scenarios.neutron.utils [-] Running this scenario without either the 'network' or 'existing_network' context is deprecated
2019-07-14 09:30:21.704 25554 RALLYDEBUG rally.task.runner [-] Starting a worker. concurrency: 1 args: {"network_create_args": {}, "port_create_args": {}, "ports_per_network": 5, "port_update_args": {"admin_state_up": false, "device_id": "dummy_id", "device_owner": "dummy_owner", "name": "_port_updated"}} times: 40 method_name: run timeout: 0 duration: None cls:
2019-07-14 09:30:21.702 25541 INFO rally.task.runner [-] Task 2fcb4d44-090b-4c3d-b747-e5f780bbc9dc | ITER: 6 START
2019-07-14 09:30:21.707 25550 INFO rally.task.runner [-] Task 2fcb4d44-090b-4c3d-b747-e5f780bbc9dc | ITER: 11 START
2019-07-14 09:30:21.707 25559 RALLYDEBUG rally.task.runner [-] Starting a worker. concurrency: 1 args: {"network_create_args": {}, "port_create_args": {}, "ports_per_network": 5, "port_update_args": {"admin_state_up": false, "device_id": "dummy_id", "device_owner": "dummy_owner", "name": "_port_updated"}} times: 40 method_name: run timeout: 0 duration: None cls:
2019-07-14 09:30:21.709 25550 WARNING rally_openstack.scenarios.neutron.utils [-] Running this scenario without either the 'network' or 'existing_network' context is deprecated
2019-07-14 09:30:21.713 25540 INFO rally.task.runner [-] Task 2fcb4d44-090b-4c3d-b747-e5f780bbc9dc | ITER: 7 START
2019-07-14 09:30:21.713 25554 INFO rally.task.runner [-] Task 2fcb4d44-090b-4c3d-b747-e5f780bbc9dc | ITER: 12 START
2019-07-14 09:30:21.714 25540 WARNING rally_openstack.scenarios.neutron.utils [-] Running this scenario without either the 'network' or 'existing_network' context is deprecated
2019-07-14 09:30:21.714 25559 INFO rally.task.runner [-] Task 2fcb4d44-090b-4c3d-b747-e5f780bbc9dc | ITER: 13 START
2019-07-14 09:30:21.715 25554 WARNING rally_openstack.scenarios.neutron.utils [-] Running this scenario without either the 'network' or 'existing_network' context is deprecated
2019-07-14 09:30:21.715 25541 WARNING rally_openstack.scenarios.neutron.utils [-] Running this scenario without either the 'network' or 'existing_network' context is deprecated
2019-07-14 09:30:21.716 25559 WARNING rally_openstack.scenarios.neutron.utils [-] Running this scenario without either the 'network' or 'existing_network' context is deprecated
2019-07-14 09:30:21.715 25565 RALLYDEBUG rally.task.runner [-] Starting a worker. concurrency: 1 args: {"network_create_args": {}, "port_create_args": {}, "ports_per_network": 5, "port_update_args": {"admin_state_up": false, "device_id": "dummy_id", "device_owner": "dummy_owner", "name": "_port_updated"}} times: 40 method_name: run timeout: 0 duration: None cls:
2019-07-14 09:30:21.722 25565 INFO rally.task.runner [-] Task 2fcb4d44-090b-4c3d-b747-e5f780bbc9dc | ITER: 14 START
2019-07-14 09:30:21.724 25565 WARNING rally_openstack.scenarios.neutron.utils [-] Running this scenario without either the 'network' or 'existing_network' context is deprecated
2019-07-14 09:30:21.724 25570 RALLYDEBUG rally.task.runner [-] Starting a worker. concurrency: 1 args: {"network_create_args": {}, "port_create_args": {}, "ports_per_network": 5, "port_update_args": {"admin_state_up": false, "device_id": "dummy_id", "device_owner": "dummy_owner", "name": "_port_updated"}} times: 40 method_name: run timeout: 0 duration: None cls:
2019-07-14 09:30:21.731 25570 INFO rally.task.runner [-] Task 2fcb4d44-090b-4c3d-b747-e5f780bbc9dc | ITER: 15 START
2019-07-14 09:30:21.732 25573 RALLYDEBUG rally.task.runner [-] Starting a worker. concurrency: 1 args: {"network_create_args": {}, "port_create_args": {}, "ports_per_network": 5, "port_update_args": {"admin_state_up": false, "device_id": "dummy_id", "device_owner": "dummy_owner", "name": "_port_updated"}} times: 40 method_name: run timeout: 0 duration: None cls:
2019-07-14 09:30:21.732 25570 WARNING rally_openstack.scenarios.neutron.utils [-] Running this scenario without either the 'network' or 'existing_network' context is deprecated
2019-07-14 09:30:21.739 25573 INFO rally.task.runner [-] Task 2fcb4d44-090b-4c3d-b747-e5f780bbc9dc | ITER: 16 START
2019-07-14 09:30:21.741 25573 WARNING rally_openstack.scenarios.neutron.utils [-] Running this scenario without either the 'network' or 'existing_network' context is deprecated
2019-07-14 09:30:21.749 25578 RALLYDEBUG rally.task.runner [-] Starting a worker. concurrency: 1 args: {"network_create_args": {}, "port_create_args": {}, "ports_per_network": 5, "port_update_args": {"admin_state_up": false, "device_id": "dummy_id", "device_owner": "dummy_owner", "name": "_port_updated"}} times: 40 method_name: run timeout: 0 duration: None cls:
2019-07-14 09:30:21.755 25578 INFO rally.task.runner [-] Task 2fcb4d44-090b-4c3d-b747-e5f780bbc9dc | ITER: 17 START
2019-07-14 09:30:21.755 25579 RALLYDEBUG rally.task.runner [-] Starting a worker. concurrency: 1 args: {"network_create_args": {}, "port_create_args": {}, "ports_per_network": 5, "port_update_args": {"admin_state_up": false, "device_id": "dummy_id", "device_owner": "dummy_owner", "name": "_port_updated"}} times: 40 method_name: run timeout: 0 duration: None cls:
2019-07-14 09:30:21.757 25578 WARNING rally_openstack.scenarios.neutron.utils [-] Running this scenario without either the 'network' or 'existing_network' context is deprecated
2019-07-14 09:30:21.760 25581 RALLYDEBUG rally.task.runner [-] Starting a worker. concurrency: 1 args: {"network_create_args": {}, "port_create_args": {}, "ports_per_network": 5, "port_update_args": {"admin_state_up": false, "device_id": "dummy_id", "device_owner": "dummy_owner", "name": "_port_updated"}} times: 40 method_name: run timeout: 0 duration: None cls:
2019-07-14 09:30:21.761 25579 INFO rally.task.runner [-] Task 2fcb4d44-090b-4c3d-b747-e5f780bbc9dc | ITER: 18 START
2019-07-14 09:30:21.762 25579 WARNING rally_openstack.scenarios.neutron.utils [-] Running this scenario without either the 'network' or 'existing_network' context is deprecated
2019-07-14 09:30:21.763 25583 RALLYDEBUG rally.task.runner [-] Starting a worker. concurrency: 1 args: {"network_create_args": {}, "port_create_args": {}, "ports_per_network": 5, "port_update_args": {"admin_state_up": false, "device_id": "dummy_id", "device_owner": "dummy_owner", "name": "_port_updated"}} times: 40 method_name: run timeout: 0 duration: None cls:
2019-07-14 09:30:21.766 25581 INFO rally.task.runner [-] Task 2fcb4d44-090b-4c3d-b747-e5f780bbc9dc | ITER: 19 START
2019-07-14 09:30:21.767 25581 WARNING rally_openstack.scenarios.neutron.utils [-] Running this scenario without either the 'network' or 'existing_network' context is deprecated
2019-07-14 09:30:21.768 25583 INFO rally.task.runner [-] Task 2fcb4d44-090b-4c3d-b747-e5f780bbc9dc | ITER: 20 START
2019-07-14 09:30:21.769 25583 WARNING rally_openstack.scenarios.neutron.utils [-] Running this scenario without either the 'network' or 'existing_network' context is deprecated
2019-07-14 09:30:29.549 25583 INFO rally.task.runner [-] Task 2fcb4d44-090b-4c3d-b747-e5f780bbc9dc | ITER: 20 END: OK
2019-07-14 09:30:29.555 25583 INFO rally.task.runner [-] Task 2fcb4d44-090b-4c3d-b747-e5f780bbc9dc | ITER: 21 START
2019-07-14 09:30:29.556 25583 WARNING rally_openstack.scenarios.neutron.utils [-] Running this scenario without either the 'network' or 'existing_network' context is deprecated
2019-07-14 09:30:30.430 25550 INFO rally.task.runner [-] Task 2fcb4d44-090b-4c3d-b747-e5f780bbc9dc | ITER: 11 END: OK
2019-07-14 09:30:30.434 25550 INFO rally.task.runner [-] Task 2fcb4d44-090b-4c3d-b747-e5f780bbc9dc | ITER: 22 START
2019-07-14 09:30:30.435 25550 WARNING rally_openstack.scenarios.neutron.utils [-] Running this scenario without either the 'network' or 'existing_network' context is deprecated
2019-07-14 09:30:30.817 25542 INFO rally.task.runner [-] Task 2fcb4d44-090b-4c3d-b747-e5f780bbc9dc | ITER: 8 END: OK
2019-07-14 09:30:30.822 25542 INFO rally.task.runner [-] Task 2fcb4d44-090b-4c3d-b747-e5f780bbc9dc | ITER: 23 START
2019-07-14 09:30:30.823 25542 WARNING rally_openstack.scenarios.neutron.utils [-] Running this scenario without either the 'network' or 'existing_network' context is deprecated
2019-07-14 09:30:31.203 25579 INFO rally.task.runner [-] Task 2fcb4d44-090b-4c3d-b747-e5f780bbc9dc | ITER: 18 END: OK
2019-07-14 09:30:31.208 25579 INFO rally.task.runner [-] Task 2fcb4d44-090b-4c3d-b747-e5f780bbc9dc | ITER: 24 START
2019-07-14 09:30:31.209 25579 WARNING rally_openstack.scenarios.neutron.utils [-] Running this scenario without either the 'network' or 'existing_network' context is deprecated
2019-07-14 09:30:31.518 25540 INFO rally.task.runner [-] Task 2fcb4d44-090b-4c3d-b747-e5f780bbc9dc | ITER: 5 END: OK
2019-07-14 09:30:31.523 25540 INFO rally.task.runner [-] Task 2fcb4d44-090b-4c3d-b747-e5f780bbc9dc | ITER: 25 START
2019-07-14 09:30:31.523 25540 WARNING rally_openstack.scenarios.neutron.utils [-] Running this scenario without either the 'network' or 'existing_network' context is deprecated
2019-07-14 09:30:31.643 25559 INFO rally.task.runner [-] Task 2fcb4d44-090b-4c3d-b747-e5f780bbc9dc | ITER: 13 END: OK
2019-07-14 09:30:31.648 25559 INFO rally.task.runner [-] Task 2fcb4d44-090b-4c3d-b747-e5f780bbc9dc | ITER: 26 START
2019-07-14 09:30:31.649 25559 WARNING rally_openstack.scenarios.neutron.utils [-] Running this scenario without either the 'network' or 'existing_network' context is deprecated
2019-07-14 09:30:31.868 25539 INFO rally.task.runner [-] Task 2fcb4d44-090b-4c3d-b747-e5f780bbc9dc | ITER: 4 END: OK
2019-07-14 09:30:31.873 25539 INFO rally.task.runner [-] Task 2fcb4d44-090b-4c3d-b747-e5f780bbc9dc | ITER: 27 START
2019-07-14 09:30:31.874 25539 WARNING rally_openstack.scenarios.neutron.utils [-] Running this scenario without either the 'network' or 'existing_network' context is deprecated
2019-07-14 09:30:32.005 25570 INFO rally.task.runner [-] Task 2fcb4d44-090b-4c3d-b747-e5f780bbc9dc | ITER: 15 END: OK
2019-07-14 09:30:32.010 25570 INFO rally.task.runner [-] Task 2fcb4d44-090b-4c3d-b747-e5f780bbc9dc | ITER: 28 START
2019-07-14 09:30:32.010 25570 WARNING rally_openstack.scenarios.neutron.utils [-] Running this scenario without either the 'network' or 'existing_network' context is deprecated
2019-07-14 09:30:32.134 25541 INFO rally.task.runner [-] Task 2fcb4d44-090b-4c3d-b747-e5f780bbc9dc | ITER: 9 END: OK
2019-07-14 09:30:32.140 25541 INFO rally.task.runner [-] Task 2fcb4d44-090b-4c3d-b747-e5f780bbc9dc | ITER: 29 START
2019-07-14 09:30:32.140 25541 WARNING rally_openstack.scenarios.neutron.utils [-] Running this scenario without either the 'network' or 'existing_network' context is deprecated
2019-07-14 09:30:32.216 25540 INFO rally.task.runner [-] Task 2fcb4d44-090b-4c3d-b747-e5f780bbc9dc | ITER: 7 END: OK
2019-07-14 09:30:32.220 25540 INFO rally.task.runner [-] Task 2fcb4d44-090b-4c3d-b747-e5f780bbc9dc | ITER: 30 START
2019-07-14 09:30:32.221 25540 WARNING rally_openstack.scenarios.neutron.utils [-] Running this scenario without either the 'network' or 'existing_network' context is deprecated
2019-07-14 09:30:34.068 25539 INFO rally.task.runner [-] Task 2fcb4d44-090b-4c3d-b747-e5f780bbc9dc | ITER: 2 END: OK
2019-07-14 09:30:34.073 25539 INFO rally.task.runner [-] Task 2fcb4d44-090b-4c3d-b747-e5f780bbc9dc | ITER: 31 START
2019-07-14 09:30:34.074 25539 WARNING rally_openstack.scenarios.neutron.utils [-] Running this scenario without either the 'network' or 'existing_network' context is deprecated
2019-07-14 09:30:34.369 25573 INFO rally.task.runner [-] Task 2fcb4d44-090b-4c3d-b747-e5f780bbc9dc | ITER: 16 END: OK
2019-07-14 09:30:34.374 25573 INFO rally.task.runner [-] Task 2fcb4d44-090b-4c3d-b747-e5f780bbc9dc | ITER: 32 START
2019-07-14 09:30:34.375 25573 WARNING rally_openstack.scenarios.neutron.utils [-] Running this scenario without either the 'network' or 'existing_network' context is deprecated
2019-07-14 09:30:34.835 25538 INFO rally.task.runner [-] Task 2fcb4d44-090b-4c3d-b747-e5f780bbc9dc | ITER: 3 END: OK
2019-07-14 09:30:34.839 25538 INFO rally.task.runner [-] Task 2fcb4d44-090b-4c3d-b747-e5f780bbc9dc | ITER: 33 START
2019-07-14 09:30:34.840 25538 WARNING rally_openstack.scenarios.neutron.utils [-] Running this scenario without either the 'network' or 'existing_network' context is deprecated
2019-07-14 09:30:34.886 25565 INFO rally.task.runner [-] Task 2fcb4d44-090b-4c3d-b747-e5f780bbc9dc | ITER: 14 END: OK
2019-07-14 09:30:34.891 25565 INFO rally.task.runner [-] Task 2fcb4d44-090b-4c3d-b747-e5f780bbc9dc | ITER: 34 START
2019-07-14 09:30:34.891 25565 WARNING rally_openstack.scenarios.neutron.utils [-] Running this scenario without either the 'network' or 'existing_network' context is deprecated
2019-07-14 09:30:35.020 25546 INFO rally.task.runner [-] Task 2fcb4d44-090b-4c3d-b747-e5f780bbc9dc | ITER: 10 END: OK
2019-07-14 09:30:35.024 25546 INFO rally.task.runner [-] Task 2fcb4d44-090b-4c3d-b747-e5f780bbc9dc | ITER: 35 START
2019-07-14 09:30:35.025 25546 WARNING rally_openstack.scenarios.neutron.utils [-] Running this scenario without either the 'network' or 'existing_network' context is deprecated
2019-07-14 09:30:35.100 25554 INFO rally.task.runner [-] Task 2fcb4d44-090b-4c3d-b747-e5f780bbc9dc | ITER: 12 END: OK
2019-07-14 09:30:35.104 25554 INFO rally.task.runner [-] Task 2fcb4d44-090b-4c3d-b747-e5f780bbc9dc | ITER: 36 START
2019-07-14 09:30:35.105 25554 WARNING rally_openstack.scenarios.neutron.utils [-] Running this scenario without either the 'network' or 'existing_network' context is deprecated
2019-07-14 09:30:35.163 25581 INFO rally.task.runner [-] Task 2fcb4d44-090b-4c3d-b747-e5f780bbc9dc | ITER: 19 END: OK
2019-07-14 09:30:35.167 25581 INFO rally.task.runner [-] Task 2fcb4d44-090b-4c3d-b747-e5f780bbc9dc | ITER: 37 START
2019-07-14 09:30:35.168 25581 WARNING rally_openstack.scenarios.neutron.utils [-] Running this scenario without either the 'network' or 'existing_network' context is deprecated
2019-07-14 09:30:35.668 25538 INFO rally.task.runner [-] Task 2fcb4d44-090b-4c3d-b747-e5f780bbc9dc | ITER: 1 END: OK
2019-07-14 09:30:35.673 25538 INFO rally.task.runner [-] Task 2fcb4d44-090b-4c3d-b747-e5f780bbc9dc | ITER: 38 START
2019-07-14 09:30:35.673 25538 WARNING rally_openstack.scenarios.neutron.utils [-] Running this scenario without either the 'network' or 'existing_network' context is deprecated
2019-07-14 09:30:36.963 25583 INFO rally.task.runner [-] Task 2fcb4d44-090b-4c3d-b747-e5f780bbc9dc | ITER: 21 END: OK
2019-07-14 09:30:36.968 25583 INFO rally.task.runner [-] Task 2fcb4d44-090b-4c3d-b747-e5f780bbc9dc | ITER: 39 START
2019-07-14 09:30:36.968 25583 WARNING rally_openstack.scenarios.neutron.utils [-] Running this scenario without either the 'network' or 'existing_network' context is deprecated
2019-07-14 09:30:37.722 25541 INFO rally.task.runner [-] Task 2fcb4d44-090b-4c3d-b747-e5f780bbc9dc | ITER: 6 END: OK
2019-07-14 09:30:37.727 25541 INFO rally.task.runner [-] Task 2fcb4d44-090b-4c3d-b747-e5f780bbc9dc | ITER: 40 START
2019-07-14 09:30:37.727 25541 WARNING rally_openstack.scenarios.neutron.utils [-] Running this scenario without either the 'network' or 'existing_network' context is deprecated
2019-07-14 09:30:39.479 25578 INFO rally.task.runner [-] Task 2fcb4d44-090b-4c3d-b747-e5f780bbc9dc | ITER: 17 END: OK
2019-07-14 09:30:40.123 25542 INFO rally.task.runner [-] Task 2fcb4d44-090b-4c3d-b747-e5f780bbc9dc | ITER: 23 END: OK
2019-07-14 09:30:42.774 25573 INFO rally.task.runner [-] Task 2fcb4d44-090b-4c3d-b747-e5f780bbc9dc | ITER: 32 END: OK
2019-07-14 09:30:42.997 25539 INFO rally.task.runner [-] Task 2fcb4d44-090b-4c3d-b747-e5f780bbc9dc | ITER: 27 END: OK
2019-07-14 09:30:43.174 25579 INFO rally.task.runner [-] Task 2fcb4d44-090b-4c3d-b747-e5f780bbc9dc | ITER: 24 END: OK
2019-07-14 09:30:43.300 25550 INFO rally.task.runner [-] Task 2fcb4d44-090b-4c3d-b747-e5f780bbc9dc | ITER: 22 END: OK
2019-07-14 09:30:43.433 25570 INFO rally.task.runner [-] Task 2fcb4d44-090b-4c3d-b747-e5f780bbc9dc | ITER: 28 END: OK
2019-07-14 09:30:43.565 25540 INFO rally.task.runner [-] Task 2fcb4d44-090b-4c3d-b747-e5f780bbc9dc | ITER: 25 END: OK
2019-07-14 09:30:43.665 25554 INFO rally.task.runner [-] Task 2fcb4d44-090b-4c3d-b747-e5f780bbc9dc | ITER: 36 END: OK
2019-07-14 09:30:43.762 25559 INFO rally.task.runner [-] Task 2fcb4d44-090b-4c3d-b747-e5f780bbc9dc | ITER: 26 END: OK
2019-07-14 09:30:43.773 25539 INFO rally.task.runner [-] Task 2fcb4d44-090b-4c3d-b747-e5f780bbc9dc | ITER: 31 END: OK
2019-07-14 09:30:43.891 25538 INFO rally.task.runner [-] Task 2fcb4d44-090b-4c3d-b747-e5f780bbc9dc | ITER: 33 END: OK
2019-07-14 09:30:44.079 25541 INFO rally.task.runner [-] Task 2fcb4d44-090b-4c3d-b747-e5f780bbc9dc | ITER: 29 END: OK
2019-07-14 09:30:44.367 25540 INFO rally.task.runner [-] Task 2fcb4d44-090b-4c3d-b747-e5f780bbc9dc | ITER: 30 END: OK
2019-07-14 09:30:45.344 25541 INFO rally.task.runner [-] Task 2fcb4d44-090b-4c3d-b747-e5f780bbc9dc | ITER: 40 END: OK
2019-07-14 09:30:45.436 25565 INFO rally.task.runner [-] Task 2fcb4d44-090b-4c3d-b747-e5f780bbc9dc | ITER: 34 END: OK
2019-07-14 09:30:45.482 25583 INFO rally.task.runner [-] Task 2fcb4d44-090b-4c3d-b747-e5f780bbc9dc | ITER: 39 END: OK
2019-07-14 09:30:45.725 25581 INFO rally.task.runner [-] Task 2fcb4d44-090b-4c3d-b747-e5f780bbc9dc | ITER: 37 END: OK
2019-07-14 09:30:46.296 25546 INFO rally.task.runner [-] Task 2fcb4d44-090b-4c3d-b747-e5f780bbc9dc | ITER: 35 END: OK
2019-07-14 09:30:46.480 25538 INFO rally.task.runner [-] Task 2fcb4d44-090b-4c3d-b747-e5f780bbc9dc | ITER: 38 END: OK
2019-07-14 09:30:46.502 21662 INFO rally.task.context [-] Task 2fcb4d44-090b-4c3d-b747-e5f780bbc9dc | Context cleanup@openstack cleanup() started
2019-07-14 09:30:46.505 21662 RALLYDEBUG rally_openstack.cleanup.manager [-] Cleaning up neutron vip objects
2019-07-14 09:30:46.893 21662 RALLYDEBUG rally_openstack.cleanup.manager [-] Cleaning up neutron health_monitor objects
2019-07-14 09:30:47.299 21662 RALLYDEBUG rally_openstack.cleanup.manager [-] Cleaning up neutron pool objects
2019-07-14 09:30:47.700 21662 RALLYDEBUG rally_openstack.cleanup.manager [-] Cleaning up neutron loadbalancer objects
2019-07-14 09:30:48.079 21662 RALLYDEBUG rally_openstack.cleanup.manager [-] Cleaning up neutron floatingip objects
2019-07-14 09:30:48.530 21662 RALLYDEBUG rally_openstack.cleanup.manager [-] Cleaning up neutron port objects
2019-07-14 09:30:49.353 21662 RALLYDEBUG rally_openstack.cleanup.manager [-] Deleting neutron.port object s_rally_dcddee65_3ROZvcmq (0a6f7633-373b-47b3-856a-6c10de1a0996)
2019-07-14 09:30:49.361 21662 RALLYDEBUG rally_openstack.cleanup.manager [-] Deleting neutron.port object s_rally_dcddee65_4dd6jHnb (0f6e793a-28e6-440f-9f36-b44a1e0b6378)
2019-07-14 09:30:49.366 21662 RALLYDEBUG rally_openstack.cleanup.manager [-] Deleting neutron.port object s_rally_dcddee65_sgrkJdQp (10a1b99e-b4a1-4f79-80da-e9456ea58dde)
2019-07-14 09:30:49.368 21662 RALLYDEBUG rally_openstack.cleanup.manager [-] Deleting neutron.port object s_rally_dcddee65_gBZLeYOr (021710b2-38ba-4632-a160-ccc562c5c763)
2019-07-14 09:30:49.371 21662 RALLYDEBUG rally_openstack.cleanup.manager [-] Deleting neutron.port object s_rally_dcddee65_oZUJUs2u (02137ec8-4e1a-4efd-acd1-6d156eb38fdb)
2019-07-14 09:30:49.383 21662 RALLYDEBUG rally_openstack.cleanup.manager [-] Deleting neutron.port object s_rally_dcddee65_xtLx0n6S (00ff2208-3502-4244-8d3d-24fd42864f53)
2019-07-14 09:30:49.385 21662 RALLYDEBUG rally_openstack.cleanup.manager [-] Deleting neutron.port object s_rally_dcddee65_KGhd0PR9 (129c04fc-76c7-407a-be8b-26ed30017949)
2019-07-14 09:30:49.395 21662 RALLYDEBUG rally_openstack.cleanup.manager [-] Deleting neutron.port object s_rally_dcddee65_QTa6W46p (124395bd-6d2c-4c91-8815-edeaa8756677)
2019-07-14 09:30:49.404 21662 RALLYDEBUG rally_openstack.cleanup.manager [-] Deleting neutron.port object s_rally_dcddee65_yJLPdAuw (156afa29-f54a-410c-a68b-71b56f8d4672)
2019-07-14 09:30:49.410 21662 RALLYDEBUG rally_openstack.cleanup.manager [-] Deleting neutron.port object s_rally_dcddee65_wc1KHHD6 (07f78920-d8be-4b37-b74c-901b9fc7cd51)
2019-07-14 09:30:49.411 21662 RALLYDEBUG rally_openstack.cleanup.manager [-] Deleting neutron.port object s_rally_dcddee65_gAap3LCb (14016dbf-e5b9-43b9-8cd1-4389cb8adbca)
2019-07-14 09:30:49.414 21662 RALLYDEBUG rally_openstack.cleanup.manager [-] Deleting neutron.port object s_rally_dcddee65_IDqlMc61 (00e1642a-0609-4163-aafa-b18b00a7cd03)
2019-07-14 09:30:49.421 21662 RALLYDEBUG rally_openstack.cleanup.manager [-] Deleting neutron.port object s_rally_dcddee65_MgDLXV3s (098c4842-fb8d-45db-b7b0-655986af63e2)
2019-07-14 09:30:49.426 21662 RALLYDEBUG rally_openstack.cleanup.manager [-] Deleting neutron.port object s_rally_dcddee65_hwIWQVru (1619eac6-1ede-4c76-a36f-6f363a590af0)
2019-07-14 09:30:49.428 21662 RALLYDEBUG rally_openstack.cleanup.manager [-] Deleting neutron.port object s_rally_dcddee65_YJNuWQ0l (174dd086-2dd5-404b-94e6-fee030e536f9)
2019-07-14 09:30:49.437 21662 RALLYDEBUG rally_openstack.cleanup.manager [-] Deleting neutron.port object s_rally_dcddee65_LcXL9u6m (06e8603e-d063-464d-adc2-d555e8a08c3a)
2019-07-14 09:30:49.439 21662 RALLYDEBUG rally_openstack.cleanup.manager [-] Deleting neutron.port object s_rally_dcddee65_XzWJAwx5 (0b47eddd-8d33-48f9-98de-96c3d34847fc)
2019-07-14 09:30:49.441 21662 RALLYDEBUG rally_openstack.cleanup.manager [-] Deleting neutron.port object s_rally_dcddee65_WhGfHUVw (0e43fa04-2d7b-45fe-a1a4-b011e2e83e1a)
2019-07-14 09:30:49.450 21662 RALLYDEBUG rally_openstack.cleanup.manager [-] Deleting neutron.port object s_rally_dcddee65_Ura3xe89 (0bc6aa26-59a4-4c55-8835-def8d39157ce)
2019-07-14 09:30:49.455 21662 RALLYDEBUG rally_openstack.cleanup.manager [-] Deleting neutron.port object s_rally_dcddee65_PlLoPF3c (017a3c0b-979e-4418-985a-f34ed46aa6e9)
2019-07-14 09:30:51.420 21662 RALLYDEBUG rally_openstack.cleanup.manager [-] Deleting neutron.port object s_rally_dcddee65_beQ4rPxX (1a4b5314-befd-441a-966a-ce83047d2f1f)
2019-07-14 09:30:51.744 21662 RALLYDEBUG rally_openstack.cleanup.manager [-] Deleting neutron.port object s_rally_dcddee65_jVoEhfCo (1d61d58c-3b9f-42e5-910f-faa7b8b59977)
2019-07-14 09:30:51.760 21662 RALLYDEBUG rally_openstack.cleanup.manager [-] Deleting neutron.port object s_rally_dcddee65_UopY5PRe (1e573c36-3ac2-427e-a86c-da35d89095c9)
2019-07-14 09:30:51.773 21662 RALLYDEBUG rally_openstack.cleanup.manager [-] Deleting neutron.port object s_rally_dcddee65_Mp3A94sp (1ea711d4-3fb6-4e9e-bde1-5520c9bece03)
2019-07-14 09:30:51.781 21662 RALLYDEBUG rally_openstack.cleanup.manager [-] Deleting neutron.port object s_rally_dcddee65_cySaaFBe (1fa2c298-22b3-46c0-97fa-c4f4d52f50bb)
2019-07-14 09:30:51.782 21662 RALLYDEBUG rally_openstack.cleanup.manager [-] Deleting neutron.port object s_rally_dcddee65_rSJU8M7g (2330e3f2-b675-4544-b5ae-372d3349155e)
2019-07-14 09:30:51.826 21662 RALLYDEBUG rally_openstack.cleanup.manager [-] Deleting neutron.port object s_rally_dcddee65_TExfWtdB (25b5cb0a-86c0-4f4d-be83-b35be45f3e82)
2019-07-14 09:30:51.829 21662 RALLYDEBUG rally_openstack.cleanup.manager [-] Deleting neutron.port object s_rally_dcddee65_5WwqPnDJ (237fd4d9-0786-4fe6-8a48-ce1f25feeac4)
2019-07-14 09:30:51.856 21662 RALLYDEBUG rally_openstack.cleanup.manager [-] Deleting neutron.port object s_rally_dcddee65_xP6j0tkv (26846674-3918-4737-8b38-47040fa6d557)
2019-07-14 09:30:51.885 21662 RALLYDEBUG rally_openstack.cleanup.manager [-] Deleting neutron.port object s_rally_dcddee65_Y3AVTu6Y (26b14548-26d2-4cf9-8125-04b646c3a31f)
2019-07-14 09:30:51.922 21662 RALLYDEBUG rally_openstack.cleanup.manager [-] Deleting neutron.port object s_rally_dcddee65_SNG1KV6s (2885a832-b00a-4951-bd8e-c91e413ea465)
2019-07-14 09:30:52.178 21662 RALLYDEBUG rally_openstack.cleanup.manager [-] Deleting neutron.port object s_rally_dcddee65_3In6NBFM (28da3826-54ee-4daf-95c0-0cc186c7fd56)
2019-07-14 09:30:52.439 21662 RALLYDEBUG rally_openstack.cleanup.manager [-] Deleting neutron.port object s_rally_dcddee65_3JRaQNRQ (30fb7d6c-086a-4200-b252-7b52ed5b1b5b)
2019-07-14 09:30:52.441 21662 RALLYDEBUG rally_openstack.cleanup.manager [-] Deleting neutron.port object s_rally_dcddee65_5wT6srDK (2c24a683-f639-4f93-8a6d-7e4e864514c3)
2019-07-14 09:30:52.444 21662 RALLYDEBUG rally_openstack.cleanup.manager [-] Deleting neutron.port object s_rally_dcddee65_69v1HzWr (29b499dd-ff47-4724-bd52-9ab0945dd8d5)
2019-07-14 09:30:52.529 21662 RALLYDEBUG rally_openstack.cleanup.manager [-] Deleting neutron.port object s_rally_dcddee65_fKhpBXls (32496fcc-6835-46f5-a9d3-11f53b58b0d4)
2019-07-14 09:30:52.534 21662 RALLYDEBUG rally_openstack.cleanup.manager [-] Deleting neutron.port object s_rally_dcddee65_hc9ulBTF (35abea8b-9b82-46ad-bec6-0e17b3d707db)
2019-07-14 09:30:52.629 21662 RALLYDEBUG rally_openstack.cleanup.manager [-] Deleting neutron.port object s_rally_dcddee65_oZbBUBQ3 (37077fe9-523b-4b3c-9de7-bfc5bd402c82)
2019-07-14 09:30:52.639 21662 RALLYDEBUG rally_openstack.cleanup.manager [-] Deleting neutron.port object s_rally_dcddee65_eGcwtjW0 (376487bf-b3fc-4126-911e-109f10b772cb)
2019-07-14 09:30:52.648 21662 RALLYDEBUG rally_openstack.cleanup.manager [-] Deleting neutron.port object s_rally_dcddee65_D4vBfOC4 (37fcdca5-e908-40d3-8d15-df9dd7a564de)
2019-07-14 09:30:53.342 21662 RALLYDEBUG rally_openstack.cleanup.manager [-] Deleting neutron.port object s_rally_dcddee65_9MoRRJNI (3a650d2e-d3fc-4444-acf3-2556f698c90c)
2019-07-14 09:30:53.646 21662 RALLYDEBUG rally_openstack.cleanup.manager [-] Deleting neutron.port object s_rally_dcddee65_5NeI26K6 (3ad0ea66-57c5-4d3f-9631-677f5dda413c)
2019-07-14 09:30:53.664 21662 RALLYDEBUG rally_openstack.cleanup.manager [-] Deleting neutron.port object s_rally_dcddee65_LNFdyufz (3b153909-9e1e-404f-9251-159ccc27f018)
2019-07-14 09:30:53.849 21662 RALLYDEBUG rally_openstack.cleanup.manager [-] Deleting neutron.port object s_rally_dcddee65_1JramBQV (3dd5f35f-44bf-4411-89ac-9852c58cc955)
2019-07-14 09:30:53.862 21662 RALLYDEBUG rally_openstack.cleanup.manager [-] Deleting neutron.port object s_rally_dcddee65_BFc1Dwuw (3f25a99f-02ed-40f2-8695-f71363489aa0)
2019-07-14 09:30:53.940 21662 RALLYDEBUG rally_openstack.cleanup.manager [-] Deleting neutron.port object s_rally_dcddee65_pGfR7NH4 (3f85c5d7-7b0f-44de-ad32-9727b3628944)
2019-07-14 09:30:54.291 21662 RALLYDEBUG rally_openstack.cleanup.manager [-] Deleting neutron.port object s_rally_dcddee65_GLLSJgFF (42797508-ee42-4ced-aeeb-d349b4f2cc15)
2019-07-14 09:30:54.299 21662 RALLYDEBUG rally_openstack.cleanup.manager [-] Deleting neutron.port object s_rally_dcddee65_H2TqivAM (43f1eb72-dff5-4902-94da-a57eb0182097)
2019-07-14 09:30:54.310 21662 RALLYDEBUG rally_openstack.cleanup.manager [-] Deleting neutron.port object s_rally_dcddee65_D67Snh62 (4459de6a-e98f-4e36-8e1e-5f3ba8c6dfb1)
2019-07-14 09:30:54.477 21662 RALLYDEBUG rally_openstack.cleanup.manager [-] Deleting neutron.port object s_rally_dcddee65_MdXxDxUK (47bc6dad-235a-4d2d-9dad-f902767deef7)
2019-07-14 09:30:54.480 21662 RALLYDEBUG rally_openstack.cleanup.manager [-] Deleting neutron.port object s_rally_dcddee65_wNOuZhYK (4859b035-22ac-42d4-8df7-7f58de8d9f95)
2019-07-14 09:30:54.535 21662 RALLYDEBUG rally_openstack.cleanup.manager [-] Deleting neutron.port object s_rally_dcddee65_ypKJSfcv (4871097b-7dae-4187-9def-69b352cf6da3)
2019-07-14 09:30:54.648 21662 RALLYDEBUG rally_openstack.cleanup.manager [-] Deleting neutron.port object s_rally_dcddee65_QyNDXIiB (48c648d2-4d11-4397-817b-d71254164ba3)
2019-07-14 09:30:54.790 21662 RALLYDEBUG rally_openstack.cleanup.manager [-] Deleting neutron.port object s_rally_dcddee65_Os4lbzTZ (49495046-c7bf-4a7a-9957-414a44408543)
2019-07-14 09:30:54.839 21662 RALLYDEBUG rally_openstack.cleanup.manager [-] Deleting neutron.port object s_rally_dcddee65_KXlj5ywQ (4af873ee-fec9-4cd0-890e-6673e06a747f)
2019-07-14 09:30:54.991 21662 RALLYDEBUG rally_openstack.cleanup.manager [-] Deleting neutron.port object s_rally_dcddee65_AG85GSbE (4be9b902-c41b-4546-86ba-489f86707ca6)
2019-07-14 09:30:55.057 21662 RALLYDEBUG rally_openstack.cleanup.manager [-] Deleting neutron.port object s_rally_dcddee65_qJhPxhM4 (4cb0c9aa-ddc7-4732-a4e7-375fe32bc76c)
2019-07-14 09:30:55.075 21662 RALLYDEBUG rally_openstack.cleanup.manager [-] Deleting neutron.port object s_rally_dcddee65_mil124dL (4d39c9f0-9fd0-4420-af1a-a5cc2d179b1a)
2019-07-14 09:30:55.114 21662 RALLYDEBUG rally_openstack.cleanup.manager [-] Deleting neutron.port object s_rally_dcddee65_f7g0UpRz (4d4c0236-0f06-423d-9b7a-81b3e4466a2c)
2019-07-14 09:30:55.246 21662 RALLYDEBUG rally_openstack.cleanup.manager [-] Deleting neutron.port object s_rally_dcddee65_oWglBE2v (4d76c676-0e00-4f59-adf2-9c22fbbcb0b0)
2019-07-14 09:30:55.471 21662 RALLYDEBUG rally_openstack.cleanup.manager [-] Deleting neutron.port object s_rally_dcddee65_xYVynycD (4f585ab7-561d-48f5-bbbc-a278a0a76741)
2019-07-14 09:30:55.571 21662 RALLYDEBUG rally_openstack.cleanup.manager [-] Deleting neutron.port object s_rally_dcddee65_4JNG1TI4 (4f7ca27f-28e0-4854-aa7f-33e6235160c7)
2019-07-14 09:30:55.614 21662 RALLYDEBUG rally_openstack.cleanup.manager [-] Deleting neutron.port object s_rally_dcddee65_31yH9Yxe (5197955e-0769-42d7-b95f-7adccc5fdf67)
2019-07-14 09:30:55.680 21662 RALLYDEBUG rally_openstack.cleanup.manager [-] Deleting neutron.port object s_rally_dcddee65_hMdA5ZCG (5298518f-b227-4af0-9ccb-1db02a526110)
2019-07-14 09:30:55.900 21662 RALLYDEBUG rally_openstack.cleanup.manager [-] Deleting neutron.port object s_rally_dcddee65_oj68wsY4 (53f469cc-f0a9-4ad0-b570-2d3d2215cfb1)
2019-07-14 09:30:56.122 21662 RALLYDEBUG rally_openstack.cleanup.manager [-] Deleting neutron.port object s_rally_dcddee65_W5GuxUIu (5412e939-68dc-46c2-bb5b-1b76cda3e5cf)
2019-07-14 09:30:56.158 21662 RALLYDEBUG rally_openstack.cleanup.manager [-] Deleting neutron.port object s_rally_dcddee65_Qe89UxHU (5468eb66-2f29-4568-84fd-06372aaec38b)
