2019-07-14 07:46:10.369 8 RALLYDEBUG rally.api [-] INFO logs from urllib3 and requests module are hide.
2019-07-14 07:46:10.369 8 RALLYDEBUG rally.api [-] urllib3 insecure warnings are hidden.
2019-07-14 07:46:10.369 8 RALLYDEBUG rally.api [-] ERROR log from boto module is hide.
2019-07-14 07:46:12.019 8 ERROR rally.cli.cliutils [-] Unexpected exception in CLI: DBRecordNotFound: Record for uuid or name is opnfv-rally not found in table envs
2019-07-14 07:46:12.019 8 ERROR rally.cli.cliutils
Traceback (most recent call last):
2019-07-14 07:46:12.019 8 ERROR rally.cli.cliutils
File "/usr/lib/python2.7/site-packages/rally/cli/cliutils.py", line 674, in run
2019-07-14 07:46:12.019 8 ERROR rally.cli.cliutils ret = fn(*fn_args, **fn_kwargs)
2019-07-14 07:46:12.019 8 ERROR rally.cli.cliutils File "", line 2, in destroy
2019-07-14 07:46:12.019 8 ERROR rally.cli.cliutils
File "/usr/lib/python2.7/site-packages/rally/cli/envutils.py", line 69, in default_from_global
2019-07-14 07:46:12.019 8 ERROR rally.cli.cliutils return f(*args, **kwargs)
2019-07-14 07:46:12.019 8 ERROR rally.cli.cliutils File "", line 2, in destroy
2019-07-14 07:46:12.019 8 ERROR rally.cli.cliutils
File "/usr/lib/python2.7/site-packages/rally/plugins/__init__.py", line 51, in ensure_plugins_are_loaded
2019-07-14 07:46:12.019 8 ERROR rally.cli.cliutils return f(*args, **kwargs)
2019-07-14 07:46:12.019 8 ERROR rally.cli.cliutils
File "/usr/lib/python2.7/site-packages/rally/cli/commands/deployment.py", line 140, in destroy
2019-07-14 07:46:12.019 8 ERROR rally.cli.cliutils api.deployment.destroy(deployment=deployment)
2019-07-14 07:46:12.019 8 ERROR rally.cli.cliutils
File "/usr/lib/python2.7/site-packages/rally/api.py", line 115, in destroy
2019-07-14 07:46:12.019 8 ERROR rally.cli.cliutils deploy = objects.Deployment.get(deployment)
2019-07-14 07:46:12.019 8 ERROR rally.cli.cliutils
File "/usr/lib/python2.7/site-packages/rally/common/objects/deploy.py", line 124, in get
2019-07-14 07:46:12.019 8 ERROR rally.cli.cliutils return Deployment(env_mgr.EnvManager.get(deploy))
2019-07-14 07:46:12.019 8 ERROR rally.cli.cliutils
File "/usr/lib/python2.7/site-packages/rally/env/env_mgr.py", line 212, in get
2019-07-14 07:46:12.019 8 ERROR rally.cli.cliutils return cls(db.env_get(uuid_or_name))
2019-07-14 07:46:12.019 8 ERROR rally.cli.cliutils
File "/usr/lib/python2.7/site-packages/rally/common/db/api.py", line 135, in wrapper
2019-07-14 07:46:12.019 8 ERROR rally.cli.cliutils result = f(session, *args, **kwargs)
2019-07-14 07:46:12.019 8 ERROR rally.cli.cliutils
File "/usr/lib/python2.7/site-packages/rally/common/db/api.py", line 521, in env_get
2019-07-14 07:46:12.019 8 ERROR rally.cli.cliutils criteria="uuid or name is %s" % uuid_or_name, table="envs")
2019-07-14 07:46:12.019 8 ERROR rally.cli.cliutils DBRecordNotFound: Record for uuid or name is opnfv-rally not found in table envs
2019-07-14 07:46:12.019 8 ERROR rally.cli.cliutils
2019-07-14 07:46:12.886 10 RALLYDEBUG rally.api [-] INFO logs from urllib3 and requests module are hide.
2019-07-14 07:46:12.886 10 RALLYDEBUG rally.api [-] urllib3 insecure warnings are hidden.
2019-07-14 07:46:12.886 10 RALLYDEBUG rally.api [-] ERROR log from boto module is hide.
2019-07-14 07:46:14.591 10 WARNING rally_openstack.platforms.existing [-] endpoint is deprecated and not used.
2019-07-14 07:46:15.792 12 RALLYDEBUG rally.api [-] INFO logs from urllib3 and requests module are hide.
2019-07-14 07:46:15.792 12 RALLYDEBUG rally.api [-] urllib3 insecure warnings are hidden.
2019-07-14 07:46:15.793 12 RALLYDEBUG rally.api [-] ERROR log from boto module is hide.
2019-07-14 07:46:19.065 15 RALLYDEBUG rally.api [-] INFO logs from urllib3 and requests module are hide.
2019-07-14 07:46:19.066 15 RALLYDEBUG rally.api [-] urllib3 insecure warnings are hidden.
2019-07-14 07:46:19.066 15 RALLYDEBUG rally.api [-] ERROR log from boto module is hide.
2019-07-14 07:46:20.224 17 RALLYDEBUG rally.api [-] INFO logs from urllib3 and requests module are hide.
2019-07-14 07:46:20.225 17 RALLYDEBUG rally.api [-] urllib3 insecure warnings are hidden.
2019-07-14 07:46:20.225 17 RALLYDEBUG rally.api [-] ERROR log from boto module is hide.
2019-07-14 07:46:21.821 17 INFO rally.task.engine [-] Task 7430b89e-1d3c-431f-bd28-ac1993296d66 | Starting: Task validation.
2019-07-14 07:46:21.912 17 INFO rally.task.engine [-] Task 7430b89e-1d3c-431f-bd28-ac1993296d66 | Starting: Task validation of syntax.
2019-07-14 07:46:22.004 17 INFO rally.task.engine [-] Task 7430b89e-1d3c-431f-bd28-ac1993296d66 | Completed: Task validation of syntax.
2019-07-14 07:46:22.004 17 INFO rally.task.engine [-] Task 7430b89e-1d3c-431f-bd28-ac1993296d66 | Starting: Task validation of required platforms.
2019-07-14 07:46:22.046 17 INFO rally.task.engine [-] Task 7430b89e-1d3c-431f-bd28-ac1993296d66 | Completed: Task validation of required platforms.
2019-07-14 07:46:22.046 17 INFO rally.task.engine [-] Task 7430b89e-1d3c-431f-bd28-ac1993296d66 | Starting: Task validation of semantic.
2019-07-14 07:46:22.046 17 INFO rally.task.engine [-] Check health of the environment '3ab27abf-3752-4cd1-a790-19d2829511d9'.
2019-07-14 07:46:22.645 17 INFO rally.task.engine [-] Platform existing@openstack (available: True): OK!
2019-07-14 07:46:22.663 17 RALLYDEBUG rally_openstack.contexts.keystone.users [-] Creating 1 tenants using 20 threads
2019-07-14 07:46:23.541 17 RALLYDEBUG rally_openstack.contexts.keystone.users [-] Creating 1 users using 20 threads
2019-07-14 07:46:24.937 17 INFO rally.task.context [-] Task 7430b89e-1d3c-431f-bd28-ac1993296d66 | Context users@openstack setup() finished in 2.27 sec
2019-07-14 07:46:24.994 17 INFO rally.task.context [-] Task 7430b89e-1d3c-431f-bd28-ac1993296d66 | Context users@openstack cleanup() started
2019-07-14 07:46:28.182 17 INFO rally.task.context [-] Task 7430b89e-1d3c-431f-bd28-ac1993296d66 | Context users@openstack cleanup() finished in 3.19 sec
2019-07-14 07:46:28.183 17 INFO rally.task.engine [-] Task 7430b89e-1d3c-431f-bd28-ac1993296d66 | Completed: Task validation of semantic.
2019-07-14 07:46:28.183 17 INFO rally.task.engine [-] Task 7430b89e-1d3c-431f-bd28-ac1993296d66 | Completed: Task validation.
2019-07-14 07:46:28.183 17 INFO rally.api [-] Task 7430b89e-1d3c-431f-bd28-ac1993296d66 input file is valid.
2019-07-14 07:46:28.184 17 INFO rally.api [-] Run Task 7430b89e-1d3c-431f-bd28-ac1993296d66 against Deployment 3ab27abf-3752-4cd1-a790-19d2829511d9
2019-07-14 07:46:28.184 17 INFO rally.task.engine [-] Task 7430b89e-1d3c-431f-bd28-ac1993296d66 | Starting: Running task.
2019-07-14 07:46:28.452 17 INFO rally.task.engine [-] Running workload: position = 0 config = { "version": 2, "title": "A cropped version of a bigger task.", "description": "Auto-generated task from a single workload (uuid=3d3d12f8-4bf1-466f-92c6-75601e089382)", "subtasks": [ { "title": "Authenticate.keystone", "description": "Check Keystone Client.", "scenario": { "Authenticate.keystone": {} }, "contexts": { "users": { "tenants": 3, "users_per_tenant": 2 } }, "runner": { "constant": { "concurrency": 4, "times": 10 } }, "hooks": [], "sla": { "failure_rate": { "max": 0 } } } ] }
2019-07-14 07:46:28.475 17 RALLYDEBUG rally_openstack.contexts.keystone.users [-] Creating 3 tenants using 20 threads
2019-07-14 07:46:29.497 17 RALLYDEBUG rally_openstack.contexts.keystone.users [-] Creating 6 users using 20 threads
2019-07-14 07:46:31.098 17 INFO rally.task.context [-] Task 7430b89e-1d3c-431f-bd28-ac1993296d66 | Context users@openstack setup() finished in 2.62 sec
2019-07-14 07:46:31.106 17 RALLYDEBUG rally.task.runner [-] Starting the constant runner (task UUID: 7430b89e-1d3c-431f-bd28-ac1993296d66). timeout: 0 concurrency: 4 concurrency_per_worker: 1 times: 10 concurrency_overhead: 0 processes_to_start: 4 max_cpu_used: 16
2019-07-14 07:46:31.121 141 RALLYDEBUG rally.task.runner [-] Starting a worker. concurrency: 1 args: {} times: 10 method_name: run timeout: 0 duration: None cls:
2019-07-14 07:46:31.123 142 RALLYDEBUG rally.task.runner [-] Starting a worker. concurrency: 1 args: {} times: 10 method_name: run timeout: 0 duration: None cls:
2019-07-14 07:46:31.126 143 RALLYDEBUG rally.task.runner [-] Starting a worker. concurrency: 1 args: {} times: 10 method_name: run timeout: 0 duration: None cls:
2019-07-14 07:46:31.128 141 INFO rally.task.runner [-] Task 7430b89e-1d3c-431f-bd28-ac1993296d66 | ITER: 1 START
2019-07-14 07:46:31.129 144 RALLYDEBUG rally.task.runner [-] Starting a worker. concurrency: 1 args: {} times: 10 method_name: run timeout: 0 duration: None cls:
2019-07-14 07:46:31.130 142 INFO rally.task.runner [-] Task 7430b89e-1d3c-431f-bd28-ac1993296d66 | ITER: 2 START
2019-07-14 07:46:31.133 143 INFO rally.task.runner [-] Task 7430b89e-1d3c-431f-bd28-ac1993296d66 | ITER: 3 START
2019-07-14 07:46:31.136 144 INFO rally.task.runner [-] Task 7430b89e-1d3c-431f-bd28-ac1993296d66 | ITER: 4 START
2019-07-14 07:46:31.586 142 INFO rally.task.runner [-] Task 7430b89e-1d3c-431f-bd28-ac1993296d66 | ITER: 2 END: OK
2019-07-14 07:46:31.586 144 INFO rally.task.runner [-] Task 7430b89e-1d3c-431f-bd28-ac1993296d66 | ITER: 4 END: OK
2019-07-14 07:46:31.588 143 INFO rally.task.runner [-] Task 7430b89e-1d3c-431f-bd28-ac1993296d66 | ITER: 3 END: OK
2019-07-14 07:46:31.591 142 INFO rally.task.runner [-] Task 7430b89e-1d3c-431f-bd28-ac1993296d66 | ITER: 6 START
2019-07-14 07:46:31.591 144 INFO rally.task.runner [-] Task 7430b89e-1d3c-431f-bd28-ac1993296d66 | ITER: 5 START
2019-07-14 07:46:31.594 143 INFO rally.task.runner [-] Task 7430b89e-1d3c-431f-bd28-ac1993296d66 | ITER: 7 START
2019-07-14 07:46:31.626 141 INFO rally.task.runner [-] Task 7430b89e-1d3c-431f-bd28-ac1993296d66 | ITER: 1 END: OK
2019-07-14 07:46:31.630 141 INFO rally.task.runner [-] Task 7430b89e-1d3c-431f-bd28-ac1993296d66 | ITER: 8 START
2019-07-14 07:46:31.936 144 INFO rally.task.runner [-] Task 7430b89e-1d3c-431f-bd28-ac1993296d66 | ITER: 5 END: OK
2019-07-14 07:46:31.939 142 INFO rally.task.runner [-] Task 7430b89e-1d3c-431f-bd28-ac1993296d66 | ITER: 6 END: OK
2019-07-14 07:46:31.940 144 INFO rally.task.runner [-] Task 7430b89e-1d3c-431f-bd28-ac1993296d66 | ITER: 9 START
2019-07-14 07:46:31.943 142 INFO rally.task.runner [-] Task 7430b89e-1d3c-431f-bd28-ac1993296d66 | ITER: 10 START
2019-07-14 07:46:31.981 141 INFO rally.task.runner [-] Task 7430b89e-1d3c-431f-bd28-ac1993296d66 | ITER: 8 END: OK
2019-07-14 07:46:32.045 143 INFO rally.task.runner [-] Task 7430b89e-1d3c-431f-bd28-ac1993296d66 | ITER: 7 END: OK
2019-07-14 07:46:32.292 144 INFO rally.task.runner [-] Task 7430b89e-1d3c-431f-bd28-ac1993296d66 | ITER: 9 END: OK
2019-07-14 07:46:32.297 142 INFO rally.task.runner [-] Task 7430b89e-1d3c-431f-bd28-ac1993296d66 | ITER: 10 END: OK
2019-07-14 07:46:32.326 17 INFO rally.task.context [-] Task 7430b89e-1d3c-431f-bd28-ac1993296d66 | Context users@openstack cleanup() started
2019-07-14 07:46:37.305 17 INFO rally.task.context [-] Task 7430b89e-1d3c-431f-bd28-ac1993296d66 | Context users@openstack cleanup() finished in 4.98 sec
2019-07-14 07:46:38.539 17 INFO rally.task.engine [-] Load duration is: 1.167113
2019-07-14 07:46:38.540 17 INFO rally.task.engine [-] Full runner duration is: 1.219766
2019-07-14 07:46:38.540 17 INFO rally.task.engine [-] Full duration is: 8.834818
2019-07-14 07:46:38.846 17 INFO rally.task.engine [-] Running workload: position = 0 config = { "version": 2, "title": "A cropped version of a bigger task.", "description": "Auto-generated task from a single workload (uuid=b5027263-ab44-47ac-a3ad-1085c478f57a)", "subtasks": [ { "title": "Authenticate.validate_cinder", "description": "Check Cinder Client to ensure validation of token.", "scenario": { "Authenticate.validate_cinder": { "repetitions": 2 } }, "contexts": { "users": { "tenants": 3, "users_per_tenant": 2 } }, "runner": { "constant": { "concurrency": 4, "times": 10 } }, "hooks": [], "sla": { "failure_rate": { "max": 0 } } } ] }
2019-07-14 07:46:38.871 17 RALLYDEBUG rally_openstack.contexts.keystone.users [-] Creating 3 tenants using 20 threads
2019-07-14 07:46:39.842 17 RALLYDEBUG rally_openstack.contexts.keystone.users [-] Creating 6 users using 20 threads
2019-07-14 07:46:41.545 17 INFO rally.task.context [-] Task 7430b89e-1d3c-431f-bd28-ac1993296d66 | Context users@openstack setup() finished in 2.67 sec
2019-07-14 07:46:41.552 17 RALLYDEBUG rally.task.runner [-] Starting the constant runner (task UUID: 7430b89e-1d3c-431f-bd28-ac1993296d66). timeout: 0 concurrency: 4 concurrency_per_worker: 1 times: 10 concurrency_overhead: 0 processes_to_start: 4 max_cpu_used: 16
2019-07-14 07:46:41.564 245 RALLYDEBUG rally.task.runner [-] Starting a worker. concurrency: 1 args: {"repetitions": 2} times: 10 method_name: run timeout: 0 duration: None cls:
2019-07-14 07:46:41.567 246 RALLYDEBUG rally.task.runner [-] Starting a worker. concurrency: 1 args: {"repetitions": 2} times: 10 method_name: run timeout: 0 duration: None cls:
2019-07-14 07:46:41.570 247 RALLYDEBUG rally.task.runner [-] Starting a worker. concurrency: 1 args: {"repetitions": 2} times: 10 method_name: run timeout: 0 duration: None cls:
2019-07-14 07:46:41.572 245 INFO rally.task.runner [-] Task 7430b89e-1d3c-431f-bd28-ac1993296d66 | ITER: 1 START
2019-07-14 07:46:41.573 248 RALLYDEBUG rally.task.runner [-] Starting a worker. concurrency: 1 args: {"repetitions": 2} times: 10 method_name: run timeout: 0 duration: None cls:
2019-07-14 07:46:41.574 246 INFO rally.task.runner [-] Task 7430b89e-1d3c-431f-bd28-ac1993296d66 | ITER: 2 START
2019-07-14 07:46:41.577 247 INFO rally.task.runner [-] Task 7430b89e-1d3c-431f-bd28-ac1993296d66 | ITER: 3 START
2019-07-14 07:46:41.580 248 INFO rally.task.runner [-] Task 7430b89e-1d3c-431f-bd28-ac1993296d66 | ITER: 4 START
2019-07-14 07:46:42.273 245 INFO rally.task.runner [-] Task 7430b89e-1d3c-431f-bd28-ac1993296d66 | ITER: 1 END: OK
2019-07-14 07:46:42.278 245 INFO rally.task.runner [-] Task 7430b89e-1d3c-431f-bd28-ac1993296d66 | ITER: 5 START
2019-07-14 07:46:42.487 248 INFO rally.task.runner [-] Task 7430b89e-1d3c-431f-bd28-ac1993296d66 | ITER: 4 END: OK
2019-07-14 07:46:42.492 248 INFO rally.task.runner [-] Task 7430b89e-1d3c-431f-bd28-ac1993296d66 | ITER: 6 START
2019-07-14 07:46:42.518 247 INFO rally.task.runner [-] Task 7430b89e-1d3c-431f-bd28-ac1993296d66 | ITER: 3 END: OK
2019-07-14 07:46:42.522 247 INFO rally.task.runner [-] Task 7430b89e-1d3c-431f-bd28-ac1993296d66 | ITER: 7 START
2019-07-14 07:46:42.563 246 INFO rally.task.runner [-] Task 7430b89e-1d3c-431f-bd28-ac1993296d66 | ITER: 2 END: OK
2019-07-14 07:46:42.567 246 INFO rally.task.runner [-] Task 7430b89e-1d3c-431f-bd28-ac1993296d66 | ITER: 8 START
2019-07-14 07:46:42.956 248 INFO rally.task.runner [-] Task 7430b89e-1d3c-431f-bd28-ac1993296d66 | ITER: 6 END: OK
2019-07-14 07:46:42.961 248 INFO rally.task.runner [-] Task 7430b89e-1d3c-431f-bd28-ac1993296d66 | ITER: 9 START
2019-07-14 07:46:42.988 246 INFO rally.task.runner [-] Task 7430b89e-1d3c-431f-bd28-ac1993296d66 | ITER: 8 END: OK
2019-07-14 07:46:42.993 246 INFO rally.task.runner [-] Task 7430b89e-1d3c-431f-bd28-ac1993296d66 | ITER: 10 START
2019-07-14 07:46:43.127 245 INFO rally.task.runner [-] Task 7430b89e-1d3c-431f-bd28-ac1993296d66 | ITER: 5 END: OK
2019-07-14 07:46:43.379 247 INFO rally.task.runner [-] Task 7430b89e-1d3c-431f-bd28-ac1993296d66 | ITER: 7 END: OK
2019-07-14 07:46:43.391 248 INFO rally.task.runner [-] Task 7430b89e-1d3c-431f-bd28-ac1993296d66 | ITER: 9 END: OK
2019-07-14 07:46:43.748 246 INFO rally.task.runner [-] Task 7430b89e-1d3c-431f-bd28-ac1993296d66 | ITER: 10 END: OK
2019-07-14 07:46:43.775 17 INFO rally.task.context [-] Task 7430b89e-1d3c-431f-bd28-ac1993296d66 | Context users@openstack cleanup() started
2019-07-14 07:46:49.148 17 INFO rally.task.context [-] Task 7430b89e-1d3c-431f-bd28-ac1993296d66 | Context users@openstack cleanup() finished in 5.37 sec
2019-07-14 07:46:50.975 17 INFO rally.task.engine [-] Load duration is: 2.174227
2019-07-14 07:46:50.975 17 INFO rally.task.engine [-] Full runner duration is: 2.223484
2019-07-14 07:46:50.975 17 INFO rally.task.engine [-] Full duration is: 10.280847
2019-07-14 07:46:51.327 17 INFO rally.task.engine [-] Running workload: position = 0 config = { "version": 2, "title": "A cropped version of a bigger task.", "description": "Auto-generated task from a single workload (uuid=5d0366f4-6bef-401f-ae41-4df26019f3fb)", "subtasks": [ { "title": "Authenticate.validate_glance", "description": "Check Glance Client to ensure validation of token.", "scenario": { "Authenticate.validate_glance": { "repetitions": 2 } }, "contexts": { "users": { "tenants": 3, "users_per_tenant": 2 } }, "runner": { "constant": { "concurrency": 4, "times": 10 } }, "hooks": [], "sla": { "failure_rate": { "max": 0 } } } ] }
2019-07-14 07:46:51.352 17 RALLYDEBUG rally_openstack.contexts.keystone.users [-] Creating 3 tenants using 20 threads
2019-07-14 07:46:52.370 17 RALLYDEBUG rally_openstack.contexts.keystone.users [-] Creating 6 users using 20 threads
2019-07-14 07:46:54.167 17 INFO rally.task.context [-] Task 7430b89e-1d3c-431f-bd28-ac1993296d66 | Context users@openstack setup() finished in 2.82 sec
2019-07-14 07:46:54.176 17 RALLYDEBUG rally.task.runner [-] Starting the constant runner (task UUID: 7430b89e-1d3c-431f-bd28-ac1993296d66). timeout: 0 concurrency: 4 concurrency_per_worker: 1 times: 10 concurrency_overhead: 0 processes_to_start: 4 max_cpu_used: 16
2019-07-14 07:46:54.190 349 RALLYDEBUG rally.task.runner [-] Starting a worker. concurrency: 1 args: {"repetitions": 2} times: 10 method_name: run timeout: 0 duration: None cls:
2019-07-14 07:46:54.193 350 RALLYDEBUG rally.task.runner [-] Starting a worker. concurrency: 1 args: {"repetitions": 2} times: 10 method_name: run timeout: 0 duration: None cls:
2019-07-14 07:46:54.196 351 RALLYDEBUG rally.task.runner [-] Starting a worker. concurrency: 1 args: {"repetitions": 2} times: 10 method_name: run timeout: 0 duration: None cls:
2019-07-14 07:46:54.198 349 INFO rally.task.runner [-] Task 7430b89e-1d3c-431f-bd28-ac1993296d66 | ITER: 1 START
2019-07-14 07:46:54.200 350 INFO rally.task.runner [-] Task 7430b89e-1d3c-431f-bd28-ac1993296d66 | ITER: 2 START
2019-07-14 07:46:54.199 352 RALLYDEBUG rally.task.runner [-] Starting a worker. concurrency: 1 args: {"repetitions": 2} times: 10 method_name: run timeout: 0 duration: None cls:
2019-07-14 07:46:54.203 351 INFO rally.task.runner [-] Task 7430b89e-1d3c-431f-bd28-ac1993296d66 | ITER: 3 START
2019-07-14 07:46:54.206 352 INFO rally.task.runner [-] Task 7430b89e-1d3c-431f-bd28-ac1993296d66 | ITER: 4 START
2019-07-14 07:46:55.001 350 INFO rally.task.runner [-] Task 7430b89e-1d3c-431f-bd28-ac1993296d66 | ITER: 2 END: OK
2019-07-14 07:46:55.005 350 INFO rally.task.runner [-] Task 7430b89e-1d3c-431f-bd28-ac1993296d66 | ITER: 5 START
2019-07-14 07:46:55.064 351 INFO rally.task.runner [-] Task 7430b89e-1d3c-431f-bd28-ac1993296d66 | ITER: 3 END: OK
2019-07-14 07:46:55.069 351 INFO rally.task.runner [-] Task 7430b89e-1d3c-431f-bd28-ac1993296d66 | ITER: 6 START
2019-07-14 07:46:55.676 350 INFO rally.task.runner [-] Task 7430b89e-1d3c-431f-bd28-ac1993296d66 | ITER: 5 END: OK
2019-07-14 07:46:55.680 350 INFO rally.task.runner [-] Task 7430b89e-1d3c-431f-bd28-ac1993296d66 | ITER: 7 START
2019-07-14 07:46:55.734 351 INFO rally.task.runner [-] Task 7430b89e-1d3c-431f-bd28-ac1993296d66 | ITER: 6 END: OK
2019-07-14 07:46:55.739 351 INFO rally.task.runner [-] Task 7430b89e-1d3c-431f-bd28-ac1993296d66 | ITER: 8 START
2019-07-14 07:46:56.240 350 INFO rally.task.runner [-] Task 7430b89e-1d3c-431f-bd28-ac1993296d66 | ITER: 7 END: OK
2019-07-14 07:46:56.245 350 INFO rally.task.runner [-] Task 7430b89e-1d3c-431f-bd28-ac1993296d66 | ITER: 9 START
2019-07-14 07:46:56.447 351 INFO rally.task.runner [-] Task 7430b89e-1d3c-431f-bd28-ac1993296d66 | ITER: 8 END: OK
2019-07-14 07:46:56.451 351 INFO rally.task.runner [-] Task 7430b89e-1d3c-431f-bd28-ac1993296d66 | ITER: 10 START
2019-07-14 07:46:56.643 349 INFO rally.task.runner [-] Task 7430b89e-1d3c-431f-bd28-ac1993296d66 | ITER: 1 END: OK
2019-07-14 07:46:56.644 352 INFO rally.task.runner [-] Task 7430b89e-1d3c-431f-bd28-ac1993296d66 | ITER: 4 END: OK
2019-07-14 07:46:56.842 350 INFO rally.task.runner [-] Task 7430b89e-1d3c-431f-bd28-ac1993296d66 | ITER: 9 END: OK
2019-07-14 07:46:57.145 351 INFO rally.task.runner [-] Task 7430b89e-1d3c-431f-bd28-ac1993296d66 | ITER: 10 END: OK
2019-07-14 07:46:57.168 17 INFO rally.task.context [-] Task 7430b89e-1d3c-431f-bd28-ac1993296d66 | Context users@openstack cleanup() started
2019-07-14 07:47:01.964 17 INFO rally.task.context [-] Task 7430b89e-1d3c-431f-bd28-ac1993296d66 | Context users@openstack cleanup() finished in 4.80 sec
2019-07-14 07:47:03.441 17 INFO rally.task.engine [-] Load duration is: 2.946209
2019-07-14 07:47:03.441 17 INFO rally.task.engine [-] Full runner duration is: 2.991697
2019-07-14 07:47:03.442 17 INFO rally.task.engine [-] Full duration is: 10.614899
2019-07-14 07:47:04.027 17 INFO rally.task.engine [-] Running workload: position = 0 config = { "version": 2, "title": "A cropped version of a bigger task.", "description": "Auto-generated task from a single workload (uuid=3970bb41-44f2-40a3-bb45-c25164645b25)", "subtasks": [ { "title": "Authenticate.validate_heat", "description": "Check Heat Client to ensure validation of token.", "scenario": { "Authenticate.validate_heat": { "repetitions": 2 } }, "contexts": { "users": { "tenants": 3, "users_per_tenant": 2 } }, "runner": { "constant": { "concurrency": 4, "times": 10 } }, "hooks": [], "sla": { "failure_rate": { "max": 0 } } } ] }
2019-07-14 07:47:04.053 17 RALLYDEBUG rally_openstack.contexts.keystone.users [-] Creating 3 tenants using 20 threads
2019-07-14 07:47:05.093 17 RALLYDEBUG rally_openstack.contexts.keystone.users [-] Creating 6 users using 20 threads
2019-07-14 07:47:06.894 17 INFO rally.task.context [-] Task 7430b89e-1d3c-431f-bd28-ac1993296d66 | Context users@openstack setup() finished in 2.84 sec
2019-07-14 07:47:06.903 17 RALLYDEBUG rally.task.runner [-] Starting the constant runner (task UUID: 7430b89e-1d3c-431f-bd28-ac1993296d66). timeout: 0 concurrency: 4 concurrency_per_worker: 1 times: 10 concurrency_overhead: 0 processes_to_start: 4 max_cpu_used: 16
2019-07-14 07:47:06.916 453 RALLYDEBUG rally.task.runner [-] Starting a worker. concurrency: 1 args: {"repetitions": 2} times: 10 method_name: run timeout: 0 duration: None cls:
2019-07-14 07:47:06.920 454 RALLYDEBUG rally.task.runner [-] Starting a worker. concurrency: 1 args: {"repetitions": 2} times: 10 method_name: run timeout: 0 duration: None cls:
2019-07-14 07:47:06.922 455 RALLYDEBUG rally.task.runner [-] Starting a worker. concurrency: 1 args: {"repetitions": 2} times: 10 method_name: run timeout: 0 duration: None cls:
2019-07-14 07:47:06.923 453 INFO rally.task.runner [-] Task 7430b89e-1d3c-431f-bd28-ac1993296d66 | ITER: 1 START
2019-07-14 07:47:06.927 454 INFO rally.task.runner [-] Task 7430b89e-1d3c-431f-bd28-ac1993296d66 | ITER: 2 START
2019-07-14 07:47:06.926 456 RALLYDEBUG rally.task.runner [-] Starting a worker. concurrency: 1 args: {"repetitions": 2} times: 10 method_name: run timeout: 0 duration: None cls:
2019-07-14 07:47:06.929 455 INFO rally.task.runner [-] Task 7430b89e-1d3c-431f-bd28-ac1993296d66 | ITER: 3 START
2019-07-14 07:47:06.933 456 INFO rally.task.runner [-] Task 7430b89e-1d3c-431f-bd28-ac1993296d66 | ITER: 4 START
2019-07-14 07:47:08.511 455 INFO rally.task.runner [-] Task 7430b89e-1d3c-431f-bd28-ac1993296d66 | ITER: 3 END: OK
2019-07-14 07:47:08.517 455 INFO rally.task.runner [-] Task 7430b89e-1d3c-431f-bd28-ac1993296d66 | ITER: 5 START
2019-07-14 07:47:08.702 454 INFO rally.task.runner [-] Task 7430b89e-1d3c-431f-bd28-ac1993296d66 | ITER: 2 END: OK
2019-07-14 07:47:08.707 454 INFO rally.task.runner [-] Task 7430b89e-1d3c-431f-bd28-ac1993296d66 | ITER: 6 START
2019-07-14 07:47:08.750 453 INFO rally.task.runner [-] Task 7430b89e-1d3c-431f-bd28-ac1993296d66 | ITER: 1 END: OK
2019-07-14 07:47:08.755 453 INFO rally.task.runner [-] Task 7430b89e-1d3c-431f-bd28-ac1993296d66 | ITER: 7 START
2019-07-14 07:47:08.975 456 INFO rally.task.runner [-] Task 7430b89e-1d3c-431f-bd28-ac1993296d66 | ITER: 4 END: OK
2019-07-14 07:47:08.980 456 INFO rally.task.runner [-] Task 7430b89e-1d3c-431f-bd28-ac1993296d66 | ITER: 8 START
2019-07-14 07:47:09.520 454 INFO rally.task.runner [-] Task 7430b89e-1d3c-431f-bd28-ac1993296d66 | ITER: 6 END: OK
2019-07-14 07:47:09.524 454 INFO rally.task.runner [-] Task 7430b89e-1d3c-431f-bd28-ac1993296d66 | ITER: 9 START
2019-07-14 07:47:09.656 456 INFO rally.task.runner [-] Task 7430b89e-1d3c-431f-bd28-ac1993296d66 | ITER: 8 END: OK
2019-07-14 07:47:09.660 456 INFO rally.task.runner [-] Task 7430b89e-1d3c-431f-bd28-ac1993296d66 | ITER: 10 START
2019-07-14 07:47:09.661 455 INFO rally.task.runner [-] Task 7430b89e-1d3c-431f-bd28-ac1993296d66 | ITER: 5 END: OK
2019-07-14 07:47:09.953 453 INFO rally.task.runner [-] Task 7430b89e-1d3c-431f-bd28-ac1993296d66 | ITER: 7 END: OK
2019-07-14 07:47:10.223 454 INFO rally.task.runner [-] Task 7430b89e-1d3c-431f-bd28-ac1993296d66 | ITER: 9 END: OK
2019-07-14 07:47:10.422 456 INFO rally.task.runner [-] Task 7430b89e-1d3c-431f-bd28-ac1993296d66 | ITER: 10 END: OK
2019-07-14 07:47:10.449 17 INFO rally.task.context [-] Task 7430b89e-1d3c-431f-bd28-ac1993296d66 | Context users@openstack cleanup() started
2019-07-14 07:47:15.392 17 INFO rally.task.context [-] Task 7430b89e-1d3c-431f-bd28-ac1993296d66 | Context users@openstack cleanup() finished in 4.94 sec
2019-07-14 07:47:16.130 17 INFO rally.task.engine [-] Load duration is: 3.496893
2019-07-14 07:47:16.131 17 INFO rally.task.engine [-] Full runner duration is: 3.546366
2019-07-14 07:47:16.131 17 INFO rally.task.engine [-] Full duration is: 11.341984
2019-07-14 07:47:16.674 17 INFO rally.task.engine [-] Running workload: position = 0 config = { "version": 2, "title": "A cropped version of a bigger task.", "description": "Auto-generated task from a single workload (uuid=a2803934-b213-4749-8ade-7f08f8704931)", "subtasks": [ { "title": "Authenticate.validate_neutron", "description": "Check Neutron Client to ensure validation of token.", "scenario": { "Authenticate.validate_neutron": { "repetitions": 2 } }, "contexts": { "users": { "tenants": 3, "users_per_tenant": 2 } }, "runner": { "constant": { "concurrency": 4, "times": 10 } }, "hooks": [], "sla": { "failure_rate": { "max": 0 } } } ] }
2019-07-14 07:47:16.700 17 RALLYDEBUG rally_openstack.contexts.keystone.users [-] Creating 3 tenants using 20 threads
2019-07-14 07:47:17.698 17 RALLYDEBUG rally_openstack.contexts.keystone.users [-] Creating 6 users using 20 threads
2019-07-14 07:47:19.365 17 INFO rally.task.context [-] Task 7430b89e-1d3c-431f-bd28-ac1993296d66 | Context users@openstack setup() finished in 2.66 sec
2019-07-14 07:47:19.374 17 RALLYDEBUG rally.task.runner [-] Starting the constant runner (task UUID: 7430b89e-1d3c-431f-bd28-ac1993296d66). timeout: 0 concurrency: 4 concurrency_per_worker: 1 times: 10 concurrency_overhead: 0 processes_to_start: 4 max_cpu_used: 16
2019-07-14 07:47:19.388 557 RALLYDEBUG rally.task.runner [-] Starting a worker. concurrency: 1 args: {"repetitions": 2} times: 10 method_name: run timeout: 0 duration: None cls:
2019-07-14 07:47:19.392 558 RALLYDEBUG rally.task.runner [-] Starting a worker. concurrency: 1 args: {"repetitions": 2} times: 10 method_name: run timeout: 0 duration: None cls:
2019-07-14 07:47:19.395 559 RALLYDEBUG rally.task.runner [-] Starting a worker. concurrency: 1 args: {"repetitions": 2} times: 10 method_name: run timeout: 0 duration: None cls:
2019-07-14 07:47:19.396 557 INFO rally.task.runner [-] Task 7430b89e-1d3c-431f-bd28-ac1993296d66 | ITER: 1 START
2019-07-14 07:47:19.397 560 RALLYDEBUG rally.task.runner [-] Starting a worker. concurrency: 1 args: {"repetitions": 2} times: 10 method_name: run timeout: 0 duration: None cls:
2019-07-14 07:47:19.399 558 INFO rally.task.runner [-] Task 7430b89e-1d3c-431f-bd28-ac1993296d66 | ITER: 2 START
2019-07-14 07:47:19.402 559 INFO rally.task.runner [-] Task 7430b89e-1d3c-431f-bd28-ac1993296d66 | ITER: 3 START
2019-07-14 07:47:19.404 560 INFO rally.task.runner [-] Task 7430b89e-1d3c-431f-bd28-ac1993296d66 | ITER: 4 START
2019-07-14 07:47:20.192 557 INFO rally.task.runner [-] Task 7430b89e-1d3c-431f-bd28-ac1993296d66 | ITER: 1 END: OK
2019-07-14 07:47:20.196 557 INFO rally.task.runner [-] Task 7430b89e-1d3c-431f-bd28-ac1993296d66 | ITER: 5 START
2019-07-14 07:47:20.222 560 INFO rally.task.runner [-] Task 7430b89e-1d3c-431f-bd28-ac1993296d66 | ITER: 4 END: OK
2019-07-14 07:47:20.228 560 INFO rally.task.runner [-] Task 7430b89e-1d3c-431f-bd28-ac1993296d66 | ITER: 6 START
2019-07-14 07:47:20.238 559 INFO rally.task.runner [-] Task 7430b89e-1d3c-431f-bd28-ac1993296d66 | ITER: 3 END: OK
2019-07-14 07:47:20.244 559 INFO rally.task.runner [-] Task 7430b89e-1d3c-431f-bd28-ac1993296d66 | ITER: 7 START
2019-07-14 07:47:20.286 558 INFO rally.task.runner [-] Task 7430b89e-1d3c-431f-bd28-ac1993296d66 | ITER: 2 END: OK
2019-07-14 07:47:20.291 558 INFO rally.task.runner [-] Task 7430b89e-1d3c-431f-bd28-ac1993296d66 | ITER: 8 START
2019-07-14 07:47:20.832 557 INFO rally.task.runner [-] Task 7430b89e-1d3c-431f-bd28-ac1993296d66 | ITER: 5 END: OK
2019-07-14 07:47:20.837 557 INFO rally.task.runner [-] Task 7430b89e-1d3c-431f-bd28-ac1993296d66 | ITER: 9 START
2019-07-14 07:47:20.841 560 INFO rally.task.runner [-] Task 7430b89e-1d3c-431f-bd28-ac1993296d66 | ITER: 6 END: OK
2019-07-14 07:47:20.845 560 INFO rally.task.runner [-] Task 7430b89e-1d3c-431f-bd28-ac1993296d66 | ITER: 10 START
2019-07-14 07:47:20.937 558 INFO rally.task.runner [-] Task 7430b89e-1d3c-431f-bd28-ac1993296d66 | ITER: 8 END: OK
2019-07-14 07:47:20.984 559 INFO rally.task.runner [-] Task 7430b89e-1d3c-431f-bd28-ac1993296d66 | ITER: 7 END: OK
2019-07-14 07:47:21.406 557 INFO rally.task.runner [-] Task 7430b89e-1d3c-431f-bd28-ac1993296d66 | ITER: 9 END: OK
2019-07-14 07:47:21.463 560 INFO rally.task.runner [-] Task 7430b89e-1d3c-431f-bd28-ac1993296d66 | ITER: 10 END: OK
2019-07-14 07:47:21.489 17 INFO rally.task.context [-] Task 7430b89e-1d3c-431f-bd28-ac1993296d66 | Context users@openstack cleanup() started
2019-07-14 07:47:27.674 17 INFO rally.task.context [-] Task 7430b89e-1d3c-431f-bd28-ac1993296d66 | Context users@openstack cleanup() finished in 6.18 sec
2019-07-14 07:47:28.777 17 INFO rally.task.engine [-] Load duration is: 2.065542
2019-07-14 07:47:28.777 17 INFO rally.task.engine [-] Full runner duration is: 2.11508
2019-07-14 07:47:28.778 17 INFO rally.task.engine [-] Full duration is: 10.977853
2019-07-14 07:47:29.263 17 INFO rally.task.engine [-] Running workload: position = 0 config = { "version": 2, "title": "A cropped version of a bigger task.", "description": "Auto-generated task from a single workload (uuid=ecf704e8-d196-4f69-963b-f97dd5a00cd2)", "subtasks": [ { "title": "Authenticate.validate_nova", "description": "Check Nova Client to ensure validation of token.", "scenario": { "Authenticate.validate_nova": { "repetitions": 2 } }, "contexts": { "users": { "tenants": 3, "users_per_tenant": 2 } }, "runner": { "constant": { "concurrency": 4, "times": 10 } }, "hooks": [], "sla": { "failure_rate": { "max": 0 } } } ] }
2019-07-14 07:47:29.295 17 RALLYDEBUG rally_openstack.contexts.keystone.users [-] Creating 3 tenants using 20 threads
2019-07-14 07:47:30.317 17 RALLYDEBUG rally_openstack.contexts.keystone.users [-] Creating 6 users using 20 threads
2019-07-14 07:47:31.991 17 INFO rally.task.context [-] Task 7430b89e-1d3c-431f-bd28-ac1993296d66 | Context users@openstack setup() finished in 2.70 sec
2019-07-14 07:47:32.000 17 RALLYDEBUG rally.task.runner [-] Starting the constant runner (task UUID: 7430b89e-1d3c-431f-bd28-ac1993296d66). timeout: 0 concurrency: 4 concurrency_per_worker: 1 times: 10 concurrency_overhead: 0 processes_to_start: 4 max_cpu_used: 16
2019-07-14 07:47:32.015 661 RALLYDEBUG rally.task.runner [-] Starting a worker. concurrency: 1 args: {"repetitions": 2} times: 10 method_name: run timeout: 0 duration: None cls:
2019-07-14 07:47:32.017 662 RALLYDEBUG rally.task.runner [-] Starting a worker. concurrency: 1 args: {"repetitions": 2} times: 10 method_name: run timeout: 0 duration: None cls:
2019-07-14 07:47:32.021 663 RALLYDEBUG rally.task.runner [-] Starting a worker. concurrency: 1 args: {"repetitions": 2} times: 10 method_name: run timeout: 0 duration: None cls:
2019-07-14 07:47:32.022 661 INFO rally.task.runner [-] Task 7430b89e-1d3c-431f-bd28-ac1993296d66 | ITER: 1 START
2019-07-14 07:47:32.023 664 RALLYDEBUG rally.task.runner [-] Starting a worker. concurrency: 1 args: {"repetitions": 2} times: 10 method_name: run timeout: 0 duration: None cls:
2019-07-14 07:47:32.025 662 INFO rally.task.runner [-] Task 7430b89e-1d3c-431f-bd28-ac1993296d66 | ITER: 2 START
2019-07-14 07:47:32.028 663 INFO rally.task.runner [-] Task 7430b89e-1d3c-431f-bd28-ac1993296d66 | ITER: 3 START
2019-07-14 07:47:32.030 664 INFO rally.task.runner [-] Task 7430b89e-1d3c-431f-bd28-ac1993296d66 | ITER: 4 START
2019-07-14 07:47:32.544 663 DEBUG novaclient.v2.client [-] REQ: curl -g -i --cacert "/etc/ssl/certs/mcp_os_cacert" -X GET http://10.167.4.35:8774/v2.1/flavors/detail -H "Accept: application/json" -H "User-Agent: python-novaclient" -H "X-Auth-Token: {SHA1}629590142e44995990688557de9419da075cf323" _http_log_request /usr/lib/python2.7/site-packages/keystoneauth1/session.py:448
2019-07-14 07:47:32.544 662 DEBUG novaclient.v2.client [-] REQ: curl -g -i --cacert "/etc/ssl/certs/mcp_os_cacert" -X GET http://10.167.4.35:8774/v2.1/flavors/detail -H "Accept: application/json" -H "User-Agent: python-novaclient" -H "X-Auth-Token: {SHA1}534c6f4f8f5780bc5c72025999f3b7b5b6e7f0a7" _http_log_request /usr/lib/python2.7/site-packages/keystoneauth1/session.py:448
2019-07-14 07:47:32.558 664 DEBUG novaclient.v2.client [-] REQ: curl -g -i --cacert "/etc/ssl/certs/mcp_os_cacert" -X GET http://10.167.4.35:8774/v2.1/flavors/detail -H "Accept: application/json" -H "User-Agent: python-novaclient" -H "X-Auth-Token: {SHA1}a2a938caf0a7c0570b151001c99ca3226e34f731" _http_log_request /usr/lib/python2.7/site-packages/keystoneauth1/session.py:448
2019-07-14 07:47:32.566 661 DEBUG novaclient.v2.client [-] REQ: curl -g -i --cacert "/etc/ssl/certs/mcp_os_cacert" -X GET http://10.167.4.35:8774/v2.1/flavors/detail -H "Accept: application/json" -H "User-Agent: python-novaclient" -H "X-Auth-Token: {SHA1}0893aba013c29121b96a6a8170644f3e861d68e8" _http_log_request /usr/lib/python2.7/site-packages/keystoneauth1/session.py:448
2019-07-14 07:47:32.673 664 DEBUG novaclient.v2.client [-] RESP: [200] Connection: close Content-Length: 1014 Content-Type: application/json Date: Sun, 14 Jul 2019 07:47:32 GMT Openstack-Api-Version: compute 2.1 Vary: OpenStack-API-Version, X-OpenStack-Nova-API-Version X-Compute-Request-Id: req-4b9051d8-d8aa-4c4f-921e-ba902ddaa970 X-Openstack-Nova-Api-Version: 2.1 X-Openstack-Request-Id: req-4b9051d8-d8aa-4c4f-921e-ba902ddaa970 _http_log_response /usr/lib/python2.7/site-packages/keystoneauth1/session.py:479
2019-07-14 07:47:32.674 664 DEBUG novaclient.v2.client [-] RESP BODY: {"flavors": [{"name": "rally_full-flavor_alt_08032883-244f-4075-9002-4bc5eaffe695", "links": [{"href": "http://10.167.4.35:8774/v2.1/flavors/03b5eb1a-849a-4773-a46c-28fb6e8ac5e1", "rel": "self"}, {"href": "http://10.167.4.35:8774/flavors/03b5eb1a-849a-4773-a46c-28fb6e8ac5e1", "rel": "bookmark"}], "ram": 1024, "OS-FLV-DISABLED:disabled": false, "vcpus": 1, "swap": "", "os-flavor-access:is_public": true, "rxtx_factor": 1.0, "OS-FLV-EXT-DATA:ephemeral": 0, "disk": 1, "id": "03b5eb1a-849a-4773-a46c-28fb6e8ac5e1"}, {"name": "rally_full-flavor_08032883-244f-4075-9002-4bc5eaffe695", "links": [{"href": "http://10.167.4.35:8774/v2.1/flavors/978c8f6b-e4b8-4146-9511-7fc658c6cbea", "rel": "self"}, {"href": "http://10.167.4.35:8774/flavors/978c8f6b-e4b8-4146-9511-7fc658c6cbea", "rel": "bookmark"}], "ram": 512, "OS-FLV-DISABLED:disabled": false, "vcpus": 1, "swap": "", "os-flavor-access:is_public": true, "rxtx_factor": 1.0, "OS-FLV-EXT-DATA:ephemeral": 0, "disk": 1, "id": "978c8f6b-e4b8-4146-9511-7fc658c6cbea"}]} _http_log_response /usr/lib/python2.7/site-packages/keystoneauth1/session.py:511
2019-07-14 07:47:32.674 664 DEBUG novaclient.v2.client [-] GET call to compute for http://10.167.4.35:8774/v2.1/flavors/detail used request id req-4b9051d8-d8aa-4c4f-921e-ba902ddaa970 request /usr/lib/python2.7/site-packages/keystoneauth1/session.py:844
2019-07-14 07:47:32.677 664 DEBUG novaclient.v2.client [-] REQ: curl -g -i --cacert "/etc/ssl/certs/mcp_os_cacert" -X GET http://10.167.4.35:8774/v2.1/flavors/detail -H "Accept: application/json" -H "User-Agent: python-novaclient" -H "X-Auth-Token: {SHA1}a2a938caf0a7c0570b151001c99ca3226e34f731" _http_log_request /usr/lib/python2.7/site-packages/keystoneauth1/session.py:448
2019-07-14 07:47:32.702 661 DEBUG novaclient.v2.client [-] RESP: [200] Connection: close Content-Length: 1014 Content-Type: application/json Date: Sun, 14 Jul 2019 07:47:32 GMT Openstack-Api-Version: compute 2.1 Vary: OpenStack-API-Version, X-OpenStack-Nova-API-Version X-Compute-Request-Id: req-00d0f729-65da-4f88-98ef-96b24fd05997 X-Openstack-Nova-Api-Version: 2.1 X-Openstack-Request-Id: req-00d0f729-65da-4f88-98ef-96b24fd05997 _http_log_response /usr/lib/python2.7/site-packages/keystoneauth1/session.py:479
2019-07-14 07:47:32.703 661 DEBUG novaclient.v2.client [-] RESP BODY: {"flavors": [{"name": "rally_full-flavor_alt_08032883-244f-4075-9002-4bc5eaffe695", "links": [{"href": "http://10.167.4.35:8774/v2.1/flavors/03b5eb1a-849a-4773-a46c-28fb6e8ac5e1", "rel": "self"}, {"href": "http://10.167.4.35:8774/flavors/03b5eb1a-849a-4773-a46c-28fb6e8ac5e1", "rel": "bookmark"}], "ram": 1024, "OS-FLV-DISABLED:disabled": false, "vcpus": 1, "swap": "", "os-flavor-access:is_public": true, "rxtx_factor": 1.0, "OS-FLV-EXT-DATA:ephemeral": 0, "disk": 1, "id": "03b5eb1a-849a-4773-a46c-28fb6e8ac5e1"}, {"name": "rally_full-flavor_08032883-244f-4075-9002-4bc5eaffe695", "links": [{"href": "http://10.167.4.35:8774/v2.1/flavors/978c8f6b-e4b8-4146-9511-7fc658c6cbea", "rel": "self"}, {"href": "http://10.167.4.35:8774/flavors/978c8f6b-e4b8-4146-9511-7fc658c6cbea", "rel": "bookmark"}], "ram": 512, "OS-FLV-DISABLED:disabled": false, "vcpus": 1, "swap": "", "os-flavor-access:is_public": true, "rxtx_factor": 1.0, "OS-FLV-EXT-DATA:ephemeral": 0, "disk": 1, "id": "978c8f6b-e4b8-4146-9511-7fc658c6cbea"}]} _http_log_response /usr/lib/python2.7/site-packages/keystoneauth1/session.py:511
2019-07-14 07:47:32.703 661 DEBUG novaclient.v2.client [-] GET call to compute for http://10.167.4.35:8774/v2.1/flavors/detail used request id req-00d0f729-65da-4f88-98ef-96b24fd05997 request /usr/lib/python2.7/site-packages/keystoneauth1/session.py:844
2019-07-14 07:47:32.705 661 DEBUG novaclient.v2.client [-] REQ: curl -g -i --cacert "/etc/ssl/certs/mcp_os_cacert" -X GET http://10.167.4.35:8774/v2.1/flavors/detail -H "Accept: application/json" -H "User-Agent: python-novaclient" -H "X-Auth-Token: {SHA1}0893aba013c29121b96a6a8170644f3e861d68e8" _http_log_request /usr/lib/python2.7/site-packages/keystoneauth1/session.py:448
2019-07-14 07:47:32.712 663 DEBUG novaclient.v2.client [-] RESP: [200] Connection: close Content-Length: 1014 Content-Type: application/json Date: Sun, 14 Jul 2019 07:47:32 GMT Openstack-Api-Version: compute 2.1 Vary: OpenStack-API-Version, X-OpenStack-Nova-API-Version X-Compute-Request-Id: req-4fa59fb0-46fc-4607-8aa1-e9675645f809 X-Openstack-Nova-Api-Version: 2.1 X-Openstack-Request-Id: req-4fa59fb0-46fc-4607-8aa1-e9675645f809 _http_log_response /usr/lib/python2.7/site-packages/keystoneauth1/session.py:479
2019-07-14 07:47:32.712 663 DEBUG novaclient.v2.client [-] RESP BODY: {"flavors": [{"name": "rally_full-flavor_alt_08032883-244f-4075-9002-4bc5eaffe695", "links": [{"href": "http://10.167.4.35:8774/v2.1/flavors/03b5eb1a-849a-4773-a46c-28fb6e8ac5e1", "rel": "self"}, {"href": "http://10.167.4.35:8774/flavors/03b5eb1a-849a-4773-a46c-28fb6e8ac5e1", "rel": "bookmark"}], "ram": 1024, "OS-FLV-DISABLED:disabled": false, "vcpus": 1, "swap": "", "os-flavor-access:is_public": true, "rxtx_factor": 1.0, "OS-FLV-EXT-DATA:ephemeral": 0, "disk": 1, "id": "03b5eb1a-849a-4773-a46c-28fb6e8ac5e1"}, {"name": "rally_full-flavor_08032883-244f-4075-9002-4bc5eaffe695", "links": [{"href": "http://10.167.4.35:8774/v2.1/flavors/978c8f6b-e4b8-4146-9511-7fc658c6cbea", "rel": "self"}, {"href": "http://10.167.4.35:8774/flavors/978c8f6b-e4b8-4146-9511-7fc658c6cbea", "rel": "bookmark"}], "ram": 512, "OS-FLV-DISABLED:disabled": false, "vcpus": 1, "swap": "", "os-flavor-access:is_public": true, "rxtx_factor": 1.0, "OS-FLV-EXT-DATA:ephemeral": 0, "disk": 1, "id": "978c8f6b-e4b8-4146-9511-7fc658c6cbea"}]} _http_log_response /usr/lib/python2.7/site-packages/keystoneauth1/session.py:511
2019-07-14 07:47:32.713 663 DEBUG novaclient.v2.client [-] GET call to compute for http://10.167.4.35:8774/v2.1/flavors/detail used request id req-4fa59fb0-46fc-4607-8aa1-e9675645f809 request /usr/lib/python2.7/site-packages/keystoneauth1/session.py:844
2019-07-14 07:47:32.714 663 DEBUG novaclient.v2.client [-] REQ: curl -g -i --cacert "/etc/ssl/certs/mcp_os_cacert" -X GET http://10.167.4.35:8774/v2.1/flavors/detail -H "Accept: application/json" -H "User-Agent: python-novaclient" -H "X-Auth-Token: {SHA1}629590142e44995990688557de9419da075cf323" _http_log_request /usr/lib/python2.7/site-packages/keystoneauth1/session.py:448
2019-07-14 07:47:32.716 664 DEBUG novaclient.v2.client [-] RESP: [200] Connection: close Content-Length: 1014 Content-Type: application/json Date: Sun, 14 Jul 2019 07:47:32 GMT Openstack-Api-Version: compute 2.1 Vary: OpenStack-API-Version, X-OpenStack-Nova-API-Version X-Compute-Request-Id: req-b757f589-aa13-463b-814c-9a0df7c26e8e X-Openstack-Nova-Api-Version: 2.1 X-Openstack-Request-Id: req-b757f589-aa13-463b-814c-9a0df7c26e8e _http_log_response /usr/lib/python2.7/site-packages/keystoneauth1/session.py:479
2019-07-14 07:47:32.716 664 DEBUG novaclient.v2.client [-] RESP BODY: {"flavors": [{"name": "rally_full-flavor_alt_08032883-244f-4075-9002-4bc5eaffe695", "links": [{"href": "http://10.167.4.35:8774/v2.1/flavors/03b5eb1a-849a-4773-a46c-28fb6e8ac5e1", "rel": "self"}, {"href": "http://10.167.4.35:8774/flavors/03b5eb1a-849a-4773-a46c-28fb6e8ac5e1", "rel": "bookmark"}], "ram": 1024, "OS-FLV-DISABLED:disabled": false, "vcpus": 1, "swap": "", "os-flavor-access:is_public": true, "rxtx_factor": 1.0, "OS-FLV-EXT-DATA:ephemeral": 0, "disk": 1, "id": "03b5eb1a-849a-4773-a46c-28fb6e8ac5e1"}, {"name": "rally_full-flavor_08032883-244f-4075-9002-4bc5eaffe695", "links": [{"href": "http://10.167.4.35:8774/v2.1/flavors/978c8f6b-e4b8-4146-9511-7fc658c6cbea", "rel": "self"}, {"href": "http://10.167.4.35:8774/flavors/978c8f6b-e4b8-4146-9511-7fc658c6cbea", "rel": "bookmark"}], "ram": 512, "OS-FLV-DISABLED:disabled": false, "vcpus": 1, "swap": "", "os-flavor-access:is_public": true, "rxtx_factor": 1.0, "OS-FLV-EXT-DATA:ephemeral": 0, "disk": 1, "id": "978c8f6b-e4b8-4146-9511-7fc658c6cbea"}]} _http_log_response /usr/lib/python2.7/site-packages/keystoneauth1/session.py:511
2019-07-14 07:47:32.716 664 DEBUG novaclient.v2.client [-] GET call to compute for http://10.167.4.35:8774/v2.1/flavors/detail used request id req-b757f589-aa13-463b-814c-9a0df7c26e8e request /usr/lib/python2.7/site-packages/keystoneauth1/session.py:844
2019-07-14 07:47:32.717 664 INFO rally.task.runner [-] Task 7430b89e-1d3c-431f-bd28-ac1993296d66 | ITER: 4 END: OK
2019-07-14 07:47:32.721 664 INFO rally.task.runner [-] Task 7430b89e-1d3c-431f-bd28-ac1993296d66 | ITER: 5 START
2019-07-14 07:47:32.725 661 DEBUG novaclient.v2.client [-] RESP: [200] Connection: close Content-Length: 1014 Content-Type: application/json Date: Sun, 14 Jul 2019 07:47:32 GMT Openstack-Api-Version: compute 2.1 Vary: OpenStack-API-Version, X-OpenStack-Nova-API-Version X-Compute-Request-Id: req-bcf748d6-4212-43f6-b740-7f0242b3c639 X-Openstack-Nova-Api-Version: 2.1 X-Openstack-Request-Id: req-bcf748d6-4212-43f6-b740-7f0242b3c639 _http_log_response /usr/lib/python2.7/site-packages/keystoneauth1/session.py:479
2019-07-14 07:47:32.725 661 DEBUG novaclient.v2.client [-] RESP BODY: {"flavors": [{"name": "rally_full-flavor_alt_08032883-244f-4075-9002-4bc5eaffe695", "links": [{"href": "http://10.167.4.35:8774/v2.1/flavors/03b5eb1a-849a-4773-a46c-28fb6e8ac5e1", "rel": "self"}, {"href": "http://10.167.4.35:8774/flavors/03b5eb1a-849a-4773-a46c-28fb6e8ac5e1", "rel": "bookmark"}], "ram": 1024, "OS-FLV-DISABLED:disabled": false, "vcpus": 1, "swap": "", "os-flavor-access:is_public": true, "rxtx_factor": 1.0, "OS-FLV-EXT-DATA:ephemeral": 0, "disk": 1, "id": "03b5eb1a-849a-4773-a46c-28fb6e8ac5e1"}, {"name": "rally_full-flavor_08032883-244f-4075-9002-4bc5eaffe695", "links": [{"href": "http://10.167.4.35:8774/v2.1/flavors/978c8f6b-e4b8-4146-9511-7fc658c6cbea", "rel": "self"}, {"href": "http://10.167.4.35:8774/flavors/978c8f6b-e4b8-4146-9511-7fc658c6cbea", "rel": "bookmark"}], "ram": 512, "OS-FLV-DISABLED:disabled": false, "vcpus": 1, "swap": "", "os-flavor-access:is_public": true, "rxtx_factor": 1.0, "OS-FLV-EXT-DATA:ephemeral": 0, "disk": 1, "id": "978c8f6b-e4b8-4146-9511-7fc658c6cbea"}]} _http_log_response /usr/lib/python2.7/site-packages/keystoneauth1/session.py:511
2019-07-14 07:47:32.726 661 DEBUG novaclient.v2.client [-] GET call to compute for http://10.167.4.35:8774/v2.1/flavors/detail used request id req-bcf748d6-4212-43f6-b740-7f0242b3c639 request /usr/lib/python2.7/site-packages/keystoneauth1/session.py:844
2019-07-14 07:47:32.726 661 INFO rally.task.runner [-] Task 7430b89e-1d3c-431f-bd28-ac1993296d66 | ITER: 1 END: OK
2019-07-14 07:47:32.731 661 INFO rally.task.runner [-] Task 7430b89e-1d3c-431f-bd28-ac1993296d66 | ITER: 6 START
2019-07-14 07:47:32.735 662 DEBUG novaclient.v2.client [-] RESP: [200] Connection: close Content-Length: 1014 Content-Type: application/json Date: Sun, 14 Jul 2019 07:47:32 GMT Openstack-Api-Version: compute 2.1 Vary: OpenStack-API-Version, X-OpenStack-Nova-API-Version X-Compute-Request-Id: req-23b93a2d-25e8-4f4c-b325-8367c9a78c1d X-Openstack-Nova-Api-Version: 2.1 X-Openstack-Request-Id: req-23b93a2d-25e8-4f4c-b325-8367c9a78c1d _http_log_response /usr/lib/python2.7/site-packages/keystoneauth1/session.py:479
2019-07-14 07:47:32.736 662 DEBUG novaclient.v2.client [-] RESP BODY: {"flavors": [{"name": "rally_full-flavor_alt_08032883-244f-4075-9002-4bc5eaffe695", "links": [{"href": "http://10.167.4.35:8774/v2.1/flavors/03b5eb1a-849a-4773-a46c-28fb6e8ac5e1", "rel": "self"}, {"href": "http://10.167.4.35:8774/flavors/03b5eb1a-849a-4773-a46c-28fb6e8ac5e1", "rel": "bookmark"}], "ram": 1024, "OS-FLV-DISABLED:disabled": false, "vcpus": 1, "swap": "", "os-flavor-access:is_public": true, "rxtx_factor": 1.0, "OS-FLV-EXT-DATA:ephemeral": 0, "disk": 1, "id": "03b5eb1a-849a-4773-a46c-28fb6e8ac5e1"}, {"name": "rally_full-flavor_08032883-244f-4075-9002-4bc5eaffe695", "links": [{"href": "http://10.167.4.35:8774/v2.1/flavors/978c8f6b-e4b8-4146-9511-7fc658c6cbea", "rel": "self"}, {"href": "http://10.167.4.35:8774/flavors/978c8f6b-e4b8-4146-9511-7fc658c6cbea", "rel": "bookmark"}], "ram": 512, "OS-FLV-DISABLED:disabled": false, "vcpus": 1, "swap": "", "os-flavor-access:is_public": true, "rxtx_factor": 1.0, "OS-FLV-EXT-DATA:ephemeral": 0, "disk": 1, "id": "978c8f6b-e4b8-4146-9511-7fc658c6cbea"}]} _http_log_response /usr/lib/python2.7/site-packages/keystoneauth1/session.py:511
2019-07-14 07:47:32.736 662 DEBUG novaclient.v2.client [-] GET call to compute for http://10.167.4.35:8774/v2.1/flavors/detail used request id req-23b93a2d-25e8-4f4c-b325-8367c9a78c1d request /usr/lib/python2.7/site-packages/keystoneauth1/session.py:844
2019-07-14 07:47:32.737 662 DEBUG novaclient.v2.client [-] REQ: curl -g -i --cacert "/etc/ssl/certs/mcp_os_cacert" -X GET http://10.167.4.35:8774/v2.1/flavors/detail -H "Accept: application/json" -H "User-Agent: python-novaclient" -H "X-Auth-Token: {SHA1}534c6f4f8f5780bc5c72025999f3b7b5b6e7f0a7" _http_log_request /usr/lib/python2.7/site-packages/keystoneauth1/session.py:448
2019-07-14 07:47:32.740 663 DEBUG novaclient.v2.client [-] RESP: [200] Connection: close Content-Length: 1014 Content-Type: application/json Date: Sun, 14 Jul 2019 07:47:32 GMT Openstack-Api-Version: compute 2.1 Vary: OpenStack-API-Version, X-OpenStack-Nova-API-Version X-Compute-Request-Id: req-9ee33355-dfe9-482c-8d7e-90ee566a5f01 X-Openstack-Nova-Api-Version: 2.1 X-Openstack-Request-Id: req-9ee33355-dfe9-482c-8d7e-90ee566a5f01 _http_log_response /usr/lib/python2.7/site-packages/keystoneauth1/session.py:479
2019-07-14 07:47:32.740 663 DEBUG novaclient.v2.client [-] RESP BODY: {"flavors": [{"name": "rally_full-flavor_alt_08032883-244f-4075-9002-4bc5eaffe695", "links": [{"href": "http://10.167.4.35:8774/v2.1/flavors/03b5eb1a-849a-4773-a46c-28fb6e8ac5e1", "rel": "self"}, {"href": "http://10.167.4.35:8774/flavors/03b5eb1a-849a-4773-a46c-28fb6e8ac5e1", "rel": "bookmark"}], "ram": 1024, "OS-FLV-DISABLED:disabled": false, "vcpus": 1, "swap": "", "os-flavor-access:is_public": true, "rxtx_factor": 1.0, "OS-FLV-EXT-DATA:ephemeral": 0, "disk": 1, "id": "03b5eb1a-849a-4773-a46c-28fb6e8ac5e1"}, {"name": "rally_full-flavor_08032883-244f-4075-9002-4bc5eaffe695", "links": [{"href": "http://10.167.4.35:8774/v2.1/flavors/978c8f6b-e4b8-4146-9511-7fc658c6cbea", "rel": "self"}, {"href": "http://10.167.4.35:8774/flavors/978c8f6b-e4b8-4146-9511-7fc658c6cbea", "rel": "bookmark"}], "ram": 512, "OS-FLV-DISABLED:disabled": false, "vcpus": 1, "swap": "", "os-flavor-access:is_public": true, "rxtx_factor": 1.0, "OS-FLV-EXT-DATA:ephemeral": 0, "disk": 1, "id": "978c8f6b-e4b8-4146-9511-7fc658c6cbea"}]} _http_log_response /usr/lib/python2.7/site-packages/keystoneauth1/session.py:511
