2019-06-17 02:57:52.099 25731 RALLYDEBUG rally_openstack.cleanup.manager [-] Deleting neutron.port object s_rally_3bc5c0a8_tXLdokkB (58caa445-9c46-49e9-90dc-8eeba742b46c)
2019-06-17 02:57:52.223 25731 RALLYDEBUG rally_openstack.cleanup.manager [-] Deleting neutron.port object s_rally_3bc5c0a8_HU2T3WkI (5b02d207-e020-4337-8e0a-6bf4d954255e)
2019-06-17 02:57:52.306 25731 RALLYDEBUG rally_openstack.cleanup.manager [-] Deleting neutron.port object s_rally_3bc5c0a8_DhLkRr0X (5c056f34-b409-44cc-8cad-f3adba20ba4f)
2019-06-17 02:57:52.414 25731 RALLYDEBUG rally_openstack.cleanup.manager [-] Deleting neutron.port object s_rally_3bc5c0a8_DR0NacPN (5c079516-b7cf-4843-9cdd-40d678d9a80a)
2019-06-17 02:57:52.470 25731 RALLYDEBUG rally_openstack.cleanup.manager [-] Deleting neutron.port object s_rally_3bc5c0a8_FFGWwBFq (5e539100-a942-4c9f-a9ec-871080f36d0e)
2019-06-17 02:57:52.599 25731 RALLYDEBUG rally_openstack.cleanup.manager [-] Deleting neutron.port object s_rally_3bc5c0a8_QaawNDhX (5ef8a057-b5a2-40f6-9418-1dee7cc27afb)
2019-06-17 02:57:52.606 25731 RALLYDEBUG rally_openstack.cleanup.manager [-] Deleting neutron.port object s_rally_3bc5c0a8_gBWDyHcD (5f78af42-f1c7-4454-9b92-446d625d6552)
2019-06-17 02:57:52.725 25731 RALLYDEBUG rally_openstack.cleanup.manager [-] Deleting neutron.port object s_rally_3bc5c0a8_4jdZl5Ja (626ff7c0-0885-4547-876c-65922a10e2e5)
2019-06-17 02:57:52.943 25731 RALLYDEBUG rally_openstack.cleanup.manager [-] Deleting neutron.port object s_rally_3bc5c0a8_tLxqCwRd (64204a93-364d-4821-b328-d08dfe6228cd)
2019-06-17 02:57:52.944 25731 RALLYDEBUG rally_openstack.cleanup.manager [-] Deleting neutron.port object s_rally_3bc5c0a8_Tf9nQOvn (6580110f-9034-4e5f-aac1-b640e5246bf5)
2019-06-17 02:57:53.173 25731 RALLYDEBUG rally_openstack.cleanup.manager [-] Deleting neutron.port object s_rally_3bc5c0a8_woJbV69n (6599f2f3-b3be-405e-a7c5-d90829443318)
2019-06-17 02:57:53.293 25731 RALLYDEBUG rally_openstack.cleanup.manager [-] Deleting neutron.port object s_rally_3bc5c0a8_zyZA7GRR (664ef21d-6317-4699-b6e4-6d54beb2250c)
2019-06-17 02:57:53.514 25731 RALLYDEBUG rally_openstack.cleanup.manager [-] Deleting neutron.port object s_rally_3bc5c0a8_I4wTJDDZ (67422005-e437-4453-94f7-bb29de223f01)
2019-06-17 02:57:53.538 25731 RALLYDEBUG rally_openstack.cleanup.manager [-] Deleting neutron.port object s_rally_3bc5c0a8_PA1dJjyg (683e0cca-95df-4edc-9888-0b185fbe15bb)
2019-06-17 02:57:53.595 25731 RALLYDEBUG rally_openstack.cleanup.manager [-] Deleting neutron.port object s_rally_3bc5c0a8_Bi9RAMRV (68423b01-3897-4682-aa63-66494cc1332e)
2019-06-17 02:57:53.729 25731 RALLYDEBUG rally_openstack.cleanup.manager [-] Deleting neutron.port object s_rally_3bc5c0a8_lOCVmeu6 (6880a6a6-fee2-4c08-b5ff-dacfc2e444f0)
2019-06-17 02:57:53.757 25731 RALLYDEBUG rally_openstack.cleanup.manager [-] Deleting neutron.port object s_rally_3bc5c0a8_23ZUlWfO (6aa33e51-31a9-4e0e-874e-bb31cef677a9)
2019-06-17 02:57:53.845 25731 RALLYDEBUG rally_openstack.cleanup.manager [-] Deleting neutron.port object s_rally_3bc5c0a8_zB1uVrQN (6b7a7339-1c7d-489d-a4d7-02290dc6f82b)
2019-06-17 02:57:54.221 25731 RALLYDEBUG rally_openstack.cleanup.manager [-] Deleting neutron.port object s_rally_3bc5c0a8_ekb4kZ04 (6c65be39-6ce2-47e7-98ef-dc0a14b57348)
2019-06-17 02:57:54.319 25731 RALLYDEBUG rally_openstack.cleanup.manager [-] Deleting neutron.port object s_rally_3bc5c0a8_a6O9sduV (6cffd902-b236-431d-9c17-75d0663c654b)
2019-06-17 02:57:54.420 25731 RALLYDEBUG rally_openstack.cleanup.manager [-] Deleting neutron.port object s_rally_3bc5c0a8_miAxqqpc (7114b518-1835-4609-b56d-49a0f8205ada)
2019-06-17 02:57:54.461 25731 RALLYDEBUG rally_openstack.cleanup.manager [-] Deleting neutron.port object s_rally_3bc5c0a8_Zb86Vf7I (776c1a45-5b61-4fbb-a1b4-e72ecb7b49d1)
2019-06-17 02:57:54.581 25731 RALLYDEBUG rally_openstack.cleanup.manager [-] Deleting neutron.port object s_rally_3bc5c0a8_JJmrhwYi (77c7f04a-ec4d-4038-b6dd-14fce12171ed)
2019-06-17 02:57:54.673 25731 RALLYDEBUG rally_openstack.cleanup.manager [-] Deleting neutron.port object s_rally_3bc5c0a8_oZA0TFpJ (7836da95-1dd5-44f3-96bc-e5b880e8e0c6)
2019-06-17 02:57:54.768 25731 RALLYDEBUG rally_openstack.cleanup.manager [-] Deleting neutron.port object s_rally_3bc5c0a8_aLG1G5mQ (7839ff91-15eb-4818-87a3-1242b6916561)
2019-06-17 02:57:54.772 25731 RALLYDEBUG rally_openstack.cleanup.manager [-] Deleting neutron.port object s_rally_3bc5c0a8_4MwCmrcg (7a6e99cd-1ec1-48d9-9e87-df0bf8ed8719)
2019-06-17 02:57:54.816 25731 RALLYDEBUG rally_openstack.cleanup.manager [-] Deleting neutron.port object s_rally_3bc5c0a8_bbELXq4m (7ac4a085-3543-420d-96ca-e40e1351c596)
2019-06-17 02:57:55.068 25731 RALLYDEBUG rally_openstack.cleanup.manager [-] Deleting neutron.port object s_rally_3bc5c0a8_h7CKXgHW (7c7be2e3-b918-4fa5-9c0a-1f7410f96487)
2019-06-17 02:57:55.167 25731 RALLYDEBUG rally_openstack.cleanup.manager [-] Deleting neutron.port object s_rally_3bc5c0a8_sK5kbBT0 (7de7656f-0078-4669-905f-fe1567387f27)
2019-06-17 02:57:55.190 25731 RALLYDEBUG rally_openstack.cleanup.manager [-] Deleting neutron.port object s_rally_3bc5c0a8_qMbwJxJ7 (7df9de86-c0be-49cf-84b4-06a0a5f59c6c)
2019-06-17 02:57:55.303 25731 RALLYDEBUG rally_openstack.cleanup.manager [-] Deleting neutron.port object s_rally_3bc5c0a8_nqbbHEuV (7e3eed70-0018-4e51-a098-dfb614c584ea)
2019-06-17 02:57:55.406 25731 RALLYDEBUG rally_openstack.cleanup.manager [-] Deleting neutron.port object s_rally_3bc5c0a8_DQJ52qNN (80254e0b-bd29-452a-acd8-bb064a6297a6)
2019-06-17 02:57:55.571 25731 RALLYDEBUG rally_openstack.cleanup.manager [-] Deleting neutron.port object s_rally_3bc5c0a8_3XR3F0l0 (81c88ede-6d43-49af-be53-70ff5cbbc702)
2019-06-17 02:57:55.853 25731 RALLYDEBUG rally_openstack.cleanup.manager [-] Deleting neutron.port object s_rally_3bc5c0a8_22N7MhV0 (81e44b14-e747-4a3f-a7b0-7fa0122cd8cd)
2019-06-17 02:57:55.988 25731 RALLYDEBUG rally_openstack.cleanup.manager [-] Deleting neutron.port object s_rally_3bc5c0a8_I7DMtBZw (8471ca84-8c96-4c77-83c6-687cb69a2bdb)
2019-06-17 02:57:56.020 25731 RALLYDEBUG rally_openstack.cleanup.manager [-] Deleting neutron.port object s_rally_3bc5c0a8_dm9AZ7KM (857cfd1e-9ea2-484e-ab82-93181155024f)
2019-06-17 02:57:56.099 25731 RALLYDEBUG rally_openstack.cleanup.manager [-] Deleting neutron.port object s_rally_3bc5c0a8_fxPoqp8y (88b831a7-5680-494a-980f-5bf6b8ade9a4)
2019-06-17 02:57:56.120 25731 RALLYDEBUG rally_openstack.cleanup.manager [-] Deleting neutron.port object s_rally_3bc5c0a8_77zZLXIz (8aed281d-882d-4d8e-ae4b-4eb024963336)
2019-06-17 02:57:56.223 25731 RALLYDEBUG rally_openstack.cleanup.manager [-] Deleting neutron.port object s_rally_3bc5c0a8_utjgxjO2 (8bdc1e90-9358-4c4d-89f5-73c394aed112)
2019-06-17 02:57:56.356 25731 RALLYDEBUG rally_openstack.cleanup.manager [-] Deleting neutron.port object s_rally_3bc5c0a8_KzYRBLzh (8c1ab411-e228-42e2-b7d7-5a1d98770b6b)
2019-06-17 02:57:56.533 25731 RALLYDEBUG rally_openstack.cleanup.manager [-] Deleting neutron.port object s_rally_3bc5c0a8_kVwh5CYe (8d83e7d7-d40c-4e75-8fdc-2158987bd9b9)
2019-06-17 02:57:56.697 25731 RALLYDEBUG rally_openstack.cleanup.manager [-] Deleting neutron.port object s_rally_3bc5c0a8_SXi3okbn (8db39d3f-e72b-45f9-bfe7-8f3d28ca8642)
2019-06-17 02:57:56.706 25731 RALLYDEBUG rally_openstack.cleanup.manager [-] Deleting neutron.port object s_rally_3bc5c0a8_1L9IWKn2 (8e2ea3c0-fa76-45bd-b770-0d446789ff40)
2019-06-17 02:57:56.799 25731 RALLYDEBUG rally_openstack.cleanup.manager [-] Deleting neutron.port object s_rally_3bc5c0a8_qsnZaFmW (8eeec152-894b-4067-8f70-a9559fabf8c6)
2019-06-17 02:57:56.857 25731 RALLYDEBUG rally_openstack.cleanup.manager [-] Deleting neutron.port object s_rally_3bc5c0a8_byUUK39K (8f6e1c5a-ab91-4400-9d6d-83f9767ea86a)
2019-06-17 02:57:56.963 25731 RALLYDEBUG rally_openstack.cleanup.manager [-] Deleting neutron.port object s_rally_3bc5c0a8_n3QIIUJw (8f933bc9-ddbb-462a-b8de-d60c9d86f081)
2019-06-17 02:57:56.999 25731 RALLYDEBUG rally_openstack.cleanup.manager [-] Deleting neutron.port object s_rally_3bc5c0a8_lwSZ763P (8fcf174b-9181-475a-85fa-d5a9aa3d894c)
2019-06-17 02:57:57.155 25731 RALLYDEBUG rally_openstack.cleanup.manager [-] Deleting neutron.port object s_rally_3bc5c0a8_NCu48hPb (9454ba49-f07d-466a-a2ca-024efce65714)
2019-06-17 02:57:57.249 25731 RALLYDEBUG rally_openstack.cleanup.manager [-] Deleting neutron.port object s_rally_3bc5c0a8_GVkxcvTz (9e60c7e3-5180-45e8-bcd1-237eba5b0808)
2019-06-17 02:57:57.276 25731 RALLYDEBUG rally_openstack.cleanup.manager [-] Deleting neutron.port object s_rally_3bc5c0a8_VVs3BKvm (9e930820-55ec-4b1b-85a9-de1224b5fa61)
2019-06-17 02:57:57.353 25731 RALLYDEBUG rally_openstack.cleanup.manager [-] Deleting neutron.port object s_rally_3bc5c0a8_7H7OdrnG (9ec12d1d-3896-4a13-893c-d1920aac82d4)
2019-06-17 02:57:57.463 25731 RALLYDEBUG rally_openstack.cleanup.manager [-] Deleting neutron.port object s_rally_3bc5c0a8_kzhxhsKC (9fe286d6-caf9-48b7-a414-3ae9bb1b1cc5)
2019-06-17 02:57:57.486 25731 RALLYDEBUG rally_openstack.cleanup.manager [-] Deleting neutron.port object s_rally_3bc5c0a8_VNHQLCuS (a17964a7-7169-4c46-9dd9-79679c120067)
2019-06-17 02:57:57.842 25731 RALLYDEBUG rally_openstack.cleanup.manager [-] Deleting neutron.port object s_rally_3bc5c0a8_OVBwurOR (a1cc0c61-4df4-4316-87e8-203f9f222a29)
2019-06-17 02:57:57.861 25731 RALLYDEBUG rally_openstack.cleanup.manager [-] Deleting neutron.port object s_rally_3bc5c0a8_tCKMOgcJ (a4473b4d-7b4e-4d9d-8b95-26283894a484)
2019-06-17 02:57:57.862 25731 RALLYDEBUG rally_openstack.cleanup.manager [-] Deleting neutron.port object s_rally_3bc5c0a8_G7RKXyuq (a37bdac1-bc02-402a-a178-64ec6ae6d86b)
2019-06-17 02:57:58.057 25731 RALLYDEBUG rally_openstack.cleanup.manager [-] Deleting neutron.port object s_rally_3bc5c0a8_4cmPecX9 (a4da2fab-a385-4831-abec-2b845d38fa3a)
2019-06-17 02:57:58.281 25731 RALLYDEBUG rally_openstack.cleanup.manager [-] Deleting neutron.port object s_rally_3bc5c0a8_p3jfpfIL (a5289dce-d23b-48b0-9f23-1d6bc54d2759)
2019-06-17 02:57:58.328 25731 RALLYDEBUG rally_openstack.cleanup.manager [-] Deleting neutron.port object s_rally_3bc5c0a8_nDcyT4Ca (a614aa24-ae09-4463-9336-151c386809fc)
2019-06-17 02:57:58.598 25731 RALLYDEBUG rally_openstack.cleanup.manager [-] Deleting neutron.port object s_rally_3bc5c0a8_yIXfFcNv (a6af090e-9527-4b8d-a88d-c05766c96416)
2019-06-17 02:57:58.778 25731 RALLYDEBUG rally_openstack.cleanup.manager [-] Deleting neutron.port object s_rally_3bc5c0a8_yadeMB6C (a7ad4312-bf0c-4089-beb4-bd82d7466b25)
2019-06-17 02:57:58.820 25731 RALLYDEBUG rally_openstack.cleanup.manager [-] Deleting neutron.port object s_rally_3bc5c0a8_9lwVlTFr (a93ad501-3f8a-4f1c-b5eb-abce38a57330)
2019-06-17 02:57:58.868 25731 RALLYDEBUG rally_openstack.cleanup.manager [-] Deleting neutron.port object s_rally_3bc5c0a8_cu1L6BVE (aa325041-6d5f-42d5-b44b-1ae7ae606b35)
2019-06-17 02:57:58.881 25731 RALLYDEBUG rally_openstack.cleanup.manager [-] Deleting neutron.port object s_rally_3bc5c0a8_FxL1xb04 (ab486358-e809-4f46-86bb-670e2d3c280f)
2019-06-17 02:57:58.923 25731 RALLYDEBUG rally_openstack.cleanup.manager [-] Deleting neutron.port object s_rally_3bc5c0a8_aE8hln3q (abf37aa1-6dcc-45e0-9588-f4c5a3b41336)
2019-06-17 02:57:58.944 25731 RALLYDEBUG rally_openstack.cleanup.manager [-] Deleting neutron.port object s_rally_3bc5c0a8_YPVGmhfy (af266a8e-b017-4455-b50d-ea0e419893a9)
2019-06-17 02:57:59.215 25731 RALLYDEBUG rally_openstack.cleanup.manager [-] Deleting neutron.port object s_rally_3bc5c0a8_L3SdVzCJ (b0ba756a-8c37-4393-ac3d-71890bc415d9)
2019-06-17 02:57:59.274 25731 RALLYDEBUG rally_openstack.cleanup.manager [-] Deleting neutron.port object s_rally_3bc5c0a8_zYtQntrA (b1442f57-ae95-462c-b686-4dfe9f1a4880)
2019-06-17 02:57:59.540 25731 RALLYDEBUG rally_openstack.cleanup.manager [-] Deleting neutron.port object s_rally_3bc5c0a8_JdfXZh8A (b2359dfd-22ad-4bf4-905a-355ec15f3a60)
2019-06-17 02:57:59.549 25731 RALLYDEBUG rally_openstack.cleanup.manager [-] Deleting neutron.port object s_rally_3bc5c0a8_rCMQldJ5 (b2e0f64f-fa0a-4792-9b7b-1574b5e941e0)
2019-06-17 02:57:59.683 25731 RALLYDEBUG rally_openstack.cleanup.manager [-] Deleting neutron.port object s_rally_3bc5c0a8_3JLwOwch (b319dc79-8833-4053-a084-6eef058b276d)
2019-06-17 02:57:59.736 25731 RALLYDEBUG rally_openstack.cleanup.manager [-] Deleting neutron.port object s_rally_3bc5c0a8_7ERuoGN0 (b32493ac-fd7e-4873-8554-aa0179125290)
2019-06-17 02:57:59.820 25731 RALLYDEBUG rally_openstack.cleanup.manager [-] Deleting neutron.port object s_rally_3bc5c0a8_KV8ND6cq (b4ab86e2-ea0e-42f4-955f-0737f1bb7d4a)
2019-06-17 02:57:59.830 25731 RALLYDEBUG rally_openstack.cleanup.manager [-] Deleting neutron.port object s_rally_3bc5c0a8_WprdUu2a (b61fcf4b-5ec0-4934-bd17-93cb21e0d262)
2019-06-17 02:57:59.887 25731 RALLYDEBUG rally_openstack.cleanup.manager [-] Deleting neutron.port object s_rally_3bc5c0a8_FZwDjjoy (b770b5cf-5a0c-4391-996b-c4d7ec7c2f94)
2019-06-17 02:57:59.899 25731 RALLYDEBUG rally_openstack.cleanup.manager [-] Deleting neutron.port object s_rally_3bc5c0a8_fj4lUOKm (b84e51eb-2000-4ce1-95f4-2d1314b4d613)
2019-06-17 02:58:00.195 25731 RALLYDEBUG rally_openstack.cleanup.manager [-] Deleting neutron.port object s_rally_3bc5c0a8_12tOZxfT (b99b9165-d3e3-4caf-bfb8-3300ee9bd782)
2019-06-17 02:58:00.284 25731 RALLYDEBUG rally_openstack.cleanup.manager [-] Deleting neutron.port object s_rally_3bc5c0a8_6O0RZVi1 (bb9caf62-fee4-4d0b-8f60-68f5888cbf6e)
2019-06-17 02:58:00.324 25731 RALLYDEBUG rally_openstack.cleanup.manager [-] Deleting neutron.port object s_rally_3bc5c0a8_7GfgkrdR (bbf99dc9-6eff-43a2-b054-3f2d53496165)
2019-06-17 02:58:00.478 25731 RALLYDEBUG rally_openstack.cleanup.manager [-] Deleting neutron.port object s_rally_3bc5c0a8_ozl0qB8k (bdb658f9-e6c0-41cc-86df-1511577a026c)
2019-06-17 02:58:00.681 25731 RALLYDEBUG rally_openstack.cleanup.manager [-] Deleting neutron.port object s_rally_3bc5c0a8_SMsCJ8fq (bff97f1b-467b-469c-87e0-b39fdb5d6954)
2019-06-17 02:58:00.992 25731 RALLYDEBUG rally_openstack.cleanup.manager [-] Deleting neutron.port object s_rally_3bc5c0a8_R32Ue6yd (c03091e2-8f69-42ab-8543-9a8e39b3f6ee)
2019-06-17 02:58:01.045 25731 RALLYDEBUG rally_openstack.cleanup.manager [-] Deleting neutron.port object s_rally_3bc5c0a8_owxPM2pk (c09dc9a3-1e3f-407f-ab09-65ef216de1da)
2019-06-17 02:58:01.185 25731 RALLYDEBUG rally_openstack.cleanup.manager [-] Deleting neutron.port object s_rally_3bc5c0a8_E4q821Cl (c30c141c-d887-4635-ba2e-dbcf64ecfd4e)
2019-06-17 02:58:01.249 25731 RALLYDEBUG rally_openstack.cleanup.manager [-] Deleting neutron.port object s_rally_3bc5c0a8_UD0Q10Vh (c61ed8d3-fbe0-4a40-831f-a0c69f697336)
2019-06-17 02:58:01.262 25731 RALLYDEBUG rally_openstack.cleanup.manager [-] Deleting neutron.port object s_rally_3bc5c0a8_pYK2qyia (c7f79449-a5cb-4ca8-b264-084b618af251)
2019-06-17 02:58:01.279 25731 RALLYDEBUG rally_openstack.cleanup.manager [-] Deleting neutron.port object s_rally_3bc5c0a8_4I4NPClM (c98e6b06-3240-4cf1-aa10-7e68f8807de3)
2019-06-17 02:58:01.387 25731 RALLYDEBUG rally_openstack.cleanup.manager [-] Deleting neutron.port object s_rally_3bc5c0a8_mB2XaSJK (cbb54b34-86a0-4398-99c8-e1330905de2b)
2019-06-17 02:58:01.397 25731 RALLYDEBUG rally_openstack.cleanup.manager [-] Deleting neutron.port object s_rally_3bc5c0a8_3YN28y9t (cc54c263-bc64-4e79-b5ed-90d972824058)
2019-06-17 02:58:01.472 25731 RALLYDEBUG rally_openstack.cleanup.manager [-] Deleting neutron.port object s_rally_3bc5c0a8_UHyNp6wc (cce20cf5-469a-4fdc-bdc3-76a720cfefd0)
2019-06-17 02:58:01.666 25731 RALLYDEBUG rally_openstack.cleanup.manager [-] Deleting neutron.port object s_rally_3bc5c0a8_ZA6rsGDK (cf3d932f-8389-4351-9ac7-e21e2a6cb391)
2019-06-17 02:58:01.716 25731 RALLYDEBUG rally_openstack.cleanup.manager [-] Deleting neutron.port object s_rally_3bc5c0a8_lqdLZqKN (cfcb6a52-77b8-461c-91c7-86d813dbb174)
2019-06-17 02:58:01.722 25731 RALLYDEBUG rally_openstack.cleanup.manager [-] Deleting neutron.port object s_rally_3bc5c0a8_FlHYJLFt (d172bc4b-c549-4f8c-968a-f3e71b7a8f16)
2019-06-17 02:58:01.758 25731 RALLYDEBUG rally_openstack.cleanup.manager [-] Deleting neutron.port object s_rally_3bc5c0a8_BHT9FWCM (d33e02ec-ceeb-4ba7-b7f2-13a1486274a3)
2019-06-17 02:58:01.774 25731 RALLYDEBUG rally_openstack.cleanup.manager [-] Deleting neutron.port object s_rally_3bc5c0a8_NCkdo0SN (d3e5c2d4-c7a9-4873-a8d1-62b022ec6f81)
2019-06-17 02:58:01.811 25731 RALLYDEBUG rally_openstack.cleanup.manager [-] Deleting neutron.port object s_rally_3bc5c0a8_rUXWKrYS (d4a1b90c-b6ea-43b2-9985-2fd8166db51d)
2019-06-17 02:58:02.090 25731 RALLYDEBUG rally_openstack.cleanup.manager [-] Deleting neutron.port object s_rally_3bc5c0a8_6TT1rod8 (d5fcfc6c-3b11-453f-a109-cf45dfb8745a)
2019-06-17 02:58:02.148 25731 RALLYDEBUG rally_openstack.cleanup.manager [-] Deleting neutron.port object s_rally_3bc5c0a8_Abzaxzuj (d624a30a-fa85-41f4-9375-238b1d7187a1)
2019-06-17 02:58:02.249 25731 RALLYDEBUG rally_openstack.cleanup.manager [-] Deleting neutron.port object s_rally_3bc5c0a8_oNJJo10b (d72ee8cb-6bff-47ea-9145-6783e6b8cfa9)
2019-06-17 02:58:02.526 25731 RALLYDEBUG rally_openstack.cleanup.manager [-] Deleting neutron.port object s_rally_3bc5c0a8_L86Zq5G1 (dad063a7-e2f0-4015-b947-87d9bed57fcf)
2019-06-17 02:58:02.596 25731 RALLYDEBUG rally_openstack.cleanup.manager [-] Deleting neutron.port object s_rally_3bc5c0a8_p9wbzung (de0bf66f-86bb-4bf4-a53a-dceb819a4b18)
2019-06-17 02:58:02.895 25731 RALLYDEBUG rally_openstack.cleanup.manager [-] Deleting neutron.port object s_rally_3bc5c0a8_9olVyH0e (de887a5d-5b70-4709-a5e1-88f6f348f190)
2019-06-17 02:58:03.017 25731 RALLYDEBUG rally_openstack.cleanup.manager [-] Deleting neutron.port object s_rally_3bc5c0a8_eaxIwgQ6 (df8023fc-9395-4385-b57b-78bc1d359958)
2019-06-17 02:58:03.071 25731 RALLYDEBUG rally_openstack.cleanup.manager [-] Deleting neutron.port object s_rally_3bc5c0a8_PQeJBlHs (e1af495e-cf11-413e-908a-39fe2857d4a3)
2019-06-17 02:58:03.195 25731 RALLYDEBUG rally_openstack.cleanup.manager [-] Deleting neutron.port object s_rally_3bc5c0a8_6q46vSEz (e2f7e9b0-baab-4b36-9dda-7738fff98bdc)
2019-06-17 02:58:03.291 25731 RALLYDEBUG rally_openstack.cleanup.manager [-] Deleting neutron.port object s_rally_3bc5c0a8_RcmPtDji (e5c33643-5cc7-428d-b035-b59cda64b4d7)
2019-06-17 02:58:03.317 25731 RALLYDEBUG rally_openstack.cleanup.manager [-] Deleting neutron.port object s_rally_3bc5c0a8_KrysydjQ (e64e65d2-137c-4db1-b558-afc2f0703cff)
2019-06-17 02:58:03.344 25731 RALLYDEBUG rally_openstack.cleanup.manager [-] Deleting neutron.port object s_rally_3bc5c0a8_OqT2E99B (e7621763-2205-4d3a-ab1c-95b9f86cf812)
2019-06-17 02:58:03.451 25731 RALLYDEBUG rally_openstack.cleanup.manager [-] Deleting neutron.port object s_rally_3bc5c0a8_djGoGr5Z (e89310f9-ce03-4b9f-a730-ad724be8e369)
2019-06-17 02:58:03.570 25731 RALLYDEBUG rally_openstack.cleanup.manager [-] Deleting neutron.port object s_rally_3bc5c0a8_LcAFi6ry (e96f0587-4102-45a2-ab1b-3a355e05080d)
2019-06-17 02:58:03.642 25731 RALLYDEBUG rally_openstack.cleanup.manager [-] Deleting neutron.port object s_rally_3bc5c0a8_JrGA3wSJ (ebe53638-306e-45ce-85f3-ead40b63900a)
2019-06-17 02:58:03.821 25731 RALLYDEBUG rally_openstack.cleanup.manager [-] Deleting neutron.port object s_rally_3bc5c0a8_izXkUHPo (ec86d18d-3e11-47e2-beb4-cf68aee0a05e)
2019-06-17 02:58:03.850 25731 RALLYDEBUG rally_openstack.cleanup.manager [-] Deleting neutron.port object s_rally_3bc5c0a8_kA1716wy (ed3d63af-b80f-47c2-aaee-d1dc4a2abe78)
2019-06-17 02:58:04.041 25731 RALLYDEBUG rally_openstack.cleanup.manager [-] Deleting neutron.port object s_rally_3bc5c0a8_bEOUoPUY (edc42c48-c736-4144-bba1-68f93b678dc3)
2019-06-17 02:58:04.049 25731 RALLYDEBUG rally_openstack.cleanup.manager [-] Deleting neutron.port object s_rally_3bc5c0a8_HZXr7e67 (ef1deb71-afe9-40a5-8dde-76ffc357bde9)
2019-06-17 02:58:04.168 25731 RALLYDEBUG rally_openstack.cleanup.manager [-] Deleting neutron.port object s_rally_3bc5c0a8_h8c1p9jT (ef2c3f48-fb2e-4157-9886-ebe73c46c515)
2019-06-17 02:58:04.177 25731 RALLYDEBUG rally_openstack.cleanup.manager [-] Deleting neutron.port object s_rally_3bc5c0a8_j8ONyEPh (ef51ccef-53ae-49a0-9ee7-a5bb75a6d908)
2019-06-17 02:58:04.196 25731 RALLYDEBUG rally_openstack.cleanup.manager [-] Deleting neutron.port object s_rally_3bc5c0a8_B6jm11uD (efd23edd-9427-4ebf-8f36-94d1dbc6c93f)
2019-06-17 02:58:04.466 25731 RALLYDEBUG rally_openstack.cleanup.manager [-] Deleting neutron.port object s_rally_3bc5c0a8_98maeioI (f07e8807-a895-42f6-b84d-06e86c2e8589)
2019-06-17 02:58:04.538 25731 RALLYDEBUG rally_openstack.cleanup.manager [-] Deleting neutron.port object s_rally_3bc5c0a8_AP86YnGj (f261affd-87d6-4f2f-b3d4-739c296cfa9b)
2019-06-17 02:58:04.587 25731 RALLYDEBUG rally_openstack.cleanup.manager [-] Deleting neutron.port object s_rally_3bc5c0a8_vTqr0AFl (f34b9cf8-177a-4949-9b1c-cfc4840aa678)
2019-06-17 02:58:04.780 25731 RALLYDEBUG rally_openstack.cleanup.manager [-] Deleting neutron.port object s_rally_3bc5c0a8_xFc7aCN7 (f49427d1-40a4-4743-8695-93834f018136)
2019-06-17 02:58:04.883 25731 RALLYDEBUG rally_openstack.cleanup.manager [-] Deleting neutron.port object s_rally_3bc5c0a8_aBWcWF3r (f7326760-50e4-4b58-8daf-ff8175b68760)
2019-06-17 02:58:04.949 25731 RALLYDEBUG rally_openstack.cleanup.manager [-] Deleting neutron.port object s_rally_3bc5c0a8_iVKaAXsm (f78f5cc3-cb99-40db-8651-4d501a3d999d)
2019-06-17 02:58:05.093 25731 RALLYDEBUG rally_openstack.cleanup.manager [-] Deleting neutron.port object s_rally_3bc5c0a8_ORU4hUbb (fa2b9751-bb90-44a2-a560-d8aae8ff4bd1)
2019-06-17 02:58:05.268 25731 RALLYDEBUG rally_openstack.cleanup.manager [-] Deleting neutron.port object s_rally_3bc5c0a8_lWjFwEP3 (fa5deedd-8d4f-4e13-b5c1-fdc183ffa74f)
2019-06-17 02:58:05.276 25731 RALLYDEBUG rally_openstack.cleanup.manager [-] Deleting neutron.port object s_rally_3bc5c0a8_xq2tpjSH (fa930e30-edea-4518-94cb-69900e2620ae)
2019-06-17 02:58:05.458 25731 RALLYDEBUG rally_openstack.cleanup.manager [-] Deleting neutron.port object s_rally_3bc5c0a8_P2C0loBj (fafdd2ad-9973-471b-94f7-f1c4b7be0590)
2019-06-17 02:58:05.527 25731 RALLYDEBUG rally_openstack.cleanup.manager [-] Deleting neutron.port object s_rally_3bc5c0a8_YA57Wwwo (fb462347-fed1-45dc-9417-ee41310c2f16)
2019-06-17 02:58:05.700 25731 RALLYDEBUG rally_openstack.cleanup.manager [-] Deleting neutron.port object s_rally_3bc5c0a8_AMH42m1Y (fbba3160-6ab7-4177-8f0d-f93dcf473fb9)
2019-06-17 02:58:05.702 25731 RALLYDEBUG rally_openstack.cleanup.manager [-] Deleting neutron.port object s_rally_3bc5c0a8_D6qEAW3y (fcf48c08-5065-42eb-bde6-631067bf1661)
2019-06-17 02:58:07.806 25731 RALLYDEBUG rally_openstack.cleanup.manager [-] Cleaning up neutron subnet objects
2019-06-17 02:58:08.236 25731 RALLYDEBUG rally_openstack.cleanup.manager [-] Cleaning up neutron network objects
2019-06-17 02:58:08.786 25731 RALLYDEBUG rally_openstack.cleanup.manager [-] Deleting neutron.network object s_rally_3bc5c0a8_WbChhy2v (01a78b80-8443-422f-bbd9-eb13889874be)
2019-06-17 02:58:08.794 25731 RALLYDEBUG rally_openstack.cleanup.manager [-] Deleting neutron.network object s_rally_3bc5c0a8_ud9zNkkN (022c96f6-8fd0-483e-a183-8fbf3503fe2b)
2019-06-17 02:58:08.802 25731 RALLYDEBUG rally_openstack.cleanup.manager [-] Deleting neutron.network object s_rally_3bc5c0a8_O9nP1twm (0538b7fe-7fad-4e68-9fb5-31244f6b85b2)
2019-06-17 02:58:08.810 25731 RALLYDEBUG rally_openstack.cleanup.manager [-] Deleting neutron.network object s_rally_3bc5c0a8_tQ5Rgx3G (1bf4001f-4bf4-4c28-a732-c4c60799421f)
2019-06-17 02:58:08.818 25731 RALLYDEBUG rally_openstack.cleanup.manager [-] Deleting neutron.network object s_rally_3bc5c0a8_zpUuEJTv (255acaff-42d3-4f13-ac78-ce1bf41aa1e5)
2019-06-17 02:58:08.828 25731 RALLYDEBUG rally_openstack.cleanup.manager [-] Deleting neutron.network object s_rally_3bc5c0a8_bxvlvJYt (2929a334-6491-4623-91e2-1338becf87ae)
2019-06-17 02:58:08.878 25731 RALLYDEBUG rally_openstack.cleanup.manager [-] Deleting neutron.network object s_rally_3bc5c0a8_AjcJgWiR (4067274e-2687-49c9-bbff-b7d8a29aa91f)
2019-06-17 02:58:08.879 25731 RALLYDEBUG rally_openstack.cleanup.manager [-] Deleting neutron.network object s_rally_3bc5c0a8_1Q6YCKx7 (2abcffb4-9820-4449-9093-a12fc71a1b15)
2019-06-17 02:58:08.886 25731 RALLYDEBUG rally_openstack.cleanup.manager [-] Deleting neutron.network object s_rally_3bc5c0a8_3uHXe9Xd (4a548a50-c0d0-433e-b120-c0d66851472c)
2019-06-17 02:58:08.897 25731 RALLYDEBUG rally_openstack.cleanup.manager [-] Deleting neutron.network object s_rally_3bc5c0a8_nM0wCPqt (312f1533-18e3-469a-a838-be01c9dc9e65)
2019-06-17 02:58:08.906 25731 RALLYDEBUG rally_openstack.cleanup.manager [-] Deleting neutron.network object s_rally_3bc5c0a8_4SkSUqDZ (4b316aeb-208a-4271-ba7a-1d2b35228f6a)
2019-06-17 02:58:08.907 25731 RALLYDEBUG rally_openstack.cleanup.manager [-] Deleting neutron.network object s_rally_3bc5c0a8_oa27PZhe (6deec98b-9e62-4138-a069-4a6055b49a4c)
2019-06-17 02:58:08.909 25731 RALLYDEBUG rally_openstack.cleanup.manager [-] Deleting neutron.network object s_rally_3bc5c0a8_g6QU7lgP (57f06cee-b5f9-4514-82c5-26fe51e8b821)
2019-06-17 02:58:08.917 25731 RALLYDEBUG rally_openstack.cleanup.manager [-] Deleting neutron.network object s_rally_3bc5c0a8_S5FVLFe8 (48429b32-4bb1-44ca-87f3-45e971f6caee)
2019-06-17 02:58:08.920 25731 RALLYDEBUG rally_openstack.cleanup.manager [-] Deleting neutron.network object s_rally_3bc5c0a8_RMg7AI2f (61815a1e-e8cc-4b5a-990f-d6755caefb74)
2019-06-17 02:58:08.920 25731 RALLYDEBUG rally_openstack.cleanup.manager [-] Deleting neutron.network object s_rally_3bc5c0a8_BL04B83A (78bbc488-ab21-4c97-b385-848b51ead3c1)
2019-06-17 02:58:08.925 25731 RALLYDEBUG rally_openstack.cleanup.manager [-] Deleting neutron.network object s_rally_3bc5c0a8_Ez5wZlft (33960fe7-b8aa-4662-a4b2-f843877ed7df)
2019-06-17 02:58:08.930 25731 RALLYDEBUG rally_openstack.cleanup.manager [-] Deleting neutron.network object s_rally_3bc5c0a8_HwrDwowD (85061d83-e126-4ca7-bdfc-18e12351de74)
2019-06-17 02:58:08.950 25731 RALLYDEBUG rally_openstack.cleanup.manager [-] Deleting neutron.network object s_rally_3bc5c0a8_84ilOjzb (85b5a3d8-1f93-4732-94f7-d3d6dbf51fad)
2019-06-17 02:58:08.951 25731 RALLYDEBUG rally_openstack.cleanup.manager [-] Deleting neutron.network object s_rally_3bc5c0a8_BdXxW8PJ (7e6b6801-54ae-489c-99c7-52619f36e0ad)
2019-06-17 02:58:11.439 25731 RALLYDEBUG rally_openstack.cleanup.manager [-] Deleting neutron.network object s_rally_3bc5c0a8_zQt7TPFR (91af9c4b-6dd4-47e4-8600-beb3dfd0d022)
2019-06-17 02:58:11.460 25731 RALLYDEBUG rally_openstack.cleanup.manager [-] Deleting neutron.network object s_rally_3bc5c0a8_BtyR20dN (9241847d-6bc3-4827-928e-ad4256cb7287)
2019-06-17 02:58:11.530 25731 RALLYDEBUG rally_openstack.cleanup.manager [-] Deleting neutron.network object s_rally_3bc5c0a8_M4v6NBNl (b196557c-a6f3-4798-91c9-8721cfb49017)
2019-06-17 02:58:11.582 25731 RALLYDEBUG rally_openstack.cleanup.manager [-] Deleting neutron.network object s_rally_3bc5c0a8_5sP9VzrK (be4ab7b8-68d1-4f4c-aad0-bc8e1722fced)
2019-06-17 02:58:11.751 25731 RALLYDEBUG rally_openstack.cleanup.manager [-] Deleting neutron.network object s_rally_3bc5c0a8_VEFNHqkV (c149e306-1c97-4070-9856-13e9bf4ccd0a)
2019-06-17 02:58:11.759 25731 RALLYDEBUG rally_openstack.cleanup.manager [-] Deleting neutron.network object s_rally_3bc5c0a8_SMeyShOR (c16e7ee3-c875-4c48-abc0-f29c3e07cbb5)
2019-06-17 02:58:11.767 25731 RALLYDEBUG rally_openstack.cleanup.manager [-] Deleting neutron.network object s_rally_3bc5c0a8_nnlrU4a5 (c79aa1a2-7a5a-41ba-9214-4e9ec3fd45ad)
2019-06-17 02:58:11.798 25731 RALLYDEBUG rally_openstack.cleanup.manager [-] Deleting neutron.network object s_rally_3bc5c0a8_wXRHv3XS (d349ce4e-72db-4d13-951a-442ed31f5588)
2019-06-17 02:58:11.861 25731 RALLYDEBUG rally_openstack.cleanup.manager [-] Deleting neutron.network object s_rally_3bc5c0a8_obHpL3jK (d839fd10-96d2-43d6-926f-de55dad935ab)
2019-06-17 02:58:11.912 25731 RALLYDEBUG rally_openstack.cleanup.manager [-] Deleting neutron.network object s_rally_3bc5c0a8_U08wVNVv (e61ce9d0-1510-4cf7-948c-a32df524ee44)
2019-06-17 02:58:11.920 25731 RALLYDEBUG rally_openstack.cleanup.manager [-] Deleting neutron.network object s_rally_3bc5c0a8_Nj7Cgc4X (dd1081c1-802b-40c5-86fe-755521686aec)
2019-06-17 02:58:11.929 25731 RALLYDEBUG rally_openstack.cleanup.manager [-] Deleting neutron.network object s_rally_3bc5c0a8_qz5fEe0j (ec5521c9-223c-472a-bfb4-017674854cf9)
2019-06-17 02:58:11.935 25731 RALLYDEBUG rally_openstack.cleanup.manager [-] Deleting neutron.network object s_rally_3bc5c0a8_6DpVkFlc (ee101310-fba7-47cf-a312-96fa9399d01b)
2019-06-17 02:58:12.155 25731 RALLYDEBUG rally_openstack.cleanup.manager [-] Deleting neutron.network object s_rally_3bc5c0a8_cKvk2Te3 (f0daff38-5904-47a3-b0bf-4d671e1abd57)
2019-06-17 02:58:12.325 25731 RALLYDEBUG rally_openstack.cleanup.manager [-] Deleting neutron.network object s_rally_3bc5c0a8_erQQYC4x (f1b2e3b9-9d9a-42fb-ac5a-b69deb90a414)
2019-06-17 02:58:12.376 25731 RALLYDEBUG rally_openstack.cleanup.manager [-] Deleting neutron.network object s_rally_3bc5c0a8_zVAwcCLx (f6d864bd-12b1-4ae9-8c13-d1219800e239)
2019-06-17 02:58:12.898 25731 RALLYDEBUG rally_openstack.cleanup.manager [-] Deleting neutron.network object s_rally_3bc5c0a8_25uqwlBG (f911fa1f-24a4-406f-9dee-83c91527e98e)
2019-06-17 02:58:12.907 25731 RALLYDEBUG rally_openstack.cleanup.manager [-] Deleting neutron.network object s_rally_3bc5c0a8_0pNl8UfQ (fa6bcd85-2480-4270-92f8-cbde32f3131a)
2019-06-17 02:58:12.988 25731 RALLYDEBUG rally_openstack.cleanup.manager [-] Deleting neutron.network object s_rally_3bc5c0a8_Yd63YV42 (ff89c3f3-7583-4c07-a161-e5f87778d89c)
2019-06-17 02:58:12.988 25731 RALLYDEBUG rally_openstack.cleanup.manager [-] Deleting neutron.network object s_rally_3bc5c0a8_9up4OKFC (fe08066c-fcae-4ea7-a3c6-7a8193308c98)
2019-06-17 02:58:15.251 25731 RALLYDEBUG rally_openstack.cleanup.manager [-] Cleaning up neutron router objects
2019-06-17 02:58:15.709 25731 RALLYDEBUG rally_openstack.cleanup.manager [-] Cleaning up neutron security_group objects
2019-06-17 02:58:16.146 25731 INFO rally.task.context [-] Task 250e0b68-8d18-4b96-b8ad-9efc8a18f25e | Context cleanup@openstack cleanup() finished in 34.09 sec
2019-06-17 02:58:16.147 25731 INFO rally.task.context [-] Task 250e0b68-8d18-4b96-b8ad-9efc8a18f25e | Context quotas@openstack cleanup() started
2019-06-17 02:58:16.234 25731 INFO rally.task.context [-] Task 250e0b68-8d18-4b96-b8ad-9efc8a18f25e | Context quotas@openstack cleanup() finished in 87.13 msec
2019-06-17 02:58:16.235 25731 INFO rally.task.context [-] Task 250e0b68-8d18-4b96-b8ad-9efc8a18f25e | Context users@openstack cleanup() started
2019-06-17 02:58:19.029 25731 INFO rally.task.context [-] Task 250e0b68-8d18-4b96-b8ad-9efc8a18f25e | Context users@openstack cleanup() finished in 2.79 sec
2019-06-17 02:58:20.513 25731 INFO rally.task.engine [-] Load duration is: 22.869412
2019-06-17 02:58:20.514 25731 INFO rally.task.engine [-] Full runner duration is: 22.926282
2019-06-17 02:58:20.514 25731 INFO rally.task.engine [-] Full duration is: 62.780692
2019-06-17 02:58:20.861 25731 INFO rally.task.engine [-] Running workload: position = 2 config = { "version": 2, "title": "A cropped version of a bigger task.", "description": "Auto-generated task from a single workload (uuid=2ef8ab00-3ef1-446b-a7c1-fcc583075cd7)", "subtasks": [ { "title": "NeutronNetworks.create_and_delete_ports", "description": "Create and delete a port.", "scenario": { "NeutronNetworks.create_and_delete_ports": { "network_create_args": {}, "port_create_args": {}, "ports_per_network": 5 } }, "contexts": { "users": { "tenants": 1, "users_per_tenant": 1 }, "quotas": { "neutron": { "network": -1, "port": -1 } } }, "runner": { "constant": { "times": 40, "concurrency": 20 } }, "hooks": [], "sla": { "failure_rate": { "max": 0 } } } ] }
2019-06-17 02:58:20.889 25731 RALLYDEBUG rally_openstack.contexts.keystone.users [-] Creating 1 tenants using 20 threads
2019-06-17 02:58:21.829 25731 RALLYDEBUG rally_openstack.contexts.keystone.users [-] Creating 1 users using 20 threads
2019-06-17 02:58:23.415 25731 INFO rally.task.context [-] Task 250e0b68-8d18-4b96-b8ad-9efc8a18f25e | Context users@openstack setup() finished in 2.53 sec
2019-06-17 02:58:23.878 25731 INFO rally.task.context [-] Task 250e0b68-8d18-4b96-b8ad-9efc8a18f25e | Context quotas@openstack setup() finished in 0.46 sec
2019-06-17 02:58:23.878 25731 INFO rally.task.context [-] Task 250e0b68-8d18-4b96-b8ad-9efc8a18f25e | Context cleanup@openstack setup() finished in 0.01 msec
2019-06-17 02:58:23.888 25731 RALLYDEBUG rally.task.runner [-] Starting the constant runner (task UUID: 250e0b68-8d18-4b96-b8ad-9efc8a18f25e). timeout: 0 concurrency: 20 concurrency_per_worker: 1 times: 40 concurrency_overhead: 4 processes_to_start: 16 max_cpu_used: 16
2019-06-17 02:58:23.902 29977 RALLYDEBUG rally.task.runner [-] Starting a worker. concurrency: 2 args: {"network_create_args": {}, "port_create_args": {}, "ports_per_network": 5} times: 40 method_name: run timeout: 0 duration: None cls:
2019-06-17 02:58:23.905 29978 RALLYDEBUG rally.task.runner [-] Starting a worker. concurrency: 2 args: {"network_create_args": {}, "port_create_args": {}, "ports_per_network": 5} times: 40 method_name: run timeout: 0 duration: None cls:
2019-06-17 02:58:23.909 29979 RALLYDEBUG rally.task.runner [-] Starting a worker. concurrency: 2 args: {"network_create_args": {}, "port_create_args": {}, "ports_per_network": 5} times: 40 method_name: run timeout: 0 duration: None cls:
2019-06-17 02:58:23.912 29977 INFO rally.task.runner [-] Task 250e0b68-8d18-4b96-b8ad-9efc8a18f25e | ITER: 1 START
2019-06-17 02:58:23.912 29980 RALLYDEBUG rally.task.runner [-] Starting a worker. concurrency: 2 args: {"network_create_args": {}, "port_create_args": {}, "ports_per_network": 5} times: 40 method_name: run timeout: 0 duration: None cls:
2019-06-17 02:58:23.914 29977 INFO rally.task.runner [-] Task 250e0b68-8d18-4b96-b8ad-9efc8a18f25e | ITER: 3 START
2019-06-17 02:58:23.916 29977 WARNING rally_openstack.scenarios.neutron.utils [-] Running this scenario without either the 'network' or 'existing_network' context is deprecated
2019-06-17 02:58:23.916 29979 INFO rally.task.runner [-] Task 250e0b68-8d18-4b96-b8ad-9efc8a18f25e | ITER: 4 START
2019-06-17 02:58:23.915 29978 INFO rally.task.runner [-] Task 250e0b68-8d18-4b96-b8ad-9efc8a18f25e | ITER: 2 START
2019-06-17 02:58:23.916 29982 RALLYDEBUG rally.task.runner [-] Starting a worker. concurrency: 1 args: {"network_create_args": {}, "port_create_args": {}, "ports_per_network": 5} times: 40 method_name: run timeout: 0 duration: None cls:
2019-06-17 02:58:23.918 29987 RALLYDEBUG rally.task.runner [-] Starting a worker. concurrency: 1 args: {"network_create_args": {}, "port_create_args": {}, "ports_per_network": 5} times: 40 method_name: run timeout: 0 duration: None cls:
2019-06-17 02:58:23.919 29979 WARNING rally_openstack.scenarios.neutron.utils [-] Running this scenario without either the 'network' or 'existing_network' context is deprecated
2019-06-17 02:58:23.917 29978 INFO rally.task.runner [-] Task 250e0b68-8d18-4b96-b8ad-9efc8a18f25e | ITER: 5 START
2019-06-17 02:58:23.919 29978 WARNING rally_openstack.scenarios.neutron.utils [-] Running this scenario without either the 'network' or 'existing_network' context is deprecated
2019-06-17 02:58:23.920 29978 WARNING rally_openstack.scenarios.neutron.utils [-] Running this scenario without either the 'network' or 'existing_network' context is deprecated
2019-06-17 02:58:23.922 29980 INFO rally.task.runner [-] Task 250e0b68-8d18-4b96-b8ad-9efc8a18f25e | ITER: 6 START
2019-06-17 02:58:23.916 29977 WARNING rally_openstack.scenarios.neutron.utils [-] Running this scenario without either the 'network' or 'existing_network' context is deprecated
2019-06-17 02:58:23.924 29987 INFO rally.task.runner [-] Task 250e0b68-8d18-4b96-b8ad-9efc8a18f25e | ITER: 10 START
2019-06-17 02:58:23.924 29982 INFO rally.task.runner [-] Task 250e0b68-8d18-4b96-b8ad-9efc8a18f25e | ITER: 9 START
2019-06-17 02:58:23.924 29991 RALLYDEBUG rally.task.runner [-] Starting a worker. concurrency: 1 args: {"network_create_args": {}, "port_create_args": {}, "ports_per_network": 5} times: 40 method_name: run timeout: 0 duration: None cls:
2019-06-17 02:58:23.924 29980 INFO rally.task.runner [-] Task 250e0b68-8d18-4b96-b8ad-9efc8a18f25e | ITER: 8 START
2019-06-17 02:58:23.926 29987 WARNING rally_openstack.scenarios.neutron.utils [-] Running this scenario without either the 'network' or 'existing_network' context is deprecated
2019-06-17 02:58:23.926 29982 WARNING rally_openstack.scenarios.neutron.utils [-] Running this scenario without either the 'network' or 'existing_network' context is deprecated
2019-06-17 02:58:23.925 29980 WARNING rally_openstack.scenarios.neutron.utils [-] Running this scenario without either the 'network' or 'existing_network' context is deprecated
2019-06-17 02:58:23.928 29994 RALLYDEBUG rally.task.runner [-] Starting a worker. concurrency: 1 args: {"network_create_args": {}, "port_create_args": {}, "ports_per_network": 5} times: 40 method_name: run timeout: 0 duration: None cls:
2019-06-17 02:58:23.931 29991 INFO rally.task.runner [-] Task 250e0b68-8d18-4b96-b8ad-9efc8a18f25e | ITER: 11 START
2019-06-17 02:58:23.930 30000 RALLYDEBUG rally.task.runner [-] Starting a worker. concurrency: 1 args: {"network_create_args": {}, "port_create_args": {}, "ports_per_network": 5} times: 40 method_name: run timeout: 0 duration: None cls:
2019-06-17 02:58:23.932 29991 WARNING rally_openstack.scenarios.neutron.utils [-] Running this scenario without either the 'network' or 'existing_network' context is deprecated
2019-06-17 02:58:23.926 29980 WARNING rally_openstack.scenarios.neutron.utils [-] Running this scenario without either the 'network' or 'existing_network' context is deprecated
2019-06-17 02:58:23.936 30000 INFO rally.task.runner [-] Task 250e0b68-8d18-4b96-b8ad-9efc8a18f25e | ITER: 13 START
2019-06-17 02:58:23.937 30000 WARNING rally_openstack.scenarios.neutron.utils [-] Running this scenario without either the 'network' or 'existing_network' context is deprecated
2019-06-17 02:58:23.937 29994 INFO rally.task.runner [-] Task 250e0b68-8d18-4b96-b8ad-9efc8a18f25e | ITER: 12 START
2019-06-17 02:58:23.938 29979 INFO rally.task.runner [-] Task 250e0b68-8d18-4b96-b8ad-9efc8a18f25e | ITER: 7 START
2019-06-17 02:58:23.939 29994 WARNING rally_openstack.scenarios.neutron.utils [-] Running this scenario without either the 'network' or 'existing_network' context is deprecated
2019-06-17 02:58:23.939 29979 WARNING rally_openstack.scenarios.neutron.utils [-] Running this scenario without either the 'network' or 'existing_network' context is deprecated
2019-06-17 02:58:23.942 30003 RALLYDEBUG rally.task.runner [-] Starting a worker. concurrency: 1 args: {"network_create_args": {}, "port_create_args": {}, "ports_per_network": 5} times: 40 method_name: run timeout: 0 duration: None cls:
2019-06-17 02:58:23.946 30009 RALLYDEBUG rally.task.runner [-] Starting a worker. concurrency: 1 args: {"network_create_args": {}, "port_create_args": {}, "ports_per_network": 5} times: 40 method_name: run timeout: 0 duration: None cls:
2019-06-17 02:58:23.950 30003 INFO rally.task.runner [-] Task 250e0b68-8d18-4b96-b8ad-9efc8a18f25e | ITER: 14 START
2019-06-17 02:58:23.952 30003 WARNING rally_openstack.scenarios.neutron.utils [-] Running this scenario without either the 'network' or 'existing_network' context is deprecated
2019-06-17 02:58:23.953 30009 INFO rally.task.runner [-] Task 250e0b68-8d18-4b96-b8ad-9efc8a18f25e | ITER: 15 START
2019-06-17 02:58:23.955 30009 WARNING rally_openstack.scenarios.neutron.utils [-] Running this scenario without either the 'network' or 'existing_network' context is deprecated
2019-06-17 02:58:23.956 30011 RALLYDEBUG rally.task.runner [-] Starting a worker. concurrency: 1 args: {"network_create_args": {}, "port_create_args": {}, "ports_per_network": 5} times: 40 method_name: run timeout: 0 duration: None cls:
2019-06-17 02:58:23.963 30011 INFO rally.task.runner [-] Task 250e0b68-8d18-4b96-b8ad-9efc8a18f25e | ITER: 16 START
2019-06-17 02:58:23.965 30011 WARNING rally_openstack.scenarios.neutron.utils [-] Running this scenario without either the 'network' or 'existing_network' context is deprecated
2019-06-17 02:58:23.967 30015 RALLYDEBUG rally.task.runner [-] Starting a worker. concurrency: 1 args: {"network_create_args": {}, "port_create_args": {}, "ports_per_network": 5} times: 40 method_name: run timeout: 0 duration: None cls:
2019-06-17 02:58:23.967 30016 RALLYDEBUG rally.task.runner [-] Starting a worker. concurrency: 1 args: {"network_create_args": {}, "port_create_args": {}, "ports_per_network": 5} times: 40 method_name: run timeout: 0 duration: None cls:
2019-06-17 02:58:23.973 30015 INFO rally.task.runner [-] Task 250e0b68-8d18-4b96-b8ad-9efc8a18f25e | ITER: 17 START
2019-06-17 02:58:23.974 30016 INFO rally.task.runner [-] Task 250e0b68-8d18-4b96-b8ad-9efc8a18f25e | ITER: 18 START
2019-06-17 02:58:23.974 30019 RALLYDEBUG rally.task.runner [-] Starting a worker. concurrency: 1 args: {"network_create_args": {}, "port_create_args": {}, "ports_per_network": 5} times: 40 method_name: run timeout: 0 duration: None cls:
2019-06-17 02:58:23.975 30015 WARNING rally_openstack.scenarios.neutron.utils [-] Running this scenario without either the 'network' or 'existing_network' context is deprecated
2019-06-17 02:58:23.976 30016 WARNING rally_openstack.scenarios.neutron.utils [-] Running this scenario without either the 'network' or 'existing_network' context is deprecated
2019-06-17 02:58:23.979 30019 INFO rally.task.runner [-] Task 250e0b68-8d18-4b96-b8ad-9efc8a18f25e | ITER: 19 START
2019-06-17 02:58:23.980 30019 WARNING rally_openstack.scenarios.neutron.utils [-] Running this scenario without either the 'network' or 'existing_network' context is deprecated
2019-06-17 02:58:23.982 30024 RALLYDEBUG rally.task.runner [-] Starting a worker. concurrency: 1 args: {"network_create_args": {}, "port_create_args": {}, "ports_per_network": 5} times: 40 method_name: run timeout: 0 duration: None cls:
2019-06-17 02:58:23.987 30024 INFO rally.task.runner [-] Task 250e0b68-8d18-4b96-b8ad-9efc8a18f25e | ITER: 20 START
2019-06-17 02:58:23.988 30024 WARNING rally_openstack.scenarios.neutron.utils [-] Running this scenario without either the 'network' or 'existing_network' context is deprecated
2019-06-17 02:58:32.926 30000 INFO rally.task.runner [-] Task 250e0b68-8d18-4b96-b8ad-9efc8a18f25e | ITER: 13 END: OK
2019-06-17 02:58:32.930 30000 INFO rally.task.runner [-] Task 250e0b68-8d18-4b96-b8ad-9efc8a18f25e | ITER: 21 START
2019-06-17 02:58:32.931 30000 WARNING rally_openstack.scenarios.neutron.utils [-] Running this scenario without either the 'network' or 'existing_network' context is deprecated
2019-06-17 02:58:33.460 29978 INFO rally.task.runner [-] Task 250e0b68-8d18-4b96-b8ad-9efc8a18f25e | ITER: 2 END: OK
2019-06-17 02:58:33.462 30015 INFO rally.task.runner [-] Task 250e0b68-8d18-4b96-b8ad-9efc8a18f25e | ITER: 17 END: OK
2019-06-17 02:58:33.465 29978 INFO rally.task.runner [-] Task 250e0b68-8d18-4b96-b8ad-9efc8a18f25e | ITER: 22 START
2019-06-17 02:58:33.466 29978 WARNING rally_openstack.scenarios.neutron.utils [-] Running this scenario without either the 'network' or 'existing_network' context is deprecated
2019-06-17 02:58:33.467 30015 INFO rally.task.runner [-] Task 250e0b68-8d18-4b96-b8ad-9efc8a18f25e | ITER: 23 START
2019-06-17 02:58:33.468 30015 WARNING rally_openstack.scenarios.neutron.utils [-] Running this scenario without either the 'network' or 'existing_network' context is deprecated
2019-06-17 02:58:33.521 29979 INFO rally.task.runner [-] Task 250e0b68-8d18-4b96-b8ad-9efc8a18f25e | ITER: 4 END: OK
2019-06-17 02:58:33.526 29979 INFO rally.task.runner [-] Task 250e0b68-8d18-4b96-b8ad-9efc8a18f25e | ITER: 24 START
2019-06-17 02:58:33.526 29979 WARNING rally_openstack.scenarios.neutron.utils [-] Running this scenario without either the 'network' or 'existing_network' context is deprecated
2019-06-17 02:58:33.764 29991 INFO rally.task.runner [-] Task 250e0b68-8d18-4b96-b8ad-9efc8a18f25e | ITER: 11 END: OK
2019-06-17 02:58:33.769 29991 INFO rally.task.runner [-] Task 250e0b68-8d18-4b96-b8ad-9efc8a18f25e | ITER: 25 START
2019-06-17 02:58:33.769 29991 WARNING rally_openstack.scenarios.neutron.utils [-] Running this scenario without either the 'network' or 'existing_network' context is deprecated
2019-06-17 02:58:34.026 29979 INFO rally.task.runner [-] Task 250e0b68-8d18-4b96-b8ad-9efc8a18f25e | ITER: 7 END: OK
2019-06-17 02:58:34.030 29979 INFO rally.task.runner [-] Task 250e0b68-8d18-4b96-b8ad-9efc8a18f25e | ITER: 26 START
2019-06-17 02:58:34.031 29979 WARNING rally_openstack.scenarios.neutron.utils [-] Running this scenario without either the 'network' or 'existing_network' context is deprecated
2019-06-17 02:58:34.186 29980 INFO rally.task.runner [-] Task 250e0b68-8d18-4b96-b8ad-9efc8a18f25e | ITER: 8 END: OK
2019-06-17 02:58:34.191 29980 INFO rally.task.runner [-] Task 250e0b68-8d18-4b96-b8ad-9efc8a18f25e | ITER: 27 START
2019-06-17 02:58:34.192 29980 WARNING rally_openstack.scenarios.neutron.utils [-] Running this scenario without either the 'network' or 'existing_network' context is deprecated
2019-06-17 02:58:34.691 30009 INFO rally.task.runner [-] Task 250e0b68-8d18-4b96-b8ad-9efc8a18f25e | ITER: 15 END: OK
2019-06-17 02:58:34.696 30009 INFO rally.task.runner [-] Task 250e0b68-8d18-4b96-b8ad-9efc8a18f25e | ITER: 28 START
2019-06-17 02:58:34.696 30009 WARNING rally_openstack.scenarios.neutron.utils [-] Running this scenario without either the 'network' or 'existing_network' context is deprecated
2019-06-17 02:58:34.770 30011 INFO rally.task.runner [-] Task 250e0b68-8d18-4b96-b8ad-9efc8a18f25e | ITER: 16 END: OK
2019-06-17 02:58:34.775 30011 INFO rally.task.runner [-] Task 250e0b68-8d18-4b96-b8ad-9efc8a18f25e | ITER: 29 START
2019-06-17 02:58:34.776 30011 WARNING rally_openstack.scenarios.neutron.utils [-] Running this scenario without either the 'network' or 'existing_network' context is deprecated
2019-06-17 02:58:34.805 30016 INFO rally.task.runner [-] Task 250e0b68-8d18-4b96-b8ad-9efc8a18f25e | ITER: 18 END: OK
2019-06-17 02:58:34.810 30016 INFO rally.task.runner [-] Task 250e0b68-8d18-4b96-b8ad-9efc8a18f25e | ITER: 30 START
2019-06-17 02:58:34.811 30016 WARNING rally_openstack.scenarios.neutron.utils [-] Running this scenario without either the 'network' or 'existing_network' context is deprecated
2019-06-17 02:58:35.247 29978 INFO rally.task.runner [-] Task 250e0b68-8d18-4b96-b8ad-9efc8a18f25e | ITER: 5 END: OK
2019-06-17 02:58:35.252 29978 INFO rally.task.runner [-] Task 250e0b68-8d18-4b96-b8ad-9efc8a18f25e | ITER: 31 START
2019-06-17 02:58:35.252 29978 WARNING rally_openstack.scenarios.neutron.utils [-] Running this scenario without either the 'network' or 'existing_network' context is deprecated
2019-06-17 02:58:35.445 29987 INFO rally.task.runner [-] Task 250e0b68-8d18-4b96-b8ad-9efc8a18f25e | ITER: 10 END: OK
2019-06-17 02:58:35.449 29987 INFO rally.task.runner [-] Task 250e0b68-8d18-4b96-b8ad-9efc8a18f25e | ITER: 32 START
2019-06-17 02:58:35.450 29987 WARNING rally_openstack.scenarios.neutron.utils [-] Running this scenario without either the 'network' or 'existing_network' context is deprecated
2019-06-17 02:58:35.735 30024 INFO rally.task.runner [-] Task 250e0b68-8d18-4b96-b8ad-9efc8a18f25e | ITER: 20 END: OK
2019-06-17 02:58:35.740 30024 INFO rally.task.runner [-] Task 250e0b68-8d18-4b96-b8ad-9efc8a18f25e | ITER: 33 START
2019-06-17 02:58:35.741 30024 WARNING rally_openstack.scenarios.neutron.utils [-] Running this scenario without either the 'network' or 'existing_network' context is deprecated
2019-06-17 02:58:36.485 29977 INFO rally.task.runner [-] Task 250e0b68-8d18-4b96-b8ad-9efc8a18f25e | ITER: 3 END: OK
2019-06-17 02:58:36.490 29977 INFO rally.task.runner [-] Task 250e0b68-8d18-4b96-b8ad-9efc8a18f25e | ITER: 34 START
2019-06-17 02:58:36.490 29977 WARNING rally_openstack.scenarios.neutron.utils [-] Running this scenario without either the 'network' or 'existing_network' context is deprecated
2019-06-17 02:58:36.579 29982 INFO rally.task.runner [-] Task 250e0b68-8d18-4b96-b8ad-9efc8a18f25e | ITER: 9 END: OK
2019-06-17 02:58:36.584 29982 INFO rally.task.runner [-] Task 250e0b68-8d18-4b96-b8ad-9efc8a18f25e | ITER: 35 START
2019-06-17 02:58:36.585 29982 WARNING rally_openstack.scenarios.neutron.utils [-] Running this scenario without either the 'network' or 'existing_network' context is deprecated
2019-06-17 02:58:36.891 29994 INFO rally.task.runner [-] Task 250e0b68-8d18-4b96-b8ad-9efc8a18f25e | ITER: 12 END: OK
2019-06-17 02:58:36.896 29994 INFO rally.task.runner [-] Task 250e0b68-8d18-4b96-b8ad-9efc8a18f25e | ITER: 36 START
2019-06-17 02:58:36.897 29994 WARNING rally_openstack.scenarios.neutron.utils [-] Running this scenario without either the 'network' or 'existing_network' context is deprecated
2019-06-17 02:58:38.443 30003 INFO rally.task.runner [-] Task 250e0b68-8d18-4b96-b8ad-9efc8a18f25e | ITER: 14 END: OK
2019-06-17 02:58:38.447 30003 INFO rally.task.runner [-] Task 250e0b68-8d18-4b96-b8ad-9efc8a18f25e | ITER: 37 START
2019-06-17 02:58:38.448 30003 WARNING rally_openstack.scenarios.neutron.utils [-] Running this scenario without either the 'network' or 'existing_network' context is deprecated
2019-06-17 02:58:38.797 30019 INFO rally.task.runner [-] Task 250e0b68-8d18-4b96-b8ad-9efc8a18f25e | ITER: 19 END: OK
2019-06-17 02:58:38.802 30019 INFO rally.task.runner [-] Task 250e0b68-8d18-4b96-b8ad-9efc8a18f25e | ITER: 38 START
2019-06-17 02:58:38.803 30019 WARNING rally_openstack.scenarios.neutron.utils [-] Running this scenario without either the 'network' or 'existing_network' context is deprecated
2019-06-17 02:58:40.394 29977 INFO rally.task.runner [-] Task 250e0b68-8d18-4b96-b8ad-9efc8a18f25e | ITER: 1 END: OK
2019-06-17 02:58:40.398 29977 INFO rally.task.runner [-] Task 250e0b68-8d18-4b96-b8ad-9efc8a18f25e | ITER: 39 START
