2019-06-17 02:48:46.680 27830 WARNING rally_openstack.scenarios.neutron.utils [-] Running this scenario without either the 'network' or 'existing_network' context is deprecated
2019-06-17 02:48:46.674 27826 WARNING rally_openstack.scenarios.neutron.utils [-] Running this scenario without either the 'network' or 'existing_network' context is deprecated
2019-06-17 02:48:46.679 27828 INFO rally.task.runner [-] Task 250e0b68-8d18-4b96-b8ad-9efc8a18f25e | ITER: 8 START
2019-06-17 02:48:46.681 27828 WARNING rally_openstack.scenarios.neutron.utils [-] Running this scenario without either the 'network' or 'existing_network' context is deprecated
2019-06-17 02:48:46.684 27842 RALLYDEBUG rally.task.runner [-] Starting a worker. concurrency: 1 args: {"network_create_args": {}, "subnet_create_args": {}, "subnet_cidr_start": "1.1.0.0/30", "subnets_per_network": 2} times: 40 method_name: run timeout: 0 duration: None cls:
2019-06-17 02:48:46.684 27840 RALLYDEBUG rally.task.runner [-] Starting a worker. concurrency: 1 args: {"network_create_args": {}, "subnet_create_args": {}, "subnet_cidr_start": "1.1.0.0/30", "subnets_per_network": 2} times: 40 method_name: run timeout: 0 duration: None cls:
2019-06-17 02:48:46.686 27837 INFO rally.task.runner [-] Task 250e0b68-8d18-4b96-b8ad-9efc8a18f25e | ITER: 11 START
2019-06-17 02:48:46.687 27827 INFO rally.task.runner [-] Task 250e0b68-8d18-4b96-b8ad-9efc8a18f25e | ITER: 7 START
2019-06-17 02:48:46.688 27837 WARNING rally_openstack.scenarios.neutron.utils [-] Running this scenario without either the 'network' or 'existing_network' context is deprecated
2019-06-17 02:48:46.688 27827 WARNING rally_openstack.scenarios.neutron.utils [-] Running this scenario without either the 'network' or 'existing_network' context is deprecated
2019-06-17 02:48:46.688 27847 RALLYDEBUG rally.task.runner [-] Starting a worker. concurrency: 1 args: {"network_create_args": {}, "subnet_create_args": {}, "subnet_cidr_start": "1.1.0.0/30", "subnets_per_network": 2} times: 40 method_name: run timeout: 0 duration: None cls:
2019-06-17 02:48:46.682 27828 WARNING rally_openstack.scenarios.neutron.utils [-] Running this scenario without either the 'network' or 'existing_network' context is deprecated
2019-06-17 02:48:46.691 27850 RALLYDEBUG rally.task.runner [-] Starting a worker. concurrency: 1 args: {"network_create_args": {}, "subnet_create_args": {}, "subnet_cidr_start": "1.1.0.0/30", "subnets_per_network": 2} times: 40 method_name: run timeout: 0 duration: None cls:
2019-06-17 02:48:46.693 27840 INFO rally.task.runner [-] Task 250e0b68-8d18-4b96-b8ad-9efc8a18f25e | ITER: 13 START
2019-06-17 02:48:46.695 27840 WARNING rally_openstack.scenarios.neutron.utils [-] Running this scenario without either the 'network' or 'existing_network' context is deprecated
2019-06-17 02:48:46.695 27842 INFO rally.task.runner [-] Task 250e0b68-8d18-4b96-b8ad-9efc8a18f25e | ITER: 12 START
2019-06-17 02:48:46.696 27847 INFO rally.task.runner [-] Task 250e0b68-8d18-4b96-b8ad-9efc8a18f25e | ITER: 14 START
2019-06-17 02:48:46.696 27832 INFO rally.task.runner [-] Task 250e0b68-8d18-4b96-b8ad-9efc8a18f25e | ITER: 10 START
2019-06-17 02:48:46.697 27842 WARNING rally_openstack.scenarios.neutron.utils [-] Running this scenario without either the 'network' or 'existing_network' context is deprecated
2019-06-17 02:48:46.698 27832 WARNING rally_openstack.scenarios.neutron.utils [-] Running this scenario without either the 'network' or 'existing_network' context is deprecated
2019-06-17 02:48:46.699 27847 WARNING rally_openstack.scenarios.neutron.utils [-] Running this scenario without either the 'network' or 'existing_network' context is deprecated
2019-06-17 02:48:46.699 27854 RALLYDEBUG rally.task.runner [-] Starting a worker. concurrency: 1 args: {"network_create_args": {}, "subnet_create_args": {}, "subnet_cidr_start": "1.1.0.0/30", "subnets_per_network": 2} times: 40 method_name: run timeout: 0 duration: None cls:
2019-06-17 02:48:46.700 27855 RALLYDEBUG rally.task.runner [-] Starting a worker. concurrency: 1 args: {"network_create_args": {}, "subnet_create_args": {}, "subnet_cidr_start": "1.1.0.0/30", "subnets_per_network": 2} times: 40 method_name: run timeout: 0 duration: None cls:
2019-06-17 02:48:46.700 27860 RALLYDEBUG rally.task.runner [-] Starting a worker. concurrency: 1 args: {"network_create_args": {}, "subnet_create_args": {}, "subnet_cidr_start": "1.1.0.0/30", "subnets_per_network": 2} times: 40 method_name: run timeout: 0 duration: None cls:
2019-06-17 02:48:46.701 27850 INFO rally.task.runner [-] Task 250e0b68-8d18-4b96-b8ad-9efc8a18f25e | ITER: 15 START
2019-06-17 02:48:46.703 27850 WARNING rally_openstack.scenarios.neutron.utils [-] Running this scenario without either the 'network' or 'existing_network' context is deprecated
2019-06-17 02:48:46.707 27854 INFO rally.task.runner [-] Task 250e0b68-8d18-4b96-b8ad-9efc8a18f25e | ITER: 16 START
2019-06-17 02:48:46.707 27860 INFO rally.task.runner [-] Task 250e0b68-8d18-4b96-b8ad-9efc8a18f25e | ITER: 18 START
2019-06-17 02:48:46.709 27854 WARNING rally_openstack.scenarios.neutron.utils [-] Running this scenario without either the 'network' or 'existing_network' context is deprecated
2019-06-17 02:48:46.709 27860 WARNING rally_openstack.scenarios.neutron.utils [-] Running this scenario without either the 'network' or 'existing_network' context is deprecated
2019-06-17 02:48:46.711 27855 INFO rally.task.runner [-] Task 250e0b68-8d18-4b96-b8ad-9efc8a18f25e | ITER: 17 START
2019-06-17 02:48:46.712 27855 WARNING rally_openstack.scenarios.neutron.utils [-] Running this scenario without either the 'network' or 'existing_network' context is deprecated
2019-06-17 02:48:46.725 27871 RALLYDEBUG rally.task.runner [-] Starting a worker. concurrency: 1 args: {"network_create_args": {}, "subnet_create_args": {}, "subnet_cidr_start": "1.1.0.0/30", "subnets_per_network": 2} times: 40 method_name: run timeout: 0 duration: None cls:
2019-06-17 02:48:46.730 27872 RALLYDEBUG rally.task.runner [-] Starting a worker. concurrency: 1 args: {"network_create_args": {}, "subnet_create_args": {}, "subnet_cidr_start": "1.1.0.0/30", "subnets_per_network": 2} times: 40 method_name: run timeout: 0 duration: None cls:
2019-06-17 02:48:46.731 27871 INFO rally.task.runner [-] Task 250e0b68-8d18-4b96-b8ad-9efc8a18f25e | ITER: 19 START
2019-06-17 02:48:46.733 27871 WARNING rally_openstack.scenarios.neutron.utils [-] Running this scenario without either the 'network' or 'existing_network' context is deprecated
2019-06-17 02:48:46.736 27872 INFO rally.task.runner [-] Task 250e0b68-8d18-4b96-b8ad-9efc8a18f25e | ITER: 20 START
2019-06-17 02:48:46.737 27872 WARNING rally_openstack.scenarios.neutron.utils [-] Running this scenario without either the 'network' or 'existing_network' context is deprecated
2019-06-17 02:48:47.468 27847 RALLYDEBUG rally_openstack.wrappers.network [-] CIDR generated: 1.1.4.96/30
2019-06-17 02:48:47.580 27840 RALLYDEBUG rally_openstack.wrappers.network [-] CIDR generated: 1.1.4.100/30
2019-06-17 02:48:47.591 27832 RALLYDEBUG rally_openstack.wrappers.network [-] CIDR generated: 1.1.4.104/30
2019-06-17 02:48:47.649 27827 RALLYDEBUG rally_openstack.wrappers.network [-] CIDR generated: 1.1.4.108/30
2019-06-17 02:48:47.728 27830 RALLYDEBUG rally_openstack.wrappers.network [-] CIDR generated: 1.1.4.112/30
2019-06-17 02:48:47.750 27837 RALLYDEBUG rally_openstack.wrappers.network [-] CIDR generated: 1.1.4.116/30
2019-06-17 02:48:47.767 27850 RALLYDEBUG rally_openstack.wrappers.network [-] CIDR generated: 1.1.4.120/30
2019-06-17 02:48:47.808 27826 RALLYDEBUG rally_openstack.wrappers.network [-] CIDR generated: 1.1.4.124/30
2019-06-17 02:48:47.843 27855 RALLYDEBUG rally_openstack.wrappers.network [-] CIDR generated: 1.1.4.128/30
2019-06-17 02:48:47.851 27828 RALLYDEBUG rally_openstack.wrappers.network [-] CIDR generated: 1.1.4.132/30
2019-06-17 02:48:47.854 27825 RALLYDEBUG rally_openstack.wrappers.network [-] CIDR generated: 1.1.4.136/30
2019-06-17 02:48:47.886 27825 RALLYDEBUG rally_openstack.wrappers.network [-] CIDR generated: 1.1.4.140/30
2019-06-17 02:48:47.963 27842 RALLYDEBUG rally_openstack.wrappers.network [-] CIDR generated: 1.1.4.144/30
2019-06-17 02:48:47.967 27826 RALLYDEBUG rally_openstack.wrappers.network [-] CIDR generated: 1.1.4.148/30
2019-06-17 02:48:48.014 27860 RALLYDEBUG rally_openstack.wrappers.network [-] CIDR generated: 1.1.4.152/30
2019-06-17 02:48:48.081 27871 RALLYDEBUG rally_openstack.wrappers.network [-] CIDR generated: 1.1.4.156/30
2019-06-17 02:48:48.114 27828 RALLYDEBUG rally_openstack.wrappers.network [-] CIDR generated: 1.1.4.160/30
2019-06-17 02:48:48.160 27872 RALLYDEBUG rally_openstack.wrappers.network [-] CIDR generated: 1.1.4.164/30
2019-06-17 02:48:48.199 27854 RALLYDEBUG rally_openstack.wrappers.network [-] CIDR generated: 1.1.4.168/30
2019-06-17 02:48:48.327 27827 RALLYDEBUG rally_openstack.wrappers.network [-] CIDR generated: 1.1.4.172/30
2019-06-17 02:48:48.765 27826 RALLYDEBUG rally_openstack.wrappers.network [-] CIDR generated: 1.1.4.176/30
2019-06-17 02:48:48.819 27826 RALLYDEBUG rally_openstack.wrappers.network [-] CIDR generated: 1.1.4.180/30
2019-06-17 02:48:48.992 27825 RALLYDEBUG rally_openstack.wrappers.network [-] CIDR generated: 1.1.4.184/30
2019-06-17 02:48:49.112 27855 RALLYDEBUG rally_openstack.wrappers.network [-] CIDR generated: 1.1.4.188/30
2019-06-17 02:48:49.160 27827 RALLYDEBUG rally_openstack.wrappers.network [-] CIDR generated: 1.1.4.192/30
2019-06-17 02:48:49.298 27850 RALLYDEBUG rally_openstack.wrappers.network [-] CIDR generated: 1.1.4.196/30
2019-06-17 02:48:49.413 27847 RALLYDEBUG rally_openstack.wrappers.network [-] CIDR generated: 1.1.4.200/30
2019-06-17 02:48:49.457 27860 RALLYDEBUG rally_openstack.wrappers.network [-] CIDR generated: 1.1.4.204/30
2019-06-17 02:48:49.614 27832 RALLYDEBUG rally_openstack.wrappers.network [-] CIDR generated: 1.1.4.208/30
2019-06-17 02:48:49.704 27872 RALLYDEBUG rally_openstack.wrappers.network [-] CIDR generated: 1.1.4.212/30
2019-06-17 02:48:49.897 27871 RALLYDEBUG rally_openstack.wrappers.network [-] CIDR generated: 1.1.4.216/30
2019-06-17 02:48:50.010 27830 RALLYDEBUG rally_openstack.wrappers.network [-] CIDR generated: 1.1.4.220/30
2019-06-17 02:48:50.067 27828 RALLYDEBUG rally_openstack.wrappers.network [-] CIDR generated: 1.1.4.224/30
2019-06-17 02:48:50.219 27827 RALLYDEBUG rally_openstack.wrappers.network [-] CIDR generated: 1.1.4.228/30
2019-06-17 02:48:50.364 27840 RALLYDEBUG rally_openstack.wrappers.network [-] CIDR generated: 1.1.4.232/30
2019-06-17 02:48:50.578 27854 RALLYDEBUG rally_openstack.wrappers.network [-] CIDR generated: 1.1.4.236/30
2019-06-17 02:48:50.608 27828 RALLYDEBUG rally_openstack.wrappers.network [-] CIDR generated: 1.1.4.240/30
2019-06-17 02:48:50.612 27825 RALLYDEBUG rally_openstack.wrappers.network [-] CIDR generated: 1.1.4.244/30
2019-06-17 02:48:50.963 27837 RALLYDEBUG rally_openstack.wrappers.network [-] CIDR generated: 1.1.4.248/30
2019-06-17 02:48:51.469 27842 RALLYDEBUG rally_openstack.wrappers.network [-] CIDR generated: 1.1.4.252/30
2019-06-17 02:48:53.349 27830 INFO rally.task.runner [-] Task 250e0b68-8d18-4b96-b8ad-9efc8a18f25e | ITER: 9 END: OK
2019-06-17 02:48:53.354 27830 INFO rally.task.runner [-] Task 250e0b68-8d18-4b96-b8ad-9efc8a18f25e | ITER: 21 START
2019-06-17 02:48:53.354 27830 WARNING rally_openstack.scenarios.neutron.utils [-] Running this scenario without either the 'network' or 'existing_network' context is deprecated
2019-06-17 02:48:53.467 27826 INFO rally.task.runner [-] Task 250e0b68-8d18-4b96-b8ad-9efc8a18f25e | ITER: 5 END: OK
2019-06-17 02:48:53.471 27826 INFO rally.task.runner [-] Task 250e0b68-8d18-4b96-b8ad-9efc8a18f25e | ITER: 22 START
2019-06-17 02:48:53.472 27826 WARNING rally_openstack.scenarios.neutron.utils [-] Running this scenario without either the 'network' or 'existing_network' context is deprecated
2019-06-17 02:48:54.133 27830 RALLYDEBUG rally_openstack.wrappers.network [-] CIDR generated: 1.1.5.0/30
2019-06-17 02:48:54.229 27827 INFO rally.task.runner [-] Task 250e0b68-8d18-4b96-b8ad-9efc8a18f25e | ITER: 7 END: OK
2019-06-17 02:48:54.233 27827 INFO rally.task.runner [-] Task 250e0b68-8d18-4b96-b8ad-9efc8a18f25e | ITER: 23 START
2019-06-17 02:48:54.234 27827 WARNING rally_openstack.scenarios.neutron.utils [-] Running this scenario without either the 'network' or 'existing_network' context is deprecated
2019-06-17 02:48:54.324 27847 INFO rally.task.runner [-] Task 250e0b68-8d18-4b96-b8ad-9efc8a18f25e | ITER: 14 END: OK
2019-06-17 02:48:54.328 27847 INFO rally.task.runner [-] Task 250e0b68-8d18-4b96-b8ad-9efc8a18f25e | ITER: 24 START
2019-06-17 02:48:54.329 27847 WARNING rally_openstack.scenarios.neutron.utils [-] Running this scenario without either the 'network' or 'existing_network' context is deprecated
2019-06-17 02:48:54.377 27826 RALLYDEBUG rally_openstack.wrappers.network [-] CIDR generated: 1.1.5.4/30
2019-06-17 02:48:54.389 27825 INFO rally.task.runner [-] Task 250e0b68-8d18-4b96-b8ad-9efc8a18f25e | ITER: 1 END: OK
2019-06-17 02:48:54.393 27825 INFO rally.task.runner [-] Task 250e0b68-8d18-4b96-b8ad-9efc8a18f25e | ITER: 25 START
2019-06-17 02:48:54.394 27825 WARNING rally_openstack.scenarios.neutron.utils [-] Running this scenario without either the 'network' or 'existing_network' context is deprecated
2019-06-17 02:48:54.669 27828 INFO rally.task.runner [-] Task 250e0b68-8d18-4b96-b8ad-9efc8a18f25e | ITER: 6 END: OK
2019-06-17 02:48:54.673 27828 INFO rally.task.runner [-] Task 250e0b68-8d18-4b96-b8ad-9efc8a18f25e | ITER: 26 START
2019-06-17 02:48:54.674 27828 WARNING rally_openstack.scenarios.neutron.utils [-] Running this scenario without either the 'network' or 'existing_network' context is deprecated
2019-06-17 02:48:54.956 27840 INFO rally.task.runner [-] Task 250e0b68-8d18-4b96-b8ad-9efc8a18f25e | ITER: 13 END: OK
2019-06-17 02:48:54.960 27840 INFO rally.task.runner [-] Task 250e0b68-8d18-4b96-b8ad-9efc8a18f25e | ITER: 27 START
2019-06-17 02:48:54.961 27840 WARNING rally_openstack.scenarios.neutron.utils [-] Running this scenario without either the 'network' or 'existing_network' context is deprecated
2019-06-17 02:48:55.075 27860 INFO rally.task.runner [-] Task 250e0b68-8d18-4b96-b8ad-9efc8a18f25e | ITER: 18 END: OK
2019-06-17 02:48:55.080 27860 INFO rally.task.runner [-] Task 250e0b68-8d18-4b96-b8ad-9efc8a18f25e | ITER: 28 START
2019-06-17 02:48:55.080 27860 WARNING rally_openstack.scenarios.neutron.utils [-] Running this scenario without either the 'network' or 'existing_network' context is deprecated
2019-06-17 02:48:55.140 27850 INFO rally.task.runner [-] Task 250e0b68-8d18-4b96-b8ad-9efc8a18f25e | ITER: 15 END: OK
2019-06-17 02:48:55.145 27850 INFO rally.task.runner [-] Task 250e0b68-8d18-4b96-b8ad-9efc8a18f25e | ITER: 29 START
2019-06-17 02:48:55.145 27850 WARNING rally_openstack.scenarios.neutron.utils [-] Running this scenario without either the 'network' or 'existing_network' context is deprecated
2019-06-17 02:48:55.223 27825 RALLYDEBUG rally_openstack.wrappers.network [-] CIDR generated: 1.1.5.8/30
2019-06-17 02:48:55.330 27837 INFO rally.task.runner [-] Task 250e0b68-8d18-4b96-b8ad-9efc8a18f25e | ITER: 11 END: OK
2019-06-17 02:48:55.334 27837 INFO rally.task.runner [-] Task 250e0b68-8d18-4b96-b8ad-9efc8a18f25e | ITER: 30 START
2019-06-17 02:48:55.335 27837 WARNING rally_openstack.scenarios.neutron.utils [-] Running this scenario without either the 'network' or 'existing_network' context is deprecated
2019-06-17 02:48:55.439 27855 INFO rally.task.runner [-] Task 250e0b68-8d18-4b96-b8ad-9efc8a18f25e | ITER: 17 END: OK
2019-06-17 02:48:55.444 27855 INFO rally.task.runner [-] Task 250e0b68-8d18-4b96-b8ad-9efc8a18f25e | ITER: 31 START
2019-06-17 02:48:55.445 27855 WARNING rally_openstack.scenarios.neutron.utils [-] Running this scenario without either the 'network' or 'existing_network' context is deprecated
2019-06-17 02:48:55.474 27828 RALLYDEBUG rally_openstack.wrappers.network [-] CIDR generated: 1.1.5.12/30
2019-06-17 02:48:55.510 27847 RALLYDEBUG rally_openstack.wrappers.network [-] CIDR generated: 1.1.5.16/30
2019-06-17 02:48:55.739 27830 RALLYDEBUG rally_openstack.wrappers.network [-] CIDR generated: 1.1.5.20/30
2019-06-17 02:48:55.740 27826 RALLYDEBUG rally_openstack.wrappers.network [-] CIDR generated: 1.1.5.24/30
2019-06-17 02:48:55.863 27840 RALLYDEBUG rally_openstack.wrappers.network [-] CIDR generated: 1.1.5.28/30
2019-06-17 02:48:55.934 27854 INFO rally.task.runner [-] Task 250e0b68-8d18-4b96-b8ad-9efc8a18f25e | ITER: 16 END: OK
2019-06-17 02:48:55.939 27854 INFO rally.task.runner [-] Task 250e0b68-8d18-4b96-b8ad-9efc8a18f25e | ITER: 32 START
2019-06-17 02:48:55.939 27854 WARNING rally_openstack.scenarios.neutron.utils [-] Running this scenario without either the 'network' or 'existing_network' context is deprecated
2019-06-17 02:48:56.038 27827 RALLYDEBUG rally_openstack.wrappers.network [-] CIDR generated: 1.1.5.32/30
2019-06-17 02:48:56.062 27860 RALLYDEBUG rally_openstack.wrappers.network [-] CIDR generated: 1.1.5.36/30
2019-06-17 02:48:56.184 27825 RALLYDEBUG rally_openstack.wrappers.network [-] CIDR generated: 1.1.5.40/30
2019-06-17 02:48:56.394 27837 RALLYDEBUG rally_openstack.wrappers.network [-] CIDR generated: 1.1.5.44/30
2019-06-17 02:48:56.662 27842 INFO rally.task.runner [-] Task 250e0b68-8d18-4b96-b8ad-9efc8a18f25e | ITER: 12 END: OK
2019-06-17 02:48:56.667 27842 INFO rally.task.runner [-] Task 250e0b68-8d18-4b96-b8ad-9efc8a18f25e | ITER: 33 START
2019-06-17 02:48:56.667 27842 WARNING rally_openstack.scenarios.neutron.utils [-] Running this scenario without either the 'network' or 'existing_network' context is deprecated
2019-06-17 02:48:56.876 27854 RALLYDEBUG rally_openstack.wrappers.network [-] CIDR generated: 1.1.5.48/30
2019-06-17 02:48:57.022 27860 RALLYDEBUG rally_openstack.wrappers.network [-] CIDR generated: 1.1.5.52/30
2019-06-17 02:48:57.068 27847 RALLYDEBUG rally_openstack.wrappers.network [-] CIDR generated: 1.1.5.56/30
2019-06-17 02:48:57.155 27826 INFO rally.task.runner [-] Task 250e0b68-8d18-4b96-b8ad-9efc8a18f25e | ITER: 2 END: OK
2019-06-17 02:48:57.160 27826 INFO rally.task.runner [-] Task 250e0b68-8d18-4b96-b8ad-9efc8a18f25e | ITER: 34 START
2019-06-17 02:48:57.160 27826 WARNING rally_openstack.scenarios.neutron.utils [-] Running this scenario without either the 'network' or 'existing_network' context is deprecated
2019-06-17 02:48:57.210 27855 RALLYDEBUG rally_openstack.wrappers.network [-] CIDR generated: 1.1.5.60/30
2019-06-17 02:48:57.274 27840 RALLYDEBUG rally_openstack.wrappers.network [-] CIDR generated: 1.1.5.64/30
2019-06-17 02:48:57.294 27842 RALLYDEBUG rally_openstack.wrappers.network [-] CIDR generated: 1.1.5.68/30
2019-06-17 02:48:57.577 27827 INFO rally.task.runner [-] Task 250e0b68-8d18-4b96-b8ad-9efc8a18f25e | ITER: 4 END: OK
2019-06-17 02:48:57.581 27827 INFO rally.task.runner [-] Task 250e0b68-8d18-4b96-b8ad-9efc8a18f25e | ITER: 35 START
2019-06-17 02:48:57.582 27827 WARNING rally_openstack.scenarios.neutron.utils [-] Running this scenario without either the 'network' or 'existing_network' context is deprecated
2019-06-17 02:48:57.720 27828 INFO rally.task.runner [-] Task 250e0b68-8d18-4b96-b8ad-9efc8a18f25e | ITER: 8 END: OK
2019-06-17 02:48:57.724 27828 INFO rally.task.runner [-] Task 250e0b68-8d18-4b96-b8ad-9efc8a18f25e | ITER: 36 START
2019-06-17 02:48:57.725 27828 WARNING rally_openstack.scenarios.neutron.utils [-] Running this scenario without either the 'network' or 'existing_network' context is deprecated
2019-06-17 02:48:57.729 27826 RALLYDEBUG rally_openstack.wrappers.network [-] CIDR generated: 1.1.5.72/30
2019-06-17 02:48:57.843 27850 RALLYDEBUG rally_openstack.wrappers.network [-] CIDR generated: 1.1.5.76/30
2019-06-17 02:48:57.866 27872 INFO rally.task.runner [-] Task 250e0b68-8d18-4b96-b8ad-9efc8a18f25e | ITER: 20 END: OK
2019-06-17 02:48:57.872 27872 INFO rally.task.runner [-] Task 250e0b68-8d18-4b96-b8ad-9efc8a18f25e | ITER: 37 START
2019-06-17 02:48:57.873 27872 WARNING rally_openstack.scenarios.neutron.utils [-] Running this scenario without either the 'network' or 'existing_network' context is deprecated
2019-06-17 02:48:58.059 27855 RALLYDEBUG rally_openstack.wrappers.network [-] CIDR generated: 1.1.5.80/30
2019-06-17 02:48:58.514 27842 RALLYDEBUG rally_openstack.wrappers.network [-] CIDR generated: 1.1.5.84/30
2019-06-17 02:48:58.546 27825 INFO rally.task.runner [-] Task 250e0b68-8d18-4b96-b8ad-9efc8a18f25e | ITER: 3 END: OK
2019-06-17 02:48:58.550 27825 INFO rally.task.runner [-] Task 250e0b68-8d18-4b96-b8ad-9efc8a18f25e | ITER: 38 START
2019-06-17 02:48:58.551 27825 WARNING rally_openstack.scenarios.neutron.utils [-] Running this scenario without either the 'network' or 'existing_network' context is deprecated
2019-06-17 02:48:58.589 27872 RALLYDEBUG rally_openstack.wrappers.network [-] CIDR generated: 1.1.5.88/30
2019-06-17 02:48:58.762 27871 INFO rally.task.runner [-] Task 250e0b68-8d18-4b96-b8ad-9efc8a18f25e | ITER: 19 END: OK
2019-06-17 02:48:58.766 27871 INFO rally.task.runner [-] Task 250e0b68-8d18-4b96-b8ad-9efc8a18f25e | ITER: 39 START
2019-06-17 02:48:58.767 27871 WARNING rally_openstack.scenarios.neutron.utils [-] Running this scenario without either the 'network' or 'existing_network' context is deprecated
2019-06-17 02:48:58.826 27827 RALLYDEBUG rally_openstack.wrappers.network [-] CIDR generated: 1.1.5.92/30
2019-06-17 02:48:58.885 27828 RALLYDEBUG rally_openstack.wrappers.network [-] CIDR generated: 1.1.5.96/30
2019-06-17 02:48:58.921 27850 RALLYDEBUG rally_openstack.wrappers.network [-] CIDR generated: 1.1.5.100/30
2019-06-17 02:48:59.138 27825 RALLYDEBUG rally_openstack.wrappers.network [-] CIDR generated: 1.1.5.104/30
2019-06-17 02:48:59.389 27871 RALLYDEBUG rally_openstack.wrappers.network [-] CIDR generated: 1.1.5.108/30
2019-06-17 02:48:59.442 27832 INFO rally.task.runner [-] Task 250e0b68-8d18-4b96-b8ad-9efc8a18f25e | ITER: 10 END: OK
2019-06-17 02:48:59.447 27832 INFO rally.task.runner [-] Task 250e0b68-8d18-4b96-b8ad-9efc8a18f25e | ITER: 40 START
2019-06-17 02:48:59.448 27832 WARNING rally_openstack.scenarios.neutron.utils [-] Running this scenario without either the 'network' or 'existing_network' context is deprecated
2019-06-17 02:48:59.631 27854 RALLYDEBUG rally_openstack.wrappers.network [-] CIDR generated: 1.1.5.112/30
2019-06-17 02:49:00.029 27832 RALLYDEBUG rally_openstack.wrappers.network [-] CIDR generated: 1.1.5.116/30
2019-06-17 02:49:00.437 27847 INFO rally.task.runner [-] Task 250e0b68-8d18-4b96-b8ad-9efc8a18f25e | ITER: 24 END: OK
2019-06-17 02:49:00.500 27828 RALLYDEBUG rally_openstack.wrappers.network [-] CIDR generated: 1.1.5.120/30
2019-06-17 02:49:00.632 27827 RALLYDEBUG rally_openstack.wrappers.network [-] CIDR generated: 1.1.5.124/30
2019-06-17 02:49:00.687 27837 RALLYDEBUG rally_openstack.wrappers.network [-] CIDR generated: 1.1.5.128/30
2019-06-17 02:49:00.786 27871 RALLYDEBUG rally_openstack.wrappers.network [-] CIDR generated: 1.1.5.132/30
2019-06-17 02:49:00.896 27855 INFO rally.task.runner [-] Task 250e0b68-8d18-4b96-b8ad-9efc8a18f25e | ITER: 31 END: OK
2019-06-17 02:49:01.272 27827 RALLYDEBUG rally_openstack.wrappers.network [-] CIDR generated: 1.1.5.136/30
2019-06-17 02:49:01.726 27842 INFO rally.task.runner [-] Task 250e0b68-8d18-4b96-b8ad-9efc8a18f25e | ITER: 33 END: OK
2019-06-17 02:49:02.607 27826 RALLYDEBUG rally_openstack.wrappers.network [-] CIDR generated: 1.1.5.140/30
2019-06-17 02:49:02.744 27872 RALLYDEBUG rally_openstack.wrappers.network [-] CIDR generated: 1.1.5.144/30
2019-06-17 02:49:02.792 27860 INFO rally.task.runner [-] Task 250e0b68-8d18-4b96-b8ad-9efc8a18f25e | ITER: 28 END: OK
2019-06-17 02:49:02.900 27830 INFO rally.task.runner [-] Task 250e0b68-8d18-4b96-b8ad-9efc8a18f25e | ITER: 21 END: OK
2019-06-17 02:49:02.955 27828 RALLYDEBUG rally_openstack.wrappers.network [-] CIDR generated: 1.1.5.148/30
2019-06-17 02:49:03.051 27825 RALLYDEBUG rally_openstack.wrappers.network [-] CIDR generated: 1.1.5.152/30
2019-06-17 02:49:03.331 27826 INFO rally.task.runner [-] Task 250e0b68-8d18-4b96-b8ad-9efc8a18f25e | ITER: 22 END: OK
2019-06-17 02:49:03.412 27825 INFO rally.task.runner [-] Task 250e0b68-8d18-4b96-b8ad-9efc8a18f25e | ITER: 25 END: OK
2019-06-17 02:49:03.494 27832 RALLYDEBUG rally_openstack.wrappers.network [-] CIDR generated: 1.1.5.156/30
2019-06-17 02:49:03.723 27837 INFO rally.task.runner [-] Task 250e0b68-8d18-4b96-b8ad-9efc8a18f25e | ITER: 30 END: OK
2019-06-17 02:49:03.985 27850 INFO rally.task.runner [-] Task 250e0b68-8d18-4b96-b8ad-9efc8a18f25e | ITER: 29 END: OK
2019-06-17 02:49:04.062 27828 INFO rally.task.runner [-] Task 250e0b68-8d18-4b96-b8ad-9efc8a18f25e | ITER: 26 END: OK
2019-06-17 02:49:05.293 27872 INFO rally.task.runner [-] Task 250e0b68-8d18-4b96-b8ad-9efc8a18f25e | ITER: 37 END: OK
2019-06-17 02:49:05.300 27827 INFO rally.task.runner [-] Task 250e0b68-8d18-4b96-b8ad-9efc8a18f25e | ITER: 35 END: OK
2019-06-17 02:49:05.707 27840 INFO rally.task.runner [-] Task 250e0b68-8d18-4b96-b8ad-9efc8a18f25e | ITER: 27 END: OK
2019-06-17 02:49:05.712 27825 INFO rally.task.runner [-] Task 250e0b68-8d18-4b96-b8ad-9efc8a18f25e | ITER: 38 END: OK
2019-06-17 02:49:05.939 27854 INFO rally.task.runner [-] Task 250e0b68-8d18-4b96-b8ad-9efc8a18f25e | ITER: 32 END: OK
2019-06-17 02:49:06.465 27871 INFO rally.task.runner [-] Task 250e0b68-8d18-4b96-b8ad-9efc8a18f25e | ITER: 39 END: OK
2019-06-17 02:49:06.924 27826 INFO rally.task.runner [-] Task 250e0b68-8d18-4b96-b8ad-9efc8a18f25e | ITER: 34 END: OK
2019-06-17 02:49:07.184 27827 INFO rally.task.runner [-] Task 250e0b68-8d18-4b96-b8ad-9efc8a18f25e | ITER: 23 END: OK
2019-06-17 02:49:07.258 27832 INFO rally.task.runner [-] Task 250e0b68-8d18-4b96-b8ad-9efc8a18f25e | ITER: 40 END: OK
2019-06-17 02:49:07.478 27828 INFO rally.task.runner [-] Task 250e0b68-8d18-4b96-b8ad-9efc8a18f25e | ITER: 36 END: OK
2019-06-17 02:49:07.504 25731 INFO rally.task.context [-] Task 250e0b68-8d18-4b96-b8ad-9efc8a18f25e | Context cleanup@openstack cleanup() started
2019-06-17 02:49:07.507 25731 RALLYDEBUG rally_openstack.cleanup.manager [-] Cleaning up neutron vip objects
2019-06-17 02:49:07.916 25731 RALLYDEBUG rally_openstack.cleanup.manager [-] Cleaning up neutron health_monitor objects
2019-06-17 02:49:08.297 25731 RALLYDEBUG rally_openstack.cleanup.manager [-] Cleaning up neutron pool objects
2019-06-17 02:49:08.694 25731 RALLYDEBUG rally_openstack.cleanup.manager [-] Cleaning up neutron loadbalancer objects
2019-06-17 02:49:09.078 25731 RALLYDEBUG rally_openstack.cleanup.manager [-] Cleaning up neutron floatingip objects
2019-06-17 02:49:09.505 25731 RALLYDEBUG rally_openstack.cleanup.manager [-] Cleaning up neutron port objects
2019-06-17 02:49:09.984 25731 RALLYDEBUG rally_openstack.cleanup.manager [-] Cleaning up neutron subnet objects
2019-06-17 02:49:10.410 25731 RALLYDEBUG rally_openstack.cleanup.manager [-] Cleaning up neutron network objects
2019-06-17 02:49:10.929 25731 RALLYDEBUG rally_openstack.cleanup.manager [-] Deleting neutron.network object s_rally_9fce9ffb_f7F3ePWZ (060091b8-0f30-4e4a-bacf-903a11dec0c7)
2019-06-17 02:49:10.937 25731 RALLYDEBUG rally_openstack.cleanup.manager [-] Deleting neutron.network object s_rally_9fce9ffb_2gTf4SKL (0d129192-5e66-4420-97fd-2fa86fc78dba)
2019-06-17 02:49:10.945 25731 RALLYDEBUG rally_openstack.cleanup.manager [-] Deleting neutron.network object s_rally_9fce9ffb_CSDn0yTk (122a03c5-2d96-4bd5-b953-e7175c622838)
2019-06-17 02:49:10.963 25731 RALLYDEBUG rally_openstack.cleanup.manager [-] Deleting neutron.network object s_rally_9fce9ffb_ZXPPUjYT (18dd8adc-2c24-4b5e-82db-b4777e6b6acb)
2019-06-17 02:49:10.965 25731 RALLYDEBUG rally_openstack.cleanup.manager [-] Deleting neutron.network object s_rally_9fce9ffb_srLIc4Ov (1987f80b-5c2f-4c96-a511-9ce0f5f9e8c8)
2019-06-17 02:49:10.969 25731 RALLYDEBUG rally_openstack.cleanup.manager [-] Deleting neutron.network object s_rally_9fce9ffb_tC8fmMV1 (3fcf9199-912e-4785-96c7-062f4fc9224e)
2019-06-17 02:49:10.970 25731 RALLYDEBUG rally_openstack.cleanup.manager [-] Deleting neutron.network object s_rally_9fce9ffb_e1iVHzYl (43fe207e-5ac1-4349-8961-22f28f648f91)
2019-06-17 02:49:10.993 25731 RALLYDEBUG rally_openstack.cleanup.manager [-] Deleting neutron.network object s_rally_9fce9ffb_BZaSL0Fb (4529fc43-8b74-44a1-b452-612d0a171e49)
2019-06-17 02:49:11.050 25731 RALLYDEBUG rally_openstack.cleanup.manager [-] Deleting neutron.network object s_rally_9fce9ffb_wwnYsX7W (6bc31ea7-bf20-4db5-87c6-6d43045fa7f9)
2019-06-17 02:49:11.053 25731 RALLYDEBUG rally_openstack.cleanup.manager [-] Deleting neutron.network object s_rally_9fce9ffb_IOVRg255 (648a3214-d4af-4ff9-8998-2d8b7af239aa)
2019-06-17 02:49:11.082 25731 RALLYDEBUG rally_openstack.cleanup.manager [-] Deleting neutron.network object s_rally_9fce9ffb_SIYOENxh (4e4596a1-d125-4e89-85af-78c668b4f277)
2019-06-17 02:49:11.095 25731 RALLYDEBUG rally_openstack.cleanup.manager [-] Deleting neutron.network object s_rally_9fce9ffb_G9NFdP4A (55a8cdf4-ea85-444c-a5b1-93b6e8528efb)
2019-06-17 02:49:11.111 25731 RALLYDEBUG rally_openstack.cleanup.manager [-] Deleting neutron.network object s_rally_9fce9ffb_oKDEkhvb (8640f0cf-0d00-4428-8f6e-b835e87e8f46)
2019-06-17 02:49:11.124 25731 RALLYDEBUG rally_openstack.cleanup.manager [-] Deleting neutron.network object s_rally_9fce9ffb_Xtf6HCjj (726d0f60-1958-40fb-80da-96bcdad5d27b)
2019-06-17 02:49:11.124 25731 RALLYDEBUG rally_openstack.cleanup.manager [-] Deleting neutron.network object s_rally_9fce9ffb_C7atHQyG (6a353161-5951-4d6c-9d52-cf6737ccafef)
2019-06-17 02:49:11.160 25731 RALLYDEBUG rally_openstack.cleanup.manager [-] Deleting neutron.network object s_rally_9fce9ffb_wygs7ntR (68121f92-4788-42dd-af73-674a456a6257)
2019-06-17 02:49:11.169 25731 RALLYDEBUG rally_openstack.cleanup.manager [-] Deleting neutron.network object s_rally_9fce9ffb_Lk7mtskE (871e9a6c-cded-46d2-ab59-3d8faa75407e)
2019-06-17 02:49:11.179 25731 RALLYDEBUG rally_openstack.cleanup.manager [-] Deleting neutron.network object s_rally_9fce9ffb_MKr8tXFj (9504649e-95c5-4c30-b460-73b31927fd65)
2019-06-17 02:49:11.232 25731 RALLYDEBUG rally_openstack.cleanup.manager [-] Deleting neutron.network object s_rally_9fce9ffb_TKA1RPEZ (87d564c1-bf5e-4d77-89f1-a780e645b9e7)
2019-06-17 02:49:11.258 25731 RALLYDEBUG rally_openstack.cleanup.manager [-] Deleting neutron.network object s_rally_9fce9ffb_cibdbbhj (8a0c2b18-14ab-4ebc-beb2-f3fc36de06a2)
2019-06-17 02:49:13.581 25731 RALLYDEBUG rally_openstack.cleanup.manager [-] Deleting neutron.network object s_rally_9fce9ffb_Hl6Eb622 (9c6d319f-5aa7-4fc1-96af-159a40428bcd)
2019-06-17 02:49:13.674 25731 RALLYDEBUG rally_openstack.cleanup.manager [-] Deleting neutron.network object s_rally_9fce9ffb_CtArILjw (9def9d4b-1c21-413c-88df-2150060b43ec)
2019-06-17 02:49:13.801 25731 RALLYDEBUG rally_openstack.cleanup.manager [-] Deleting neutron.network object s_rally_9fce9ffb_ftt6edzx (9ed656ea-e8d1-441b-a397-46c3c92ee415)
2019-06-17 02:49:13.822 25731 RALLYDEBUG rally_openstack.cleanup.manager [-] Deleting neutron.network object s_rally_9fce9ffb_s8BN0nEg (a775afa4-8861-4321-ad35-0ead97ea6a18)
2019-06-17 02:49:13.824 25731 RALLYDEBUG rally_openstack.cleanup.manager [-] Deleting neutron.network object s_rally_9fce9ffb_Qkkn8jqv (af0278ba-5e2c-4295-91a3-f1630cba116c)
2019-06-17 02:49:13.859 25731 RALLYDEBUG rally_openstack.cleanup.manager [-] Deleting neutron.network object s_rally_9fce9ffb_XrRjTyiE (bb0e6656-ae4e-4732-be11-124e5d8f543e)
2019-06-17 02:49:13.933 25731 RALLYDEBUG rally_openstack.cleanup.manager [-] Deleting neutron.network object s_rally_9fce9ffb_NLzQ3Rme (bccae7bb-a116-43fe-be3f-f87385952da3)
2019-06-17 02:49:14.008 25731 RALLYDEBUG rally_openstack.cleanup.manager [-] Deleting neutron.network object s_rally_9fce9ffb_yc0SWxxc (be90830e-c7b0-44fc-8108-76920d8d0c2e)
2019-06-17 02:49:14.047 25731 RALLYDEBUG rally_openstack.cleanup.manager [-] Deleting neutron.network object s_rally_9fce9ffb_aBrZjafO (c7a1bb70-e264-49dc-92b2-f3bcbb6405ec)
2019-06-17 02:49:14.192 25731 RALLYDEBUG rally_openstack.cleanup.manager [-] Deleting neutron.network object s_rally_9fce9ffb_G9AlBIzz (cd5a1fc2-db93-4ea6-b12d-96ebc39ba185)
2019-06-17 02:49:14.265 25731 RALLYDEBUG rally_openstack.cleanup.manager [-] Deleting neutron.network object s_rally_9fce9ffb_cjwqjnWL (d07d8ec5-df48-4a41-b6d1-d9ebbd16f838)
2019-06-17 02:49:14.284 25731 RALLYDEBUG rally_openstack.cleanup.manager [-] Deleting neutron.network object s_rally_9fce9ffb_ZLIGaKme (d11547ec-d10a-4825-a3d8-5d392196de0d)
2019-06-17 02:49:14.373 25731 RALLYDEBUG rally_openstack.cleanup.manager [-] Deleting neutron.network object s_rally_9fce9ffb_cx1TmfYf (d595ff69-d695-4f59-9ff9-417eb2c55241)
2019-06-17 02:49:14.395 25731 RALLYDEBUG rally_openstack.cleanup.manager [-] Deleting neutron.network object s_rally_9fce9ffb_8GNy415c (d6dc4621-32c4-42e0-89bc-afedb1fc4832)
2019-06-17 02:49:14.396 25731 RALLYDEBUG rally_openstack.cleanup.manager [-] Deleting neutron.network object s_rally_9fce9ffb_zj1y82Z2 (d942fd83-b045-4001-a8d1-850362b59696)
2019-06-17 02:49:14.396 25731 RALLYDEBUG rally_openstack.cleanup.manager [-] Deleting neutron.network object s_rally_9fce9ffb_zr5oiiZB (dd730997-cd76-4509-a626-0c164d0f01cc)
2019-06-17 02:49:14.417 25731 RALLYDEBUG rally_openstack.cleanup.manager [-] Deleting neutron.network object s_rally_9fce9ffb_T01kgVOC (dda78c23-fb74-49a4-ad6a-726f107fdee4)
2019-06-17 02:49:14.572 25731 RALLYDEBUG rally_openstack.cleanup.manager [-] Deleting neutron.network object s_rally_9fce9ffb_g9M751it (e9f3888c-1057-49da-a448-46af4acb748d)
2019-06-17 02:49:14.678 25731 RALLYDEBUG rally_openstack.cleanup.manager [-] Deleting neutron.network object s_rally_9fce9ffb_ADLCU32g (ee60b75e-8c4d-4367-b719-103b7e7a8955)
2019-06-17 02:49:14.779 25731 RALLYDEBUG rally_openstack.cleanup.manager [-] Deleting neutron.network object s_rally_9fce9ffb_U6z7ZdtV (efe70f2c-a1c2-430b-88c0-bbefc67904e7)
2019-06-17 02:49:17.636 25731 RALLYDEBUG rally_openstack.cleanup.manager [-] Cleaning up neutron router objects
2019-06-17 02:49:18.076 25731 RALLYDEBUG rally_openstack.cleanup.manager [-] Cleaning up neutron security_group objects
2019-06-17 02:49:18.500 25731 INFO rally.task.context [-] Task 250e0b68-8d18-4b96-b8ad-9efc8a18f25e | Context cleanup@openstack cleanup() finished in 11.00 sec
2019-06-17 02:49:18.500 25731 INFO rally.task.context [-] Task 250e0b68-8d18-4b96-b8ad-9efc8a18f25e | Context quotas@openstack cleanup() started
2019-06-17 02:49:18.590 25731 INFO rally.task.context [-] Task 250e0b68-8d18-4b96-b8ad-9efc8a18f25e | Context quotas@openstack cleanup() finished in 89.87 msec
2019-06-17 02:49:18.591 25731 INFO rally.task.context [-] Task 250e0b68-8d18-4b96-b8ad-9efc8a18f25e | Context users@openstack cleanup() started
2019-06-17 02:49:21.323 25731 INFO rally.task.context [-] Task 250e0b68-8d18-4b96-b8ad-9efc8a18f25e | Context users@openstack cleanup() finished in 2.73 sec
2019-06-17 02:49:21.815 25731 INFO rally.task.engine [-] Load duration is: 20.808899
2019-06-17 02:49:21.815 25731 INFO rally.task.engine [-] Full runner duration is: 20.863853
2019-06-17 02:49:21.815 25731 INFO rally.task.engine [-] Full duration is: 37.801502
2019-06-17 02:49:22.180 25731 INFO rally.task.engine [-] Running workload: position = 0 config = { "version": 2, "title": "A cropped version of a bigger task.", "description": "Auto-generated task from a single workload (uuid=f5848ec1-8d94-4e37-aa09-a0a7e58a1e7f)", "subtasks": [ { "title": "NeutronNetworks.create_and_list_routers", "description": "Create and a given number of routers and list all routers.", "scenario": { "NeutronNetworks.create_and_list_routers": { "network_create_args": null, "subnet_create_args": null, "subnet_cidr_start": "1.1.0.0/30", "subnets_per_network": 2, "router_create_args": null } }, "contexts": { "users": { "tenants": 1, "users_per_tenant": 1 }, "quotas": { "neutron": { "network": -1, "subnet": -1, "router": -1 } } }, "runner": { "constant": { "times": 40, "concurrency": 20 } }, "hooks": [], "sla": { "failure_rate": { "max": 0 } } } ] }
2019-06-17 02:49:22.205 25731 RALLYDEBUG rally_openstack.contexts.keystone.users [-] Creating 1 tenants using 20 threads
2019-06-17 02:49:23.176 25731 RALLYDEBUG rally_openstack.contexts.keystone.users [-] Creating 1 users using 20 threads
2019-06-17 02:49:24.604 25731 INFO rally.task.context [-] Task 250e0b68-8d18-4b96-b8ad-9efc8a18f25e | Context users@openstack setup() finished in 2.40 sec
2019-06-17 02:49:25.132 25731 INFO rally.task.context [-] Task 250e0b68-8d18-4b96-b8ad-9efc8a18f25e | Context quotas@openstack setup() finished in 0.53 sec
2019-06-17 02:49:25.133 25731 INFO rally.task.context [-] Task 250e0b68-8d18-4b96-b8ad-9efc8a18f25e | Context cleanup@openstack setup() finished in 0.01 msec
2019-06-17 02:49:25.142 25731 RALLYDEBUG rally.task.runner [-] Starting the constant runner (task UUID: 250e0b68-8d18-4b96-b8ad-9efc8a18f25e). timeout: 0 concurrency: 20 concurrency_per_worker: 1 times: 40 concurrency_overhead: 4 processes_to_start: 16 max_cpu_used: 16
2019-06-17 02:49:25.156 28195 RALLYDEBUG rally.task.runner [-] Starting a worker. concurrency: 2 args: {"network_create_args": null, "subnet_create_args": null, "subnet_cidr_start": "1.1.0.0/30", "subnets_per_network": 2, "router_create_args": null} times: 40 method_name: run timeout: 0 duration: None cls:
2019-06-17 02:49:25.159 28196 RALLYDEBUG rally.task.runner [-] Starting a worker. concurrency: 2 args: {"network_create_args": null, "subnet_create_args": null, "subnet_cidr_start": "1.1.0.0/30", "subnets_per_network": 2, "router_create_args": null} times: 40 method_name: run timeout: 0 duration: None cls:
2019-06-17 02:49:25.162 28197 RALLYDEBUG rally.task.runner [-] Starting a worker. concurrency: 2 args: {"network_create_args": null, "subnet_create_args": null, "subnet_cidr_start": "1.1.0.0/30", "subnets_per_network": 2, "router_create_args": null} times: 40 method_name: run timeout: 0 duration: None cls:
2019-06-17 02:49:25.166 28195 INFO rally.task.runner [-] Task 250e0b68-8d18-4b96-b8ad-9efc8a18f25e | ITER: 1 START
2019-06-17 02:49:25.165 28198 RALLYDEBUG rally.task.runner [-] Starting a worker. concurrency: 2 args: {"network_create_args": null, "subnet_create_args": null, "subnet_cidr_start": "1.1.0.0/30", "subnets_per_network": 2, "router_create_args": null} times: 40 method_name: run timeout: 0 duration: None cls:
2019-06-17 02:49:25.169 28196 INFO rally.task.runner [-] Task 250e0b68-8d18-4b96-b8ad-9efc8a18f25e | ITER: 2 START
2019-06-17 02:49:25.169 28197 INFO rally.task.runner [-] Task 250e0b68-8d18-4b96-b8ad-9efc8a18f25e | ITER: 4 START
2019-06-17 02:49:25.170 28200 RALLYDEBUG rally.task.runner [-] Starting a worker. concurrency: 1 args: {"network_create_args": null, "subnet_create_args": null, "subnet_cidr_start": "1.1.0.0/30", "subnets_per_network": 2, "router_create_args": null} times: 40 method_name: run timeout: 0 duration: None cls:
2019-06-17 02:49:25.171 28195 INFO rally.task.runner [-] Task 250e0b68-8d18-4b96-b8ad-9efc8a18f25e | ITER: 3 START
2019-06-17 02:49:25.173 28205 RALLYDEBUG rally.task.runner [-] Starting a worker. concurrency: 1 args: {"network_create_args": null, "subnet_create_args": null, "subnet_cidr_start": "1.1.0.0/30", "subnets_per_network": 2, "router_create_args": null} times: 40 method_name: run timeout: 0 duration: None cls:
2019-06-17 02:49:25.175 28198 INFO rally.task.runner [-] Task 250e0b68-8d18-4b96-b8ad-9efc8a18f25e | ITER: 6 START
2019-06-17 02:49:25.177 28200 INFO rally.task.runner [-] Task 250e0b68-8d18-4b96-b8ad-9efc8a18f25e | ITER: 9 START
2019-06-17 02:49:25.178 28208 RALLYDEBUG rally.task.runner [-] Starting a worker. concurrency: 1 args: {"network_create_args": null, "subnet_create_args": null, "subnet_cidr_start": "1.1.0.0/30", "subnets_per_network": 2, "router_create_args": null} times: 40 method_name: run timeout: 0 duration: None cls:
2019-06-17 02:49:25.180 28205 INFO rally.task.runner [-] Task 250e0b68-8d18-4b96-b8ad-9efc8a18f25e | ITER: 10 START
2019-06-17 02:49:25.181 28212 RALLYDEBUG rally.task.runner [-] Starting a worker. concurrency: 1 args: {"network_create_args": null, "subnet_create_args": null, "subnet_cidr_start": "1.1.0.0/30", "subnets_per_network": 2, "router_create_args": null} times: 40 method_name: run timeout: 0 duration: None cls:
2019-06-17 02:49:25.184 28208 INFO rally.task.runner [-] Task 250e0b68-8d18-4b96-b8ad-9efc8a18f25e | ITER: 11 START
2019-06-17 02:49:25.185 28197 INFO rally.task.runner [-] Task 250e0b68-8d18-4b96-b8ad-9efc8a18f25e | ITER: 7 START
2019-06-17 02:49:25.185 28196 INFO rally.task.runner [-] Task 250e0b68-8d18-4b96-b8ad-9efc8a18f25e | ITER: 5 START
2019-06-17 02:49:25.188 28198 INFO rally.task.runner [-] Task 250e0b68-8d18-4b96-b8ad-9efc8a18f25e | ITER: 8 START
2019-06-17 02:49:25.191 28219 RALLYDEBUG rally.task.runner [-] Starting a worker. concurrency: 1 args: {"network_create_args": null, "subnet_create_args": null, "subnet_cidr_start": "1.1.0.0/30", "subnets_per_network": 2, "router_create_args": null} times: 40 method_name: run timeout: 0 duration: None cls:
2019-06-17 02:49:25.191 28212 INFO rally.task.runner [-] Task 250e0b68-8d18-4b96-b8ad-9efc8a18f25e | ITER: 12 START
2019-06-17 02:49:25.196 28223 RALLYDEBUG rally.task.runner [-] Starting a worker. concurrency: 1 args: {"network_create_args": null, "subnet_create_args": null, "subnet_cidr_start": "1.1.0.0/30", "subnets_per_network": 2, "router_create_args": null} times: 40 method_name: run timeout: 0 duration: None cls:
2019-06-17 02:49:25.197 28219 INFO rally.task.runner [-] Task 250e0b68-8d18-4b96-b8ad-9efc8a18f25e | ITER: 13 START
2019-06-17 02:49:25.202 28223 INFO rally.task.runner [-] Task 250e0b68-8d18-4b96-b8ad-9efc8a18f25e | ITER: 14 START
2019-06-17 02:49:25.206 28227 RALLYDEBUG rally.task.runner [-] Starting a worker. concurrency: 1 args: {"network_create_args": null, "subnet_create_args": null, "subnet_cidr_start": "1.1.0.0/30", "subnets_per_network": 2, "router_create_args": null} times: 40 method_name: run timeout: 0 duration: None cls:
2019-06-17 02:49:25.212 28227 INFO rally.task.runner [-] Task 250e0b68-8d18-4b96-b8ad-9efc8a18f25e | ITER: 15 START
2019-06-17 02:49:25.215 28230 RALLYDEBUG rally.task.runner [-] Starting a worker. concurrency: 1 args: {"network_create_args": null, "subnet_create_args": null, "subnet_cidr_start": "1.1.0.0/30", "subnets_per_network": 2, "router_create_args": null} times: 40 method_name: run timeout: 0 duration: None cls:
2019-06-17 02:49:25.221 28230 INFO rally.task.runner [-] Task 250e0b68-8d18-4b96-b8ad-9efc8a18f25e | ITER: 16 START
2019-06-17 02:49:25.222 28233 RALLYDEBUG rally.task.runner [-] Starting a worker. concurrency: 1 args: {"network_create_args": null, "subnet_create_args": null, "subnet_cidr_start": "1.1.0.0/30", "subnets_per_network": 2, "router_create_args": null} times: 40 method_name: run timeout: 0 duration: None cls:
2019-06-17 02:49:25.228 28233 INFO rally.task.runner [-] Task 250e0b68-8d18-4b96-b8ad-9efc8a18f25e | ITER: 17 START
2019-06-17 02:49:25.229 28236 RALLYDEBUG rally.task.runner [-] Starting a worker. concurrency: 1 args: {"network_create_args": null, "subnet_create_args": null, "subnet_cidr_start": "1.1.0.0/30", "subnets_per_network": 2, "router_create_args": null} times: 40 method_name: run timeout: 0 duration: None cls:
2019-06-17 02:49:25.234 28236 INFO rally.task.runner [-] Task 250e0b68-8d18-4b96-b8ad-9efc8a18f25e | ITER: 18 START
2019-06-17 02:49:25.233 28239 RALLYDEBUG rally.task.runner [-] Starting a worker. concurrency: 1 args: {"network_create_args": null, "subnet_create_args": null, "subnet_cidr_start": "1.1.0.0/30", "subnets_per_network": 2, "router_create_args": null} times: 40 method_name: run timeout: 0 duration: None cls:
2019-06-17 02:49:25.236 28240 RALLYDEBUG rally.task.runner [-] Starting a worker. concurrency: 1 args: {"network_create_args": null, "subnet_create_args": null, "subnet_cidr_start": "1.1.0.0/30", "subnets_per_network": 2, "router_create_args": null} times: 40 method_name: run timeout: 0 duration: None cls:
2019-06-17 02:49:25.238 28239 INFO rally.task.runner [-] Task 250e0b68-8d18-4b96-b8ad-9efc8a18f25e | ITER: 19 START
2019-06-17 02:49:25.240 28240 INFO rally.task.runner [-] Task 250e0b68-8d18-4b96-b8ad-9efc8a18f25e | ITER: 20 START
2019-06-17 02:49:26.009 28212 RALLYDEBUG rally_openstack.wrappers.network [-] CIDR generated: 1.1.5.160/30
2019-06-17 02:49:26.013 28196 RALLYDEBUG rally_openstack.wrappers.network [-] CIDR generated: 1.1.5.164/30
2019-06-17 02:49:26.021 28197 RALLYDEBUG rally_openstack.wrappers.network [-] CIDR generated: 1.1.5.168/30
2019-06-17 02:49:26.112 28205 RALLYDEBUG rally_openstack.wrappers.network [-] CIDR generated: 1.1.5.172/30
2019-06-17 02:49:26.223 28196 RALLYDEBUG rally_openstack.wrappers.network [-] CIDR generated: 1.1.5.176/30
2019-06-17 02:49:26.224 28198 RALLYDEBUG rally_openstack.wrappers.network [-] CIDR generated: 1.1.5.180/30
2019-06-17 02:49:26.250 28195 RALLYDEBUG rally_openstack.wrappers.network [-] CIDR generated: 1.1.5.184/30
2019-06-17 02:49:26.265 28195 RALLYDEBUG rally_openstack.wrappers.network [-] CIDR generated: 1.1.5.188/30
2019-06-17 02:49:26.276 28208 RALLYDEBUG rally_openstack.wrappers.network [-] CIDR generated: 1.1.5.192/30
2019-06-17 02:49:26.321 28200 RALLYDEBUG rally_openstack.wrappers.network [-] CIDR generated: 1.1.5.196/30
2019-06-17 02:49:26.382 28198 RALLYDEBUG rally_openstack.wrappers.network [-] CIDR generated: 1.1.5.200/30
2019-06-17 02:49:26.408 28227 RALLYDEBUG rally_openstack.wrappers.network [-] CIDR generated: 1.1.5.204/30
2019-06-17 02:49:26.443 28197 RALLYDEBUG rally_openstack.wrappers.network [-] CIDR generated: 1.1.5.208/30
2019-06-17 02:49:26.456 28230 RALLYDEBUG rally_openstack.wrappers.network [-] CIDR generated: 1.1.5.212/30
2019-06-17 02:49:26.480 28223 RALLYDEBUG rally_openstack.wrappers.network [-] CIDR generated: 1.1.5.216/30
2019-06-17 02:49:26.527 28219 RALLYDEBUG rally_openstack.wrappers.network [-] CIDR generated: 1.1.5.220/30
2019-06-17 02:49:26.569 28233 RALLYDEBUG rally_openstack.wrappers.network [-] CIDR generated: 1.1.5.224/30
2019-06-17 02:49:26.750 28239 RALLYDEBUG rally_openstack.wrappers.network [-] CIDR generated: 1.1.5.228/30
2019-06-17 02:49:26.941 28195 RALLYDEBUG rally_openstack.wrappers.network [-] CIDR generated: 1.1.5.232/30
2019-06-17 02:49:27.112 28230 RALLYDEBUG rally_openstack.wrappers.network [-] CIDR generated: 1.1.5.236/30
2019-06-17 02:49:27.115 28236 RALLYDEBUG rally_openstack.wrappers.network [-] CIDR generated: 1.1.5.240/30
2019-06-17 02:49:27.124 28227 RALLYDEBUG rally_openstack.wrappers.network [-] CIDR generated: 1.1.5.244/30
2019-06-17 02:49:27.146 28240 RALLYDEBUG rally_openstack.wrappers.network [-] CIDR generated: 1.1.5.248/30
2019-06-17 02:49:27.425 28223 RALLYDEBUG rally_openstack.wrappers.network [-] CIDR generated: 1.1.5.252/30
2019-06-17 02:49:27.596 28198 RALLYDEBUG rally_openstack.wrappers.network [-] CIDR generated: 1.1.6.0/30
2019-06-17 02:49:27.713 28233 RALLYDEBUG rally_openstack.wrappers.network [-] CIDR generated: 1.1.6.4/30
2019-06-17 02:49:27.808 28196 RALLYDEBUG rally_openstack.wrappers.network [-] CIDR generated: 1.1.6.8/30
2019-06-17 02:49:27.887 28212 RALLYDEBUG rally_openstack.wrappers.network [-] CIDR generated: 1.1.6.12/30
2019-06-17 02:49:27.987 28208 RALLYDEBUG rally_openstack.wrappers.network [-] CIDR generated: 1.1.6.16/30
2019-06-17 02:49:28.004 28196 RALLYDEBUG rally_openstack.wrappers.network [-] CIDR generated: 1.1.6.20/30
2019-06-17 02:49:28.312 28240 RALLYDEBUG rally_openstack.wrappers.network [-] CIDR generated: 1.1.6.24/30
2019-06-17 02:49:28.430 28205 RALLYDEBUG rally_openstack.wrappers.network [-] CIDR generated: 1.1.6.28/30
2019-06-17 02:49:28.492 28195 RALLYDEBUG rally_openstack.wrappers.network [-] CIDR generated: 1.1.6.32/30
2019-06-17 02:49:28.659 28239 RALLYDEBUG rally_openstack.wrappers.network [-] CIDR generated: 1.1.6.36/30
2019-06-17 02:49:28.836 28197 RALLYDEBUG rally_openstack.wrappers.network [-] CIDR generated: 1.1.6.40/30
2019-06-17 02:49:29.048 28200 RALLYDEBUG rally_openstack.wrappers.network [-] CIDR generated: 1.1.6.44/30
2019-06-17 02:49:29.086 28197 RALLYDEBUG rally_openstack.wrappers.network [-] CIDR generated: 1.1.6.48/30
2019-06-17 02:49:29.104 28198 RALLYDEBUG rally_openstack.wrappers.network [-] CIDR generated: 1.1.6.52/30
2019-06-17 02:49:29.370 28219 RALLYDEBUG rally_openstack.wrappers.network [-] CIDR generated: 1.1.6.56/30
2019-06-17 02:49:29.428 28236 RALLYDEBUG rally_openstack.wrappers.network [-] CIDR generated: 1.1.6.60/30
2019-06-17 02:49:35.093 28195 INFO rally.task.runner [-] Task 250e0b68-8d18-4b96-b8ad-9efc8a18f25e | ITER: 1 END: OK
2019-06-17 02:49:35.098 28195 INFO rally.task.runner [-] Task 250e0b68-8d18-4b96-b8ad-9efc8a18f25e | ITER: 21 START
2019-06-17 02:49:35.637 28195 RALLYDEBUG rally_openstack.wrappers.network [-] CIDR generated: 1.1.6.64/30
2019-06-17 02:49:37.704 28195 RALLYDEBUG rally_openstack.wrappers.network [-] CIDR generated: 1.1.6.68/30
2019-06-17 02:49:40.523 28230 INFO rally.task.runner [-] Task 250e0b68-8d18-4b96-b8ad-9efc8a18f25e | ITER: 16 END: OK
2019-06-17 02:49:40.527 28230 INFO rally.task.runner [-] Task 250e0b68-8d18-4b96-b8ad-9efc8a18f25e | ITER: 22 START
2019-06-17 02:49:41.764 28219 INFO rally.task.runner [-] Task 250e0b68-8d18-4b96-b8ad-9efc8a18f25e | ITER: 13 END: OK
2019-06-17 02:49:41.768 28219 INFO rally.task.runner [-] Task 250e0b68-8d18-4b96-b8ad-9efc8a18f25e | ITER: 23 START
2019-06-17 02:49:42.232 28230 RALLYDEBUG rally_openstack.wrappers.network [-] CIDR generated: 1.1.6.72/30
2019-06-17 02:49:42.737 28227 INFO rally.task.runner [-] Task 250e0b68-8d18-4b96-b8ad-9efc8a18f25e | ITER: 15 END: OK
2019-06-17 02:49:42.742 28227 INFO rally.task.runner [-] Task 250e0b68-8d18-4b96-b8ad-9efc8a18f25e | ITER: 24 START
2019-06-17 02:49:42.774 28198 INFO rally.task.runner [-] Task 250e0b68-8d18-4b96-b8ad-9efc8a18f25e | ITER: 8 END: OK
