2019-06-17 02:58:40.399 29977 WARNING rally_openstack.scenarios.neutron.utils [-] Running this scenario without either the 'network' or 'existing_network' context is deprecated
2019-06-17 02:58:40.893 29980 INFO rally.task.runner [-] Task 250e0b68-8d18-4b96-b8ad-9efc8a18f25e | ITER: 6 END: OK
2019-06-17 02:58:40.897 29980 INFO rally.task.runner [-] Task 250e0b68-8d18-4b96-b8ad-9efc8a18f25e | ITER: 40 START
2019-06-17 02:58:40.898 29980 WARNING rally_openstack.scenarios.neutron.utils [-] Running this scenario without either the 'network' or 'existing_network' context is deprecated
2019-06-17 02:58:42.039 29980 INFO rally.task.runner [-] Task 250e0b68-8d18-4b96-b8ad-9efc8a18f25e | ITER: 27 END: OK
2019-06-17 02:58:44.098 29978 INFO rally.task.runner [-] Task 250e0b68-8d18-4b96-b8ad-9efc8a18f25e | ITER: 22 END: OK
2019-06-17 02:58:44.151 30011 INFO rally.task.runner [-] Task 250e0b68-8d18-4b96-b8ad-9efc8a18f25e | ITER: 29 END: OK
2019-06-17 02:58:44.212 29991 INFO rally.task.runner [-] Task 250e0b68-8d18-4b96-b8ad-9efc8a18f25e | ITER: 25 END: OK
2019-06-17 02:58:44.682 30024 INFO rally.task.runner [-] Task 250e0b68-8d18-4b96-b8ad-9efc8a18f25e | ITER: 33 END: OK
2019-06-17 02:58:45.111 30009 INFO rally.task.runner [-] Task 250e0b68-8d18-4b96-b8ad-9efc8a18f25e | ITER: 28 END: OK
2019-06-17 02:58:45.577 29979 INFO rally.task.runner [-] Task 250e0b68-8d18-4b96-b8ad-9efc8a18f25e | ITER: 24 END: OK
2019-06-17 02:58:45.890 29978 INFO rally.task.runner [-] Task 250e0b68-8d18-4b96-b8ad-9efc8a18f25e | ITER: 31 END: OK
2019-06-17 02:58:45.891 30000 INFO rally.task.runner [-] Task 250e0b68-8d18-4b96-b8ad-9efc8a18f25e | ITER: 21 END: OK
2019-06-17 02:58:46.133 29979 INFO rally.task.runner [-] Task 250e0b68-8d18-4b96-b8ad-9efc8a18f25e | ITER: 26 END: OK
2019-06-17 02:58:46.245 29994 INFO rally.task.runner [-] Task 250e0b68-8d18-4b96-b8ad-9efc8a18f25e | ITER: 36 END: OK
2019-06-17 02:58:46.399 30016 INFO rally.task.runner [-] Task 250e0b68-8d18-4b96-b8ad-9efc8a18f25e | ITER: 30 END: OK
2019-06-17 02:58:46.632 30019 INFO rally.task.runner [-] Task 250e0b68-8d18-4b96-b8ad-9efc8a18f25e | ITER: 38 END: OK
2019-06-17 02:58:46.825 29987 INFO rally.task.runner [-] Task 250e0b68-8d18-4b96-b8ad-9efc8a18f25e | ITER: 32 END: OK
2019-06-17 02:58:46.978 30003 INFO rally.task.runner [-] Task 250e0b68-8d18-4b96-b8ad-9efc8a18f25e | ITER: 37 END: OK
2019-06-17 02:58:47.003 29980 INFO rally.task.runner [-] Task 250e0b68-8d18-4b96-b8ad-9efc8a18f25e | ITER: 40 END: OK
2019-06-17 02:58:47.048 29977 INFO rally.task.runner [-] Task 250e0b68-8d18-4b96-b8ad-9efc8a18f25e | ITER: 34 END: OK
2019-06-17 02:58:47.105 29982 INFO rally.task.runner [-] Task 250e0b68-8d18-4b96-b8ad-9efc8a18f25e | ITER: 35 END: OK
2019-06-17 02:58:47.682 30015 INFO rally.task.runner [-] Task 250e0b68-8d18-4b96-b8ad-9efc8a18f25e | ITER: 23 END: OK
2019-06-17 02:58:48.319 29977 INFO rally.task.runner [-] Task 250e0b68-8d18-4b96-b8ad-9efc8a18f25e | ITER: 39 END: OK
2019-06-17 02:58:48.348 25731 INFO rally.task.context [-] Task 250e0b68-8d18-4b96-b8ad-9efc8a18f25e | Context cleanup@openstack cleanup() started
2019-06-17 02:58:48.353 25731 RALLYDEBUG rally_openstack.cleanup.manager [-] Cleaning up neutron vip objects
2019-06-17 02:58:48.773 25731 RALLYDEBUG rally_openstack.cleanup.manager [-] Cleaning up neutron health_monitor objects
2019-06-17 02:58:49.190 25731 RALLYDEBUG rally_openstack.cleanup.manager [-] Cleaning up neutron pool objects
2019-06-17 02:58:49.592 25731 RALLYDEBUG rally_openstack.cleanup.manager [-] Cleaning up neutron loadbalancer objects
2019-06-17 02:58:50.011 25731 RALLYDEBUG rally_openstack.cleanup.manager [-] Cleaning up neutron floatingip objects
2019-06-17 02:58:50.452 25731 RALLYDEBUG rally_openstack.cleanup.manager [-] Cleaning up neutron port objects
2019-06-17 02:58:50.896 25731 RALLYDEBUG rally_openstack.cleanup.manager [-] Cleaning up neutron subnet objects
2019-06-17 02:58:51.341 25731 RALLYDEBUG rally_openstack.cleanup.manager [-] Cleaning up neutron network objects
2019-06-17 02:58:52.125 25731 RALLYDEBUG rally_openstack.cleanup.manager [-] Deleting neutron.network object s_rally_2ef8ab00_qGAMuJ0l (038e0f09-5db6-4aea-a140-57e585e1c27b)
2019-06-17 02:58:52.142 25731 RALLYDEBUG rally_openstack.cleanup.manager [-] Deleting neutron.network object s_rally_2ef8ab00_EX9MPRWR (327d7124-779c-463a-b0bd-8f3ae6e23431)
2019-06-17 02:58:52.148 25731 RALLYDEBUG rally_openstack.cleanup.manager [-] Deleting neutron.network object s_rally_2ef8ab00_AW7ybBCS (05ece70a-6205-42a4-b4c8-76dfa10e15bd)
2019-06-17 02:58:52.150 25731 RALLYDEBUG rally_openstack.cleanup.manager [-] Deleting neutron.network object s_rally_2ef8ab00_CLj7r1pq (2a10a7f0-9c0c-4515-bd42-8cfb41cc858c)
2019-06-17 02:58:52.155 25731 RALLYDEBUG rally_openstack.cleanup.manager [-] Deleting neutron.network object s_rally_2ef8ab00_QLOn6gE1 (0e6f7178-ff66-4d57-8760-1a129b01c67d)
2019-06-17 02:58:52.162 25731 RALLYDEBUG rally_openstack.cleanup.manager [-] Deleting neutron.network object s_rally_2ef8ab00_U4iePqIb (3b587a8c-0e12-4871-9a9c-785522f07eb4)
2019-06-17 02:58:52.168 25731 RALLYDEBUG rally_openstack.cleanup.manager [-] Deleting neutron.network object s_rally_2ef8ab00_BS33LKaf (5c216a67-0855-4730-9ada-c47de2cea309)
2019-06-17 02:58:52.177 25731 RALLYDEBUG rally_openstack.cleanup.manager [-] Deleting neutron.network object s_rally_2ef8ab00_yHKYxcgl (33425c54-1346-4949-9cb3-96d3ed79c02d)
2019-06-17 02:58:52.180 25731 RALLYDEBUG rally_openstack.cleanup.manager [-] Deleting neutron.network object s_rally_2ef8ab00_ElWWStjJ (3dde1d4f-b949-404f-904d-cab4496ad696)
2019-06-17 02:58:52.181 25731 RALLYDEBUG rally_openstack.cleanup.manager [-] Deleting neutron.network object s_rally_2ef8ab00_OroMCdgc (0fd391be-422a-4b6b-8d8e-2110552a2848)
2019-06-17 02:58:52.182 25731 RALLYDEBUG rally_openstack.cleanup.manager [-] Deleting neutron.network object s_rally_2ef8ab00_odjIiGsI (57afcf4a-c14a-4684-8712-45116755ac1f)
2019-06-17 02:58:52.183 25731 RALLYDEBUG rally_openstack.cleanup.manager [-] Deleting neutron.network object s_rally_2ef8ab00_Wzwy9RlF (209f6a28-8e2e-4cfc-b0b1-3cff036dd691)
2019-06-17 02:58:52.185 25731 RALLYDEBUG rally_openstack.cleanup.manager [-] Deleting neutron.network object s_rally_2ef8ab00_5x5RHiGz (1dfa265b-b3d4-43a7-8056-c89befddace2)
2019-06-17 02:58:52.191 25731 RALLYDEBUG rally_openstack.cleanup.manager [-] Deleting neutron.network object s_rally_2ef8ab00_0der4z6V (25838e31-3319-40dd-a9e4-2c62ee921057)
2019-06-17 02:58:52.192 25731 RALLYDEBUG rally_openstack.cleanup.manager [-] Deleting neutron.network object s_rally_2ef8ab00_zYc8fb47 (033c70ca-391b-4044-b01f-94e40325e0a4)
2019-06-17 02:58:52.196 25731 RALLYDEBUG rally_openstack.cleanup.manager [-] Deleting neutron.network object s_rally_2ef8ab00_EBegHrVD (3d3aed50-834b-43e9-a9a1-bb85ade7c98e)
2019-06-17 02:58:52.243 25731 RALLYDEBUG rally_openstack.cleanup.manager [-] Deleting neutron.network object s_rally_2ef8ab00_RSzVRPOs (5cd0c760-efa0-43f7-a0ec-03ed7536ba64)
2019-06-17 02:58:52.258 25731 RALLYDEBUG rally_openstack.cleanup.manager [-] Deleting neutron.network object s_rally_2ef8ab00_e9zHMEnk (6b4e4e42-8e3d-4ff5-9377-1e47efc1e57f)
2019-06-17 02:58:52.271 25731 RALLYDEBUG rally_openstack.cleanup.manager [-] Deleting neutron.network object s_rally_2ef8ab00_ENPG3Y8T (6fffa1f4-7041-43be-8ca3-5e3cced0194c)
2019-06-17 02:58:52.300 25731 RALLYDEBUG rally_openstack.cleanup.manager [-] Deleting neutron.network object s_rally_2ef8ab00_XPH3h6af (28b8c6c1-55a0-4454-9e70-2b7ca7b2a59f)
2019-06-17 02:58:54.541 25731 RALLYDEBUG rally_openstack.cleanup.manager [-] Deleting neutron.network object s_rally_2ef8ab00_pltKcwuw (75d941a9-515a-464b-a137-8740b810d0d3)
2019-06-17 02:58:54.632 25731 RALLYDEBUG rally_openstack.cleanup.manager [-] Deleting neutron.network object s_rally_2ef8ab00_aviPIAqL (7742ac02-c09b-4254-9184-d622f0923297)
2019-06-17 02:58:54.656 25731 RALLYDEBUG rally_openstack.cleanup.manager [-] Deleting neutron.network object s_rally_2ef8ab00_H3Z5w2c0 (7c4b7952-a88b-4aec-8194-33d5f09e35c8)
2019-06-17 02:58:54.958 25731 RALLYDEBUG rally_openstack.cleanup.manager [-] Deleting neutron.network object s_rally_2ef8ab00_czlNNg44 (80428941-ced1-4eda-83dc-53babf78a2cf)
2019-06-17 02:58:55.058 25731 RALLYDEBUG rally_openstack.cleanup.manager [-] Deleting neutron.network object s_rally_2ef8ab00_ATf4ye5w (80a5eebb-4ae4-4b23-87e3-9e5899767ac4)
2019-06-17 02:58:55.156 25731 RALLYDEBUG rally_openstack.cleanup.manager [-] Deleting neutron.network object s_rally_2ef8ab00_1ubeog4k (8a02dfd2-a994-4aac-9e26-bed401db03ca)
2019-06-17 02:58:55.258 25731 RALLYDEBUG rally_openstack.cleanup.manager [-] Deleting neutron.network object s_rally_2ef8ab00_WMcWsVW6 (9e88c6db-8d6c-4dbf-bfd4-6d8a41b6b496)
2019-06-17 02:58:55.301 25731 RALLYDEBUG rally_openstack.cleanup.manager [-] Deleting neutron.network object s_rally_2ef8ab00_2de86X6k (9f659107-ba24-4109-970c-b83863e2fc3f)
2019-06-17 02:58:55.388 25731 RALLYDEBUG rally_openstack.cleanup.manager [-] Deleting neutron.network object s_rally_2ef8ab00_shuVA9m8 (a90b7b87-6a48-4f03-92cb-feee7ce5298c)
2019-06-17 02:58:55.419 25731 RALLYDEBUG rally_openstack.cleanup.manager [-] Deleting neutron.network object s_rally_2ef8ab00_pOozCNuG (a985a2cf-cab0-4f7c-a8d2-d6092e30baa1)
2019-06-17 02:58:55.449 25731 RALLYDEBUG rally_openstack.cleanup.manager [-] Deleting neutron.network object s_rally_2ef8ab00_dPeLBOjo (aba8ebfb-ac87-463f-b52c-b4b8d943df90)
2019-06-17 02:58:55.584 25731 RALLYDEBUG rally_openstack.cleanup.manager [-] Deleting neutron.network object s_rally_2ef8ab00_qaQINoza (adade846-ff81-4395-a104-3202b346485f)
2019-06-17 02:58:55.823 25731 RALLYDEBUG rally_openstack.cleanup.manager [-] Deleting neutron.network object s_rally_2ef8ab00_xCBD3R8s (b37f6c20-eaa2-400b-872c-cca10a143d7c)
2019-06-17 02:58:55.899 25731 RALLYDEBUG rally_openstack.cleanup.manager [-] Deleting neutron.network object s_rally_2ef8ab00_AdsTC7au (d2360a70-8c6d-47e2-9d6c-41c89f47da4e)
2019-06-17 02:58:55.911 25731 RALLYDEBUG rally_openstack.cleanup.manager [-] Deleting neutron.network object s_rally_2ef8ab00_UHyJbNyr (d362677d-adf4-4057-a0d3-bad65892cb9c)
2019-06-17 02:58:55.920 25731 RALLYDEBUG rally_openstack.cleanup.manager [-] Deleting neutron.network object s_rally_2ef8ab00_TLqhbd29 (da3814f0-f571-4840-bd34-149ee115c7e0)
2019-06-17 02:58:55.989 25731 RALLYDEBUG rally_openstack.cleanup.manager [-] Deleting neutron.network object s_rally_2ef8ab00_qrL28f3E (e19b29f7-d055-4fa2-bf8d-9acbaea9f1f2)
2019-06-17 02:58:56.003 25731 RALLYDEBUG rally_openstack.cleanup.manager [-] Deleting neutron.network object s_rally_2ef8ab00_QORhaMju (e716bc19-67f9-4a92-ab50-f4e74a3d9c3f)
2019-06-17 02:58:56.175 25731 RALLYDEBUG rally_openstack.cleanup.manager [-] Deleting neutron.network object s_rally_2ef8ab00_qtdsWuaM (f502061f-db3c-424c-aef4-fbcf90c463e1)
2019-06-17 02:58:56.231 25731 RALLYDEBUG rally_openstack.cleanup.manager [-] Deleting neutron.network object s_rally_2ef8ab00_rvR4BtBX (f6c463bb-1f92-48fd-8c75-6ca8c11cb131)
2019-06-17 02:58:58.786 25731 RALLYDEBUG rally_openstack.cleanup.manager [-] Cleaning up neutron router objects
2019-06-17 02:58:59.576 25731 RALLYDEBUG rally_openstack.cleanup.manager [-] Cleaning up neutron security_group objects
2019-06-17 02:59:00.010 25731 INFO rally.task.context [-] Task 250e0b68-8d18-4b96-b8ad-9efc8a18f25e | Context cleanup@openstack cleanup() finished in 11.66 sec
2019-06-17 02:59:00.011 25731 INFO rally.task.context [-] Task 250e0b68-8d18-4b96-b8ad-9efc8a18f25e | Context quotas@openstack cleanup() started
2019-06-17 02:59:00.103 25731 INFO rally.task.context [-] Task 250e0b68-8d18-4b96-b8ad-9efc8a18f25e | Context quotas@openstack cleanup() finished in 92.29 msec
2019-06-17 02:59:00.104 25731 INFO rally.task.context [-] Task 250e0b68-8d18-4b96-b8ad-9efc8a18f25e | Context users@openstack cleanup() started
2019-06-17 02:59:02.948 25731 INFO rally.task.context [-] Task 250e0b68-8d18-4b96-b8ad-9efc8a18f25e | Context users@openstack cleanup() finished in 2.84 sec
2019-06-17 02:59:03.060 25731 INFO rally.task.engine [-] Load duration is: 24.403719
2019-06-17 02:59:03.061 25731 INFO rally.task.engine [-] Full runner duration is: 24.460583
2019-06-17 02:59:03.061 25731 INFO rally.task.engine [-] Full duration is: 42.064821
2019-06-17 02:59:03.458 25731 INFO rally.task.engine [-] Running workload: position = 0 config = { "version": 2, "title": "A cropped version of a bigger task.", "description": "Auto-generated task from a single workload (uuid=fc51328f-7886-4bdb-b908-b2c91987222b)", "subtasks": [ { "title": "Quotas.neutron_update", "description": "Update quotas for neutron.", "scenario": { "Quotas.neutron_update": { "max_quota": 1024 } }, "contexts": { "users": { "tenants": 20, "users_per_tenant": 1 } }, "runner": { "constant": { "times": 40, "concurrency": 20 } }, "hooks": [], "sla": { "failure_rate": { "max": 0 } } } ] }
2019-06-17 02:59:03.484 25731 RALLYDEBUG rally_openstack.contexts.keystone.users [-] Creating 20 tenants using 20 threads
2019-06-17 02:59:05.835 25731 RALLYDEBUG rally_openstack.contexts.keystone.users [-] Creating 20 users using 20 threads
2019-06-17 02:59:08.658 25731 INFO rally.task.context [-] Task 250e0b68-8d18-4b96-b8ad-9efc8a18f25e | Context users@openstack setup() finished in 5.17 sec
2019-06-17 02:59:08.659 25731 INFO rally.task.context [-] Task 250e0b68-8d18-4b96-b8ad-9efc8a18f25e | Context admin_cleanup@openstack setup() finished in 0.01 msec
2019-06-17 02:59:08.668 25731 RALLYDEBUG rally.task.runner [-] Starting the constant runner (task UUID: 250e0b68-8d18-4b96-b8ad-9efc8a18f25e). timeout: 0 concurrency: 20 concurrency_per_worker: 1 times: 40 concurrency_overhead: 4 processes_to_start: 16 max_cpu_used: 16
2019-06-17 02:59:08.684 30347 RALLYDEBUG rally.task.runner [-] Starting a worker. concurrency: 2 args: {"max_quota": 1024} times: 40 method_name: run timeout: 0 duration: None cls:
2019-06-17 02:59:08.687 30348 RALLYDEBUG rally.task.runner [-] Starting a worker. concurrency: 2 args: {"max_quota": 1024} times: 40 method_name: run timeout: 0 duration: None cls:
2019-06-17 02:59:08.690 30349 RALLYDEBUG rally.task.runner [-] Starting a worker. concurrency: 2 args: {"max_quota": 1024} times: 40 method_name: run timeout: 0 duration: None cls:
2019-06-17 02:59:08.694 30350 RALLYDEBUG rally.task.runner [-] Starting a worker. concurrency: 2 args: {"max_quota": 1024} times: 40 method_name: run timeout: 0 duration: None cls:
2019-06-17 02:59:08.698 30351 RALLYDEBUG rally.task.runner [-] Starting a worker. concurrency: 1 args: {"max_quota": 1024} times: 40 method_name: run timeout: 0 duration: None cls:
2019-06-17 02:59:08.700 30348 INFO rally.task.runner [-] Task 250e0b68-8d18-4b96-b8ad-9efc8a18f25e | ITER: 2 START
2019-06-17 02:59:08.701 30352 RALLYDEBUG rally.task.runner [-] Starting a worker. concurrency: 1 args: {"max_quota": 1024} times: 40 method_name: run timeout: 0 duration: None cls:
2019-06-17 02:59:08.705 30347 INFO rally.task.runner [-] Task 250e0b68-8d18-4b96-b8ad-9efc8a18f25e | ITER: 1 START
2019-06-17 02:59:08.705 30355 RALLYDEBUG rally.task.runner [-] Starting a worker. concurrency: 1 args: {"max_quota": 1024} times: 40 method_name: run timeout: 0 duration: None cls:
2019-06-17 02:59:08.708 30350 INFO rally.task.runner [-] Task 250e0b68-8d18-4b96-b8ad-9efc8a18f25e | ITER: 5 START
2019-06-17 02:59:08.709 30349 INFO rally.task.runner [-] Task 250e0b68-8d18-4b96-b8ad-9efc8a18f25e | ITER: 3 START
2019-06-17 02:59:08.710 30351 INFO rally.task.runner [-] Task 250e0b68-8d18-4b96-b8ad-9efc8a18f25e | ITER: 8 START
2019-06-17 02:59:08.711 30360 RALLYDEBUG rally.task.runner [-] Starting a worker. concurrency: 1 args: {"max_quota": 1024} times: 40 method_name: run timeout: 0 duration: None cls:
2019-06-17 02:59:08.713 30352 INFO rally.task.runner [-] Task 250e0b68-8d18-4b96-b8ad-9efc8a18f25e | ITER: 9 START
2019-06-17 02:59:08.713 30347 INFO rally.task.runner [-] Task 250e0b68-8d18-4b96-b8ad-9efc8a18f25e | ITER: 4 START
2019-06-17 02:59:08.712 30349 INFO rally.task.runner [-] Task 250e0b68-8d18-4b96-b8ad-9efc8a18f25e | ITER: 7 START
2019-06-17 02:59:08.720 30355 INFO rally.task.runner [-] Task 250e0b68-8d18-4b96-b8ad-9efc8a18f25e | ITER: 11 START
2019-06-17 02:59:08.720 30367 RALLYDEBUG rally.task.runner [-] Starting a worker. concurrency: 1 args: {"max_quota": 1024} times: 40 method_name: run timeout: 0 duration: None cls:
2019-06-17 02:59:08.724 30348 INFO rally.task.runner [-] Task 250e0b68-8d18-4b96-b8ad-9efc8a18f25e | ITER: 6 START
2019-06-17 02:59:08.724 30360 INFO rally.task.runner [-] Task 250e0b68-8d18-4b96-b8ad-9efc8a18f25e | ITER: 12 START
2019-06-17 02:59:08.725 30350 INFO rally.task.runner [-] Task 250e0b68-8d18-4b96-b8ad-9efc8a18f25e | ITER: 10 START
2019-06-17 02:59:08.726 30370 RALLYDEBUG rally.task.runner [-] Starting a worker. concurrency: 1 args: {"max_quota": 1024} times: 40 method_name: run timeout: 0 duration: None cls:
2019-06-17 02:59:08.730 30374 RALLYDEBUG rally.task.runner [-] Starting a worker. concurrency: 1 args: {"max_quota": 1024} times: 40 method_name: run timeout: 0 duration: None cls:
2019-06-17 02:59:08.733 30367 INFO rally.task.runner [-] Task 250e0b68-8d18-4b96-b8ad-9efc8a18f25e | ITER: 13 START
2019-06-17 02:59:08.736 30378 RALLYDEBUG rally.task.runner [-] Starting a worker. concurrency: 1 args: {"max_quota": 1024} times: 40 method_name: run timeout: 0 duration: None cls:
2019-06-17 02:59:08.739 30370 INFO rally.task.runner [-] Task 250e0b68-8d18-4b96-b8ad-9efc8a18f25e | ITER: 14 START
2019-06-17 02:59:08.742 30374 INFO rally.task.runner [-] Task 250e0b68-8d18-4b96-b8ad-9efc8a18f25e | ITER: 15 START
2019-06-17 02:59:08.744 30381 RALLYDEBUG rally.task.runner [-] Starting a worker. concurrency: 1 args: {"max_quota": 1024} times: 40 method_name: run timeout: 0 duration: None cls:
2019-06-17 02:59:08.748 30378 INFO rally.task.runner [-] Task 250e0b68-8d18-4b96-b8ad-9efc8a18f25e | ITER: 16 START
2019-06-17 02:59:08.748 30383 RALLYDEBUG rally.task.runner [-] Starting a worker. concurrency: 1 args: {"max_quota": 1024} times: 40 method_name: run timeout: 0 duration: None cls:
2019-06-17 02:59:08.753 30387 RALLYDEBUG rally.task.runner [-] Starting a worker. concurrency: 1 args: {"max_quota": 1024} times: 40 method_name: run timeout: 0 duration: None cls:
2019-06-17 02:59:08.758 30381 INFO rally.task.runner [-] Task 250e0b68-8d18-4b96-b8ad-9efc8a18f25e | ITER: 17 START
2019-06-17 02:59:08.758 30390 RALLYDEBUG rally.task.runner [-] Starting a worker. concurrency: 1 args: {"max_quota": 1024} times: 40 method_name: run timeout: 0 duration: None cls:
2019-06-17 02:59:08.760 30383 INFO rally.task.runner [-] Task 250e0b68-8d18-4b96-b8ad-9efc8a18f25e | ITER: 18 START
2019-06-17 02:59:08.764 30387 INFO rally.task.runner [-] Task 250e0b68-8d18-4b96-b8ad-9efc8a18f25e | ITER: 19 START
2019-06-17 02:59:08.768 30390 INFO rally.task.runner [-] Task 250e0b68-8d18-4b96-b8ad-9efc8a18f25e | ITER: 20 START
2019-06-17 02:59:09.247 30360 INFO rally.task.runner [-] Task 250e0b68-8d18-4b96-b8ad-9efc8a18f25e | ITER: 12 END: OK
2019-06-17 02:59:09.255 30360 INFO rally.task.runner [-] Task 250e0b68-8d18-4b96-b8ad-9efc8a18f25e | ITER: 21 START
2019-06-17 02:59:09.306 30347 INFO rally.task.runner [-] Task 250e0b68-8d18-4b96-b8ad-9efc8a18f25e | ITER: 1 END: OK
2019-06-17 02:59:09.313 30347 INFO rally.task.runner [-] Task 250e0b68-8d18-4b96-b8ad-9efc8a18f25e | ITER: 22 START
2019-06-17 02:59:09.327 30349 INFO rally.task.runner [-] Task 250e0b68-8d18-4b96-b8ad-9efc8a18f25e | ITER: 7 END: OK
2019-06-17 02:59:09.334 30349 INFO rally.task.runner [-] Task 250e0b68-8d18-4b96-b8ad-9efc8a18f25e | ITER: 23 START
2019-06-17 02:59:09.337 30355 INFO rally.task.runner [-] Task 250e0b68-8d18-4b96-b8ad-9efc8a18f25e | ITER: 11 END: OK
2019-06-17 02:59:09.344 30355 INFO rally.task.runner [-] Task 250e0b68-8d18-4b96-b8ad-9efc8a18f25e | ITER: 24 START
2019-06-17 02:59:09.356 30348 INFO rally.task.runner [-] Task 250e0b68-8d18-4b96-b8ad-9efc8a18f25e | ITER: 2 END: OK
2019-06-17 02:59:09.362 30348 INFO rally.task.runner [-] Task 250e0b68-8d18-4b96-b8ad-9efc8a18f25e | ITER: 25 START
2019-06-17 02:59:09.373 30352 INFO rally.task.runner [-] Task 250e0b68-8d18-4b96-b8ad-9efc8a18f25e | ITER: 9 END: OK
2019-06-17 02:59:09.380 30352 INFO rally.task.runner [-] Task 250e0b68-8d18-4b96-b8ad-9efc8a18f25e | ITER: 26 START
2019-06-17 02:59:09.381 30374 INFO rally.task.runner [-] Task 250e0b68-8d18-4b96-b8ad-9efc8a18f25e | ITER: 15 END: OK
2019-06-17 02:59:09.387 30374 INFO rally.task.runner [-] Task 250e0b68-8d18-4b96-b8ad-9efc8a18f25e | ITER: 27 START
2019-06-17 02:59:09.395 30367 INFO rally.task.runner [-] Task 250e0b68-8d18-4b96-b8ad-9efc8a18f25e | ITER: 13 END: OK
2019-06-17 02:59:09.401 30367 INFO rally.task.runner [-] Task 250e0b68-8d18-4b96-b8ad-9efc8a18f25e | ITER: 28 START
2019-06-17 02:59:09.430 30351 INFO rally.task.runner [-] Task 250e0b68-8d18-4b96-b8ad-9efc8a18f25e | ITER: 8 END: OK
2019-06-17 02:59:09.436 30347 INFO rally.task.runner [-] Task 250e0b68-8d18-4b96-b8ad-9efc8a18f25e | ITER: 4 END: OK
2019-06-17 02:59:09.437 30351 INFO rally.task.runner [-] Task 250e0b68-8d18-4b96-b8ad-9efc8a18f25e | ITER: 29 START
2019-06-17 02:59:09.437 30350 INFO rally.task.runner [-] Task 250e0b68-8d18-4b96-b8ad-9efc8a18f25e | ITER: 5 END: OK
2019-06-17 02:59:09.441 30347 INFO rally.task.runner [-] Task 250e0b68-8d18-4b96-b8ad-9efc8a18f25e | ITER: 30 START
2019-06-17 02:59:09.444 30350 INFO rally.task.runner [-] Task 250e0b68-8d18-4b96-b8ad-9efc8a18f25e | ITER: 31 START
2019-06-17 02:59:09.451 30370 INFO rally.task.runner [-] Task 250e0b68-8d18-4b96-b8ad-9efc8a18f25e | ITER: 14 END: OK
2019-06-17 02:59:09.456 30370 INFO rally.task.runner [-] Task 250e0b68-8d18-4b96-b8ad-9efc8a18f25e | ITER: 32 START
2019-06-17 02:59:09.548 30378 INFO rally.task.runner [-] Task 250e0b68-8d18-4b96-b8ad-9efc8a18f25e | ITER: 16 END: OK
2019-06-17 02:59:09.555 30378 INFO rally.task.runner [-] Task 250e0b68-8d18-4b96-b8ad-9efc8a18f25e | ITER: 33 START
2019-06-17 02:59:09.564 30387 INFO rally.task.runner [-] Task 250e0b68-8d18-4b96-b8ad-9efc8a18f25e | ITER: 19 END: OK
2019-06-17 02:59:09.571 30387 INFO rally.task.runner [-] Task 250e0b68-8d18-4b96-b8ad-9efc8a18f25e | ITER: 34 START
2019-06-17 02:59:09.606 30381 INFO rally.task.runner [-] Task 250e0b68-8d18-4b96-b8ad-9efc8a18f25e | ITER: 17 END: OK
2019-06-17 02:59:09.612 30381 INFO rally.task.runner [-] Task 250e0b68-8d18-4b96-b8ad-9efc8a18f25e | ITER: 35 START
2019-06-17 02:59:09.666 30383 INFO rally.task.runner [-] Task 250e0b68-8d18-4b96-b8ad-9efc8a18f25e | ITER: 18 END: OK
2019-06-17 02:59:09.674 30383 INFO rally.task.runner [-] Task 250e0b68-8d18-4b96-b8ad-9efc8a18f25e | ITER: 36 START
2019-06-17 02:59:09.748 30350 INFO rally.task.runner [-] Task 250e0b68-8d18-4b96-b8ad-9efc8a18f25e | ITER: 10 END: OK
2019-06-17 02:59:09.755 30350 INFO rally.task.runner [-] Task 250e0b68-8d18-4b96-b8ad-9efc8a18f25e | ITER: 37 START
2019-06-17 02:59:09.809 30349 INFO rally.task.runner [-] Task 250e0b68-8d18-4b96-b8ad-9efc8a18f25e | ITER: 23 END: OK
2019-06-17 02:59:09.816 30349 INFO rally.task.runner [-] Task 250e0b68-8d18-4b96-b8ad-9efc8a18f25e | ITER: 38 START
2019-06-17 02:59:09.830 30348 INFO rally.task.runner [-] Task 250e0b68-8d18-4b96-b8ad-9efc8a18f25e | ITER: 6 END: OK
2019-06-17 02:59:09.838 30348 INFO rally.task.runner [-] Task 250e0b68-8d18-4b96-b8ad-9efc8a18f25e | ITER: 39 START
2019-06-17 02:59:09.852 30349 INFO rally.task.runner [-] Task 250e0b68-8d18-4b96-b8ad-9efc8a18f25e | ITER: 3 END: OK
2019-06-17 02:59:09.859 30349 INFO rally.task.runner [-] Task 250e0b68-8d18-4b96-b8ad-9efc8a18f25e | ITER: 40 START
2019-06-17 02:59:09.970 30352 INFO rally.task.runner [-] Task 250e0b68-8d18-4b96-b8ad-9efc8a18f25e | ITER: 26 END: OK
2019-06-17 02:59:10.000 30347 INFO rally.task.runner [-] Task 250e0b68-8d18-4b96-b8ad-9efc8a18f25e | ITER: 30 END: OK
2019-06-17 02:59:10.030 30367 INFO rally.task.runner [-] Task 250e0b68-8d18-4b96-b8ad-9efc8a18f25e | ITER: 28 END: OK
2019-06-17 02:59:10.054 30390 INFO rally.task.runner [-] Task 250e0b68-8d18-4b96-b8ad-9efc8a18f25e | ITER: 20 END: OK
2019-06-17 02:59:10.065 30350 INFO rally.task.runner [-] Task 250e0b68-8d18-4b96-b8ad-9efc8a18f25e | ITER: 31 END: OK
2019-06-17 02:59:10.080 30370 INFO rally.task.runner [-] Task 250e0b68-8d18-4b96-b8ad-9efc8a18f25e | ITER: 32 END: OK
2019-06-17 02:59:10.121 30347 INFO rally.task.runner [-] Task 250e0b68-8d18-4b96-b8ad-9efc8a18f25e | ITER: 22 END: OK
2019-06-17 02:59:10.125 30360 INFO rally.task.runner [-] Task 250e0b68-8d18-4b96-b8ad-9efc8a18f25e | ITER: 21 END: OK
2019-06-17 02:59:10.163 30374 INFO rally.task.runner [-] Task 250e0b68-8d18-4b96-b8ad-9efc8a18f25e | ITER: 27 END: OK
2019-06-17 02:59:10.175 30348 INFO rally.task.runner [-] Task 250e0b68-8d18-4b96-b8ad-9efc8a18f25e | ITER: 25 END: OK
2019-06-17 02:59:10.247 30383 INFO rally.task.runner [-] Task 250e0b68-8d18-4b96-b8ad-9efc8a18f25e | ITER: 36 END: OK
2019-06-17 02:59:10.290 30381 INFO rally.task.runner [-] Task 250e0b68-8d18-4b96-b8ad-9efc8a18f25e | ITER: 35 END: OK
2019-06-17 02:59:10.349 30348 INFO rally.task.runner [-] Task 250e0b68-8d18-4b96-b8ad-9efc8a18f25e | ITER: 39 END: OK
2019-06-17 02:59:10.379 30378 INFO rally.task.runner [-] Task 250e0b68-8d18-4b96-b8ad-9efc8a18f25e | ITER: 33 END: OK
2019-06-17 02:59:10.383 30351 INFO rally.task.runner [-] Task 250e0b68-8d18-4b96-b8ad-9efc8a18f25e | ITER: 29 END: OK
2019-06-17 02:59:10.420 30355 INFO rally.task.runner [-] Task 250e0b68-8d18-4b96-b8ad-9efc8a18f25e | ITER: 24 END: OK
2019-06-17 02:59:10.437 30350 INFO rally.task.runner [-] Task 250e0b68-8d18-4b96-b8ad-9efc8a18f25e | ITER: 37 END: OK
2019-06-17 02:59:10.471 30349 INFO rally.task.runner [-] Task 250e0b68-8d18-4b96-b8ad-9efc8a18f25e | ITER: 38 END: OK
2019-06-17 02:59:10.578 30387 INFO rally.task.runner [-] Task 250e0b68-8d18-4b96-b8ad-9efc8a18f25e | ITER: 34 END: OK
2019-06-17 02:59:10.726 30349 INFO rally.task.runner [-] Task 250e0b68-8d18-4b96-b8ad-9efc8a18f25e | ITER: 40 END: OK
2019-06-17 02:59:10.755 25731 INFO rally.task.context [-] Task 250e0b68-8d18-4b96-b8ad-9efc8a18f25e | Context admin_cleanup@openstack cleanup() started
2019-06-17 02:59:10.758 25731 RALLYDEBUG rally_openstack.cleanup.manager [-] Cleaning up neutron quota objects
2019-06-17 02:59:12.488 25731 INFO rally.task.context [-] Task 250e0b68-8d18-4b96-b8ad-9efc8a18f25e | Context admin_cleanup@openstack cleanup() finished in 1.73 sec
2019-06-17 02:59:12.488 25731 INFO rally.task.context [-] Task 250e0b68-8d18-4b96-b8ad-9efc8a18f25e | Context users@openstack cleanup() started
2019-06-17 02:59:32.648 25731 INFO rally.task.context [-] Task 250e0b68-8d18-4b96-b8ad-9efc8a18f25e | Context users@openstack cleanup() finished in 20.16 sec
2019-06-17 02:59:33.707 25731 INFO rally.task.engine [-] Load duration is: 2.024419
2019-06-17 02:59:33.708 25731 INFO rally.task.engine [-] Full runner duration is: 2.08674
2019-06-17 02:59:33.708 25731 INFO rally.task.engine [-] Full duration is: 29.171018
2019-06-17 02:59:34.077 25731 INFO rally.task.engine [-] Running workload: position = 0 config = { "version": 2, "title": "A cropped version of a bigger task.", "description": "Auto-generated task from a single workload (uuid=c27abeda-7b53-4835-8284-b3620a8ae1eb)", "subtasks": [ { "title": "NeutronTrunks.create_and_list_trunk_subports", "description": "", "scenario": { "NeutronTrunks.create_and_list_trunk_subports": { "subport_count": 125 } }, "contexts": { "users": { "tenants": 1, "users_per_tenant": 1 }, "quotas": { "neutron": { "network": -1, "port": 1000 } } }, "runner": { "constant": { "times": 4, "concurrency": 4 } }, "hooks": [], "sla": { "failure_rate": { "max": 0 } } } ] }
2019-06-17 02:59:34.104 25731 RALLYDEBUG rally_openstack.contexts.keystone.users [-] Creating 1 tenants using 20 threads
2019-06-17 02:59:35.143 25731 RALLYDEBUG rally_openstack.contexts.keystone.users [-] Creating 1 users using 20 threads
2019-06-17 02:59:36.545 25731 INFO rally.task.context [-] Task 250e0b68-8d18-4b96-b8ad-9efc8a18f25e | Context users@openstack setup() finished in 2.44 sec
2019-06-17 02:59:37.090 25731 INFO rally.task.context [-] Task 250e0b68-8d18-4b96-b8ad-9efc8a18f25e | Context quotas@openstack setup() finished in 0.54 sec
2019-06-17 02:59:37.091 25731 INFO rally.task.context [-] Task 250e0b68-8d18-4b96-b8ad-9efc8a18f25e | Context cleanup@openstack setup() finished in 0.01 msec
2019-06-17 02:59:37.098 25731 RALLYDEBUG rally.task.runner [-] Starting the constant runner (task UUID: 250e0b68-8d18-4b96-b8ad-9efc8a18f25e). timeout: 0 concurrency: 4 concurrency_per_worker: 1 times: 4 concurrency_overhead: 0 processes_to_start: 4 max_cpu_used: 16
2019-06-17 02:59:37.112 30537 RALLYDEBUG rally.task.runner [-] Starting a worker. concurrency: 1 args: {"subport_count": 125} times: 4 method_name: run timeout: 0 duration: None cls:
2019-06-17 02:59:37.115 30538 RALLYDEBUG rally.task.runner [-] Starting a worker. concurrency: 1 args: {"subport_count": 125} times: 4 method_name: run timeout: 0 duration: None cls:
2019-06-17 02:59:37.117 30539 RALLYDEBUG rally.task.runner [-] Starting a worker. concurrency: 1 args: {"subport_count": 125} times: 4 method_name: run timeout: 0 duration: None cls:
2019-06-17 02:59:37.119 30537 INFO rally.task.runner [-] Task 250e0b68-8d18-4b96-b8ad-9efc8a18f25e | ITER: 1 START
2019-06-17 02:59:37.121 30540 RALLYDEBUG rally.task.runner [-] Starting a worker. concurrency: 1 args: {"subport_count": 125} times: 4 method_name: run timeout: 0 duration: None cls:
2019-06-17 02:59:37.122 30538 INFO rally.task.runner [-] Task 250e0b68-8d18-4b96-b8ad-9efc8a18f25e | ITER: 2 START
2019-06-17 02:59:37.123 30539 INFO rally.task.runner [-] Task 250e0b68-8d18-4b96-b8ad-9efc8a18f25e | ITER: 3 START
2019-06-17 02:59:37.127 30540 INFO rally.task.runner [-] Task 250e0b68-8d18-4b96-b8ad-9efc8a18f25e | ITER: 4 START
2019-06-17 03:01:25.415 30540 WARNING rally.task.atomic [-] 'optional_action_timer' is deprecated since rally v0.10.0.Please use action_timer instead, we have improved atomic actions, now do not need to explicitly close original action.
2019-06-17 03:01:25.452 30540 WARNING rally.task.atomic [-] 'optional_action_timer' is deprecated since rally v0.10.0.Please use action_timer instead, we have improved atomic actions, now do not need to explicitly close original action.
2019-06-17 03:01:26.098 30539 WARNING rally.task.atomic [-] 'optional_action_timer' is deprecated since rally v0.10.0.Please use action_timer instead, we have improved atomic actions, now do not need to explicitly close original action.
2019-06-17 03:01:26.147 30539 WARNING rally.task.atomic [-] 'optional_action_timer' is deprecated since rally v0.10.0.Please use action_timer instead, we have improved atomic actions, now do not need to explicitly close original action.
2019-06-17 03:01:26.246 30540 INFO rally.task.runner [-] Task 250e0b68-8d18-4b96-b8ad-9efc8a18f25e | ITER: 4 END: OK
2019-06-17 03:01:27.158 30538 WARNING rally.task.atomic [-] 'optional_action_timer' is deprecated since rally v0.10.0.Please use action_timer instead, we have improved atomic actions, now do not need to explicitly close original action.
2019-06-17 03:01:27.194 30538 WARNING rally.task.atomic [-] 'optional_action_timer' is deprecated since rally v0.10.0.Please use action_timer instead, we have improved atomic actions, now do not need to explicitly close original action.
2019-06-17 03:01:27.310 30539 INFO rally.task.runner [-] Task 250e0b68-8d18-4b96-b8ad-9efc8a18f25e | ITER: 3 END: OK
2019-06-17 03:01:27.899 30538 INFO rally.task.runner [-] Task 250e0b68-8d18-4b96-b8ad-9efc8a18f25e | ITER: 2 END: OK
2019-06-17 03:01:29.430 30537 WARNING rally.task.atomic [-] 'optional_action_timer' is deprecated since rally v0.10.0.Please use action_timer instead, we have improved atomic actions, now do not need to explicitly close original action.
2019-06-17 03:01:29.470 30537 WARNING rally.task.atomic [-] 'optional_action_timer' is deprecated since rally v0.10.0.Please use action_timer instead, we have improved atomic actions, now do not need to explicitly close original action.
2019-06-17 03:01:30.013 30537 INFO rally.task.runner [-] Task 250e0b68-8d18-4b96-b8ad-9efc8a18f25e | ITER: 1 END: OK
2019-06-17 03:01:30.047 25731 INFO rally.task.context [-] Task 250e0b68-8d18-4b96-b8ad-9efc8a18f25e | Context cleanup@openstack cleanup() started
2019-06-17 03:01:30.050 25731 RALLYDEBUG rally_openstack.cleanup.manager [-] Cleaning up neutron vip objects
2019-06-17 03:01:30.477 25731 RALLYDEBUG rally_openstack.cleanup.manager [-] Cleaning up neutron health_monitor objects
2019-06-17 03:01:30.899 25731 RALLYDEBUG rally_openstack.cleanup.manager [-] Cleaning up neutron pool objects
2019-06-17 03:01:31.326 25731 RALLYDEBUG rally_openstack.cleanup.manager [-] Cleaning up neutron loadbalancer objects
2019-06-17 03:01:31.734 25731 RALLYDEBUG rally_openstack.cleanup.manager [-] Cleaning up neutron floatingip objects
2019-06-17 03:01:32.172 25731 RALLYDEBUG rally_openstack.cleanup.manager [-] Cleaning up neutron port objects
2019-06-17 03:01:33.544 25731 RALLYDEBUG rally_openstack.cleanup.manager [-] Deleting neutron.port object s_rally_c27abeda_BwWCLGFm (009dd270-e2d1-4b81-a0e8-39ff2ffeeae9)
2019-06-17 03:01:33.546 25731 RALLYDEBUG rally_openstack.cleanup.manager [-] Deleting neutron.port object s_rally_c27abeda_TiidkHqd (035dad23-bdf6-4264-9040-f2d2ab70f012)
2019-06-17 03:01:33.549 25731 RALLYDEBUG rally_openstack.cleanup.manager [-] Deleting neutron.port object s_rally_c27abeda_7vfs8wAq (043eb434-380d-46ed-872a-304b0fa71646)
2019-06-17 03:01:33.550 25731 RALLYDEBUG rally_openstack.cleanup.manager [-] Deleting neutron.port object s_rally_c27abeda_lZe3Q7bc (071e5e5e-7dab-46f8-bef3-399047da4ac5)
2019-06-17 03:01:33.553 25731 RALLYDEBUG rally_openstack.cleanup.manager [-] Deleting neutron.port object s_rally_c27abeda_RPtINaIn (054362c6-9183-418c-a442-4dcd72f198d9)
2019-06-17 03:01:33.559 25731 RALLYDEBUG rally_openstack.cleanup.manager [-] Deleting neutron.port object s_rally_c27abeda_TGOfRITB (01c25b17-40d7-4d8c-a4cf-922442f55b70)
2019-06-17 03:01:33.561 25731 RALLYDEBUG rally_openstack.cleanup.manager [-] Deleting neutron.port object s_rally_c27abeda_7rY2i6Ui (0330f170-ae32-4481-820a-039a03815672)
2019-06-17 03:01:33.566 25731 RALLYDEBUG rally_openstack.cleanup.manager [-] Deleting neutron.port object s_rally_c27abeda_FTW27L66 (0476d6ff-34f9-4dab-a3a9-67f5dbf76de2)
2019-06-17 03:01:33.567 25731 RALLYDEBUG rally_openstack.cleanup.manager [-] Deleting neutron.port object s_rally_c27abeda_xLlzSzM5 (02f68e47-37b0-4455-8a0b-9f5bc8bade33)
2019-06-17 03:01:33.577 25731 RALLYDEBUG rally_openstack.cleanup.manager [-] Deleting neutron.port object s_rally_c27abeda_r7NIsakA (02e7338c-49aa-44ab-a7b5-148ed54cd154)
2019-06-17 03:01:33.577 25731 RALLYDEBUG rally_openstack.cleanup.manager [-] Deleting neutron.port object s_rally_c27abeda_pis6d2Ov (01057555-9ea6-47fb-800a-3126710bee73)
2019-06-17 03:01:33.578 25731 RALLYDEBUG rally_openstack.cleanup.manager [-] Deleting neutron.port object s_rally_c27abeda_qHOXyEOf (04e20954-7076-4f13-8b30-7b3c83ae8c7e)
2019-06-17 03:01:33.578 25731 RALLYDEBUG rally_openstack.cleanup.manager [-] Deleting neutron.port object s_rally_c27abeda_a3v08nUT (02277a79-1adb-40c0-ba57-2ba659b66856)
2019-06-17 03:01:33.580 25731 RALLYDEBUG rally_openstack.cleanup.manager [-] Deleting neutron.port object s_rally_c27abeda_WmkGNA3p (03d283d3-b905-4b6b-8169-c01865c68f4f)
2019-06-17 03:01:33.582 25731 RALLYDEBUG rally_openstack.cleanup.manager [-] Deleting neutron.port object s_rally_c27abeda_lU4mN9qL (04bb2c16-0c1d-4b95-9bb0-562dc4b8d94b)
2019-06-17 03:01:33.583 25731 RALLYDEBUG rally_openstack.cleanup.manager [-] Deleting neutron.port object s_rally_c27abeda_hd4NnEzr (03a4164c-0443-4229-af12-cb0ebdddcb72)
2019-06-17 03:01:33.593 25731 RALLYDEBUG rally_openstack.cleanup.manager [-] Deleting neutron.port object s_rally_c27abeda_WEJuKL5R (057dc1df-182c-49bb-8417-e6ce3f8a2470)
2019-06-17 03:01:33.595 25731 RALLYDEBUG rally_openstack.cleanup.manager [-] Deleting neutron.port object s_rally_c27abeda_yUHaG0bT (065a771f-82c7-4624-8f3d-a1774dc33a4c)
2019-06-17 03:01:33.596 25731 RALLYDEBUG rally_openstack.cleanup.manager [-] Deleting neutron.port object s_rally_c27abeda_mehcVoZZ (04f57efa-d86c-4145-ae75-b5d50951c045)
2019-06-17 03:01:33.672 25731 RALLYDEBUG rally_openstack.cleanup.manager [-] Deleting neutron.port object s_rally_c27abeda_MlcaQMIM (0386ade5-a95f-412f-8b61-57eaa75efdde)
2019-06-17 03:01:35.766 25731 RALLYDEBUG rally_openstack.cleanup.manager [-] Deleting neutron.port object s_rally_c27abeda_kpXj8AHH (072ce510-b059-4471-a5f7-9d5eb5bed5e3)
2019-06-17 03:01:35.911 25731 RALLYDEBUG rally_openstack.cleanup.manager [-] Deleting neutron.port object s_rally_c27abeda_x6Y0cNV6 (078e4773-9a46-4fdb-bcc8-58350cfedcf8)
2019-06-17 03:01:35.944 25731 RALLYDEBUG rally_openstack.cleanup.manager [-] Deleting neutron.port object s_rally_c27abeda_ofRLrtL8 (07b703ed-9063-4ff6-ad7a-ec266d85870a)
2019-06-17 03:01:36.034 25731 RALLYDEBUG rally_openstack.cleanup.manager [-] Deleting neutron.port object s_rally_c27abeda_zyylGCIf (0817ecb9-8ec4-4b17-9897-d4b6b921d647)
2019-06-17 03:01:36.161 25731 RALLYDEBUG rally_openstack.cleanup.manager [-] Deleting neutron.port object s_rally_c27abeda_sxwAPSF9 (08380ac4-ced4-4d64-9c4f-c28f42b4bfac)
2019-06-17 03:01:36.290 25731 RALLYDEBUG rally_openstack.cleanup.manager [-] Deleting neutron.port object s_rally_c27abeda_oLzX9KrY (0878bfb4-c62a-4c42-acbf-57f8c6f3d1d5)
2019-06-17 03:01:36.317 25731 RALLYDEBUG rally_openstack.cleanup.manager [-] Deleting neutron.port object s_rally_c27abeda_fFhB4vS2 (093c2353-09ca-4643-958d-70c91d3a41dd)
2019-06-17 03:01:36.340 25731 RALLYDEBUG rally_openstack.cleanup.manager [-] Deleting neutron.port object s_rally_c27abeda_Rtu01dNb (09d483d0-448b-40d9-80a0-44efbeeae6a9)
2019-06-17 03:01:36.341 25731 RALLYDEBUG rally_openstack.cleanup.manager [-] Deleting neutron.port object s_rally_c27abeda_dCW8j2ei (09ddbd5c-f949-4baa-85c3-6832734f46ea)
2019-06-17 03:01:36.506 25731 RALLYDEBUG rally_openstack.cleanup.manager [-] Deleting neutron.port object s_rally_c27abeda_BaRDhpIV (0a55ec4f-3999-4eae-9fe6-656ade9ab9a6)
2019-06-17 03:01:36.521 25731 RALLYDEBUG rally_openstack.cleanup.manager [-] Deleting neutron.port object s_rally_c27abeda_vESPT36B (0a84729b-28dd-488f-aade-98973afd618e)
2019-06-17 03:01:36.593 25731 RALLYDEBUG rally_openstack.cleanup.manager [-] Deleting neutron.port object s_rally_c27abeda_JfdGtHvg (0bf1352d-910f-408b-bb17-d7b9a47cd4b9)
2019-06-17 03:01:36.614 25731 RALLYDEBUG rally_openstack.cleanup.manager [-] Deleting neutron.port object s_rally_c27abeda_We4bwypI (0d819398-fa33-41d6-a1c6-3e939d5fa3e0)
2019-06-17 03:01:36.673 25731 RALLYDEBUG rally_openstack.cleanup.manager [-] Deleting neutron.port object s_rally_c27abeda_3G1CwNTG (0e3c3492-2e8f-47ee-a43c-1af052b4ea7e)
2019-06-17 03:01:36.708 25731 RALLYDEBUG rally_openstack.cleanup.manager [-] Deleting neutron.port object s_rally_c27abeda_cfBLlmVJ (0e95587d-907c-4c69-bb7a-5ae695be382e)
2019-06-17 03:01:36.851 25731 RALLYDEBUG rally_openstack.cleanup.manager [-] Deleting neutron.port object s_rally_c27abeda_Cdz3rpEW (0f76a93a-a9d8-4bca-8ed9-456fd0dd0da5)
2019-06-17 03:01:36.855 25731 RALLYDEBUG rally_openstack.cleanup.manager [-] Deleting neutron.port object s_rally_c27abeda_bvWASDI4 (0ec1eebe-f467-4cf1-948c-266d048cc89f)
2019-06-17 03:01:36.879 25731 RALLYDEBUG rally_openstack.cleanup.manager [-] Deleting neutron.port object s_rally_c27abeda_EMZSwQ9u (10111694-f352-4189-b31e-bae8114e4f31)
2019-06-17 03:01:36.960 25731 RALLYDEBUG rally_openstack.cleanup.manager [-] Deleting neutron.port object s_rally_c27abeda_aK1415gA (1058233b-1316-4d29-a575-06f58fa90cf8)
2019-06-17 03:01:37.254 25731 RALLYDEBUG rally_openstack.cleanup.manager [-] Deleting neutron.port object s_rally_c27abeda_bu8TjJeu (11a59c31-2c2b-4dcf-8ba4-1ad80fe0b531)
2019-06-17 03:01:37.714 25731 RALLYDEBUG rally_openstack.cleanup.manager [-] Deleting neutron.port object s_rally_c27abeda_XmL9Bc4L (11b9ddeb-9bc6-40a1-8aca-badd61999b9d)
2019-06-17 03:01:37.861 25731 RALLYDEBUG rally_openstack.cleanup.manager [-] Deleting neutron.port object s_rally_c27abeda_cqVyodbP (14d4a05a-866a-4aa5-ae0f-d4b11385ae1a)
2019-06-17 03:01:37.896 25731 RALLYDEBUG rally_openstack.cleanup.manager [-] Deleting neutron.port object s_rally_c27abeda_K5NNQg3q (1535dc94-8f72-42ef-9eab-ce031f941c31)
2019-06-17 03:01:38.114 25731 RALLYDEBUG rally_openstack.cleanup.manager [-] Deleting neutron.port object s_rally_c27abeda_LgwIQYzM (155f6cbe-a239-4b9b-8725-6045161c4562)
2019-06-17 03:01:38.178 25731 RALLYDEBUG rally_openstack.cleanup.manager [-] Deleting neutron.port object s_rally_c27abeda_whvpMjv5 (16f9843a-503f-4b8b-b3da-808f92a8d1b8)
2019-06-17 03:01:38.351 25731 RALLYDEBUG rally_openstack.cleanup.manager [-] Deleting neutron.port object s_rally_c27abeda_FXEQO2mS (174c6a9b-9018-48ca-b8bd-65ece5591c68)
2019-06-17 03:01:38.450 25731 RALLYDEBUG rally_openstack.cleanup.manager [-] Deleting neutron.port object s_rally_c27abeda_QljlDVFo (177f9076-8dd9-4a16-a45b-efe41acba143)
2019-06-17 03:01:38.498 25731 RALLYDEBUG rally_openstack.cleanup.manager [-] Deleting neutron.port object s_rally_c27abeda_U726resJ (18ccc078-3b02-4d95-9cdc-802f0990c593)
2019-06-17 03:01:38.571 25731 RALLYDEBUG rally_openstack.cleanup.manager [-] Deleting neutron.port object s_rally_c27abeda_kyVviQJW (1aa57082-7ac8-4d19-a6b4-fe083db3e28c)
2019-06-17 03:01:38.627 25731 RALLYDEBUG rally_openstack.cleanup.manager [-] Deleting neutron.port object s_rally_c27abeda_5hbmxhAO (1b396859-01bf-4024-8ed5-6104a752fd7a)
2019-06-17 03:01:38.796 25731 RALLYDEBUG rally_openstack.cleanup.manager [-] Deleting neutron.port object s_rally_c27abeda_9DORyudP (1dd2dc69-3b86-4019-981d-ddcd2184ddeb)
2019-06-17 03:01:38.834 25731 RALLYDEBUG rally_openstack.cleanup.manager [-] Deleting neutron.port object s_rally_c27abeda_43IAgYUK (1e44abe6-3ab5-4859-be26-757a17ac1b65)
2019-06-17 03:01:39.059 25731 RALLYDEBUG rally_openstack.cleanup.manager [-] Deleting neutron.port object s_rally_c27abeda_uDzpZuxF (1e4cb4f7-2c31-472b-ade1-e63dc8fd5c3e)
2019-06-17 03:01:39.081 25731 RALLYDEBUG rally_openstack.cleanup.manager [-] Deleting neutron.port object s_rally_c27abeda_y3Mb3Nni (1e7cfd9e-8c95-437c-988e-f763cf801275)
2019-06-17 03:01:39.110 25731 RALLYDEBUG rally_openstack.cleanup.manager [-] Deleting neutron.port object s_rally_c27abeda_dCreyIh8 (1eed741b-d2b5-469e-a214-b140da100b61)
2019-06-17 03:01:39.123 25731 RALLYDEBUG rally_openstack.cleanup.manager [-] Deleting neutron.port object s_rally_c27abeda_9tQLvEHj (20235d93-9c79-4859-b182-94ff331a8e94)
2019-06-17 03:01:39.156 25731 RALLYDEBUG rally_openstack.cleanup.manager [-] Deleting neutron.port object s_rally_c27abeda_x4Zh7aTF (209b963b-d744-4f57-818e-568de3cabe28)
2019-06-17 03:01:39.320 25731 RALLYDEBUG rally_openstack.cleanup.manager [-] Deleting neutron.port object s_rally_c27abeda_Z78JNk2k (2162356d-aaaf-46fa-8513-491996a8191f)
2019-06-17 03:01:39.369 25731 RALLYDEBUG rally_openstack.cleanup.manager [-] Deleting neutron.port object s_rally_c27abeda_18gqhb9e (22027a79-e4b0-4526-aef3-c3048a85bcce)
2019-06-17 03:01:39.825 25731 RALLYDEBUG rally_openstack.cleanup.manager [-] Deleting neutron.port object s_rally_c27abeda_X9nLmQ1T (22598780-54ff-4a3a-80d0-7fe2ff653bdc)
2019-06-17 03:01:39.884 25731 RALLYDEBUG rally_openstack.cleanup.manager [-] Deleting neutron.port object s_rally_c27abeda_OKp5BzOP (22c64445-b2eb-4f2c-b14d-3e326d585143)
2019-06-17 03:01:39.948 25731 RALLYDEBUG rally_openstack.cleanup.manager [-] Deleting neutron.port object s_rally_c27abeda_n3dMsMkq (230fd815-ec45-4ec7-89cc-37bbbe9cbea7)
2019-06-17 03:01:40.339 25731 RALLYDEBUG rally_openstack.cleanup.manager [-] Deleting neutron.port object s_rally_c27abeda_jPHrI7L5 (238fbcdb-5744-4a6d-82c0-d585c854a5e7)
2019-06-17 03:01:40.736 25731 RALLYDEBUG rally_openstack.cleanup.manager [-] Deleting neutron.port object s_rally_c27abeda_cHZQcwtg (24098b29-1947-48e8-ae69-7826bd4dce2c)
2019-06-17 03:01:40.827 25731 RALLYDEBUG rally_openstack.cleanup.manager [-] Deleting neutron.port object s_rally_c27abeda_tEdeB91b (246626aa-5e3a-4389-9f23-c839c6068926)
2019-06-17 03:01:40.853 25731 RALLYDEBUG rally_openstack.cleanup.manager [-] Deleting neutron.port object s_rally_c27abeda_WoL4gVlL (24c8d12f-d67a-47d7-9141-df12270aebec)
2019-06-17 03:01:40.883 25731 RALLYDEBUG rally_openstack.cleanup.manager [-] Deleting neutron.port object s_rally_c27abeda_P7Y6nPPR (24fcf7e9-dae9-4861-8966-1ec3b57c8e11)
2019-06-17 03:01:40.949 25731 RALLYDEBUG rally_openstack.cleanup.manager [-] Deleting neutron.port object s_rally_c27abeda_ixuQwvAD (251bd1f7-ff75-4e93-bea3-c7e70eceef89)
2019-06-17 03:01:41.040 25731 RALLYDEBUG rally_openstack.cleanup.manager [-] Deleting neutron.port object s_rally_c27abeda_OYSE2rHV (25523f31-bedc-4b03-b1c3-437989c9f01d)
2019-06-17 03:01:41.143 25731 RALLYDEBUG rally_openstack.cleanup.manager [-] Deleting neutron.port object s_rally_c27abeda_BU5fMEBc (2598bacc-85fe-4fb8-a59d-99da61fddb31)
2019-06-17 03:01:41.232 25731 RALLYDEBUG rally_openstack.cleanup.manager [-] Deleting neutron.port object s_rally_c27abeda_Y3f60X1l (25b922bc-5e0f-446a-adb7-49584c85fc3d)
2019-06-17 03:01:41.289 25731 RALLYDEBUG rally_openstack.cleanup.manager [-] Deleting neutron.port object s_rally_c27abeda_k8SKOODm (2643cd06-dc0f-4201-b6de-b6b48dab5d81)
2019-06-17 03:01:41.418 25731 RALLYDEBUG rally_openstack.cleanup.manager [-] Deleting neutron.port object s_rally_c27abeda_joRS8wj0 (2687925d-f54a-46d0-8de0-551692d75035)
2019-06-17 03:01:41.576 25731 RALLYDEBUG rally_openstack.cleanup.manager [-] Deleting neutron.port object s_rally_c27abeda_tXhjYLTg (26b5231e-cd4b-46da-97ab-86b077f6b84e)
2019-06-17 03:01:41.587 25731 RALLYDEBUG rally_openstack.cleanup.manager [-] Deleting neutron.port object s_rally_c27abeda_gchOUvZ1 (26d84bfe-056e-45b6-ac12-b1bac8be6307)
2019-06-17 03:01:41.620 25731 RALLYDEBUG rally_openstack.cleanup.manager [-] Deleting neutron.port object s_rally_c27abeda_6SlGLmcm (26e037a3-1839-4bb3-8e9e-4b3f89bd0051)
2019-06-17 03:01:41.677 25731 RALLYDEBUG rally_openstack.cleanup.manager [-] Deleting neutron.port object s_rally_c27abeda_HJFonYPc (26fd5e2d-97c3-4067-83b7-533d662fc77a)
2019-06-17 03:01:41.894 25731 RALLYDEBUG rally_openstack.cleanup.manager [-] Deleting neutron.port object s_rally_c27abeda_FdLzh7I7 (281946cc-7020-47ba-aa36-5ce4e3476811)
2019-06-17 03:01:41.894 25731 RALLYDEBUG rally_openstack.cleanup.manager [-] Deleting neutron.port object s_rally_c27abeda_WHBXGhp6 (272d7bd8-eefa-4d42-af07-1a976b3f668a)
2019-06-17 03:01:42.083 25731 RALLYDEBUG rally_openstack.cleanup.manager [-] Deleting neutron.port object s_rally_c27abeda_PWk6UPZ3 (28b53457-294a-420b-b70b-595bf97f9002)
2019-06-17 03:01:42.123 25731 RALLYDEBUG rally_openstack.cleanup.manager [-] Deleting neutron.port object s_rally_c27abeda_0eZElUQm (291b6fc2-88ce-4f6a-a183-ea5e6c7e842b)
2019-06-17 03:01:42.202 25731 RALLYDEBUG rally_openstack.cleanup.manager [-] Deleting neutron.port object s_rally_c27abeda_OFr5Fvv9 (2930580a-1580-4b15-85fd-66cd966479bb)
2019-06-17 03:01:42.553 25731 RALLYDEBUG rally_openstack.cleanup.manager [-] Deleting neutron.port object s_rally_c27abeda_9ulmFh3Y (2a469830-9f5f-4aa7-b354-2ac6cb36c15c)
2019-06-17 03:01:42.849 25731 RALLYDEBUG rally_openstack.cleanup.manager [-] Deleting neutron.port object s_rally_c27abeda_UYFKuk4J (2ae8d036-3665-426d-84d4-ba1c360dee82)
2019-06-17 03:01:42.879 25731 RALLYDEBUG rally_openstack.cleanup.manager [-] Deleting neutron.port object s_rally_c27abeda_IShm0S09 (2af26eab-c86e-40f2-bcfb-d1aebb2ae4e0)
2019-06-17 03:01:42.937 25731 RALLYDEBUG rally_openstack.cleanup.manager [-] Deleting neutron.port object s_rally_c27abeda_CGNZPvEV (2b14fc10-16e4-4825-9406-a9f54008a965)
2019-06-17 03:01:43.188 25731 RALLYDEBUG rally_openstack.cleanup.manager [-] Deleting neutron.port object s_rally_c27abeda_Xm105dJf (2c0a7d38-da41-409a-a9ac-fae942ab17fd)
2019-06-17 03:01:43.189 25731 RALLYDEBUG rally_openstack.cleanup.manager [-] Deleting neutron.port object s_rally_c27abeda_xfdJ1Iy7 (2cab332d-5bb9-4e53-9941-897aa60f47ba)
2019-06-17 03:01:43.202 25731 RALLYDEBUG rally_openstack.cleanup.manager [-] Deleting neutron.port object s_rally_c27abeda_rr5XmpzK (2ccf9960-5583-477e-96cd-8c5886ddf84d)
2019-06-17 03:01:43.230 25731 RALLYDEBUG rally_openstack.cleanup.manager [-] Deleting neutron.port object s_rally_c27abeda_J7Y8HDwe (2cd83d19-b6bc-4456-b561-8e7f0557584d)
2019-06-17 03:01:43.473 25731 RALLYDEBUG rally_openstack.cleanup.manager [-] Deleting neutron.port object s_rally_c27abeda_LjGdM80y (2e0080b6-d1c1-45db-9968-62cd66529e2e)
2019-06-17 03:01:43.523 25731 RALLYDEBUG rally_openstack.cleanup.manager [-] Deleting neutron.port object s_rally_c27abeda_FsvsRrRv (2e20589c-08a1-4fc0-b603-6c61041017dc)
2019-06-17 03:01:43.756 25731 RALLYDEBUG rally_openstack.cleanup.manager [-] Deleting neutron.port object s_rally_c27abeda_UWzxx3ec (2e467b64-fabb-49ee-b9e0-977a11953d60)
2019-06-17 03:01:43.793 25731 RALLYDEBUG rally_openstack.cleanup.manager [-] Deleting neutron.port object s_rally_c27abeda_M5euKY1b (2ea9a2af-e5aa-4324-a641-7fcde0e17b45)
2019-06-17 03:01:43.909 25731 RALLYDEBUG rally_openstack.cleanup.manager [-] Deleting neutron.port object s_rally_c27abeda_CePaN601 (2f091346-c1b9-4b10-8896-9aaea27dfb05)
2019-06-17 03:01:44.036 25731 RALLYDEBUG rally_openstack.cleanup.manager [-] Deleting neutron.port object s_rally_c27abeda_AcZNSWUF (2f33a991-d6d1-41ce-a92e-ce2dc034113e)
2019-06-17 03:01:44.078 25731 RALLYDEBUG rally_openstack.cleanup.manager [-] Deleting neutron.port object s_rally_c27abeda_59BrPkl9 (2f7fc62e-4a9e-4eca-804f-e815a46fcfb3)
2019-06-17 03:01:44.164 25731 RALLYDEBUG rally_openstack.cleanup.manager [-] Deleting neutron.port object s_rally_c27abeda_luSePyFK (2fcdee8a-69ef-4910-b369-b0289692b58c)
2019-06-17 03:01:44.358 25731 RALLYDEBUG rally_openstack.cleanup.manager [-] Deleting neutron.port object s_rally_c27abeda_brzoPytn (30118185-95de-4903-9801-947aec01c579)
