2019-06-17 02:43:45.527 25722 RALLYDEBUG rally.api [-] INFO logs from urllib3 and requests module are hide.
2019-06-17 02:43:45.527 25722 RALLYDEBUG rally.api [-] urllib3 insecure warnings are hidden.
2019-06-17 02:43:45.527 25722 RALLYDEBUG rally.api [-] ERROR log from boto module is hide.
2019-06-17 02:43:48.208 25724 RALLYDEBUG rally.api [-] INFO logs from urllib3 and requests module are hide.
2019-06-17 02:43:48.208 25724 RALLYDEBUG rally.api [-] urllib3 insecure warnings are hidden.
2019-06-17 02:43:48.208 25724 RALLYDEBUG rally.api [-] ERROR log from boto module is hide.
2019-06-17 02:43:49.743 25724 WARNING rally_openstack.platforms.existing [-] endpoint is deprecated and not used.
2019-06-17 02:43:50.812 25726 RALLYDEBUG rally.api [-] INFO logs from urllib3 and requests module are hide.
2019-06-17 02:43:50.812 25726 RALLYDEBUG rally.api [-] urllib3 insecure warnings are hidden.
2019-06-17 02:43:50.812 25726 RALLYDEBUG rally.api [-] ERROR log from boto module is hide.
2019-06-17 02:43:54.121 25729 RALLYDEBUG rally.api [-] INFO logs from urllib3 and requests module are hide.
2019-06-17 02:43:54.122 25729 RALLYDEBUG rally.api [-] urllib3 insecure warnings are hidden.
2019-06-17 02:43:54.122 25729 RALLYDEBUG rally.api [-] ERROR log from boto module is hide.
2019-06-17 02:43:55.635 25731 RALLYDEBUG rally.api [-] INFO logs from urllib3 and requests module are hide.
2019-06-17 02:43:55.636 25731 RALLYDEBUG rally.api [-] urllib3 insecure warnings are hidden.
2019-06-17 02:43:55.636 25731 RALLYDEBUG rally.api [-] ERROR log from boto module is hide.
2019-06-17 02:43:57.047 25731 INFO rally.common.plugin.discover [-] Loading plugins from directories /root/.rally/plugins/*
2019-06-17 02:43:57.048 25731 INFO rally.common.plugin.discover [-] Loaded module with plugins: /root/.rally/plugins/__init__.py
2019-06-17 02:43:57.050 25731 INFO rally.common.plugin.discover [-] Loaded module with plugins: /root/.rally/plugins/trunk_scenario.py
2019-06-17 02:43:57.307 25731 INFO rally.task.engine [-] Task 250e0b68-8d18-4b96-b8ad-9efc8a18f25e | Starting: Task validation.
2019-06-17 02:43:57.361 25731 INFO rally.task.engine [-] Task 250e0b68-8d18-4b96-b8ad-9efc8a18f25e | Starting: Task validation of syntax.
2019-06-17 02:43:57.602 25731 INFO rally.task.engine [-] Task 250e0b68-8d18-4b96-b8ad-9efc8a18f25e | Completed: Task validation of syntax.
2019-06-17 02:43:57.603 25731 INFO rally.task.engine [-] Task 250e0b68-8d18-4b96-b8ad-9efc8a18f25e | Starting: Task validation of required platforms.
2019-06-17 02:43:57.674 25731 INFO rally.task.engine [-] Task 250e0b68-8d18-4b96-b8ad-9efc8a18f25e | Completed: Task validation of required platforms.
2019-06-17 02:43:57.674 25731 INFO rally.task.engine [-] Task 250e0b68-8d18-4b96-b8ad-9efc8a18f25e | Starting: Task validation of semantic.
2019-06-17 02:43:57.674 25731 INFO rally.task.engine [-] Check health of the environment '807d5136-1fe2-4d1e-9d52-c8f41f8bfdbb'.
2019-06-17 02:43:58.226 25731 INFO rally.task.engine [-] Platform existing@openstack (available: True): OK!
2019-06-17 02:43:58.236 25731 RALLYDEBUG rally_openstack.contexts.keystone.users [-] Creating 1 tenants using 20 threads
2019-06-17 02:43:59.123 25731 RALLYDEBUG rally_openstack.contexts.keystone.users [-] Creating 1 users using 20 threads
2019-06-17 02:44:00.568 25731 INFO rally.task.context [-] Task 250e0b68-8d18-4b96-b8ad-9efc8a18f25e | Context users@openstack setup() finished in 2.33 sec
2019-06-17 02:44:05.245 25731 INFO rally.task.context [-] Task 250e0b68-8d18-4b96-b8ad-9efc8a18f25e | Context users@openstack cleanup() started
2019-06-17 02:44:08.289 25731 INFO rally.task.context [-] Task 250e0b68-8d18-4b96-b8ad-9efc8a18f25e | Context users@openstack cleanup() finished in 3.04 sec
2019-06-17 02:44:08.290 25731 INFO rally.task.engine [-] Task 250e0b68-8d18-4b96-b8ad-9efc8a18f25e | Completed: Task validation of semantic.
2019-06-17 02:44:08.290 25731 INFO rally.task.engine [-] Task 250e0b68-8d18-4b96-b8ad-9efc8a18f25e | Completed: Task validation.
2019-06-17 02:44:08.291 25731 INFO rally.api [-] Task 250e0b68-8d18-4b96-b8ad-9efc8a18f25e input file is valid.
2019-06-17 02:44:08.291 25731 INFO rally.api [-] Run Task 250e0b68-8d18-4b96-b8ad-9efc8a18f25e against Deployment 807d5136-1fe2-4d1e-9d52-c8f41f8bfdbb
2019-06-17 02:44:08.291 25731 INFO rally.task.engine [-] Task 250e0b68-8d18-4b96-b8ad-9efc8a18f25e | Starting: Running task.
2019-06-17 02:44:08.512 25731 INFO rally.task.engine [-] Running workload: position = 0 config = { "version": 2, "title": "A cropped version of a bigger task.", "description": "Auto-generated task from a single workload (uuid=45d05dc0-8eb6-448c-a847-e2a4741c765b)", "subtasks": [ { "title": "NeutronNetworks.create_and_list_networks", "description": "Check performance of list_networks action and ensure > network quotas are not exceeded", "scenario": { "NeutronNetworks.create_and_list_networks": {} }, "contexts": { "users": { "tenants": 1, "users_per_tenant": 1 }, "quotas": { "neutron": { "network": 119 } } }, "runner": { "constant": { "times": 100, "concurrency": 20 } }, "hooks": [], "sla": { "max_avg_duration_per_atomic": { "neutron.list_networks": 15 }, "failure_rate": { "max": 0 } } } ] }
2019-06-17 02:44:08.540 25731 RALLYDEBUG rally_openstack.contexts.keystone.users [-] Creating 1 tenants using 20 threads
2019-06-17 02:44:09.482 25731 RALLYDEBUG rally_openstack.contexts.keystone.users [-] Creating 1 users using 20 threads
2019-06-17 02:44:11.001 25731 INFO rally.task.context [-] Task 250e0b68-8d18-4b96-b8ad-9efc8a18f25e | Context users@openstack setup() finished in 2.46 sec
2019-06-17 02:44:11.476 25731 INFO rally.task.context [-] Task 250e0b68-8d18-4b96-b8ad-9efc8a18f25e | Context quotas@openstack setup() finished in 0.48 sec
2019-06-17 02:44:11.477 25731 INFO rally.task.context [-] Task 250e0b68-8d18-4b96-b8ad-9efc8a18f25e | Context cleanup@openstack setup() finished in 0.01 msec
2019-06-17 02:44:11.486 25731 RALLYDEBUG rally.task.runner [-] Starting the constant runner (task UUID: 250e0b68-8d18-4b96-b8ad-9efc8a18f25e). timeout: 0 concurrency: 20 concurrency_per_worker: 1 times: 100 concurrency_overhead: 4 processes_to_start: 16 max_cpu_used: 16
2019-06-17 02:44:11.499 25855 RALLYDEBUG rally.task.runner [-] Starting a worker. concurrency: 2 args: {} times: 100 method_name: run timeout: 0 duration: None cls:
2019-06-17 02:44:11.503 25856 RALLYDEBUG rally.task.runner [-] Starting a worker. concurrency: 2 args: {} times: 100 method_name: run timeout: 0 duration: None cls:
2019-06-17 02:44:11.506 25857 RALLYDEBUG rally.task.runner [-] Starting a worker. concurrency: 2 args: {} times: 100 method_name: run timeout: 0 duration: None cls:
2019-06-17 02:44:11.509 25858 RALLYDEBUG rally.task.runner [-] Starting a worker. concurrency: 2 args: {} times: 100 method_name: run timeout: 0 duration: None cls:
2019-06-17 02:44:11.510 25855 INFO rally.task.runner [-] Task 250e0b68-8d18-4b96-b8ad-9efc8a18f25e | ITER: 1 START
2019-06-17 02:44:11.511 25861 RALLYDEBUG rally.task.runner [-] Starting a worker. concurrency: 1 args: {} times: 100 method_name: run timeout: 0 duration: None cls:
2019-06-17 02:44:11.514 25856 INFO rally.task.runner [-] Task 250e0b68-8d18-4b96-b8ad-9efc8a18f25e | ITER: 2 START
2019-06-17 02:44:11.517 25857 INFO rally.task.runner [-] Task 250e0b68-8d18-4b96-b8ad-9efc8a18f25e | ITER: 4 START
2019-06-17 02:44:11.517 25864 RALLYDEBUG rally.task.runner [-] Starting a worker. concurrency: 1 args: {} times: 100 method_name: run timeout: 0 duration: None cls:
2019-06-17 02:44:11.519 25861 INFO rally.task.runner [-] Task 250e0b68-8d18-4b96-b8ad-9efc8a18f25e | ITER: 8 START
2019-06-17 02:44:11.520 25858 INFO rally.task.runner [-] Task 250e0b68-8d18-4b96-b8ad-9efc8a18f25e | ITER: 6 START
2019-06-17 02:44:11.522 25875 RALLYDEBUG rally.task.runner [-] Starting a worker. concurrency: 1 args: {} times: 100 method_name: run timeout: 0 duration: None cls:
2019-06-17 02:44:11.522 25857 INFO rally.task.runner [-] Task 250e0b68-8d18-4b96-b8ad-9efc8a18f25e | ITER: 7 START
2019-06-17 02:44:11.522 25868 RALLYDEBUG rally.task.runner [-] Starting a worker. concurrency: 1 args: {} times: 100 method_name: run timeout: 0 duration: None cls:
2019-06-17 02:44:11.521 25858 INFO rally.task.runner [-] Task 250e0b68-8d18-4b96-b8ad-9efc8a18f25e | ITER: 9 START
2019-06-17 02:44:11.524 25855 INFO rally.task.runner [-] Task 250e0b68-8d18-4b96-b8ad-9efc8a18f25e | ITER: 3 START
2019-06-17 02:44:11.525 25856 INFO rally.task.runner [-] Task 250e0b68-8d18-4b96-b8ad-9efc8a18f25e | ITER: 5 START
2019-06-17 02:44:11.527 25864 INFO rally.task.runner [-] Task 250e0b68-8d18-4b96-b8ad-9efc8a18f25e | ITER: 10 START
2019-06-17 02:44:11.527 25877 RALLYDEBUG rally.task.runner [-] Starting a worker. concurrency: 1 args: {} times: 100 method_name: run timeout: 0 duration: None cls:
2019-06-17 02:44:11.531 25868 INFO rally.task.runner [-] Task 250e0b68-8d18-4b96-b8ad-9efc8a18f25e | ITER: 12 START
2019-06-17 02:44:11.531 25875 INFO rally.task.runner [-] Task 250e0b68-8d18-4b96-b8ad-9efc8a18f25e | ITER: 11 START
2019-06-17 02:44:11.535 25877 INFO rally.task.runner [-] Task 250e0b68-8d18-4b96-b8ad-9efc8a18f25e | ITER: 13 START
2019-06-17 02:44:11.536 25882 RALLYDEBUG rally.task.runner [-] Starting a worker. concurrency: 1 args: {} times: 100 method_name: run timeout: 0 duration: None cls:
2019-06-17 02:44:11.544 25887 RALLYDEBUG rally.task.runner [-] Starting a worker. concurrency: 1 args: {} times: 100 method_name: run timeout: 0 duration: None cls:
2019-06-17 02:44:11.545 25882 INFO rally.task.runner [-] Task 250e0b68-8d18-4b96-b8ad-9efc8a18f25e | ITER: 14 START
2019-06-17 02:44:11.552 25887 INFO rally.task.runner [-] Task 250e0b68-8d18-4b96-b8ad-9efc8a18f25e | ITER: 15 START
2019-06-17 02:44:11.555 25890 RALLYDEBUG rally.task.runner [-] Starting a worker. concurrency: 1 args: {} times: 100 method_name: run timeout: 0 duration: None cls:
2019-06-17 02:44:11.562 25890 INFO rally.task.runner [-] Task 250e0b68-8d18-4b96-b8ad-9efc8a18f25e | ITER: 16 START
2019-06-17 02:44:11.564 25893 RALLYDEBUG rally.task.runner [-] Starting a worker. concurrency: 1 args: {} times: 100 method_name: run timeout: 0 duration: None cls:
2019-06-17 02:44:11.570 25893 INFO rally.task.runner [-] Task 250e0b68-8d18-4b96-b8ad-9efc8a18f25e | ITER: 17 START
2019-06-17 02:44:11.569 25896 RALLYDEBUG rally.task.runner [-] Starting a worker. concurrency: 1 args: {} times: 100 method_name: run timeout: 0 duration: None cls:
2019-06-17 02:44:11.573 25897 RALLYDEBUG rally.task.runner [-] Starting a worker. concurrency: 1 args: {} times: 100 method_name: run timeout: 0 duration: None cls:
2019-06-17 02:44:11.575 25896 INFO rally.task.runner [-] Task 250e0b68-8d18-4b96-b8ad-9efc8a18f25e | ITER: 18 START
2019-06-17 02:44:11.577 25900 RALLYDEBUG rally.task.runner [-] Starting a worker. concurrency: 1 args: {} times: 100 method_name: run timeout: 0 duration: None cls:
2019-06-17 02:44:11.579 25897 INFO rally.task.runner [-] Task 250e0b68-8d18-4b96-b8ad-9efc8a18f25e | ITER: 19 START
2019-06-17 02:44:11.583 25900 INFO rally.task.runner [-] Task 250e0b68-8d18-4b96-b8ad-9efc8a18f25e | ITER: 20 START
2019-06-17 02:44:12.512 25857 INFO rally.task.runner [-] Task 250e0b68-8d18-4b96-b8ad-9efc8a18f25e | ITER: 7 END: OK
2019-06-17 02:44:12.516 25857 INFO rally.task.runner [-] Task 250e0b68-8d18-4b96-b8ad-9efc8a18f25e | ITER: 21 START
2019-06-17 02:44:12.747 25864 INFO rally.task.runner [-] Task 250e0b68-8d18-4b96-b8ad-9efc8a18f25e | ITER: 10 END: OK
2019-06-17 02:44:12.751 25864 INFO rally.task.runner [-] Task 250e0b68-8d18-4b96-b8ad-9efc8a18f25e | ITER: 22 START
2019-06-17 02:44:12.800 25875 INFO rally.task.runner [-] Task 250e0b68-8d18-4b96-b8ad-9efc8a18f25e | ITER: 11 END: OK
2019-06-17 02:44:12.804 25875 INFO rally.task.runner [-] Task 250e0b68-8d18-4b96-b8ad-9efc8a18f25e | ITER: 23 START
2019-06-17 02:44:12.806 25868 INFO rally.task.runner [-] Task 250e0b68-8d18-4b96-b8ad-9efc8a18f25e | ITER: 12 END: OK
2019-06-17 02:44:12.810 25868 INFO rally.task.runner [-] Task 250e0b68-8d18-4b96-b8ad-9efc8a18f25e | ITER: 24 START
2019-06-17 02:44:12.852 25858 INFO rally.task.runner [-] Task 250e0b68-8d18-4b96-b8ad-9efc8a18f25e | ITER: 6 END: OK
2019-06-17 02:44:12.857 25858 INFO rally.task.runner [-] Task 250e0b68-8d18-4b96-b8ad-9efc8a18f25e | ITER: 25 START
2019-06-17 02:44:12.886 25857 INFO rally.task.runner [-] Task 250e0b68-8d18-4b96-b8ad-9efc8a18f25e | ITER: 4 END: OK
2019-06-17 02:44:12.889 25857 INFO rally.task.runner [-] Task 250e0b68-8d18-4b96-b8ad-9efc8a18f25e | ITER: 26 START
2019-06-17 02:44:12.929 25877 INFO rally.task.runner [-] Task 250e0b68-8d18-4b96-b8ad-9efc8a18f25e | ITER: 13 END: OK
2019-06-17 02:44:12.932 25877 INFO rally.task.runner [-] Task 250e0b68-8d18-4b96-b8ad-9efc8a18f25e | ITER: 27 START
2019-06-17 02:44:13.064 25856 INFO rally.task.runner [-] Task 250e0b68-8d18-4b96-b8ad-9efc8a18f25e | ITER: 5 END: OK
2019-06-17 02:44:13.068 25856 INFO rally.task.runner [-] Task 250e0b68-8d18-4b96-b8ad-9efc8a18f25e | ITER: 28 START
2019-06-17 02:44:13.124 25900 INFO rally.task.runner [-] Task 250e0b68-8d18-4b96-b8ad-9efc8a18f25e | ITER: 20 END: OK
2019-06-17 02:44:13.128 25900 INFO rally.task.runner [-] Task 250e0b68-8d18-4b96-b8ad-9efc8a18f25e | ITER: 29 START
2019-06-17 02:44:13.158 25897 INFO rally.task.runner [-] Task 250e0b68-8d18-4b96-b8ad-9efc8a18f25e | ITER: 19 END: OK
2019-06-17 02:44:13.162 25897 INFO rally.task.runner [-] Task 250e0b68-8d18-4b96-b8ad-9efc8a18f25e | ITER: 30 START
2019-06-17 02:44:13.197 25890 INFO rally.task.runner [-] Task 250e0b68-8d18-4b96-b8ad-9efc8a18f25e | ITER: 16 END: OK
2019-06-17 02:44:13.199 25882 INFO rally.task.runner [-] Task 250e0b68-8d18-4b96-b8ad-9efc8a18f25e | ITER: 14 END: OK
2019-06-17 02:44:13.201 25890 INFO rally.task.runner [-] Task 250e0b68-8d18-4b96-b8ad-9efc8a18f25e | ITER: 31 START
2019-06-17 02:44:13.203 25882 INFO rally.task.runner [-] Task 250e0b68-8d18-4b96-b8ad-9efc8a18f25e | ITER: 32 START
2019-06-17 02:44:13.209 25855 INFO rally.task.runner [-] Task 250e0b68-8d18-4b96-b8ad-9efc8a18f25e | ITER: 3 END: OK
2019-06-17 02:44:13.213 25855 INFO rally.task.runner [-] Task 250e0b68-8d18-4b96-b8ad-9efc8a18f25e | ITER: 33 START
2019-06-17 02:44:13.218 25861 INFO rally.task.runner [-] Task 250e0b68-8d18-4b96-b8ad-9efc8a18f25e | ITER: 8 END: OK
2019-06-17 02:44:13.220 25893 INFO rally.task.runner [-] Task 250e0b68-8d18-4b96-b8ad-9efc8a18f25e | ITER: 17 END: OK
2019-06-17 02:44:13.221 25861 INFO rally.task.runner [-] Task 250e0b68-8d18-4b96-b8ad-9efc8a18f25e | ITER: 34 START
2019-06-17 02:44:13.223 25893 INFO rally.task.runner [-] Task 250e0b68-8d18-4b96-b8ad-9efc8a18f25e | ITER: 35 START
2019-06-17 02:44:13.270 25896 INFO rally.task.runner [-] Task 250e0b68-8d18-4b96-b8ad-9efc8a18f25e | ITER: 18 END: OK
2019-06-17 02:44:13.274 25896 INFO rally.task.runner [-] Task 250e0b68-8d18-4b96-b8ad-9efc8a18f25e | ITER: 36 START
2019-06-17 02:44:13.321 25858 INFO rally.task.runner [-] Task 250e0b68-8d18-4b96-b8ad-9efc8a18f25e | ITER: 9 END: OK
2019-06-17 02:44:13.327 25858 INFO rally.task.runner [-] Task 250e0b68-8d18-4b96-b8ad-9efc8a18f25e | ITER: 37 START
2019-06-17 02:44:13.352 25856 INFO rally.task.runner [-] Task 250e0b68-8d18-4b96-b8ad-9efc8a18f25e | ITER: 2 END: OK
2019-06-17 02:44:13.355 25856 INFO rally.task.runner [-] Task 250e0b68-8d18-4b96-b8ad-9efc8a18f25e | ITER: 38 START
2019-06-17 02:44:13.387 25887 INFO rally.task.runner [-] Task 250e0b68-8d18-4b96-b8ad-9efc8a18f25e | ITER: 15 END: OK
2019-06-17 02:44:13.390 25887 INFO rally.task.runner [-] Task 250e0b68-8d18-4b96-b8ad-9efc8a18f25e | ITER: 39 START
2019-06-17 02:44:13.408 25855 INFO rally.task.runner [-] Task 250e0b68-8d18-4b96-b8ad-9efc8a18f25e | ITER: 1 END: OK
2019-06-17 02:44:13.411 25855 INFO rally.task.runner [-] Task 250e0b68-8d18-4b96-b8ad-9efc8a18f25e | ITER: 40 START
2019-06-17 02:44:13.479 25857 INFO rally.task.runner [-] Task 250e0b68-8d18-4b96-b8ad-9efc8a18f25e | ITER: 21 END: OK
2019-06-17 02:44:13.483 25857 INFO rally.task.runner [-] Task 250e0b68-8d18-4b96-b8ad-9efc8a18f25e | ITER: 41 START
2019-06-17 02:44:13.859 25858 INFO rally.task.runner [-] Task 250e0b68-8d18-4b96-b8ad-9efc8a18f25e | ITER: 25 END: OK
2019-06-17 02:44:13.863 25858 INFO rally.task.runner [-] Task 250e0b68-8d18-4b96-b8ad-9efc8a18f25e | ITER: 42 START
2019-06-17 02:44:13.902 25864 INFO rally.task.runner [-] Task 250e0b68-8d18-4b96-b8ad-9efc8a18f25e | ITER: 22 END: OK
2019-06-17 02:44:13.903 25875 INFO rally.task.runner [-] Task 250e0b68-8d18-4b96-b8ad-9efc8a18f25e | ITER: 23 END: OK
2019-06-17 02:44:13.906 25864 INFO rally.task.runner [-] Task 250e0b68-8d18-4b96-b8ad-9efc8a18f25e | ITER: 43 START
2019-06-17 02:44:13.906 25875 INFO rally.task.runner [-] Task 250e0b68-8d18-4b96-b8ad-9efc8a18f25e | ITER: 44 START
2019-06-17 02:44:13.933 25868 INFO rally.task.runner [-] Task 250e0b68-8d18-4b96-b8ad-9efc8a18f25e | ITER: 24 END: OK
2019-06-17 02:44:13.937 25868 INFO rally.task.runner [-] Task 250e0b68-8d18-4b96-b8ad-9efc8a18f25e | ITER: 45 START
2019-06-17 02:44:14.032 25857 INFO rally.task.runner [-] Task 250e0b68-8d18-4b96-b8ad-9efc8a18f25e | ITER: 26 END: OK
2019-06-17 02:44:14.035 25857 INFO rally.task.runner [-] Task 250e0b68-8d18-4b96-b8ad-9efc8a18f25e | ITER: 46 START
2019-06-17 02:44:14.080 25855 INFO rally.task.runner [-] Task 250e0b68-8d18-4b96-b8ad-9efc8a18f25e | ITER: 33 END: OK
2019-06-17 02:44:14.084 25855 INFO rally.task.runner [-] Task 250e0b68-8d18-4b96-b8ad-9efc8a18f25e | ITER: 47 START
2019-06-17 02:44:14.293 25877 INFO rally.task.runner [-] Task 250e0b68-8d18-4b96-b8ad-9efc8a18f25e | ITER: 27 END: OK
2019-06-17 02:44:14.297 25877 INFO rally.task.runner [-] Task 250e0b68-8d18-4b96-b8ad-9efc8a18f25e | ITER: 48 START
2019-06-17 02:44:14.498 25900 INFO rally.task.runner [-] Task 250e0b68-8d18-4b96-b8ad-9efc8a18f25e | ITER: 29 END: OK
2019-06-17 02:44:14.502 25900 INFO rally.task.runner [-] Task 250e0b68-8d18-4b96-b8ad-9efc8a18f25e | ITER: 49 START
2019-06-17 02:44:14.549 25897 INFO rally.task.runner [-] Task 250e0b68-8d18-4b96-b8ad-9efc8a18f25e | ITER: 30 END: OK
2019-06-17 02:44:14.553 25897 INFO rally.task.runner [-] Task 250e0b68-8d18-4b96-b8ad-9efc8a18f25e | ITER: 50 START
2019-06-17 02:44:14.581 25882 INFO rally.task.runner [-] Task 250e0b68-8d18-4b96-b8ad-9efc8a18f25e | ITER: 32 END: OK
2019-06-17 02:44:14.584 25882 INFO rally.task.runner [-] Task 250e0b68-8d18-4b96-b8ad-9efc8a18f25e | ITER: 51 START
2019-06-17 02:44:14.690 25893 INFO rally.task.runner [-] Task 250e0b68-8d18-4b96-b8ad-9efc8a18f25e | ITER: 35 END: OK
2019-06-17 02:44:14.694 25893 INFO rally.task.runner [-] Task 250e0b68-8d18-4b96-b8ad-9efc8a18f25e | ITER: 52 START
2019-06-17 02:44:14.720 25856 INFO rally.task.runner [-] Task 250e0b68-8d18-4b96-b8ad-9efc8a18f25e | ITER: 28 END: OK
2019-06-17 02:44:14.724 25856 INFO rally.task.runner [-] Task 250e0b68-8d18-4b96-b8ad-9efc8a18f25e | ITER: 53 START
2019-06-17 02:44:14.796 25861 INFO rally.task.runner [-] Task 250e0b68-8d18-4b96-b8ad-9efc8a18f25e | ITER: 34 END: OK
2019-06-17 02:44:14.800 25861 INFO rally.task.runner [-] Task 250e0b68-8d18-4b96-b8ad-9efc8a18f25e | ITER: 54 START
2019-06-17 02:44:14.834 25896 INFO rally.task.runner [-] Task 250e0b68-8d18-4b96-b8ad-9efc8a18f25e | ITER: 36 END: OK
2019-06-17 02:44:14.838 25896 INFO rally.task.runner [-] Task 250e0b68-8d18-4b96-b8ad-9efc8a18f25e | ITER: 55 START
2019-06-17 02:44:15.018 25890 INFO rally.task.runner [-] Task 250e0b68-8d18-4b96-b8ad-9efc8a18f25e | ITER: 31 END: OK
2019-06-17 02:44:15.022 25890 INFO rally.task.runner [-] Task 250e0b68-8d18-4b96-b8ad-9efc8a18f25e | ITER: 56 START
2019-06-17 02:44:15.129 25887 INFO rally.task.runner [-] Task 250e0b68-8d18-4b96-b8ad-9efc8a18f25e | ITER: 39 END: OK
2019-06-17 02:44:15.133 25887 INFO rally.task.runner [-] Task 250e0b68-8d18-4b96-b8ad-9efc8a18f25e | ITER: 57 START
2019-06-17 02:44:15.315 25856 INFO rally.task.runner [-] Task 250e0b68-8d18-4b96-b8ad-9efc8a18f25e | ITER: 38 END: OK
2019-06-17 02:44:15.319 25856 INFO rally.task.runner [-] Task 250e0b68-8d18-4b96-b8ad-9efc8a18f25e | ITER: 58 START
2019-06-17 02:44:15.450 25864 INFO rally.task.runner [-] Task 250e0b68-8d18-4b96-b8ad-9efc8a18f25e | ITER: 43 END: OK
2019-06-17 02:44:15.454 25864 INFO rally.task.runner [-] Task 250e0b68-8d18-4b96-b8ad-9efc8a18f25e | ITER: 59 START
2019-06-17 02:44:15.568 25858 INFO rally.task.runner [-] Task 250e0b68-8d18-4b96-b8ad-9efc8a18f25e | ITER: 42 END: OK
2019-06-17 02:44:15.572 25858 INFO rally.task.runner [-] Task 250e0b68-8d18-4b96-b8ad-9efc8a18f25e | ITER: 37 END: OK
2019-06-17 02:44:15.577 25858 INFO rally.task.runner [-] Task 250e0b68-8d18-4b96-b8ad-9efc8a18f25e | ITER: 60 START
2019-06-17 02:44:15.586 25858 INFO rally.task.runner [-] Task 250e0b68-8d18-4b96-b8ad-9efc8a18f25e | ITER: 61 START
2019-06-17 02:44:15.630 25868 INFO rally.task.runner [-] Task 250e0b68-8d18-4b96-b8ad-9efc8a18f25e | ITER: 45 END: OK
2019-06-17 02:44:15.634 25868 INFO rally.task.runner [-] Task 250e0b68-8d18-4b96-b8ad-9efc8a18f25e | ITER: 62 START
2019-06-17 02:44:15.647 25855 INFO rally.task.runner [-] Task 250e0b68-8d18-4b96-b8ad-9efc8a18f25e | ITER: 40 END: OK
2019-06-17 02:44:15.650 25855 INFO rally.task.runner [-] Task 250e0b68-8d18-4b96-b8ad-9efc8a18f25e | ITER: 63 START
2019-06-17 02:44:15.713 25855 INFO rally.task.runner [-] Task 250e0b68-8d18-4b96-b8ad-9efc8a18f25e | ITER: 47 END: OK
2019-06-17 02:44:15.716 25855 INFO rally.task.runner [-] Task 250e0b68-8d18-4b96-b8ad-9efc8a18f25e | ITER: 64 START
2019-06-17 02:44:15.780 25857 INFO rally.task.runner [-] Task 250e0b68-8d18-4b96-b8ad-9efc8a18f25e | ITER: 46 END: OK
2019-06-17 02:44:15.783 25857 INFO rally.task.runner [-] Task 250e0b68-8d18-4b96-b8ad-9efc8a18f25e | ITER: 65 START
2019-06-17 02:44:15.850 25857 INFO rally.task.runner [-] Task 250e0b68-8d18-4b96-b8ad-9efc8a18f25e | ITER: 41 END: OK
2019-06-17 02:44:15.854 25857 INFO rally.task.runner [-] Task 250e0b68-8d18-4b96-b8ad-9efc8a18f25e | ITER: 66 START
2019-06-17 02:44:15.981 25877 INFO rally.task.runner [-] Task 250e0b68-8d18-4b96-b8ad-9efc8a18f25e | ITER: 48 END: OK
2019-06-17 02:44:15.984 25877 INFO rally.task.runner [-] Task 250e0b68-8d18-4b96-b8ad-9efc8a18f25e | ITER: 67 START
2019-06-17 02:44:16.178 25882 INFO rally.task.runner [-] Task 250e0b68-8d18-4b96-b8ad-9efc8a18f25e | ITER: 51 END: OK
2019-06-17 02:44:16.182 25882 INFO rally.task.runner [-] Task 250e0b68-8d18-4b96-b8ad-9efc8a18f25e | ITER: 68 START
2019-06-17 02:44:16.213 25897 INFO rally.task.runner [-] Task 250e0b68-8d18-4b96-b8ad-9efc8a18f25e | ITER: 50 END: OK
2019-06-17 02:44:16.216 25897 INFO rally.task.runner [-] Task 250e0b68-8d18-4b96-b8ad-9efc8a18f25e | ITER: 69 START
2019-06-17 02:44:16.483 25861 INFO rally.task.runner [-] Task 250e0b68-8d18-4b96-b8ad-9efc8a18f25e | ITER: 54 END: OK
2019-06-17 02:44:16.486 25861 INFO rally.task.runner [-] Task 250e0b68-8d18-4b96-b8ad-9efc8a18f25e | ITER: 70 START
2019-06-17 02:44:16.513 25858 INFO rally.task.runner [-] Task 250e0b68-8d18-4b96-b8ad-9efc8a18f25e | ITER: 61 END: OK
2019-06-17 02:44:16.517 25858 INFO rally.task.runner [-] Task 250e0b68-8d18-4b96-b8ad-9efc8a18f25e | ITER: 71 START
2019-06-17 02:44:16.533 25893 INFO rally.task.runner [-] Task 250e0b68-8d18-4b96-b8ad-9efc8a18f25e | ITER: 52 END: OK
2019-06-17 02:44:16.537 25893 INFO rally.task.runner [-] Task 250e0b68-8d18-4b96-b8ad-9efc8a18f25e | ITER: 72 START
2019-06-17 02:44:16.551 25900 INFO rally.task.runner [-] Task 250e0b68-8d18-4b96-b8ad-9efc8a18f25e | ITER: 49 END: OK
2019-06-17 02:44:16.555 25900 INFO rally.task.runner [-] Task 250e0b68-8d18-4b96-b8ad-9efc8a18f25e | ITER: 73 START
2019-06-17 02:44:16.735 25875 INFO rally.task.runner [-] Task 250e0b68-8d18-4b96-b8ad-9efc8a18f25e | ITER: 44 END: OK
2019-06-17 02:44:16.739 25875 INFO rally.task.runner [-] Task 250e0b68-8d18-4b96-b8ad-9efc8a18f25e | ITER: 74 START
2019-06-17 02:44:16.882 25896 INFO rally.task.runner [-] Task 250e0b68-8d18-4b96-b8ad-9efc8a18f25e | ITER: 55 END: OK
2019-06-17 02:44:16.885 25896 INFO rally.task.runner [-] Task 250e0b68-8d18-4b96-b8ad-9efc8a18f25e | ITER: 75 START
2019-06-17 02:44:17.087 25887 INFO rally.task.runner [-] Task 250e0b68-8d18-4b96-b8ad-9efc8a18f25e | ITER: 57 END: OK
2019-06-17 02:44:17.091 25887 INFO rally.task.runner [-] Task 250e0b68-8d18-4b96-b8ad-9efc8a18f25e | ITER: 76 START
2019-06-17 02:44:17.185 25856 INFO rally.task.runner [-] Task 250e0b68-8d18-4b96-b8ad-9efc8a18f25e | ITER: 53 END: OK
2019-06-17 02:44:17.190 25856 INFO rally.task.runner [-] Task 250e0b68-8d18-4b96-b8ad-9efc8a18f25e | ITER: 58 END: OK
2019-06-17 02:44:17.194 25856 INFO rally.task.runner [-] Task 250e0b68-8d18-4b96-b8ad-9efc8a18f25e | ITER: 77 START
2019-06-17 02:44:17.203 25856 INFO rally.task.runner [-] Task 250e0b68-8d18-4b96-b8ad-9efc8a18f25e | ITER: 78 START
2019-06-17 02:44:17.272 25890 INFO rally.task.runner [-] Task 250e0b68-8d18-4b96-b8ad-9efc8a18f25e | ITER: 56 END: OK
2019-06-17 02:44:17.276 25890 INFO rally.task.runner [-] Task 250e0b68-8d18-4b96-b8ad-9efc8a18f25e | ITER: 79 START
2019-06-17 02:44:17.391 25900 INFO rally.task.runner [-] Task 250e0b68-8d18-4b96-b8ad-9efc8a18f25e | ITER: 73 END: OK
2019-06-17 02:44:17.395 25900 INFO rally.task.runner [-] Task 250e0b68-8d18-4b96-b8ad-9efc8a18f25e | ITER: 80 START
2019-06-17 02:44:17.561 25855 INFO rally.task.runner [-] Task 250e0b68-8d18-4b96-b8ad-9efc8a18f25e | ITER: 64 END: OK
2019-06-17 02:44:17.565 25855 INFO rally.task.runner [-] Task 250e0b68-8d18-4b96-b8ad-9efc8a18f25e | ITER: 81 START
2019-06-17 02:44:17.693 25858 INFO rally.task.runner [-] Task 250e0b68-8d18-4b96-b8ad-9efc8a18f25e | ITER: 60 END: OK
2019-06-17 02:44:17.696 25858 INFO rally.task.runner [-] Task 250e0b68-8d18-4b96-b8ad-9efc8a18f25e | ITER: 82 START
2019-06-17 02:44:17.762 25855 INFO rally.task.runner [-] Task 250e0b68-8d18-4b96-b8ad-9efc8a18f25e | ITER: 63 END: OK
2019-06-17 02:44:17.765 25855 INFO rally.task.runner [-] Task 250e0b68-8d18-4b96-b8ad-9efc8a18f25e | ITER: 83 START
2019-06-17 02:44:17.887 25857 INFO rally.task.runner [-] Task 250e0b68-8d18-4b96-b8ad-9efc8a18f25e | ITER: 65 END: OK
2019-06-17 02:44:17.890 25857 INFO rally.task.runner [-] Task 250e0b68-8d18-4b96-b8ad-9efc8a18f25e | ITER: 84 START
2019-06-17 02:44:17.966 25864 INFO rally.task.runner [-] Task 250e0b68-8d18-4b96-b8ad-9efc8a18f25e | ITER: 59 END: OK
2019-06-17 02:44:17.970 25864 INFO rally.task.runner [-] Task 250e0b68-8d18-4b96-b8ad-9efc8a18f25e | ITER: 85 START
2019-06-17 02:44:18.058 25877 INFO rally.task.runner [-] Task 250e0b68-8d18-4b96-b8ad-9efc8a18f25e | ITER: 67 END: OK
2019-06-17 02:44:18.062 25877 INFO rally.task.runner [-] Task 250e0b68-8d18-4b96-b8ad-9efc8a18f25e | ITER: 86 START
2019-06-17 02:44:18.124 25857 INFO rally.task.runner [-] Task 250e0b68-8d18-4b96-b8ad-9efc8a18f25e | ITER: 66 END: OK
2019-06-17 02:44:18.128 25857 INFO rally.task.runner [-] Task 250e0b68-8d18-4b96-b8ad-9efc8a18f25e | ITER: 87 START
2019-06-17 02:44:18.177 25882 INFO rally.task.runner [-] Task 250e0b68-8d18-4b96-b8ad-9efc8a18f25e | ITER: 68 END: OK
2019-06-17 02:44:18.180 25882 INFO rally.task.runner [-] Task 250e0b68-8d18-4b96-b8ad-9efc8a18f25e | ITER: 88 START
2019-06-17 02:44:18.260 25856 INFO rally.task.runner [-] Task 250e0b68-8d18-4b96-b8ad-9efc8a18f25e | ITER: 77 END: OK
2019-06-17 02:44:18.264 25856 INFO rally.task.runner [-] Task 250e0b68-8d18-4b96-b8ad-9efc8a18f25e | ITER: 89 START
2019-06-17 02:44:18.314 25861 INFO rally.task.runner [-] Task 250e0b68-8d18-4b96-b8ad-9efc8a18f25e | ITER: 70 END: OK
2019-06-17 02:44:18.318 25861 INFO rally.task.runner [-] Task 250e0b68-8d18-4b96-b8ad-9efc8a18f25e | ITER: 90 START
2019-06-17 02:44:18.395 25897 INFO rally.task.runner [-] Task 250e0b68-8d18-4b96-b8ad-9efc8a18f25e | ITER: 69 END: OK
2019-06-17 02:44:18.399 25897 INFO rally.task.runner [-] Task 250e0b68-8d18-4b96-b8ad-9efc8a18f25e | ITER: 91 START
2019-06-17 02:44:18.563 25858 INFO rally.task.runner [-] Task 250e0b68-8d18-4b96-b8ad-9efc8a18f25e | ITER: 71 END: OK
2019-06-17 02:44:18.567 25858 INFO rally.task.runner [-] Task 250e0b68-8d18-4b96-b8ad-9efc8a18f25e | ITER: 92 START
2019-06-17 02:44:18.621 25868 INFO rally.task.runner [-] Task 250e0b68-8d18-4b96-b8ad-9efc8a18f25e | ITER: 62 END: OK
2019-06-17 02:44:18.625 25868 INFO rally.task.runner [-] Task 250e0b68-8d18-4b96-b8ad-9efc8a18f25e | ITER: 93 START
2019-06-17 02:44:18.691 25896 INFO rally.task.runner [-] Task 250e0b68-8d18-4b96-b8ad-9efc8a18f25e | ITER: 75 END: OK
2019-06-17 02:44:18.695 25896 INFO rally.task.runner [-] Task 250e0b68-8d18-4b96-b8ad-9efc8a18f25e | ITER: 94 START
2019-06-17 02:44:18.857 25893 INFO rally.task.runner [-] Task 250e0b68-8d18-4b96-b8ad-9efc8a18f25e | ITER: 72 END: OK
2019-06-17 02:44:18.861 25893 INFO rally.task.runner [-] Task 250e0b68-8d18-4b96-b8ad-9efc8a18f25e | ITER: 95 START
2019-06-17 02:44:18.928 25887 INFO rally.task.runner [-] Task 250e0b68-8d18-4b96-b8ad-9efc8a18f25e | ITER: 76 END: OK
2019-06-17 02:44:18.932 25887 INFO rally.task.runner [-] Task 250e0b68-8d18-4b96-b8ad-9efc8a18f25e | ITER: 96 START
2019-06-17 02:44:19.143 25875 INFO rally.task.runner [-] Task 250e0b68-8d18-4b96-b8ad-9efc8a18f25e | ITER: 74 END: OK
2019-06-17 02:44:19.146 25875 INFO rally.task.runner [-] Task 250e0b68-8d18-4b96-b8ad-9efc8a18f25e | ITER: 97 START
2019-06-17 02:44:19.225 25858 INFO rally.task.runner [-] Task 250e0b68-8d18-4b96-b8ad-9efc8a18f25e | ITER: 82 END: OK
2019-06-17 02:44:19.229 25858 INFO rally.task.runner [-] Task 250e0b68-8d18-4b96-b8ad-9efc8a18f25e | ITER: 98 START
2019-06-17 02:44:19.320 25855 INFO rally.task.runner [-] Task 250e0b68-8d18-4b96-b8ad-9efc8a18f25e | ITER: 81 END: OK
2019-06-17 02:44:19.324 25855 INFO rally.task.runner [-] Task 250e0b68-8d18-4b96-b8ad-9efc8a18f25e | ITER: 99 START
2019-06-17 02:44:19.439 25900 INFO rally.task.runner [-] Task 250e0b68-8d18-4b96-b8ad-9efc8a18f25e | ITER: 80 END: OK
2019-06-17 02:44:19.443 25900 INFO rally.task.runner [-] Task 250e0b68-8d18-4b96-b8ad-9efc8a18f25e | ITER: 100 START
2019-06-17 02:44:19.453 25857 INFO rally.task.runner [-] Task 250e0b68-8d18-4b96-b8ad-9efc8a18f25e | ITER: 84 END: OK
2019-06-17 02:44:19.485 25856 INFO rally.task.runner [-] Task 250e0b68-8d18-4b96-b8ad-9efc8a18f25e | ITER: 78 END: OK
2019-06-17 02:44:19.544 25855 INFO rally.task.runner [-] Task 250e0b68-8d18-4b96-b8ad-9efc8a18f25e | ITER: 83 END: OK
2019-06-17 02:44:19.816 25864 INFO rally.task.runner [-] Task 250e0b68-8d18-4b96-b8ad-9efc8a18f25e | ITER: 85 END: OK
2019-06-17 02:44:19.983 25877 INFO rally.task.runner [-] Task 250e0b68-8d18-4b96-b8ad-9efc8a18f25e | ITER: 86 END: OK
2019-06-17 02:44:20.225 25890 INFO rally.task.runner [-] Task 250e0b68-8d18-4b96-b8ad-9efc8a18f25e | ITER: 79 END: OK
2019-06-17 02:44:20.361 25882 INFO rally.task.runner [-] Task 250e0b68-8d18-4b96-b8ad-9efc8a18f25e | ITER: 88 END: OK
2019-06-17 02:44:20.454 25857 INFO rally.task.runner [-] Task 250e0b68-8d18-4b96-b8ad-9efc8a18f25e | ITER: 87 END: OK
2019-06-17 02:44:20.456 25861 INFO rally.task.runner [-] Task 250e0b68-8d18-4b96-b8ad-9efc8a18f25e | ITER: 90 END: OK
2019-06-17 02:44:20.481 25897 INFO rally.task.runner [-] Task 250e0b68-8d18-4b96-b8ad-9efc8a18f25e | ITER: 91 END: OK
2019-06-17 02:44:20.588 25858 INFO rally.task.runner [-] Task 250e0b68-8d18-4b96-b8ad-9efc8a18f25e | ITER: 92 END: OK
2019-06-17 02:44:20.621 25856 INFO rally.task.runner [-] Task 250e0b68-8d18-4b96-b8ad-9efc8a18f25e | ITER: 89 END: OK
2019-06-17 02:44:20.946 25868 INFO rally.task.runner [-] Task 250e0b68-8d18-4b96-b8ad-9efc8a18f25e | ITER: 93 END: OK
2019-06-17 02:44:21.087 25896 INFO rally.task.runner [-] Task 250e0b68-8d18-4b96-b8ad-9efc8a18f25e | ITER: 94 END: OK
2019-06-17 02:44:21.185 25887 INFO rally.task.runner [-] Task 250e0b68-8d18-4b96-b8ad-9efc8a18f25e | ITER: 96 END: OK
2019-06-17 02:44:21.250 25858 INFO rally.task.runner [-] Task 250e0b68-8d18-4b96-b8ad-9efc8a18f25e | ITER: 98 END: OK
2019-06-17 02:44:21.254 25875 INFO rally.task.runner [-] Task 250e0b68-8d18-4b96-b8ad-9efc8a18f25e | ITER: 97 END: OK
2019-06-17 02:44:21.271 25893 INFO rally.task.runner [-] Task 250e0b68-8d18-4b96-b8ad-9efc8a18f25e | ITER: 95 END: OK
2019-06-17 02:44:21.581 25855 INFO rally.task.runner [-] Task 250e0b68-8d18-4b96-b8ad-9efc8a18f25e | ITER: 99 END: OK
2019-06-17 02:44:21.679 25900 INFO rally.task.runner [-] Task 250e0b68-8d18-4b96-b8ad-9efc8a18f25e | ITER: 100 END: OK
2019-06-17 02:44:21.706 25731 INFO rally.task.context [-] Task 250e0b68-8d18-4b96-b8ad-9efc8a18f25e | Context cleanup@openstack cleanup() started
2019-06-17 02:44:21.709 25731 RALLYDEBUG rally_openstack.cleanup.manager [-] Cleaning up neutron vip objects
2019-06-17 02:44:22.102 25731 RALLYDEBUG rally_openstack.cleanup.manager [-] Cleaning up neutron health_monitor objects
2019-06-17 02:44:22.483 25731 RALLYDEBUG rally_openstack.cleanup.manager [-] Cleaning up neutron pool objects
2019-06-17 02:44:22.892 25731 RALLYDEBUG rally_openstack.cleanup.manager [-] Cleaning up neutron loadbalancer objects
2019-06-17 02:44:23.283 25731 RALLYDEBUG rally_openstack.cleanup.manager [-] Cleaning up neutron floatingip objects
2019-06-17 02:44:23.722 25731 RALLYDEBUG rally_openstack.cleanup.manager [-] Cleaning up neutron port objects
2019-06-17 02:44:24.152 25731 RALLYDEBUG rally_openstack.cleanup.manager [-] Cleaning up neutron subnet objects
2019-06-17 02:44:24.564 25731 RALLYDEBUG rally_openstack.cleanup.manager [-] Cleaning up neutron network objects
2019-06-17 02:44:25.313 25731 RALLYDEBUG rally_openstack.cleanup.manager [-] Deleting neutron.network object s_rally_45d05dc0_oDVRloTy (10f5b33a-e7ad-460b-906e-85c61a68d172)
2019-06-17 02:44:25.315 25731 RALLYDEBUG rally_openstack.cleanup.manager [-] Deleting neutron.network object s_rally_45d05dc0_JuGm7XzE (059cfb0f-c684-479b-abd2-f101b73253fa)
2019-06-17 02:44:25.318 25731 RALLYDEBUG rally_openstack.cleanup.manager [-] Deleting neutron.network object s_rally_45d05dc0_vwnIohB9 (18a5b427-0841-4413-917c-1afc3b68fa37)
2019-06-17 02:44:25.319 25731 RALLYDEBUG rally_openstack.cleanup.manager [-] Deleting neutron.network object s_rally_45d05dc0_DsUfRwJ2 (03f310f4-7139-4042-a507-21590882ac50)
2019-06-17 02:44:25.321 25731 RALLYDEBUG rally_openstack.cleanup.manager [-] Deleting neutron.network object s_rally_45d05dc0_nDoLA14O (1a5ac5ec-5e89-4c4b-873e-4a565f9b45b2)
2019-06-17 02:44:25.322 25731 RALLYDEBUG rally_openstack.cleanup.manager [-] Deleting neutron.network object s_rally_45d05dc0_8lwlo6rO (2550c521-d27c-4c70-86c0-92fffdabbd72)
2019-06-17 02:44:25.328 25731 RALLYDEBUG rally_openstack.cleanup.manager [-] Deleting neutron.network object s_rally_45d05dc0_mqVbIjMv (16723425-9231-40ce-8f0b-67178c60ff4e)
2019-06-17 02:44:25.327 25731 RALLYDEBUG rally_openstack.cleanup.manager [-] Deleting neutron.network object s_rally_45d05dc0_fWc9w49y (042e0ebc-95af-4397-aac1-a107c90e8beb)
2019-06-17 02:44:25.332 25731 RALLYDEBUG rally_openstack.cleanup.manager [-] Deleting neutron.network object s_rally_45d05dc0_PQyNxXa1 (29442c48-eff5-41ed-9dc6-12401a31b442)
2019-06-17 02:44:25.334 25731 RALLYDEBUG rally_openstack.cleanup.manager [-] Deleting neutron.network object s_rally_45d05dc0_TLucAu6Y (25b129c9-4eab-467d-bccc-77af3c2c1623)
2019-06-17 02:44:25.341 25731 RALLYDEBUG rally_openstack.cleanup.manager [-] Deleting neutron.network object s_rally_45d05dc0_JahoxxHA (0659c13e-1ba6-49b8-ae9b-c2c47f7e91e5)
2019-06-17 02:44:25.342 25731 RALLYDEBUG rally_openstack.cleanup.manager [-] Deleting neutron.network object s_rally_45d05dc0_4JBjFfgG (13e3edd0-884e-4f83-bc68-695f10653b5f)
2019-06-17 02:44:25.364 25731 RALLYDEBUG rally_openstack.cleanup.manager [-] Deleting neutron.network object s_rally_45d05dc0_4sIZuFnp (3106de7b-5cea-4afb-adc6-75f1a00bb39c)
2019-06-17 02:44:25.363 25731 RALLYDEBUG rally_openstack.cleanup.manager [-] Deleting neutron.network object s_rally_45d05dc0_7e2twRMy (2e90a5da-3b93-42e8-b7c8-6ac89ca589c9)
2019-06-17 02:44:25.369 25731 RALLYDEBUG rally_openstack.cleanup.manager [-] Deleting neutron.network object s_rally_45d05dc0_V70luvg6 (2e9ad7e6-3a7a-4ca0-8c04-121b80228b6b)
2019-06-17 02:44:25.375 25731 RALLYDEBUG rally_openstack.cleanup.manager [-] Deleting neutron.network object s_rally_45d05dc0_SPmqtWST (1ebc49cb-5f88-45dc-8216-2be5e655f140)
2019-06-17 02:44:25.378 25731 RALLYDEBUG rally_openstack.cleanup.manager [-] Deleting neutron.network object s_rally_45d05dc0_JPAx3aJR (0da55ba2-91c3-400a-a7d2-79b44f6d2de6)
2019-06-17 02:44:25.395 25731 RALLYDEBUG rally_openstack.cleanup.manager [-] Deleting neutron.network object s_rally_45d05dc0_PWQ6TdJC (2ff964b1-9960-4ef9-b965-63e239a34fb6)
2019-06-17 02:44:25.423 25731 RALLYDEBUG rally_openstack.cleanup.manager [-] Deleting neutron.network object s_rally_45d05dc0_yhjpxPsq (1d519e37-6e69-415d-87e0-164fc341b17b)
2019-06-17 02:44:25.430 25731 RALLYDEBUG rally_openstack.cleanup.manager [-] Deleting neutron.network object s_rally_45d05dc0_DGCh4WBP (310a9075-db03-45bc-8ccf-c20b88a2ad65)
2019-06-17 02:44:27.819 25731 RALLYDEBUG rally_openstack.cleanup.manager [-] Deleting neutron.network object s_rally_45d05dc0_MtMLsSl6 (313b85d1-0cbc-469e-a905-81405df0d4d2)
2019-06-17 02:44:27.825 25731 RALLYDEBUG rally_openstack.cleanup.manager [-] Deleting neutron.network object s_rally_45d05dc0_LdKBq4XL (3af1b35c-7144-4916-bce5-b05d25d68dc6)
2019-06-17 02:44:27.898 25731 RALLYDEBUG rally_openstack.cleanup.manager [-] Deleting neutron.network object s_rally_45d05dc0_Z4gfDM36 (3bd108cd-aca0-4864-94ad-baa187d5ddf8)
2019-06-17 02:44:28.267 25731 RALLYDEBUG rally_openstack.cleanup.manager [-] Deleting neutron.network object s_rally_45d05dc0_QXyl4WU5 (3e4690b8-e499-4b9c-81c5-cbf57115028f)
2019-06-17 02:44:28.289 25731 RALLYDEBUG rally_openstack.cleanup.manager [-] Deleting neutron.network object s_rally_45d05dc0_zuzNgA6A (42fa3a85-1512-430d-a2bb-37ce0a180d18)
2019-06-17 02:44:28.370 25731 RALLYDEBUG rally_openstack.cleanup.manager [-] Deleting neutron.network object s_rally_45d05dc0_5DkSfIN1 (45001cc8-6ece-4f00-aef1-f4bf90a3a299)
2019-06-17 02:44:28.524 25731 RALLYDEBUG rally_openstack.cleanup.manager [-] Deleting neutron.network object s_rally_45d05dc0_NeNCEnn4 (572d8227-6d98-4155-8865-12eb2c39cc48)
2019-06-17 02:44:28.536 25731 RALLYDEBUG rally_openstack.cleanup.manager [-] Deleting neutron.network object s_rally_45d05dc0_kWs0Q86o (5ab44fab-11a8-46cc-a422-9f578799e890)
2019-06-17 02:44:28.536 25731 RALLYDEBUG rally_openstack.cleanup.manager [-] Deleting neutron.network object s_rally_45d05dc0_FJ7lEn1P (5ac45990-4287-43b6-bebe-8361d953685c)
2019-06-17 02:44:28.568 25731 RALLYDEBUG rally_openstack.cleanup.manager [-] Deleting neutron.network object s_rally_45d05dc0_jY7v6ofM (5d33a1e3-140e-4163-97ea-51745106219b)
2019-06-17 02:44:28.576 25731 RALLYDEBUG rally_openstack.cleanup.manager [-] Deleting neutron.network object s_rally_45d05dc0_zrXhOOaV (64d18614-1a91-47e5-b9b8-2dcbc4e4d5fd)
2019-06-17 02:44:28.593 25731 RALLYDEBUG rally_openstack.cleanup.manager [-] Deleting neutron.network object s_rally_45d05dc0_SkQgjCNw (656afbd4-b4b2-4ef9-b40d-a7ad3914dffe)
2019-06-17 02:44:28.616 25731 RALLYDEBUG rally_openstack.cleanup.manager [-] Deleting neutron.network object s_rally_45d05dc0_WYxSTgVH (6625b1e2-1de6-42a0-bcc3-0a201fe3078a)
2019-06-17 02:44:28.653 25731 RALLYDEBUG rally_openstack.cleanup.manager [-] Deleting neutron.network object s_rally_45d05dc0_3gIdBBPm (6a4df60a-85ab-41fe-9cbd-947974752b4a)
2019-06-17 02:44:28.674 25731 RALLYDEBUG rally_openstack.cleanup.manager [-] Deleting neutron.network object s_rally_45d05dc0_7zyhXEya (6f99f325-61a3-43c5-a29f-b0cb9a64b3c2)
2019-06-17 02:44:28.674 25731 RALLYDEBUG rally_openstack.cleanup.manager [-] Deleting neutron.network object s_rally_45d05dc0_usJz6KQy (6b76c03d-b9da-48b2-8832-400142dbc644)
2019-06-17 02:44:28.679 25731 RALLYDEBUG rally_openstack.cleanup.manager [-] Deleting neutron.network object s_rally_45d05dc0_cCOkB4LA (6d5e20b3-419e-4c57-a576-5e95d8134000)
2019-06-17 02:44:28.739 25731 RALLYDEBUG rally_openstack.cleanup.manager [-] Deleting neutron.network object s_rally_45d05dc0_bhWEmvQH (709b19b4-2949-4844-a0a9-22e368d3e6af)
2019-06-17 02:44:28.829 25731 RALLYDEBUG rally_openstack.cleanup.manager [-] Deleting neutron.network object s_rally_45d05dc0_SpM3MVoS (70bab732-b7fb-45bd-a990-a82c5ecb3cd8)
2019-06-17 02:44:28.844 25731 RALLYDEBUG rally_openstack.cleanup.manager [-] Deleting neutron.network object s_rally_45d05dc0_3yju5qpW (727564fe-0c8c-4f8c-9021-63716d5a75fc)
2019-06-17 02:44:29.847 25731 RALLYDEBUG rally_openstack.cleanup.manager [-] Deleting neutron.network object s_rally_45d05dc0_DYvKWHHe (749e080f-1926-4e8f-8efe-01940db0508c)
2019-06-17 02:44:29.877 25731 RALLYDEBUG rally_openstack.cleanup.manager [-] Deleting neutron.network object s_rally_45d05dc0_Q8TkkEAG (74abe834-caa6-49f6-ad04-44cf172984b7)
2019-06-17 02:44:29.915 25731 RALLYDEBUG rally_openstack.cleanup.manager [-] Deleting neutron.network object s_rally_45d05dc0_cuk5UdVu (79817d0c-d6b3-46c2-90d4-1c38b12fabfb)
2019-06-17 02:44:30.435 25731 RALLYDEBUG rally_openstack.cleanup.manager [-] Deleting neutron.network object s_rally_45d05dc0_F43peuwF (7a54e400-58e4-49f2-b6eb-952542cb4f8d)
2019-06-17 02:44:30.505 25731 RALLYDEBUG rally_openstack.cleanup.manager [-] Deleting neutron.network object s_rally_45d05dc0_td8zeBg2 (7d317fc6-ead5-40a9-866f-8541c9046f74)
2019-06-17 02:44:30.512 25731 RALLYDEBUG rally_openstack.cleanup.manager [-] Deleting neutron.network object s_rally_45d05dc0_zyIOcdE5 (7e6654f8-4a1f-42ef-89af-92bd40438d2f)
2019-06-17 02:44:30.917 25731 RALLYDEBUG rally_openstack.cleanup.manager [-] Deleting neutron.network object s_rally_45d05dc0_HZwXKSzn (824be97e-3157-4969-a5fc-7778dd9d3079)
2019-06-17 02:44:31.028 25731 RALLYDEBUG rally_openstack.cleanup.manager [-] Deleting neutron.network object s_rally_45d05dc0_jGE9kxRP (85b74526-45ba-4dee-93e3-af48e54d4ac7)
2019-06-17 02:44:31.169 25731 RALLYDEBUG rally_openstack.cleanup.manager [-] Deleting neutron.network object s_rally_45d05dc0_fFgetf13 (8a26d1a9-6ce9-4293-8d98-eba8dbcfa00f)
2019-06-17 02:44:31.203 25731 RALLYDEBUG rally_openstack.cleanup.manager [-] Deleting neutron.network object s_rally_45d05dc0_PfklNyCI (8b4fb486-4690-4c37-ab0a-671c4bfafd98)
2019-06-17 02:44:31.214 25731 RALLYDEBUG rally_openstack.cleanup.manager [-] Deleting neutron.network object s_rally_45d05dc0_5JQqwaij (8bb639e7-c800-4f9a-94e2-f98562c75a0f)
2019-06-17 02:44:31.388 25731 RALLYDEBUG rally_openstack.cleanup.manager [-] Deleting neutron.network object s_rally_45d05dc0_rowtCgtW (8f3218bc-715b-47ee-ba79-026363edc370)
2019-06-17 02:44:31.484 25731 RALLYDEBUG rally_openstack.cleanup.manager [-] Deleting neutron.network object s_rally_45d05dc0_ax5cZhto (9129af0c-7e60-4ab0-9ffc-489dda956107)
2019-06-17 02:44:31.558 25731 RALLYDEBUG rally_openstack.cleanup.manager [-] Deleting neutron.network object s_rally_45d05dc0_dQYi0u85 (91341d9f-29f5-424c-a178-e70ec660aa9b)
2019-06-17 02:44:31.623 25731 RALLYDEBUG rally_openstack.cleanup.manager [-] Deleting neutron.network object s_rally_45d05dc0_cLR9W5Lw (93bea7d4-0c5f-470a-b50f-5694a0c26769)
2019-06-17 02:44:31.638 25731 RALLYDEBUG rally_openstack.cleanup.manager [-] Deleting neutron.network object s_rally_45d05dc0_6OdOmdRQ (93f79a7d-5c2b-4241-a895-96e553136b13)
2019-06-17 02:44:31.651 25731 RALLYDEBUG rally_openstack.cleanup.manager [-] Deleting neutron.network object s_rally_45d05dc0_ZInGzq90 (96482fbf-fa61-4f71-bc8e-3a3d1509b4a8)
2019-06-17 02:44:31.664 25731 RALLYDEBUG rally_openstack.cleanup.manager [-] Deleting neutron.network object s_rally_45d05dc0_saNGJfxq (96b788aa-5789-4542-a745-37a58bff26c2)
2019-06-17 02:44:31.818 25731 RALLYDEBUG rally_openstack.cleanup.manager [-] Deleting neutron.network object s_rally_45d05dc0_Rveh0PCN (9a3db880-1840-4ca4-b9e4-0462c43ae8b2)
2019-06-17 02:44:31.829 25731 RALLYDEBUG rally_openstack.cleanup.manager [-] Deleting neutron.network object s_rally_45d05dc0_P7q3FLrn (9aeef229-12ef-4cf3-81e9-3a784c9d44d2)
2019-06-17 02:44:31.897 25731 RALLYDEBUG rally_openstack.cleanup.manager [-] Deleting neutron.network object s_rally_45d05dc0_GANLu6bO (9ee4c4ea-a9e2-4203-8cb8-4bd9cb2f1f89)
2019-06-17 02:44:32.043 25731 RALLYDEBUG rally_openstack.cleanup.manager [-] Deleting neutron.network object s_rally_45d05dc0_pRJKIj9y (a1bc5a5f-22b5-42b5-bf77-dddc463462e3)
2019-06-17 02:44:32.174 25731 RALLYDEBUG rally_openstack.cleanup.manager [-] Deleting neutron.network object s_rally_45d05dc0_KRDQCsM3 (ab1e6c80-2ff4-4e92-98e3-1ab52c8aabb0)
2019-06-17 02:44:32.476 25731 RALLYDEBUG rally_openstack.cleanup.manager [-] Deleting neutron.network object s_rally_45d05dc0_KzsQOmT0 (ac3fb9b5-0eee-42a8-bc5a-6d5ff8f101d2)
2019-06-17 02:44:32.569 25731 RALLYDEBUG rally_openstack.cleanup.manager [-] Deleting neutron.network object s_rally_45d05dc0_4mM06u60 (adbde1ea-66ff-4217-8edc-6e90bd60759e)
2019-06-17 02:44:32.714 25731 RALLYDEBUG rally_openstack.cleanup.manager [-] Deleting neutron.network object s_rally_45d05dc0_2e0cYBJw (b02fe0ec-355a-4259-b4e4-8f79bafbc1f0)
2019-06-17 02:44:33.082 25731 RALLYDEBUG rally_openstack.cleanup.manager [-] Deleting neutron.network object s_rally_45d05dc0_WvAxh0OU (b3997aa3-d56c-4672-9621-71e45be6345d)
2019-06-17 02:44:33.132 25731 RALLYDEBUG rally_openstack.cleanup.manager [-] Deleting neutron.network object s_rally_45d05dc0_tsrUk1W5 (b544baa4-4b17-4af4-8265-fe5b22d52d71)
2019-06-17 02:44:33.145 25731 RALLYDEBUG rally_openstack.cleanup.manager [-] Deleting neutron.network object s_rally_45d05dc0_tFq6TO5Q (b9208790-c280-4e05-8276-4435abfe8ed5)
2019-06-17 02:44:33.516 25731 RALLYDEBUG rally_openstack.cleanup.manager [-] Deleting neutron.network object s_rally_45d05dc0_XxPCIUFL (bc60a9f1-a448-4892-add2-22674b41b1e9)
2019-06-17 02:44:33.535 25731 RALLYDEBUG rally_openstack.cleanup.manager [-] Deleting neutron.network object s_rally_45d05dc0_vlhc1T15 (bca6db2d-46a5-4886-9b64-b3f9481d40a9)
2019-06-17 02:44:33.731 25731 RALLYDEBUG rally_openstack.cleanup.manager [-] Deleting neutron.network object s_rally_45d05dc0_6jhVQm6p (bd6b52f4-3e5d-44a7-88a3-761f70f5a617)
2019-06-17 02:44:33.785 25731 RALLYDEBUG rally_openstack.cleanup.manager [-] Deleting neutron.network object s_rally_45d05dc0_2hyDP6vJ (bf7cf400-0eb5-4cf8-a5b2-d587a0004ad2)
2019-06-17 02:44:33.871 25731 RALLYDEBUG rally_openstack.cleanup.manager [-] Deleting neutron.network object s_rally_45d05dc0_ynT5e6Cd (c179b7e3-74c2-4da9-8ffb-31c6ed67f272)
2019-06-17 02:44:33.908 25731 RALLYDEBUG rally_openstack.cleanup.manager [-] Deleting neutron.network object s_rally_45d05dc0_E08m4Zat (c536d927-b90d-44e6-907b-df40bde8ba3f)
2019-06-17 02:44:34.156 25731 RALLYDEBUG rally_openstack.cleanup.manager [-] Deleting neutron.network object s_rally_45d05dc0_Ie2NkAzr (c874111e-eb5c-4195-87eb-36af9936bd2e)
2019-06-17 02:44:34.260 25731 RALLYDEBUG rally_openstack.cleanup.manager [-] Deleting neutron.network object s_rally_45d05dc0_kzQc9iZB (c9821520-82d6-4aba-8fe5-18364ee6456c)
2019-06-17 02:44:34.377 25731 RALLYDEBUG rally_openstack.cleanup.manager [-] Deleting neutron.network object s_rally_45d05dc0_jNsvLYAg (c99b80c8-5ade-4e99-8901-d747b3de3319)
2019-06-17 02:44:34.418 25731 RALLYDEBUG rally_openstack.cleanup.manager [-] Deleting neutron.network object s_rally_45d05dc0_es8F9Q46 (cf6c3b15-61dc-4812-aa3c-efce4f7ca3c9)
2019-06-17 02:44:34.580 25731 RALLYDEBUG rally_openstack.cleanup.manager [-] Deleting neutron.network object s_rally_45d05dc0_ckOGX7DG (d4a168c4-90e2-4843-97b2-fd526e00fd02)
2019-06-17 02:44:34.699 25731 RALLYDEBUG rally_openstack.cleanup.manager [-] Deleting neutron.network object s_rally_45d05dc0_6ar21fha (d8338738-6ad7-40cd-8ae0-bfe145b6e232)
2019-06-17 02:44:34.767 25731 RALLYDEBUG rally_openstack.cleanup.manager [-] Deleting neutron.network object s_rally_45d05dc0_UN0SkW8r (d8ee1f0e-8b50-4322-a196-9c19d257cc17)
2019-06-17 02:44:34.831 25731 RALLYDEBUG rally_openstack.cleanup.manager [-] Deleting neutron.network object s_rally_45d05dc0_0QQue2NB (d9e469ec-f445-4824-93d6-8cd8c8944545)
2019-06-17 02:44:34.841 25731 RALLYDEBUG rally_openstack.cleanup.manager [-] Deleting neutron.network object s_rally_45d05dc0_pSSkDPqe (dc392e12-82db-488e-8609-d77182f92292)
2019-06-17 02:44:35.118 25731 RALLYDEBUG rally_openstack.cleanup.manager [-] Deleting neutron.network object s_rally_45d05dc0_5D9rtBCv (dd943b24-a417-44f6-ae8d-71b3e39858b7)
2019-06-17 02:44:35.126 25731 RALLYDEBUG rally_openstack.cleanup.manager [-] Deleting neutron.network object s_rally_45d05dc0_Ax9zvItO (e459be2e-82cf-4abc-94c8-e155feeb52e5)
2019-06-17 02:44:35.148 25731 RALLYDEBUG rally_openstack.cleanup.manager [-] Deleting neutron.network object s_rally_45d05dc0_EDP1BpxO (e4b57823-f452-4fc6-b154-1adc236c6384)
2019-06-17 02:44:35.416 25731 RALLYDEBUG rally_openstack.cleanup.manager [-] Deleting neutron.network object s_rally_45d05dc0_X83MZ0d0 (e57b301a-4aa4-46bb-988e-06a51f537a09)
2019-06-17 02:44:35.447 25731 RALLYDEBUG rally_openstack.cleanup.manager [-] Deleting neutron.network object s_rally_45d05dc0_4NcG77PV (e9c3b60a-37ca-4984-8eaf-ae9d8b215093)
2019-06-17 02:44:35.501 25731 RALLYDEBUG rally_openstack.cleanup.manager [-] Deleting neutron.network object s_rally_45d05dc0_iIdIXfZN (ea8dcc64-b1fe-426f-9761-370ca02b0b97)
2019-06-17 02:44:35.782 25731 RALLYDEBUG rally_openstack.cleanup.manager [-] Deleting neutron.network object s_rally_45d05dc0_qo5OnkiY (ec302eb0-21be-4e4e-bebe-30d9a2f547b4)
2019-06-17 02:44:35.854 25731 RALLYDEBUG rally_openstack.cleanup.manager [-] Deleting neutron.network object s_rally_45d05dc0_i97bTfnN (ef7481cc-fc6e-4270-8e91-a7cb7fff1af1)
2019-06-17 02:44:35.869 25731 RALLYDEBUG rally_openstack.cleanup.manager [-] Deleting neutron.network object s_rally_45d05dc0_a1gI17Mk (f285c300-6a55-4999-819c-5f1bb9439be8)
2019-06-17 02:44:36.031 25731 RALLYDEBUG rally_openstack.cleanup.manager [-] Deleting neutron.network object s_rally_45d05dc0_Ow2ixOyx (f2bc90f3-ff4a-4160-a36a-aa249dfc3f8a)
2019-06-17 02:44:36.462 25731 RALLYDEBUG rally_openstack.cleanup.manager [-] Deleting neutron.network object s_rally_45d05dc0_hLi8T7pz (f3f02670-78ef-47bb-a6dd-9f58274f095f)
2019-06-17 02:44:36.521 25731 RALLYDEBUG rally_openstack.cleanup.manager [-] Deleting neutron.network object s_rally_45d05dc0_sCMbnB4X (f824c050-f2c2-4dc5-8baa-cb5eaedd90d8)
