2019-06-17 02:56:58.700 25731 RALLYDEBUG rally_openstack.cleanup.manager [-] Deleting neutron.port object s_rally_8f12a80d_zevlM6zl (d668b78e-e430-44a0-be91-62457e0fc7c6)
2019-06-17 02:56:58.754 25731 RALLYDEBUG rally_openstack.cleanup.manager [-] Deleting neutron.port object s_rally_8f12a80d_NNvnT3eY (d67698ed-66c6-43a4-90f9-c79b7820fe15)
2019-06-17 02:56:58.829 25731 RALLYDEBUG rally_openstack.cleanup.manager [-] Deleting neutron.port object s_rally_8f12a80d_2nuXxz4F (d6b2eb80-b594-4bde-a3bf-319c50f52e6c)
2019-06-17 02:56:58.958 25731 RALLYDEBUG rally_openstack.cleanup.manager [-] Deleting neutron.port object s_rally_8f12a80d_8aNuNmLU (d72cfd69-6c5f-467d-9150-6a68a74b4945)
2019-06-17 02:56:59.138 25731 RALLYDEBUG rally_openstack.cleanup.manager [-] Deleting neutron.port object s_rally_8f12a80d_Inzt0yZL (d8132e23-03a9-45a2-8ffe-21170e9d7d0f)
2019-06-17 02:56:59.166 25731 RALLYDEBUG rally_openstack.cleanup.manager [-] Deleting neutron.port object s_rally_8f12a80d_vRvx6VbW (d8723f7f-8786-408b-bd24-1b5d8688a8c4)
2019-06-17 02:56:59.397 25731 RALLYDEBUG rally_openstack.cleanup.manager [-] Deleting neutron.port object s_rally_8f12a80d_kZKIoHU4 (d9552daf-838d-4281-8067-f010d323f12d)
2019-06-17 02:56:59.614 25731 RALLYDEBUG rally_openstack.cleanup.manager [-] Deleting neutron.port object s_rally_8f12a80d_DWx2jB2p (d9994f90-52a7-41a6-94fc-18e87f156acf)
2019-06-17 02:56:59.711 25731 RALLYDEBUG rally_openstack.cleanup.manager [-] Deleting neutron.port object s_rally_8f12a80d_AroQ748h (da40ec08-daef-44b9-a243-c63030e22718)
2019-06-17 02:56:59.711 25731 RALLYDEBUG rally_openstack.cleanup.manager [-] Deleting neutron.port object s_rally_8f12a80d_12hvbTJW (da467b5c-1c03-4386-8541-c3f412f1551f)
2019-06-17 02:56:59.793 25731 RALLYDEBUG rally_openstack.cleanup.manager [-] Deleting neutron.port object s_rally_8f12a80d_zvbA0F7a (dafec019-d7cc-463c-b89d-8b9e04cc86ef)
2019-06-17 02:56:59.874 25731 RALLYDEBUG rally_openstack.cleanup.manager [-] Deleting neutron.port object s_rally_8f12a80d_6vt80VdV (dc7d139a-7ae9-4355-82d9-f70f72fe5a8f)
2019-06-17 02:57:00.005 25731 RALLYDEBUG rally_openstack.cleanup.manager [-] Deleting neutron.port object s_rally_8f12a80d_nuGFOyCR (dcdbe119-ccbf-492e-bfc9-86e0d6ed865b)
2019-06-17 02:57:00.189 25731 RALLYDEBUG rally_openstack.cleanup.manager [-] Deleting neutron.port object s_rally_8f12a80d_kafExBgG (de07e4f7-e2db-48c8-b618-b2626d43c33c)
2019-06-17 02:57:00.197 25731 RALLYDEBUG rally_openstack.cleanup.manager [-] Deleting neutron.port object s_rally_8f12a80d_QUTjjB9V (de250bdd-4102-4834-a20c-e2c0071e8775)
2019-06-17 02:57:00.328 25731 RALLYDEBUG rally_openstack.cleanup.manager [-] Deleting neutron.port object s_rally_8f12a80d_mu6SuLO2 (de43885f-8539-456e-b955-30021a68aa52)
2019-06-17 02:57:00.380 25731 RALLYDEBUG rally_openstack.cleanup.manager [-] Deleting neutron.port object s_rally_8f12a80d_Ebn00gE9 (de95e8a4-bd8a-45b5-bd32-c12b092ed8d5)
2019-06-17 02:57:00.423 25731 RALLYDEBUG rally_openstack.cleanup.manager [-] Deleting neutron.port object s_rally_8f12a80d_S68MgVMR (deca7998-184a-410d-b889-34199034b539)
2019-06-17 02:57:00.561 25731 RALLYDEBUG rally_openstack.cleanup.manager [-] Deleting neutron.port object s_rally_8f12a80d_5GSortCh (e0d9f740-8e19-43a5-89b2-39b6ab29e9c6)
2019-06-17 02:57:00.743 25731 RALLYDEBUG rally_openstack.cleanup.manager [-] Deleting neutron.port object s_rally_8f12a80d_X7sdNnXl (e12fb356-da85-4fc4-a3bd-91398bcd0546)
2019-06-17 02:57:00.902 25731 RALLYDEBUG rally_openstack.cleanup.manager [-] Deleting neutron.port object s_rally_8f12a80d_1pmuqdkF (e15b1f69-c5c7-4688-8485-5727a14bafe2)
2019-06-17 02:57:00.957 25731 RALLYDEBUG rally_openstack.cleanup.manager [-] Deleting neutron.port object s_rally_8f12a80d_lx277rDv (e2db7ea6-7fc5-4b58-aef4-02772963cbc6)
2019-06-17 02:57:01.025 25731 RALLYDEBUG rally_openstack.cleanup.manager [-] Deleting neutron.port object s_rally_8f12a80d_4GcHrc8z (e2ed7213-5227-4597-bb5d-f92071d2c156)
2019-06-17 02:57:01.070 25731 RALLYDEBUG rally_openstack.cleanup.manager [-] Deleting neutron.port object s_rally_8f12a80d_BEla3E3s (e3a81d78-ed73-418e-bc30-e7c8b59c942b)
2019-06-17 02:57:01.294 25731 RALLYDEBUG rally_openstack.cleanup.manager [-] Deleting neutron.port object s_rally_8f12a80d_FYlhG9iL (e3e6cf77-19b7-4489-971a-384b44bc4b36)
2019-06-17 02:57:01.323 25731 RALLYDEBUG rally_openstack.cleanup.manager [-] Deleting neutron.port object s_rally_8f12a80d_tyRidwzX (e50d18bb-0e41-4238-a4c5-d67b6e58c623)
2019-06-17 02:57:01.482 25731 RALLYDEBUG rally_openstack.cleanup.manager [-] Deleting neutron.port object s_rally_8f12a80d_xuQ7e2Rv (e5468331-a127-4b80-bd67-6edbaf69b8fb)
2019-06-17 02:57:01.572 25731 RALLYDEBUG rally_openstack.cleanup.manager [-] Deleting neutron.port object s_rally_8f12a80d_IlcyaSQE (e5489124-3064-4ebf-a845-0bca9ae3c049)
2019-06-17 02:57:01.727 25731 RALLYDEBUG rally_openstack.cleanup.manager [-] Deleting neutron.port object s_rally_8f12a80d_9LnZQ5t8 (e68b1050-0437-4fa2-8798-3ee78325bf42)
2019-06-17 02:57:01.876 25731 RALLYDEBUG rally_openstack.cleanup.manager [-] Deleting neutron.port object s_rally_8f12a80d_do22swx9 (e6fe59b4-c9bc-4724-855d-cce36dc42228)
2019-06-17 02:57:01.986 25731 RALLYDEBUG rally_openstack.cleanup.manager [-] Deleting neutron.port object s_rally_8f12a80d_wnjkIef1 (e730c49d-c527-41dd-987f-eb467fd4c032)
2019-06-17 02:57:02.064 25731 RALLYDEBUG rally_openstack.cleanup.manager [-] Deleting neutron.port object s_rally_8f12a80d_EWYXH5Nx (e8812adb-a37d-49ff-8e8d-6bcec99618a1)
2019-06-17 02:57:02.251 25731 RALLYDEBUG rally_openstack.cleanup.manager [-] Deleting neutron.port object s_rally_8f12a80d_SPRtTod0 (e94d52fb-3d76-4a99-b1d3-cd0b16287018)
2019-06-17 02:57:02.309 25731 RALLYDEBUG rally_openstack.cleanup.manager [-] Deleting neutron.port object s_rally_8f12a80d_B8qspByV (e99ecc50-96dd-4fa6-bba6-5c10ce754858)
2019-06-17 02:57:02.347 25731 RALLYDEBUG rally_openstack.cleanup.manager [-] Deleting neutron.port object s_rally_8f12a80d_2pfji4Td (e9c9e29d-0008-49f2-9bfb-886dc493f61a)
2019-06-17 02:57:02.475 25731 RALLYDEBUG rally_openstack.cleanup.manager [-] Deleting neutron.port object s_rally_8f12a80d_sEVyt1Ru (eaeba99e-c7f4-4372-b711-7c872bcf4861)
2019-06-17 02:57:02.492 25731 RALLYDEBUG rally_openstack.cleanup.manager [-] Deleting neutron.port object s_rally_8f12a80d_cfrF7l1b (eb56de07-3ad2-4b45-a9ba-ee86cc99b0a9)
2019-06-17 02:57:02.510 25731 RALLYDEBUG rally_openstack.cleanup.manager [-] Deleting neutron.port object s_rally_8f12a80d_eztd0yO3 (eb7a8d94-3980-46c2-8c53-2ac6700b84dc)
2019-06-17 02:57:02.676 25731 RALLYDEBUG rally_openstack.cleanup.manager [-] Deleting neutron.port object s_rally_8f12a80d_NsVNSnMJ (ebb49ef9-060f-4503-840c-21721a7cb762)
2019-06-17 02:57:02.761 25731 RALLYDEBUG rally_openstack.cleanup.manager [-] Deleting neutron.port object s_rally_8f12a80d_jK5qQ5gW (ec1189de-2aa3-4e9f-afa8-5db3396d2078)
2019-06-17 02:57:02.997 25731 RALLYDEBUG rally_openstack.cleanup.manager [-] Deleting neutron.port object s_rally_8f12a80d_vecs3C5j (ecf96055-f242-4fc3-acaf-902a514fe7da)
2019-06-17 02:57:03.325 25731 RALLYDEBUG rally_openstack.cleanup.manager [-] Deleting neutron.port object s_rally_8f12a80d_0HQCAYm6 (ed400eb0-4e9a-42d6-8e64-ebca69f50ba2)
2019-06-17 02:57:03.440 25731 RALLYDEBUG rally_openstack.cleanup.manager [-] Deleting neutron.port object s_rally_8f12a80d_BvGUcpHn (ee1a2a52-5f5c-43cf-bb5a-9c4ab0e85ba7)
2019-06-17 02:57:03.503 25731 RALLYDEBUG rally_openstack.cleanup.manager [-] Deleting neutron.port object s_rally_8f12a80d_lg2tue8e (ee362fcb-6158-4257-8080-883c4ad22447)
2019-06-17 02:57:03.511 25731 RALLYDEBUG rally_openstack.cleanup.manager [-] Deleting neutron.port object s_rally_8f12a80d_91pBa6Tl (f089a713-53c5-4b03-bc96-9283c77fccaf)
2019-06-17 02:57:03.563 25731 RALLYDEBUG rally_openstack.cleanup.manager [-] Deleting neutron.port object s_rally_8f12a80d_YzVIgj5L (f141a69c-eb36-4cb7-b5aa-1ecc827ff443)
2019-06-17 02:57:03.713 25731 RALLYDEBUG rally_openstack.cleanup.manager [-] Deleting neutron.port object s_rally_8f12a80d_rBF2WioD (f1bf3fa5-d13c-453f-a9db-391c9a4ca6b3)
2019-06-17 02:57:03.819 25731 RALLYDEBUG rally_openstack.cleanup.manager [-] Deleting neutron.port object s_rally_8f12a80d_DnMxhCGq (f415ed00-3e6b-4eea-9b60-7dc06b366382)
2019-06-17 02:57:03.827 25731 RALLYDEBUG rally_openstack.cleanup.manager [-] Deleting neutron.port object s_rally_8f12a80d_OLmZTDZt (f495c742-18a8-411d-a130-bb2feaefc317)
2019-06-17 02:57:03.903 25731 RALLYDEBUG rally_openstack.cleanup.manager [-] Deleting neutron.port object s_rally_8f12a80d_6QygAL52 (f6180647-e12a-40b0-9491-05f2fa357224)
2019-06-17 02:57:04.161 25731 RALLYDEBUG rally_openstack.cleanup.manager [-] Deleting neutron.port object s_rally_8f12a80d_JIowIVga (f6e91d64-3372-418e-a03f-a98b3f623bbd)
2019-06-17 02:57:04.237 25731 RALLYDEBUG rally_openstack.cleanup.manager [-] Deleting neutron.port object s_rally_8f12a80d_9rlpIoKP (f7dc5197-e7e2-4e5d-9f19-d56e0fc97d75)
2019-06-17 02:57:04.270 25731 RALLYDEBUG rally_openstack.cleanup.manager [-] Deleting neutron.port object s_rally_8f12a80d_42iXfyH3 (f9df5824-dacf-417e-b93f-198b31c28309)
2019-06-17 02:57:04.324 25731 RALLYDEBUG rally_openstack.cleanup.manager [-] Deleting neutron.port object s_rally_8f12a80d_2MtWl3W9 (fa206c4a-0b76-4ca5-aa44-51bc6362898a)
2019-06-17 02:57:04.336 25731 RALLYDEBUG rally_openstack.cleanup.manager [-] Deleting neutron.port object s_rally_8f12a80d_05vmrnzP (fa2dae6d-ef55-48f0-b03a-55b9d7ff0d27)
2019-06-17 02:57:04.425 25731 RALLYDEBUG rally_openstack.cleanup.manager [-] Deleting neutron.port object s_rally_8f12a80d_781yOYdQ (fb660c28-d5ad-4b0e-824f-32fb2f643807)
2019-06-17 02:57:04.631 25731 RALLYDEBUG rally_openstack.cleanup.manager [-] Deleting neutron.port object s_rally_8f12a80d_9kQWLqh1 (fba89593-df86-420f-94fc-67dcb60f1fb5)
2019-06-17 02:57:04.733 25731 RALLYDEBUG rally_openstack.cleanup.manager [-] Deleting neutron.port object s_rally_8f12a80d_uViP0gaU (fd560937-ef10-4d23-adde-f6f81f09ed57)
2019-06-17 02:57:04.902 25731 RALLYDEBUG rally_openstack.cleanup.manager [-] Deleting neutron.port object s_rally_8f12a80d_8fr1FnkC (fef29459-c57e-4c60-bd52-575c013a1f08)
2019-06-17 02:57:05.011 25731 RALLYDEBUG rally_openstack.cleanup.manager [-] Deleting neutron.port object s_rally_8f12a80d_jblwYr37 (ff894251-7c55-41af-8737-412420d64542)
2019-06-17 02:57:07.097 25731 RALLYDEBUG rally_openstack.cleanup.manager [-] Cleaning up neutron subnet objects
2019-06-17 02:57:07.556 25731 RALLYDEBUG rally_openstack.cleanup.manager [-] Cleaning up neutron network objects
2019-06-17 02:57:08.026 25731 RALLYDEBUG rally_openstack.cleanup.manager [-] Deleting neutron.network object s_rally_8f12a80d_hECdIpyt (2d0b3813-1fd9-4642-82c0-79844db866ae)
2019-06-17 02:57:08.040 25731 RALLYDEBUG rally_openstack.cleanup.manager [-] Deleting neutron.network object s_rally_8f12a80d_5EWuBvVt (60d6b507-1629-4e8a-9a65-7d0f80769a07)
2019-06-17 02:57:08.047 25731 RALLYDEBUG rally_openstack.cleanup.manager [-] Deleting neutron.network object s_rally_8f12a80d_sq7eM8L9 (63b9db66-69af-40a3-83a3-7749293e3021)
2019-06-17 02:57:08.056 25731 RALLYDEBUG rally_openstack.cleanup.manager [-] Deleting neutron.network object s_rally_8f12a80d_d4ELqiTj (66864746-29da-419a-a69f-86cee381b3e1)
2019-06-17 02:57:08.070 25731 RALLYDEBUG rally_openstack.cleanup.manager [-] Deleting neutron.network object s_rally_8f12a80d_nfnkkomD (a24fcc91-3b6c-455e-9550-9dda920b362b)
2019-06-17 02:57:08.075 25731 RALLYDEBUG rally_openstack.cleanup.manager [-] Deleting neutron.network object s_rally_8f12a80d_GbclhGE3 (8c602cbc-28e2-4baa-a088-c4fe74ca0d86)
2019-06-17 02:57:08.075 25731 RALLYDEBUG rally_openstack.cleanup.manager [-] Deleting neutron.network object s_rally_8f12a80d_W2FVjq0U (f90ecc93-8970-4157-bbef-f6f733a5358e)
2019-06-17 02:57:08.087 25731 RALLYDEBUG rally_openstack.cleanup.manager [-] Deleting neutron.network object s_rally_8f12a80d_LAkS1vOD (9f7fea19-4439-40ea-88ac-2164ae2d02ba)
2019-06-17 02:57:11.010 25731 RALLYDEBUG rally_openstack.cleanup.manager [-] Cleaning up neutron router objects
2019-06-17 02:57:11.456 25731 RALLYDEBUG rally_openstack.cleanup.manager [-] Cleaning up neutron security_group objects
2019-06-17 02:57:11.898 25731 INFO rally.task.context [-] Task 250e0b68-8d18-4b96-b8ad-9efc8a18f25e | Context cleanup@openstack cleanup() finished in 52.05 sec
2019-06-17 02:57:11.900 25731 INFO rally.task.context [-] Task 250e0b68-8d18-4b96-b8ad-9efc8a18f25e | Context quotas@openstack cleanup() started
2019-06-17 02:57:11.998 25731 INFO rally.task.context [-] Task 250e0b68-8d18-4b96-b8ad-9efc8a18f25e | Context quotas@openstack cleanup() finished in 98.36 msec
2019-06-17 02:57:11.999 25731 INFO rally.task.context [-] Task 250e0b68-8d18-4b96-b8ad-9efc8a18f25e | Context users@openstack cleanup() started
2019-06-17 02:57:14.770 25731 INFO rally.task.context [-] Task 250e0b68-8d18-4b96-b8ad-9efc8a18f25e | Context users@openstack cleanup() finished in 2.77 sec
2019-06-17 02:57:15.923 25731 INFO rally.task.engine [-] Load duration is: 59.647382
2019-06-17 02:57:15.924 25731 INFO rally.task.engine [-] Full runner duration is: 59.706077
2019-06-17 02:57:15.924 25731 INFO rally.task.engine [-] Full duration is: 117.654072
2019-06-17 02:57:16.226 25731 INFO rally.task.engine [-] Running workload: position = 1 config = { "version": 2, "title": "A cropped version of a bigger task.", "description": "Auto-generated task from a single workload (uuid=3bc5c0a8-7615-4463-a3f4-c043af15c5df)", "subtasks": [ { "title": "NeutronNetworks.create_and_update_ports", "description": "Create and update a given number of ports.", "scenario": { "NeutronNetworks.create_and_update_ports": { "network_create_args": {}, "port_create_args": {}, "ports_per_network": 5, "port_update_args": { "admin_state_up": false, "device_id": "dummy_id", "device_owner": "dummy_owner", "name": "_port_updated" } } }, "contexts": { "users": { "tenants": 1, "users_per_tenant": 1 }, "quotas": { "neutron": { "network": -1, "port": -1 } } }, "runner": { "constant": { "times": 40, "concurrency": 20 } }, "hooks": [], "sla": { "failure_rate": { "max": 0 } } } ] }
2019-06-17 02:57:16.255 25731 RALLYDEBUG rally_openstack.contexts.keystone.users [-] Creating 1 tenants using 20 threads
2019-06-17 02:57:17.217 25731 RALLYDEBUG rally_openstack.contexts.keystone.users [-] Creating 1 users using 20 threads
2019-06-17 02:57:18.615 25731 INFO rally.task.context [-] Task 250e0b68-8d18-4b96-b8ad-9efc8a18f25e | Context users@openstack setup() finished in 2.36 sec
2019-06-17 02:57:19.120 25731 INFO rally.task.context [-] Task 250e0b68-8d18-4b96-b8ad-9efc8a18f25e | Context quotas@openstack setup() finished in 0.50 sec
2019-06-17 02:57:19.121 25731 INFO rally.task.context [-] Task 250e0b68-8d18-4b96-b8ad-9efc8a18f25e | Context cleanup@openstack setup() finished in 0.01 msec
2019-06-17 02:57:19.130 25731 RALLYDEBUG rally.task.runner [-] Starting the constant runner (task UUID: 250e0b68-8d18-4b96-b8ad-9efc8a18f25e). timeout: 0 concurrency: 20 concurrency_per_worker: 1 times: 40 concurrency_overhead: 4 processes_to_start: 16 max_cpu_used: 16
2019-06-17 02:57:19.144 29607 RALLYDEBUG rally.task.runner [-] Starting a worker. concurrency: 2 args: {"network_create_args": {}, "port_create_args": {}, "ports_per_network": 5, "port_update_args": {"admin_state_up": false, "device_id": "dummy_id", "device_owner": "dummy_owner", "name": "_port_updated"}} times: 40 method_name: run timeout: 0 duration: None cls:
2019-06-17 02:57:19.147 29608 RALLYDEBUG rally.task.runner [-] Starting a worker. concurrency: 2 args: {"network_create_args": {}, "port_create_args": {}, "ports_per_network": 5, "port_update_args": {"admin_state_up": false, "device_id": "dummy_id", "device_owner": "dummy_owner", "name": "_port_updated"}} times: 40 method_name: run timeout: 0 duration: None cls:
2019-06-17 02:57:19.150 29609 RALLYDEBUG rally.task.runner [-] Starting a worker. concurrency: 2 args: {"network_create_args": {}, "port_create_args": {}, "ports_per_network": 5, "port_update_args": {"admin_state_up": false, "device_id": "dummy_id", "device_owner": "dummy_owner", "name": "_port_updated"}} times: 40 method_name: run timeout: 0 duration: None cls:
2019-06-17 02:57:19.154 29607 INFO rally.task.runner [-] Task 250e0b68-8d18-4b96-b8ad-9efc8a18f25e | ITER: 1 START
2019-06-17 02:57:19.154 29610 RALLYDEBUG rally.task.runner [-] Starting a worker. concurrency: 2 args: {"network_create_args": {}, "port_create_args": {}, "ports_per_network": 5, "port_update_args": {"admin_state_up": false, "device_id": "dummy_id", "device_owner": "dummy_owner", "name": "_port_updated"}} times: 40 method_name: run timeout: 0 duration: None cls:
2019-06-17 02:57:19.155 29608 INFO rally.task.runner [-] Task 250e0b68-8d18-4b96-b8ad-9efc8a18f25e | ITER: 2 START
2019-06-17 02:57:19.158 29608 WARNING rally_openstack.scenarios.neutron.utils [-] Running this scenario without either the 'network' or 'existing_network' context is deprecated
2019-06-17 02:57:19.156 29607 WARNING rally_openstack.scenarios.neutron.utils [-] Running this scenario without either the 'network' or 'existing_network' context is deprecated
2019-06-17 02:57:19.157 29612 RALLYDEBUG rally.task.runner [-] Starting a worker. concurrency: 1 args: {"network_create_args": {}, "port_create_args": {}, "ports_per_network": 5, "port_update_args": {"admin_state_up": false, "device_id": "dummy_id", "device_owner": "dummy_owner", "name": "_port_updated"}} times: 40 method_name: run timeout: 0 duration: None cls:
2019-06-17 02:57:19.161 29616 RALLYDEBUG rally.task.runner [-] Starting a worker. concurrency: 1 args: {"network_create_args": {}, "port_create_args": {}, "ports_per_network": 5, "port_update_args": {"admin_state_up": false, "device_id": "dummy_id", "device_owner": "dummy_owner", "name": "_port_updated"}} times: 40 method_name: run timeout: 0 duration: None cls:
2019-06-17 02:57:19.159 29609 INFO rally.task.runner [-] Task 250e0b68-8d18-4b96-b8ad-9efc8a18f25e | ITER: 4 START
2019-06-17 02:57:19.162 29610 INFO rally.task.runner [-] Task 250e0b68-8d18-4b96-b8ad-9efc8a18f25e | ITER: 6 START
2019-06-17 02:57:19.164 29609 WARNING rally_openstack.scenarios.neutron.utils [-] Running this scenario without either the 'network' or 'existing_network' context is deprecated
2019-06-17 02:57:19.165 29612 INFO rally.task.runner [-] Task 250e0b68-8d18-4b96-b8ad-9efc8a18f25e | ITER: 8 START
2019-06-17 02:57:19.165 29610 WARNING rally_openstack.scenarios.neutron.utils [-] Running this scenario without either the 'network' or 'existing_network' context is deprecated
2019-06-17 02:57:19.166 29612 WARNING rally_openstack.scenarios.neutron.utils [-] Running this scenario without either the 'network' or 'existing_network' context is deprecated
2019-06-17 02:57:19.167 29620 RALLYDEBUG rally.task.runner [-] Starting a worker. concurrency: 1 args: {"network_create_args": {}, "port_create_args": {}, "ports_per_network": 5, "port_update_args": {"admin_state_up": false, "device_id": "dummy_id", "device_owner": "dummy_owner", "name": "_port_updated"}} times: 40 method_name: run timeout: 0 duration: None cls:
2019-06-17 02:57:19.168 29616 INFO rally.task.runner [-] Task 250e0b68-8d18-4b96-b8ad-9efc8a18f25e | ITER: 10 START
2019-06-17 02:57:19.167 29607 INFO rally.task.runner [-] Task 250e0b68-8d18-4b96-b8ad-9efc8a18f25e | ITER: 3 START
2019-06-17 02:57:19.170 29616 WARNING rally_openstack.scenarios.neutron.utils [-] Running this scenario without either the 'network' or 'existing_network' context is deprecated
2019-06-17 02:57:19.171 29607 WARNING rally_openstack.scenarios.neutron.utils [-] Running this scenario without either the 'network' or 'existing_network' context is deprecated
2019-06-17 02:57:19.171 29608 INFO rally.task.runner [-] Task 250e0b68-8d18-4b96-b8ad-9efc8a18f25e | ITER: 5 START
2019-06-17 02:57:19.173 29608 WARNING rally_openstack.scenarios.neutron.utils [-] Running this scenario without either the 'network' or 'existing_network' context is deprecated
2019-06-17 02:57:19.173 29629 RALLYDEBUG rally.task.runner [-] Starting a worker. concurrency: 1 args: {"network_create_args": {}, "port_create_args": {}, "ports_per_network": 5, "port_update_args": {"admin_state_up": false, "device_id": "dummy_id", "device_owner": "dummy_owner", "name": "_port_updated"}} times: 40 method_name: run timeout: 0 duration: None cls:
2019-06-17 02:57:19.174 29620 INFO rally.task.runner [-] Task 250e0b68-8d18-4b96-b8ad-9efc8a18f25e | ITER: 11 START
2019-06-17 02:57:19.176 29620 WARNING rally_openstack.scenarios.neutron.utils [-] Running this scenario without either the 'network' or 'existing_network' context is deprecated
2019-06-17 02:57:19.179 29629 INFO rally.task.runner [-] Task 250e0b68-8d18-4b96-b8ad-9efc8a18f25e | ITER: 12 START
2019-06-17 02:57:19.180 29609 INFO rally.task.runner [-] Task 250e0b68-8d18-4b96-b8ad-9efc8a18f25e | ITER: 7 START
2019-06-17 02:57:19.180 29629 WARNING rally_openstack.scenarios.neutron.utils [-] Running this scenario without either the 'network' or 'existing_network' context is deprecated
2019-06-17 02:57:19.180 29609 WARNING rally_openstack.scenarios.neutron.utils [-] Running this scenario without either the 'network' or 'existing_network' context is deprecated
2019-06-17 02:57:19.181 29632 RALLYDEBUG rally.task.runner [-] Starting a worker. concurrency: 1 args: {"network_create_args": {}, "port_create_args": {}, "ports_per_network": 5, "port_update_args": {"admin_state_up": false, "device_id": "dummy_id", "device_owner": "dummy_owner", "name": "_port_updated"}} times: 40 method_name: run timeout: 0 duration: None cls:
2019-06-17 02:57:19.184 29610 INFO rally.task.runner [-] Task 250e0b68-8d18-4b96-b8ad-9efc8a18f25e | ITER: 9 START
2019-06-17 02:57:19.185 29610 WARNING rally_openstack.scenarios.neutron.utils [-] Running this scenario without either the 'network' or 'existing_network' context is deprecated
2019-06-17 02:57:19.190 29632 INFO rally.task.runner [-] Task 250e0b68-8d18-4b96-b8ad-9efc8a18f25e | ITER: 13 START
2019-06-17 02:57:19.191 29635 RALLYDEBUG rally.task.runner [-] Starting a worker. concurrency: 1 args: {"network_create_args": {}, "port_create_args": {}, "ports_per_network": 5, "port_update_args": {"admin_state_up": false, "device_id": "dummy_id", "device_owner": "dummy_owner", "name": "_port_updated"}} times: 40 method_name: run timeout: 0 duration: None cls:
2019-06-17 02:57:19.193 29632 WARNING rally_openstack.scenarios.neutron.utils [-] Running this scenario without either the 'network' or 'existing_network' context is deprecated
2019-06-17 02:57:19.198 29639 RALLYDEBUG rally.task.runner [-] Starting a worker. concurrency: 1 args: {"network_create_args": {}, "port_create_args": {}, "ports_per_network": 5, "port_update_args": {"admin_state_up": false, "device_id": "dummy_id", "device_owner": "dummy_owner", "name": "_port_updated"}} times: 40 method_name: run timeout: 0 duration: None cls:
2019-06-17 02:57:19.199 29635 INFO rally.task.runner [-] Task 250e0b68-8d18-4b96-b8ad-9efc8a18f25e | ITER: 14 START
2019-06-17 02:57:19.200 29635 WARNING rally_openstack.scenarios.neutron.utils [-] Running this scenario without either the 'network' or 'existing_network' context is deprecated
2019-06-17 02:57:19.205 29639 INFO rally.task.runner [-] Task 250e0b68-8d18-4b96-b8ad-9efc8a18f25e | ITER: 15 START
2019-06-17 02:57:19.206 29639 WARNING rally_openstack.scenarios.neutron.utils [-] Running this scenario without either the 'network' or 'existing_network' context is deprecated
2019-06-17 02:57:19.207 29642 RALLYDEBUG rally.task.runner [-] Starting a worker. concurrency: 1 args: {"network_create_args": {}, "port_create_args": {}, "ports_per_network": 5, "port_update_args": {"admin_state_up": false, "device_id": "dummy_id", "device_owner": "dummy_owner", "name": "_port_updated"}} times: 40 method_name: run timeout: 0 duration: None cls:
2019-06-17 02:57:19.213 29642 INFO rally.task.runner [-] Task 250e0b68-8d18-4b96-b8ad-9efc8a18f25e | ITER: 16 START
2019-06-17 02:57:19.215 29642 WARNING rally_openstack.scenarios.neutron.utils [-] Running this scenario without either the 'network' or 'existing_network' context is deprecated
2019-06-17 02:57:19.216 29645 RALLYDEBUG rally.task.runner [-] Starting a worker. concurrency: 1 args: {"network_create_args": {}, "port_create_args": {}, "ports_per_network": 5, "port_update_args": {"admin_state_up": false, "device_id": "dummy_id", "device_owner": "dummy_owner", "name": "_port_updated"}} times: 40 method_name: run timeout: 0 duration: None cls:
2019-06-17 02:57:19.222 29645 INFO rally.task.runner [-] Task 250e0b68-8d18-4b96-b8ad-9efc8a18f25e | ITER: 17 START
2019-06-17 02:57:19.223 29645 WARNING rally_openstack.scenarios.neutron.utils [-] Running this scenario without either the 'network' or 'existing_network' context is deprecated
2019-06-17 02:57:19.225 29648 RALLYDEBUG rally.task.runner [-] Starting a worker. concurrency: 1 args: {"network_create_args": {}, "port_create_args": {}, "ports_per_network": 5, "port_update_args": {"admin_state_up": false, "device_id": "dummy_id", "device_owner": "dummy_owner", "name": "_port_updated"}} times: 40 method_name: run timeout: 0 duration: None cls:
2019-06-17 02:57:19.229 29651 RALLYDEBUG rally.task.runner [-] Starting a worker. concurrency: 1 args: {"network_create_args": {}, "port_create_args": {}, "ports_per_network": 5, "port_update_args": {"admin_state_up": false, "device_id": "dummy_id", "device_owner": "dummy_owner", "name": "_port_updated"}} times: 40 method_name: run timeout: 0 duration: None cls:
2019-06-17 02:57:19.231 29648 INFO rally.task.runner [-] Task 250e0b68-8d18-4b96-b8ad-9efc8a18f25e | ITER: 18 START
2019-06-17 02:57:19.232 29648 WARNING rally_openstack.scenarios.neutron.utils [-] Running this scenario without either the 'network' or 'existing_network' context is deprecated
2019-06-17 02:57:19.232 29652 RALLYDEBUG rally.task.runner [-] Starting a worker. concurrency: 1 args: {"network_create_args": {}, "port_create_args": {}, "ports_per_network": 5, "port_update_args": {"admin_state_up": false, "device_id": "dummy_id", "device_owner": "dummy_owner", "name": "_port_updated"}} times: 40 method_name: run timeout: 0 duration: None cls:
2019-06-17 02:57:19.235 29651 INFO rally.task.runner [-] Task 250e0b68-8d18-4b96-b8ad-9efc8a18f25e | ITER: 19 START
2019-06-17 02:57:19.236 29651 WARNING rally_openstack.scenarios.neutron.utils [-] Running this scenario without either the 'network' or 'existing_network' context is deprecated
2019-06-17 02:57:19.236 29652 INFO rally.task.runner [-] Task 250e0b68-8d18-4b96-b8ad-9efc8a18f25e | ITER: 20 START
2019-06-17 02:57:19.237 29652 WARNING rally_openstack.scenarios.neutron.utils [-] Running this scenario without either the 'network' or 'existing_network' context is deprecated
2019-06-17 02:57:27.410 29648 INFO rally.task.runner [-] Task 250e0b68-8d18-4b96-b8ad-9efc8a18f25e | ITER: 18 END: OK
2019-06-17 02:57:27.416 29648 INFO rally.task.runner [-] Task 250e0b68-8d18-4b96-b8ad-9efc8a18f25e | ITER: 21 START
2019-06-17 02:57:27.416 29648 WARNING rally_openstack.scenarios.neutron.utils [-] Running this scenario without either the 'network' or 'existing_network' context is deprecated
2019-06-17 02:57:28.098 29632 INFO rally.task.runner [-] Task 250e0b68-8d18-4b96-b8ad-9efc8a18f25e | ITER: 13 END: OK
2019-06-17 02:57:28.104 29632 INFO rally.task.runner [-] Task 250e0b68-8d18-4b96-b8ad-9efc8a18f25e | ITER: 22 START
2019-06-17 02:57:28.105 29632 WARNING rally_openstack.scenarios.neutron.utils [-] Running this scenario without either the 'network' or 'existing_network' context is deprecated
2019-06-17 02:57:28.438 29612 INFO rally.task.runner [-] Task 250e0b68-8d18-4b96-b8ad-9efc8a18f25e | ITER: 8 END: OK
2019-06-17 02:57:28.442 29612 INFO rally.task.runner [-] Task 250e0b68-8d18-4b96-b8ad-9efc8a18f25e | ITER: 23 START
2019-06-17 02:57:28.443 29612 WARNING rally_openstack.scenarios.neutron.utils [-] Running this scenario without either the 'network' or 'existing_network' context is deprecated
2019-06-17 02:57:28.502 29629 INFO rally.task.runner [-] Task 250e0b68-8d18-4b96-b8ad-9efc8a18f25e | ITER: 12 END: OK
2019-06-17 02:57:28.507 29629 INFO rally.task.runner [-] Task 250e0b68-8d18-4b96-b8ad-9efc8a18f25e | ITER: 24 START
2019-06-17 02:57:28.508 29629 WARNING rally_openstack.scenarios.neutron.utils [-] Running this scenario without either the 'network' or 'existing_network' context is deprecated
2019-06-17 02:57:28.513 29607 INFO rally.task.runner [-] Task 250e0b68-8d18-4b96-b8ad-9efc8a18f25e | ITER: 3 END: OK
2019-06-17 02:57:28.519 29607 INFO rally.task.runner [-] Task 250e0b68-8d18-4b96-b8ad-9efc8a18f25e | ITER: 25 START
2019-06-17 02:57:28.519 29607 WARNING rally_openstack.scenarios.neutron.utils [-] Running this scenario without either the 'network' or 'existing_network' context is deprecated
2019-06-17 02:57:28.528 29639 INFO rally.task.runner [-] Task 250e0b68-8d18-4b96-b8ad-9efc8a18f25e | ITER: 15 END: OK
2019-06-17 02:57:28.533 29639 INFO rally.task.runner [-] Task 250e0b68-8d18-4b96-b8ad-9efc8a18f25e | ITER: 26 START
2019-06-17 02:57:28.533 29639 WARNING rally_openstack.scenarios.neutron.utils [-] Running this scenario without either the 'network' or 'existing_network' context is deprecated
2019-06-17 02:57:29.207 29635 INFO rally.task.runner [-] Task 250e0b68-8d18-4b96-b8ad-9efc8a18f25e | ITER: 14 END: OK
2019-06-17 02:57:29.212 29635 INFO rally.task.runner [-] Task 250e0b68-8d18-4b96-b8ad-9efc8a18f25e | ITER: 27 START
2019-06-17 02:57:29.213 29635 WARNING rally_openstack.scenarios.neutron.utils [-] Running this scenario without either the 'network' or 'existing_network' context is deprecated
2019-06-17 02:57:29.297 29620 INFO rally.task.runner [-] Task 250e0b68-8d18-4b96-b8ad-9efc8a18f25e | ITER: 11 END: OK
2019-06-17 02:57:29.302 29620 INFO rally.task.runner [-] Task 250e0b68-8d18-4b96-b8ad-9efc8a18f25e | ITER: 28 START
2019-06-17 02:57:29.302 29620 WARNING rally_openstack.scenarios.neutron.utils [-] Running this scenario without either the 'network' or 'existing_network' context is deprecated
2019-06-17 02:57:29.705 29609 INFO rally.task.runner [-] Task 250e0b68-8d18-4b96-b8ad-9efc8a18f25e | ITER: 4 END: OK
2019-06-17 02:57:29.710 29609 INFO rally.task.runner [-] Task 250e0b68-8d18-4b96-b8ad-9efc8a18f25e | ITER: 29 START
2019-06-17 02:57:29.711 29609 WARNING rally_openstack.scenarios.neutron.utils [-] Running this scenario without either the 'network' or 'existing_network' context is deprecated
2019-06-17 02:57:29.965 29608 INFO rally.task.runner [-] Task 250e0b68-8d18-4b96-b8ad-9efc8a18f25e | ITER: 5 END: OK
2019-06-17 02:57:29.971 29608 INFO rally.task.runner [-] Task 250e0b68-8d18-4b96-b8ad-9efc8a18f25e | ITER: 30 START
2019-06-17 02:57:29.971 29608 WARNING rally_openstack.scenarios.neutron.utils [-] Running this scenario without either the 'network' or 'existing_network' context is deprecated
2019-06-17 02:57:30.091 29608 INFO rally.task.runner [-] Task 250e0b68-8d18-4b96-b8ad-9efc8a18f25e | ITER: 2 END: OK
2019-06-17 02:57:30.095 29608 INFO rally.task.runner [-] Task 250e0b68-8d18-4b96-b8ad-9efc8a18f25e | ITER: 31 START
2019-06-17 02:57:30.096 29608 WARNING rally_openstack.scenarios.neutron.utils [-] Running this scenario without either the 'network' or 'existing_network' context is deprecated
2019-06-17 02:57:30.426 29616 INFO rally.task.runner [-] Task 250e0b68-8d18-4b96-b8ad-9efc8a18f25e | ITER: 10 END: OK
2019-06-17 02:57:30.431 29616 INFO rally.task.runner [-] Task 250e0b68-8d18-4b96-b8ad-9efc8a18f25e | ITER: 32 START
2019-06-17 02:57:30.431 29616 WARNING rally_openstack.scenarios.neutron.utils [-] Running this scenario without either the 'network' or 'existing_network' context is deprecated
2019-06-17 02:57:30.578 29645 INFO rally.task.runner [-] Task 250e0b68-8d18-4b96-b8ad-9efc8a18f25e | ITER: 17 END: OK
2019-06-17 02:57:30.583 29645 INFO rally.task.runner [-] Task 250e0b68-8d18-4b96-b8ad-9efc8a18f25e | ITER: 33 START
2019-06-17 02:57:30.584 29645 WARNING rally_openstack.scenarios.neutron.utils [-] Running this scenario without either the 'network' or 'existing_network' context is deprecated
2019-06-17 02:57:30.697 29610 INFO rally.task.runner [-] Task 250e0b68-8d18-4b96-b8ad-9efc8a18f25e | ITER: 6 END: OK
2019-06-17 02:57:30.701 29610 INFO rally.task.runner [-] Task 250e0b68-8d18-4b96-b8ad-9efc8a18f25e | ITER: 34 START
2019-06-17 02:57:30.702 29610 WARNING rally_openstack.scenarios.neutron.utils [-] Running this scenario without either the 'network' or 'existing_network' context is deprecated
2019-06-17 02:57:30.822 29607 INFO rally.task.runner [-] Task 250e0b68-8d18-4b96-b8ad-9efc8a18f25e | ITER: 1 END: OK
2019-06-17 02:57:30.827 29607 INFO rally.task.runner [-] Task 250e0b68-8d18-4b96-b8ad-9efc8a18f25e | ITER: 35 START
2019-06-17 02:57:30.828 29607 WARNING rally_openstack.scenarios.neutron.utils [-] Running this scenario without either the 'network' or 'existing_network' context is deprecated
2019-06-17 02:57:31.038 29642 INFO rally.task.runner [-] Task 250e0b68-8d18-4b96-b8ad-9efc8a18f25e | ITER: 16 END: OK
2019-06-17 02:57:31.043 29642 INFO rally.task.runner [-] Task 250e0b68-8d18-4b96-b8ad-9efc8a18f25e | ITER: 36 START
2019-06-17 02:57:31.044 29642 WARNING rally_openstack.scenarios.neutron.utils [-] Running this scenario without either the 'network' or 'existing_network' context is deprecated
2019-06-17 02:57:31.596 29652 INFO rally.task.runner [-] Task 250e0b68-8d18-4b96-b8ad-9efc8a18f25e | ITER: 20 END: OK
2019-06-17 02:57:31.601 29652 INFO rally.task.runner [-] Task 250e0b68-8d18-4b96-b8ad-9efc8a18f25e | ITER: 37 START
2019-06-17 02:57:31.601 29652 WARNING rally_openstack.scenarios.neutron.utils [-] Running this scenario without either the 'network' or 'existing_network' context is deprecated
2019-06-17 02:57:31.831 29610 INFO rally.task.runner [-] Task 250e0b68-8d18-4b96-b8ad-9efc8a18f25e | ITER: 9 END: OK
2019-06-17 02:57:31.835 29610 INFO rally.task.runner [-] Task 250e0b68-8d18-4b96-b8ad-9efc8a18f25e | ITER: 38 START
2019-06-17 02:57:31.836 29610 WARNING rally_openstack.scenarios.neutron.utils [-] Running this scenario without either the 'network' or 'existing_network' context is deprecated
2019-06-17 02:57:32.456 29609 INFO rally.task.runner [-] Task 250e0b68-8d18-4b96-b8ad-9efc8a18f25e | ITER: 7 END: OK
2019-06-17 02:57:32.461 29609 INFO rally.task.runner [-] Task 250e0b68-8d18-4b96-b8ad-9efc8a18f25e | ITER: 39 START
2019-06-17 02:57:32.462 29609 WARNING rally_openstack.scenarios.neutron.utils [-] Running this scenario without either the 'network' or 'existing_network' context is deprecated
2019-06-17 02:57:33.598 29651 INFO rally.task.runner [-] Task 250e0b68-8d18-4b96-b8ad-9efc8a18f25e | ITER: 19 END: OK
2019-06-17 02:57:33.602 29651 INFO rally.task.runner [-] Task 250e0b68-8d18-4b96-b8ad-9efc8a18f25e | ITER: 40 START
2019-06-17 02:57:33.603 29651 WARNING rally_openstack.scenarios.neutron.utils [-] Running this scenario without either the 'network' or 'existing_network' context is deprecated
2019-06-17 02:57:37.619 29629 INFO rally.task.runner [-] Task 250e0b68-8d18-4b96-b8ad-9efc8a18f25e | ITER: 24 END: OK
2019-06-17 02:57:38.633 29609 INFO rally.task.runner [-] Task 250e0b68-8d18-4b96-b8ad-9efc8a18f25e | ITER: 29 END: OK
2019-06-17 02:57:38.780 29632 INFO rally.task.runner [-] Task 250e0b68-8d18-4b96-b8ad-9efc8a18f25e | ITER: 22 END: OK
2019-06-17 02:57:39.230 29608 INFO rally.task.runner [-] Task 250e0b68-8d18-4b96-b8ad-9efc8a18f25e | ITER: 30 END: OK
2019-06-17 02:57:39.248 29616 INFO rally.task.runner [-] Task 250e0b68-8d18-4b96-b8ad-9efc8a18f25e | ITER: 32 END: OK
2019-06-17 02:57:39.376 29607 INFO rally.task.runner [-] Task 250e0b68-8d18-4b96-b8ad-9efc8a18f25e | ITER: 25 END: OK
2019-06-17 02:57:39.402 29648 INFO rally.task.runner [-] Task 250e0b68-8d18-4b96-b8ad-9efc8a18f25e | ITER: 21 END: OK
2019-06-17 02:57:39.415 29620 INFO rally.task.runner [-] Task 250e0b68-8d18-4b96-b8ad-9efc8a18f25e | ITER: 28 END: OK
2019-06-17 02:57:39.427 29639 INFO rally.task.runner [-] Task 250e0b68-8d18-4b96-b8ad-9efc8a18f25e | ITER: 26 END: OK
2019-06-17 02:57:39.629 29635 INFO rally.task.runner [-] Task 250e0b68-8d18-4b96-b8ad-9efc8a18f25e | ITER: 27 END: OK
2019-06-17 02:57:39.675 29608 INFO rally.task.runner [-] Task 250e0b68-8d18-4b96-b8ad-9efc8a18f25e | ITER: 31 END: OK
2019-06-17 02:57:39.685 29610 INFO rally.task.runner [-] Task 250e0b68-8d18-4b96-b8ad-9efc8a18f25e | ITER: 38 END: OK
2019-06-17 02:57:39.958 29645 INFO rally.task.runner [-] Task 250e0b68-8d18-4b96-b8ad-9efc8a18f25e | ITER: 33 END: OK
2019-06-17 02:57:39.971 29612 INFO rally.task.runner [-] Task 250e0b68-8d18-4b96-b8ad-9efc8a18f25e | ITER: 23 END: OK
2019-06-17 02:57:40.180 29610 INFO rally.task.runner [-] Task 250e0b68-8d18-4b96-b8ad-9efc8a18f25e | ITER: 34 END: OK
2019-06-17 02:57:40.259 29607 INFO rally.task.runner [-] Task 250e0b68-8d18-4b96-b8ad-9efc8a18f25e | ITER: 35 END: OK
2019-06-17 02:57:40.580 29652 INFO rally.task.runner [-] Task 250e0b68-8d18-4b96-b8ad-9efc8a18f25e | ITER: 37 END: OK
2019-06-17 02:57:41.289 29651 INFO rally.task.runner [-] Task 250e0b68-8d18-4b96-b8ad-9efc8a18f25e | ITER: 40 END: OK
2019-06-17 02:57:41.411 29642 INFO rally.task.runner [-] Task 250e0b68-8d18-4b96-b8ad-9efc8a18f25e | ITER: 36 END: OK
2019-06-17 02:57:42.025 29609 INFO rally.task.runner [-] Task 250e0b68-8d18-4b96-b8ad-9efc8a18f25e | ITER: 39 END: OK
2019-06-17 02:57:42.056 25731 INFO rally.task.context [-] Task 250e0b68-8d18-4b96-b8ad-9efc8a18f25e | Context cleanup@openstack cleanup() started
2019-06-17 02:57:42.059 25731 RALLYDEBUG rally_openstack.cleanup.manager [-] Cleaning up neutron vip objects
2019-06-17 02:57:42.465 25731 RALLYDEBUG rally_openstack.cleanup.manager [-] Cleaning up neutron health_monitor objects
2019-06-17 02:57:42.874 25731 RALLYDEBUG rally_openstack.cleanup.manager [-] Cleaning up neutron pool objects
2019-06-17 02:57:43.269 25731 RALLYDEBUG rally_openstack.cleanup.manager [-] Cleaning up neutron loadbalancer objects
2019-06-17 02:57:43.672 25731 RALLYDEBUG rally_openstack.cleanup.manager [-] Cleaning up neutron floatingip objects
2019-06-17 02:57:44.119 25731 RALLYDEBUG rally_openstack.cleanup.manager [-] Cleaning up neutron port objects
2019-06-17 02:57:45.001 25731 RALLYDEBUG rally_openstack.cleanup.manager [-] Deleting neutron.port object s_rally_3bc5c0a8_HXFK69Tr (0c6e1ac5-5f4c-4143-89d4-2f6677bb5d7e)
2019-06-17 02:57:45.001 25731 RALLYDEBUG rally_openstack.cleanup.manager [-] Deleting neutron.port object s_rally_3bc5c0a8_c9gOllEZ (09b0b98d-37e6-47ba-a1b6-5720b8c81d79)
2019-06-17 02:57:45.006 25731 RALLYDEBUG rally_openstack.cleanup.manager [-] Deleting neutron.port object s_rally_3bc5c0a8_FjMMFA3N (042f7e15-2264-457e-9d91-a1117bb8d26b)
2019-06-17 02:57:45.007 25731 RALLYDEBUG rally_openstack.cleanup.manager [-] Deleting neutron.port object s_rally_3bc5c0a8_IRah9KuV (07251eb6-4050-4848-9a73-ee2125342215)
2019-06-17 02:57:45.009 25731 RALLYDEBUG rally_openstack.cleanup.manager [-] Deleting neutron.port object s_rally_3bc5c0a8_KV8UGole (13dfee75-e287-4a1d-83ab-aad8d71240d5)
2019-06-17 02:57:45.018 25731 RALLYDEBUG rally_openstack.cleanup.manager [-] Deleting neutron.port object s_rally_3bc5c0a8_CwVpBgiq (07e0bbfd-6cc3-46c8-9cf9-4a7822f2fc13)
2019-06-17 02:57:45.027 25731 RALLYDEBUG rally_openstack.cleanup.manager [-] Deleting neutron.port object s_rally_3bc5c0a8_mfWB3AVc (04ee21f4-ffe4-4ac0-9757-8d9614c73bc8)
2019-06-17 02:57:45.028 25731 RALLYDEBUG rally_openstack.cleanup.manager [-] Deleting neutron.port object s_rally_3bc5c0a8_AW4eWVcK (048f987c-3b90-4f01-b981-ae7b7617a44f)
2019-06-17 02:57:45.030 25731 RALLYDEBUG rally_openstack.cleanup.manager [-] Deleting neutron.port object s_rally_3bc5c0a8_Rvd8uDVu (0665db10-fb2f-4519-adb1-99e4787fa6ee)
2019-06-17 02:57:45.033 25731 RALLYDEBUG rally_openstack.cleanup.manager [-] Deleting neutron.port object s_rally_3bc5c0a8_5HBJn6bz (0f70d510-329d-4cb4-b162-88b6d0ac1a0a)
2019-06-17 02:57:45.042 25731 RALLYDEBUG rally_openstack.cleanup.manager [-] Deleting neutron.port object s_rally_3bc5c0a8_RP6sSSqv (0f57a7a0-88d3-40dd-bfc2-39c9d52d9eeb)
2019-06-17 02:57:45.043 25731 RALLYDEBUG rally_openstack.cleanup.manager [-] Deleting neutron.port object s_rally_3bc5c0a8_jZDLEo8D (127bb27f-4e3f-4d31-8614-c727632df02c)
2019-06-17 02:57:45.045 25731 RALLYDEBUG rally_openstack.cleanup.manager [-] Deleting neutron.port object s_rally_3bc5c0a8_CTVakMp6 (0060dbda-a3d5-400c-ab93-4e72ebd89d35)
2019-06-17 02:57:45.043 25731 RALLYDEBUG rally_openstack.cleanup.manager [-] Deleting neutron.port object s_rally_3bc5c0a8_62LquBNW (11b0893b-1d14-4d05-9bb6-189a77e5faa4)
2019-06-17 02:57:45.047 25731 RALLYDEBUG rally_openstack.cleanup.manager [-] Deleting neutron.port object s_rally_3bc5c0a8_KNEhkKcM (063418a1-840d-4ec9-9b8b-fbf54dd5d5a6)
2019-06-17 02:57:45.049 25731 RALLYDEBUG rally_openstack.cleanup.manager [-] Deleting neutron.port object s_rally_3bc5c0a8_f7ncB1Pp (0f63522e-b8cb-4a72-b5e2-e63da8770e94)
2019-06-17 02:57:45.060 25731 RALLYDEBUG rally_openstack.cleanup.manager [-] Deleting neutron.port object s_rally_3bc5c0a8_HaVdrnNV (0dcb354d-3975-41cd-a746-487d63a3ad7f)
2019-06-17 02:57:45.074 25731 RALLYDEBUG rally_openstack.cleanup.manager [-] Deleting neutron.port object s_rally_3bc5c0a8_VaArbLE4 (04728f86-d98c-4db5-8ee2-7bfb37ea40ff)
2019-06-17 02:57:45.088 25731 RALLYDEBUG rally_openstack.cleanup.manager [-] Deleting neutron.port object s_rally_3bc5c0a8_RfcQJorP (0c489640-32e2-4eb3-96f4-b742a8c0af50)
2019-06-17 02:57:45.106 25731 RALLYDEBUG rally_openstack.cleanup.manager [-] Deleting neutron.port object s_rally_3bc5c0a8_Q9XMSoKm (0832c939-0ab2-493b-88bc-9ee102a9284b)
2019-06-17 02:57:47.024 25731 RALLYDEBUG rally_openstack.cleanup.manager [-] Deleting neutron.port object s_rally_3bc5c0a8_7NYhaSAX (1407cd1e-a43f-4780-9987-661151641094)
2019-06-17 02:57:47.439 25731 RALLYDEBUG rally_openstack.cleanup.manager [-] Deleting neutron.port object s_rally_3bc5c0a8_oHegZJOJ (181d24a5-00e8-46a5-9b41-b03a165c66b5)
2019-06-17 02:57:47.502 25731 RALLYDEBUG rally_openstack.cleanup.manager [-] Deleting neutron.port object s_rally_3bc5c0a8_oiz8nd6q (1a273c0d-7170-4e2c-85ff-29ea5343185b)
2019-06-17 02:57:47.502 25731 RALLYDEBUG rally_openstack.cleanup.manager [-] Deleting neutron.port object s_rally_3bc5c0a8_lAu96POl (1c325f0b-0c85-401b-8610-f3f2abb5e78f)
2019-06-17 02:57:47.514 25731 RALLYDEBUG rally_openstack.cleanup.manager [-] Deleting neutron.port object s_rally_3bc5c0a8_7lQY5L0D (1ca1e734-65c3-4698-afb2-001e56630c30)
2019-06-17 02:57:47.538 25731 RALLYDEBUG rally_openstack.cleanup.manager [-] Deleting neutron.port object s_rally_3bc5c0a8_xRG1gpYS (1e3e7cf5-8d36-4fa8-b885-05771839f9ab)
2019-06-17 02:57:47.610 25731 RALLYDEBUG rally_openstack.cleanup.manager [-] Deleting neutron.port object s_rally_3bc5c0a8_4Y3Ku7Hs (263257a1-f59f-4d72-925d-66f7fd4f7acd)
2019-06-17 02:57:47.610 25731 RALLYDEBUG rally_openstack.cleanup.manager [-] Deleting neutron.port object s_rally_3bc5c0a8_21vcFXKh (2540d323-8f12-4de4-8634-4efd9beacce5)
2019-06-17 02:57:47.728 25731 RALLYDEBUG rally_openstack.cleanup.manager [-] Deleting neutron.port object s_rally_3bc5c0a8_HpAHUjQs (2805c215-f019-4e43-a60c-a2f677c494ae)
2019-06-17 02:57:47.730 25731 RALLYDEBUG rally_openstack.cleanup.manager [-] Deleting neutron.port object s_rally_3bc5c0a8_fuQCDE22 (283d0cf0-699a-43c9-9001-3e4fca02ec30)
2019-06-17 02:57:47.778 25731 RALLYDEBUG rally_openstack.cleanup.manager [-] Deleting neutron.port object s_rally_3bc5c0a8_TCczThU5 (28746f97-7c87-4247-beb0-771c42a5dd37)
2019-06-17 02:57:47.788 25731 RALLYDEBUG rally_openstack.cleanup.manager [-] Deleting neutron.port object s_rally_3bc5c0a8_0Vipsr7q (2bddcafd-cfa1-4ac2-aacf-6615cf8498ff)
2019-06-17 02:57:47.851 25731 RALLYDEBUG rally_openstack.cleanup.manager [-] Deleting neutron.port object s_rally_3bc5c0a8_kfSv74RH (2ef66ab8-070a-478d-bb61-e5a80aea213b)
2019-06-17 02:57:47.853 25731 RALLYDEBUG rally_openstack.cleanup.manager [-] Deleting neutron.port object s_rally_3bc5c0a8_6sZoGdm4 (300da766-350a-41e0-a684-676179b0e172)
2019-06-17 02:57:47.859 25731 RALLYDEBUG rally_openstack.cleanup.manager [-] Deleting neutron.port object s_rally_3bc5c0a8_Zot6kIG1 (2e299e36-7e81-4ddd-b1e2-814da3664e11)
2019-06-17 02:57:48.041 25731 RALLYDEBUG rally_openstack.cleanup.manager [-] Deleting neutron.port object s_rally_3bc5c0a8_htYeSEsm (30982e72-af87-4d16-91e4-c1fdccd9bc1a)
2019-06-17 02:57:48.077 25731 RALLYDEBUG rally_openstack.cleanup.manager [-] Deleting neutron.port object s_rally_3bc5c0a8_V4lI2qvh (3277efbd-1301-409d-b6ac-cbeec6bc8bb7)
2019-06-17 02:57:48.655 25731 RALLYDEBUG rally_openstack.cleanup.manager [-] Deleting neutron.port object s_rally_3bc5c0a8_ldaZPge9 (32c36913-d6a8-414e-97d8-b266b64a5411)
2019-06-17 02:57:48.712 25731 RALLYDEBUG rally_openstack.cleanup.manager [-] Deleting neutron.port object s_rally_3bc5c0a8_WNp2dStC (33479419-209c-407c-ad0e-0be777ce43b9)
2019-06-17 02:57:48.744 25731 RALLYDEBUG rally_openstack.cleanup.manager [-] Deleting neutron.port object s_rally_3bc5c0a8_r88BjtQD (355e9614-c04c-4527-8c58-4d0448cc3629)
2019-06-17 02:57:48.858 25731 RALLYDEBUG rally_openstack.cleanup.manager [-] Deleting neutron.port object s_rally_3bc5c0a8_7KgOIpVW (3626b3da-a4df-42be-9f51-6c03ba950c9b)
2019-06-17 02:57:49.229 25731 RALLYDEBUG rally_openstack.cleanup.manager [-] Deleting neutron.port object s_rally_3bc5c0a8_VAwDU3Nk (3a68adc4-1fb2-414b-b79c-bb167c39200c)
2019-06-17 02:57:49.664 25731 RALLYDEBUG rally_openstack.cleanup.manager [-] Deleting neutron.port object s_rally_3bc5c0a8_Mx7s63SQ (3b2b3538-061b-4bb4-95eb-fbff50c572ed)
2019-06-17 02:57:49.689 25731 RALLYDEBUG rally_openstack.cleanup.manager [-] Deleting neutron.port object s_rally_3bc5c0a8_IbwiRkER (3e107be3-489d-4f7c-a553-971c71aa10a4)
2019-06-17 02:57:49.799 25731 RALLYDEBUG rally_openstack.cleanup.manager [-] Deleting neutron.port object s_rally_3bc5c0a8_vE754Xxn (436001e2-9132-40ac-a29c-a1012b881039)
2019-06-17 02:57:49.804 25731 RALLYDEBUG rally_openstack.cleanup.manager [-] Deleting neutron.port object s_rally_3bc5c0a8_NHGBq1fX (42064ca3-bb11-4e23-9906-74e37399af92)
2019-06-17 02:57:49.810 25731 RALLYDEBUG rally_openstack.cleanup.manager [-] Deleting neutron.port object s_rally_3bc5c0a8_fN8BJFWc (44838630-96a6-4e54-aeb1-e960e4072813)
2019-06-17 02:57:49.814 25731 RALLYDEBUG rally_openstack.cleanup.manager [-] Deleting neutron.port object s_rally_3bc5c0a8_DdUhU9tB (432ec555-a265-42b2-a34c-70ad0ccd7239)
2019-06-17 02:57:49.819 25731 RALLYDEBUG rally_openstack.cleanup.manager [-] Deleting neutron.port object s_rally_3bc5c0a8_cysTJojt (44fc91fb-2ec1-4adc-b873-d6684e9274c4)
2019-06-17 02:57:49.878 25731 RALLYDEBUG rally_openstack.cleanup.manager [-] Deleting neutron.port object s_rally_3bc5c0a8_EDjCTQXE (452196e4-1706-4a14-acb8-42eb3bf81b2c)
2019-06-17 02:57:49.950 25731 RALLYDEBUG rally_openstack.cleanup.manager [-] Deleting neutron.port object s_rally_3bc5c0a8_QGUNN9Iz (4625915b-ef1d-4ed3-8b87-0252823f573b)
2019-06-17 02:57:49.974 25731 RALLYDEBUG rally_openstack.cleanup.manager [-] Deleting neutron.port object s_rally_3bc5c0a8_mOIjBnXX (4717f14a-9598-4f66-9ec6-0ecd8f3bab8b)
2019-06-17 02:57:49.990 25731 RALLYDEBUG rally_openstack.cleanup.manager [-] Deleting neutron.port object s_rally_3bc5c0a8_0Ty0yOjT (47f248e0-723b-4fb4-b39f-7251350f2f6e)
2019-06-17 02:57:50.043 25731 RALLYDEBUG rally_openstack.cleanup.manager [-] Deleting neutron.port object s_rally_3bc5c0a8_rI8g0HHo (4944df06-f544-468e-afb1-070f3dab6e52)
2019-06-17 02:57:50.058 25731 RALLYDEBUG rally_openstack.cleanup.manager [-] Deleting neutron.port object s_rally_3bc5c0a8_KsAJAhCx (4a199894-92af-4588-9782-de68ede60fc6)
2019-06-17 02:57:50.090 25731 RALLYDEBUG rally_openstack.cleanup.manager [-] Deleting neutron.port object s_rally_3bc5c0a8_C73Jnr9r (4a97ce27-1294-459d-821b-ad1b68c75459)
2019-06-17 02:57:50.115 25731 RALLYDEBUG rally_openstack.cleanup.manager [-] Deleting neutron.port object s_rally_3bc5c0a8_JZOUmGZn (4c2ffb04-439e-4f10-978f-1cd525f56e6b)
2019-06-17 02:57:50.512 25731 RALLYDEBUG rally_openstack.cleanup.manager [-] Deleting neutron.port object s_rally_3bc5c0a8_c9XigeNI (4c5cd1cf-1d1e-4463-8783-c50204d7cdaa)
2019-06-17 02:57:50.615 25731 RALLYDEBUG rally_openstack.cleanup.manager [-] Deleting neutron.port object s_rally_3bc5c0a8_r5i3uVeh (4cf035c8-a68b-4cc5-a85d-1793175f5b24)
2019-06-17 02:57:50.639 25731 RALLYDEBUG rally_openstack.cleanup.manager [-] Deleting neutron.port object s_rally_3bc5c0a8_KosXaEu8 (4d0f676d-1ef9-4d70-88c0-eb066a8dde82)
2019-06-17 02:57:50.709 25731 RALLYDEBUG rally_openstack.cleanup.manager [-] Deleting neutron.port object s_rally_3bc5c0a8_rmXAWhbo (4d912313-54e3-4929-9ba4-3c7f237b371c)
2019-06-17 02:57:51.351 25731 RALLYDEBUG rally_openstack.cleanup.manager [-] Deleting neutron.port object s_rally_3bc5c0a8_8EEDTodt (4ec2687d-dc29-4136-927f-449d9edd31e2)
2019-06-17 02:57:51.686 25731 RALLYDEBUG rally_openstack.cleanup.manager [-] Deleting neutron.port object s_rally_3bc5c0a8_2dWXaRAb (4fb617dc-03e4-4764-af65-f0bed4356b7c)
2019-06-17 02:57:51.728 25731 RALLYDEBUG rally_openstack.cleanup.manager [-] Deleting neutron.port object s_rally_3bc5c0a8_XVX4xjlA (50a7df45-d3c7-4f70-b072-8ec0420af39b)
2019-06-17 02:57:51.735 25731 RALLYDEBUG rally_openstack.cleanup.manager [-] Deleting neutron.port object s_rally_3bc5c0a8_ECNppNhB (53b2233d-b8cd-4ae8-8d62-7b79ec2a72ab)
2019-06-17 02:57:51.860 25731 RALLYDEBUG rally_openstack.cleanup.manager [-] Deleting neutron.port object s_rally_3bc5c0a8_vGk7pHBM (54b404ca-fdcd-4426-a5b7-7b4974281215)
2019-06-17 02:57:51.951 25731 RALLYDEBUG rally_openstack.cleanup.manager [-] Deleting neutron.port object s_rally_3bc5c0a8_OrSWoC0i (55341835-e274-4a65-b9d5-77b6bbaa848c)
2019-06-17 02:57:51.959 25731 RALLYDEBUG rally_openstack.cleanup.manager [-] Deleting neutron.port object s_rally_3bc5c0a8_3z6nsftL (58997d50-aee6-4803-9ccb-3254ad582e62)
2019-06-17 02:57:52.017 25731 RALLYDEBUG rally_openstack.cleanup.manager [-] Deleting neutron.port object s_rally_3bc5c0a8_5cuHJ3OB (58a79434-50c8-4459-840d-f899ebc9b297)
