2019-06-17 00:42:45.479 8 RALLYDEBUG rally.api [-] INFO logs from urllib3 and requests module are hide.
2019-06-17 00:42:45.479 8 RALLYDEBUG rally.api [-] urllib3 insecure warnings are hidden.
2019-06-17 00:42:45.480 8 RALLYDEBUG rally.api [-] ERROR log from boto module is hide.
2019-06-17 00:42:47.398 8 ERROR rally.cli.cliutils [-] Unexpected exception in CLI: DBRecordNotFound: Record for uuid or name is opnfv-rally not found in table envs
2019-06-17 00:42:47.398 8 ERROR rally.cli.cliutils
Traceback (most recent call last):
2019-06-17 00:42:47.398 8 ERROR rally.cli.cliutils
File "/usr/lib/python2.7/site-packages/rally/cli/cliutils.py", line 674, in run
2019-06-17 00:42:47.398 8 ERROR rally.cli.cliutils ret = fn(*fn_args, **fn_kwargs)
2019-06-17 00:42:47.398 8 ERROR rally.cli.cliutils File "", line 2, in destroy
2019-06-17 00:42:47.398 8 ERROR rally.cli.cliutils
File "/usr/lib/python2.7/site-packages/rally/cli/envutils.py", line 69, in default_from_global
2019-06-17 00:42:47.398 8 ERROR rally.cli.cliutils return f(*args, **kwargs)
2019-06-17 00:42:47.398 8 ERROR rally.cli.cliutils File "", line 2, in destroy
2019-06-17 00:42:47.398 8 ERROR rally.cli.cliutils
File "/usr/lib/python2.7/site-packages/rally/plugins/__init__.py", line 51, in ensure_plugins_are_loaded
2019-06-17 00:42:47.398 8 ERROR rally.cli.cliutils return f(*args, **kwargs)
2019-06-17 00:42:47.398 8 ERROR rally.cli.cliutils
File "/usr/lib/python2.7/site-packages/rally/cli/commands/deployment.py", line 140, in destroy
2019-06-17 00:42:47.398 8 ERROR rally.cli.cliutils api.deployment.destroy(deployment=deployment)
2019-06-17 00:42:47.398 8 ERROR rally.cli.cliutils
File "/usr/lib/python2.7/site-packages/rally/api.py", line 115, in destroy
2019-06-17 00:42:47.398 8 ERROR rally.cli.cliutils deploy = objects.Deployment.get(deployment)
2019-06-17 00:42:47.398 8 ERROR rally.cli.cliutils
File "/usr/lib/python2.7/site-packages/rally/common/objects/deploy.py", line 124, in get
2019-06-17 00:42:47.398 8 ERROR rally.cli.cliutils return Deployment(env_mgr.EnvManager.get(deploy))
2019-06-17 00:42:47.398 8 ERROR rally.cli.cliutils
File "/usr/lib/python2.7/site-packages/rally/env/env_mgr.py", line 212, in get
2019-06-17 00:42:47.398 8 ERROR rally.cli.cliutils return cls(db.env_get(uuid_or_name))
2019-06-17 00:42:47.398 8 ERROR rally.cli.cliutils
File "/usr/lib/python2.7/site-packages/rally/common/db/api.py", line 135, in wrapper
2019-06-17 00:42:47.398 8 ERROR rally.cli.cliutils result = f(session, *args, **kwargs)
2019-06-17 00:42:47.398 8 ERROR rally.cli.cliutils
File "/usr/lib/python2.7/site-packages/rally/common/db/api.py", line 521, in env_get
2019-06-17 00:42:47.398 8 ERROR rally.cli.cliutils criteria="uuid or name is %s" % uuid_or_name, table="envs")
2019-06-17 00:42:47.398 8 ERROR rally.cli.cliutils DBRecordNotFound: Record for uuid or name is opnfv-rally not found in table envs
2019-06-17 00:42:47.398 8 ERROR rally.cli.cliutils
2019-06-17 00:42:48.244 10 RALLYDEBUG rally.api [-] INFO logs from urllib3 and requests module are hide.
2019-06-17 00:42:48.244 10 RALLYDEBUG rally.api [-] urllib3 insecure warnings are hidden.
2019-06-17 00:42:48.244 10 RALLYDEBUG rally.api [-] ERROR log from boto module is hide.
2019-06-17 00:42:50.081 10 WARNING rally_openstack.platforms.existing [-] endpoint is deprecated and not used.
2019-06-17 00:42:51.096 12 RALLYDEBUG rally.api [-] INFO logs from urllib3 and requests module are hide.
2019-06-17 00:42:51.096 12 RALLYDEBUG rally.api [-] urllib3 insecure warnings are hidden.
2019-06-17 00:42:51.096 12 RALLYDEBUG rally.api [-] ERROR log from boto module is hide.
2019-06-17 00:42:54.469 15 RALLYDEBUG rally.api [-] INFO logs from urllib3 and requests module are hide.
2019-06-17 00:42:54.469 15 RALLYDEBUG rally.api [-] urllib3 insecure warnings are hidden.
2019-06-17 00:42:54.469 15 RALLYDEBUG rally.api [-] ERROR log from boto module is hide.
2019-06-17 00:42:55.655 17 RALLYDEBUG rally.api [-] INFO logs from urllib3 and requests module are hide.
2019-06-17 00:42:55.655 17 RALLYDEBUG rally.api [-] urllib3 insecure warnings are hidden.
2019-06-17 00:42:55.655 17 RALLYDEBUG rally.api [-] ERROR log from boto module is hide.
2019-06-17 00:42:57.564 17 INFO rally.task.engine [-] Task 1b100f13-b674-44b9-b587-d152e7a9bde4 | Starting: Task validation.
2019-06-17 00:42:57.626 17 INFO rally.task.engine [-] Task 1b100f13-b674-44b9-b587-d152e7a9bde4 | Starting: Task validation of syntax.
2019-06-17 00:42:57.719 17 INFO rally.task.engine [-] Task 1b100f13-b674-44b9-b587-d152e7a9bde4 | Completed: Task validation of syntax.
2019-06-17 00:42:57.719 17 INFO rally.task.engine [-] Task 1b100f13-b674-44b9-b587-d152e7a9bde4 | Starting: Task validation of required platforms.
2019-06-17 00:42:57.762 17 INFO rally.task.engine [-] Task 1b100f13-b674-44b9-b587-d152e7a9bde4 | Completed: Task validation of required platforms.
2019-06-17 00:42:57.762 17 INFO rally.task.engine [-] Task 1b100f13-b674-44b9-b587-d152e7a9bde4 | Starting: Task validation of semantic.
2019-06-17 00:42:57.762 17 INFO rally.task.engine [-] Check health of the environment '1c9637f6-00fa-4912-baf3-550fcdc159cb'.
2019-06-17 00:42:58.360 17 INFO rally.task.engine [-] Platform existing@openstack (available: True): OK!
2019-06-17 00:42:58.377 17 RALLYDEBUG rally_openstack.contexts.keystone.users [-] Creating 1 tenants using 20 threads
2019-06-17 00:42:59.275 17 RALLYDEBUG rally_openstack.contexts.keystone.users [-] Creating 1 users using 20 threads
2019-06-17 00:43:00.665 17 INFO rally.task.context [-] Task 1b100f13-b674-44b9-b587-d152e7a9bde4 | Context users@openstack setup() finished in 2.29 sec
2019-06-17 00:43:00.723 17 INFO rally.task.context [-] Task 1b100f13-b674-44b9-b587-d152e7a9bde4 | Context users@openstack cleanup() started
2019-06-17 00:43:03.685 17 INFO rally.task.context [-] Task 1b100f13-b674-44b9-b587-d152e7a9bde4 | Context users@openstack cleanup() finished in 2.96 sec
2019-06-17 00:43:03.686 17 INFO rally.task.engine [-] Task 1b100f13-b674-44b9-b587-d152e7a9bde4 | Completed: Task validation of semantic.
2019-06-17 00:43:03.686 17 INFO rally.task.engine [-] Task 1b100f13-b674-44b9-b587-d152e7a9bde4 | Completed: Task validation.
2019-06-17 00:43:03.686 17 INFO rally.api [-] Task 1b100f13-b674-44b9-b587-d152e7a9bde4 input file is valid.
2019-06-17 00:43:03.687 17 INFO rally.api [-] Run Task 1b100f13-b674-44b9-b587-d152e7a9bde4 against Deployment 1c9637f6-00fa-4912-baf3-550fcdc159cb
2019-06-17 00:43:03.687 17 INFO rally.task.engine [-] Task 1b100f13-b674-44b9-b587-d152e7a9bde4 | Starting: Running task.
2019-06-17 00:43:03.929 17 INFO rally.task.engine [-] Running workload: position = 0 config = { "version": 2, "title": "A cropped version of a bigger task.", "description": "Auto-generated task from a single workload (uuid=64f8a375-a192-4ade-ad59-1a85ea03f7cf)", "subtasks": [ { "title": "Authenticate.keystone", "description": "Check Keystone Client.", "scenario": { "Authenticate.keystone": {} }, "contexts": { "users": { "tenants": 3, "users_per_tenant": 2 } }, "runner": { "constant": { "concurrency": 4, "times": 10 } }, "hooks": [], "sla": { "failure_rate": { "max": 0 } } } ] }
2019-06-17 00:43:03.953 17 RALLYDEBUG rally_openstack.contexts.keystone.users [-] Creating 3 tenants using 20 threads
2019-06-17 00:43:04.990 17 RALLYDEBUG rally_openstack.contexts.keystone.users [-] Creating 6 users using 20 threads
2019-06-17 00:43:06.757 17 INFO rally.task.context [-] Task 1b100f13-b674-44b9-b587-d152e7a9bde4 | Context users@openstack setup() finished in 2.80 sec
2019-06-17 00:43:06.766 17 RALLYDEBUG rally.task.runner [-] Starting the constant runner (task UUID: 1b100f13-b674-44b9-b587-d152e7a9bde4). timeout: 0 concurrency: 4 concurrency_per_worker: 1 times: 10 concurrency_overhead: 0 processes_to_start: 4 max_cpu_used: 16
2019-06-17 00:43:06.781 141 RALLYDEBUG rally.task.runner [-] Starting a worker. concurrency: 1 args: {} times: 10 method_name: run timeout: 0 duration: None cls:
2019-06-17 00:43:06.783 142 RALLYDEBUG rally.task.runner [-] Starting a worker. concurrency: 1 args: {} times: 10 method_name: run timeout: 0 duration: None cls:
2019-06-17 00:43:06.787 143 RALLYDEBUG rally.task.runner [-] Starting a worker. concurrency: 1 args: {} times: 10 method_name: run timeout: 0 duration: None cls:
2019-06-17 00:43:06.788 141 INFO rally.task.runner [-] Task 1b100f13-b674-44b9-b587-d152e7a9bde4 | ITER: 1 START
2019-06-17 00:43:06.790 142 INFO rally.task.runner [-] Task 1b100f13-b674-44b9-b587-d152e7a9bde4 | ITER: 2 START
2019-06-17 00:43:06.790 144 RALLYDEBUG rally.task.runner [-] Starting a worker. concurrency: 1 args: {} times: 10 method_name: run timeout: 0 duration: None cls:
2019-06-17 00:43:06.794 143 INFO rally.task.runner [-] Task 1b100f13-b674-44b9-b587-d152e7a9bde4 | ITER: 3 START
2019-06-17 00:43:06.797 144 INFO rally.task.runner [-] Task 1b100f13-b674-44b9-b587-d152e7a9bde4 | ITER: 4 START
2019-06-17 00:43:07.233 141 INFO rally.task.runner [-] Task 1b100f13-b674-44b9-b587-d152e7a9bde4 | ITER: 1 END: OK
2019-06-17 00:43:07.237 143 INFO rally.task.runner [-] Task 1b100f13-b674-44b9-b587-d152e7a9bde4 | ITER: 3 END: OK
2019-06-17 00:43:07.239 141 INFO rally.task.runner [-] Task 1b100f13-b674-44b9-b587-d152e7a9bde4 | ITER: 5 START
2019-06-17 00:43:07.241 143 INFO rally.task.runner [-] Task 1b100f13-b674-44b9-b587-d152e7a9bde4 | ITER: 6 START
2019-06-17 00:43:07.243 144 INFO rally.task.runner [-] Task 1b100f13-b674-44b9-b587-d152e7a9bde4 | ITER: 4 END: OK
2019-06-17 00:43:07.247 144 INFO rally.task.runner [-] Task 1b100f13-b674-44b9-b587-d152e7a9bde4 | ITER: 7 START
2019-06-17 00:43:07.299 142 INFO rally.task.runner [-] Task 1b100f13-b674-44b9-b587-d152e7a9bde4 | ITER: 2 END: OK
2019-06-17 00:43:07.303 142 INFO rally.task.runner [-] Task 1b100f13-b674-44b9-b587-d152e7a9bde4 | ITER: 8 START
2019-06-17 00:43:07.644 142 INFO rally.task.runner [-] Task 1b100f13-b674-44b9-b587-d152e7a9bde4 | ITER: 8 END: OK
2019-06-17 00:43:07.648 142 INFO rally.task.runner [-] Task 1b100f13-b674-44b9-b587-d152e7a9bde4 | ITER: 9 START
2019-06-17 00:43:07.677 144 INFO rally.task.runner [-] Task 1b100f13-b674-44b9-b587-d152e7a9bde4 | ITER: 7 END: OK
2019-06-17 00:43:07.678 141 INFO rally.task.runner [-] Task 1b100f13-b674-44b9-b587-d152e7a9bde4 | ITER: 5 END: OK
2019-06-17 00:43:07.681 144 INFO rally.task.runner [-] Task 1b100f13-b674-44b9-b587-d152e7a9bde4 | ITER: 10 START
2019-06-17 00:43:07.682 143 INFO rally.task.runner [-] Task 1b100f13-b674-44b9-b587-d152e7a9bde4 | ITER: 6 END: OK
2019-06-17 00:43:07.987 142 INFO rally.task.runner [-] Task 1b100f13-b674-44b9-b587-d152e7a9bde4 | ITER: 9 END: OK
2019-06-17 00:43:08.024 144 INFO rally.task.runner [-] Task 1b100f13-b674-44b9-b587-d152e7a9bde4 | ITER: 10 END: OK
2019-06-17 00:43:08.051 17 INFO rally.task.context [-] Task 1b100f13-b674-44b9-b587-d152e7a9bde4 | Context users@openstack cleanup() started
2019-06-17 00:43:13.379 17 INFO rally.task.context [-] Task 1b100f13-b674-44b9-b587-d152e7a9bde4 | Context users@openstack cleanup() finished in 5.33 sec
2019-06-17 00:43:14.019 17 INFO rally.task.engine [-] Load duration is: 1.233637
2019-06-17 00:43:14.020 17 INFO rally.task.engine [-] Full runner duration is: 1.284706
2019-06-17 00:43:14.020 17 INFO rally.task.engine [-] Full duration is: 9.427992
2019-06-17 00:43:14.349 17 INFO rally.task.engine [-] Running workload: position = 0 config = { "version": 2, "title": "A cropped version of a bigger task.", "description": "Auto-generated task from a single workload (uuid=0263196b-31a4-4be5-9dc8-2bfeb42ff77a)", "subtasks": [ { "title": "Authenticate.validate_cinder", "description": "Check Cinder Client to ensure validation of token.", "scenario": { "Authenticate.validate_cinder": { "repetitions": 2 } }, "contexts": { "users": { "tenants": 3, "users_per_tenant": 2 } }, "runner": { "constant": { "concurrency": 4, "times": 10 } }, "hooks": [], "sla": { "failure_rate": { "max": 0 } } } ] }
2019-06-17 00:43:14.375 17 RALLYDEBUG rally_openstack.contexts.keystone.users [-] Creating 3 tenants using 20 threads
2019-06-17 00:43:15.339 17 RALLYDEBUG rally_openstack.contexts.keystone.users [-] Creating 6 users using 20 threads
2019-06-17 00:43:17.008 17 INFO rally.task.context [-] Task 1b100f13-b674-44b9-b587-d152e7a9bde4 | Context users@openstack setup() finished in 2.63 sec
2019-06-17 00:43:17.017 17 RALLYDEBUG rally.task.runner [-] Starting the constant runner (task UUID: 1b100f13-b674-44b9-b587-d152e7a9bde4). timeout: 0 concurrency: 4 concurrency_per_worker: 1 times: 10 concurrency_overhead: 0 processes_to_start: 4 max_cpu_used: 16
2019-06-17 00:43:17.030 245 RALLYDEBUG rally.task.runner [-] Starting a worker. concurrency: 1 args: {"repetitions": 2} times: 10 method_name: run timeout: 0 duration: None cls:
2019-06-17 00:43:17.033 246 RALLYDEBUG rally.task.runner [-] Starting a worker. concurrency: 1 args: {"repetitions": 2} times: 10 method_name: run timeout: 0 duration: None cls:
2019-06-17 00:43:17.036 247 RALLYDEBUG rally.task.runner [-] Starting a worker. concurrency: 1 args: {"repetitions": 2} times: 10 method_name: run timeout: 0 duration: None cls:
2019-06-17 00:43:17.038 245 INFO rally.task.runner [-] Task 1b100f13-b674-44b9-b587-d152e7a9bde4 | ITER: 1 START
2019-06-17 00:43:17.040 246 INFO rally.task.runner [-] Task 1b100f13-b674-44b9-b587-d152e7a9bde4 | ITER: 2 START
2019-06-17 00:43:17.039 248 RALLYDEBUG rally.task.runner [-] Starting a worker. concurrency: 1 args: {"repetitions": 2} times: 10 method_name: run timeout: 0 duration: None cls:
2019-06-17 00:43:17.043 247 INFO rally.task.runner [-] Task 1b100f13-b674-44b9-b587-d152e7a9bde4 | ITER: 3 START
2019-06-17 00:43:17.046 248 INFO rally.task.runner [-] Task 1b100f13-b674-44b9-b587-d152e7a9bde4 | ITER: 4 START
2019-06-17 00:43:17.684 246 INFO rally.task.runner [-] Task 1b100f13-b674-44b9-b587-d152e7a9bde4 | ITER: 2 END: OK
2019-06-17 00:43:17.685 247 INFO rally.task.runner [-] Task 1b100f13-b674-44b9-b587-d152e7a9bde4 | ITER: 3 END: OK
2019-06-17 00:43:17.688 246 INFO rally.task.runner [-] Task 1b100f13-b674-44b9-b587-d152e7a9bde4 | ITER: 5 START
2019-06-17 00:43:17.689 247 INFO rally.task.runner [-] Task 1b100f13-b674-44b9-b587-d152e7a9bde4 | ITER: 6 START
2019-06-17 00:43:17.692 248 INFO rally.task.runner [-] Task 1b100f13-b674-44b9-b587-d152e7a9bde4 | ITER: 4 END: OK
2019-06-17 00:43:17.697 248 INFO rally.task.runner [-] Task 1b100f13-b674-44b9-b587-d152e7a9bde4 | ITER: 7 START
2019-06-17 00:43:17.962 245 INFO rally.task.runner [-] Task 1b100f13-b674-44b9-b587-d152e7a9bde4 | ITER: 1 END: OK
2019-06-17 00:43:17.967 245 INFO rally.task.runner [-] Task 1b100f13-b674-44b9-b587-d152e7a9bde4 | ITER: 8 START
2019-06-17 00:43:18.181 247 INFO rally.task.runner [-] Task 1b100f13-b674-44b9-b587-d152e7a9bde4 | ITER: 6 END: OK
2019-06-17 00:43:18.185 247 INFO rally.task.runner [-] Task 1b100f13-b674-44b9-b587-d152e7a9bde4 | ITER: 9 START
2019-06-17 00:43:18.211 246 INFO rally.task.runner [-] Task 1b100f13-b674-44b9-b587-d152e7a9bde4 | ITER: 5 END: OK
2019-06-17 00:43:18.215 246 INFO rally.task.runner [-] Task 1b100f13-b674-44b9-b587-d152e7a9bde4 | ITER: 10 START
2019-06-17 00:43:18.313 248 INFO rally.task.runner [-] Task 1b100f13-b674-44b9-b587-d152e7a9bde4 | ITER: 7 END: OK
2019-06-17 00:43:18.421 245 INFO rally.task.runner [-] Task 1b100f13-b674-44b9-b587-d152e7a9bde4 | ITER: 8 END: OK
2019-06-17 00:43:18.610 247 INFO rally.task.runner [-] Task 1b100f13-b674-44b9-b587-d152e7a9bde4 | ITER: 9 END: OK
2019-06-17 00:43:18.644 246 INFO rally.task.runner [-] Task 1b100f13-b674-44b9-b587-d152e7a9bde4 | ITER: 10 END: OK
2019-06-17 00:43:18.667 17 INFO rally.task.context [-] Task 1b100f13-b674-44b9-b587-d152e7a9bde4 | Context users@openstack cleanup() started
2019-06-17 00:43:23.443 17 INFO rally.task.context [-] Task 1b100f13-b674-44b9-b587-d152e7a9bde4 | Context users@openstack cleanup() finished in 4.78 sec
2019-06-17 00:43:24.446 17 INFO rally.task.engine [-] Load duration is: 1.604501
2019-06-17 00:43:24.446 17 INFO rally.task.engine [-] Full runner duration is: 1.650182
2019-06-17 00:43:24.447 17 INFO rally.task.engine [-] Full duration is: 9.072148
2019-06-17 00:43:24.915 17 INFO rally.task.engine [-] Running workload: position = 0 config = { "version": 2, "title": "A cropped version of a bigger task.", "description": "Auto-generated task from a single workload (uuid=aafe9ad0-9ae1-4e47-9b8f-4bd2d050c817)", "subtasks": [ { "title": "Authenticate.validate_glance", "description": "Check Glance Client to ensure validation of token.", "scenario": { "Authenticate.validate_glance": { "repetitions": 2 } }, "contexts": { "users": { "tenants": 3, "users_per_tenant": 2 } }, "runner": { "constant": { "concurrency": 4, "times": 10 } }, "hooks": [], "sla": { "failure_rate": { "max": 0 } } } ] }
2019-06-17 00:43:24.939 17 RALLYDEBUG rally_openstack.contexts.keystone.users [-] Creating 3 tenants using 20 threads
2019-06-17 00:43:26.039 17 RALLYDEBUG rally_openstack.contexts.keystone.users [-] Creating 6 users using 20 threads
2019-06-17 00:43:27.839 17 INFO rally.task.context [-] Task 1b100f13-b674-44b9-b587-d152e7a9bde4 | Context users@openstack setup() finished in 2.90 sec
2019-06-17 00:43:27.849 17 RALLYDEBUG rally.task.runner [-] Starting the constant runner (task UUID: 1b100f13-b674-44b9-b587-d152e7a9bde4). timeout: 0 concurrency: 4 concurrency_per_worker: 1 times: 10 concurrency_overhead: 0 processes_to_start: 4 max_cpu_used: 16
2019-06-17 00:43:27.863 349 RALLYDEBUG rally.task.runner [-] Starting a worker. concurrency: 1 args: {"repetitions": 2} times: 10 method_name: run timeout: 0 duration: None cls:
2019-06-17 00:43:27.864 350 RALLYDEBUG rally.task.runner [-] Starting a worker. concurrency: 1 args: {"repetitions": 2} times: 10 method_name: run timeout: 0 duration: None cls:
2019-06-17 00:43:27.869 351 RALLYDEBUG rally.task.runner [-] Starting a worker. concurrency: 1 args: {"repetitions": 2} times: 10 method_name: run timeout: 0 duration: None cls:
2019-06-17 00:43:27.870 349 INFO rally.task.runner [-] Task 1b100f13-b674-44b9-b587-d152e7a9bde4 | ITER: 1 START
2019-06-17 00:43:27.871 350 INFO rally.task.runner [-] Task 1b100f13-b674-44b9-b587-d152e7a9bde4 | ITER: 2 START
2019-06-17 00:43:27.872 352 RALLYDEBUG rally.task.runner [-] Starting a worker. concurrency: 1 args: {"repetitions": 2} times: 10 method_name: run timeout: 0 duration: None cls:
2019-06-17 00:43:27.876 351 INFO rally.task.runner [-] Task 1b100f13-b674-44b9-b587-d152e7a9bde4 | ITER: 3 START
2019-06-17 00:43:27.880 352 INFO rally.task.runner [-] Task 1b100f13-b674-44b9-b587-d152e7a9bde4 | ITER: 4 START
2019-06-17 00:43:28.594 350 INFO rally.task.runner [-] Task 1b100f13-b674-44b9-b587-d152e7a9bde4 | ITER: 2 END: OK
2019-06-17 00:43:28.599 350 INFO rally.task.runner [-] Task 1b100f13-b674-44b9-b587-d152e7a9bde4 | ITER: 5 START
2019-06-17 00:43:28.639 351 INFO rally.task.runner [-] Task 1b100f13-b674-44b9-b587-d152e7a9bde4 | ITER: 3 END: OK
2019-06-17 00:43:28.644 351 INFO rally.task.runner [-] Task 1b100f13-b674-44b9-b587-d152e7a9bde4 | ITER: 6 START
2019-06-17 00:43:28.688 352 INFO rally.task.runner [-] Task 1b100f13-b674-44b9-b587-d152e7a9bde4 | ITER: 4 END: OK
2019-06-17 00:43:28.693 352 INFO rally.task.runner [-] Task 1b100f13-b674-44b9-b587-d152e7a9bde4 | ITER: 7 START
2019-06-17 00:43:28.708 349 INFO rally.task.runner [-] Task 1b100f13-b674-44b9-b587-d152e7a9bde4 | ITER: 1 END: OK
2019-06-17 00:43:28.713 349 INFO rally.task.runner [-] Task 1b100f13-b674-44b9-b587-d152e7a9bde4 | ITER: 8 START
2019-06-17 00:43:29.217 350 INFO rally.task.runner [-] Task 1b100f13-b674-44b9-b587-d152e7a9bde4 | ITER: 5 END: OK
2019-06-17 00:43:29.222 350 INFO rally.task.runner [-] Task 1b100f13-b674-44b9-b587-d152e7a9bde4 | ITER: 9 START
2019-06-17 00:43:29.244 351 INFO rally.task.runner [-] Task 1b100f13-b674-44b9-b587-d152e7a9bde4 | ITER: 6 END: OK
2019-06-17 00:43:29.248 351 INFO rally.task.runner [-] Task 1b100f13-b674-44b9-b587-d152e7a9bde4 | ITER: 10 START
2019-06-17 00:43:29.284 352 INFO rally.task.runner [-] Task 1b100f13-b674-44b9-b587-d152e7a9bde4 | ITER: 7 END: OK
2019-06-17 00:43:29.284 349 INFO rally.task.runner [-] Task 1b100f13-b674-44b9-b587-d152e7a9bde4 | ITER: 8 END: OK
2019-06-17 00:43:29.831 350 INFO rally.task.runner [-] Task 1b100f13-b674-44b9-b587-d152e7a9bde4 | ITER: 9 END: OK
2019-06-17 00:43:29.842 351 INFO rally.task.runner [-] Task 1b100f13-b674-44b9-b587-d152e7a9bde4 | ITER: 10 END: OK
2019-06-17 00:43:29.872 17 INFO rally.task.context [-] Task 1b100f13-b674-44b9-b587-d152e7a9bde4 | Context users@openstack cleanup() started
2019-06-17 00:43:34.341 17 INFO rally.task.context [-] Task 1b100f13-b674-44b9-b587-d152e7a9bde4 | Context users@openstack cleanup() finished in 4.47 sec
2019-06-17 00:43:34.994 17 INFO rally.task.engine [-] Load duration is: 1.970348
2019-06-17 00:43:34.995 17 INFO rally.task.engine [-] Full runner duration is: 2.023925
2019-06-17 00:43:34.995 17 INFO rally.task.engine [-] Full duration is: 9.404529
2019-06-17 00:43:35.619 17 INFO rally.task.engine [-] Running workload: position = 0 config = { "version": 2, "title": "A cropped version of a bigger task.", "description": "Auto-generated task from a single workload (uuid=f3cc0903-37f4-4951-ba0b-b9f8b5962f9c)", "subtasks": [ { "title": "Authenticate.validate_heat", "description": "Check Heat Client to ensure validation of token.", "scenario": { "Authenticate.validate_heat": { "repetitions": 2 } }, "contexts": { "users": { "tenants": 3, "users_per_tenant": 2 } }, "runner": { "constant": { "concurrency": 4, "times": 10 } }, "hooks": [], "sla": { "failure_rate": { "max": 0 } } } ] }
2019-06-17 00:43:35.647 17 RALLYDEBUG rally_openstack.contexts.keystone.users [-] Creating 3 tenants using 20 threads
2019-06-17 00:43:36.664 17 RALLYDEBUG rally_openstack.contexts.keystone.users [-] Creating 6 users using 20 threads
2019-06-17 00:43:38.343 17 INFO rally.task.context [-] Task 1b100f13-b674-44b9-b587-d152e7a9bde4 | Context users@openstack setup() finished in 2.70 sec
2019-06-17 00:43:38.352 17 RALLYDEBUG rally.task.runner [-] Starting the constant runner (task UUID: 1b100f13-b674-44b9-b587-d152e7a9bde4). timeout: 0 concurrency: 4 concurrency_per_worker: 1 times: 10 concurrency_overhead: 0 processes_to_start: 4 max_cpu_used: 16
2019-06-17 00:43:38.365 453 RALLYDEBUG rally.task.runner [-] Starting a worker. concurrency: 1 args: {"repetitions": 2} times: 10 method_name: run timeout: 0 duration: None cls:
2019-06-17 00:43:38.368 454 RALLYDEBUG rally.task.runner [-] Starting a worker. concurrency: 1 args: {"repetitions": 2} times: 10 method_name: run timeout: 0 duration: None cls:
2019-06-17 00:43:38.371 455 RALLYDEBUG rally.task.runner [-] Starting a worker. concurrency: 1 args: {"repetitions": 2} times: 10 method_name: run timeout: 0 duration: None cls:
2019-06-17 00:43:38.373 453 INFO rally.task.runner [-] Task 1b100f13-b674-44b9-b587-d152e7a9bde4 | ITER: 1 START
2019-06-17 00:43:38.374 456 RALLYDEBUG rally.task.runner [-] Starting a worker. concurrency: 1 args: {"repetitions": 2} times: 10 method_name: run timeout: 0 duration: None cls:
2019-06-17 00:43:38.375 454 INFO rally.task.runner [-] Task 1b100f13-b674-44b9-b587-d152e7a9bde4 | ITER: 2 START
2019-06-17 00:43:38.378 455 INFO rally.task.runner [-] Task 1b100f13-b674-44b9-b587-d152e7a9bde4 | ITER: 3 START
2019-06-17 00:43:38.381 456 INFO rally.task.runner [-] Task 1b100f13-b674-44b9-b587-d152e7a9bde4 | ITER: 4 START
2019-06-17 00:43:39.314 453 INFO rally.task.runner [-] Task 1b100f13-b674-44b9-b587-d152e7a9bde4 | ITER: 1 END: OK
2019-06-17 00:43:39.319 453 INFO rally.task.runner [-] Task 1b100f13-b674-44b9-b587-d152e7a9bde4 | ITER: 5 START
2019-06-17 00:43:39.410 456 INFO rally.task.runner [-] Task 1b100f13-b674-44b9-b587-d152e7a9bde4 | ITER: 4 END: OK
2019-06-17 00:43:39.413 456 INFO rally.task.runner [-] Task 1b100f13-b674-44b9-b587-d152e7a9bde4 | ITER: 6 START
2019-06-17 00:43:39.765 453 INFO rally.task.runner [-] Task 1b100f13-b674-44b9-b587-d152e7a9bde4 | ITER: 5 END: OK
2019-06-17 00:43:39.769 453 INFO rally.task.runner [-] Task 1b100f13-b674-44b9-b587-d152e7a9bde4 | ITER: 7 START
2019-06-17 00:43:39.826 455 INFO rally.task.runner [-] Task 1b100f13-b674-44b9-b587-d152e7a9bde4 | ITER: 3 END: OK
2019-06-17 00:43:39.830 455 INFO rally.task.runner [-] Task 1b100f13-b674-44b9-b587-d152e7a9bde4 | ITER: 8 START
2019-06-17 00:43:39.850 454 INFO rally.task.runner [-] Task 1b100f13-b674-44b9-b587-d152e7a9bde4 | ITER: 2 END: OK
2019-06-17 00:43:39.854 454 INFO rally.task.runner [-] Task 1b100f13-b674-44b9-b587-d152e7a9bde4 | ITER: 9 START
2019-06-17 00:43:40.372 453 INFO rally.task.runner [-] Task 1b100f13-b674-44b9-b587-d152e7a9bde4 | ITER: 7 END: OK
2019-06-17 00:43:40.375 453 INFO rally.task.runner [-] Task 1b100f13-b674-44b9-b587-d152e7a9bde4 | ITER: 10 START
2019-06-17 00:43:40.558 456 INFO rally.task.runner [-] Task 1b100f13-b674-44b9-b587-d152e7a9bde4 | ITER: 6 END: OK
2019-06-17 00:43:40.623 454 INFO rally.task.runner [-] Task 1b100f13-b674-44b9-b587-d152e7a9bde4 | ITER: 9 END: OK
2019-06-17 00:43:40.867 455 INFO rally.task.runner [-] Task 1b100f13-b674-44b9-b587-d152e7a9bde4 | ITER: 8 END: OK
2019-06-17 00:43:40.921 453 INFO rally.task.runner [-] Task 1b100f13-b674-44b9-b587-d152e7a9bde4 | ITER: 10 END: OK
2019-06-17 00:43:40.947 17 INFO rally.task.context [-] Task 1b100f13-b674-44b9-b587-d152e7a9bde4 | Context users@openstack cleanup() started
2019-06-17 00:43:45.559 17 INFO rally.task.context [-] Task 1b100f13-b674-44b9-b587-d152e7a9bde4 | Context users@openstack cleanup() finished in 4.61 sec
2019-06-17 00:43:45.714 17 INFO rally.task.engine [-] Load duration is: 2.547035
2019-06-17 00:43:45.714 17 INFO rally.task.engine [-] Full runner duration is: 2.595291
2019-06-17 00:43:45.715 17 INFO rally.task.engine [-] Full duration is: 9.916095
2019-06-17 00:43:46.269 17 INFO rally.task.engine [-] Running workload: position = 0 config = { "version": 2, "title": "A cropped version of a bigger task.", "description": "Auto-generated task from a single workload (uuid=150ed877-b6be-4871-9ca2-465e8f8a7881)", "subtasks": [ { "title": "Authenticate.validate_neutron", "description": "Check Neutron Client to ensure validation of token.", "scenario": { "Authenticate.validate_neutron": { "repetitions": 2 } }, "contexts": { "users": { "tenants": 3, "users_per_tenant": 2 } }, "runner": { "constant": { "concurrency": 4, "times": 10 } }, "hooks": [], "sla": { "failure_rate": { "max": 0 } } } ] }
2019-06-17 00:43:46.295 17 RALLYDEBUG rally_openstack.contexts.keystone.users [-] Creating 3 tenants using 20 threads
2019-06-17 00:43:47.413 17 RALLYDEBUG rally_openstack.contexts.keystone.users [-] Creating 6 users using 20 threads
2019-06-17 00:43:49.115 17 INFO rally.task.context [-] Task 1b100f13-b674-44b9-b587-d152e7a9bde4 | Context users@openstack setup() finished in 2.82 sec
2019-06-17 00:43:49.123 17 RALLYDEBUG rally.task.runner [-] Starting the constant runner (task UUID: 1b100f13-b674-44b9-b587-d152e7a9bde4). timeout: 0 concurrency: 4 concurrency_per_worker: 1 times: 10 concurrency_overhead: 0 processes_to_start: 4 max_cpu_used: 16
2019-06-17 00:43:49.137 557 RALLYDEBUG rally.task.runner [-] Starting a worker. concurrency: 1 args: {"repetitions": 2} times: 10 method_name: run timeout: 0 duration: None cls:
2019-06-17 00:43:49.140 558 RALLYDEBUG rally.task.runner [-] Starting a worker. concurrency: 1 args: {"repetitions": 2} times: 10 method_name: run timeout: 0 duration: None cls:
2019-06-17 00:43:49.143 559 RALLYDEBUG rally.task.runner [-] Starting a worker. concurrency: 1 args: {"repetitions": 2} times: 10 method_name: run timeout: 0 duration: None cls:
2019-06-17 00:43:49.145 557 INFO rally.task.runner [-] Task 1b100f13-b674-44b9-b587-d152e7a9bde4 | ITER: 1 START
2019-06-17 00:43:49.146 558 INFO rally.task.runner [-] Task 1b100f13-b674-44b9-b587-d152e7a9bde4 | ITER: 2 START
2019-06-17 00:43:49.146 560 RALLYDEBUG rally.task.runner [-] Starting a worker. concurrency: 1 args: {"repetitions": 2} times: 10 method_name: run timeout: 0 duration: None cls:
2019-06-17 00:43:49.150 559 INFO rally.task.runner [-] Task 1b100f13-b674-44b9-b587-d152e7a9bde4 | ITER: 3 START
2019-06-17 00:43:49.153 560 INFO rally.task.runner [-] Task 1b100f13-b674-44b9-b587-d152e7a9bde4 | ITER: 4 START
2019-06-17 00:43:49.870 558 INFO rally.task.runner [-] Task 1b100f13-b674-44b9-b587-d152e7a9bde4 | ITER: 2 END: OK
2019-06-17 00:43:49.874 558 INFO rally.task.runner [-] Task 1b100f13-b674-44b9-b587-d152e7a9bde4 | ITER: 5 START
2019-06-17 00:43:50.123 560 INFO rally.task.runner [-] Task 1b100f13-b674-44b9-b587-d152e7a9bde4 | ITER: 4 END: OK
2019-06-17 00:43:50.128 560 INFO rally.task.runner [-] Task 1b100f13-b674-44b9-b587-d152e7a9bde4 | ITER: 6 START
2019-06-17 00:43:50.249 557 INFO rally.task.runner [-] Task 1b100f13-b674-44b9-b587-d152e7a9bde4 | ITER: 1 END: OK
2019-06-17 00:43:50.253 557 INFO rally.task.runner [-] Task 1b100f13-b674-44b9-b587-d152e7a9bde4 | ITER: 7 START
2019-06-17 00:43:50.305 559 INFO rally.task.runner [-] Task 1b100f13-b674-44b9-b587-d152e7a9bde4 | ITER: 3 END: OK
2019-06-17 00:43:50.310 559 INFO rally.task.runner [-] Task 1b100f13-b674-44b9-b587-d152e7a9bde4 | ITER: 8 START
2019-06-17 00:43:50.503 558 INFO rally.task.runner [-] Task 1b100f13-b674-44b9-b587-d152e7a9bde4 | ITER: 5 END: OK
2019-06-17 00:43:50.508 558 INFO rally.task.runner [-] Task 1b100f13-b674-44b9-b587-d152e7a9bde4 | ITER: 9 START
2019-06-17 00:43:50.780 560 INFO rally.task.runner [-] Task 1b100f13-b674-44b9-b587-d152e7a9bde4 | ITER: 6 END: OK
2019-06-17 00:43:50.784 560 INFO rally.task.runner [-] Task 1b100f13-b674-44b9-b587-d152e7a9bde4 | ITER: 10 START
2019-06-17 00:43:50.952 559 INFO rally.task.runner [-] Task 1b100f13-b674-44b9-b587-d152e7a9bde4 | ITER: 8 END: OK
2019-06-17 00:43:50.993 557 INFO rally.task.runner [-] Task 1b100f13-b674-44b9-b587-d152e7a9bde4 | ITER: 7 END: OK
2019-06-17 00:43:51.112 558 INFO rally.task.runner [-] Task 1b100f13-b674-44b9-b587-d152e7a9bde4 | ITER: 9 END: OK
2019-06-17 00:43:51.811 560 INFO rally.task.runner [-] Task 1b100f13-b674-44b9-b587-d152e7a9bde4 | ITER: 10 END: OK
2019-06-17 00:43:51.837 17 INFO rally.task.context [-] Task 1b100f13-b674-44b9-b587-d152e7a9bde4 | Context users@openstack cleanup() started
2019-06-17 00:43:56.401 17 INFO rally.task.context [-] Task 1b100f13-b674-44b9-b587-d152e7a9bde4 | Context users@openstack cleanup() finished in 4.56 sec
2019-06-17 00:43:58.410 17 INFO rally.task.engine [-] Load duration is: 2.664008
2019-06-17 00:43:58.411 17 INFO rally.task.engine [-] Full runner duration is: 2.713943
2019-06-17 00:43:58.411 17 INFO rally.task.engine [-] Full duration is: 10.109612
2019-06-17 00:43:58.970 17 INFO rally.task.engine [-] Running workload: position = 0 config = { "version": 2, "title": "A cropped version of a bigger task.", "description": "Auto-generated task from a single workload (uuid=874cd2d6-4686-486a-8906-18fce59820c1)", "subtasks": [ { "title": "Authenticate.validate_nova", "description": "Check Nova Client to ensure validation of token.", "scenario": { "Authenticate.validate_nova": { "repetitions": 2 } }, "contexts": { "users": { "tenants": 3, "users_per_tenant": 2 } }, "runner": { "constant": { "concurrency": 4, "times": 10 } }, "hooks": [], "sla": { "failure_rate": { "max": 0 } } } ] }
2019-06-17 00:43:59.004 17 RALLYDEBUG rally_openstack.contexts.keystone.users [-] Creating 3 tenants using 20 threads
2019-06-17 00:44:00.190 17 RALLYDEBUG rally_openstack.contexts.keystone.users [-] Creating 6 users using 20 threads
2019-06-17 00:44:01.918 17 INFO rally.task.context [-] Task 1b100f13-b674-44b9-b587-d152e7a9bde4 | Context users@openstack setup() finished in 2.91 sec
2019-06-17 00:44:01.928 17 RALLYDEBUG rally.task.runner [-] Starting the constant runner (task UUID: 1b100f13-b674-44b9-b587-d152e7a9bde4). timeout: 0 concurrency: 4 concurrency_per_worker: 1 times: 10 concurrency_overhead: 0 processes_to_start: 4 max_cpu_used: 16
2019-06-17 00:44:01.942 661 RALLYDEBUG rally.task.runner [-] Starting a worker. concurrency: 1 args: {"repetitions": 2} times: 10 method_name: run timeout: 0 duration: None cls:
2019-06-17 00:44:01.945 662 RALLYDEBUG rally.task.runner [-] Starting a worker. concurrency: 1 args: {"repetitions": 2} times: 10 method_name: run timeout: 0 duration: None cls:
2019-06-17 00:44:01.948 663 RALLYDEBUG rally.task.runner [-] Starting a worker. concurrency: 1 args: {"repetitions": 2} times: 10 method_name: run timeout: 0 duration: None cls:
2019-06-17 00:44:01.950 661 INFO rally.task.runner [-] Task 1b100f13-b674-44b9-b587-d152e7a9bde4 | ITER: 1 START
2019-06-17 00:44:01.952 662 INFO rally.task.runner [-] Task 1b100f13-b674-44b9-b587-d152e7a9bde4 | ITER: 2 START
2019-06-17 00:44:01.952 664 RALLYDEBUG rally.task.runner [-] Starting a worker. concurrency: 1 args: {"repetitions": 2} times: 10 method_name: run timeout: 0 duration: None cls:
2019-06-17 00:44:01.956 663 INFO rally.task.runner [-] Task 1b100f13-b674-44b9-b587-d152e7a9bde4 | ITER: 3 START
2019-06-17 00:44:01.959 664 INFO rally.task.runner [-] Task 1b100f13-b674-44b9-b587-d152e7a9bde4 | ITER: 4 START
2019-06-17 00:44:02.445 662 DEBUG novaclient.v2.client [-] REQ: curl -g -i --cacert "/etc/ssl/certs/mcp_os_cacert" -X GET http://10.167.4.35:8774/v2.1/flavors/detail -H "Accept: application/json" -H "User-Agent: python-novaclient" -H "X-Auth-Token: {SHA1}18a2d0921f53bd200409326d9759521e30477bd4" _http_log_request /usr/lib/python2.7/site-packages/keystoneauth1/session.py:448
2019-06-17 00:44:02.445 664 DEBUG novaclient.v2.client [-] REQ: curl -g -i --cacert "/etc/ssl/certs/mcp_os_cacert" -X GET http://10.167.4.35:8774/v2.1/flavors/detail -H "Accept: application/json" -H "User-Agent: python-novaclient" -H "X-Auth-Token: {SHA1}64624bc3ef97110d8d66755fee1012d065f93927" _http_log_request /usr/lib/python2.7/site-packages/keystoneauth1/session.py:448
2019-06-17 00:44:02.445 661 DEBUG novaclient.v2.client [-] REQ: curl -g -i --cacert "/etc/ssl/certs/mcp_os_cacert" -X GET http://10.167.4.35:8774/v2.1/flavors/detail -H "Accept: application/json" -H "User-Agent: python-novaclient" -H "X-Auth-Token: {SHA1}4b557306190fd396028df4d9d487d78e38598a9e" _http_log_request /usr/lib/python2.7/site-packages/keystoneauth1/session.py:448
2019-06-17 00:44:02.452 663 DEBUG novaclient.v2.client [-] REQ: curl -g -i --cacert "/etc/ssl/certs/mcp_os_cacert" -X GET http://10.167.4.35:8774/v2.1/flavors/detail -H "Accept: application/json" -H "User-Agent: python-novaclient" -H "X-Auth-Token: {SHA1}094b349171f8091a99943474038437cac5ffd714" _http_log_request /usr/lib/python2.7/site-packages/keystoneauth1/session.py:448
2019-06-17 00:44:02.580 661 DEBUG novaclient.v2.client [-] RESP: [200] Connection: close Content-Length: 1014 Content-Type: application/json Date: Mon, 17 Jun 2019 00:44:02 GMT Openstack-Api-Version: compute 2.1 Vary: OpenStack-API-Version, X-OpenStack-Nova-API-Version X-Compute-Request-Id: req-4b698392-ecf9-4755-8723-6603f7253c02 X-Openstack-Nova-Api-Version: 2.1 X-Openstack-Request-Id: req-4b698392-ecf9-4755-8723-6603f7253c02 _http_log_response /usr/lib/python2.7/site-packages/keystoneauth1/session.py:479
2019-06-17 00:44:02.581 661 DEBUG novaclient.v2.client [-] RESP BODY: {"flavors": [{"name": "rally_full-flavor_ec7acfce-affd-4b6a-a43b-796e7ca37e07", "links": [{"href": "http://10.167.4.35:8774/v2.1/flavors/647ce55d-37f2-4a7c-bab6-cdb4ffb9a0a8", "rel": "self"}, {"href": "http://10.167.4.35:8774/flavors/647ce55d-37f2-4a7c-bab6-cdb4ffb9a0a8", "rel": "bookmark"}], "ram": 512, "OS-FLV-DISABLED:disabled": false, "vcpus": 1, "swap": "", "os-flavor-access:is_public": true, "rxtx_factor": 1.0, "OS-FLV-EXT-DATA:ephemeral": 0, "disk": 1, "id": "647ce55d-37f2-4a7c-bab6-cdb4ffb9a0a8"}, {"name": "rally_full-flavor_alt_ec7acfce-affd-4b6a-a43b-796e7ca37e07", "links": [{"href": "http://10.167.4.35:8774/v2.1/flavors/bfa6cf0f-54f9-4bff-9c81-313ecef50ec9", "rel": "self"}, {"href": "http://10.167.4.35:8774/flavors/bfa6cf0f-54f9-4bff-9c81-313ecef50ec9", "rel": "bookmark"}], "ram": 1024, "OS-FLV-DISABLED:disabled": false, "vcpus": 1, "swap": "", "os-flavor-access:is_public": true, "rxtx_factor": 1.0, "OS-FLV-EXT-DATA:ephemeral": 0, "disk": 1, "id": "bfa6cf0f-54f9-4bff-9c81-313ecef50ec9"}]} _http_log_response /usr/lib/python2.7/site-packages/keystoneauth1/session.py:511
2019-06-17 00:44:02.581 661 DEBUG novaclient.v2.client [-] GET call to compute for http://10.167.4.35:8774/v2.1/flavors/detail used request id req-4b698392-ecf9-4755-8723-6603f7253c02 request /usr/lib/python2.7/site-packages/keystoneauth1/session.py:844
2019-06-17 00:44:02.584 661 DEBUG novaclient.v2.client [-] REQ: curl -g -i --cacert "/etc/ssl/certs/mcp_os_cacert" -X GET http://10.167.4.35:8774/v2.1/flavors/detail -H "Accept: application/json" -H "User-Agent: python-novaclient" -H "X-Auth-Token: {SHA1}4b557306190fd396028df4d9d487d78e38598a9e" _http_log_request /usr/lib/python2.7/site-packages/keystoneauth1/session.py:448
2019-06-17 00:44:02.587 664 DEBUG novaclient.v2.client [-] RESP: [200] Connection: close Content-Length: 1014 Content-Type: application/json Date: Mon, 17 Jun 2019 00:44:02 GMT Openstack-Api-Version: compute 2.1 Vary: OpenStack-API-Version, X-OpenStack-Nova-API-Version X-Compute-Request-Id: req-72c0479f-6207-44c7-86bb-221dc9090236 X-Openstack-Nova-Api-Version: 2.1 X-Openstack-Request-Id: req-72c0479f-6207-44c7-86bb-221dc9090236 _http_log_response /usr/lib/python2.7/site-packages/keystoneauth1/session.py:479
2019-06-17 00:44:02.588 664 DEBUG novaclient.v2.client [-] RESP BODY: {"flavors": [{"name": "rally_full-flavor_ec7acfce-affd-4b6a-a43b-796e7ca37e07", "links": [{"href": "http://10.167.4.35:8774/v2.1/flavors/647ce55d-37f2-4a7c-bab6-cdb4ffb9a0a8", "rel": "self"}, {"href": "http://10.167.4.35:8774/flavors/647ce55d-37f2-4a7c-bab6-cdb4ffb9a0a8", "rel": "bookmark"}], "ram": 512, "OS-FLV-DISABLED:disabled": false, "vcpus": 1, "swap": "", "os-flavor-access:is_public": true, "rxtx_factor": 1.0, "OS-FLV-EXT-DATA:ephemeral": 0, "disk": 1, "id": "647ce55d-37f2-4a7c-bab6-cdb4ffb9a0a8"}, {"name": "rally_full-flavor_alt_ec7acfce-affd-4b6a-a43b-796e7ca37e07", "links": [{"href": "http://10.167.4.35:8774/v2.1/flavors/bfa6cf0f-54f9-4bff-9c81-313ecef50ec9", "rel": "self"}, {"href": "http://10.167.4.35:8774/flavors/bfa6cf0f-54f9-4bff-9c81-313ecef50ec9", "rel": "bookmark"}], "ram": 1024, "OS-FLV-DISABLED:disabled": false, "vcpus": 1, "swap": "", "os-flavor-access:is_public": true, "rxtx_factor": 1.0, "OS-FLV-EXT-DATA:ephemeral": 0, "disk": 1, "id": "bfa6cf0f-54f9-4bff-9c81-313ecef50ec9"}]} _http_log_response /usr/lib/python2.7/site-packages/keystoneauth1/session.py:511
2019-06-17 00:44:02.588 664 DEBUG novaclient.v2.client [-] GET call to compute for http://10.167.4.35:8774/v2.1/flavors/detail used request id req-72c0479f-6207-44c7-86bb-221dc9090236 request /usr/lib/python2.7/site-packages/keystoneauth1/session.py:844
2019-06-17 00:44:02.590 664 DEBUG novaclient.v2.client [-] REQ: curl -g -i --cacert "/etc/ssl/certs/mcp_os_cacert" -X GET http://10.167.4.35:8774/v2.1/flavors/detail -H "Accept: application/json" -H "User-Agent: python-novaclient" -H "X-Auth-Token: {SHA1}64624bc3ef97110d8d66755fee1012d065f93927" _http_log_request /usr/lib/python2.7/site-packages/keystoneauth1/session.py:448
2019-06-17 00:44:02.601 663 DEBUG novaclient.v2.client [-] RESP: [200] Connection: close Content-Length: 1014 Content-Type: application/json Date: Mon, 17 Jun 2019 00:44:02 GMT Openstack-Api-Version: compute 2.1 Vary: OpenStack-API-Version, X-OpenStack-Nova-API-Version X-Compute-Request-Id: req-1e3994e1-5d2f-49f2-aaa8-a19ca4ebf004 X-Openstack-Nova-Api-Version: 2.1 X-Openstack-Request-Id: req-1e3994e1-5d2f-49f2-aaa8-a19ca4ebf004 _http_log_response /usr/lib/python2.7/site-packages/keystoneauth1/session.py:479
2019-06-17 00:44:02.602 663 DEBUG novaclient.v2.client [-] RESP BODY: {"flavors": [{"name": "rally_full-flavor_ec7acfce-affd-4b6a-a43b-796e7ca37e07", "links": [{"href": "http://10.167.4.35:8774/v2.1/flavors/647ce55d-37f2-4a7c-bab6-cdb4ffb9a0a8", "rel": "self"}, {"href": "http://10.167.4.35:8774/flavors/647ce55d-37f2-4a7c-bab6-cdb4ffb9a0a8", "rel": "bookmark"}], "ram": 512, "OS-FLV-DISABLED:disabled": false, "vcpus": 1, "swap": "", "os-flavor-access:is_public": true, "rxtx_factor": 1.0, "OS-FLV-EXT-DATA:ephemeral": 0, "disk": 1, "id": "647ce55d-37f2-4a7c-bab6-cdb4ffb9a0a8"}, {"name": "rally_full-flavor_alt_ec7acfce-affd-4b6a-a43b-796e7ca37e07", "links": [{"href": "http://10.167.4.35:8774/v2.1/flavors/bfa6cf0f-54f9-4bff-9c81-313ecef50ec9", "rel": "self"}, {"href": "http://10.167.4.35:8774/flavors/bfa6cf0f-54f9-4bff-9c81-313ecef50ec9", "rel": "bookmark"}], "ram": 1024, "OS-FLV-DISABLED:disabled": false, "vcpus": 1, "swap": "", "os-flavor-access:is_public": true, "rxtx_factor": 1.0, "OS-FLV-EXT-DATA:ephemeral": 0, "disk": 1, "id": "bfa6cf0f-54f9-4bff-9c81-313ecef50ec9"}]} _http_log_response /usr/lib/python2.7/site-packages/keystoneauth1/session.py:511
2019-06-17 00:44:02.603 663 DEBUG novaclient.v2.client [-] GET call to compute for http://10.167.4.35:8774/v2.1/flavors/detail used request id req-1e3994e1-5d2f-49f2-aaa8-a19ca4ebf004 request /usr/lib/python2.7/site-packages/keystoneauth1/session.py:844
2019-06-17 00:44:02.604 663 DEBUG novaclient.v2.client [-] REQ: curl -g -i --cacert "/etc/ssl/certs/mcp_os_cacert" -X GET http://10.167.4.35:8774/v2.1/flavors/detail -H "Accept: application/json" -H "User-Agent: python-novaclient" -H "X-Auth-Token: {SHA1}094b349171f8091a99943474038437cac5ffd714" _http_log_request /usr/lib/python2.7/site-packages/keystoneauth1/session.py:448
2019-06-17 00:44:02.611 661 DEBUG novaclient.v2.client [-] RESP: [200] Connection: close Content-Length: 1014 Content-Type: application/json Date: Mon, 17 Jun 2019 00:44:02 GMT Openstack-Api-Version: compute 2.1 Vary: OpenStack-API-Version, X-OpenStack-Nova-API-Version X-Compute-Request-Id: req-dfeb2ca3-c0d3-42d8-8571-143f382ed8c0 X-Openstack-Nova-Api-Version: 2.1 X-Openstack-Request-Id: req-dfeb2ca3-c0d3-42d8-8571-143f382ed8c0 _http_log_response /usr/lib/python2.7/site-packages/keystoneauth1/session.py:479
2019-06-17 00:44:02.612 661 DEBUG novaclient.v2.client [-] RESP BODY: {"flavors": [{"name": "rally_full-flavor_ec7acfce-affd-4b6a-a43b-796e7ca37e07", "links": [{"href": "http://10.167.4.35:8774/v2.1/flavors/647ce55d-37f2-4a7c-bab6-cdb4ffb9a0a8", "rel": "self"}, {"href": "http://10.167.4.35:8774/flavors/647ce55d-37f2-4a7c-bab6-cdb4ffb9a0a8", "rel": "bookmark"}], "ram": 512, "OS-FLV-DISABLED:disabled": false, "vcpus": 1, "swap": "", "os-flavor-access:is_public": true, "rxtx_factor": 1.0, "OS-FLV-EXT-DATA:ephemeral": 0, "disk": 1, "id": "647ce55d-37f2-4a7c-bab6-cdb4ffb9a0a8"}, {"name": "rally_full-flavor_alt_ec7acfce-affd-4b6a-a43b-796e7ca37e07", "links": [{"href": "http://10.167.4.35:8774/v2.1/flavors/bfa6cf0f-54f9-4bff-9c81-313ecef50ec9", "rel": "self"}, {"href": "http://10.167.4.35:8774/flavors/bfa6cf0f-54f9-4bff-9c81-313ecef50ec9", "rel": "bookmark"}], "ram": 1024, "OS-FLV-DISABLED:disabled": false, "vcpus": 1, "swap": "", "os-flavor-access:is_public": true, "rxtx_factor": 1.0, "OS-FLV-EXT-DATA:ephemeral": 0, "disk": 1, "id": "bfa6cf0f-54f9-4bff-9c81-313ecef50ec9"}]} _http_log_response /usr/lib/python2.7/site-packages/keystoneauth1/session.py:511
2019-06-17 00:44:02.612 664 DEBUG novaclient.v2.client [-] RESP: [200] Connection: close Content-Length: 1014 Content-Type: application/json Date: Mon, 17 Jun 2019 00:44:02 GMT Openstack-Api-Version: compute 2.1 Vary: OpenStack-API-Version, X-OpenStack-Nova-API-Version X-Compute-Request-Id: req-102f008d-60f2-4eb6-a20b-af72ddbc635f X-Openstack-Nova-Api-Version: 2.1 X-Openstack-Request-Id: req-102f008d-60f2-4eb6-a20b-af72ddbc635f _http_log_response /usr/lib/python2.7/site-packages/keystoneauth1/session.py:479
2019-06-17 00:44:02.612 661 DEBUG novaclient.v2.client [-] GET call to compute for http://10.167.4.35:8774/v2.1/flavors/detail used request id req-dfeb2ca3-c0d3-42d8-8571-143f382ed8c0 request /usr/lib/python2.7/site-packages/keystoneauth1/session.py:844
2019-06-17 00:44:02.613 664 DEBUG novaclient.v2.client [-] RESP BODY: {"flavors": [{"name": "rally_full-flavor_ec7acfce-affd-4b6a-a43b-796e7ca37e07", "links": [{"href": "http://10.167.4.35:8774/v2.1/flavors/647ce55d-37f2-4a7c-bab6-cdb4ffb9a0a8", "rel": "self"}, {"href": "http://10.167.4.35:8774/flavors/647ce55d-37f2-4a7c-bab6-cdb4ffb9a0a8", "rel": "bookmark"}], "ram": 512, "OS-FLV-DISABLED:disabled": false, "vcpus": 1, "swap": "", "os-flavor-access:is_public": true, "rxtx_factor": 1.0, "OS-FLV-EXT-DATA:ephemeral": 0, "disk": 1, "id": "647ce55d-37f2-4a7c-bab6-cdb4ffb9a0a8"}, {"name": "rally_full-flavor_alt_ec7acfce-affd-4b6a-a43b-796e7ca37e07", "links": [{"href": "http://10.167.4.35:8774/v2.1/flavors/bfa6cf0f-54f9-4bff-9c81-313ecef50ec9", "rel": "self"}, {"href": "http://10.167.4.35:8774/flavors/bfa6cf0f-54f9-4bff-9c81-313ecef50ec9", "rel": "bookmark"}], "ram": 1024, "OS-FLV-DISABLED:disabled": false, "vcpus": 1, "swap": "", "os-flavor-access:is_public": true, "rxtx_factor": 1.0, "OS-FLV-EXT-DATA:ephemeral": 0, "disk": 1, "id": "bfa6cf0f-54f9-4bff-9c81-313ecef50ec9"}]} _http_log_response /usr/lib/python2.7/site-packages/keystoneauth1/session.py:511
2019-06-17 00:44:02.613 664 DEBUG novaclient.v2.client [-] GET call to compute for http://10.167.4.35:8774/v2.1/flavors/detail used request id req-102f008d-60f2-4eb6-a20b-af72ddbc635f request /usr/lib/python2.7/site-packages/keystoneauth1/session.py:844
2019-06-17 00:44:02.614 661 INFO rally.task.runner [-] Task 1b100f13-b674-44b9-b587-d152e7a9bde4 | ITER: 1 END: OK
2019-06-17 00:44:02.614 664 INFO rally.task.runner [-] Task 1b100f13-b674-44b9-b587-d152e7a9bde4 | ITER: 4 END: OK
2019-06-17 00:44:02.619 661 INFO rally.task.runner [-] Task 1b100f13-b674-44b9-b587-d152e7a9bde4 | ITER: 5 START
2019-06-17 00:44:02.619 664 INFO rally.task.runner [-] Task 1b100f13-b674-44b9-b587-d152e7a9bde4 | ITER: 6 START
2019-06-17 00:44:02.631 663 DEBUG novaclient.v2.client [-] RESP: [200] Connection: close Content-Length: 1014 Content-Type: application/json Date: Mon, 17 Jun 2019 00:44:02 GMT Openstack-Api-Version: compute 2.1 Vary: OpenStack-API-Version, X-OpenStack-Nova-API-Version X-Compute-Request-Id: req-88e62426-d9ef-4296-a65c-1980c38b4e8a X-Openstack-Nova-Api-Version: 2.1 X-Openstack-Request-Id: req-88e62426-d9ef-4296-a65c-1980c38b4e8a _http_log_response /usr/lib/python2.7/site-packages/keystoneauth1/session.py:479
2019-06-17 00:44:02.632 663 DEBUG novaclient.v2.client [-] RESP BODY: {"flavors": [{"name": "rally_full-flavor_ec7acfce-affd-4b6a-a43b-796e7ca37e07", "links": [{"href": "http://10.167.4.35:8774/v2.1/flavors/647ce55d-37f2-4a7c-bab6-cdb4ffb9a0a8", "rel": "self"}, {"href": "http://10.167.4.35:8774/flavors/647ce55d-37f2-4a7c-bab6-cdb4ffb9a0a8", "rel": "bookmark"}], "ram": 512, "OS-FLV-DISABLED:disabled": false, "vcpus": 1, "swap": "", "os-flavor-access:is_public": true, "rxtx_factor": 1.0, "OS-FLV-EXT-DATA:ephemeral": 0, "disk": 1, "id": "647ce55d-37f2-4a7c-bab6-cdb4ffb9a0a8"}, {"name": "rally_full-flavor_alt_ec7acfce-affd-4b6a-a43b-796e7ca37e07", "links": [{"href": "http://10.167.4.35:8774/v2.1/flavors/bfa6cf0f-54f9-4bff-9c81-313ecef50ec9", "rel": "self"}, {"href": "http://10.167.4.35:8774/flavors/bfa6cf0f-54f9-4bff-9c81-313ecef50ec9", "rel": "bookmark"}], "ram": 1024, "OS-FLV-DISABLED:disabled": false, "vcpus": 1, "swap": "", "os-flavor-access:is_public": true, "rxtx_factor": 1.0, "OS-FLV-EXT-DATA:ephemeral": 0, "disk": 1, "id": "bfa6cf0f-54f9-4bff-9c81-313ecef50ec9"}]} _http_log_response /usr/lib/python2.7/site-packages/keystoneauth1/session.py:511
2019-06-17 00:44:02.632 663 DEBUG novaclient.v2.client [-] GET call to compute for http://10.167.4.35:8774/v2.1/flavors/detail used request id req-88e62426-d9ef-4296-a65c-1980c38b4e8a request /usr/lib/python2.7/site-packages/keystoneauth1/session.py:844
2019-06-17 00:44:02.633 663 INFO rally.task.runner [-] Task 1b100f13-b674-44b9-b587-d152e7a9bde4 | ITER: 3 END: OK
2019-06-17 00:44:02.638 663 INFO rally.task.runner [-] Task 1b100f13-b674-44b9-b587-d152e7a9bde4 | ITER: 7 START
2019-06-17 00:44:02.679 662 DEBUG novaclient.v2.client [-] RESP: [200] Connection: close Content-Length: 1014 Content-Type: application/json Date: Mon, 17 Jun 2019 00:44:02 GMT Openstack-Api-Version: compute 2.1 Vary: OpenStack-API-Version, X-OpenStack-Nova-API-Version X-Compute-Request-Id: req-668fcfa9-0d80-41f0-bef0-f13274b6e5a4 X-Openstack-Nova-Api-Version: 2.1 X-Openstack-Request-Id: req-668fcfa9-0d80-41f0-bef0-f13274b6e5a4 _http_log_response /usr/lib/python2.7/site-packages/keystoneauth1/session.py:479
2019-06-17 00:44:02.680 662 DEBUG novaclient.v2.client [-] RESP BODY: {"flavors": [{"name": "rally_full-flavor_ec7acfce-affd-4b6a-a43b-796e7ca37e07", "links": [{"href": "http://10.167.4.35:8774/v2.1/flavors/647ce55d-37f2-4a7c-bab6-cdb4ffb9a0a8", "rel": "self"}, {"href": "http://10.167.4.35:8774/flavors/647ce55d-37f2-4a7c-bab6-cdb4ffb9a0a8", "rel": "bookmark"}], "ram": 512, "OS-FLV-DISABLED:disabled": false, "vcpus": 1, "swap": "", "os-flavor-access:is_public": true, "rxtx_factor": 1.0, "OS-FLV-EXT-DATA:ephemeral": 0, "disk": 1, "id": "647ce55d-37f2-4a7c-bab6-cdb4ffb9a0a8"}, {"name": "rally_full-flavor_alt_ec7acfce-affd-4b6a-a43b-796e7ca37e07", "links": [{"href": "http://10.167.4.35:8774/v2.1/flavors/bfa6cf0f-54f9-4bff-9c81-313ecef50ec9", "rel": "self"}, {"href": "http://10.167.4.35:8774/flavors/bfa6cf0f-54f9-4bff-9c81-313ecef50ec9", "rel": "bookmark"}], "ram": 1024, "OS-FLV-DISABLED:disabled": false, "vcpus": 1, "swap": "", "os-flavor-access:is_public": true, "rxtx_factor": 1.0, "OS-FLV-EXT-DATA:ephemeral": 0, "disk": 1, "id": "bfa6cf0f-54f9-4bff-9c81-313ecef50ec9"}]} _http_log_response /usr/lib/python2.7/site-packages/keystoneauth1/session.py:511
2019-06-17 00:44:02.681 662 DEBUG novaclient.v2.client [-] GET call to compute for http://10.167.4.35:8774/v2.1/flavors/detail used request id req-668fcfa9-0d80-41f0-bef0-f13274b6e5a4 request /usr/lib/python2.7/site-packages/keystoneauth1/session.py:844
