2019-06-17 00:49:19.527 726 INFO rally.task.context [-] Task a6fa69c2-05ce-48c8-b815-c30cc71a83cb | Context cleanup@openstack cleanup() finished in 4.01 sec
2019-06-17 00:49:19.527 726 INFO rally.task.context [-] Task a6fa69c2-05ce-48c8-b815-c30cc71a83cb | Context users@openstack cleanup() started
2019-06-17 00:49:23.970 726 INFO rally.task.context [-] Task a6fa69c2-05ce-48c8-b815-c30cc71a83cb | Context users@openstack cleanup() finished in 4.44 sec
2019-06-17 00:49:25.826 726 INFO rally.task.engine [-] Load duration is: 10.033894
2019-06-17 00:49:25.827 726 INFO rally.task.engine [-] Full runner duration is: 10.819472
2019-06-17 00:49:25.827 726 INFO rally.task.engine [-] Full duration is: 22.273775
2019-06-17 00:49:26.529 726 INFO rally.task.engine [-] Running workload: position = 0 config = { "version": 2, "title": "A cropped version of a bigger task.", "description": "Auto-generated task from a single workload (uuid=28f77994-2480-4ac5-86f4-7305cbadb520)", "subtasks": [ { "title": "GlanceImages.create_and_download_image", "description": "Create an image, then download data of the image.", "scenario": { "GlanceImages.create_and_download_image": { "container_format": "bare", "disk_format": "qcow2", "image_location": "/home/opnfv/functest/images/cirros-0.4.0-x86_64-disk.img" } }, "contexts": { "users": { "tenants": 3, "users_per_tenant": 2 } }, "runner": { "constant": { "concurrency": 4, "times": 10 } }, "hooks": [], "sla": { "failure_rate": { "max": 0 } } } ] }
2019-06-17 00:49:26.556 726 RALLYDEBUG rally_openstack.contexts.keystone.users [-] Creating 3 tenants using 20 threads
2019-06-17 00:49:27.555 726 RALLYDEBUG rally_openstack.contexts.keystone.users [-] Creating 6 users using 20 threads
2019-06-17 00:49:29.274 726 INFO rally.task.context [-] Task a6fa69c2-05ce-48c8-b815-c30cc71a83cb | Context users@openstack setup() finished in 2.72 sec
2019-06-17 00:49:29.275 726 INFO rally.task.context [-] Task a6fa69c2-05ce-48c8-b815-c30cc71a83cb | Context cleanup@openstack setup() finished in 0.01 msec
2019-06-17 00:49:29.284 726 RALLYDEBUG rally.task.runner [-] Starting the constant runner (task UUID: a6fa69c2-05ce-48c8-b815-c30cc71a83cb). timeout: 0 concurrency: 4 concurrency_per_worker: 1 times: 10 concurrency_overhead: 0 processes_to_start: 4 max_cpu_used: 16
2019-06-17 00:49:29.298 1510 RALLYDEBUG rally.task.runner [-] Starting a worker. concurrency: 1 args: {"container_format": "bare", "disk_format": "qcow2", "image_location": "/home/opnfv/functest/images/cirros-0.4.0-x86_64-disk.img"} times: 10 method_name: run timeout: 0 duration: None cls:
2019-06-17 00:49:29.301 1511 RALLYDEBUG rally.task.runner [-] Starting a worker. concurrency: 1 args: {"container_format": "bare", "disk_format": "qcow2", "image_location": "/home/opnfv/functest/images/cirros-0.4.0-x86_64-disk.img"} times: 10 method_name: run timeout: 0 duration: None cls:
2019-06-17 00:49:29.304 1512 RALLYDEBUG rally.task.runner [-] Starting a worker. concurrency: 1 args: {"container_format": "bare", "disk_format": "qcow2", "image_location": "/home/opnfv/functest/images/cirros-0.4.0-x86_64-disk.img"} times: 10 method_name: run timeout: 0 duration: None cls:
2019-06-17 00:49:29.306 1510 INFO rally.task.runner [-] Task a6fa69c2-05ce-48c8-b815-c30cc71a83cb | ITER: 1 START
2019-06-17 00:49:29.307 1513 RALLYDEBUG rally.task.runner [-] Starting a worker. concurrency: 1 args: {"container_format": "bare", "disk_format": "qcow2", "image_location": "/home/opnfv/functest/images/cirros-0.4.0-x86_64-disk.img"} times: 10 method_name: run timeout: 0 duration: None cls:
2019-06-17 00:49:29.310 1511 INFO rally.task.runner [-] Task a6fa69c2-05ce-48c8-b815-c30cc71a83cb | ITER: 2 START
2019-06-17 00:49:29.311 1512 INFO rally.task.runner [-] Task a6fa69c2-05ce-48c8-b815-c30cc71a83cb | ITER: 3 START
2019-06-17 00:49:29.315 1513 INFO rally.task.runner [-] Task a6fa69c2-05ce-48c8-b815-c30cc71a83cb | ITER: 4 START
2019-06-17 00:49:32.486 1512 RALLYDEBUG rally.task.utils [-] Waiting for resource u'b20e3319-5131-4f18-a09d-a1652783fd5e'. Status changed: NONE => QUEUED in 0.170186042786
2019-06-17 00:49:32.602 1513 RALLYDEBUG rally.task.utils [-] Waiting for resource u'44c60049-2d6b-4f4b-b840-9ec51784985e'. Status changed: NONE => QUEUED in 0.113121032715
2019-06-17 00:49:32.607 1510 RALLYDEBUG rally.task.utils [-] Waiting for resource u'44b92b28-9194-4c88-923d-1c6b10fa9686'. Status changed: NONE => QUEUED in 0.184031009674
2019-06-17 00:49:32.624 1511 RALLYDEBUG rally.task.utils [-] Waiting for resource u'8a50721c-5cfc-4f9d-8cd0-c9ce444fd10a'. Status changed: NONE => QUEUED in 0.164892911911
2019-06-17 00:49:32.767 1512 RALLYDEBUG rally.task.utils [-] Waiting for resource s_rally_28f77994_0xK3jMfR. Status changed: QUEUED => ACTIVE in 0.091787815094
2019-06-17 00:49:32.972 1512 INFO rally.task.runner [-] Task a6fa69c2-05ce-48c8-b815-c30cc71a83cb | ITER: 3 END: OK
2019-06-17 00:49:32.976 1512 INFO rally.task.runner [-] Task a6fa69c2-05ce-48c8-b815-c30cc71a83cb | ITER: 5 START
2019-06-17 00:49:32.981 1510 RALLYDEBUG rally.task.utils [-] Waiting for resource s_rally_28f77994_I987nRm9. Status changed: QUEUED => ACTIVE in 0.0802009105682
2019-06-17 00:49:33.005 1511 RALLYDEBUG rally.task.utils [-] Waiting for resource s_rally_28f77994_tlAGH84f. Status changed: QUEUED => ACTIVE in 0.071573972702
2019-06-17 00:49:33.009 1513 RALLYDEBUG rally.task.utils [-] Waiting for resource s_rally_28f77994_kjXCarF4. Status changed: QUEUED => ACTIVE in 0.0817129611969
2019-06-17 00:49:33.072 1510 INFO rally.task.runner [-] Task a6fa69c2-05ce-48c8-b815-c30cc71a83cb | ITER: 1 END: OK
2019-06-17 00:49:33.077 1510 INFO rally.task.runner [-] Task a6fa69c2-05ce-48c8-b815-c30cc71a83cb | ITER: 6 START
2019-06-17 00:49:33.096 1511 INFO rally.task.runner [-] Task a6fa69c2-05ce-48c8-b815-c30cc71a83cb | ITER: 2 END: OK
2019-06-17 00:49:33.098 1513 INFO rally.task.runner [-] Task a6fa69c2-05ce-48c8-b815-c30cc71a83cb | ITER: 4 END: OK
2019-06-17 00:49:33.101 1511 INFO rally.task.runner [-] Task a6fa69c2-05ce-48c8-b815-c30cc71a83cb | ITER: 7 START
2019-06-17 00:49:33.103 1513 INFO rally.task.runner [-] Task a6fa69c2-05ce-48c8-b815-c30cc71a83cb | ITER: 8 START
2019-06-17 00:49:36.048 1512 RALLYDEBUG rally.task.utils [-] Waiting for resource u'a312c5ea-af57-4665-b682-b547060bc6b8'. Status changed: NONE => QUEUED in 0.177592039108
2019-06-17 00:49:36.087 1511 RALLYDEBUG rally.task.utils [-] Waiting for resource u'7ffacdc9-3a3d-48a8-ae9a-356bfc1d9ec3'. Status changed: NONE => QUEUED in 0.0839338302612
2019-06-17 00:49:36.107 1510 RALLYDEBUG rally.task.utils [-] Waiting for resource u'3dd6a3b6-db3b-4c0a-943e-54eb05defd0d'. Status changed: NONE => QUEUED in 0.154736995697
2019-06-17 00:49:36.170 1513 RALLYDEBUG rally.task.utils [-] Waiting for resource u'db0cc8a3-da75-404a-b835-1df8bce3b01e'. Status changed: NONE => QUEUED in 0.181554079056
2019-06-17 00:49:36.313 1512 RALLYDEBUG rally.task.utils [-] Waiting for resource s_rally_28f77994_nEWwlQi5. Status changed: QUEUED => ACTIVE in 0.0277590751648
2019-06-17 00:49:36.439 1511 RALLYDEBUG rally.task.utils [-] Waiting for resource s_rally_28f77994_E4j5a87r. Status changed: QUEUED => ACTIVE in 0.0441360473633
2019-06-17 00:49:36.470 1513 RALLYDEBUG rally.task.utils [-] Waiting for resource s_rally_28f77994_92QP4TUM. Status changed: QUEUED => ACTIVE in 0.019052028656
2019-06-17 00:49:36.541 1512 INFO rally.task.runner [-] Task a6fa69c2-05ce-48c8-b815-c30cc71a83cb | ITER: 5 END: OK
2019-06-17 00:49:36.545 1512 INFO rally.task.runner [-] Task a6fa69c2-05ce-48c8-b815-c30cc71a83cb | ITER: 9 START
2019-06-17 00:49:36.551 1511 INFO rally.task.runner [-] Task a6fa69c2-05ce-48c8-b815-c30cc71a83cb | ITER: 7 END: OK
2019-06-17 00:49:36.556 1511 INFO rally.task.runner [-] Task a6fa69c2-05ce-48c8-b815-c30cc71a83cb | ITER: 10 START
2019-06-17 00:49:36.629 1510 RALLYDEBUG rally.task.utils [-] Waiting for resource s_rally_28f77994_bwPLOvCv. Status changed: QUEUED => ACTIVE in 0.0823769569397
2019-06-17 00:49:36.633 1513 INFO rally.task.runner [-] Task a6fa69c2-05ce-48c8-b815-c30cc71a83cb | ITER: 8 END: OK
2019-06-17 00:49:36.786 1510 INFO rally.task.runner [-] Task a6fa69c2-05ce-48c8-b815-c30cc71a83cb | ITER: 6 END: OK
2019-06-17 00:49:39.520 1511 RALLYDEBUG rally.task.utils [-] Waiting for resource u'7b1ef0c5-810c-48f1-81c4-d52a4d7e41c4'. Status changed: NONE => QUEUED in 0.0995168685913
2019-06-17 00:49:39.768 1512 RALLYDEBUG rally.task.utils [-] Waiting for resource u'466d7672-8201-4209-903e-f04134bd82dc'. Status changed: NONE => QUEUED in 0.255326986313
2019-06-17 00:49:39.887 1511 RALLYDEBUG rally.task.utils [-] Waiting for resource s_rally_28f77994_Bt1Twqj8. Status changed: QUEUED => ACTIVE in 0.0201330184937
2019-06-17 00:49:40.084 1511 INFO rally.task.runner [-] Task a6fa69c2-05ce-48c8-b815-c30cc71a83cb | ITER: 10 END: OK
2019-06-17 00:49:40.185 1512 RALLYDEBUG rally.task.utils [-] Waiting for resource s_rally_28f77994_tiDmdtdC. Status changed: QUEUED => ACTIVE in 0.0858190059662
2019-06-17 00:49:40.373 1512 INFO rally.task.runner [-] Task a6fa69c2-05ce-48c8-b815-c30cc71a83cb | ITER: 9 END: OK
2019-06-17 00:49:40.399 726 INFO rally.task.context [-] Task a6fa69c2-05ce-48c8-b815-c30cc71a83cb | Context cleanup@openstack cleanup() started
2019-06-17 00:49:40.402 726 RALLYDEBUG rally_openstack.cleanup.manager [-] Cleaning up glance images objects
2019-06-17 00:49:42.345 726 RALLYDEBUG rally_openstack.cleanup.manager [-] Deleting glance.images object s_rally_28f77994_92QP4TUM (db0cc8a3-da75-404a-b835-1df8bce3b01e)
2019-06-17 00:49:42.349 726 RALLYDEBUG rally_openstack.cleanup.manager [-] Deleting glance.images object s_rally_28f77994_I987nRm9 (44b92b28-9194-4c88-923d-1c6b10fa9686)
2019-06-17 00:49:42.354 726 RALLYDEBUG rally_openstack.cleanup.manager [-] Deleting glance.images object s_rally_28f77994_bwPLOvCv (3dd6a3b6-db3b-4c0a-943e-54eb05defd0d)
2019-06-17 00:49:42.361 726 RALLYDEBUG rally_openstack.cleanup.manager [-] Deleting glance.images object s_rally_28f77994_E4j5a87r (7ffacdc9-3a3d-48a8-ae9a-356bfc1d9ec3)
2019-06-17 00:49:42.361 726 RALLYDEBUG rally_openstack.cleanup.manager [-] Deleting glance.images object s_rally_28f77994_Bt1Twqj8 (7b1ef0c5-810c-48f1-81c4-d52a4d7e41c4)
2019-06-17 00:49:42.362 726 RALLYDEBUG rally_openstack.cleanup.manager [-] Deleting glance.images object s_rally_28f77994_nEWwlQi5 (a312c5ea-af57-4665-b682-b547060bc6b8)
2019-06-17 00:49:42.364 726 RALLYDEBUG rally_openstack.cleanup.manager [-] Deleting glance.images object s_rally_28f77994_0xK3jMfR (b20e3319-5131-4f18-a09d-a1652783fd5e)
2019-06-17 00:49:42.364 726 RALLYDEBUG rally_openstack.cleanup.manager [-] Deleting glance.images object s_rally_28f77994_tiDmdtdC (466d7672-8201-4209-903e-f04134bd82dc)
2019-06-17 00:49:42.375 726 RALLYDEBUG rally_openstack.cleanup.manager [-] Deleting glance.images object s_rally_28f77994_kjXCarF4 (44c60049-2d6b-4f4b-b840-9ec51784985e)
2019-06-17 00:49:42.379 726 RALLYDEBUG rally_openstack.cleanup.manager [-] Deleting glance.images object s_rally_28f77994_tlAGH84f (8a50721c-5cfc-4f9d-8cd0-c9ce444fd10a)
2019-06-17 00:49:42.888 726 DEBUG glanceclient.common.http [-] Request returned failure status 404. _handle_response /usr/lib/python2.7/site-packages/glanceclient/common/http.py:125
2019-06-17 00:49:42.975 726 DEBUG glanceclient.common.http [-] Request returned failure status 404. _handle_response /usr/lib/python2.7/site-packages/glanceclient/common/http.py:125
2019-06-17 00:49:42.995 726 DEBUG glanceclient.common.http [-] Request returned failure status 404. _handle_response /usr/lib/python2.7/site-packages/glanceclient/common/http.py:125
2019-06-17 00:49:43.033 726 DEBUG glanceclient.common.http [-] Request returned failure status 404. _handle_response /usr/lib/python2.7/site-packages/glanceclient/common/http.py:125
2019-06-17 00:49:43.042 726 DEBUG glanceclient.common.http [-] Request returned failure status 404. _handle_response /usr/lib/python2.7/site-packages/glanceclient/common/http.py:125
2019-06-17 00:49:43.100 726 DEBUG glanceclient.common.http [-] Request returned failure status 404. _handle_response /usr/lib/python2.7/site-packages/glanceclient/common/http.py:125
2019-06-17 00:49:43.104 726 DEBUG glanceclient.common.http [-] Request returned failure status 404. _handle_response /usr/lib/python2.7/site-packages/glanceclient/common/http.py:125
2019-06-17 00:49:43.123 726 DEBUG glanceclient.common.http [-] Request returned failure status 404. _handle_response /usr/lib/python2.7/site-packages/glanceclient/common/http.py:125
2019-06-17 00:49:43.126 726 DEBUG glanceclient.common.http [-] Request returned failure status 404. _handle_response /usr/lib/python2.7/site-packages/glanceclient/common/http.py:125
2019-06-17 00:49:43.127 726 DEBUG glanceclient.common.http [-] Request returned failure status 404. _handle_response /usr/lib/python2.7/site-packages/glanceclient/common/http.py:125
2019-06-17 00:49:43.144 726 DEBUG glanceclient.common.http [-] Request returned failure status 404. _handle_response /usr/lib/python2.7/site-packages/glanceclient/common/http.py:125
2019-06-17 00:49:43.147 726 DEBUG glanceclient.common.http [-] Request returned failure status 404. _handle_response /usr/lib/python2.7/site-packages/glanceclient/common/http.py:125
2019-06-17 00:49:43.150 726 DEBUG glanceclient.common.http [-] Request returned failure status 404. _handle_response /usr/lib/python2.7/site-packages/glanceclient/common/http.py:125
2019-06-17 00:49:43.159 726 DEBUG glanceclient.common.http [-] Request returned failure status 404. _handle_response /usr/lib/python2.7/site-packages/glanceclient/common/http.py:125
2019-06-17 00:49:43.163 726 DEBUG glanceclient.common.http [-] Request returned failure status 404. _handle_response /usr/lib/python2.7/site-packages/glanceclient/common/http.py:125
2019-06-17 00:49:43.169 726 DEBUG glanceclient.common.http [-] Request returned failure status 404. _handle_response /usr/lib/python2.7/site-packages/glanceclient/common/http.py:125
2019-06-17 00:49:43.203 726 DEBUG glanceclient.common.http [-] Request returned failure status 404. _handle_response /usr/lib/python2.7/site-packages/glanceclient/common/http.py:125
2019-06-17 00:49:43.214 726 DEBUG glanceclient.common.http [-] Request returned failure status 404. _handle_response /usr/lib/python2.7/site-packages/glanceclient/common/http.py:125
2019-06-17 00:49:43.223 726 DEBUG glanceclient.common.http [-] Request returned failure status 404. _handle_response /usr/lib/python2.7/site-packages/glanceclient/common/http.py:125
2019-06-17 00:49:43.232 726 DEBUG glanceclient.common.http [-] Request returned failure status 404. _handle_response /usr/lib/python2.7/site-packages/glanceclient/common/http.py:125
2019-06-17 00:49:44.235 726 INFO rally.task.context [-] Task a6fa69c2-05ce-48c8-b815-c30cc71a83cb | Context cleanup@openstack cleanup() finished in 3.84 sec
2019-06-17 00:49:44.236 726 INFO rally.task.context [-] Task a6fa69c2-05ce-48c8-b815-c30cc71a83cb | Context users@openstack cleanup() started
2019-06-17 00:49:48.669 726 INFO rally.task.context [-] Task a6fa69c2-05ce-48c8-b815-c30cc71a83cb | Context users@openstack cleanup() finished in 4.43 sec
2019-06-17 00:49:48.704 726 INFO rally.task.engine [-] Load duration is: 10.324754
2019-06-17 00:49:48.704 726 INFO rally.task.engine [-] Full runner duration is: 11.115348
2019-06-17 00:49:48.704 726 INFO rally.task.engine [-] Full duration is: 22.118913
2019-06-17 00:49:49.381 726 INFO rally.task.engine [-] Running workload: position = 0 config = { "version": 2, "title": "A cropped version of a bigger task.", "description": "Auto-generated task from a single workload (uuid=c10c9e24-9c2b-426e-a311-5c24b0cc2923)", "subtasks": [ { "title": "GlanceImages.create_and_get_image", "description": "Create and get detailed information of an image.", "scenario": { "GlanceImages.create_and_get_image": { "container_format": "bare", "disk_format": "qcow2", "image_location": "/home/opnfv/functest/images/cirros-0.4.0-x86_64-disk.img" } }, "contexts": { "users": { "tenants": 3, "users_per_tenant": 2 } }, "runner": { "constant": { "concurrency": 4, "times": 10 } }, "hooks": [], "sla": { "failure_rate": { "max": 0 } } } ] }
2019-06-17 00:49:49.409 726 RALLYDEBUG rally_openstack.contexts.keystone.users [-] Creating 3 tenants using 20 threads
2019-06-17 00:49:50.543 726 RALLYDEBUG rally_openstack.contexts.keystone.users [-] Creating 6 users using 20 threads
2019-06-17 00:49:52.448 726 INFO rally.task.context [-] Task a6fa69c2-05ce-48c8-b815-c30cc71a83cb | Context users@openstack setup() finished in 3.04 sec
2019-06-17 00:49:52.449 726 INFO rally.task.context [-] Task a6fa69c2-05ce-48c8-b815-c30cc71a83cb | Context cleanup@openstack setup() finished in 0.01 msec
2019-06-17 00:49:52.458 726 RALLYDEBUG rally.task.runner [-] Starting the constant runner (task UUID: a6fa69c2-05ce-48c8-b815-c30cc71a83cb). timeout: 0 concurrency: 4 concurrency_per_worker: 1 times: 10 concurrency_overhead: 0 processes_to_start: 4 max_cpu_used: 16
2019-06-17 00:49:52.472 1634 RALLYDEBUG rally.task.runner [-] Starting a worker. concurrency: 1 args: {"container_format": "bare", "disk_format": "qcow2", "image_location": "/home/opnfv/functest/images/cirros-0.4.0-x86_64-disk.img"} times: 10 method_name: run timeout: 0 duration: None cls:
2019-06-17 00:49:52.476 1635 RALLYDEBUG rally.task.runner [-] Starting a worker. concurrency: 1 args: {"container_format": "bare", "disk_format": "qcow2", "image_location": "/home/opnfv/functest/images/cirros-0.4.0-x86_64-disk.img"} times: 10 method_name: run timeout: 0 duration: None cls:
2019-06-17 00:49:52.479 1636 RALLYDEBUG rally.task.runner [-] Starting a worker. concurrency: 1 args: {"container_format": "bare", "disk_format": "qcow2", "image_location": "/home/opnfv/functest/images/cirros-0.4.0-x86_64-disk.img"} times: 10 method_name: run timeout: 0 duration: None cls:
2019-06-17 00:49:52.480 1634 INFO rally.task.runner [-] Task a6fa69c2-05ce-48c8-b815-c30cc71a83cb | ITER: 1 START
2019-06-17 00:49:52.482 1637 RALLYDEBUG rally.task.runner [-] Starting a worker. concurrency: 1 args: {"container_format": "bare", "disk_format": "qcow2", "image_location": "/home/opnfv/functest/images/cirros-0.4.0-x86_64-disk.img"} times: 10 method_name: run timeout: 0 duration: None cls:
2019-06-17 00:49:52.484 1635 INFO rally.task.runner [-] Task a6fa69c2-05ce-48c8-b815-c30cc71a83cb | ITER: 2 START
2019-06-17 00:49:52.486 1636 INFO rally.task.runner [-] Task a6fa69c2-05ce-48c8-b815-c30cc71a83cb | ITER: 3 START
2019-06-17 00:49:52.490 1637 INFO rally.task.runner [-] Task a6fa69c2-05ce-48c8-b815-c30cc71a83cb | ITER: 4 START
2019-06-17 00:49:55.555 1637 RALLYDEBUG rally.task.utils [-] Waiting for resource u'fbd926dc-ccc6-4151-9b42-de5d19e12fd8'. Status changed: NONE => QUEUED in 0.101324796677
2019-06-17 00:49:55.570 1636 RALLYDEBUG rally.task.utils [-] Waiting for resource u'e25dc6e4-7603-46c3-893c-4fe7893fe69b'. Status changed: NONE => QUEUED in 0.112056016922
2019-06-17 00:49:55.620 1635 RALLYDEBUG rally.task.utils [-] Waiting for resource u'7a3ae370-4df8-4328-b736-c37231d08942'. Status changed: NONE => QUEUED in 0.103590011597
2019-06-17 00:49:55.624 1634 RALLYDEBUG rally.task.utils [-] Waiting for resource u'c0b3d282-0347-4ebe-9c58-08e6d91c7d8d'. Status changed: NONE => QUEUED in 0.17977809906
2019-06-17 00:49:55.835 1636 RALLYDEBUG rally.task.utils [-] Waiting for resource s_rally_c10c9e24_btYdcRTi. Status changed: QUEUED => ACTIVE in 0.0201261043549
2019-06-17 00:49:55.842 1637 RALLYDEBUG rally.task.utils [-] Waiting for resource s_rally_c10c9e24_NYw0SY9A. Status changed: QUEUED => ACTIVE in 0.0210530757904
2019-06-17 00:49:55.860 1637 INFO rally.task.runner [-] Task a6fa69c2-05ce-48c8-b815-c30cc71a83cb | ITER: 4 END: OK
2019-06-17 00:49:55.864 1637 INFO rally.task.runner [-] Task a6fa69c2-05ce-48c8-b815-c30cc71a83cb | ITER: 5 START
2019-06-17 00:49:55.915 1636 INFO rally.task.runner [-] Task a6fa69c2-05ce-48c8-b815-c30cc71a83cb | ITER: 3 END: OK
2019-06-17 00:49:55.920 1636 INFO rally.task.runner [-] Task a6fa69c2-05ce-48c8-b815-c30cc71a83cb | ITER: 6 START
2019-06-17 00:49:56.038 1635 RALLYDEBUG rally.task.utils [-] Waiting for resource s_rally_c10c9e24_toD4C19A. Status changed: QUEUED => ACTIVE in 0.0822439193726
2019-06-17 00:49:56.116 1634 RALLYDEBUG rally.task.utils [-] Waiting for resource s_rally_c10c9e24_d0Po3Y6F. Status changed: QUEUED => ACTIVE in 0.0786509513855
2019-06-17 00:49:56.132 1635 INFO rally.task.runner [-] Task a6fa69c2-05ce-48c8-b815-c30cc71a83cb | ITER: 2 END: OK
2019-06-17 00:49:56.137 1635 INFO rally.task.runner [-] Task a6fa69c2-05ce-48c8-b815-c30cc71a83cb | ITER: 7 START
2019-06-17 00:49:56.194 1634 INFO rally.task.runner [-] Task a6fa69c2-05ce-48c8-b815-c30cc71a83cb | ITER: 1 END: OK
2019-06-17 00:49:56.198 1634 INFO rally.task.runner [-] Task a6fa69c2-05ce-48c8-b815-c30cc71a83cb | ITER: 8 START
2019-06-17 00:49:58.957 1637 RALLYDEBUG rally.task.utils [-] Waiting for resource u'03128838-559b-4833-9fa4-043b367e4416'. Status changed: NONE => QUEUED in 0.109900951385
2019-06-17 00:49:59.031 1636 RALLYDEBUG rally.task.utils [-] Waiting for resource u'ed8c2e38-0a47-4039-a901-d30d06f2eec1'. Status changed: NONE => QUEUED in 0.176213026047
2019-06-17 00:49:59.126 1635 RALLYDEBUG rally.task.utils [-] Waiting for resource u'1efdab3d-44fe-47a2-b484-28a2f08dd177'. Status changed: NONE => QUEUED in 0.110509872437
2019-06-17 00:49:59.269 1634 RALLYDEBUG rally.task.utils [-] Waiting for resource u'a4ae97e9-de09-469a-bcb3-1de207a1855f'. Status changed: NONE => QUEUED in 0.180511951447
2019-06-17 00:49:59.353 1637 RALLYDEBUG rally.task.utils [-] Waiting for resource s_rally_c10c9e24_5oZTqJuk. Status changed: QUEUED => ACTIVE in 0.109615802765
2019-06-17 00:49:59.415 1636 RALLYDEBUG rally.task.utils [-] Waiting for resource s_rally_c10c9e24_aylwtOl4. Status changed: QUEUED => ACTIVE in 0.0217938423157
2019-06-17 00:49:59.439 1636 INFO rally.task.runner [-] Task a6fa69c2-05ce-48c8-b815-c30cc71a83cb | ITER: 6 END: OK
2019-06-17 00:49:59.444 1636 INFO rally.task.runner [-] Task a6fa69c2-05ce-48c8-b815-c30cc71a83cb | ITER: 9 START
2019-06-17 00:49:59.602 1637 INFO rally.task.runner [-] Task a6fa69c2-05ce-48c8-b815-c30cc71a83cb | ITER: 5 END: OK
2019-06-17 00:49:59.606 1637 INFO rally.task.runner [-] Task a6fa69c2-05ce-48c8-b815-c30cc71a83cb | ITER: 10 START
2019-06-17 00:49:59.791 1635 RALLYDEBUG rally.task.utils [-] Waiting for resource s_rally_c10c9e24_fOXNJzen. Status changed: QUEUED => ACTIVE in 0.0805380344391
2019-06-17 00:49:59.863 1634 RALLYDEBUG rally.task.utils [-] Waiting for resource s_rally_c10c9e24_I9NkWe1w. Status changed: QUEUED => ACTIVE in 0.0843470096588
2019-06-17 00:49:59.871 1635 INFO rally.task.runner [-] Task a6fa69c2-05ce-48c8-b815-c30cc71a83cb | ITER: 7 END: OK
2019-06-17 00:49:59.884 1634 INFO rally.task.runner [-] Task a6fa69c2-05ce-48c8-b815-c30cc71a83cb | ITER: 8 END: OK
2019-06-17 00:50:02.594 1636 RALLYDEBUG rally.task.utils [-] Waiting for resource u'1c64cb59-482b-4ef4-b2a2-eff7dbd82f26'. Status changed: NONE => QUEUED in 0.206401109695
2019-06-17 00:50:02.703 1637 RALLYDEBUG rally.task.utils [-] Waiting for resource u'9464ce16-ccd0-4c6e-b525-6e9cfc1995e2'. Status changed: NONE => QUEUED in 0.168798923492
2019-06-17 00:50:03.272 1637 RALLYDEBUG rally.task.utils [-] Waiting for resource s_rally_c10c9e24_Inz7bawV. Status changed: QUEUED => ACTIVE in 0.370576858521
2019-06-17 00:50:03.350 1637 INFO rally.task.runner [-] Task a6fa69c2-05ce-48c8-b815-c30cc71a83cb | ITER: 10 END: OK
2019-06-17 00:50:03.350 1636 RALLYDEBUG rally.task.utils [-] Waiting for resource s_rally_c10c9e24_jn9i9ojb. Status changed: QUEUED => ACTIVE in 0.0837788581848
2019-06-17 00:50:03.434 1636 INFO rally.task.runner [-] Task a6fa69c2-05ce-48c8-b815-c30cc71a83cb | ITER: 9 END: OK
2019-06-17 00:50:03.456 726 INFO rally.task.context [-] Task a6fa69c2-05ce-48c8-b815-c30cc71a83cb | Context cleanup@openstack cleanup() started
2019-06-17 00:50:03.458 726 RALLYDEBUG rally_openstack.cleanup.manager [-] Cleaning up glance images objects
2019-06-17 00:50:05.619 726 RALLYDEBUG rally_openstack.cleanup.manager [-] Deleting glance.images object s_rally_c10c9e24_Inz7bawV (9464ce16-ccd0-4c6e-b525-6e9cfc1995e2)
2019-06-17 00:50:05.633 726 RALLYDEBUG rally_openstack.cleanup.manager [-] Deleting glance.images object s_rally_c10c9e24_I9NkWe1w (a4ae97e9-de09-469a-bcb3-1de207a1855f)
2019-06-17 00:50:05.637 726 RALLYDEBUG rally_openstack.cleanup.manager [-] Deleting glance.images object s_rally_c10c9e24_fOXNJzen (1efdab3d-44fe-47a2-b484-28a2f08dd177)
2019-06-17 00:50:05.640 726 RALLYDEBUG rally_openstack.cleanup.manager [-] Deleting glance.images object s_rally_c10c9e24_aylwtOl4 (ed8c2e38-0a47-4039-a901-d30d06f2eec1)
2019-06-17 00:50:05.640 726 RALLYDEBUG rally_openstack.cleanup.manager [-] Deleting glance.images object s_rally_c10c9e24_jn9i9ojb (1c64cb59-482b-4ef4-b2a2-eff7dbd82f26)
2019-06-17 00:50:05.641 726 RALLYDEBUG rally_openstack.cleanup.manager [-] Deleting glance.images object s_rally_c10c9e24_btYdcRTi (e25dc6e4-7603-46c3-893c-4fe7893fe69b)
2019-06-17 00:50:05.642 726 RALLYDEBUG rally_openstack.cleanup.manager [-] Deleting glance.images object s_rally_c10c9e24_toD4C19A (7a3ae370-4df8-4328-b736-c37231d08942)
2019-06-17 00:50:05.643 726 RALLYDEBUG rally_openstack.cleanup.manager [-] Deleting glance.images object s_rally_c10c9e24_d0Po3Y6F (c0b3d282-0347-4ebe-9c58-08e6d91c7d8d)
2019-06-17 00:50:05.644 726 RALLYDEBUG rally_openstack.cleanup.manager [-] Deleting glance.images object s_rally_c10c9e24_5oZTqJuk (03128838-559b-4833-9fa4-043b367e4416)
2019-06-17 00:50:05.650 726 RALLYDEBUG rally_openstack.cleanup.manager [-] Deleting glance.images object s_rally_c10c9e24_NYw0SY9A (fbd926dc-ccc6-4151-9b42-de5d19e12fd8)
2019-06-17 00:50:06.248 726 DEBUG glanceclient.common.http [-] Request returned failure status 404. _handle_response /usr/lib/python2.7/site-packages/glanceclient/common/http.py:125
2019-06-17 00:50:06.280 726 DEBUG glanceclient.common.http [-] Request returned failure status 404. _handle_response /usr/lib/python2.7/site-packages/glanceclient/common/http.py:125
2019-06-17 00:50:06.304 726 DEBUG glanceclient.common.http [-] Request returned failure status 404. _handle_response /usr/lib/python2.7/site-packages/glanceclient/common/http.py:125
2019-06-17 00:50:06.331 726 DEBUG glanceclient.common.http [-] Request returned failure status 404. _handle_response /usr/lib/python2.7/site-packages/glanceclient/common/http.py:125
2019-06-17 00:50:06.336 726 DEBUG glanceclient.common.http [-] Request returned failure status 404. _handle_response /usr/lib/python2.7/site-packages/glanceclient/common/http.py:125
2019-06-17 00:50:06.357 726 DEBUG glanceclient.common.http [-] Request returned failure status 404. _handle_response /usr/lib/python2.7/site-packages/glanceclient/common/http.py:125
2019-06-17 00:50:06.372 726 DEBUG glanceclient.common.http [-] Request returned failure status 404. _handle_response /usr/lib/python2.7/site-packages/glanceclient/common/http.py:125
2019-06-17 00:50:06.377 726 DEBUG glanceclient.common.http [-] Request returned failure status 404. _handle_response /usr/lib/python2.7/site-packages/glanceclient/common/http.py:125
2019-06-17 00:50:06.380 726 DEBUG glanceclient.common.http [-] Request returned failure status 404. _handle_response /usr/lib/python2.7/site-packages/glanceclient/common/http.py:125
2019-06-17 00:50:06.386 726 DEBUG glanceclient.common.http [-] Request returned failure status 404. _handle_response /usr/lib/python2.7/site-packages/glanceclient/common/http.py:125
2019-06-17 00:50:06.388 726 DEBUG glanceclient.common.http [-] Request returned failure status 404. _handle_response /usr/lib/python2.7/site-packages/glanceclient/common/http.py:125
2019-06-17 00:50:06.399 726 DEBUG glanceclient.common.http [-] Request returned failure status 404. _handle_response /usr/lib/python2.7/site-packages/glanceclient/common/http.py:125
2019-06-17 00:50:06.405 726 DEBUG glanceclient.common.http [-] Request returned failure status 404. _handle_response /usr/lib/python2.7/site-packages/glanceclient/common/http.py:125
2019-06-17 00:50:06.407 726 DEBUG glanceclient.common.http [-] Request returned failure status 404. _handle_response /usr/lib/python2.7/site-packages/glanceclient/common/http.py:125
2019-06-17 00:50:06.417 726 DEBUG glanceclient.common.http [-] Request returned failure status 404. _handle_response /usr/lib/python2.7/site-packages/glanceclient/common/http.py:125
2019-06-17 00:50:06.436 726 DEBUG glanceclient.common.http [-] Request returned failure status 404. _handle_response /usr/lib/python2.7/site-packages/glanceclient/common/http.py:125
2019-06-17 00:50:06.466 726 DEBUG glanceclient.common.http [-] Request returned failure status 404. _handle_response /usr/lib/python2.7/site-packages/glanceclient/common/http.py:125
2019-06-17 00:50:06.484 726 DEBUG glanceclient.common.http [-] Request returned failure status 404. _handle_response /usr/lib/python2.7/site-packages/glanceclient/common/http.py:125
2019-06-17 00:50:06.574 726 DEBUG glanceclient.common.http [-] Request returned failure status 404. _handle_response /usr/lib/python2.7/site-packages/glanceclient/common/http.py:125
2019-06-17 00:50:06.645 726 DEBUG glanceclient.common.http [-] Request returned failure status 404. _handle_response /usr/lib/python2.7/site-packages/glanceclient/common/http.py:125
2019-06-17 00:50:07.648 726 INFO rally.task.context [-] Task a6fa69c2-05ce-48c8-b815-c30cc71a83cb | Context cleanup@openstack cleanup() finished in 4.19 sec
2019-06-17 00:50:07.649 726 INFO rally.task.context [-] Task a6fa69c2-05ce-48c8-b815-c30cc71a83cb | Context users@openstack cleanup() started
2019-06-17 00:50:12.250 726 INFO rally.task.context [-] Task a6fa69c2-05ce-48c8-b815-c30cc71a83cb | Context users@openstack cleanup() finished in 4.60 sec
2019-06-17 00:50:13.539 726 INFO rally.task.engine [-] Load duration is: 10.214694
2019-06-17 00:50:13.540 726 INFO rally.task.engine [-] Full runner duration is: 10.997795
2019-06-17 00:50:13.540 726 INFO rally.task.engine [-] Full duration is: 22.847773
2019-06-17 00:50:14.219 726 INFO rally.task.engine [-] Running workload: position = 0 config = { "version": 2, "title": "A cropped version of a bigger task.", "description": "Auto-generated task from a single workload (uuid=f704a1a9-dac8-4147-8282-34b6b5ce6add)", "subtasks": [ { "title": "GlanceImages.create_and_update_image", "description": "Create an image then update it.", "scenario": { "GlanceImages.create_and_update_image": { "container_format": "bare", "disk_format": "qcow2", "image_location": "/home/opnfv/functest/images/cirros-0.4.0-x86_64-disk.img" } }, "contexts": { "users": { "tenants": 3, "users_per_tenant": 2 } }, "runner": { "constant": { "concurrency": 4, "times": 10 } }, "hooks": [], "sla": { "failure_rate": { "max": 0 } } } ] }
2019-06-17 00:50:14.245 726 RALLYDEBUG rally_openstack.contexts.keystone.users [-] Creating 3 tenants using 20 threads
2019-06-17 00:50:15.374 726 RALLYDEBUG rally_openstack.contexts.keystone.users [-] Creating 6 users using 20 threads
2019-06-17 00:50:17.060 726 INFO rally.task.context [-] Task a6fa69c2-05ce-48c8-b815-c30cc71a83cb | Context users@openstack setup() finished in 2.82 sec
2019-06-17 00:50:17.061 726 INFO rally.task.context [-] Task a6fa69c2-05ce-48c8-b815-c30cc71a83cb | Context cleanup@openstack setup() finished in 0.01 msec
2019-06-17 00:50:17.071 726 RALLYDEBUG rally.task.runner [-] Starting the constant runner (task UUID: a6fa69c2-05ce-48c8-b815-c30cc71a83cb). timeout: 0 concurrency: 4 concurrency_per_worker: 1 times: 10 concurrency_overhead: 0 processes_to_start: 4 max_cpu_used: 16
2019-06-17 00:50:17.085 1758 RALLYDEBUG rally.task.runner [-] Starting a worker. concurrency: 1 args: {"container_format": "bare", "disk_format": "qcow2", "image_location": "/home/opnfv/functest/images/cirros-0.4.0-x86_64-disk.img"} times: 10 method_name: run timeout: 0 duration: None cls:
2019-06-17 00:50:17.089 1760 RALLYDEBUG rally.task.runner [-] Starting a worker. concurrency: 1 args: {"container_format": "bare", "disk_format": "qcow2", "image_location": "/home/opnfv/functest/images/cirros-0.4.0-x86_64-disk.img"} times: 10 method_name: run timeout: 0 duration: None cls:
2019-06-17 00:50:17.089 1759 RALLYDEBUG rally.task.runner [-] Starting a worker. concurrency: 1 args: {"container_format": "bare", "disk_format": "qcow2", "image_location": "/home/opnfv/functest/images/cirros-0.4.0-x86_64-disk.img"} times: 10 method_name: run timeout: 0 duration: None cls:
2019-06-17 00:50:17.093 1758 INFO rally.task.runner [-] Task a6fa69c2-05ce-48c8-b815-c30cc71a83cb | ITER: 1 START
2019-06-17 00:50:17.095 1760 INFO rally.task.runner [-] Task a6fa69c2-05ce-48c8-b815-c30cc71a83cb | ITER: 2 START
2019-06-17 00:50:17.096 1761 RALLYDEBUG rally.task.runner [-] Starting a worker. concurrency: 1 args: {"container_format": "bare", "disk_format": "qcow2", "image_location": "/home/opnfv/functest/images/cirros-0.4.0-x86_64-disk.img"} times: 10 method_name: run timeout: 0 duration: None cls:
2019-06-17 00:50:17.097 1759 INFO rally.task.runner [-] Task a6fa69c2-05ce-48c8-b815-c30cc71a83cb | ITER: 3 START
2019-06-17 00:50:17.103 1761 INFO rally.task.runner [-] Task a6fa69c2-05ce-48c8-b815-c30cc71a83cb | ITER: 4 START
2019-06-17 00:50:20.266 1760 RALLYDEBUG rally.task.utils [-] Waiting for resource u'6eed6009-2fef-48ee-a6ca-7c536b0c7c70'. Status changed: NONE => QUEUED in 0.100797891617
2019-06-17 00:50:20.328 1759 RALLYDEBUG rally.task.utils [-] Waiting for resource u'b88d7655-f092-41aa-a9a3-63352fc717ad'. Status changed: NONE => QUEUED in 0.166589975357
2019-06-17 00:50:20.343 1761 RALLYDEBUG rally.task.utils [-] Waiting for resource u'a5592782-7013-4618-b57a-dcbc1822a425'. Status changed: NONE => QUEUED in 0.174315929413
2019-06-17 00:50:20.378 1758 RALLYDEBUG rally.task.utils [-] Waiting for resource u'42231e1e-79d8-4acf-8a13-8ee87f941acc'. Status changed: NONE => QUEUED in 0.162717103958
2019-06-17 00:50:20.641 1761 RALLYDEBUG rally.task.utils [-] Waiting for resource s_rally_f704a1a9_THhC85rH. Status changed: QUEUED => ACTIVE in 0.0185179710388
2019-06-17 00:50:20.712 1760 RALLYDEBUG rally.task.utils [-] Waiting for resource s_rally_f704a1a9_meU0MHPC. Status changed: QUEUED => ACTIVE in 0.139488935471
2019-06-17 00:50:20.727 1759 RALLYDEBUG rally.task.utils [-] Waiting for resource s_rally_f704a1a9_rhfT2Rpr. Status changed: QUEUED => ACTIVE in 0.0237782001495
2019-06-17 00:50:20.741 1758 RALLYDEBUG rally.task.utils [-] Waiting for resource s_rally_f704a1a9_jQ6ETsHK. Status changed: QUEUED => ACTIVE in 0.0795500278473
2019-06-17 00:50:20.928 1758 INFO rally.task.runner [-] Task a6fa69c2-05ce-48c8-b815-c30cc71a83cb | ITER: 1 END: OK
2019-06-17 00:50:20.933 1758 INFO rally.task.runner [-] Task a6fa69c2-05ce-48c8-b815-c30cc71a83cb | ITER: 5 START
2019-06-17 00:50:20.950 1761 INFO rally.task.runner [-] Task a6fa69c2-05ce-48c8-b815-c30cc71a83cb | ITER: 4 END: OK
2019-06-17 00:50:20.955 1761 INFO rally.task.runner [-] Task a6fa69c2-05ce-48c8-b815-c30cc71a83cb | ITER: 6 START
2019-06-17 00:50:20.968 1759 INFO rally.task.runner [-] Task a6fa69c2-05ce-48c8-b815-c30cc71a83cb | ITER: 3 END: OK
2019-06-17 00:50:20.972 1759 INFO rally.task.runner [-] Task a6fa69c2-05ce-48c8-b815-c30cc71a83cb | ITER: 7 START
2019-06-17 00:50:21.015 1760 INFO rally.task.runner [-] Task a6fa69c2-05ce-48c8-b815-c30cc71a83cb | ITER: 2 END: OK
2019-06-17 00:50:21.020 1760 INFO rally.task.runner [-] Task a6fa69c2-05ce-48c8-b815-c30cc71a83cb | ITER: 8 START
2019-06-17 00:50:23.916 1758 RALLYDEBUG rally.task.utils [-] Waiting for resource u'708d86ff-66c6-4061-a2cf-e1662804f702'. Status changed: NONE => QUEUED in 0.164258956909
2019-06-17 00:50:23.937 1759 RALLYDEBUG rally.task.utils [-] Waiting for resource u'7bfd3f52-c9ca-490e-8175-d21dcc4b4abe'. Status changed: NONE => QUEUED in 0.0971159934998
2019-06-17 00:50:24.100 1761 RALLYDEBUG rally.task.utils [-] Waiting for resource u'd135d3c0-ae4d-49be-98b6-a130c6a7a129'. Status changed: NONE => QUEUED in 0.191950082779
2019-06-17 00:50:24.255 1760 RALLYDEBUG rally.task.utils [-] Waiting for resource u'b1c034ea-77df-4455-b281-66c838629462'. Status changed: NONE => QUEUED in 0.294863939285
2019-06-17 00:50:24.323 1758 RALLYDEBUG rally.task.utils [-] Waiting for resource s_rally_f704a1a9_fUkgnRTJ. Status changed: QUEUED => ACTIVE in 0.100020170212
2019-06-17 00:50:24.443 1761 RALLYDEBUG rally.task.utils [-] Waiting for resource s_rally_f704a1a9_PrqdoAHf. Status changed: QUEUED => ACTIVE in 0.103402137756
2019-06-17 00:50:24.630 1759 RALLYDEBUG rally.task.utils [-] Waiting for resource s_rally_f704a1a9_xVxIPBJb. Status changed: QUEUED => ACTIVE in 0.0962970256805
2019-06-17 00:50:24.690 1761 INFO rally.task.runner [-] Task a6fa69c2-05ce-48c8-b815-c30cc71a83cb | ITER: 6 END: OK
2019-06-17 00:50:24.694 1761 INFO rally.task.runner [-] Task a6fa69c2-05ce-48c8-b815-c30cc71a83cb | ITER: 9 START
2019-06-17 00:50:24.731 1758 INFO rally.task.runner [-] Task a6fa69c2-05ce-48c8-b815-c30cc71a83cb | ITER: 5 END: OK
2019-06-17 00:50:24.734 1758 INFO rally.task.runner [-] Task a6fa69c2-05ce-48c8-b815-c30cc71a83cb | ITER: 10 START
2019-06-17 00:50:24.831 1760 RALLYDEBUG rally.task.utils [-] Waiting for resource s_rally_f704a1a9_uVRWOM5V. Status changed: QUEUED => ACTIVE in 0.0754389762878
2019-06-17 00:50:24.873 1759 INFO rally.task.runner [-] Task a6fa69c2-05ce-48c8-b815-c30cc71a83cb | ITER: 7 END: OK
2019-06-17 00:50:25.078 1760 INFO rally.task.runner [-] Task a6fa69c2-05ce-48c8-b815-c30cc71a83cb | ITER: 8 END: OK
2019-06-17 00:50:27.828 1758 RALLYDEBUG rally.task.utils [-] Waiting for resource u'2d03d466-df8e-4413-ada8-9a0101baea2e'. Status changed: NONE => QUEUED in 0.170345067978
2019-06-17 00:50:27.854 1761 RALLYDEBUG rally.task.utils [-] Waiting for resource u'5d5d79b7-d149-4bcf-8c25-7acb48565b75'. Status changed: NONE => QUEUED in 0.181925058365
2019-06-17 00:50:28.195 1758 RALLYDEBUG rally.task.utils [-] Waiting for resource s_rally_f704a1a9_rJ1CKfDC. Status changed: QUEUED => ACTIVE in 0.0782780647278
2019-06-17 00:50:28.206 1761 RALLYDEBUG rally.task.utils [-] Waiting for resource s_rally_f704a1a9_4bNS2R1f. Status changed: QUEUED => ACTIVE in 0.0896182060242
2019-06-17 00:50:28.393 1761 INFO rally.task.runner [-] Task a6fa69c2-05ce-48c8-b815-c30cc71a83cb | ITER: 9 END: OK
2019-06-17 00:50:28.436 1758 INFO rally.task.runner [-] Task a6fa69c2-05ce-48c8-b815-c30cc71a83cb | ITER: 10 END: OK
2019-06-17 00:50:28.460 726 INFO rally.task.context [-] Task a6fa69c2-05ce-48c8-b815-c30cc71a83cb | Context cleanup@openstack cleanup() started
2019-06-17 00:50:28.463 726 RALLYDEBUG rally_openstack.cleanup.manager [-] Cleaning up glance images objects
2019-06-17 00:50:30.300 726 RALLYDEBUG rally_openstack.cleanup.manager [-] Deleting glance.images object s_rally_f704a1a9_yZWJTrLT (a5592782-7013-4618-b57a-dcbc1822a425)
2019-06-17 00:50:30.303 726 RALLYDEBUG rally_openstack.cleanup.manager [-] Deleting glance.images object s_rally_f704a1a9_lk3ymvmI (b88d7655-f092-41aa-a9a3-63352fc717ad)
2019-06-17 00:50:30.303 726 RALLYDEBUG rally_openstack.cleanup.manager [-] Deleting glance.images object s_rally_f704a1a9_BIBbu08d (5d5d79b7-d149-4bcf-8c25-7acb48565b75)
2019-06-17 00:50:30.309 726 RALLYDEBUG rally_openstack.cleanup.manager [-] Deleting glance.images object s_rally_f704a1a9_4n0wZX4k (2d03d466-df8e-4413-ada8-9a0101baea2e)
2019-06-17 00:50:30.310 726 RALLYDEBUG rally_openstack.cleanup.manager [-] Deleting glance.images object s_rally_f704a1a9_r6yvTcLx (d135d3c0-ae4d-49be-98b6-a130c6a7a129)
2019-06-17 00:50:30.311 726 RALLYDEBUG rally_openstack.cleanup.manager [-] Deleting glance.images object s_rally_f704a1a9_wnEBvPmf (708d86ff-66c6-4061-a2cf-e1662804f702)
2019-06-17 00:50:30.315 726 RALLYDEBUG rally_openstack.cleanup.manager [-] Deleting glance.images object s_rally_f704a1a9_8anwF5Cx (b1c034ea-77df-4455-b281-66c838629462)
2019-06-17 00:50:30.316 726 RALLYDEBUG rally_openstack.cleanup.manager [-] Deleting glance.images object s_rally_f704a1a9_QexwUTYG (42231e1e-79d8-4acf-8a13-8ee87f941acc)
2019-06-17 00:50:30.321 726 RALLYDEBUG rally_openstack.cleanup.manager [-] Deleting glance.images object s_rally_f704a1a9_eTOpLAoN (6eed6009-2fef-48ee-a6ca-7c536b0c7c70)
2019-06-17 00:50:30.336 726 RALLYDEBUG rally_openstack.cleanup.manager [-] Deleting glance.images object s_rally_f704a1a9_3f0Y8CUr (7bfd3f52-c9ca-490e-8175-d21dcc4b4abe)
2019-06-17 00:50:30.940 726 DEBUG glanceclient.common.http [-] Request returned failure status 404. _handle_response /usr/lib/python2.7/site-packages/glanceclient/common/http.py:125
2019-06-17 00:50:31.024 726 DEBUG glanceclient.common.http [-] Request returned failure status 404. _handle_response /usr/lib/python2.7/site-packages/glanceclient/common/http.py:125
2019-06-17 00:50:31.118 726 DEBUG glanceclient.common.http [-] Request returned failure status 404. _handle_response /usr/lib/python2.7/site-packages/glanceclient/common/http.py:125
2019-06-17 00:50:31.128 726 DEBUG glanceclient.common.http [-] Request returned failure status 404. _handle_response /usr/lib/python2.7/site-packages/glanceclient/common/http.py:125
2019-06-17 00:50:31.134 726 DEBUG glanceclient.common.http [-] Request returned failure status 404. _handle_response /usr/lib/python2.7/site-packages/glanceclient/common/http.py:125
2019-06-17 00:50:31.134 726 DEBUG glanceclient.common.http [-] Request returned failure status 404. _handle_response /usr/lib/python2.7/site-packages/glanceclient/common/http.py:125
2019-06-17 00:50:31.145 726 DEBUG glanceclient.common.http [-] Request returned failure status 404. _handle_response /usr/lib/python2.7/site-packages/glanceclient/common/http.py:125
2019-06-17 00:50:31.162 726 DEBUG glanceclient.common.http [-] Request returned failure status 404. _handle_response /usr/lib/python2.7/site-packages/glanceclient/common/http.py:125
2019-06-17 00:50:31.197 726 DEBUG glanceclient.common.http [-] Request returned failure status 404. _handle_response /usr/lib/python2.7/site-packages/glanceclient/common/http.py:125
2019-06-17 00:50:31.216 726 DEBUG glanceclient.common.http [-] Request returned failure status 404. _handle_response /usr/lib/python2.7/site-packages/glanceclient/common/http.py:125
2019-06-17 00:50:31.217 726 DEBUG glanceclient.common.http [-] Request returned failure status 404. _handle_response /usr/lib/python2.7/site-packages/glanceclient/common/http.py:125
2019-06-17 00:50:31.218 726 DEBUG glanceclient.common.http [-] Request returned failure status 404. _handle_response /usr/lib/python2.7/site-packages/glanceclient/common/http.py:125
2019-06-17 00:50:31.220 726 DEBUG glanceclient.common.http [-] Request returned failure status 404. _handle_response /usr/lib/python2.7/site-packages/glanceclient/common/http.py:125
2019-06-17 00:50:31.228 726 DEBUG glanceclient.common.http [-] Request returned failure status 404. _handle_response /usr/lib/python2.7/site-packages/glanceclient/common/http.py:125
2019-06-17 00:50:31.326 726 DEBUG glanceclient.common.http [-] Request returned failure status 404. _handle_response /usr/lib/python2.7/site-packages/glanceclient/common/http.py:125
2019-06-17 00:50:31.334 726 DEBUG glanceclient.common.http [-] Request returned failure status 404. _handle_response /usr/lib/python2.7/site-packages/glanceclient/common/http.py:125
2019-06-17 00:50:31.344 726 DEBUG glanceclient.common.http [-] Request returned failure status 404. _handle_response /usr/lib/python2.7/site-packages/glanceclient/common/http.py:125
2019-06-17 00:50:31.351 726 DEBUG glanceclient.common.http [-] Request returned failure status 404. _handle_response /usr/lib/python2.7/site-packages/glanceclient/common/http.py:125
2019-06-17 00:50:31.354 726 DEBUG glanceclient.common.http [-] Request returned failure status 404. _handle_response /usr/lib/python2.7/site-packages/glanceclient/common/http.py:125
2019-06-17 00:50:31.368 726 DEBUG glanceclient.common.http [-] Request returned failure status 404. _handle_response /usr/lib/python2.7/site-packages/glanceclient/common/http.py:125
2019-06-17 00:50:32.371 726 INFO rally.task.context [-] Task a6fa69c2-05ce-48c8-b815-c30cc71a83cb | Context cleanup@openstack cleanup() finished in 3.91 sec
2019-06-17 00:50:32.372 726 INFO rally.task.context [-] Task a6fa69c2-05ce-48c8-b815-c30cc71a83cb | Context users@openstack cleanup() started
2019-06-17 00:50:36.864 726 INFO rally.task.context [-] Task a6fa69c2-05ce-48c8-b815-c30cc71a83cb | Context users@openstack cleanup() finished in 4.49 sec
2019-06-17 00:50:38.459 726 INFO rally.task.engine [-] Load duration is: 10.612806
2019-06-17 00:50:38.459 726 INFO rally.task.engine [-] Full runner duration is: 11.389719
2019-06-17 00:50:38.459 726 INFO rally.task.engine [-] Full duration is: 22.626082
2019-06-17 00:50:38.996 726 INFO rally.task.engine [-] Task a6fa69c2-05ce-48c8-b815-c30cc71a83cb | Completed: Running task.
2019-06-17 00:50:40.123 1840 RALLYDEBUG rally.api [-] INFO logs from urllib3 and requests module are hide.
2019-06-17 00:50:40.123 1840 RALLYDEBUG rally.api [-] urllib3 insecure warnings are hidden.
2019-06-17 00:50:40.123 1840 RALLYDEBUG rally.api [-] ERROR log from boto module is hide.
2019-06-17 00:50:40.948 1841 RALLYDEBUG rally.api [-] INFO logs from urllib3 and requests module are hide.
2019-06-17 00:50:40.948 1841 RALLYDEBUG rally.api [-] urllib3 insecure warnings are hidden.
2019-06-17 00:50:40.948 1841 RALLYDEBUG rally.api [-] ERROR log from boto module is hide.
2019-06-17 00:50:42.387 1841 INFO rally.api [-] Building 'json' report for the following task(s): 'a6fa69c2-05ce-48c8-b815-c30cc71a83cb'.
2019-06-17 00:50:42.412 1841 INFO rally.api [-] The report has been successfully built.
2019-06-17 00:50:43.367 1843 RALLYDEBUG rally.api [-] INFO logs from urllib3 and requests module are hide.
2019-06-17 00:50:43.367 1843 RALLYDEBUG rally.api [-] urllib3 insecure warnings are hidden.
2019-06-17 00:50:43.367 1843 RALLYDEBUG rally.api [-] ERROR log from boto module is hide.
2019-06-17 00:50:45.233 1843 INFO rally.task.engine [-] Task 41563204-722e-47c8-a146-348ddc3afe03 | Starting: Task validation.
2019-06-17 00:50:45.332 1843 INFO rally.task.engine [-] Task 41563204-722e-47c8-a146-348ddc3afe03 | Starting: Task validation of syntax.
2019-06-17 00:50:45.739 1843 INFO rally.task.engine [-] Task 41563204-722e-47c8-a146-348ddc3afe03 | Completed: Task validation of syntax.
2019-06-17 00:50:45.740 1843 INFO rally.task.engine [-] Task 41563204-722e-47c8-a146-348ddc3afe03 | Starting: Task validation of required platforms.
2019-06-17 00:50:45.882 1843 INFO rally.task.engine [-] Task 41563204-722e-47c8-a146-348ddc3afe03 | Completed: Task validation of required platforms.
2019-06-17 00:50:45.882 1843 INFO rally.task.engine [-] Task 41563204-722e-47c8-a146-348ddc3afe03 | Starting: Task validation of semantic.
2019-06-17 00:50:45.882 1843 INFO rally.task.engine [-] Check health of the environment '1c9637f6-00fa-4912-baf3-550fcdc159cb'.
2019-06-17 00:50:46.529 1843 INFO rally.task.engine [-] Platform existing@openstack (available: True): OK!
2019-06-17 00:50:46.546 1843 RALLYDEBUG rally_openstack.contexts.keystone.users [-] Creating 1 tenants using 20 threads
2019-06-17 00:50:47.428 1843 RALLYDEBUG rally_openstack.contexts.keystone.users [-] Creating 1 users using 20 threads
2019-06-17 00:50:48.885 1843 INFO rally.task.context [-] Task 41563204-722e-47c8-a146-348ddc3afe03 | Context users@openstack setup() finished in 2.34 sec
2019-06-17 00:50:49.710 1843 DEBUG novaclient.v2.client [-] REQ: curl -g -i --cacert "/etc/ssl/certs/mcp_os_cacert" -X GET http://10.167.4.35:8774/v2.1/flavors/detail -H "Accept: application/json" -H "User-Agent: python-novaclient" -H "X-Auth-Token: {SHA1}4633d76f1dbd91db0cda4fe33a252d649a16e094" _http_log_request /usr/lib/python2.7/site-packages/keystoneauth1/session.py:448
2019-06-17 00:50:49.944 1843 DEBUG novaclient.v2.client [-] RESP: [200] Connection: close Content-Length: 1014 Content-Type: application/json Date: Mon, 17 Jun 2019 00:50:49 GMT Openstack-Api-Version: compute 2.1 Vary: OpenStack-API-Version, X-OpenStack-Nova-API-Version X-Compute-Request-Id: req-ecf6d36b-31da-40d3-b17b-57b1f84af121 X-Openstack-Nova-Api-Version: 2.1 X-Openstack-Request-Id: req-ecf6d36b-31da-40d3-b17b-57b1f84af121 _http_log_response /usr/lib/python2.7/site-packages/keystoneauth1/session.py:479
2019-06-17 00:50:49.945 1843 DEBUG novaclient.v2.client [-] RESP BODY: {"flavors": [{"name": "rally_full-flavor_ec7acfce-affd-4b6a-a43b-796e7ca37e07", "links": [{"href": "http://10.167.4.35:8774/v2.1/flavors/647ce55d-37f2-4a7c-bab6-cdb4ffb9a0a8", "rel": "self"}, {"href": "http://10.167.4.35:8774/flavors/647ce55d-37f2-4a7c-bab6-cdb4ffb9a0a8", "rel": "bookmark"}], "ram": 512, "OS-FLV-DISABLED:disabled": false, "vcpus": 1, "swap": "", "os-flavor-access:is_public": true, "rxtx_factor": 1.0, "OS-FLV-EXT-DATA:ephemeral": 0, "disk": 1, "id": "647ce55d-37f2-4a7c-bab6-cdb4ffb9a0a8"}, {"name": "rally_full-flavor_alt_ec7acfce-affd-4b6a-a43b-796e7ca37e07", "links": [{"href": "http://10.167.4.35:8774/v2.1/flavors/bfa6cf0f-54f9-4bff-9c81-313ecef50ec9", "rel": "self"}, {"href": "http://10.167.4.35:8774/flavors/bfa6cf0f-54f9-4bff-9c81-313ecef50ec9", "rel": "bookmark"}], "ram": 1024, "OS-FLV-DISABLED:disabled": false, "vcpus": 1, "swap": "", "os-flavor-access:is_public": true, "rxtx_factor": 1.0, "OS-FLV-EXT-DATA:ephemeral": 0, "disk": 1, "id": "bfa6cf0f-54f9-4bff-9c81-313ecef50ec9"}]} _http_log_response /usr/lib/python2.7/site-packages/keystoneauth1/session.py:511
2019-06-17 00:50:49.945 1843 DEBUG novaclient.v2.client [-] GET call to compute for http://10.167.4.35:8774/v2.1/flavors/detail used request id req-ecf6d36b-31da-40d3-b17b-57b1f84af121 request /usr/lib/python2.7/site-packages/keystoneauth1/session.py:844
