2019-06-16 07:46:07.802 18063 RALLYDEBUG rally_openstack.cleanup.manager [-] Deleting neutron.port object s_rally_26c58a40_MnxC5wtC (51475ea7-a620-409e-ae72-3064938f9dc6)
2019-06-16 07:46:07.945 18063 RALLYDEBUG rally_openstack.cleanup.manager [-] Deleting neutron.port object s_rally_26c58a40_kboQKr51 (515baa57-10c6-4281-9cce-53b43ebd7c90)
2019-06-16 07:46:08.061 18063 RALLYDEBUG rally_openstack.cleanup.manager [-] Deleting neutron.port object s_rally_26c58a40_OAZqYc2Q (5179e9a6-012e-446a-b0f7-2c2c3745bdfa)
2019-06-16 07:46:08.082 18063 RALLYDEBUG rally_openstack.cleanup.manager [-] Deleting neutron.port object s_rally_26c58a40_QbKVXh0b (52575000-4a0c-456b-96c4-5b9180b803ef)
2019-06-16 07:46:08.129 18063 RALLYDEBUG rally_openstack.cleanup.manager [-] Deleting neutron.port object s_rally_26c58a40_mfqImKiD (57df00bd-d272-444a-b82a-1235030da567)
2019-06-16 07:46:08.217 18063 RALLYDEBUG rally_openstack.cleanup.manager [-] Deleting neutron.port object s_rally_26c58a40_E25KDALO (5892bd63-feb4-4c2a-8d6d-02005dfba7a8)
2019-06-16 07:46:08.377 18063 RALLYDEBUG rally_openstack.cleanup.manager [-] Deleting neutron.port object s_rally_26c58a40_q2Y554qS (58bf814c-f35f-443e-8e26-bbe95d3dbf91)
2019-06-16 07:46:08.389 18063 RALLYDEBUG rally_openstack.cleanup.manager [-] Deleting neutron.port object s_rally_26c58a40_4jyomJQT (5c959299-2dec-46c1-bdb0-ac6980e0c15f)
2019-06-16 07:46:08.401 18063 RALLYDEBUG rally_openstack.cleanup.manager [-] Deleting neutron.port object s_rally_26c58a40_NSCVokv8 (5cfbeee3-4d74-4243-817f-c06043b1f870)
2019-06-16 07:46:08.514 18063 RALLYDEBUG rally_openstack.cleanup.manager [-] Deleting neutron.port object s_rally_26c58a40_dPAYcwzX (5ea6ce92-1e02-4e69-87ba-b953572584df)
2019-06-16 07:46:08.668 18063 RALLYDEBUG rally_openstack.cleanup.manager [-] Deleting neutron.port object s_rally_26c58a40_M9ZU9tV3 (5ff543a5-e74a-405f-82c2-b5097f6525ce)
2019-06-16 07:46:08.744 18063 RALLYDEBUG rally_openstack.cleanup.manager [-] Deleting neutron.port object s_rally_26c58a40_xxNVYN4o (62bf5641-82be-45c3-8681-8363c1d38e49)
2019-06-16 07:46:08.775 18063 RALLYDEBUG rally_openstack.cleanup.manager [-] Deleting neutron.port object s_rally_26c58a40_ClH1Vu6D (63202aba-99a9-47d2-bbac-7b0ce4c3f5a3)
2019-06-16 07:46:08.794 18063 RALLYDEBUG rally_openstack.cleanup.manager [-] Deleting neutron.port object s_rally_26c58a40_Bc4ML3W5 (63c70d38-af8a-4bed-8946-a25e89cba837)
2019-06-16 07:46:09.001 18063 RALLYDEBUG rally_openstack.cleanup.manager [-] Deleting neutron.port object s_rally_26c58a40_o74ws1df (63ecdfaf-72a0-4cc1-aef8-3fab8f5f2c0c)
2019-06-16 07:46:09.060 18063 RALLYDEBUG rally_openstack.cleanup.manager [-] Deleting neutron.port object s_rally_26c58a40_AyPZhNqo (649d0f81-b015-42b5-92c3-445ae78b03b4)
2019-06-16 07:46:09.127 18063 RALLYDEBUG rally_openstack.cleanup.manager [-] Deleting neutron.port object s_rally_26c58a40_tHWXTN2I (6504b80c-d840-43b0-9425-4450a01173a4)
2019-06-16 07:46:09.323 18063 RALLYDEBUG rally_openstack.cleanup.manager [-] Deleting neutron.port object s_rally_26c58a40_La2wfAqs (65aa5c87-cea7-4194-9b5b-c3433e9953c8)
2019-06-16 07:46:09.409 18063 RALLYDEBUG rally_openstack.cleanup.manager [-] Deleting neutron.port object s_rally_26c58a40_zoLlZF9C (68cf47ce-b5c6-4ccb-8b48-2399291c28c9)
2019-06-16 07:46:09.665 18063 RALLYDEBUG rally_openstack.cleanup.manager [-] Deleting neutron.port object s_rally_26c58a40_nvcX46te (6933dbba-a481-4697-af7d-c5b758a9779d)
2019-06-16 07:46:09.983 18063 RALLYDEBUG rally_openstack.cleanup.manager [-] Deleting neutron.port object s_rally_26c58a40_ln7Db4gX (69a289c5-d1ee-4864-b6d9-28302c39dbb4)
2019-06-16 07:46:10.028 18063 RALLYDEBUG rally_openstack.cleanup.manager [-] Deleting neutron.port object s_rally_26c58a40_ytXM2vyE (69cf33e0-2402-40ba-8389-6bc73b7ac097)
2019-06-16 07:46:10.101 18063 RALLYDEBUG rally_openstack.cleanup.manager [-] Deleting neutron.port object s_rally_26c58a40_i4gRJTLE (6a7c86f3-ad1a-40af-8da5-fb1f1ff1ace3)
2019-06-16 07:46:10.114 18063 RALLYDEBUG rally_openstack.cleanup.manager [-] Deleting neutron.port object s_rally_26c58a40_4XlCqX1t (6bb1e061-f60d-412c-ab0b-6cf5f08bd8fc)
2019-06-16 07:46:10.236 18063 RALLYDEBUG rally_openstack.cleanup.manager [-] Deleting neutron.port object s_rally_26c58a40_mhNRqKGN (6bb84bc0-4a02-4554-8a88-7be0caad8192)
2019-06-16 07:46:10.548 18063 RALLYDEBUG rally_openstack.cleanup.manager [-] Deleting neutron.port object s_rally_26c58a40_pfWvuyOH (70f63726-09ef-4810-ba2d-910c18d2b908)
2019-06-16 07:46:10.548 18063 RALLYDEBUG rally_openstack.cleanup.manager [-] Deleting neutron.port object s_rally_26c58a40_uZUS1MZD (6e91f0e2-43f4-42f4-bb7b-358875f67103)
2019-06-16 07:46:10.653 18063 RALLYDEBUG rally_openstack.cleanup.manager [-] Deleting neutron.port object s_rally_26c58a40_x0v7l1M8 (723b1b74-e7da-4711-9fb9-57ba23a8256a)
2019-06-16 07:46:10.677 18063 RALLYDEBUG rally_openstack.cleanup.manager [-] Deleting neutron.port object s_rally_26c58a40_sb7AqvRR (7471f71b-7bff-48f0-9e10-a3ab3a66d6d1)
2019-06-16 07:46:10.812 18063 RALLYDEBUG rally_openstack.cleanup.manager [-] Deleting neutron.port object s_rally_26c58a40_AvGG61kO (74c56a75-d882-4864-97f0-b5bbaa4ac6ad)
2019-06-16 07:46:10.835 18063 RALLYDEBUG rally_openstack.cleanup.manager [-] Deleting neutron.port object s_rally_26c58a40_CWmnT9Ix (77b2f81b-d740-43c1-bf10-6c18f10db6b8)
2019-06-16 07:46:10.857 18063 RALLYDEBUG rally_openstack.cleanup.manager [-] Deleting neutron.port object s_rally_26c58a40_HXf88WlU (7893090a-38e9-4902-bb43-58c189ba5c27)
2019-06-16 07:46:10.872 18063 RALLYDEBUG rally_openstack.cleanup.manager [-] Deleting neutron.port object s_rally_26c58a40_dJnalnZA (7a9c4fa2-64c1-42ce-b168-c4eb33bce496)
2019-06-16 07:46:11.216 18063 RALLYDEBUG rally_openstack.cleanup.manager [-] Deleting neutron.port object s_rally_26c58a40_0N3CnMeK (7ad21ec4-5dd7-4542-90ca-4f40bcf92252)
2019-06-16 07:46:11.289 18063 RALLYDEBUG rally_openstack.cleanup.manager [-] Deleting neutron.port object s_rally_26c58a40_lEjBCz8l (7b146e41-b7f3-4535-a2c1-53cf72362d20)
2019-06-16 07:46:11.397 18063 RALLYDEBUG rally_openstack.cleanup.manager [-] Deleting neutron.port object s_rally_26c58a40_CVZeiYlW (7ba479ae-5eb4-4cec-a25b-8daa73efba8d)
2019-06-16 07:46:11.398 18063 RALLYDEBUG rally_openstack.cleanup.manager [-] Deleting neutron.port object s_rally_26c58a40_tTSe57nc (7d291600-1fb1-4d2b-b203-2d4e9e66672e)
2019-06-16 07:46:11.446 18063 RALLYDEBUG rally_openstack.cleanup.manager [-] Deleting neutron.port object s_rally_26c58a40_hkhOSAQ0 (7d6e46ee-6f9a-412f-bd64-22cae227b390)
2019-06-16 07:46:11.460 18063 RALLYDEBUG rally_openstack.cleanup.manager [-] Deleting neutron.port object s_rally_26c58a40_aGLizPzd (7ea33ff6-96f7-475d-ac33-8cf74c4baed7)
2019-06-16 07:46:11.577 18063 RALLYDEBUG rally_openstack.cleanup.manager [-] Deleting neutron.port object s_rally_26c58a40_W8hor8KI (802358f1-262f-4273-ba3e-26524768f80a)
2019-06-16 07:46:11.932 18063 RALLYDEBUG rally_openstack.cleanup.manager [-] Deleting neutron.port object s_rally_26c58a40_uMTKnuZS (84236c62-19fe-4754-ab00-d7e765ab3b62)
2019-06-16 07:46:11.950 18063 RALLYDEBUG rally_openstack.cleanup.manager [-] Deleting neutron.port object s_rally_26c58a40_WuO3Br2b (8514e911-9b8a-4ddd-882f-09ee2dfc0c34)
2019-06-16 07:46:12.069 18063 RALLYDEBUG rally_openstack.cleanup.manager [-] Deleting neutron.port object s_rally_26c58a40_0Tep9MhE (8660b7b8-fded-4cc6-ad97-5ee588f8d1e6)
2019-06-16 07:46:12.078 18063 RALLYDEBUG rally_openstack.cleanup.manager [-] Deleting neutron.port object s_rally_26c58a40_r7H0WhsN (868829b2-b245-4ddb-9e09-508ba801b92a)
2019-06-16 07:46:12.124 18063 RALLYDEBUG rally_openstack.cleanup.manager [-] Deleting neutron.port object s_rally_26c58a40_LTr4efW0 (89dd4bcc-c62d-4638-ba9d-6ec4351e15fe)
2019-06-16 07:46:12.532 18063 RALLYDEBUG rally_openstack.cleanup.manager [-] Deleting neutron.port object s_rally_26c58a40_N1TsUGCF (8b5242c0-669d-4fac-9116-cefc209efd22)
2019-06-16 07:46:12.629 18063 RALLYDEBUG rally_openstack.cleanup.manager [-] Deleting neutron.port object s_rally_26c58a40_yy0BPKMl (8c76be84-bc08-4eaf-b376-70451677f0ff)
2019-06-16 07:46:12.698 18063 RALLYDEBUG rally_openstack.cleanup.manager [-] Deleting neutron.port object s_rally_26c58a40_elLUyrOm (8f5f1e5c-4f0f-4a5e-8e09-4c3795e2cd0c)
2019-06-16 07:46:12.734 18063 RALLYDEBUG rally_openstack.cleanup.manager [-] Deleting neutron.port object s_rally_26c58a40_cUnMjd6a (93186b2c-d4dc-4de1-a17c-a42f5b0d7573)
2019-06-16 07:46:12.749 18063 RALLYDEBUG rally_openstack.cleanup.manager [-] Deleting neutron.port object s_rally_26c58a40_eYiamD4E (93c9a753-52a8-4a96-b4e0-e5d702d5c818)
2019-06-16 07:46:12.789 18063 RALLYDEBUG rally_openstack.cleanup.manager [-] Deleting neutron.port object s_rally_26c58a40_AGeuyrtG (93e0f934-7d18-4499-9ae0-f77e84a6b968)
2019-06-16 07:46:12.938 18063 RALLYDEBUG rally_openstack.cleanup.manager [-] Deleting neutron.port object s_rally_26c58a40_sK9A1tKD (95df215b-c749-4316-9c1c-e6cc0c0d1ed6)
2019-06-16 07:46:13.383 18063 RALLYDEBUG rally_openstack.cleanup.manager [-] Deleting neutron.port object s_rally_26c58a40_H67tGCaU (97273456-2471-4496-8306-fea64f62449d)
2019-06-16 07:46:13.522 18063 RALLYDEBUG rally_openstack.cleanup.manager [-] Deleting neutron.port object s_rally_26c58a40_0ojCxy0n (98729d74-6378-4dd1-a59e-eee94f9fd204)
2019-06-16 07:46:13.544 18063 RALLYDEBUG rally_openstack.cleanup.manager [-] Deleting neutron.port object s_rally_26c58a40_uXDehaUg (997af613-71ce-446a-b6f7-a986b5aa1243)
2019-06-16 07:46:13.555 18063 RALLYDEBUG rally_openstack.cleanup.manager [-] Deleting neutron.port object s_rally_26c58a40_hmkP5z9A (99daf168-7758-4240-8bc1-61da0919e38c)
2019-06-16 07:46:13.765 18063 RALLYDEBUG rally_openstack.cleanup.manager [-] Deleting neutron.port object s_rally_26c58a40_iwN5Trj2 (99e2bba3-b540-49a0-b127-91219e813da9)
2019-06-16 07:46:13.838 18063 RALLYDEBUG rally_openstack.cleanup.manager [-] Deleting neutron.port object s_rally_26c58a40_ZsgZ7EuU (9a5cc8f2-f213-42f6-bdba-bdfc6b4f0eba)
2019-06-16 07:46:13.893 18063 RALLYDEBUG rally_openstack.cleanup.manager [-] Deleting neutron.port object s_rally_26c58a40_awEvbMrE (9ba192a6-2338-495a-970d-f926d0bbbb8f)
2019-06-16 07:46:14.105 18063 RALLYDEBUG rally_openstack.cleanup.manager [-] Deleting neutron.port object s_rally_26c58a40_Wfs0gXVw (9bb2b566-76d0-438d-b356-0e15e5cd5100)
2019-06-16 07:46:14.367 18063 RALLYDEBUG rally_openstack.cleanup.manager [-] Deleting neutron.port object s_rally_26c58a40_4qsLm61A (9bb5111b-caae-4fbb-b822-bcee6d5f8b39)
2019-06-16 07:46:14.468 18063 RALLYDEBUG rally_openstack.cleanup.manager [-] Deleting neutron.port object s_rally_26c58a40_fHwSN6mO (9d5c9940-d5dc-4da5-b08d-e4becb96bada)
2019-06-16 07:46:14.577 18063 RALLYDEBUG rally_openstack.cleanup.manager [-] Deleting neutron.port object s_rally_26c58a40_4CJ16SCo (9dc89356-879b-4582-8ba9-be6e11c1f2f0)
2019-06-16 07:46:14.602 18063 RALLYDEBUG rally_openstack.cleanup.manager [-] Deleting neutron.port object s_rally_26c58a40_dLrrVg4J (a009b4d7-4749-4f72-a0d8-ec7344cce56f)
2019-06-16 07:46:14.642 18063 RALLYDEBUG rally_openstack.cleanup.manager [-] Deleting neutron.port object s_rally_26c58a40_nG526pKE (a0c8881b-2fa8-4744-9e64-a2f7a3c2779f)
2019-06-16 07:46:14.743 18063 RALLYDEBUG rally_openstack.cleanup.manager [-] Deleting neutron.port object s_rally_26c58a40_Dp0cAeog (a39bd015-f7b1-4a47-873d-0b59f26f7ff3)
2019-06-16 07:46:14.777 18063 RALLYDEBUG rally_openstack.cleanup.manager [-] Deleting neutron.port object s_rally_26c58a40_OuKXvDEd (a39d7b16-6f81-42ee-8be7-ac2c97eae09f)
2019-06-16 07:46:14.836 18063 RALLYDEBUG rally_openstack.cleanup.manager [-] Deleting neutron.port object s_rally_26c58a40_CuiFarm0 (a4dacbe8-6005-4495-99db-d5d476d9ceae)
2019-06-16 07:46:15.155 18063 RALLYDEBUG rally_openstack.cleanup.manager [-] Deleting neutron.port object s_rally_26c58a40_PIjxnjtJ (a50349df-2716-423c-b61d-1499fef4c587)
2019-06-16 07:46:15.164 18063 RALLYDEBUG rally_openstack.cleanup.manager [-] Deleting neutron.port object s_rally_26c58a40_eAQz4wwM (a8316def-ed47-4a46-aaf4-7a4ad9b3f31c)
2019-06-16 07:46:15.263 18063 RALLYDEBUG rally_openstack.cleanup.manager [-] Deleting neutron.port object s_rally_26c58a40_yrVWpDFf (a8b799be-15a3-4b4c-a0cd-d7419426c80d)
2019-06-16 07:46:15.369 18063 RALLYDEBUG rally_openstack.cleanup.manager [-] Deleting neutron.port object s_rally_26c58a40_pt0es5Xr (aa5cb90d-6fe9-47a5-8d55-49ad987d282b)
2019-06-16 07:46:15.416 18063 RALLYDEBUG rally_openstack.cleanup.manager [-] Deleting neutron.port object s_rally_26c58a40_aUnDgenB (ab2c2c12-9038-4d69-a9a5-c47b74c585eb)
2019-06-16 07:46:15.588 18063 RALLYDEBUG rally_openstack.cleanup.manager [-] Deleting neutron.port object s_rally_26c58a40_W46L2paH (ae43859f-61b2-4dcb-9e67-bf2efe75ea81)
2019-06-16 07:46:15.609 18063 RALLYDEBUG rally_openstack.cleanup.manager [-] Deleting neutron.port object s_rally_26c58a40_cNlppPlp (aff290db-48dd-4162-897f-16189bfb6c9d)
2019-06-16 07:46:15.703 18063 RALLYDEBUG rally_openstack.cleanup.manager [-] Deleting neutron.port object s_rally_26c58a40_MmyxEeZb (b1b44a5f-5b9c-423f-814b-d13f6b1cca45)
2019-06-16 07:46:15.737 18063 RALLYDEBUG rally_openstack.cleanup.manager [-] Deleting neutron.port object s_rally_26c58a40_kdPziNtZ (b6721626-08e5-4a5c-8d2f-2a141ef385ca)
2019-06-16 07:46:15.871 18063 RALLYDEBUG rally_openstack.cleanup.manager [-] Deleting neutron.port object s_rally_26c58a40_mGvNMRYL (b6d570aa-97bf-404c-87b6-2427ff611a07)
2019-06-16 07:46:15.916 18063 RALLYDEBUG rally_openstack.cleanup.manager [-] Deleting neutron.port object s_rally_26c58a40_4juiU3SH (b8aef9c1-d910-40c9-97dc-053a04ba1e51)
2019-06-16 07:46:16.094 18063 RALLYDEBUG rally_openstack.cleanup.manager [-] Deleting neutron.port object s_rally_26c58a40_6izbqdis (b9532e00-ab80-4d28-8616-c5677fd2dc32)
2019-06-16 07:46:16.305 18063 RALLYDEBUG rally_openstack.cleanup.manager [-] Deleting neutron.port object s_rally_26c58a40_dGPsnHb1 (ba0aaa40-8bc8-43dd-87f1-c1a857454913)
2019-06-16 07:46:16.350 18063 RALLYDEBUG rally_openstack.cleanup.manager [-] Deleting neutron.port object s_rally_26c58a40_GboLMaYN (bbe472f1-95fc-4128-b355-88780b7cc050)
2019-06-16 07:46:16.558 18063 RALLYDEBUG rally_openstack.cleanup.manager [-] Deleting neutron.port object s_rally_26c58a40_4SVfCTc6 (bc4a4ed9-7b13-4651-9b3b-a251c86220cb)
2019-06-16 07:46:16.772 18063 RALLYDEBUG rally_openstack.cleanup.manager [-] Deleting neutron.port object s_rally_26c58a40_qdSFg2Ho (bcaf6587-fbcd-46dc-a1d6-e1f2ee58877e)
2019-06-16 07:46:16.804 18063 RALLYDEBUG rally_openstack.cleanup.manager [-] Deleting neutron.port object s_rally_26c58a40_gGh5xdXM (bfa632ef-03af-4bcd-b95d-042a0d37ad36)
2019-06-16 07:46:16.898 18063 RALLYDEBUG rally_openstack.cleanup.manager [-] Deleting neutron.port object s_rally_26c58a40_LR8pgCPx (c03737bd-48f9-4f8e-b3ee-683751b6dfa4)
2019-06-16 07:46:16.923 18063 RALLYDEBUG rally_openstack.cleanup.manager [-] Deleting neutron.port object s_rally_26c58a40_ZJZbGeE1 (c046cf41-eccb-4eab-a18d-5b6eba311abd)
2019-06-16 07:46:16.986 18063 RALLYDEBUG rally_openstack.cleanup.manager [-] Deleting neutron.port object s_rally_26c58a40_q2zLZQur (c0649457-6e92-4d5c-8a50-19ebb2f991b1)
2019-06-16 07:46:17.265 18063 RALLYDEBUG rally_openstack.cleanup.manager [-] Deleting neutron.port object s_rally_26c58a40_tg6C2rzG (c272e390-fb2a-4163-87ba-b698484a0159)
2019-06-16 07:46:17.356 18063 RALLYDEBUG rally_openstack.cleanup.manager [-] Deleting neutron.port object s_rally_26c58a40_GOYKo8Rg (c2f34051-0563-431a-b5c5-b3389061d0f3)
2019-06-16 07:46:17.416 18063 RALLYDEBUG rally_openstack.cleanup.manager [-] Deleting neutron.port object s_rally_26c58a40_rvwXeHCo (c5d1ff13-63da-40ea-84e3-76d836b55a6a)
2019-06-16 07:46:17.492 18063 RALLYDEBUG rally_openstack.cleanup.manager [-] Deleting neutron.port object s_rally_26c58a40_34DuWR6F (cb262e54-52eb-49fc-9c37-defd1b470536)
2019-06-16 07:46:17.537 18063 RALLYDEBUG rally_openstack.cleanup.manager [-] Deleting neutron.port object s_rally_26c58a40_7qRuVx4V (ce62d87d-b3a9-4daa-80da-8a1047d34922)
2019-06-16 07:46:17.615 18063 RALLYDEBUG rally_openstack.cleanup.manager [-] Deleting neutron.port object s_rally_26c58a40_jiFk4S6U (d0521fae-aca0-42a0-af32-41d27fe4ea4c)
2019-06-16 07:46:17.777 18063 RALLYDEBUG rally_openstack.cleanup.manager [-] Deleting neutron.port object s_rally_26c58a40_RiUoqujQ (d2a22087-1ac9-47d5-a8e7-d27770c512ee)
2019-06-16 07:46:17.928 18063 RALLYDEBUG rally_openstack.cleanup.manager [-] Deleting neutron.port object s_rally_26c58a40_Cs1WoYGU (d3496d48-a8d2-4bae-9571-461e78625941)
2019-06-16 07:46:18.153 18063 RALLYDEBUG rally_openstack.cleanup.manager [-] Deleting neutron.port object s_rally_26c58a40_tAhODbuB (d3bba2c5-16fa-4efa-896d-21e627cc71f9)
2019-06-16 07:46:18.212 18063 RALLYDEBUG rally_openstack.cleanup.manager [-] Deleting neutron.port object s_rally_26c58a40_gO9yMaLS (d497593f-5ff0-45d9-b868-965cd0173498)
2019-06-16 07:46:18.270 18063 RALLYDEBUG rally_openstack.cleanup.manager [-] Deleting neutron.port object s_rally_26c58a40_eHvrxbTE (d54092e9-c7ce-4573-8681-61decc21e491)
2019-06-16 07:46:18.444 18063 RALLYDEBUG rally_openstack.cleanup.manager [-] Deleting neutron.port object s_rally_26c58a40_cHJFySm2 (d5cc00cc-5190-4557-9640-bb25c2eceef7)
2019-06-16 07:46:18.627 18063 RALLYDEBUG rally_openstack.cleanup.manager [-] Deleting neutron.port object s_rally_26c58a40_HAMizc34 (d6d0ac01-3560-4c21-8633-d1e9605830d4)
2019-06-16 07:46:18.976 18063 RALLYDEBUG rally_openstack.cleanup.manager [-] Deleting neutron.port object s_rally_26c58a40_sTPtt54v (d8de78ef-6973-478f-a3c7-e28490ab4122)
2019-06-16 07:46:19.002 18063 RALLYDEBUG rally_openstack.cleanup.manager [-] Deleting neutron.port object s_rally_26c58a40_jwbSBv4L (dbd8db0f-6ac7-400c-9e98-7a4692a7f399)
2019-06-16 07:46:19.040 18063 RALLYDEBUG rally_openstack.cleanup.manager [-] Deleting neutron.port object s_rally_26c58a40_qn0qJ0al (dc8fed72-a916-45b8-9819-e9f2d593ee5d)
2019-06-16 07:46:19.148 18063 RALLYDEBUG rally_openstack.cleanup.manager [-] Deleting neutron.port object s_rally_26c58a40_hSXKkWDT (ddc708f5-ddbd-4ee9-8477-c0d96f3b06d7)
2019-06-16 07:46:19.268 18063 RALLYDEBUG rally_openstack.cleanup.manager [-] Deleting neutron.port object s_rally_26c58a40_Jd0jMFtm (de5a59be-9567-4ce1-bd29-0ee1b99869bc)
2019-06-16 07:46:19.288 18063 RALLYDEBUG rally_openstack.cleanup.manager [-] Deleting neutron.port object s_rally_26c58a40_U78Vi15j (df3dc04b-73a9-4263-9d0e-caaf16a195b0)
2019-06-16 07:46:19.432 18063 RALLYDEBUG rally_openstack.cleanup.manager [-] Deleting neutron.port object s_rally_26c58a40_MjMtVsUb (e17c49d2-8e17-4426-871b-8c4beab29afa)
2019-06-16 07:46:19.480 18063 RALLYDEBUG rally_openstack.cleanup.manager [-] Deleting neutron.port object s_rally_26c58a40_D0SfjS9H (e2902dc2-1346-4c4b-b2c5-2c8efd5738e5)
2019-06-16 07:46:19.570 18063 RALLYDEBUG rally_openstack.cleanup.manager [-] Deleting neutron.port object s_rally_26c58a40_szTIEfCN (e41052b6-d9c4-4c47-998a-582cac3b2e58)
2019-06-16 07:46:19.578 18063 RALLYDEBUG rally_openstack.cleanup.manager [-] Deleting neutron.port object s_rally_26c58a40_uEzVf13D (e540ef2b-03f2-4e9f-bd5f-d16bac0bb633)
2019-06-16 07:46:19.805 18063 RALLYDEBUG rally_openstack.cleanup.manager [-] Deleting neutron.port object s_rally_26c58a40_9aHACc3C (e5503cc8-b320-4581-86cf-7e26c6436dde)
2019-06-16 07:46:19.927 18063 RALLYDEBUG rally_openstack.cleanup.manager [-] Deleting neutron.port object s_rally_26c58a40_LYOaDUPF (e6d8b001-bb7b-4808-8349-d2b7caf56cea)
2019-06-16 07:46:20.095 18063 RALLYDEBUG rally_openstack.cleanup.manager [-] Deleting neutron.port object s_rally_26c58a40_6e1HYjUj (e762ad58-dab6-41b8-9105-ff6cc2fd5b1d)
2019-06-16 07:46:20.138 18063 RALLYDEBUG rally_openstack.cleanup.manager [-] Deleting neutron.port object s_rally_26c58a40_f6vwbslT (e860149f-14f8-480d-808b-800a479f11ff)
2019-06-16 07:46:20.406 18063 RALLYDEBUG rally_openstack.cleanup.manager [-] Deleting neutron.port object s_rally_26c58a40_yx3NWa6e (e890c702-8c23-48e2-83cf-341c5d6840b2)
2019-06-16 07:46:20.470 18063 RALLYDEBUG rally_openstack.cleanup.manager [-] Deleting neutron.port object s_rally_26c58a40_GMZtLXdR (e9d870b0-1b6d-49ac-869f-2fa2795cc7c2)
2019-06-16 07:46:20.677 18063 RALLYDEBUG rally_openstack.cleanup.manager [-] Deleting neutron.port object s_rally_26c58a40_xjEB9zgo (ea216ee6-4f18-4042-8ca4-cebb825477f6)
2019-06-16 07:46:20.791 18063 RALLYDEBUG rally_openstack.cleanup.manager [-] Deleting neutron.port object s_rally_26c58a40_AMX5oi2v (eb4ce172-622f-4221-8ccf-0d36d9ba9676)
2019-06-16 07:46:20.843 18063 RALLYDEBUG rally_openstack.cleanup.manager [-] Deleting neutron.port object s_rally_26c58a40_axx0GfFM (eb8f51b6-f29a-48a2-9e04-9538039fab00)
2019-06-16 07:46:20.939 18063 RALLYDEBUG rally_openstack.cleanup.manager [-] Deleting neutron.port object s_rally_26c58a40_2veW47Dm (ee24e24a-ef33-4631-9e56-aa295a85c675)
2019-06-16 07:46:21.066 18063 RALLYDEBUG rally_openstack.cleanup.manager [-] Deleting neutron.port object s_rally_26c58a40_ajZdxP6L (f1c4a979-765f-49aa-9752-e644aeea1148)
2019-06-16 07:46:21.240 18063 RALLYDEBUG rally_openstack.cleanup.manager [-] Deleting neutron.port object s_rally_26c58a40_Hmxt7MH7 (f41aa5d1-9404-4253-9080-0bffae6c23ef)
2019-06-16 07:46:21.263 18063 RALLYDEBUG rally_openstack.cleanup.manager [-] Deleting neutron.port object s_rally_26c58a40_xFJHjSEb (f4ab6d87-81da-4975-845a-94be62e0b3a6)
2019-06-16 07:46:21.470 18063 RALLYDEBUG rally_openstack.cleanup.manager [-] Deleting neutron.port object s_rally_26c58a40_jfyyYVg4 (f4d2e0ac-78e7-4a31-b5b0-5bdf90437d1b)
2019-06-16 07:46:21.561 18063 RALLYDEBUG rally_openstack.cleanup.manager [-] Deleting neutron.port object s_rally_26c58a40_UqrZMWtC (f78db8ea-5f6f-4c8f-83c2-2b6d0364aa80)
2019-06-16 07:46:21.608 18063 RALLYDEBUG rally_openstack.cleanup.manager [-] Deleting neutron.port object s_rally_26c58a40_EVv3N5q0 (f7983f58-991c-4176-8a64-01c29b1a5ba4)
2019-06-16 07:46:21.738 18063 RALLYDEBUG rally_openstack.cleanup.manager [-] Deleting neutron.port object s_rally_26c58a40_v4UHmOSh (f94eea3c-6d84-4e99-9d57-a86c2ecef68b)
2019-06-16 07:46:21.751 18063 RALLYDEBUG rally_openstack.cleanup.manager [-] Deleting neutron.port object s_rally_26c58a40_PNocYVFU (fe1cb934-912a-41b5-a9f6-75daf12d74a4)
2019-06-16 07:46:21.931 18063 RALLYDEBUG rally_openstack.cleanup.manager [-] Deleting neutron.port object s_rally_26c58a40_30ZwJTov (fe65fc17-98f8-4069-a3c4-e0cf2b6d7137)
2019-06-16 07:46:22.123 18063 RALLYDEBUG rally_openstack.cleanup.manager [-] Deleting neutron.port object s_rally_26c58a40_xIUqnk9P (ffe03134-22d1-4612-aa90-bcacc418c7f3)
2019-06-16 07:46:24.217 18063 RALLYDEBUG rally_openstack.cleanup.manager [-] Cleaning up neutron subnet objects
2019-06-16 07:46:24.641 18063 RALLYDEBUG rally_openstack.cleanup.manager [-] Cleaning up neutron network objects
2019-06-16 07:46:25.208 18063 RALLYDEBUG rally_openstack.cleanup.manager [-] Deleting neutron.network object s_rally_26c58a40_KEMO6V5j (009c42e6-f1a6-41e9-aa45-d9e7b3885b02)
2019-06-16 07:46:25.208 18063 RALLYDEBUG rally_openstack.cleanup.manager [-] Deleting neutron.network object s_rally_26c58a40_SUIl7Fx5 (061b5765-5a7e-45c5-b894-b08865f70553)
2019-06-16 07:46:25.220 18063 RALLYDEBUG rally_openstack.cleanup.manager [-] Deleting neutron.network object s_rally_26c58a40_rSq4naLC (1c8e51df-5097-4be0-a7c0-75bb2734b1fd)
2019-06-16 07:46:25.231 18063 RALLYDEBUG rally_openstack.cleanup.manager [-] Deleting neutron.network object s_rally_26c58a40_bDbwSPpM (1ee3e1d6-825b-4bb2-a3e4-bc1b77d11216)
2019-06-16 07:46:25.233 18063 RALLYDEBUG rally_openstack.cleanup.manager [-] Deleting neutron.network object s_rally_26c58a40_f4ffEFbb (20c6381f-f550-4222-9e64-ed92dac6fd04)
2019-06-16 07:46:25.250 18063 RALLYDEBUG rally_openstack.cleanup.manager [-] Deleting neutron.network object s_rally_26c58a40_hXhB0Kvk (23429607-914e-4055-b667-3afdc13ba5e3)
2019-06-16 07:46:25.251 18063 RALLYDEBUG rally_openstack.cleanup.manager [-] Deleting neutron.network object s_rally_26c58a40_9c0rXqZa (22d81ae3-6681-4087-bce3-8107f21ae73c)
2019-06-16 07:46:25.261 18063 RALLYDEBUG rally_openstack.cleanup.manager [-] Deleting neutron.network object s_rally_26c58a40_eYF17VJq (2502f34a-1823-4f47-a0dc-39d22f2025f4)
2019-06-16 07:46:25.274 18063 RALLYDEBUG rally_openstack.cleanup.manager [-] Deleting neutron.network object s_rally_26c58a40_Od0ya6cn (31979380-84b1-446c-96b4-e88849d37fd0)
2019-06-16 07:46:25.295 18063 RALLYDEBUG rally_openstack.cleanup.manager [-] Deleting neutron.network object s_rally_26c58a40_OV1xXNuw (323ae100-0983-4b11-bfbf-7d74bcb13dac)
2019-06-16 07:46:25.318 18063 RALLYDEBUG rally_openstack.cleanup.manager [-] Deleting neutron.network object s_rally_26c58a40_W8FLTncR (33f21a82-d779-4778-8c5c-17510d50a23a)
2019-06-16 07:46:25.334 18063 RALLYDEBUG rally_openstack.cleanup.manager [-] Deleting neutron.network object s_rally_26c58a40_kv7ZzmVc (37eda072-3437-4339-8182-f3fc2cd39ecc)
2019-06-16 07:46:25.341 18063 RALLYDEBUG rally_openstack.cleanup.manager [-] Deleting neutron.network object s_rally_26c58a40_mAh0mIxL (485d2e13-cb58-41fb-bb3d-269e86302f67)
2019-06-16 07:46:25.357 18063 RALLYDEBUG rally_openstack.cleanup.manager [-] Deleting neutron.network object s_rally_26c58a40_qK0vsXYL (4b41507a-3ec3-4ec9-99e7-54ffd578759e)
2019-06-16 07:46:25.375 18063 RALLYDEBUG rally_openstack.cleanup.manager [-] Deleting neutron.network object s_rally_26c58a40_8HnVh7FU (4c554166-f7f8-4281-b916-04c4f4b25a46)
2019-06-16 07:46:25.376 18063 RALLYDEBUG rally_openstack.cleanup.manager [-] Deleting neutron.network object s_rally_26c58a40_aAQvQdI3 (5305d0a8-cbb2-446f-926c-0e34317bd829)
2019-06-16 07:46:25.400 18063 RALLYDEBUG rally_openstack.cleanup.manager [-] Deleting neutron.network object s_rally_26c58a40_oOgMLR6j (643b2eed-07a1-4303-8232-f19ed5edd22e)
2019-06-16 07:46:25.405 18063 RALLYDEBUG rally_openstack.cleanup.manager [-] Deleting neutron.network object s_rally_26c58a40_aeghlkTF (67340113-4422-4460-8dd5-b6fe126ca762)
2019-06-16 07:46:25.423 18063 RALLYDEBUG rally_openstack.cleanup.manager [-] Deleting neutron.network object s_rally_26c58a40_iq2GnV3Q (67d42342-7a27-4325-ba5f-ef4d7481f739)
2019-06-16 07:46:25.445 18063 RALLYDEBUG rally_openstack.cleanup.manager [-] Deleting neutron.network object s_rally_26c58a40_eawZl9KG (6a559751-0cf0-4b92-beff-a851d1e08161)
2019-06-16 07:46:27.735 18063 RALLYDEBUG rally_openstack.cleanup.manager [-] Deleting neutron.network object s_rally_26c58a40_Zg1nnLwR (7fe11c6b-7eef-41d9-b54e-f531d974fc1f)
2019-06-16 07:46:27.779 18063 RALLYDEBUG rally_openstack.cleanup.manager [-] Deleting neutron.network object s_rally_26c58a40_eeZ6Uxvb (84dd9d91-7342-48a0-bed3-623be576412d)
2019-06-16 07:46:27.800 18063 RALLYDEBUG rally_openstack.cleanup.manager [-] Deleting neutron.network object s_rally_26c58a40_ghZ6wvda (8896d819-f0d0-4688-97f0-d70354e3456c)
2019-06-16 07:46:27.850 18063 RALLYDEBUG rally_openstack.cleanup.manager [-] Deleting neutron.network object s_rally_26c58a40_7ySt60pU (8b571867-09e5-4338-8917-de5d8fb0746a)
2019-06-16 07:46:27.956 18063 RALLYDEBUG rally_openstack.cleanup.manager [-] Deleting neutron.network object s_rally_26c58a40_l2HOKY99 (8efb9dff-7f23-4783-9892-e6838d94423b)
2019-06-16 07:46:28.178 18063 RALLYDEBUG rally_openstack.cleanup.manager [-] Deleting neutron.network object s_rally_26c58a40_ZG6Fw8oA (8fc00031-047f-4dac-9ce1-f8466678772e)
2019-06-16 07:46:28.181 18063 RALLYDEBUG rally_openstack.cleanup.manager [-] Deleting neutron.network object s_rally_26c58a40_4pu4FyLP (94204de7-da72-4a0d-aecb-03b070f42f13)
2019-06-16 07:46:28.205 18063 RALLYDEBUG rally_openstack.cleanup.manager [-] Deleting neutron.network object s_rally_26c58a40_pWQO1DIN (9eb0c66f-dab6-4dd4-8b3c-626aa8f92d25)
2019-06-16 07:46:28.286 18063 RALLYDEBUG rally_openstack.cleanup.manager [-] Deleting neutron.network object s_rally_26c58a40_4YuU4Fba (ac8cefb3-cbb4-48f7-8b24-8b4faec5077d)
2019-06-16 07:46:28.311 18063 RALLYDEBUG rally_openstack.cleanup.manager [-] Deleting neutron.network object s_rally_26c58a40_TqL5FD7F (b323e348-8843-434a-b97e-58f02181225f)
2019-06-16 07:46:28.316 18063 RALLYDEBUG rally_openstack.cleanup.manager [-] Deleting neutron.network object s_rally_26c58a40_HhAVe7BH (b3231112-dcc1-44b2-a7bd-e98881f70025)
2019-06-16 07:46:28.353 18063 RALLYDEBUG rally_openstack.cleanup.manager [-] Deleting neutron.network object s_rally_26c58a40_T5UAGbSA (bac06e31-d3c0-4ef8-b195-6f9f8b1af926)
2019-06-16 07:46:28.368 18063 RALLYDEBUG rally_openstack.cleanup.manager [-] Deleting neutron.network object s_rally_26c58a40_LCqPjRHl (baf4d745-5d18-4d3d-aac4-ba773a285f40)
2019-06-16 07:46:28.387 18063 RALLYDEBUG rally_openstack.cleanup.manager [-] Deleting neutron.network object s_rally_26c58a40_RwVTX71I (c088235f-2653-4c9a-9dc5-164f86a7d01b)
2019-06-16 07:46:28.393 18063 RALLYDEBUG rally_openstack.cleanup.manager [-] Deleting neutron.network object s_rally_26c58a40_1zabbu8O (c67e470b-09c7-464c-a248-4ea0db2d009b)
2019-06-16 07:46:28.490 18063 RALLYDEBUG rally_openstack.cleanup.manager [-] Deleting neutron.network object s_rally_26c58a40_npWGNTVK (eae51d85-2905-40b9-8e97-13b7da2db378)
2019-06-16 07:46:28.686 18063 RALLYDEBUG rally_openstack.cleanup.manager [-] Deleting neutron.network object s_rally_26c58a40_mj6RUShm (f2af88a9-b8ea-4c5a-9257-561322093e2f)
2019-06-16 07:46:28.703 18063 RALLYDEBUG rally_openstack.cleanup.manager [-] Deleting neutron.network object s_rally_26c58a40_6ia6DzN0 (f42bbe21-6a5f-459f-af5b-736b49b8619c)
2019-06-16 07:46:28.835 18063 RALLYDEBUG rally_openstack.cleanup.manager [-] Deleting neutron.network object s_rally_26c58a40_1sTo0gsV (fa707ace-e5bd-4cd2-b9c4-78fbf7e961f8)
2019-06-16 07:46:28.843 18063 RALLYDEBUG rally_openstack.cleanup.manager [-] Deleting neutron.network object s_rally_26c58a40_GfwcmfXm (fb6c4734-f026-41a7-9b01-1c0326cbf4a6)
2019-06-16 07:46:31.444 18063 RALLYDEBUG rally_openstack.cleanup.manager [-] Cleaning up neutron router objects
2019-06-16 07:46:32.146 18063 RALLYDEBUG rally_openstack.cleanup.manager [-] Cleaning up neutron security_group objects
2019-06-16 07:46:32.586 18063 INFO rally.task.context [-] Task fd541728-b480-4371-83e5-10f84e5e4f3d | Context cleanup@openstack cleanup() finished in 34.90 sec
2019-06-16 07:46:32.586 18063 INFO rally.task.context [-] Task fd541728-b480-4371-83e5-10f84e5e4f3d | Context quotas@openstack cleanup() started
2019-06-16 07:46:32.667 18063 INFO rally.task.context [-] Task fd541728-b480-4371-83e5-10f84e5e4f3d | Context quotas@openstack cleanup() finished in 80.84 msec
2019-06-16 07:46:32.668 18063 INFO rally.task.context [-] Task fd541728-b480-4371-83e5-10f84e5e4f3d | Context users@openstack cleanup() started
2019-06-16 07:46:35.611 18063 INFO rally.task.context [-] Task fd541728-b480-4371-83e5-10f84e5e4f3d | Context users@openstack cleanup() finished in 2.94 sec
2019-06-16 07:46:36.356 18063 INFO rally.task.engine [-] Load duration is: 22.69519
2019-06-16 07:46:36.357 18063 INFO rally.task.engine [-] Full runner duration is: 22.751342
2019-06-16 07:46:36.357 18063 INFO rally.task.engine [-] Full duration is: 63.557602
2019-06-16 07:46:36.675 18063 INFO rally.task.engine [-] Running workload: position = 2 config = { "version": 2, "title": "A cropped version of a bigger task.", "description": "Auto-generated task from a single workload (uuid=e258a80e-edfb-44a1-83e2-21f448b708df)", "subtasks": [ { "title": "NeutronNetworks.create_and_delete_ports", "description": "Create and delete a port.", "scenario": { "NeutronNetworks.create_and_delete_ports": { "network_create_args": {}, "port_create_args": {}, "ports_per_network": 5 } }, "contexts": { "users": { "tenants": 1, "users_per_tenant": 1 }, "quotas": { "neutron": { "network": -1, "port": -1 } } }, "runner": { "constant": { "times": 40, "concurrency": 20 } }, "hooks": [], "sla": { "failure_rate": { "max": 0 } } } ] }
2019-06-16 07:46:36.702 18063 RALLYDEBUG rally_openstack.contexts.keystone.users [-] Creating 1 tenants using 20 threads
2019-06-16 07:46:37.658 18063 RALLYDEBUG rally_openstack.contexts.keystone.users [-] Creating 1 users using 20 threads
2019-06-16 07:46:39.096 18063 INFO rally.task.context [-] Task fd541728-b480-4371-83e5-10f84e5e4f3d | Context users@openstack setup() finished in 2.39 sec
2019-06-16 07:46:39.664 18063 INFO rally.task.context [-] Task fd541728-b480-4371-83e5-10f84e5e4f3d | Context quotas@openstack setup() finished in 0.57 sec
2019-06-16 07:46:39.665 18063 INFO rally.task.context [-] Task fd541728-b480-4371-83e5-10f84e5e4f3d | Context cleanup@openstack setup() finished in 0.01 msec
2019-06-16 07:46:39.674 18063 RALLYDEBUG rally.task.runner [-] Starting the constant runner (task UUID: fd541728-b480-4371-83e5-10f84e5e4f3d). timeout: 0 concurrency: 20 concurrency_per_worker: 1 times: 40 concurrency_overhead: 4 processes_to_start: 16 max_cpu_used: 16
2019-06-16 07:46:39.689 22309 RALLYDEBUG rally.task.runner [-] Starting a worker. concurrency: 2 args: {"network_create_args": {}, "port_create_args": {}, "ports_per_network": 5} times: 40 method_name: run timeout: 0 duration: None cls:
2019-06-16 07:46:39.692 22310 RALLYDEBUG rally.task.runner [-] Starting a worker. concurrency: 2 args: {"network_create_args": {}, "port_create_args": {}, "ports_per_network": 5} times: 40 method_name: run timeout: 0 duration: None cls:
2019-06-16 07:46:39.695 22311 RALLYDEBUG rally.task.runner [-] Starting a worker. concurrency: 2 args: {"network_create_args": {}, "port_create_args": {}, "ports_per_network": 5} times: 40 method_name: run timeout: 0 duration: None cls:
2019-06-16 07:46:39.698 22312 RALLYDEBUG rally.task.runner [-] Starting a worker. concurrency: 2 args: {"network_create_args": {}, "port_create_args": {}, "ports_per_network": 5} times: 40 method_name: run timeout: 0 duration: None cls:
2019-06-16 07:46:39.699 22309 INFO rally.task.runner [-] Task fd541728-b480-4371-83e5-10f84e5e4f3d | ITER: 1 START
2019-06-16 07:46:39.702 22313 RALLYDEBUG rally.task.runner [-] Starting a worker. concurrency: 1 args: {"network_create_args": {}, "port_create_args": {}, "ports_per_network": 5} times: 40 method_name: run timeout: 0 duration: None cls:
2019-06-16 07:46:39.702 22309 WARNING rally_openstack.scenarios.neutron.utils [-] Running this scenario without either the 'network' or 'existing_network' context is deprecated
2019-06-16 07:46:39.703 22311 INFO rally.task.runner [-] Task fd541728-b480-4371-83e5-10f84e5e4f3d | ITER: 4 START
2019-06-16 07:46:39.702 22310 INFO rally.task.runner [-] Task fd541728-b480-4371-83e5-10f84e5e4f3d | ITER: 2 START
2019-06-16 07:46:39.705 22312 INFO rally.task.runner [-] Task fd541728-b480-4371-83e5-10f84e5e4f3d | ITER: 6 START
2019-06-16 07:46:39.703 22310 INFO rally.task.runner [-] Task fd541728-b480-4371-83e5-10f84e5e4f3d | ITER: 5 START
2019-06-16 07:46:39.706 22310 WARNING rally_openstack.scenarios.neutron.utils [-] Running this scenario without either the 'network' or 'existing_network' context is deprecated
2019-06-16 07:46:39.707 22317 RALLYDEBUG rally.task.runner [-] Starting a worker. concurrency: 1 args: {"network_create_args": {}, "port_create_args": {}, "ports_per_network": 5} times: 40 method_name: run timeout: 0 duration: None cls:
2019-06-16 07:46:39.708 22312 WARNING rally_openstack.scenarios.neutron.utils [-] Running this scenario without either the 'network' or 'existing_network' context is deprecated
2019-06-16 07:46:39.708 22311 WARNING rally_openstack.scenarios.neutron.utils [-] Running this scenario without either the 'network' or 'existing_network' context is deprecated
2019-06-16 07:46:39.707 22310 WARNING rally_openstack.scenarios.neutron.utils [-] Running this scenario without either the 'network' or 'existing_network' context is deprecated
2019-06-16 07:46:39.709 22323 RALLYDEBUG rally.task.runner [-] Starting a worker. concurrency: 1 args: {"network_create_args": {}, "port_create_args": {}, "ports_per_network": 5} times: 40 method_name: run timeout: 0 duration: None cls:
2019-06-16 07:46:39.712 22313 INFO rally.task.runner [-] Task fd541728-b480-4371-83e5-10f84e5e4f3d | ITER: 9 START
2019-06-16 07:46:39.713 22326 RALLYDEBUG rally.task.runner [-] Starting a worker. concurrency: 1 args: {"network_create_args": {}, "port_create_args": {}, "ports_per_network": 5} times: 40 method_name: run timeout: 0 duration: None cls:
2019-06-16 07:46:39.714 22313 WARNING rally_openstack.scenarios.neutron.utils [-] Running this scenario without either the 'network' or 'existing_network' context is deprecated
2019-06-16 07:46:39.715 22317 INFO rally.task.runner [-] Task fd541728-b480-4371-83e5-10f84e5e4f3d | ITER: 10 START
2019-06-16 07:46:39.716 22323 INFO rally.task.runner [-] Task fd541728-b480-4371-83e5-10f84e5e4f3d | ITER: 11 START
2019-06-16 07:46:39.716 22327 RALLYDEBUG rally.task.runner [-] Starting a worker. concurrency: 1 args: {"network_create_args": {}, "port_create_args": {}, "ports_per_network": 5} times: 40 method_name: run timeout: 0 duration: None cls:
2019-06-16 07:46:39.718 22323 WARNING rally_openstack.scenarios.neutron.utils [-] Running this scenario without either the 'network' or 'existing_network' context is deprecated
2019-06-16 07:46:39.718 22317 WARNING rally_openstack.scenarios.neutron.utils [-] Running this scenario without either the 'network' or 'existing_network' context is deprecated
2019-06-16 07:46:39.722 22326 INFO rally.task.runner [-] Task fd541728-b480-4371-83e5-10f84e5e4f3d | ITER: 12 START
2019-06-16 07:46:39.722 22331 RALLYDEBUG rally.task.runner [-] Starting a worker. concurrency: 1 args: {"network_create_args": {}, "port_create_args": {}, "ports_per_network": 5} times: 40 method_name: run timeout: 0 duration: None cls:
2019-06-16 07:46:39.723 22327 INFO rally.task.runner [-] Task fd541728-b480-4371-83e5-10f84e5e4f3d | ITER: 13 START
2019-06-16 07:46:39.724 22326 WARNING rally_openstack.scenarios.neutron.utils [-] Running this scenario without either the 'network' or 'existing_network' context is deprecated
2019-06-16 07:46:39.725 22336 RALLYDEBUG rally.task.runner [-] Starting a worker. concurrency: 1 args: {"network_create_args": {}, "port_create_args": {}, "ports_per_network": 5} times: 40 method_name: run timeout: 0 duration: None cls:
2019-06-16 07:46:39.730 22327 WARNING rally_openstack.scenarios.neutron.utils [-] Running this scenario without either the 'network' or 'existing_network' context is deprecated
2019-06-16 07:46:39.731 22331 INFO rally.task.runner [-] Task fd541728-b480-4371-83e5-10f84e5e4f3d | ITER: 14 START
2019-06-16 07:46:39.732 22336 INFO rally.task.runner [-] Task fd541728-b480-4371-83e5-10f84e5e4f3d | ITER: 15 START
2019-06-16 07:46:39.734 22331 WARNING rally_openstack.scenarios.neutron.utils [-] Running this scenario without either the 'network' or 'existing_network' context is deprecated
2019-06-16 07:46:39.734 22336 WARNING rally_openstack.scenarios.neutron.utils [-] Running this scenario without either the 'network' or 'existing_network' context is deprecated
2019-06-16 07:46:39.734 22342 RALLYDEBUG rally.task.runner [-] Starting a worker. concurrency: 1 args: {"network_create_args": {}, "port_create_args": {}, "ports_per_network": 5} times: 40 method_name: run timeout: 0 duration: None cls:
2019-06-16 07:46:39.742 22342 INFO rally.task.runner [-] Task fd541728-b480-4371-83e5-10f84e5e4f3d | ITER: 16 START
2019-06-16 07:46:39.741 22347 RALLYDEBUG rally.task.runner [-] Starting a worker. concurrency: 1 args: {"network_create_args": {}, "port_create_args": {}, "ports_per_network": 5} times: 40 method_name: run timeout: 0 duration: None cls:
2019-06-16 07:46:39.744 22342 WARNING rally_openstack.scenarios.neutron.utils [-] Running this scenario without either the 'network' or 'existing_network' context is deprecated
2019-06-16 07:46:39.749 22347 INFO rally.task.runner [-] Task fd541728-b480-4371-83e5-10f84e5e4f3d | ITER: 17 START
2019-06-16 07:46:39.750 22350 RALLYDEBUG rally.task.runner [-] Starting a worker. concurrency: 1 args: {"network_create_args": {}, "port_create_args": {}, "ports_per_network": 5} times: 40 method_name: run timeout: 0 duration: None cls:
2019-06-16 07:46:39.752 22347 WARNING rally_openstack.scenarios.neutron.utils [-] Running this scenario without either the 'network' or 'existing_network' context is deprecated
2019-06-16 07:46:39.756 22353 RALLYDEBUG rally.task.runner [-] Starting a worker. concurrency: 1 args: {"network_create_args": {}, "port_create_args": {}, "ports_per_network": 5} times: 40 method_name: run timeout: 0 duration: None cls:
2019-06-16 07:46:39.762 22353 INFO rally.task.runner [-] Task fd541728-b480-4371-83e5-10f84e5e4f3d | ITER: 19 START
2019-06-16 07:46:39.763 22353 WARNING rally_openstack.scenarios.neutron.utils [-] Running this scenario without either the 'network' or 'existing_network' context is deprecated
2019-06-16 07:46:39.765 22355 RALLYDEBUG rally.task.runner [-] Starting a worker. concurrency: 1 args: {"network_create_args": {}, "port_create_args": {}, "ports_per_network": 5} times: 40 method_name: run timeout: 0 duration: None cls:
2019-06-16 07:46:39.770 22350 INFO rally.task.runner [-] Task fd541728-b480-4371-83e5-10f84e5e4f3d | ITER: 18 START
2019-06-16 07:46:39.772 22350 WARNING rally_openstack.scenarios.neutron.utils [-] Running this scenario without either the 'network' or 'existing_network' context is deprecated
2019-06-16 07:46:39.784 22355 INFO rally.task.runner [-] Task fd541728-b480-4371-83e5-10f84e5e4f3d | ITER: 20 START
2019-06-16 07:46:39.785 22355 WARNING rally_openstack.scenarios.neutron.utils [-] Running this scenario without either the 'network' or 'existing_network' context is deprecated
2019-06-16 07:46:39.919 22312 INFO rally.task.runner [-] Task fd541728-b480-4371-83e5-10f84e5e4f3d | ITER: 8 START
2019-06-16 07:46:39.920 22312 WARNING rally_openstack.scenarios.neutron.utils [-] Running this scenario without either the 'network' or 'existing_network' context is deprecated
2019-06-16 07:46:39.703 22309 INFO rally.task.runner [-] Task fd541728-b480-4371-83e5-10f84e5e4f3d | ITER: 3 START
2019-06-16 07:46:39.712 22311 INFO rally.task.runner [-] Task fd541728-b480-4371-83e5-10f84e5e4f3d | ITER: 7 START
2019-06-16 07:46:39.925 22311 WARNING rally_openstack.scenarios.neutron.utils [-] Running this scenario without either the 'network' or 'existing_network' context is deprecated
2019-06-16 07:46:39.925 22309 WARNING rally_openstack.scenarios.neutron.utils [-] Running this scenario without either the 'network' or 'existing_network' context is deprecated
2019-06-16 07:46:49.970 22342 INFO rally.task.runner [-] Task fd541728-b480-4371-83e5-10f84e5e4f3d | ITER: 16 END: OK
2019-06-16 07:46:49.975 22342 INFO rally.task.runner [-] Task fd541728-b480-4371-83e5-10f84e5e4f3d | ITER: 21 START
2019-06-16 07:46:49.976 22342 WARNING rally_openstack.scenarios.neutron.utils [-] Running this scenario without either the 'network' or 'existing_network' context is deprecated
2019-06-16 07:46:50.347 22317 INFO rally.task.runner [-] Task fd541728-b480-4371-83e5-10f84e5e4f3d | ITER: 10 END: OK
2019-06-16 07:46:50.352 22317 INFO rally.task.runner [-] Task fd541728-b480-4371-83e5-10f84e5e4f3d | ITER: 22 START
2019-06-16 07:46:50.352 22317 WARNING rally_openstack.scenarios.neutron.utils [-] Running this scenario without either the 'network' or 'existing_network' context is deprecated
2019-06-16 07:46:50.533 22355 INFO rally.task.runner [-] Task fd541728-b480-4371-83e5-10f84e5e4f3d | ITER: 20 END: OK
2019-06-16 07:46:50.538 22355 INFO rally.task.runner [-] Task fd541728-b480-4371-83e5-10f84e5e4f3d | ITER: 23 START
2019-06-16 07:46:50.539 22355 WARNING rally_openstack.scenarios.neutron.utils [-] Running this scenario without either the 'network' or 'existing_network' context is deprecated
2019-06-16 07:46:51.008 22310 INFO rally.task.runner [-] Task fd541728-b480-4371-83e5-10f84e5e4f3d | ITER: 2 END: OK
2019-06-16 07:46:51.012 22310 INFO rally.task.runner [-] Task fd541728-b480-4371-83e5-10f84e5e4f3d | ITER: 24 START
2019-06-16 07:46:51.013 22310 WARNING rally_openstack.scenarios.neutron.utils [-] Running this scenario without either the 'network' or 'existing_network' context is deprecated
2019-06-16 07:46:51.063 22311 INFO rally.task.runner [-] Task fd541728-b480-4371-83e5-10f84e5e4f3d | ITER: 4 END: OK
2019-06-16 07:46:51.073 22311 INFO rally.task.runner [-] Task fd541728-b480-4371-83e5-10f84e5e4f3d | ITER: 25 START
2019-06-16 07:46:51.074 22311 WARNING rally_openstack.scenarios.neutron.utils [-] Running this scenario without either the 'network' or 'existing_network' context is deprecated
2019-06-16 07:46:51.079 22353 INFO rally.task.runner [-] Task fd541728-b480-4371-83e5-10f84e5e4f3d | ITER: 19 END: OK
2019-06-16 07:46:51.083 22353 INFO rally.task.runner [-] Task fd541728-b480-4371-83e5-10f84e5e4f3d | ITER: 26 START
2019-06-16 07:46:51.084 22353 WARNING rally_openstack.scenarios.neutron.utils [-] Running this scenario without either the 'network' or 'existing_network' context is deprecated
2019-06-16 07:46:51.091 22309 INFO rally.task.runner [-] Task fd541728-b480-4371-83e5-10f84e5e4f3d | ITER: 3 END: OK
2019-06-16 07:46:51.095 22309 INFO rally.task.runner [-] Task fd541728-b480-4371-83e5-10f84e5e4f3d | ITER: 27 START
2019-06-16 07:46:51.096 22309 WARNING rally_openstack.scenarios.neutron.utils [-] Running this scenario without either the 'network' or 'existing_network' context is deprecated
2019-06-16 07:46:51.150 22331 INFO rally.task.runner [-] Task fd541728-b480-4371-83e5-10f84e5e4f3d | ITER: 14 END: OK
2019-06-16 07:46:51.155 22331 INFO rally.task.runner [-] Task fd541728-b480-4371-83e5-10f84e5e4f3d | ITER: 28 START
2019-06-16 07:46:51.156 22331 WARNING rally_openstack.scenarios.neutron.utils [-] Running this scenario without either the 'network' or 'existing_network' context is deprecated
2019-06-16 07:46:51.435 22347 INFO rally.task.runner [-] Task fd541728-b480-4371-83e5-10f84e5e4f3d | ITER: 17 END: OK
2019-06-16 07:46:51.439 22347 INFO rally.task.runner [-] Task fd541728-b480-4371-83e5-10f84e5e4f3d | ITER: 29 START
2019-06-16 07:46:51.440 22347 WARNING rally_openstack.scenarios.neutron.utils [-] Running this scenario without either the 'network' or 'existing_network' context is deprecated
2019-06-16 07:46:51.723 22350 INFO rally.task.runner [-] Task fd541728-b480-4371-83e5-10f84e5e4f3d | ITER: 18 END: OK
2019-06-16 07:46:51.728 22350 INFO rally.task.runner [-] Task fd541728-b480-4371-83e5-10f84e5e4f3d | ITER: 30 START
2019-06-16 07:46:51.728 22350 WARNING rally_openstack.scenarios.neutron.utils [-] Running this scenario without either the 'network' or 'existing_network' context is deprecated
2019-06-16 07:46:51.753 22311 INFO rally.task.runner [-] Task fd541728-b480-4371-83e5-10f84e5e4f3d | ITER: 7 END: OK
2019-06-16 07:46:51.757 22311 INFO rally.task.runner [-] Task fd541728-b480-4371-83e5-10f84e5e4f3d | ITER: 31 START
2019-06-16 07:46:51.758 22311 WARNING rally_openstack.scenarios.neutron.utils [-] Running this scenario without either the 'network' or 'existing_network' context is deprecated
2019-06-16 07:46:51.971 22327 INFO rally.task.runner [-] Task fd541728-b480-4371-83e5-10f84e5e4f3d | ITER: 13 END: OK
2019-06-16 07:46:51.976 22327 INFO rally.task.runner [-] Task fd541728-b480-4371-83e5-10f84e5e4f3d | ITER: 32 START
2019-06-16 07:46:51.977 22327 WARNING rally_openstack.scenarios.neutron.utils [-] Running this scenario without either the 'network' or 'existing_network' context is deprecated
2019-06-16 07:46:52.000 22323 INFO rally.task.runner [-] Task fd541728-b480-4371-83e5-10f84e5e4f3d | ITER: 11 END: OK
2019-06-16 07:46:52.005 22323 INFO rally.task.runner [-] Task fd541728-b480-4371-83e5-10f84e5e4f3d | ITER: 33 START
2019-06-16 07:46:52.005 22323 WARNING rally_openstack.scenarios.neutron.utils [-] Running this scenario without either the 'network' or 'existing_network' context is deprecated
2019-06-16 07:46:52.659 22310 INFO rally.task.runner [-] Task fd541728-b480-4371-83e5-10f84e5e4f3d | ITER: 5 END: OK
2019-06-16 07:46:52.663 22310 INFO rally.task.runner [-] Task fd541728-b480-4371-83e5-10f84e5e4f3d | ITER: 34 START
2019-06-16 07:46:52.664 22310 WARNING rally_openstack.scenarios.neutron.utils [-] Running this scenario without either the 'network' or 'existing_network' context is deprecated
2019-06-16 07:46:52.904 22336 INFO rally.task.runner [-] Task fd541728-b480-4371-83e5-10f84e5e4f3d | ITER: 15 END: OK
2019-06-16 07:46:52.909 22336 INFO rally.task.runner [-] Task fd541728-b480-4371-83e5-10f84e5e4f3d | ITER: 35 START
2019-06-16 07:46:52.910 22336 WARNING rally_openstack.scenarios.neutron.utils [-] Running this scenario without either the 'network' or 'existing_network' context is deprecated
2019-06-16 07:46:53.316 22312 INFO rally.task.runner [-] Task fd541728-b480-4371-83e5-10f84e5e4f3d | ITER: 8 END: OK
2019-06-16 07:46:53.320 22312 INFO rally.task.runner [-] Task fd541728-b480-4371-83e5-10f84e5e4f3d | ITER: 36 START
2019-06-16 07:46:53.321 22312 WARNING rally_openstack.scenarios.neutron.utils [-] Running this scenario without either the 'network' or 'existing_network' context is deprecated
2019-06-16 07:46:53.546 22326 INFO rally.task.runner [-] Task fd541728-b480-4371-83e5-10f84e5e4f3d | ITER: 12 END: OK
2019-06-16 07:46:53.550 22326 INFO rally.task.runner [-] Task fd541728-b480-4371-83e5-10f84e5e4f3d | ITER: 37 START
2019-06-16 07:46:53.551 22326 WARNING rally_openstack.scenarios.neutron.utils [-] Running this scenario without either the 'network' or 'existing_network' context is deprecated
2019-06-16 07:46:54.076 22312 INFO rally.task.runner [-] Task fd541728-b480-4371-83e5-10f84e5e4f3d | ITER: 6 END: OK
2019-06-16 07:46:54.080 22312 INFO rally.task.runner [-] Task fd541728-b480-4371-83e5-10f84e5e4f3d | ITER: 38 START
2019-06-16 07:46:54.081 22312 WARNING rally_openstack.scenarios.neutron.utils [-] Running this scenario without either the 'network' or 'existing_network' context is deprecated
2019-06-16 07:46:55.735 22313 INFO rally.task.runner [-] Task fd541728-b480-4371-83e5-10f84e5e4f3d | ITER: 9 END: OK
2019-06-16 07:46:55.740 22313 INFO rally.task.runner [-] Task fd541728-b480-4371-83e5-10f84e5e4f3d | ITER: 39 START
