2019-06-16 07:32:44.909 18054 RALLYDEBUG rally.api [-] INFO logs from urllib3 and requests module are hide.
2019-06-16 07:32:44.909 18054 RALLYDEBUG rally.api [-] urllib3 insecure warnings are hidden.
2019-06-16 07:32:44.909 18054 RALLYDEBUG rally.api [-] ERROR log from boto module is hide.
2019-06-16 07:32:47.505 18056 RALLYDEBUG rally.api [-] INFO logs from urllib3 and requests module are hide.
2019-06-16 07:32:47.506 18056 RALLYDEBUG rally.api [-] urllib3 insecure warnings are hidden.
2019-06-16 07:32:47.506 18056 RALLYDEBUG rally.api [-] ERROR log from boto module is hide.
2019-06-16 07:32:49.068 18056 WARNING rally_openstack.platforms.existing [-] endpoint is deprecated and not used.
2019-06-16 07:32:50.155 18058 RALLYDEBUG rally.api [-] INFO logs from urllib3 and requests module are hide.
2019-06-16 07:32:50.155 18058 RALLYDEBUG rally.api [-] urllib3 insecure warnings are hidden.
2019-06-16 07:32:50.155 18058 RALLYDEBUG rally.api [-] ERROR log from boto module is hide.
2019-06-16 07:32:53.518 18061 RALLYDEBUG rally.api [-] INFO logs from urllib3 and requests module are hide.
2019-06-16 07:32:53.518 18061 RALLYDEBUG rally.api [-] urllib3 insecure warnings are hidden.
2019-06-16 07:32:53.518 18061 RALLYDEBUG rally.api [-] ERROR log from boto module is hide.
2019-06-16 07:32:55.098 18063 RALLYDEBUG rally.api [-] INFO logs from urllib3 and requests module are hide.
2019-06-16 07:32:55.098 18063 RALLYDEBUG rally.api [-] urllib3 insecure warnings are hidden.
2019-06-16 07:32:55.099 18063 RALLYDEBUG rally.api [-] ERROR log from boto module is hide.
2019-06-16 07:32:56.437 18063 INFO rally.common.plugin.discover [-] Loading plugins from directories /root/.rally/plugins/*
2019-06-16 07:32:56.438 18063 INFO rally.common.plugin.discover [-] Loaded module with plugins: /root/.rally/plugins/__init__.py
2019-06-16 07:32:56.440 18063 INFO rally.common.plugin.discover [-] Loaded module with plugins: /root/.rally/plugins/trunk_scenario.py
2019-06-16 07:32:56.669 18063 INFO rally.task.engine [-] Task fd541728-b480-4371-83e5-10f84e5e4f3d | Starting: Task validation.
2019-06-16 07:32:56.727 18063 INFO rally.task.engine [-] Task fd541728-b480-4371-83e5-10f84e5e4f3d | Starting: Task validation of syntax.
2019-06-16 07:32:56.971 18063 INFO rally.task.engine [-] Task fd541728-b480-4371-83e5-10f84e5e4f3d | Completed: Task validation of syntax.
2019-06-16 07:32:56.971 18063 INFO rally.task.engine [-] Task fd541728-b480-4371-83e5-10f84e5e4f3d | Starting: Task validation of required platforms.
2019-06-16 07:32:57.042 18063 INFO rally.task.engine [-] Task fd541728-b480-4371-83e5-10f84e5e4f3d | Completed: Task validation of required platforms.
2019-06-16 07:32:57.042 18063 INFO rally.task.engine [-] Task fd541728-b480-4371-83e5-10f84e5e4f3d | Starting: Task validation of semantic.
2019-06-16 07:32:57.042 18063 INFO rally.task.engine [-] Check health of the environment 'ca40ab8e-063f-44c1-938a-10b7844d6473'.
2019-06-16 07:32:57.623 18063 INFO rally.task.engine [-] Platform existing@openstack (available: True): OK!
2019-06-16 07:32:57.642 18063 RALLYDEBUG rally_openstack.contexts.keystone.users [-] Creating 1 tenants using 20 threads
2019-06-16 07:32:58.541 18063 RALLYDEBUG rally_openstack.contexts.keystone.users [-] Creating 1 users using 20 threads
2019-06-16 07:32:59.977 18063 INFO rally.task.context [-] Task fd541728-b480-4371-83e5-10f84e5e4f3d | Context users@openstack setup() finished in 2.34 sec
2019-06-16 07:33:04.633 18063 INFO rally.task.context [-] Task fd541728-b480-4371-83e5-10f84e5e4f3d | Context users@openstack cleanup() started
2019-06-16 07:33:07.947 18063 INFO rally.task.context [-] Task fd541728-b480-4371-83e5-10f84e5e4f3d | Context users@openstack cleanup() finished in 3.31 sec
2019-06-16 07:33:07.948 18063 INFO rally.task.engine [-] Task fd541728-b480-4371-83e5-10f84e5e4f3d | Completed: Task validation of semantic.
2019-06-16 07:33:07.948 18063 INFO rally.task.engine [-] Task fd541728-b480-4371-83e5-10f84e5e4f3d | Completed: Task validation.
2019-06-16 07:33:07.948 18063 INFO rally.api [-] Task fd541728-b480-4371-83e5-10f84e5e4f3d input file is valid.
2019-06-16 07:33:07.949 18063 INFO rally.api [-] Run Task fd541728-b480-4371-83e5-10f84e5e4f3d against Deployment ca40ab8e-063f-44c1-938a-10b7844d6473
2019-06-16 07:33:07.949 18063 INFO rally.task.engine [-] Task fd541728-b480-4371-83e5-10f84e5e4f3d | Starting: Running task.
2019-06-16 07:33:08.124 18063 INFO rally.task.engine [-] Running workload: position = 0 config = { "version": 2, "title": "A cropped version of a bigger task.", "description": "Auto-generated task from a single workload (uuid=1b88e777-7804-4440-930b-37130c64c87e)", "subtasks": [ { "title": "NeutronNetworks.create_and_list_networks", "description": "Check performance of list_networks action and ensure > network quotas are not exceeded", "scenario": { "NeutronNetworks.create_and_list_networks": {} }, "contexts": { "users": { "tenants": 1, "users_per_tenant": 1 }, "quotas": { "neutron": { "network": 119 } } }, "runner": { "constant": { "times": 100, "concurrency": 20 } }, "hooks": [], "sla": { "max_avg_duration_per_atomic": { "neutron.list_networks": 15 }, "failure_rate": { "max": 0 } } } ] }
2019-06-16 07:33:08.149 18063 RALLYDEBUG rally_openstack.contexts.keystone.users [-] Creating 1 tenants using 20 threads
2019-06-16 07:33:09.143 18063 RALLYDEBUG rally_openstack.contexts.keystone.users [-] Creating 1 users using 20 threads
2019-06-16 07:33:10.552 18063 INFO rally.task.context [-] Task fd541728-b480-4371-83e5-10f84e5e4f3d | Context users@openstack setup() finished in 2.40 sec
2019-06-16 07:33:11.005 18063 INFO rally.task.context [-] Task fd541728-b480-4371-83e5-10f84e5e4f3d | Context quotas@openstack setup() finished in 0.45 sec
2019-06-16 07:33:11.005 18063 INFO rally.task.context [-] Task fd541728-b480-4371-83e5-10f84e5e4f3d | Context cleanup@openstack setup() finished in 0.01 msec
2019-06-16 07:33:11.014 18063 RALLYDEBUG rally.task.runner [-] Starting the constant runner (task UUID: fd541728-b480-4371-83e5-10f84e5e4f3d). timeout: 0 concurrency: 20 concurrency_per_worker: 1 times: 100 concurrency_overhead: 4 processes_to_start: 16 max_cpu_used: 16
2019-06-16 07:33:11.027 18187 RALLYDEBUG rally.task.runner [-] Starting a worker. concurrency: 2 args: {} times: 100 method_name: run timeout: 0 duration: None cls:
2019-06-16 07:33:11.030 18188 RALLYDEBUG rally.task.runner [-] Starting a worker. concurrency: 2 args: {} times: 100 method_name: run timeout: 0 duration: None cls:
2019-06-16 07:33:11.033 18189 RALLYDEBUG rally.task.runner [-] Starting a worker. concurrency: 2 args: {} times: 100 method_name: run timeout: 0 duration: None cls:
2019-06-16 07:33:11.035 18190 RALLYDEBUG rally.task.runner [-] Starting a worker. concurrency: 2 args: {} times: 100 method_name: run timeout: 0 duration: None cls:
2019-06-16 07:33:11.034 18187 INFO rally.task.runner [-] Task fd541728-b480-4371-83e5-10f84e5e4f3d | ITER: 1 START
2019-06-16 07:33:11.038 18193 RALLYDEBUG rally.task.runner [-] Starting a worker. concurrency: 1 args: {} times: 100 method_name: run timeout: 0 duration: None cls:
2019-06-16 07:33:11.041 18195 RALLYDEBUG rally.task.runner [-] Starting a worker. concurrency: 1 args: {} times: 100 method_name: run timeout: 0 duration: None cls:
2019-06-16 07:33:11.042 18188 INFO rally.task.runner [-] Task fd541728-b480-4371-83e5-10f84e5e4f3d | ITER: 2 START
2019-06-16 07:33:11.042 18189 INFO rally.task.runner [-] Task fd541728-b480-4371-83e5-10f84e5e4f3d | ITER: 4 START
2019-06-16 07:33:11.044 18193 INFO rally.task.runner [-] Task fd541728-b480-4371-83e5-10f84e5e4f3d | ITER: 8 START
2019-06-16 07:33:11.046 18190 INFO rally.task.runner [-] Task fd541728-b480-4371-83e5-10f84e5e4f3d | ITER: 6 START
2019-06-16 07:33:11.043 18188 INFO rally.task.runner [-] Task fd541728-b480-4371-83e5-10f84e5e4f3d | ITER: 5 START
2019-06-16 07:33:11.046 18199 RALLYDEBUG rally.task.runner [-] Starting a worker. concurrency: 1 args: {} times: 100 method_name: run timeout: 0 duration: None cls:
2019-06-16 07:33:11.048 18203 RALLYDEBUG rally.task.runner [-] Starting a worker. concurrency: 1 args: {} times: 100 method_name: run timeout: 0 duration: None cls:
2019-06-16 07:33:11.049 18187 INFO rally.task.runner [-] Task fd541728-b480-4371-83e5-10f84e5e4f3d | ITER: 3 START
2019-06-16 07:33:11.049 18195 INFO rally.task.runner [-] Task fd541728-b480-4371-83e5-10f84e5e4f3d | ITER: 10 START
2019-06-16 07:33:11.052 18190 INFO rally.task.runner [-] Task fd541728-b480-4371-83e5-10f84e5e4f3d | ITER: 9 START
2019-06-16 07:33:11.053 18211 RALLYDEBUG rally.task.runner [-] Starting a worker. concurrency: 1 args: {} times: 100 method_name: run timeout: 0 duration: None cls:
2019-06-16 07:33:11.055 18199 INFO rally.task.runner [-] Task fd541728-b480-4371-83e5-10f84e5e4f3d | ITER: 11 START
2019-06-16 07:33:11.056 18203 INFO rally.task.runner [-] Task fd541728-b480-4371-83e5-10f84e5e4f3d | ITER: 12 START
2019-06-16 07:33:11.058 18189 INFO rally.task.runner [-] Task fd541728-b480-4371-83e5-10f84e5e4f3d | ITER: 7 START
2019-06-16 07:33:11.060 18216 RALLYDEBUG rally.task.runner [-] Starting a worker. concurrency: 1 args: {} times: 100 method_name: run timeout: 0 duration: None cls:
2019-06-16 07:33:11.063 18211 INFO rally.task.runner [-] Task fd541728-b480-4371-83e5-10f84e5e4f3d | ITER: 13 START
2019-06-16 07:33:11.066 18218 RALLYDEBUG rally.task.runner [-] Starting a worker. concurrency: 1 args: {} times: 100 method_name: run timeout: 0 duration: None cls:
2019-06-16 07:33:11.069 18216 INFO rally.task.runner [-] Task fd541728-b480-4371-83e5-10f84e5e4f3d | ITER: 14 START
2019-06-16 07:33:11.071 18220 RALLYDEBUG rally.task.runner [-] Starting a worker. concurrency: 1 args: {} times: 100 method_name: run timeout: 0 duration: None cls:
2019-06-16 07:33:11.075 18218 INFO rally.task.runner [-] Task fd541728-b480-4371-83e5-10f84e5e4f3d | ITER: 15 START
2019-06-16 07:33:11.078 18223 RALLYDEBUG rally.task.runner [-] Starting a worker. concurrency: 1 args: {} times: 100 method_name: run timeout: 0 duration: None cls:
2019-06-16 07:33:11.080 18220 INFO rally.task.runner [-] Task fd541728-b480-4371-83e5-10f84e5e4f3d | ITER: 16 START
2019-06-16 07:33:11.082 18226 RALLYDEBUG rally.task.runner [-] Starting a worker. concurrency: 1 args: {} times: 100 method_name: run timeout: 0 duration: None cls:
2019-06-16 07:33:11.086 18223 INFO rally.task.runner [-] Task fd541728-b480-4371-83e5-10f84e5e4f3d | ITER: 17 START
2019-06-16 07:33:11.088 18229 RALLYDEBUG rally.task.runner [-] Starting a worker. concurrency: 1 args: {} times: 100 method_name: run timeout: 0 duration: None cls:
2019-06-16 07:33:11.094 18229 INFO rally.task.runner [-] Task fd541728-b480-4371-83e5-10f84e5e4f3d | ITER: 19 START
2019-06-16 07:33:11.094 18232 RALLYDEBUG rally.task.runner [-] Starting a worker. concurrency: 1 args: {} times: 100 method_name: run timeout: 0 duration: None cls:
2019-06-16 07:33:11.095 18226 INFO rally.task.runner [-] Task fd541728-b480-4371-83e5-10f84e5e4f3d | ITER: 18 START
2019-06-16 07:33:11.102 18232 INFO rally.task.runner [-] Task fd541728-b480-4371-83e5-10f84e5e4f3d | ITER: 20 START
2019-06-16 07:33:12.189 18190 INFO rally.task.runner [-] Task fd541728-b480-4371-83e5-10f84e5e4f3d | ITER: 9 END: OK
2019-06-16 07:33:12.194 18190 INFO rally.task.runner [-] Task fd541728-b480-4371-83e5-10f84e5e4f3d | ITER: 21 START
2019-06-16 07:33:12.231 18211 INFO rally.task.runner [-] Task fd541728-b480-4371-83e5-10f84e5e4f3d | ITER: 13 END: OK
2019-06-16 07:33:12.236 18211 INFO rally.task.runner [-] Task fd541728-b480-4371-83e5-10f84e5e4f3d | ITER: 22 START
2019-06-16 07:33:12.264 18187 INFO rally.task.runner [-] Task fd541728-b480-4371-83e5-10f84e5e4f3d | ITER: 3 END: OK
2019-06-16 07:33:12.268 18187 INFO rally.task.runner [-] Task fd541728-b480-4371-83e5-10f84e5e4f3d | ITER: 23 START
2019-06-16 07:33:12.327 18195 INFO rally.task.runner [-] Task fd541728-b480-4371-83e5-10f84e5e4f3d | ITER: 10 END: OK
2019-06-16 07:33:12.331 18195 INFO rally.task.runner [-] Task fd541728-b480-4371-83e5-10f84e5e4f3d | ITER: 24 START
2019-06-16 07:33:12.333 18199 INFO rally.task.runner [-] Task fd541728-b480-4371-83e5-10f84e5e4f3d | ITER: 11 END: OK
2019-06-16 07:33:12.336 18199 INFO rally.task.runner [-] Task fd541728-b480-4371-83e5-10f84e5e4f3d | ITER: 25 START
2019-06-16 07:33:12.443 18193 INFO rally.task.runner [-] Task fd541728-b480-4371-83e5-10f84e5e4f3d | ITER: 8 END: OK
2019-06-16 07:33:12.447 18193 INFO rally.task.runner [-] Task fd541728-b480-4371-83e5-10f84e5e4f3d | ITER: 26 START
2019-06-16 07:33:12.485 18190 INFO rally.task.runner [-] Task fd541728-b480-4371-83e5-10f84e5e4f3d | ITER: 6 END: OK
2019-06-16 07:33:12.486 18187 INFO rally.task.runner [-] Task fd541728-b480-4371-83e5-10f84e5e4f3d | ITER: 1 END: OK
2019-06-16 07:33:12.489 18190 INFO rally.task.runner [-] Task fd541728-b480-4371-83e5-10f84e5e4f3d | ITER: 27 START
2019-06-16 07:33:12.490 18187 INFO rally.task.runner [-] Task fd541728-b480-4371-83e5-10f84e5e4f3d | ITER: 28 START
2019-06-16 07:33:12.550 18188 INFO rally.task.runner [-] Task fd541728-b480-4371-83e5-10f84e5e4f3d | ITER: 5 END: OK
2019-06-16 07:33:12.555 18188 INFO rally.task.runner [-] Task fd541728-b480-4371-83e5-10f84e5e4f3d | ITER: 29 START
2019-06-16 07:33:12.611 18188 INFO rally.task.runner [-] Task fd541728-b480-4371-83e5-10f84e5e4f3d | ITER: 2 END: OK
2019-06-16 07:33:12.615 18188 INFO rally.task.runner [-] Task fd541728-b480-4371-83e5-10f84e5e4f3d | ITER: 30 START
2019-06-16 07:33:12.776 18203 INFO rally.task.runner [-] Task fd541728-b480-4371-83e5-10f84e5e4f3d | ITER: 12 END: OK
2019-06-16 07:33:12.780 18203 INFO rally.task.runner [-] Task fd541728-b480-4371-83e5-10f84e5e4f3d | ITER: 31 START
2019-06-16 07:33:12.801 18229 INFO rally.task.runner [-] Task fd541728-b480-4371-83e5-10f84e5e4f3d | ITER: 19 END: OK
2019-06-16 07:33:12.805 18229 INFO rally.task.runner [-] Task fd541728-b480-4371-83e5-10f84e5e4f3d | ITER: 32 START
2019-06-16 07:33:12.841 18216 INFO rally.task.runner [-] Task fd541728-b480-4371-83e5-10f84e5e4f3d | ITER: 14 END: OK
2019-06-16 07:33:12.844 18216 INFO rally.task.runner [-] Task fd541728-b480-4371-83e5-10f84e5e4f3d | ITER: 33 START
2019-06-16 07:33:12.877 18218 INFO rally.task.runner [-] Task fd541728-b480-4371-83e5-10f84e5e4f3d | ITER: 15 END: OK
2019-06-16 07:33:12.880 18218 INFO rally.task.runner [-] Task fd541728-b480-4371-83e5-10f84e5e4f3d | ITER: 34 START
2019-06-16 07:33:12.914 18223 INFO rally.task.runner [-] Task fd541728-b480-4371-83e5-10f84e5e4f3d | ITER: 17 END: OK
2019-06-16 07:33:12.918 18223 INFO rally.task.runner [-] Task fd541728-b480-4371-83e5-10f84e5e4f3d | ITER: 35 START
2019-06-16 07:33:12.921 18220 INFO rally.task.runner [-] Task fd541728-b480-4371-83e5-10f84e5e4f3d | ITER: 16 END: OK
2019-06-16 07:33:12.925 18220 INFO rally.task.runner [-] Task fd541728-b480-4371-83e5-10f84e5e4f3d | ITER: 36 START
2019-06-16 07:33:12.961 18189 INFO rally.task.runner [-] Task fd541728-b480-4371-83e5-10f84e5e4f3d | ITER: 4 END: OK
2019-06-16 07:33:12.966 18189 INFO rally.task.runner [-] Task fd541728-b480-4371-83e5-10f84e5e4f3d | ITER: 37 START
2019-06-16 07:33:13.103 18189 INFO rally.task.runner [-] Task fd541728-b480-4371-83e5-10f84e5e4f3d | ITER: 7 END: OK
2019-06-16 07:33:13.107 18189 INFO rally.task.runner [-] Task fd541728-b480-4371-83e5-10f84e5e4f3d | ITER: 38 START
2019-06-16 07:33:13.266 18195 INFO rally.task.runner [-] Task fd541728-b480-4371-83e5-10f84e5e4f3d | ITER: 24 END: OK
2019-06-16 07:33:13.271 18195 INFO rally.task.runner [-] Task fd541728-b480-4371-83e5-10f84e5e4f3d | ITER: 39 START
2019-06-16 07:33:13.271 18199 INFO rally.task.runner [-] Task fd541728-b480-4371-83e5-10f84e5e4f3d | ITER: 25 END: OK
2019-06-16 07:33:13.275 18199 INFO rally.task.runner [-] Task fd541728-b480-4371-83e5-10f84e5e4f3d | ITER: 40 START
2019-06-16 07:33:13.311 18211 INFO rally.task.runner [-] Task fd541728-b480-4371-83e5-10f84e5e4f3d | ITER: 22 END: OK
2019-06-16 07:33:13.314 18211 INFO rally.task.runner [-] Task fd541728-b480-4371-83e5-10f84e5e4f3d | ITER: 41 START
2019-06-16 07:33:13.341 18232 INFO rally.task.runner [-] Task fd541728-b480-4371-83e5-10f84e5e4f3d | ITER: 20 END: OK
2019-06-16 07:33:13.345 18232 INFO rally.task.runner [-] Task fd541728-b480-4371-83e5-10f84e5e4f3d | ITER: 42 START
2019-06-16 07:33:13.381 18226 INFO rally.task.runner [-] Task fd541728-b480-4371-83e5-10f84e5e4f3d | ITER: 18 END: OK
2019-06-16 07:33:13.386 18226 INFO rally.task.runner [-] Task fd541728-b480-4371-83e5-10f84e5e4f3d | ITER: 43 START
2019-06-16 07:33:13.539 18187 INFO rally.task.runner [-] Task fd541728-b480-4371-83e5-10f84e5e4f3d | ITER: 28 END: OK
2019-06-16 07:33:13.543 18187 INFO rally.task.runner [-] Task fd541728-b480-4371-83e5-10f84e5e4f3d | ITER: 44 START
2019-06-16 07:33:13.588 18190 INFO rally.task.runner [-] Task fd541728-b480-4371-83e5-10f84e5e4f3d | ITER: 21 END: OK
2019-06-16 07:33:13.591 18190 INFO rally.task.runner [-] Task fd541728-b480-4371-83e5-10f84e5e4f3d | ITER: 45 START
2019-06-16 07:33:13.719 18187 INFO rally.task.runner [-] Task fd541728-b480-4371-83e5-10f84e5e4f3d | ITER: 23 END: OK
2019-06-16 07:33:13.723 18187 INFO rally.task.runner [-] Task fd541728-b480-4371-83e5-10f84e5e4f3d | ITER: 46 START
2019-06-16 07:33:13.823 18190 INFO rally.task.runner [-] Task fd541728-b480-4371-83e5-10f84e5e4f3d | ITER: 27 END: OK
2019-06-16 07:33:13.826 18190 INFO rally.task.runner [-] Task fd541728-b480-4371-83e5-10f84e5e4f3d | ITER: 47 START
2019-06-16 07:33:13.880 18188 INFO rally.task.runner [-] Task fd541728-b480-4371-83e5-10f84e5e4f3d | ITER: 30 END: OK
2019-06-16 07:33:13.884 18188 INFO rally.task.runner [-] Task fd541728-b480-4371-83e5-10f84e5e4f3d | ITER: 48 START
2019-06-16 07:33:13.912 18220 INFO rally.task.runner [-] Task fd541728-b480-4371-83e5-10f84e5e4f3d | ITER: 36 END: OK
2019-06-16 07:33:13.915 18220 INFO rally.task.runner [-] Task fd541728-b480-4371-83e5-10f84e5e4f3d | ITER: 49 START
2019-06-16 07:33:13.971 18193 INFO rally.task.runner [-] Task fd541728-b480-4371-83e5-10f84e5e4f3d | ITER: 26 END: OK
2019-06-16 07:33:13.975 18193 INFO rally.task.runner [-] Task fd541728-b480-4371-83e5-10f84e5e4f3d | ITER: 50 START
2019-06-16 07:33:14.041 18188 INFO rally.task.runner [-] Task fd541728-b480-4371-83e5-10f84e5e4f3d | ITER: 29 END: OK
2019-06-16 07:33:14.044 18188 INFO rally.task.runner [-] Task fd541728-b480-4371-83e5-10f84e5e4f3d | ITER: 51 START
2019-06-16 07:33:14.113 18199 INFO rally.task.runner [-] Task fd541728-b480-4371-83e5-10f84e5e4f3d | ITER: 40 END: OK
2019-06-16 07:33:14.116 18199 INFO rally.task.runner [-] Task fd541728-b480-4371-83e5-10f84e5e4f3d | ITER: 52 START
2019-06-16 07:33:14.379 18203 INFO rally.task.runner [-] Task fd541728-b480-4371-83e5-10f84e5e4f3d | ITER: 31 END: OK
2019-06-16 07:33:14.382 18203 INFO rally.task.runner [-] Task fd541728-b480-4371-83e5-10f84e5e4f3d | ITER: 53 START
2019-06-16 07:33:14.465 18218 INFO rally.task.runner [-] Task fd541728-b480-4371-83e5-10f84e5e4f3d | ITER: 34 END: OK
2019-06-16 07:33:14.468 18218 INFO rally.task.runner [-] Task fd541728-b480-4371-83e5-10f84e5e4f3d | ITER: 54 START
2019-06-16 07:33:14.605 18223 INFO rally.task.runner [-] Task fd541728-b480-4371-83e5-10f84e5e4f3d | ITER: 35 END: OK
2019-06-16 07:33:14.608 18223 INFO rally.task.runner [-] Task fd541728-b480-4371-83e5-10f84e5e4f3d | ITER: 55 START
2019-06-16 07:33:14.630 18195 INFO rally.task.runner [-] Task fd541728-b480-4371-83e5-10f84e5e4f3d | ITER: 39 END: OK
2019-06-16 07:33:14.633 18195 INFO rally.task.runner [-] Task fd541728-b480-4371-83e5-10f84e5e4f3d | ITER: 56 START
2019-06-16 07:33:14.692 18232 INFO rally.task.runner [-] Task fd541728-b480-4371-83e5-10f84e5e4f3d | ITER: 42 END: OK
2019-06-16 07:33:14.695 18232 INFO rally.task.runner [-] Task fd541728-b480-4371-83e5-10f84e5e4f3d | ITER: 57 START
2019-06-16 07:33:14.751 18216 INFO rally.task.runner [-] Task fd541728-b480-4371-83e5-10f84e5e4f3d | ITER: 33 END: OK
2019-06-16 07:33:14.754 18216 INFO rally.task.runner [-] Task fd541728-b480-4371-83e5-10f84e5e4f3d | ITER: 58 START
2019-06-16 07:33:14.757 18229 INFO rally.task.runner [-] Task fd541728-b480-4371-83e5-10f84e5e4f3d | ITER: 32 END: OK
2019-06-16 07:33:14.760 18229 INFO rally.task.runner [-] Task fd541728-b480-4371-83e5-10f84e5e4f3d | ITER: 59 START
2019-06-16 07:33:14.862 18211 INFO rally.task.runner [-] Task fd541728-b480-4371-83e5-10f84e5e4f3d | ITER: 41 END: OK
2019-06-16 07:33:14.866 18211 INFO rally.task.runner [-] Task fd541728-b480-4371-83e5-10f84e5e4f3d | ITER: 60 START
2019-06-16 07:33:14.899 18226 INFO rally.task.runner [-] Task fd541728-b480-4371-83e5-10f84e5e4f3d | ITER: 43 END: OK
2019-06-16 07:33:14.902 18226 INFO rally.task.runner [-] Task fd541728-b480-4371-83e5-10f84e5e4f3d | ITER: 61 START
2019-06-16 07:33:15.036 18189 INFO rally.task.runner [-] Task fd541728-b480-4371-83e5-10f84e5e4f3d | ITER: 38 END: OK
2019-06-16 07:33:15.039 18189 INFO rally.task.runner [-] Task fd541728-b480-4371-83e5-10f84e5e4f3d | ITER: 62 START
2019-06-16 07:33:15.196 18189 INFO rally.task.runner [-] Task fd541728-b480-4371-83e5-10f84e5e4f3d | ITER: 37 END: OK
2019-06-16 07:33:15.200 18189 INFO rally.task.runner [-] Task fd541728-b480-4371-83e5-10f84e5e4f3d | ITER: 63 START
2019-06-16 07:33:15.293 18190 INFO rally.task.runner [-] Task fd541728-b480-4371-83e5-10f84e5e4f3d | ITER: 47 END: OK
2019-06-16 07:33:15.296 18190 INFO rally.task.runner [-] Task fd541728-b480-4371-83e5-10f84e5e4f3d | ITER: 64 START
2019-06-16 07:33:15.390 18187 INFO rally.task.runner [-] Task fd541728-b480-4371-83e5-10f84e5e4f3d | ITER: 46 END: OK
2019-06-16 07:33:15.395 18187 INFO rally.task.runner [-] Task fd541728-b480-4371-83e5-10f84e5e4f3d | ITER: 65 START
2019-06-16 07:33:15.420 18187 INFO rally.task.runner [-] Task fd541728-b480-4371-83e5-10f84e5e4f3d | ITER: 44 END: OK
2019-06-16 07:33:15.424 18187 INFO rally.task.runner [-] Task fd541728-b480-4371-83e5-10f84e5e4f3d | ITER: 66 START
2019-06-16 07:33:15.559 18188 INFO rally.task.runner [-] Task fd541728-b480-4371-83e5-10f84e5e4f3d | ITER: 48 END: OK
2019-06-16 07:33:15.564 18188 INFO rally.task.runner [-] Task fd541728-b480-4371-83e5-10f84e5e4f3d | ITER: 67 START
2019-06-16 07:33:15.647 18216 INFO rally.task.runner [-] Task fd541728-b480-4371-83e5-10f84e5e4f3d | ITER: 58 END: OK
2019-06-16 07:33:15.650 18216 INFO rally.task.runner [-] Task fd541728-b480-4371-83e5-10f84e5e4f3d | ITER: 68 START
2019-06-16 07:33:15.698 18193 INFO rally.task.runner [-] Task fd541728-b480-4371-83e5-10f84e5e4f3d | ITER: 50 END: OK
2019-06-16 07:33:15.702 18193 INFO rally.task.runner [-] Task fd541728-b480-4371-83e5-10f84e5e4f3d | ITER: 69 START
2019-06-16 07:33:15.723 18220 INFO rally.task.runner [-] Task fd541728-b480-4371-83e5-10f84e5e4f3d | ITER: 49 END: OK
2019-06-16 07:33:15.727 18220 INFO rally.task.runner [-] Task fd541728-b480-4371-83e5-10f84e5e4f3d | ITER: 70 START
2019-06-16 07:33:15.832 18188 INFO rally.task.runner [-] Task fd541728-b480-4371-83e5-10f84e5e4f3d | ITER: 51 END: OK
2019-06-16 07:33:15.835 18188 INFO rally.task.runner [-] Task fd541728-b480-4371-83e5-10f84e5e4f3d | ITER: 71 START
2019-06-16 07:33:15.914 18190 INFO rally.task.runner [-] Task fd541728-b480-4371-83e5-10f84e5e4f3d | ITER: 45 END: OK
2019-06-16 07:33:15.918 18190 INFO rally.task.runner [-] Task fd541728-b480-4371-83e5-10f84e5e4f3d | ITER: 72 START
2019-06-16 07:33:16.250 18223 INFO rally.task.runner [-] Task fd541728-b480-4371-83e5-10f84e5e4f3d | ITER: 55 END: OK
2019-06-16 07:33:16.254 18223 INFO rally.task.runner [-] Task fd541728-b480-4371-83e5-10f84e5e4f3d | ITER: 73 START
2019-06-16 07:33:16.578 18218 INFO rally.task.runner [-] Task fd541728-b480-4371-83e5-10f84e5e4f3d | ITER: 54 END: OK
2019-06-16 07:33:16.582 18218 INFO rally.task.runner [-] Task fd541728-b480-4371-83e5-10f84e5e4f3d | ITER: 74 START
2019-06-16 07:33:16.600 18199 INFO rally.task.runner [-] Task fd541728-b480-4371-83e5-10f84e5e4f3d | ITER: 52 END: OK
2019-06-16 07:33:16.603 18199 INFO rally.task.runner [-] Task fd541728-b480-4371-83e5-10f84e5e4f3d | ITER: 75 START
2019-06-16 07:33:16.615 18203 INFO rally.task.runner [-] Task fd541728-b480-4371-83e5-10f84e5e4f3d | ITER: 53 END: OK
2019-06-16 07:33:16.619 18203 INFO rally.task.runner [-] Task fd541728-b480-4371-83e5-10f84e5e4f3d | ITER: 76 START
2019-06-16 07:33:16.718 18211 INFO rally.task.runner [-] Task fd541728-b480-4371-83e5-10f84e5e4f3d | ITER: 60 END: OK
2019-06-16 07:33:16.721 18211 INFO rally.task.runner [-] Task fd541728-b480-4371-83e5-10f84e5e4f3d | ITER: 77 START
2019-06-16 07:33:16.804 18229 INFO rally.task.runner [-] Task fd541728-b480-4371-83e5-10f84e5e4f3d | ITER: 59 END: OK
2019-06-16 07:33:16.808 18229 INFO rally.task.runner [-] Task fd541728-b480-4371-83e5-10f84e5e4f3d | ITER: 78 START
2019-06-16 07:33:17.064 18226 INFO rally.task.runner [-] Task fd541728-b480-4371-83e5-10f84e5e4f3d | ITER: 61 END: OK
2019-06-16 07:33:17.067 18226 INFO rally.task.runner [-] Task fd541728-b480-4371-83e5-10f84e5e4f3d | ITER: 79 START
2019-06-16 07:33:17.091 18232 INFO rally.task.runner [-] Task fd541728-b480-4371-83e5-10f84e5e4f3d | ITER: 57 END: OK
2019-06-16 07:33:17.095 18232 INFO rally.task.runner [-] Task fd541728-b480-4371-83e5-10f84e5e4f3d | ITER: 80 START
2019-06-16 07:33:17.148 18195 INFO rally.task.runner [-] Task fd541728-b480-4371-83e5-10f84e5e4f3d | ITER: 56 END: OK
2019-06-16 07:33:17.152 18195 INFO rally.task.runner [-] Task fd541728-b480-4371-83e5-10f84e5e4f3d | ITER: 81 START
2019-06-16 07:33:17.157 18189 INFO rally.task.runner [-] Task fd541728-b480-4371-83e5-10f84e5e4f3d | ITER: 63 END: OK
2019-06-16 07:33:17.161 18189 INFO rally.task.runner [-] Task fd541728-b480-4371-83e5-10f84e5e4f3d | ITER: 82 START
2019-06-16 07:33:17.174 18190 INFO rally.task.runner [-] Task fd541728-b480-4371-83e5-10f84e5e4f3d | ITER: 64 END: OK
2019-06-16 07:33:17.177 18190 INFO rally.task.runner [-] Task fd541728-b480-4371-83e5-10f84e5e4f3d | ITER: 83 START
2019-06-16 07:33:17.277 18187 INFO rally.task.runner [-] Task fd541728-b480-4371-83e5-10f84e5e4f3d | ITER: 65 END: OK
2019-06-16 07:33:17.281 18187 INFO rally.task.runner [-] Task fd541728-b480-4371-83e5-10f84e5e4f3d | ITER: 84 START
2019-06-16 07:33:17.294 18189 INFO rally.task.runner [-] Task fd541728-b480-4371-83e5-10f84e5e4f3d | ITER: 62 END: OK
2019-06-16 07:33:17.297 18189 INFO rally.task.runner [-] Task fd541728-b480-4371-83e5-10f84e5e4f3d | ITER: 85 START
2019-06-16 07:33:17.481 18216 INFO rally.task.runner [-] Task fd541728-b480-4371-83e5-10f84e5e4f3d | ITER: 68 END: OK
2019-06-16 07:33:17.485 18216 INFO rally.task.runner [-] Task fd541728-b480-4371-83e5-10f84e5e4f3d | ITER: 86 START
2019-06-16 07:33:17.605 18187 INFO rally.task.runner [-] Task fd541728-b480-4371-83e5-10f84e5e4f3d | ITER: 66 END: OK
2019-06-16 07:33:17.609 18187 INFO rally.task.runner [-] Task fd541728-b480-4371-83e5-10f84e5e4f3d | ITER: 87 START
2019-06-16 07:33:17.762 18220 INFO rally.task.runner [-] Task fd541728-b480-4371-83e5-10f84e5e4f3d | ITER: 70 END: OK
2019-06-16 07:33:17.764 18193 INFO rally.task.runner [-] Task fd541728-b480-4371-83e5-10f84e5e4f3d | ITER: 69 END: OK
2019-06-16 07:33:17.766 18220 INFO rally.task.runner [-] Task fd541728-b480-4371-83e5-10f84e5e4f3d | ITER: 88 START
2019-06-16 07:33:17.768 18193 INFO rally.task.runner [-] Task fd541728-b480-4371-83e5-10f84e5e4f3d | ITER: 89 START
2019-06-16 07:33:17.895 18188 INFO rally.task.runner [-] Task fd541728-b480-4371-83e5-10f84e5e4f3d | ITER: 67 END: OK
2019-06-16 07:33:17.899 18188 INFO rally.task.runner [-] Task fd541728-b480-4371-83e5-10f84e5e4f3d | ITER: 90 START
2019-06-16 07:33:17.943 18190 INFO rally.task.runner [-] Task fd541728-b480-4371-83e5-10f84e5e4f3d | ITER: 72 END: OK
2019-06-16 07:33:17.946 18190 INFO rally.task.runner [-] Task fd541728-b480-4371-83e5-10f84e5e4f3d | ITER: 91 START
2019-06-16 07:33:17.991 18189 INFO rally.task.runner [-] Task fd541728-b480-4371-83e5-10f84e5e4f3d | ITER: 82 END: OK
2019-06-16 07:33:17.994 18189 INFO rally.task.runner [-] Task fd541728-b480-4371-83e5-10f84e5e4f3d | ITER: 92 START
2019-06-16 07:33:18.192 18218 INFO rally.task.runner [-] Task fd541728-b480-4371-83e5-10f84e5e4f3d | ITER: 74 END: OK
2019-06-16 07:33:18.195 18218 INFO rally.task.runner [-] Task fd541728-b480-4371-83e5-10f84e5e4f3d | ITER: 93 START
2019-06-16 07:33:18.216 18223 INFO rally.task.runner [-] Task fd541728-b480-4371-83e5-10f84e5e4f3d | ITER: 73 END: OK
2019-06-16 07:33:18.219 18223 INFO rally.task.runner [-] Task fd541728-b480-4371-83e5-10f84e5e4f3d | ITER: 94 START
2019-06-16 07:33:18.374 18203 INFO rally.task.runner [-] Task fd541728-b480-4371-83e5-10f84e5e4f3d | ITER: 76 END: OK
2019-06-16 07:33:18.377 18203 INFO rally.task.runner [-] Task fd541728-b480-4371-83e5-10f84e5e4f3d | ITER: 95 START
2019-06-16 07:33:18.385 18199 INFO rally.task.runner [-] Task fd541728-b480-4371-83e5-10f84e5e4f3d | ITER: 75 END: OK
2019-06-16 07:33:18.388 18199 INFO rally.task.runner [-] Task fd541728-b480-4371-83e5-10f84e5e4f3d | ITER: 96 START
2019-06-16 07:33:18.736 18188 INFO rally.task.runner [-] Task fd541728-b480-4371-83e5-10f84e5e4f3d | ITER: 71 END: OK
2019-06-16 07:33:18.740 18188 INFO rally.task.runner [-] Task fd541728-b480-4371-83e5-10f84e5e4f3d | ITER: 97 START
2019-06-16 07:33:18.750 18193 INFO rally.task.runner [-] Task fd541728-b480-4371-83e5-10f84e5e4f3d | ITER: 89 END: OK
2019-06-16 07:33:18.753 18193 INFO rally.task.runner [-] Task fd541728-b480-4371-83e5-10f84e5e4f3d | ITER: 98 START
2019-06-16 07:33:18.946 18211 INFO rally.task.runner [-] Task fd541728-b480-4371-83e5-10f84e5e4f3d | ITER: 77 END: OK
2019-06-16 07:33:18.949 18211 INFO rally.task.runner [-] Task fd541728-b480-4371-83e5-10f84e5e4f3d | ITER: 99 START
2019-06-16 07:33:19.044 18226 INFO rally.task.runner [-] Task fd541728-b480-4371-83e5-10f84e5e4f3d | ITER: 79 END: OK
2019-06-16 07:33:19.047 18226 INFO rally.task.runner [-] Task fd541728-b480-4371-83e5-10f84e5e4f3d | ITER: 100 START
2019-06-16 07:33:19.054 18229 INFO rally.task.runner [-] Task fd541728-b480-4371-83e5-10f84e5e4f3d | ITER: 78 END: OK
2019-06-16 07:33:19.147 18189 INFO rally.task.runner [-] Task fd541728-b480-4371-83e5-10f84e5e4f3d | ITER: 85 END: OK
2019-06-16 07:33:19.242 18232 INFO rally.task.runner [-] Task fd541728-b480-4371-83e5-10f84e5e4f3d | ITER: 80 END: OK
2019-06-16 07:33:19.363 18187 INFO rally.task.runner [-] Task fd541728-b480-4371-83e5-10f84e5e4f3d | ITER: 84 END: OK
2019-06-16 07:33:19.399 18203 INFO rally.task.runner [-] Task fd541728-b480-4371-83e5-10f84e5e4f3d | ITER: 95 END: OK
2019-06-16 07:33:19.447 18187 INFO rally.task.runner [-] Task fd541728-b480-4371-83e5-10f84e5e4f3d | ITER: 87 END: OK
2019-06-16 07:33:19.514 18195 INFO rally.task.runner [-] Task fd541728-b480-4371-83e5-10f84e5e4f3d | ITER: 81 END: OK
2019-06-16 07:33:19.515 18220 INFO rally.task.runner [-] Task fd541728-b480-4371-83e5-10f84e5e4f3d | ITER: 88 END: OK
2019-06-16 07:33:19.792 18189 INFO rally.task.runner [-] Task fd541728-b480-4371-83e5-10f84e5e4f3d | ITER: 92 END: OK
2019-06-16 07:33:19.975 18190 INFO rally.task.runner [-] Task fd541728-b480-4371-83e5-10f84e5e4f3d | ITER: 83 END: OK
2019-06-16 07:33:20.131 18216 INFO rally.task.runner [-] Task fd541728-b480-4371-83e5-10f84e5e4f3d | ITER: 86 END: OK
2019-06-16 07:33:20.254 18199 INFO rally.task.runner [-] Task fd541728-b480-4371-83e5-10f84e5e4f3d | ITER: 96 END: OK
2019-06-16 07:33:20.328 18218 INFO rally.task.runner [-] Task fd541728-b480-4371-83e5-10f84e5e4f3d | ITER: 93 END: OK
2019-06-16 07:33:20.345 18223 INFO rally.task.runner [-] Task fd541728-b480-4371-83e5-10f84e5e4f3d | ITER: 94 END: OK
2019-06-16 07:33:20.486 18211 INFO rally.task.runner [-] Task fd541728-b480-4371-83e5-10f84e5e4f3d | ITER: 99 END: OK
2019-06-16 07:33:20.496 18188 INFO rally.task.runner [-] Task fd541728-b480-4371-83e5-10f84e5e4f3d | ITER: 97 END: OK
2019-06-16 07:33:20.529 18190 INFO rally.task.runner [-] Task fd541728-b480-4371-83e5-10f84e5e4f3d | ITER: 91 END: OK
2019-06-16 07:33:20.610 18188 INFO rally.task.runner [-] Task fd541728-b480-4371-83e5-10f84e5e4f3d | ITER: 90 END: OK
2019-06-16 07:33:20.649 18226 INFO rally.task.runner [-] Task fd541728-b480-4371-83e5-10f84e5e4f3d | ITER: 100 END: OK
2019-06-16 07:33:20.812 18193 INFO rally.task.runner [-] Task fd541728-b480-4371-83e5-10f84e5e4f3d | ITER: 98 END: OK
2019-06-16 07:33:20.838 18063 INFO rally.task.context [-] Task fd541728-b480-4371-83e5-10f84e5e4f3d | Context cleanup@openstack cleanup() started
2019-06-16 07:33:20.841 18063 RALLYDEBUG rally_openstack.cleanup.manager [-] Cleaning up neutron vip objects
2019-06-16 07:33:21.218 18063 RALLYDEBUG rally_openstack.cleanup.manager [-] Cleaning up neutron health_monitor objects
2019-06-16 07:33:21.610 18063 RALLYDEBUG rally_openstack.cleanup.manager [-] Cleaning up neutron pool objects
2019-06-16 07:33:22.003 18063 RALLYDEBUG rally_openstack.cleanup.manager [-] Cleaning up neutron loadbalancer objects
2019-06-16 07:33:22.390 18063 RALLYDEBUG rally_openstack.cleanup.manager [-] Cleaning up neutron floatingip objects
2019-06-16 07:33:22.830 18063 RALLYDEBUG rally_openstack.cleanup.manager [-] Cleaning up neutron port objects
2019-06-16 07:33:23.242 18063 RALLYDEBUG rally_openstack.cleanup.manager [-] Cleaning up neutron subnet objects
2019-06-16 07:33:23.657 18063 RALLYDEBUG rally_openstack.cleanup.manager [-] Cleaning up neutron network objects
2019-06-16 07:33:24.382 18063 RALLYDEBUG rally_openstack.cleanup.manager [-] Deleting neutron.network object s_rally_1b88e777_QZ04Xw9b (155014fc-6f27-4b3f-8649-92baa34d6d2a)
2019-06-16 07:33:24.389 18063 RALLYDEBUG rally_openstack.cleanup.manager [-] Deleting neutron.network object s_rally_1b88e777_ewa9dFcd (187bb3f3-3780-4078-bfb4-1fe3a722e17a)
2019-06-16 07:33:24.395 18063 RALLYDEBUG rally_openstack.cleanup.manager [-] Deleting neutron.network object s_rally_1b88e777_e37vqqaE (1aea9f77-7a49-4f9b-ba4b-8f2a25bf6585)
2019-06-16 07:33:24.399 18063 RALLYDEBUG rally_openstack.cleanup.manager [-] Deleting neutron.network object s_rally_1b88e777_85SmNKhb (1a9f7755-9187-4c5b-89a3-9d2ca7072578)
2019-06-16 07:33:24.402 18063 RALLYDEBUG rally_openstack.cleanup.manager [-] Deleting neutron.network object s_rally_1b88e777_Tj9ArcjN (152d72e9-c8c1-4900-aa07-61fd0c495bf3)
2019-06-16 07:33:24.414 18063 RALLYDEBUG rally_openstack.cleanup.manager [-] Deleting neutron.network object s_rally_1b88e777_x9dYseq3 (08f8ecbd-85d5-4ec3-a5d8-4aee32fa0a40)
2019-06-16 07:33:24.417 18063 RALLYDEBUG rally_openstack.cleanup.manager [-] Deleting neutron.network object s_rally_1b88e777_LIdrDRlQ (0e5eb9d1-ddae-4a95-8dc4-e6f32ad4f859)
2019-06-16 07:33:24.427 18063 RALLYDEBUG rally_openstack.cleanup.manager [-] Deleting neutron.network object s_rally_1b88e777_HNSzkD2V (0fac7f53-7734-4c20-b662-c7134b02ca7b)
2019-06-16 07:33:24.430 18063 RALLYDEBUG rally_openstack.cleanup.manager [-] Deleting neutron.network object s_rally_1b88e777_y949IFMo (2a3def77-9366-443d-904b-207f1145d98a)
2019-06-16 07:33:24.431 18063 RALLYDEBUG rally_openstack.cleanup.manager [-] Deleting neutron.network object s_rally_1b88e777_rozr2ViU (2d94ecc2-092b-411f-9c3d-6911d058b7e8)
2019-06-16 07:33:24.433 18063 RALLYDEBUG rally_openstack.cleanup.manager [-] Deleting neutron.network object s_rally_1b88e777_g0JMrYT0 (0a2a48cd-a598-471c-842f-7760bcf3bf95)
2019-06-16 07:33:24.437 18063 RALLYDEBUG rally_openstack.cleanup.manager [-] Deleting neutron.network object s_rally_1b88e777_4bNnrhiZ (2abcb145-72d6-4700-b781-b54a71fbdc74)
2019-06-16 07:33:24.446 18063 RALLYDEBUG rally_openstack.cleanup.manager [-] Deleting neutron.network object s_rally_1b88e777_btjyT2u9 (0fd31107-c214-447c-b94e-8898dc88e7ce)
2019-06-16 07:33:24.447 18063 RALLYDEBUG rally_openstack.cleanup.manager [-] Deleting neutron.network object s_rally_1b88e777_13b88VLs (27da6164-a5e8-4bd8-8055-92de49bed9f4)
2019-06-16 07:33:24.449 18063 RALLYDEBUG rally_openstack.cleanup.manager [-] Deleting neutron.network object s_rally_1b88e777_99tpfqjI (2c868e8c-bf76-4865-87fe-675b0348d6ad)
2019-06-16 07:33:24.456 18063 RALLYDEBUG rally_openstack.cleanup.manager [-] Deleting neutron.network object s_rally_1b88e777_WJxFHfqa (293b70f7-0214-448c-892c-fc314de0fde1)
2019-06-16 07:33:24.465 18063 RALLYDEBUG rally_openstack.cleanup.manager [-] Deleting neutron.network object s_rally_1b88e777_V0ROevUD (33e63a41-930d-4cd3-9d40-58a612a923ad)
2019-06-16 07:33:24.470 18063 RALLYDEBUG rally_openstack.cleanup.manager [-] Deleting neutron.network object s_rally_1b88e777_fcvN37du (2bf64abf-6020-41ec-8c6a-177bfdc6cd70)
2019-06-16 07:33:24.499 18063 RALLYDEBUG rally_openstack.cleanup.manager [-] Deleting neutron.network object s_rally_1b88e777_fhgstPRi (2ec37665-db07-4b0a-82c8-47e71b478e44)
2019-06-16 07:33:24.516 18063 RALLYDEBUG rally_openstack.cleanup.manager [-] Deleting neutron.network object s_rally_1b88e777_c9rB9aWI (1394804d-eed0-45d5-ad38-3ed5c46c3796)
2019-06-16 07:33:26.914 18063 RALLYDEBUG rally_openstack.cleanup.manager [-] Deleting neutron.network object s_rally_1b88e777_2WlYy6Er (35034d74-3715-41e2-8139-a4c239f4c7d7)
2019-06-16 07:33:26.996 18063 RALLYDEBUG rally_openstack.cleanup.manager [-] Deleting neutron.network object s_rally_1b88e777_ImoOyZ0j (3585edcf-9c11-4726-8355-faa3c028053f)
2019-06-16 07:33:27.207 18063 RALLYDEBUG rally_openstack.cleanup.manager [-] Deleting neutron.network object s_rally_1b88e777_CWFmm2F8 (36389c71-5d03-45c9-9d38-5d9841a0cf41)
2019-06-16 07:33:27.248 18063 RALLYDEBUG rally_openstack.cleanup.manager [-] Deleting neutron.network object s_rally_1b88e777_7uQxyt9Y (36a46fdd-4efa-404e-b4f2-886db56f3d3e)
2019-06-16 07:33:27.391 18063 RALLYDEBUG rally_openstack.cleanup.manager [-] Deleting neutron.network object s_rally_1b88e777_e8SIdr8Y (373b74f8-be51-4410-b49e-b37c2b50d956)
2019-06-16 07:33:27.539 18063 RALLYDEBUG rally_openstack.cleanup.manager [-] Deleting neutron.network object s_rally_1b88e777_RBaFBOax (3ca31634-b731-47e4-91fc-2c4b0b9ecb4b)
2019-06-16 07:33:27.559 18063 RALLYDEBUG rally_openstack.cleanup.manager [-] Deleting neutron.network object s_rally_1b88e777_ZGGATq35 (42602941-8ebb-4de2-99ed-f590896028ca)
2019-06-16 07:33:27.579 18063 RALLYDEBUG rally_openstack.cleanup.manager [-] Deleting neutron.network object s_rally_1b88e777_ZqwAP7P5 (4515cc2d-e841-4e9c-82a5-daa90830d888)
2019-06-16 07:33:27.580 18063 RALLYDEBUG rally_openstack.cleanup.manager [-] Deleting neutron.network object s_rally_1b88e777_u6EhQ5Kw (42f1afc6-227e-47a8-97a7-a6cbaa57014e)
2019-06-16 07:33:27.595 18063 RALLYDEBUG rally_openstack.cleanup.manager [-] Deleting neutron.network object s_rally_1b88e777_HMDEwHrg (45c40f3e-e024-4c07-a290-3393c77c3024)
2019-06-16 07:33:27.614 18063 RALLYDEBUG rally_openstack.cleanup.manager [-] Deleting neutron.network object s_rally_1b88e777_HdTzT3uR (4b8694bb-ce99-4980-a529-c326ffebe018)
2019-06-16 07:33:27.698 18063 RALLYDEBUG rally_openstack.cleanup.manager [-] Deleting neutron.network object s_rally_1b88e777_xOXWK5z9 (5a331f71-5bb4-4ebb-adf6-077c21ebc016)
2019-06-16 07:33:27.704 18063 RALLYDEBUG rally_openstack.cleanup.manager [-] Deleting neutron.network object s_rally_1b88e777_WmtoVYZ7 (5acc6fa0-86a9-4a00-a586-a6efb62977c2)
2019-06-16 07:33:27.707 18063 RALLYDEBUG rally_openstack.cleanup.manager [-] Deleting neutron.network object s_rally_1b88e777_CM0fErjo (50ab61f3-f93f-494f-9b98-c4183b16957f)
2019-06-16 07:33:27.786 18063 RALLYDEBUG rally_openstack.cleanup.manager [-] Deleting neutron.network object s_rally_1b88e777_Y11GJcf2 (5d6a87ea-1c89-4743-9248-76a796d996da)
2019-06-16 07:33:27.793 18063 RALLYDEBUG rally_openstack.cleanup.manager [-] Deleting neutron.network object s_rally_1b88e777_56FEL9MM (5ddf1099-ecef-4cef-b145-50e9544df929)
2019-06-16 07:33:27.867 18063 RALLYDEBUG rally_openstack.cleanup.manager [-] Deleting neutron.network object s_rally_1b88e777_zTN5m0bZ (5e743448-f33f-4a6f-9ce8-df8bed1842fb)
2019-06-16 07:33:27.956 18063 RALLYDEBUG rally_openstack.cleanup.manager [-] Deleting neutron.network object s_rally_1b88e777_IKSxtfy6 (64f7d15c-a5ae-480c-a790-b4c42a28c2dc)
2019-06-16 07:33:28.051 18063 RALLYDEBUG rally_openstack.cleanup.manager [-] Deleting neutron.network object s_rally_1b88e777_3hUhRHiA (6bc7c1bc-ce9e-4e24-a985-f6216b0915bd)
2019-06-16 07:33:28.069 18063 RALLYDEBUG rally_openstack.cleanup.manager [-] Deleting neutron.network object s_rally_1b88e777_1Luo1OVH (6e569b8e-8b4f-4c0f-9c83-9bd4fe432713)
2019-06-16 07:33:29.210 18063 RALLYDEBUG rally_openstack.cleanup.manager [-] Deleting neutron.network object s_rally_1b88e777_keLNCZev (7803808d-ed4a-4568-8c92-ff0e77f72089)
2019-06-16 07:33:29.262 18063 RALLYDEBUG rally_openstack.cleanup.manager [-] Deleting neutron.network object s_rally_1b88e777_EEyYRUQo (780e94e0-e1f9-4d0a-8ffe-856330c0a834)
2019-06-16 07:33:29.287 18063 RALLYDEBUG rally_openstack.cleanup.manager [-] Deleting neutron.network object s_rally_1b88e777_9nnpIV2w (7c8633fe-8a01-4d07-8518-be710fb53f9f)
2019-06-16 07:33:29.389 18063 RALLYDEBUG rally_openstack.cleanup.manager [-] Deleting neutron.network object s_rally_1b88e777_oON3gGRy (7d0527a0-c3a3-49d4-9d0f-5bb1e7db5513)
2019-06-16 07:33:29.797 18063 RALLYDEBUG rally_openstack.cleanup.manager [-] Deleting neutron.network object s_rally_1b88e777_T3LGarPr (80812548-33f7-410c-a75a-091bfd1d74eb)
2019-06-16 07:33:29.874 18063 RALLYDEBUG rally_openstack.cleanup.manager [-] Deleting neutron.network object s_rally_1b88e777_qRyCtncd (84b8be86-d418-44d8-a2e2-d7c0216a6c23)
2019-06-16 07:33:30.024 18063 RALLYDEBUG rally_openstack.cleanup.manager [-] Deleting neutron.network object s_rally_1b88e777_hzRPljin (86682cad-6cdf-4e25-8dfc-669da8f885ab)
2019-06-16 07:33:30.066 18063 RALLYDEBUG rally_openstack.cleanup.manager [-] Deleting neutron.network object s_rally_1b88e777_OhHyZfop (8751bfaa-4601-4d3d-9479-73507e52bf11)
2019-06-16 07:33:30.077 18063 RALLYDEBUG rally_openstack.cleanup.manager [-] Deleting neutron.network object s_rally_1b88e777_IIIYnlN0 (893a6916-a7a2-4a8e-9103-a413b6e7e0f8)
2019-06-16 07:33:30.234 18063 RALLYDEBUG rally_openstack.cleanup.manager [-] Deleting neutron.network object s_rally_1b88e777_lE4rc7bl (89509ad3-81d8-4760-aa95-97a05cc73342)
2019-06-16 07:33:30.274 18063 RALLYDEBUG rally_openstack.cleanup.manager [-] Deleting neutron.network object s_rally_1b88e777_osXbxbZz (89df2c8b-c860-4665-8b76-e611892d0f58)
2019-06-16 07:33:30.371 18063 RALLYDEBUG rally_openstack.cleanup.manager [-] Deleting neutron.network object s_rally_1b88e777_FcCVVb6r (8dc8a538-d9b0-4cda-ab15-11cd381efa46)
2019-06-16 07:33:30.417 18063 RALLYDEBUG rally_openstack.cleanup.manager [-] Deleting neutron.network object s_rally_1b88e777_rElFQkdS (8f4f223f-330f-470c-a056-fee18bcb39ce)
2019-06-16 07:33:30.520 18063 RALLYDEBUG rally_openstack.cleanup.manager [-] Deleting neutron.network object s_rally_1b88e777_V3RZp8ZJ (905181f6-1990-4d52-8b9b-2ce03f4aad33)
2019-06-16 07:33:30.611 18063 RALLYDEBUG rally_openstack.cleanup.manager [-] Deleting neutron.network object s_rally_1b88e777_Jpoiwqzm (912bb0c8-12b8-4349-8aa6-a1466a41b976)
2019-06-16 07:33:30.888 18063 RALLYDEBUG rally_openstack.cleanup.manager [-] Deleting neutron.network object s_rally_1b88e777_0YD1DAt0 (9495d7cd-fac0-4e01-8ebf-7fd04f10446a)
2019-06-16 07:33:30.994 18063 RALLYDEBUG rally_openstack.cleanup.manager [-] Deleting neutron.network object s_rally_1b88e777_od1ZRbCi (988ed53f-3f2b-4a26-a7af-5a5fed53dbbc)
2019-06-16 07:33:31.361 18063 RALLYDEBUG rally_openstack.cleanup.manager [-] Deleting neutron.network object s_rally_1b88e777_KGBGfVnR (98a2e82a-5460-4aca-9a30-52aa13ee0a62)
2019-06-16 07:33:31.422 18063 RALLYDEBUG rally_openstack.cleanup.manager [-] Deleting neutron.network object s_rally_1b88e777_DKhanLbk (9ebb0b68-cf25-4cf8-9a26-036cffe6f36e)
2019-06-16 07:33:31.422 18063 RALLYDEBUG rally_openstack.cleanup.manager [-] Deleting neutron.network object s_rally_1b88e777_UJ0nP5aX (9c4534a4-5f30-49cb-b24f-8ce9371637c1)
2019-06-16 07:33:31.615 18063 RALLYDEBUG rally_openstack.cleanup.manager [-] Deleting neutron.network object s_rally_1b88e777_nhyxg6Um (9ec4236a-35de-414a-9a94-c1c593c4baba)
2019-06-16 07:33:31.716 18063 RALLYDEBUG rally_openstack.cleanup.manager [-] Deleting neutron.network object s_rally_1b88e777_AZonpRaS (a01f3a1b-f31a-4045-baef-e26834d4a4f3)
2019-06-16 07:33:31.791 18063 RALLYDEBUG rally_openstack.cleanup.manager [-] Deleting neutron.network object s_rally_1b88e777_rWYuCnTD (a63c05fb-af65-4b26-9745-3885c7256f1b)
2019-06-16 07:33:31.886 18063 RALLYDEBUG rally_openstack.cleanup.manager [-] Deleting neutron.network object s_rally_1b88e777_FcwpQ0Q6 (a7ca8c5b-5e23-4ec0-bfe3-4811a2b75f8e)
2019-06-16 07:33:32.142 18063 RALLYDEBUG rally_openstack.cleanup.manager [-] Deleting neutron.network object s_rally_1b88e777_gfnuaITM (a7e09120-3a38-4b60-96a5-6bcbd01141c6)
2019-06-16 07:33:32.193 18063 RALLYDEBUG rally_openstack.cleanup.manager [-] Deleting neutron.network object s_rally_1b88e777_byjbnVgq (a86326be-f1ba-4ec7-bd8e-840fce0b28dc)
2019-06-16 07:33:32.229 18063 RALLYDEBUG rally_openstack.cleanup.manager [-] Deleting neutron.network object s_rally_1b88e777_YKoMbs80 (aaa3f9d3-9b08-407f-bbb2-24e7aef63b83)
2019-06-16 07:33:32.356 18063 RALLYDEBUG rally_openstack.cleanup.manager [-] Deleting neutron.network object s_rally_1b88e777_qWlNSGNp (ab6930ec-2372-4ca9-8160-1cae574a927d)
2019-06-16 07:33:32.439 18063 RALLYDEBUG rally_openstack.cleanup.manager [-] Deleting neutron.network object s_rally_1b88e777_XEqO7GIi (ac48961e-0593-4887-accd-5e22d3a29a9f)
2019-06-16 07:33:32.526 18063 RALLYDEBUG rally_openstack.cleanup.manager [-] Deleting neutron.network object s_rally_1b88e777_ZJT6NXM0 (b2fb7cd9-6bcd-4cf3-99b7-1c8fd862d3d9)
2019-06-16 07:33:32.869 18063 RALLYDEBUG rally_openstack.cleanup.manager [-] Deleting neutron.network object s_rally_1b88e777_gtWffGaj (bb6af022-3136-4755-80a6-d5da3e8f0ba3)
2019-06-16 07:33:33.048 18063 RALLYDEBUG rally_openstack.cleanup.manager [-] Deleting neutron.network object s_rally_1b88e777_QCyS5ija (bc921ec2-43f0-44f7-bddb-d1f19b0a6c49)
2019-06-16 07:33:33.208 18063 RALLYDEBUG rally_openstack.cleanup.manager [-] Deleting neutron.network object s_rally_1b88e777_F7tTwlLu (bdc9c45f-85e7-4fac-8b33-284ed9a8c5be)
2019-06-16 07:33:33.241 18063 RALLYDEBUG rally_openstack.cleanup.manager [-] Deleting neutron.network object s_rally_1b88e777_0PxqyDRH (c126ed6e-0050-44f8-9b22-6e9f0c6d1d68)
2019-06-16 07:33:33.413 18063 RALLYDEBUG rally_openstack.cleanup.manager [-] Deleting neutron.network object s_rally_1b88e777_s017wJmf (c6b00044-6564-455f-af38-0be5c52c5ba1)
2019-06-16 07:33:33.449 18063 RALLYDEBUG rally_openstack.cleanup.manager [-] Deleting neutron.network object s_rally_1b88e777_wXqzqrFC (c8a392fb-ed9f-4e2d-9cee-15068e4854c7)
2019-06-16 07:33:33.502 18063 RALLYDEBUG rally_openstack.cleanup.manager [-] Deleting neutron.network object s_rally_1b88e777_x0TU9HSz (c8ebeb7f-a5e4-4e32-8d1e-4c0af8767ef6)
2019-06-16 07:33:33.645 18063 RALLYDEBUG rally_openstack.cleanup.manager [-] Deleting neutron.network object s_rally_1b88e777_bR90pOPm (cde9560b-7abd-4bb5-bec3-5ff196c97399)
2019-06-16 07:33:33.704 18063 RALLYDEBUG rally_openstack.cleanup.manager [-] Deleting neutron.network object s_rally_1b88e777_vv6asyu4 (cf8beeca-3322-463a-943f-407a3e31d81a)
2019-06-16 07:33:33.929 18063 RALLYDEBUG rally_openstack.cleanup.manager [-] Deleting neutron.network object s_rally_1b88e777_RhWABPG9 (cfa21051-3eed-4555-b2fb-baf824cca8d1)
2019-06-16 07:33:33.980 18063 RALLYDEBUG rally_openstack.cleanup.manager [-] Deleting neutron.network object s_rally_1b88e777_QG4Ubvz7 (cfb9fb31-3d4f-4e7e-9387-0070ac97b15c)
2019-06-16 07:33:34.287 18063 RALLYDEBUG rally_openstack.cleanup.manager [-] Deleting neutron.network object s_rally_1b88e777_27T5zuH6 (d2b05099-e544-4d9e-8e50-a551a740d08f)
2019-06-16 07:33:34.306 18063 RALLYDEBUG rally_openstack.cleanup.manager [-] Deleting neutron.network object s_rally_1b88e777_VtVvu21J (d335cbbb-31ca-47a0-a9ba-f12b31ee5af7)
2019-06-16 07:33:34.571 18063 RALLYDEBUG rally_openstack.cleanup.manager [-] Deleting neutron.network object s_rally_1b88e777_Wof85thT (d37ffdd6-e94c-4510-bc35-7f630fc7dec2)
2019-06-16 07:33:34.685 18063 RALLYDEBUG rally_openstack.cleanup.manager [-] Deleting neutron.network object s_rally_1b88e777_kZ2rmfTF (d9ecf854-f7fc-4a93-a515-a3f8149b5e36)
2019-06-16 07:33:34.853 18063 RALLYDEBUG rally_openstack.cleanup.manager [-] Deleting neutron.network object s_rally_1b88e777_jCy7lPJ1 (db948fea-bcfe-4924-82ba-d84efcdf200c)
2019-06-16 07:33:35.024 18063 RALLYDEBUG rally_openstack.cleanup.manager [-] Deleting neutron.network object s_rally_1b88e777_AEZpGEhM (dd7dfb0c-efd6-438e-a29a-c375a55032ea)
2019-06-16 07:33:35.062 18063 RALLYDEBUG rally_openstack.cleanup.manager [-] Deleting neutron.network object s_rally_1b88e777_0QMl59Vg (de1eff91-c634-436f-aadb-82e3f10dc60b)
2019-06-16 07:33:35.349 18063 RALLYDEBUG rally_openstack.cleanup.manager [-] Deleting neutron.network object s_rally_1b88e777_7w61bCoh (def8fbf2-60f3-4fd6-9588-954a0cc31597)
2019-06-16 07:33:35.501 18063 RALLYDEBUG rally_openstack.cleanup.manager [-] Deleting neutron.network object s_rally_1b88e777_KG86fvrO (dfcfb1cd-a0fd-4555-acd4-6f492cafd4c0)
2019-06-16 07:33:35.508 18063 RALLYDEBUG rally_openstack.cleanup.manager [-] Deleting neutron.network object s_rally_1b88e777_zgeO88sq (e298ccfa-c868-412d-9c38-8898f97f3cbd)
2019-06-16 07:33:35.696 18063 RALLYDEBUG rally_openstack.cleanup.manager [-] Deleting neutron.network object s_rally_1b88e777_dfdX2Tug (e878ed39-9434-42f9-84ee-b3852dd6f101)
2019-06-16 07:33:35.780 18063 RALLYDEBUG rally_openstack.cleanup.manager [-] Deleting neutron.network object s_rally_1b88e777_hSIRqiPz (e884dcb7-c9ac-4ed6-aec7-749fa66030cc)
2019-06-16 07:33:35.915 18063 RALLYDEBUG rally_openstack.cleanup.manager [-] Deleting neutron.network object s_rally_1b88e777_G5cZyZfq (ecb5aa0a-37c6-4bc5-ac89-36c9b19d984b)
2019-06-16 07:33:36.078 18063 RALLYDEBUG rally_openstack.cleanup.manager [-] Deleting neutron.network object s_rally_1b88e777_HAGF1quZ (ede07a98-5427-4723-8daa-8e46802e7c08)
2019-06-16 07:33:36.144 18063 RALLYDEBUG rally_openstack.cleanup.manager [-] Deleting neutron.network object s_rally_1b88e777_OSXTFoOb (f5acfef0-b715-46ab-a386-24470b162c36)
