2019-06-16 07:45:15.164 18063 RALLYDEBUG rally_openstack.cleanup.manager [-] Deleting neutron.port object s_rally_8f8b9bf7_lDDhn18w (cf18b348-f0fc-4dbb-8156-3870be6cf774)
2019-06-16 07:45:15.175 18063 RALLYDEBUG rally_openstack.cleanup.manager [-] Deleting neutron.port object s_rally_8f8b9bf7_QzXHpac6 (cf61acdf-3bbb-495b-ad53-fcd9bf4e29be)
2019-06-16 07:45:15.327 18063 RALLYDEBUG rally_openstack.cleanup.manager [-] Deleting neutron.port object s_rally_8f8b9bf7_cN6S4Ila (cfd6a67a-4bf8-46d5-bbb8-c0b197a03caa)
2019-06-16 07:45:15.335 18063 RALLYDEBUG rally_openstack.cleanup.manager [-] Deleting neutron.port object s_rally_8f8b9bf7_JBrjz26U (d0921485-a2a3-4ac9-8a71-5d26a4ab5614)
2019-06-16 07:45:15.367 18063 RALLYDEBUG rally_openstack.cleanup.manager [-] Deleting neutron.port object s_rally_8f8b9bf7_6D10L9KW (d0f53dfd-c19c-4280-b26a-362c1c8f0647)
2019-06-16 07:45:15.704 18063 RALLYDEBUG rally_openstack.cleanup.manager [-] Deleting neutron.port object s_rally_8f8b9bf7_Qau3yk7w (d17204c1-7104-42f5-91da-ca5aae30b0cd)
2019-06-16 07:45:15.715 18063 RALLYDEBUG rally_openstack.cleanup.manager [-] Deleting neutron.port object s_rally_8f8b9bf7_QeT8JaOq (d2e715b3-3057-46a9-8654-b57c1f84ea83)
2019-06-16 07:45:15.835 18063 RALLYDEBUG rally_openstack.cleanup.manager [-] Deleting neutron.port object s_rally_8f8b9bf7_LcbBUd2J (d2eeb7a0-ac0e-433b-8b69-dd64dc349eb8)
2019-06-16 07:45:16.034 18063 RALLYDEBUG rally_openstack.cleanup.manager [-] Deleting neutron.port object s_rally_8f8b9bf7_fWIVlMzI (d379368e-8eb6-4e0f-ade2-58fc390f6b63)
2019-06-16 07:45:16.065 18063 RALLYDEBUG rally_openstack.cleanup.manager [-] Deleting neutron.port object s_rally_8f8b9bf7_ddLpsf6j (d46fc6f0-3c2b-4498-9076-50c3724a95bf)
2019-06-16 07:45:16.150 18063 RALLYDEBUG rally_openstack.cleanup.manager [-] Deleting neutron.port object s_rally_8f8b9bf7_xuTR06VP (d49bb22c-7fae-4204-8e4e-d75b57ba7244)
2019-06-16 07:45:16.172 18063 RALLYDEBUG rally_openstack.cleanup.manager [-] Deleting neutron.port object s_rally_8f8b9bf7_HxFDBCBH (d6c34976-2794-4d73-8b2d-ff80b0151b13)
2019-06-16 07:45:16.366 18063 RALLYDEBUG rally_openstack.cleanup.manager [-] Deleting neutron.port object s_rally_8f8b9bf7_r6OWuQKx (d7f1195d-5bff-4700-9fe1-aed0a0453244)
2019-06-16 07:45:16.390 18063 RALLYDEBUG rally_openstack.cleanup.manager [-] Deleting neutron.port object s_rally_8f8b9bf7_50kFvWNl (d80a36a0-f711-47e7-94f4-2ba86177d920)
2019-06-16 07:45:16.461 18063 RALLYDEBUG rally_openstack.cleanup.manager [-] Deleting neutron.port object s_rally_8f8b9bf7_KTyX2ZsC (d8f51e07-0b14-4914-8f98-2cd1a8b9d735)
2019-06-16 07:45:16.613 18063 RALLYDEBUG rally_openstack.cleanup.manager [-] Deleting neutron.port object s_rally_8f8b9bf7_ietCD0xZ (d92af137-be3e-4e2b-bdaa-ddaf92c25056)
2019-06-16 07:45:16.614 18063 RALLYDEBUG rally_openstack.cleanup.manager [-] Deleting neutron.port object s_rally_8f8b9bf7_qIlrVOtY (da6c98a4-ef89-417a-b8db-1f0a25147be4)
2019-06-16 07:45:16.785 18063 RALLYDEBUG rally_openstack.cleanup.manager [-] Deleting neutron.port object s_rally_8f8b9bf7_IS37O3Jl (da95397f-fb89-453d-95bc-f794d3933c20)
2019-06-16 07:45:17.006 18063 RALLYDEBUG rally_openstack.cleanup.manager [-] Deleting neutron.port object s_rally_8f8b9bf7_mNaPNVcY (de0e0dc0-bced-4dae-990a-b4e59090397f)
2019-06-16 07:45:17.018 18063 RALLYDEBUG rally_openstack.cleanup.manager [-] Deleting neutron.port object s_rally_8f8b9bf7_66ENvlzI (dfaef45e-528d-47e5-9167-792538f13e70)
2019-06-16 07:45:17.042 18063 RALLYDEBUG rally_openstack.cleanup.manager [-] Deleting neutron.port object s_rally_8f8b9bf7_Sjhvxxnu (dfda7cbc-0393-4385-aa19-4723f09a2e67)
2019-06-16 07:45:17.172 18063 RALLYDEBUG rally_openstack.cleanup.manager [-] Deleting neutron.port object s_rally_8f8b9bf7_BIrFFj04 (e018dd02-37d1-4473-b9c2-8032e8cab1e5)
2019-06-16 07:45:17.274 18063 RALLYDEBUG rally_openstack.cleanup.manager [-] Deleting neutron.port object s_rally_8f8b9bf7_E2ge6chU (e207b405-bea1-4b4c-a1e8-8418e37c7c7e)
2019-06-16 07:45:17.387 18063 RALLYDEBUG rally_openstack.cleanup.manager [-] Deleting neutron.port object s_rally_8f8b9bf7_ZoGEzuiB (e2fdd853-22a6-40bb-9767-ea3a3c119b7a)
2019-06-16 07:45:17.513 18063 RALLYDEBUG rally_openstack.cleanup.manager [-] Deleting neutron.port object s_rally_8f8b9bf7_mwpiTWe1 (e32c6365-68fe-41f1-aea5-c0232789bffd)
2019-06-16 07:45:17.567 18063 RALLYDEBUG rally_openstack.cleanup.manager [-] Deleting neutron.port object s_rally_8f8b9bf7_P04YdYoZ (e47ff0bc-9548-4e47-9f43-678eb3e5e3bc)
2019-06-16 07:45:17.583 18063 RALLYDEBUG rally_openstack.cleanup.manager [-] Deleting neutron.port object s_rally_8f8b9bf7_bzID5Ebp (e4bc3bce-0321-43e2-b269-c6f6ad93cbf6)
2019-06-16 07:45:17.834 18063 RALLYDEBUG rally_openstack.cleanup.manager [-] Deleting neutron.port object s_rally_8f8b9bf7_NdOvNB5t (e5d62c06-64e5-4600-9f4a-0641fef1b044)
2019-06-16 07:45:18.015 18063 RALLYDEBUG rally_openstack.cleanup.manager [-] Deleting neutron.port object s_rally_8f8b9bf7_1tKRS7JW (e5e5d924-c1e6-4471-a559-f066eb297fb0)
2019-06-16 07:45:18.067 18063 RALLYDEBUG rally_openstack.cleanup.manager [-] Deleting neutron.port object s_rally_8f8b9bf7_LqW5vs9B (e63c09aa-870f-4ca4-a174-a3a0fc71da2c)
2019-06-16 07:45:18.290 18063 RALLYDEBUG rally_openstack.cleanup.manager [-] Deleting neutron.port object s_rally_8f8b9bf7_dZJ8Mqzj (e6ddd972-db8e-431d-ad9d-e357fe47412e)
2019-06-16 07:45:18.308 18063 RALLYDEBUG rally_openstack.cleanup.manager [-] Deleting neutron.port object s_rally_8f8b9bf7_E13yaKzR (e8330281-6309-441c-b38f-0c0ae28f49b9)
2019-06-16 07:45:18.402 18063 RALLYDEBUG rally_openstack.cleanup.manager [-] Deleting neutron.port object s_rally_8f8b9bf7_mspOT5Fe (e9d1623b-d39e-4e71-bcd8-2bce320bd2df)
2019-06-16 07:45:18.426 18063 RALLYDEBUG rally_openstack.cleanup.manager [-] Deleting neutron.port object s_rally_8f8b9bf7_n5IzX4rj (ea478a8e-fde2-4b6d-8f96-b14561ed799d)
2019-06-16 07:45:18.643 18063 RALLYDEBUG rally_openstack.cleanup.manager [-] Deleting neutron.port object s_rally_8f8b9bf7_BbrzNitJ (ec772dd2-9a2a-432f-bcba-1cf2950ab8b3)
2019-06-16 07:45:18.688 18063 RALLYDEBUG rally_openstack.cleanup.manager [-] Deleting neutron.port object s_rally_8f8b9bf7_bU2ivD1n (ec9d6160-da4e-4e65-a017-e62c9aa0b942)
2019-06-16 07:45:18.728 18063 RALLYDEBUG rally_openstack.cleanup.manager [-] Deleting neutron.port object s_rally_8f8b9bf7_edWrJosC (ecdf273c-a77a-469e-8768-c3b3ac86bc14)
2019-06-16 07:45:18.845 18063 RALLYDEBUG rally_openstack.cleanup.manager [-] Deleting neutron.port object s_rally_8f8b9bf7_kHv0gH3i (ed3c0186-0fc7-43c0-be7c-54c97d91f29a)
2019-06-16 07:45:18.916 18063 RALLYDEBUG rally_openstack.cleanup.manager [-] Deleting neutron.port object s_rally_8f8b9bf7_RFhkBEF7 (edc91f88-80ea-41ab-a641-92991ac5b4f8)
2019-06-16 07:45:19.089 18063 RALLYDEBUG rally_openstack.cleanup.manager [-] Deleting neutron.port object s_rally_8f8b9bf7_UwMKycTb (eecb5627-96d5-4580-8266-f406436e56ed)
2019-06-16 07:45:19.115 18063 RALLYDEBUG rally_openstack.cleanup.manager [-] Deleting neutron.port object s_rally_8f8b9bf7_eVy6LjYf (f15fba97-89d3-4f26-8f2c-dc191f421aa2)
2019-06-16 07:45:19.237 18063 RALLYDEBUG rally_openstack.cleanup.manager [-] Deleting neutron.port object s_rally_8f8b9bf7_zD7VCqpC (f18c06ea-d1e1-4a32-9841-a0f8ae898a11)
2019-06-16 07:45:19.423 18063 RALLYDEBUG rally_openstack.cleanup.manager [-] Deleting neutron.port object s_rally_8f8b9bf7_eyXvrfH6 (f19eea1d-acf8-4fcf-9e83-74bd9a74319c)
2019-06-16 07:45:19.513 18063 RALLYDEBUG rally_openstack.cleanup.manager [-] Deleting neutron.port object s_rally_8f8b9bf7_Y3AiEEbu (f3df0b9d-6ffc-4732-8f72-e0f2d490215e)
2019-06-16 07:45:19.789 18063 RALLYDEBUG rally_openstack.cleanup.manager [-] Deleting neutron.port object s_rally_8f8b9bf7_YuheTRyT (f48f6cdf-8ec4-4b52-9d81-126a0ff458d3)
2019-06-16 07:45:19.793 18063 RALLYDEBUG rally_openstack.cleanup.manager [-] Deleting neutron.port object s_rally_8f8b9bf7_1VAFCQwl (f51dcb23-60a3-4ef6-bc70-bc3e7c8c4bca)
2019-06-16 07:45:19.889 18063 RALLYDEBUG rally_openstack.cleanup.manager [-] Deleting neutron.port object s_rally_8f8b9bf7_hrlrrrLf (f69f3999-405b-4695-93b9-7ed6fd6b18ee)
2019-06-16 07:45:19.889 18063 RALLYDEBUG rally_openstack.cleanup.manager [-] Deleting neutron.port object s_rally_8f8b9bf7_U0p1pkD3 (f533cb41-7ec3-4539-b271-2f47c29d8c90)
2019-06-16 07:45:20.095 18063 RALLYDEBUG rally_openstack.cleanup.manager [-] Deleting neutron.port object s_rally_8f8b9bf7_lEORGKWz (f6ebcea1-be49-4050-90a9-e452ba707dec)
2019-06-16 07:45:20.199 18063 RALLYDEBUG rally_openstack.cleanup.manager [-] Deleting neutron.port object s_rally_8f8b9bf7_Gi2wBYjP (f70af747-6fa0-41fb-ba9b-7202db821b50)
2019-06-16 07:45:20.487 18063 RALLYDEBUG rally_openstack.cleanup.manager [-] Deleting neutron.port object s_rally_8f8b9bf7_o7jHlsGD (f909e585-3490-4c7b-a1e1-da59a6540e2d)
2019-06-16 07:45:20.501 18063 RALLYDEBUG rally_openstack.cleanup.manager [-] Deleting neutron.port object s_rally_8f8b9bf7_hHTGMK7q (f922fefa-ccde-4d0f-979e-d40ff957b77f)
2019-06-16 07:45:20.589 18063 RALLYDEBUG rally_openstack.cleanup.manager [-] Deleting neutron.port object s_rally_8f8b9bf7_UYQTPNqa (fa73658c-e5b2-4da7-b265-9ee9d233ff41)
2019-06-16 07:45:20.601 18063 RALLYDEBUG rally_openstack.cleanup.manager [-] Deleting neutron.port object s_rally_8f8b9bf7_S2AXTA0q (faa19043-5a3a-4f58-b78a-08ed0450451c)
2019-06-16 07:45:20.702 18063 RALLYDEBUG rally_openstack.cleanup.manager [-] Deleting neutron.port object s_rally_8f8b9bf7_7YmtoQwW (fab7e75d-97a3-4ae5-b185-6c67981c5ce9)
2019-06-16 07:45:20.829 18063 RALLYDEBUG rally_openstack.cleanup.manager [-] Deleting neutron.port object s_rally_8f8b9bf7_MQFK1a64 (fac7d644-dfea-46d2-adcf-5b2a8637bf05)
2019-06-16 07:45:20.912 18063 RALLYDEBUG rally_openstack.cleanup.manager [-] Deleting neutron.port object s_rally_8f8b9bf7_Pk4jM5bO (fed8a82e-1474-4f2a-a7fa-487fe85c4eca)
2019-06-16 07:45:21.399 18063 RALLYDEBUG rally_openstack.cleanup.manager [-] Deleting neutron.port object s_rally_8f8b9bf7_gSQq231U (ff0e1621-f11f-4b02-acd2-37de35d358dd)
2019-06-16 07:45:21.535 18063 RALLYDEBUG rally_openstack.cleanup.manager [-] Deleting neutron.port object s_rally_8f8b9bf7_DpGFSuCf (ff3596d2-df18-4255-af8b-9f26b9721eb6)
2019-06-16 07:45:21.643 18063 RALLYDEBUG rally_openstack.cleanup.manager [-] Deleting neutron.port object s_rally_8f8b9bf7_cFYqaqPY (ffd688a4-4903-4735-a713-cdafedc58c61)
2019-06-16 07:45:23.497 18063 RALLYDEBUG rally_openstack.cleanup.manager [-] Cleaning up neutron subnet objects
2019-06-16 07:45:23.942 18063 RALLYDEBUG rally_openstack.cleanup.manager [-] Cleaning up neutron network objects
2019-06-16 07:45:24.415 18063 RALLYDEBUG rally_openstack.cleanup.manager [-] Deleting neutron.network object s_rally_8f8b9bf7_dy3xzAPr (69b08907-b0b5-4beb-a859-f0edaf4758a8)
2019-06-16 07:45:24.426 18063 RALLYDEBUG rally_openstack.cleanup.manager [-] Deleting neutron.network object s_rally_8f8b9bf7_tc4olh4i (7732905e-c593-4887-a99b-7d63b6448c45)
2019-06-16 07:45:24.430 18063 RALLYDEBUG rally_openstack.cleanup.manager [-] Deleting neutron.network object s_rally_8f8b9bf7_uuc490Ym (7f2fedf7-0322-4a9b-a400-ee865dcc330e)
2019-06-16 07:45:24.441 18063 RALLYDEBUG rally_openstack.cleanup.manager [-] Deleting neutron.network object s_rally_8f8b9bf7_AIDd5oHO (811d9ebb-af85-410b-865b-8f0895f51918)
2019-06-16 07:45:24.449 18063 RALLYDEBUG rally_openstack.cleanup.manager [-] Deleting neutron.network object s_rally_8f8b9bf7_bFcyZ9mJ (9406ce24-7035-4d8c-b609-f3ff656672b4)
2019-06-16 07:45:24.463 18063 RALLYDEBUG rally_openstack.cleanup.manager [-] Deleting neutron.network object s_rally_8f8b9bf7_O5G21Rxa (9be08b0b-b5bb-49df-96bd-4c05413bbf92)
2019-06-16 07:45:24.470 18063 RALLYDEBUG rally_openstack.cleanup.manager [-] Deleting neutron.network object s_rally_8f8b9bf7_lYcaSqns (96ea81be-6b16-4b18-8a19-0695f4884a1c)
2019-06-16 07:45:24.474 18063 RALLYDEBUG rally_openstack.cleanup.manager [-] Deleting neutron.network object s_rally_8f8b9bf7_UvxTGrfh (bc25fa00-306e-4aae-a1df-e949667941a6)
2019-06-16 07:45:27.603 18063 RALLYDEBUG rally_openstack.cleanup.manager [-] Cleaning up neutron router objects
2019-06-16 07:45:28.046 18063 RALLYDEBUG rally_openstack.cleanup.manager [-] Cleaning up neutron security_group objects
2019-06-16 07:45:28.525 18063 INFO rally.task.context [-] Task fd541728-b480-4371-83e5-10f84e5e4f3d | Context cleanup@openstack cleanup() finished in 54.39 sec
2019-06-16 07:45:28.525 18063 INFO rally.task.context [-] Task fd541728-b480-4371-83e5-10f84e5e4f3d | Context quotas@openstack cleanup() started
2019-06-16 07:45:28.631 18063 INFO rally.task.context [-] Task fd541728-b480-4371-83e5-10f84e5e4f3d | Context quotas@openstack cleanup() finished in 0.11 sec
2019-06-16 07:45:28.631 18063 INFO rally.task.context [-] Task fd541728-b480-4371-83e5-10f84e5e4f3d | Context users@openstack cleanup() started
2019-06-16 07:45:31.409 18063 INFO rally.task.context [-] Task fd541728-b480-4371-83e5-10f84e5e4f3d | Context users@openstack cleanup() finished in 2.78 sec
2019-06-16 07:45:31.736 18063 INFO rally.task.engine [-] Load duration is: 58.026605
2019-06-16 07:45:31.737 18063 INFO rally.task.engine [-] Full runner duration is: 58.076493
2019-06-16 07:45:31.737 18063 INFO rally.task.engine [-] Full duration is: 118.400308
2019-06-16 07:45:32.034 18063 INFO rally.task.engine [-] Running workload: position = 1 config = { "version": 2, "title": "A cropped version of a bigger task.", "description": "Auto-generated task from a single workload (uuid=26c58a40-3be1-424a-8cc9-2caaf80dba7c)", "subtasks": [ { "title": "NeutronNetworks.create_and_update_ports", "description": "Create and update a given number of ports.", "scenario": { "NeutronNetworks.create_and_update_ports": { "network_create_args": {}, "port_create_args": {}, "ports_per_network": 5, "port_update_args": { "admin_state_up": false, "device_id": "dummy_id", "device_owner": "dummy_owner", "name": "_port_updated" } } }, "contexts": { "users": { "tenants": 1, "users_per_tenant": 1 }, "quotas": { "neutron": { "network": -1, "port": -1 } } }, "runner": { "constant": { "times": 40, "concurrency": 20 } }, "hooks": [], "sla": { "failure_rate": { "max": 0 } } } ] }
2019-06-16 07:45:32.062 18063 RALLYDEBUG rally_openstack.contexts.keystone.users [-] Creating 1 tenants using 20 threads
2019-06-16 07:45:32.987 18063 RALLYDEBUG rally_openstack.contexts.keystone.users [-] Creating 1 users using 20 threads
2019-06-16 07:45:34.392 18063 INFO rally.task.context [-] Task fd541728-b480-4371-83e5-10f84e5e4f3d | Context users@openstack setup() finished in 2.33 sec
2019-06-16 07:45:34.923 18063 INFO rally.task.context [-] Task fd541728-b480-4371-83e5-10f84e5e4f3d | Context quotas@openstack setup() finished in 0.53 sec
2019-06-16 07:45:34.924 18063 INFO rally.task.context [-] Task fd541728-b480-4371-83e5-10f84e5e4f3d | Context cleanup@openstack setup() finished in 0.01 msec
2019-06-16 07:45:34.933 18063 RALLYDEBUG rally.task.runner [-] Starting the constant runner (task UUID: fd541728-b480-4371-83e5-10f84e5e4f3d). timeout: 0 concurrency: 20 concurrency_per_worker: 1 times: 40 concurrency_overhead: 4 processes_to_start: 16 max_cpu_used: 16
2019-06-16 07:45:34.948 21939 RALLYDEBUG rally.task.runner [-] Starting a worker. concurrency: 2 args: {"network_create_args": {}, "port_create_args": {}, "ports_per_network": 5, "port_update_args": {"admin_state_up": false, "device_id": "dummy_id", "device_owner": "dummy_owner", "name": "_port_updated"}} times: 40 method_name: run timeout: 0 duration: None cls:
2019-06-16 07:45:34.951 21940 RALLYDEBUG rally.task.runner [-] Starting a worker. concurrency: 2 args: {"network_create_args": {}, "port_create_args": {}, "ports_per_network": 5, "port_update_args": {"admin_state_up": false, "device_id": "dummy_id", "device_owner": "dummy_owner", "name": "_port_updated"}} times: 40 method_name: run timeout: 0 duration: None cls:
2019-06-16 07:45:34.954 21941 RALLYDEBUG rally.task.runner [-] Starting a worker. concurrency: 2 args: {"network_create_args": {}, "port_create_args": {}, "ports_per_network": 5, "port_update_args": {"admin_state_up": false, "device_id": "dummy_id", "device_owner": "dummy_owner", "name": "_port_updated"}} times: 40 method_name: run timeout: 0 duration: None cls:
2019-06-16 07:45:34.957 21942 RALLYDEBUG rally.task.runner [-] Starting a worker. concurrency: 2 args: {"network_create_args": {}, "port_create_args": {}, "ports_per_network": 5, "port_update_args": {"admin_state_up": false, "device_id": "dummy_id", "device_owner": "dummy_owner", "name": "_port_updated"}} times: 40 method_name: run timeout: 0 duration: None cls:
2019-06-16 07:45:34.959 21940 INFO rally.task.runner [-] Task fd541728-b480-4371-83e5-10f84e5e4f3d | ITER: 2 START
2019-06-16 07:45:34.960 21939 INFO rally.task.runner [-] Task fd541728-b480-4371-83e5-10f84e5e4f3d | ITER: 1 START
2019-06-16 07:45:34.962 21940 WARNING rally_openstack.scenarios.neutron.utils [-] Running this scenario without either the 'network' or 'existing_network' context is deprecated
2019-06-16 07:45:34.961 21943 RALLYDEBUG rally.task.runner [-] Starting a worker. concurrency: 1 args: {"network_create_args": {}, "port_create_args": {}, "ports_per_network": 5, "port_update_args": {"admin_state_up": false, "device_id": "dummy_id", "device_owner": "dummy_owner", "name": "_port_updated"}} times: 40 method_name: run timeout: 0 duration: None cls:
2019-06-16 07:45:34.962 21939 INFO rally.task.runner [-] Task fd541728-b480-4371-83e5-10f84e5e4f3d | ITER: 3 START
2019-06-16 07:45:34.964 21941 INFO rally.task.runner [-] Task fd541728-b480-4371-83e5-10f84e5e4f3d | ITER: 4 START
2019-06-16 07:45:34.964 21939 WARNING rally_openstack.scenarios.neutron.utils [-] Running this scenario without either the 'network' or 'existing_network' context is deprecated
2019-06-16 07:45:34.966 21942 INFO rally.task.runner [-] Task fd541728-b480-4371-83e5-10f84e5e4f3d | ITER: 6 START
2019-06-16 07:45:34.967 21948 RALLYDEBUG rally.task.runner [-] Starting a worker. concurrency: 1 args: {"network_create_args": {}, "port_create_args": {}, "ports_per_network": 5, "port_update_args": {"admin_state_up": false, "device_id": "dummy_id", "device_owner": "dummy_owner", "name": "_port_updated"}} times: 40 method_name: run timeout: 0 duration: None cls:
2019-06-16 07:45:34.967 21951 RALLYDEBUG rally.task.runner [-] Starting a worker. concurrency: 1 args: {"network_create_args": {}, "port_create_args": {}, "ports_per_network": 5, "port_update_args": {"admin_state_up": false, "device_id": "dummy_id", "device_owner": "dummy_owner", "name": "_port_updated"}} times: 40 method_name: run timeout: 0 duration: None cls:
2019-06-16 07:45:34.968 21942 WARNING rally_openstack.scenarios.neutron.utils [-] Running this scenario without either the 'network' or 'existing_network' context is deprecated
2019-06-16 07:45:34.968 21943 INFO rally.task.runner [-] Task fd541728-b480-4371-83e5-10f84e5e4f3d | ITER: 9 START
2019-06-16 07:45:34.968 21941 WARNING rally_openstack.scenarios.neutron.utils [-] Running this scenario without either the 'network' or 'existing_network' context is deprecated
2019-06-16 07:45:34.970 21943 WARNING rally_openstack.scenarios.neutron.utils [-] Running this scenario without either the 'network' or 'existing_network' context is deprecated
2019-06-16 07:45:34.974 21951 INFO rally.task.runner [-] Task fd541728-b480-4371-83e5-10f84e5e4f3d | ITER: 11 START
2019-06-16 07:45:34.974 21955 RALLYDEBUG rally.task.runner [-] Starting a worker. concurrency: 1 args: {"network_create_args": {}, "port_create_args": {}, "ports_per_network": 5, "port_update_args": {"admin_state_up": false, "device_id": "dummy_id", "device_owner": "dummy_owner", "name": "_port_updated"}} times: 40 method_name: run timeout: 0 duration: None cls:
2019-06-16 07:45:34.976 21951 WARNING rally_openstack.scenarios.neutron.utils [-] Running this scenario without either the 'network' or 'existing_network' context is deprecated
2019-06-16 07:45:34.975 21960 RALLYDEBUG rally.task.runner [-] Starting a worker. concurrency: 1 args: {"network_create_args": {}, "port_create_args": {}, "ports_per_network": 5, "port_update_args": {"admin_state_up": false, "device_id": "dummy_id", "device_owner": "dummy_owner", "name": "_port_updated"}} times: 40 method_name: run timeout: 0 duration: None cls:
2019-06-16 07:45:34.976 21948 INFO rally.task.runner [-] Task fd541728-b480-4371-83e5-10f84e5e4f3d | ITER: 10 START
2019-06-16 07:45:34.965 21939 WARNING rally_openstack.scenarios.neutron.utils [-] Running this scenario without either the 'network' or 'existing_network' context is deprecated
2019-06-16 07:45:34.970 21941 INFO rally.task.runner [-] Task fd541728-b480-4371-83e5-10f84e5e4f3d | ITER: 7 START
2019-06-16 07:45:34.979 21942 INFO rally.task.runner [-] Task fd541728-b480-4371-83e5-10f84e5e4f3d | ITER: 8 START
2019-06-16 07:45:34.979 21948 WARNING rally_openstack.scenarios.neutron.utils [-] Running this scenario without either the 'network' or 'existing_network' context is deprecated
2019-06-16 07:45:34.979 21940 INFO rally.task.runner [-] Task fd541728-b480-4371-83e5-10f84e5e4f3d | ITER: 5 START
2019-06-16 07:45:34.978 21941 WARNING rally_openstack.scenarios.neutron.utils [-] Running this scenario without either the 'network' or 'existing_network' context is deprecated
2019-06-16 07:45:34.981 21942 WARNING rally_openstack.scenarios.neutron.utils [-] Running this scenario without either the 'network' or 'existing_network' context is deprecated
2019-06-16 07:45:34.981 21940 WARNING rally_openstack.scenarios.neutron.utils [-] Running this scenario without either the 'network' or 'existing_network' context is deprecated
2019-06-16 07:45:34.981 21962 RALLYDEBUG rally.task.runner [-] Starting a worker. concurrency: 1 args: {"network_create_args": {}, "port_create_args": {}, "ports_per_network": 5, "port_update_args": {"admin_state_up": false, "device_id": "dummy_id", "device_owner": "dummy_owner", "name": "_port_updated"}} times: 40 method_name: run timeout: 0 duration: None cls:
2019-06-16 07:45:34.983 21960 INFO rally.task.runner [-] Task fd541728-b480-4371-83e5-10f84e5e4f3d | ITER: 13 START
2019-06-16 07:45:34.983 21955 INFO rally.task.runner [-] Task fd541728-b480-4371-83e5-10f84e5e4f3d | ITER: 12 START
2019-06-16 07:45:34.985 21960 WARNING rally_openstack.scenarios.neutron.utils [-] Running this scenario without either the 'network' or 'existing_network' context is deprecated
2019-06-16 07:45:34.985 21955 WARNING rally_openstack.scenarios.neutron.utils [-] Running this scenario without either the 'network' or 'existing_network' context is deprecated
2019-06-16 07:45:34.987 21967 RALLYDEBUG rally.task.runner [-] Starting a worker. concurrency: 1 args: {"network_create_args": {}, "port_create_args": {}, "ports_per_network": 5, "port_update_args": {"admin_state_up": false, "device_id": "dummy_id", "device_owner": "dummy_owner", "name": "_port_updated"}} times: 40 method_name: run timeout: 0 duration: None cls:
2019-06-16 07:45:34.989 21962 INFO rally.task.runner [-] Task fd541728-b480-4371-83e5-10f84e5e4f3d | ITER: 14 START
2019-06-16 07:45:34.992 21962 WARNING rally_openstack.scenarios.neutron.utils [-] Running this scenario without either the 'network' or 'existing_network' context is deprecated
2019-06-16 07:45:34.992 21972 RALLYDEBUG rally.task.runner [-] Starting a worker. concurrency: 1 args: {"network_create_args": {}, "port_create_args": {}, "ports_per_network": 5, "port_update_args": {"admin_state_up": false, "device_id": "dummy_id", "device_owner": "dummy_owner", "name": "_port_updated"}} times: 40 method_name: run timeout: 0 duration: None cls:
2019-06-16 07:45:35.000 21972 INFO rally.task.runner [-] Task fd541728-b480-4371-83e5-10f84e5e4f3d | ITER: 16 START
2019-06-16 07:45:35.001 21975 RALLYDEBUG rally.task.runner [-] Starting a worker. concurrency: 1 args: {"network_create_args": {}, "port_create_args": {}, "ports_per_network": 5, "port_update_args": {"admin_state_up": false, "device_id": "dummy_id", "device_owner": "dummy_owner", "name": "_port_updated"}} times: 40 method_name: run timeout: 0 duration: None cls:
2019-06-16 07:45:35.002 21967 INFO rally.task.runner [-] Task fd541728-b480-4371-83e5-10f84e5e4f3d | ITER: 15 START
2019-06-16 07:45:35.003 21972 WARNING rally_openstack.scenarios.neutron.utils [-] Running this scenario without either the 'network' or 'existing_network' context is deprecated
2019-06-16 07:45:35.003 21967 WARNING rally_openstack.scenarios.neutron.utils [-] Running this scenario without either the 'network' or 'existing_network' context is deprecated
2019-06-16 07:45:35.008 21975 INFO rally.task.runner [-] Task fd541728-b480-4371-83e5-10f84e5e4f3d | ITER: 17 START
2019-06-16 07:45:35.009 21975 WARNING rally_openstack.scenarios.neutron.utils [-] Running this scenario without either the 'network' or 'existing_network' context is deprecated
2019-06-16 07:45:35.013 21980 RALLYDEBUG rally.task.runner [-] Starting a worker. concurrency: 1 args: {"network_create_args": {}, "port_create_args": {}, "ports_per_network": 5, "port_update_args": {"admin_state_up": false, "device_id": "dummy_id", "device_owner": "dummy_owner", "name": "_port_updated"}} times: 40 method_name: run timeout: 0 duration: None cls:
2019-06-16 07:45:35.016 21983 RALLYDEBUG rally.task.runner [-] Starting a worker. concurrency: 1 args: {"network_create_args": {}, "port_create_args": {}, "ports_per_network": 5, "port_update_args": {"admin_state_up": false, "device_id": "dummy_id", "device_owner": "dummy_owner", "name": "_port_updated"}} times: 40 method_name: run timeout: 0 duration: None cls:
2019-06-16 07:45:35.020 21980 INFO rally.task.runner [-] Task fd541728-b480-4371-83e5-10f84e5e4f3d | ITER: 18 START
2019-06-16 07:45:35.021 21983 INFO rally.task.runner [-] Task fd541728-b480-4371-83e5-10f84e5e4f3d | ITER: 19 START
2019-06-16 07:45:35.022 21980 WARNING rally_openstack.scenarios.neutron.utils [-] Running this scenario without either the 'network' or 'existing_network' context is deprecated
2019-06-16 07:45:35.023 21983 WARNING rally_openstack.scenarios.neutron.utils [-] Running this scenario without either the 'network' or 'existing_network' context is deprecated
2019-06-16 07:45:35.024 21984 RALLYDEBUG rally.task.runner [-] Starting a worker. concurrency: 1 args: {"network_create_args": {}, "port_create_args": {}, "ports_per_network": 5, "port_update_args": {"admin_state_up": false, "device_id": "dummy_id", "device_owner": "dummy_owner", "name": "_port_updated"}} times: 40 method_name: run timeout: 0 duration: None cls:
2019-06-16 07:45:35.030 21984 INFO rally.task.runner [-] Task fd541728-b480-4371-83e5-10f84e5e4f3d | ITER: 20 START
2019-06-16 07:45:35.031 21984 WARNING rally_openstack.scenarios.neutron.utils [-] Running this scenario without either the 'network' or 'existing_network' context is deprecated
2019-06-16 07:45:43.016 21939 INFO rally.task.runner [-] Task fd541728-b480-4371-83e5-10f84e5e4f3d | ITER: 1 END: OK
2019-06-16 07:45:43.022 21939 INFO rally.task.runner [-] Task fd541728-b480-4371-83e5-10f84e5e4f3d | ITER: 21 START
2019-06-16 07:45:43.023 21939 WARNING rally_openstack.scenarios.neutron.utils [-] Running this scenario without either the 'network' or 'existing_network' context is deprecated
2019-06-16 07:45:43.366 21951 INFO rally.task.runner [-] Task fd541728-b480-4371-83e5-10f84e5e4f3d | ITER: 11 END: OK
2019-06-16 07:45:43.371 21951 INFO rally.task.runner [-] Task fd541728-b480-4371-83e5-10f84e5e4f3d | ITER: 22 START
2019-06-16 07:45:43.372 21951 WARNING rally_openstack.scenarios.neutron.utils [-] Running this scenario without either the 'network' or 'existing_network' context is deprecated
2019-06-16 07:45:44.665 21942 INFO rally.task.runner [-] Task fd541728-b480-4371-83e5-10f84e5e4f3d | ITER: 6 END: OK
2019-06-16 07:45:44.670 21942 INFO rally.task.runner [-] Task fd541728-b480-4371-83e5-10f84e5e4f3d | ITER: 23 START
2019-06-16 07:45:44.670 21942 WARNING rally_openstack.scenarios.neutron.utils [-] Running this scenario without either the 'network' or 'existing_network' context is deprecated
2019-06-16 07:45:45.162 21943 INFO rally.task.runner [-] Task fd541728-b480-4371-83e5-10f84e5e4f3d | ITER: 9 END: OK
2019-06-16 07:45:45.167 21943 INFO rally.task.runner [-] Task fd541728-b480-4371-83e5-10f84e5e4f3d | ITER: 24 START
2019-06-16 07:45:45.168 21943 WARNING rally_openstack.scenarios.neutron.utils [-] Running this scenario without either the 'network' or 'existing_network' context is deprecated
2019-06-16 07:45:45.242 21941 INFO rally.task.runner [-] Task fd541728-b480-4371-83e5-10f84e5e4f3d | ITER: 4 END: OK
2019-06-16 07:45:45.248 21941 INFO rally.task.runner [-] Task fd541728-b480-4371-83e5-10f84e5e4f3d | ITER: 25 START
2019-06-16 07:45:45.249 21941 WARNING rally_openstack.scenarios.neutron.utils [-] Running this scenario without either the 'network' or 'existing_network' context is deprecated
2019-06-16 07:45:45.266 21984 INFO rally.task.runner [-] Task fd541728-b480-4371-83e5-10f84e5e4f3d | ITER: 20 END: OK
2019-06-16 07:45:45.271 21984 INFO rally.task.runner [-] Task fd541728-b480-4371-83e5-10f84e5e4f3d | ITER: 26 START
2019-06-16 07:45:45.272 21984 WARNING rally_openstack.scenarios.neutron.utils [-] Running this scenario without either the 'network' or 'existing_network' context is deprecated
2019-06-16 07:45:45.274 21942 INFO rally.task.runner [-] Task fd541728-b480-4371-83e5-10f84e5e4f3d | ITER: 8 END: OK
2019-06-16 07:45:45.285 21942 INFO rally.task.runner [-] Task fd541728-b480-4371-83e5-10f84e5e4f3d | ITER: 27 START
2019-06-16 07:45:45.286 21942 WARNING rally_openstack.scenarios.neutron.utils [-] Running this scenario without either the 'network' or 'existing_network' context is deprecated
2019-06-16 07:45:45.346 21975 INFO rally.task.runner [-] Task fd541728-b480-4371-83e5-10f84e5e4f3d | ITER: 17 END: OK
2019-06-16 07:45:45.351 21975 INFO rally.task.runner [-] Task fd541728-b480-4371-83e5-10f84e5e4f3d | ITER: 28 START
2019-06-16 07:45:45.352 21975 WARNING rally_openstack.scenarios.neutron.utils [-] Running this scenario without either the 'network' or 'existing_network' context is deprecated
2019-06-16 07:45:45.478 21960 INFO rally.task.runner [-] Task fd541728-b480-4371-83e5-10f84e5e4f3d | ITER: 13 END: OK
2019-06-16 07:45:45.483 21960 INFO rally.task.runner [-] Task fd541728-b480-4371-83e5-10f84e5e4f3d | ITER: 29 START
2019-06-16 07:45:45.483 21960 WARNING rally_openstack.scenarios.neutron.utils [-] Running this scenario without either the 'network' or 'existing_network' context is deprecated
2019-06-16 07:45:45.544 21940 INFO rally.task.runner [-] Task fd541728-b480-4371-83e5-10f84e5e4f3d | ITER: 5 END: OK
2019-06-16 07:45:45.549 21940 INFO rally.task.runner [-] Task fd541728-b480-4371-83e5-10f84e5e4f3d | ITER: 30 START
2019-06-16 07:45:45.549 21940 WARNING rally_openstack.scenarios.neutron.utils [-] Running this scenario without either the 'network' or 'existing_network' context is deprecated
2019-06-16 07:45:45.675 21948 INFO rally.task.runner [-] Task fd541728-b480-4371-83e5-10f84e5e4f3d | ITER: 10 END: OK
2019-06-16 07:45:45.680 21948 INFO rally.task.runner [-] Task fd541728-b480-4371-83e5-10f84e5e4f3d | ITER: 31 START
2019-06-16 07:45:45.681 21948 WARNING rally_openstack.scenarios.neutron.utils [-] Running this scenario without either the 'network' or 'existing_network' context is deprecated
2019-06-16 07:45:45.771 21939 INFO rally.task.runner [-] Task fd541728-b480-4371-83e5-10f84e5e4f3d | ITER: 3 END: OK
2019-06-16 07:45:45.776 21939 INFO rally.task.runner [-] Task fd541728-b480-4371-83e5-10f84e5e4f3d | ITER: 32 START
2019-06-16 07:45:45.776 21939 WARNING rally_openstack.scenarios.neutron.utils [-] Running this scenario without either the 'network' or 'existing_network' context is deprecated
2019-06-16 07:45:45.940 21955 INFO rally.task.runner [-] Task fd541728-b480-4371-83e5-10f84e5e4f3d | ITER: 12 END: OK
2019-06-16 07:45:45.946 21955 INFO rally.task.runner [-] Task fd541728-b480-4371-83e5-10f84e5e4f3d | ITER: 33 START
2019-06-16 07:45:45.946 21955 WARNING rally_openstack.scenarios.neutron.utils [-] Running this scenario without either the 'network' or 'existing_network' context is deprecated
2019-06-16 07:45:46.840 21983 INFO rally.task.runner [-] Task fd541728-b480-4371-83e5-10f84e5e4f3d | ITER: 19 END: OK
2019-06-16 07:45:46.845 21983 INFO rally.task.runner [-] Task fd541728-b480-4371-83e5-10f84e5e4f3d | ITER: 34 START
2019-06-16 07:45:46.846 21983 WARNING rally_openstack.scenarios.neutron.utils [-] Running this scenario without either the 'network' or 'existing_network' context is deprecated
2019-06-16 07:45:47.474 21980 INFO rally.task.runner [-] Task fd541728-b480-4371-83e5-10f84e5e4f3d | ITER: 18 END: OK
2019-06-16 07:45:47.478 21980 INFO rally.task.runner [-] Task fd541728-b480-4371-83e5-10f84e5e4f3d | ITER: 35 START
2019-06-16 07:45:47.479 21980 WARNING rally_openstack.scenarios.neutron.utils [-] Running this scenario without either the 'network' or 'existing_network' context is deprecated
2019-06-16 07:45:47.502 21940 INFO rally.task.runner [-] Task fd541728-b480-4371-83e5-10f84e5e4f3d | ITER: 2 END: OK
2019-06-16 07:45:47.507 21940 INFO rally.task.runner [-] Task fd541728-b480-4371-83e5-10f84e5e4f3d | ITER: 36 START
2019-06-16 07:45:47.507 21940 WARNING rally_openstack.scenarios.neutron.utils [-] Running this scenario without either the 'network' or 'existing_network' context is deprecated
2019-06-16 07:45:47.857 21941 INFO rally.task.runner [-] Task fd541728-b480-4371-83e5-10f84e5e4f3d | ITER: 7 END: OK
2019-06-16 07:45:47.863 21941 INFO rally.task.runner [-] Task fd541728-b480-4371-83e5-10f84e5e4f3d | ITER: 37 START
2019-06-16 07:45:47.863 21941 WARNING rally_openstack.scenarios.neutron.utils [-] Running this scenario without either the 'network' or 'existing_network' context is deprecated
2019-06-16 07:45:48.567 21962 INFO rally.task.runner [-] Task fd541728-b480-4371-83e5-10f84e5e4f3d | ITER: 14 END: OK
2019-06-16 07:45:48.573 21962 INFO rally.task.runner [-] Task fd541728-b480-4371-83e5-10f84e5e4f3d | ITER: 38 START
2019-06-16 07:45:48.573 21962 WARNING rally_openstack.scenarios.neutron.utils [-] Running this scenario without either the 'network' or 'existing_network' context is deprecated
2019-06-16 07:45:49.568 21972 INFO rally.task.runner [-] Task fd541728-b480-4371-83e5-10f84e5e4f3d | ITER: 16 END: OK
2019-06-16 07:45:49.573 21972 INFO rally.task.runner [-] Task fd541728-b480-4371-83e5-10f84e5e4f3d | ITER: 39 START
2019-06-16 07:45:49.574 21972 WARNING rally_openstack.scenarios.neutron.utils [-] Running this scenario without either the 'network' or 'existing_network' context is deprecated
2019-06-16 07:45:50.119 21967 INFO rally.task.runner [-] Task fd541728-b480-4371-83e5-10f84e5e4f3d | ITER: 15 END: OK
2019-06-16 07:45:50.125 21967 INFO rally.task.runner [-] Task fd541728-b480-4371-83e5-10f84e5e4f3d | ITER: 40 START
2019-06-16 07:45:50.126 21967 WARNING rally_openstack.scenarios.neutron.utils [-] Running this scenario without either the 'network' or 'existing_network' context is deprecated
2019-06-16 07:45:53.429 21951 INFO rally.task.runner [-] Task fd541728-b480-4371-83e5-10f84e5e4f3d | ITER: 22 END: OK
2019-06-16 07:45:54.007 21939 INFO rally.task.runner [-] Task fd541728-b480-4371-83e5-10f84e5e4f3d | ITER: 21 END: OK
2019-06-16 07:45:55.167 21984 INFO rally.task.runner [-] Task fd541728-b480-4371-83e5-10f84e5e4f3d | ITER: 26 END: OK
2019-06-16 07:45:55.190 21983 INFO rally.task.runner [-] Task fd541728-b480-4371-83e5-10f84e5e4f3d | ITER: 34 END: OK
2019-06-16 07:45:55.233 21940 INFO rally.task.runner [-] Task fd541728-b480-4371-83e5-10f84e5e4f3d | ITER: 30 END: OK
2019-06-16 07:45:55.373 21939 INFO rally.task.runner [-] Task fd541728-b480-4371-83e5-10f84e5e4f3d | ITER: 32 END: OK
2019-06-16 07:45:55.709 21942 INFO rally.task.runner [-] Task fd541728-b480-4371-83e5-10f84e5e4f3d | ITER: 23 END: OK
2019-06-16 07:45:56.512 21948 INFO rally.task.runner [-] Task fd541728-b480-4371-83e5-10f84e5e4f3d | ITER: 31 END: OK
2019-06-16 07:45:56.784 21955 INFO rally.task.runner [-] Task fd541728-b480-4371-83e5-10f84e5e4f3d | ITER: 33 END: OK
2019-06-16 07:45:56.844 21942 INFO rally.task.runner [-] Task fd541728-b480-4371-83e5-10f84e5e4f3d | ITER: 27 END: OK
2019-06-16 07:45:56.851 21980 INFO rally.task.runner [-] Task fd541728-b480-4371-83e5-10f84e5e4f3d | ITER: 35 END: OK
2019-06-16 07:45:56.872 21940 INFO rally.task.runner [-] Task fd541728-b480-4371-83e5-10f84e5e4f3d | ITER: 36 END: OK
2019-06-16 07:45:57.011 21975 INFO rally.task.runner [-] Task fd541728-b480-4371-83e5-10f84e5e4f3d | ITER: 28 END: OK
2019-06-16 07:45:57.102 21962 INFO rally.task.runner [-] Task fd541728-b480-4371-83e5-10f84e5e4f3d | ITER: 38 END: OK
2019-06-16 07:45:57.210 21943 INFO rally.task.runner [-] Task fd541728-b480-4371-83e5-10f84e5e4f3d | ITER: 24 END: OK
2019-06-16 07:45:57.282 21941 INFO rally.task.runner [-] Task fd541728-b480-4371-83e5-10f84e5e4f3d | ITER: 37 END: OK
2019-06-16 07:45:57.351 21941 INFO rally.task.runner [-] Task fd541728-b480-4371-83e5-10f84e5e4f3d | ITER: 25 END: OK
2019-06-16 07:45:57.356 21967 INFO rally.task.runner [-] Task fd541728-b480-4371-83e5-10f84e5e4f3d | ITER: 40 END: OK
2019-06-16 07:45:57.484 21960 INFO rally.task.runner [-] Task fd541728-b480-4371-83e5-10f84e5e4f3d | ITER: 29 END: OK
2019-06-16 07:45:57.657 21972 INFO rally.task.runner [-] Task fd541728-b480-4371-83e5-10f84e5e4f3d | ITER: 39 END: OK
2019-06-16 07:45:57.684 18063 INFO rally.task.context [-] Task fd541728-b480-4371-83e5-10f84e5e4f3d | Context cleanup@openstack cleanup() started
2019-06-16 07:45:57.687 18063 RALLYDEBUG rally_openstack.cleanup.manager [-] Cleaning up neutron vip objects
2019-06-16 07:45:58.077 18063 RALLYDEBUG rally_openstack.cleanup.manager [-] Cleaning up neutron health_monitor objects
2019-06-16 07:45:58.464 18063 RALLYDEBUG rally_openstack.cleanup.manager [-] Cleaning up neutron pool objects
2019-06-16 07:45:58.863 18063 RALLYDEBUG rally_openstack.cleanup.manager [-] Cleaning up neutron loadbalancer objects
2019-06-16 07:45:59.261 18063 RALLYDEBUG rally_openstack.cleanup.manager [-] Cleaning up neutron floatingip objects
2019-06-16 07:45:59.708 18063 RALLYDEBUG rally_openstack.cleanup.manager [-] Cleaning up neutron port objects
2019-06-16 07:46:00.550 18063 RALLYDEBUG rally_openstack.cleanup.manager [-] Deleting neutron.port object s_rally_26c58a40_bFhgJTK0 (124abc79-e95f-4957-b2f4-c02bcd1731f3)
2019-06-16 07:46:00.555 18063 RALLYDEBUG rally_openstack.cleanup.manager [-] Deleting neutron.port object s_rally_26c58a40_AgWrZzDn (15cf1744-ce2f-4a8a-8272-e9604c368d36)
2019-06-16 07:46:00.558 18063 RALLYDEBUG rally_openstack.cleanup.manager [-] Deleting neutron.port object s_rally_26c58a40_QeBq1YWn (083bda43-4521-4ae3-be78-cbc099ff30cc)
2019-06-16 07:46:00.563 18063 RALLYDEBUG rally_openstack.cleanup.manager [-] Deleting neutron.port object s_rally_26c58a40_JMi5AIus (00852b73-08bd-46ea-bb8a-85ab37e2634b)
2019-06-16 07:46:00.569 18063 RALLYDEBUG rally_openstack.cleanup.manager [-] Deleting neutron.port object s_rally_26c58a40_2OSpE2Ql (0e5a1e45-4715-436a-b4e7-d6441ab7bd05)
2019-06-16 07:46:00.572 18063 RALLYDEBUG rally_openstack.cleanup.manager [-] Deleting neutron.port object s_rally_26c58a40_HEGLILvx (15f0df7f-97bf-4586-ba69-0e2f28d7d49b)
2019-06-16 07:46:00.579 18063 RALLYDEBUG rally_openstack.cleanup.manager [-] Deleting neutron.port object s_rally_26c58a40_vFyXyhHh (04c77322-f297-4dc1-8b85-8173beaa58cf)
2019-06-16 07:46:00.580 18063 RALLYDEBUG rally_openstack.cleanup.manager [-] Deleting neutron.port object s_rally_26c58a40_4C1vG3bl (00603005-512d-4fef-929e-677cac4a5f3b)
2019-06-16 07:46:00.582 18063 RALLYDEBUG rally_openstack.cleanup.manager [-] Deleting neutron.port object s_rally_26c58a40_MjoG4tma (01102cbf-c56c-4d3e-b901-318e0824e029)
2019-06-16 07:46:00.591 18063 RALLYDEBUG rally_openstack.cleanup.manager [-] Deleting neutron.port object s_rally_26c58a40_BcaetNyt (0ad4636c-2f2e-4c19-82fe-abdee5048329)
2019-06-16 07:46:00.596 18063 RALLYDEBUG rally_openstack.cleanup.manager [-] Deleting neutron.port object s_rally_26c58a40_d57rncvI (13309601-8bd5-46e9-81d1-54810f54f1ea)
2019-06-16 07:46:00.598 18063 RALLYDEBUG rally_openstack.cleanup.manager [-] Deleting neutron.port object s_rally_26c58a40_MFwLjKDp (0722443f-2769-40da-a1a5-7054fc5e881b)
2019-06-16 07:46:00.603 18063 RALLYDEBUG rally_openstack.cleanup.manager [-] Deleting neutron.port object s_rally_26c58a40_0Z0KfNQy (073e6178-10d8-4e52-86cd-9b61aca8b875)
2019-06-16 07:46:00.611 18063 RALLYDEBUG rally_openstack.cleanup.manager [-] Deleting neutron.port object s_rally_26c58a40_0FtVyHE9 (0f47ea16-453f-40f4-b13f-95bb33e3f658)
2019-06-16 07:46:00.612 18063 RALLYDEBUG rally_openstack.cleanup.manager [-] Deleting neutron.port object s_rally_26c58a40_0mUYpXOG (004ffe04-ccc0-453b-b6b9-aca5b1abbb23)
2019-06-16 07:46:00.613 18063 RALLYDEBUG rally_openstack.cleanup.manager [-] Deleting neutron.port object s_rally_26c58a40_Zn2NXicO (0284eaf2-00f7-45f4-9212-4d6aec3920a0)
2019-06-16 07:46:00.613 18063 RALLYDEBUG rally_openstack.cleanup.manager [-] Deleting neutron.port object s_rally_26c58a40_jft0nxqA (0ac2a6dc-eac6-4dd3-99ed-600e3d024bc4)
2019-06-16 07:46:00.617 18063 RALLYDEBUG rally_openstack.cleanup.manager [-] Deleting neutron.port object s_rally_26c58a40_ApYcsZo8 (09e76373-4f44-40f4-a56e-2fd7c2f877ce)
2019-06-16 07:46:00.632 18063 RALLYDEBUG rally_openstack.cleanup.manager [-] Deleting neutron.port object s_rally_26c58a40_deaDzHCq (0216360c-ef6b-4377-b807-86ccddfb8d8c)
2019-06-16 07:46:00.645 18063 RALLYDEBUG rally_openstack.cleanup.manager [-] Deleting neutron.port object s_rally_26c58a40_rgqM6793 (13d59e09-ff45-41d7-8cbc-b551a8cd3a17)
2019-06-16 07:46:02.619 18063 RALLYDEBUG rally_openstack.cleanup.manager [-] Deleting neutron.port object s_rally_26c58a40_96LYCpnh (1a0057a8-1014-46f8-bbb6-3f1b61c059a1)
2019-06-16 07:46:02.640 18063 RALLYDEBUG rally_openstack.cleanup.manager [-] Deleting neutron.port object s_rally_26c58a40_L4p5uS9J (1b29011d-264d-42f2-b3a3-a8da7af91460)
2019-06-16 07:46:02.705 18063 RALLYDEBUG rally_openstack.cleanup.manager [-] Deleting neutron.port object s_rally_26c58a40_BxshlZ3t (1bbdaa9b-c5e4-4d10-92fc-d3ad2338d277)
2019-06-16 07:46:02.785 18063 RALLYDEBUG rally_openstack.cleanup.manager [-] Deleting neutron.port object s_rally_26c58a40_EgSla9Jj (1db5cf32-ecb4-4e2e-b7ed-58df085c76ec)
2019-06-16 07:46:03.079 18063 RALLYDEBUG rally_openstack.cleanup.manager [-] Deleting neutron.port object s_rally_26c58a40_TG8dWQ4x (203f23e1-c97f-4ab2-940f-02d70a92243f)
2019-06-16 07:46:03.128 18063 RALLYDEBUG rally_openstack.cleanup.manager [-] Deleting neutron.port object s_rally_26c58a40_InJ5Spum (20bee22c-39b8-4e21-a58d-3a84071cad6f)
2019-06-16 07:46:03.222 18063 RALLYDEBUG rally_openstack.cleanup.manager [-] Deleting neutron.port object s_rally_26c58a40_u6T3mGXc (2235c388-14fd-4416-9db5-c50e0f878b46)
2019-06-16 07:46:03.272 18063 RALLYDEBUG rally_openstack.cleanup.manager [-] Deleting neutron.port object s_rally_26c58a40_AYfHaI3V (227b595f-984f-470b-b3d8-232eee19e1e5)
2019-06-16 07:46:03.321 18063 RALLYDEBUG rally_openstack.cleanup.manager [-] Deleting neutron.port object s_rally_26c58a40_C8jc0zkV (2284fa16-546f-4c31-8dee-5c09b7a27c21)
2019-06-16 07:46:03.331 18063 RALLYDEBUG rally_openstack.cleanup.manager [-] Deleting neutron.port object s_rally_26c58a40_xZ4ggeKW (231f0261-51fd-4513-93f4-19ec2118d011)
2019-06-16 07:46:03.357 18063 RALLYDEBUG rally_openstack.cleanup.manager [-] Deleting neutron.port object s_rally_26c58a40_5lAr2DtJ (247373a2-caec-42ca-9ef4-706966a0dff9)
2019-06-16 07:46:03.515 18063 RALLYDEBUG rally_openstack.cleanup.manager [-] Deleting neutron.port object s_rally_26c58a40_X1qSsKFG (24e96a1e-4096-465f-8717-22539865dd64)
2019-06-16 07:46:03.531 18063 RALLYDEBUG rally_openstack.cleanup.manager [-] Deleting neutron.port object s_rally_26c58a40_yG8tA3I6 (2506860d-964e-46f7-a697-85d75204b2e2)
2019-06-16 07:46:03.669 18063 RALLYDEBUG rally_openstack.cleanup.manager [-] Deleting neutron.port object s_rally_26c58a40_On7e6Vbn (25c32c2f-0a78-4de2-a5a2-bafa2eb01322)
2019-06-16 07:46:03.814 18063 RALLYDEBUG rally_openstack.cleanup.manager [-] Deleting neutron.port object s_rally_26c58a40_fjUZbtLu (2675e3fe-e307-4749-8934-39a961a2ae72)
2019-06-16 07:46:03.822 18063 RALLYDEBUG rally_openstack.cleanup.manager [-] Deleting neutron.port object s_rally_26c58a40_MSsXvllk (2818188b-ef86-4237-b160-12e38c508c09)
2019-06-16 07:46:03.857 18063 RALLYDEBUG rally_openstack.cleanup.manager [-] Deleting neutron.port object s_rally_26c58a40_SeBPOtNv (28d94e1f-2957-408e-b1e1-cfd20789372c)
2019-06-16 07:46:03.868 18063 RALLYDEBUG rally_openstack.cleanup.manager [-] Deleting neutron.port object s_rally_26c58a40_dAGvvLRZ (295722f0-967f-467e-8eb3-80d5febc3c8a)
2019-06-16 07:46:03.949 18063 RALLYDEBUG rally_openstack.cleanup.manager [-] Deleting neutron.port object s_rally_26c58a40_vFFHLNFu (2ae0fe1a-122d-480c-853a-28c4cd593ffa)
2019-06-16 07:46:03.971 18063 RALLYDEBUG rally_openstack.cleanup.manager [-] Deleting neutron.port object s_rally_26c58a40_Do54kOqE (2c8edf5e-c2af-44c7-888a-363320175f96)
2019-06-16 07:46:04.485 18063 RALLYDEBUG rally_openstack.cleanup.manager [-] Deleting neutron.port object s_rally_26c58a40_K3D6qB9W (2cdedd00-2b14-4362-8b4a-4849a3de764d)
2019-06-16 07:46:04.547 18063 RALLYDEBUG rally_openstack.cleanup.manager [-] Deleting neutron.port object s_rally_26c58a40_TXL5Bp3O (2db2e1e9-67a3-4f3e-80c1-be9b046063bd)
2019-06-16 07:46:04.751 18063 RALLYDEBUG rally_openstack.cleanup.manager [-] Deleting neutron.port object s_rally_26c58a40_JEfqIOta (2f5fccf3-5a51-4e71-a2f5-638df9050ad0)
2019-06-16 07:46:04.811 18063 RALLYDEBUG rally_openstack.cleanup.manager [-] Deleting neutron.port object s_rally_26c58a40_zT4LpVf2 (301debc8-faf1-4941-a053-ddc55ace9295)
2019-06-16 07:46:05.286 18063 RALLYDEBUG rally_openstack.cleanup.manager [-] Deleting neutron.port object s_rally_26c58a40_86IfhFYl (30769261-4f70-44d0-8e65-18027393c08a)
2019-06-16 07:46:05.307 18063 RALLYDEBUG rally_openstack.cleanup.manager [-] Deleting neutron.port object s_rally_26c58a40_k9SZEyi1 (332bc441-0e37-431e-9918-8a2982d6a66b)
2019-06-16 07:46:05.416 18063 RALLYDEBUG rally_openstack.cleanup.manager [-] Deleting neutron.port object s_rally_26c58a40_VGAlGTae (33764fd4-8bee-4c98-b8f8-a0dc6eb2abd6)
2019-06-16 07:46:05.438 18063 RALLYDEBUG rally_openstack.cleanup.manager [-] Deleting neutron.port object s_rally_26c58a40_isFqZqMe (34c4a69b-de17-403d-9c58-b326e9e58d75)
2019-06-16 07:46:05.475 18063 RALLYDEBUG rally_openstack.cleanup.manager [-] Deleting neutron.port object s_rally_26c58a40_WsF90VYs (34d10523-e527-4106-b901-f78aa7daa385)
2019-06-16 07:46:05.731 18063 RALLYDEBUG rally_openstack.cleanup.manager [-] Deleting neutron.port object s_rally_26c58a40_uIesJMQi (3741606e-f5a0-4756-843d-b00feda9e90f)
2019-06-16 07:46:05.790 18063 RALLYDEBUG rally_openstack.cleanup.manager [-] Deleting neutron.port object s_rally_26c58a40_q9hXIBa1 (396ca94c-5d5a-4ee6-b1ce-4d4a94651277)
2019-06-16 07:46:05.806 18063 RALLYDEBUG rally_openstack.cleanup.manager [-] Deleting neutron.port object s_rally_26c58a40_hiBEFHHN (39aa03ec-8d5b-43fe-9bb8-bffa91159990)
2019-06-16 07:46:05.882 18063 RALLYDEBUG rally_openstack.cleanup.manager [-] Deleting neutron.port object s_rally_26c58a40_139L25Tj (3a38a3c5-d2b1-4f2b-82ed-2d427d7d9d68)
2019-06-16 07:46:05.889 18063 RALLYDEBUG rally_openstack.cleanup.manager [-] Deleting neutron.port object s_rally_26c58a40_hr0lmUaP (3d185a26-e5a7-4910-a801-90bb72e4fdc7)
2019-06-16 07:46:05.911 18063 RALLYDEBUG rally_openstack.cleanup.manager [-] Deleting neutron.port object s_rally_26c58a40_Wj7GnS1N (3db108ac-6ba8-4393-8210-516c86cd995d)
2019-06-16 07:46:05.947 18063 RALLYDEBUG rally_openstack.cleanup.manager [-] Deleting neutron.port object s_rally_26c58a40_0GnPmJlm (3ee0f5df-aa3b-48f4-8065-681ddd85cd15)
2019-06-16 07:46:06.128 18063 RALLYDEBUG rally_openstack.cleanup.manager [-] Deleting neutron.port object s_rally_26c58a40_LyQzIYlu (3f09a97c-0f0c-43f3-bbaf-66a1dd953959)
2019-06-16 07:46:06.183 18063 RALLYDEBUG rally_openstack.cleanup.manager [-] Deleting neutron.port object s_rally_26c58a40_zLIMOqQx (3f219757-1f32-41fe-b6df-f047cfd28fe1)
2019-06-16 07:46:06.415 18063 RALLYDEBUG rally_openstack.cleanup.manager [-] Deleting neutron.port object s_rally_26c58a40_XQid3Ynr (4080f141-c988-4f26-a10e-5ec80ae3c397)
2019-06-16 07:46:06.442 18063 RALLYDEBUG rally_openstack.cleanup.manager [-] Deleting neutron.port object s_rally_26c58a40_x3kIHBBH (40ef55a2-7195-488b-a9de-9999099338df)
2019-06-16 07:46:06.489 18063 RALLYDEBUG rally_openstack.cleanup.manager [-] Deleting neutron.port object s_rally_26c58a40_Dwschee3 (41f64c1f-bad9-4756-84d8-96161650b0a1)
2019-06-16 07:46:06.603 18063 RALLYDEBUG rally_openstack.cleanup.manager [-] Deleting neutron.port object s_rally_26c58a40_lpDAP1mI (439fc2ea-d7d7-41df-a2af-b6c85741a8b9)
2019-06-16 07:46:06.632 18063 RALLYDEBUG rally_openstack.cleanup.manager [-] Deleting neutron.port object s_rally_26c58a40_st21lSJa (44e66649-3aa4-4c7e-8325-a16df81bcca8)
2019-06-16 07:46:06.722 18063 RALLYDEBUG rally_openstack.cleanup.manager [-] Deleting neutron.port object s_rally_26c58a40_S10yKh8L (4819b5ec-bc80-4c33-a2fb-e630f9e50036)
2019-06-16 07:46:07.140 18063 RALLYDEBUG rally_openstack.cleanup.manager [-] Deleting neutron.port object s_rally_26c58a40_UNWc25O1 (4960b096-9e21-4757-88c2-c8424efd28e1)
2019-06-16 07:46:07.218 18063 RALLYDEBUG rally_openstack.cleanup.manager [-] Deleting neutron.port object s_rally_26c58a40_vqosMgz3 (49796461-dfd1-465a-858b-5a4e4d30a1f6)
2019-06-16 07:46:07.474 18063 RALLYDEBUG rally_openstack.cleanup.manager [-] Deleting neutron.port object s_rally_26c58a40_gg4MgNSu (4c3ff876-4800-4f5d-b205-a37f6e1313e4)
2019-06-16 07:46:07.489 18063 RALLYDEBUG rally_openstack.cleanup.manager [-] Deleting neutron.port object s_rally_26c58a40_uYsrDrCu (4d8de950-a9c8-4b13-8d8c-f51f07ab2ad5)
2019-06-16 07:46:07.758 18063 RALLYDEBUG rally_openstack.cleanup.manager [-] Deleting neutron.port object s_rally_26c58a40_z8Vf6iTk (4e195b5f-c4c8-4725-a27f-b4167ff0ece0)
