2019-06-16 07:46:55.741 22313 WARNING rally_openstack.scenarios.neutron.utils [-] Running this scenario without either the 'network' or 'existing_network' context is deprecated
2019-06-16 07:46:55.793 22309 INFO rally.task.runner [-] Task fd541728-b480-4371-83e5-10f84e5e4f3d | ITER: 1 END: OK
2019-06-16 07:46:55.797 22309 INFO rally.task.runner [-] Task fd541728-b480-4371-83e5-10f84e5e4f3d | ITER: 40 START
2019-06-16 07:46:55.798 22309 WARNING rally_openstack.scenarios.neutron.utils [-] Running this scenario without either the 'network' or 'existing_network' context is deprecated
2019-06-16 07:46:58.964 22342 INFO rally.task.runner [-] Task fd541728-b480-4371-83e5-10f84e5e4f3d | ITER: 21 END: OK
2019-06-16 07:46:59.952 22311 INFO rally.task.runner [-] Task fd541728-b480-4371-83e5-10f84e5e4f3d | ITER: 25 END: OK
2019-06-16 07:47:00.925 22317 INFO rally.task.runner [-] Task fd541728-b480-4371-83e5-10f84e5e4f3d | ITER: 22 END: OK
2019-06-16 07:47:02.159 22355 INFO rally.task.runner [-] Task fd541728-b480-4371-83e5-10f84e5e4f3d | ITER: 23 END: OK
2019-06-16 07:47:02.184 22353 INFO rally.task.runner [-] Task fd541728-b480-4371-83e5-10f84e5e4f3d | ITER: 26 END: OK
2019-06-16 07:47:02.186 22327 INFO rally.task.runner [-] Task fd541728-b480-4371-83e5-10f84e5e4f3d | ITER: 32 END: OK
2019-06-16 07:47:02.417 22323 INFO rally.task.runner [-] Task fd541728-b480-4371-83e5-10f84e5e4f3d | ITER: 33 END: OK
2019-06-16 07:47:02.598 22309 INFO rally.task.runner [-] Task fd541728-b480-4371-83e5-10f84e5e4f3d | ITER: 27 END: OK
2019-06-16 07:47:03.007 22331 INFO rally.task.runner [-] Task fd541728-b480-4371-83e5-10f84e5e4f3d | ITER: 28 END: OK
2019-06-16 07:47:03.231 22312 INFO rally.task.runner [-] Task fd541728-b480-4371-83e5-10f84e5e4f3d | ITER: 38 END: OK
2019-06-16 07:47:03.593 22350 INFO rally.task.runner [-] Task fd541728-b480-4371-83e5-10f84e5e4f3d | ITER: 30 END: OK
2019-06-16 07:47:03.898 22326 INFO rally.task.runner [-] Task fd541728-b480-4371-83e5-10f84e5e4f3d | ITER: 37 END: OK
2019-06-16 07:47:03.904 22311 INFO rally.task.runner [-] Task fd541728-b480-4371-83e5-10f84e5e4f3d | ITER: 31 END: OK
2019-06-16 07:47:03.905 22336 INFO rally.task.runner [-] Task fd541728-b480-4371-83e5-10f84e5e4f3d | ITER: 35 END: OK
2019-06-16 07:47:03.971 22310 INFO rally.task.runner [-] Task fd541728-b480-4371-83e5-10f84e5e4f3d | ITER: 24 END: OK
2019-06-16 07:47:04.056 22312 INFO rally.task.runner [-] Task fd541728-b480-4371-83e5-10f84e5e4f3d | ITER: 36 END: OK
2019-06-16 07:47:04.082 22310 INFO rally.task.runner [-] Task fd541728-b480-4371-83e5-10f84e5e4f3d | ITER: 34 END: OK
2019-06-16 07:47:04.309 22347 INFO rally.task.runner [-] Task fd541728-b480-4371-83e5-10f84e5e4f3d | ITER: 29 END: OK
2019-06-16 07:47:04.870 22309 INFO rally.task.runner [-] Task fd541728-b480-4371-83e5-10f84e5e4f3d | ITER: 40 END: OK
2019-06-16 07:47:05.811 22313 INFO rally.task.runner [-] Task fd541728-b480-4371-83e5-10f84e5e4f3d | ITER: 39 END: OK
2019-06-16 07:47:05.843 18063 INFO rally.task.context [-] Task fd541728-b480-4371-83e5-10f84e5e4f3d | Context cleanup@openstack cleanup() started
2019-06-16 07:47:05.846 18063 RALLYDEBUG rally_openstack.cleanup.manager [-] Cleaning up neutron vip objects
2019-06-16 07:47:06.262 18063 RALLYDEBUG rally_openstack.cleanup.manager [-] Cleaning up neutron health_monitor objects
2019-06-16 07:47:06.670 18063 RALLYDEBUG rally_openstack.cleanup.manager [-] Cleaning up neutron pool objects
2019-06-16 07:47:07.071 18063 RALLYDEBUG rally_openstack.cleanup.manager [-] Cleaning up neutron loadbalancer objects
2019-06-16 07:47:07.475 18063 RALLYDEBUG rally_openstack.cleanup.manager [-] Cleaning up neutron floatingip objects
2019-06-16 07:47:07.918 18063 RALLYDEBUG rally_openstack.cleanup.manager [-] Cleaning up neutron port objects
2019-06-16 07:47:08.356 18063 RALLYDEBUG rally_openstack.cleanup.manager [-] Cleaning up neutron subnet objects
2019-06-16 07:47:08.789 18063 RALLYDEBUG rally_openstack.cleanup.manager [-] Cleaning up neutron network objects
2019-06-16 07:47:09.447 18063 RALLYDEBUG rally_openstack.cleanup.manager [-] Deleting neutron.network object s_rally_e258a80e_i8Xb2nu5 (4c7e9eca-a1da-41ac-8859-04b8ac5bea82)
2019-06-16 07:47:09.450 18063 RALLYDEBUG rally_openstack.cleanup.manager [-] Deleting neutron.network object s_rally_e258a80e_NEEnsplm (4c4ffce0-482e-47df-a3df-f605d5edf371)
2019-06-16 07:47:09.450 18063 RALLYDEBUG rally_openstack.cleanup.manager [-] Deleting neutron.network object s_rally_e258a80e_TFx0sW1P (37c4ae90-0c60-4e34-8800-8d035d489fc9)
2019-06-16 07:47:09.451 18063 RALLYDEBUG rally_openstack.cleanup.manager [-] Deleting neutron.network object s_rally_e258a80e_eM8JIbMD (51246ee0-016a-49b4-9a39-4c8cf0dfd6f0)
2019-06-16 07:47:09.453 18063 RALLYDEBUG rally_openstack.cleanup.manager [-] Deleting neutron.network object s_rally_e258a80e_nGu4d40x (1aba7d8f-0bff-45f8-b8b0-8cf596bff146)
2019-06-16 07:47:09.464 18063 RALLYDEBUG rally_openstack.cleanup.manager [-] Deleting neutron.network object s_rally_e258a80e_zbdClyoO (59e74f3c-45a6-4c4c-a418-24ec3aa84d2f)
2019-06-16 07:47:09.469 18063 RALLYDEBUG rally_openstack.cleanup.manager [-] Deleting neutron.network object s_rally_e258a80e_lbDsBXaO (508bd9aa-cb1c-4bc5-a61e-64245ac818f3)
2019-06-16 07:47:09.463 18063 RALLYDEBUG rally_openstack.cleanup.manager [-] Deleting neutron.network object s_rally_e258a80e_NH40mYOJ (350d766a-3efb-4edb-8c62-ea39800c33a8)
2019-06-16 07:47:09.477 18063 RALLYDEBUG rally_openstack.cleanup.manager [-] Deleting neutron.network object s_rally_e258a80e_mYJdBCq0 (01c7d621-074e-49b8-af33-ce9909f32b45)
2019-06-16 07:47:09.478 18063 RALLYDEBUG rally_openstack.cleanup.manager [-] Deleting neutron.network object s_rally_e258a80e_W8QGZYZE (523a1900-91b0-4298-87fc-558efcd8de66)
2019-06-16 07:47:09.488 18063 RALLYDEBUG rally_openstack.cleanup.manager [-] Deleting neutron.network object s_rally_e258a80e_eHKSf3Or (05c76399-2993-4e18-93e2-3c8a0260848e)
2019-06-16 07:47:09.488 18063 RALLYDEBUG rally_openstack.cleanup.manager [-] Deleting neutron.network object s_rally_e258a80e_ZWbXi9eh (388a9e4f-0dea-4675-8054-e0ae32f54d44)
2019-06-16 07:47:09.493 18063 RALLYDEBUG rally_openstack.cleanup.manager [-] Deleting neutron.network object s_rally_e258a80e_NxC5BDxJ (6144db4a-fe6b-449c-a80d-92618f933dfe)
2019-06-16 07:47:09.501 18063 RALLYDEBUG rally_openstack.cleanup.manager [-] Deleting neutron.network object s_rally_e258a80e_K83AA2pi (630e2731-c5e3-45ae-845d-a227376cabaa)
2019-06-16 07:47:09.504 18063 RALLYDEBUG rally_openstack.cleanup.manager [-] Deleting neutron.network object s_rally_e258a80e_OZoB3cyv (3cacd3b8-c591-4fbc-b571-9e2c7f8667b8)
2019-06-16 07:47:09.505 18063 RALLYDEBUG rally_openstack.cleanup.manager [-] Deleting neutron.network object s_rally_e258a80e_LgcvJ0S1 (4b81b3d3-61e3-4342-975c-c88d65f9f637)
2019-06-16 07:47:09.508 18063 RALLYDEBUG rally_openstack.cleanup.manager [-] Deleting neutron.network object s_rally_e258a80e_ncRjXvht (05297176-f095-4ddc-823b-e35cccc594b8)
2019-06-16 07:47:09.510 18063 RALLYDEBUG rally_openstack.cleanup.manager [-] Deleting neutron.network object s_rally_e258a80e_CR4kGwHF (18b8d55c-1862-4c69-a26b-64a976c4ed36)
2019-06-16 07:47:09.519 18063 RALLYDEBUG rally_openstack.cleanup.manager [-] Deleting neutron.network object s_rally_e258a80e_UWzGe0W9 (3cea12ff-bcaf-4e68-abd2-244c11c8f098)
2019-06-16 07:47:09.585 18063 RALLYDEBUG rally_openstack.cleanup.manager [-] Deleting neutron.network object s_rally_e258a80e_ytpNTuSH (42f2a366-f6b3-45f6-b36e-cdbd5dfd9325)
2019-06-16 07:47:11.756 18063 RALLYDEBUG rally_openstack.cleanup.manager [-] Deleting neutron.network object s_rally_e258a80e_iL3aJ2HU (6a385ec1-3383-491b-9302-05ec0595ba8e)
2019-06-16 07:47:11.773 18063 RALLYDEBUG rally_openstack.cleanup.manager [-] Deleting neutron.network object s_rally_e258a80e_emwrub9c (6c46eea7-7ec0-47fc-8c1a-a3fb59867d19)
2019-06-16 07:47:12.143 18063 RALLYDEBUG rally_openstack.cleanup.manager [-] Deleting neutron.network object s_rally_e258a80e_uU1Igodl (77f13d03-8303-4a50-a4eb-be3f85aaf783)
2019-06-16 07:47:12.281 18063 RALLYDEBUG rally_openstack.cleanup.manager [-] Deleting neutron.network object s_rally_e258a80e_4Mrb3kem (7aec98c7-6b04-46df-80d5-037bb2a23cd4)
2019-06-16 07:47:12.403 18063 RALLYDEBUG rally_openstack.cleanup.manager [-] Deleting neutron.network object s_rally_e258a80e_NFraP6jW (7d3d8e54-67fc-4652-84ce-819c90bc3f74)
2019-06-16 07:47:12.417 18063 RALLYDEBUG rally_openstack.cleanup.manager [-] Deleting neutron.network object s_rally_e258a80e_IXkWzDrb (7db6507b-dc8a-4593-adda-ca6e1e3b40b6)
2019-06-16 07:47:12.562 18063 RALLYDEBUG rally_openstack.cleanup.manager [-] Deleting neutron.network object s_rally_e258a80e_YEQJ2ZRV (923db328-35d7-47cc-9776-2ce20eeccf8e)
2019-06-16 07:47:12.604 18063 RALLYDEBUG rally_openstack.cleanup.manager [-] Deleting neutron.network object s_rally_e258a80e_WRu6ZrtL (92c47b79-ce13-4d8d-9e22-4d4f27b7fdfb)
2019-06-16 07:47:12.670 18063 RALLYDEBUG rally_openstack.cleanup.manager [-] Deleting neutron.network object s_rally_e258a80e_mMk6yau5 (9e498b59-6f8a-4a76-a7d3-b863db05fd15)
2019-06-16 07:47:12.688 18063 RALLYDEBUG rally_openstack.cleanup.manager [-] Deleting neutron.network object s_rally_e258a80e_MTUnDnr1 (a12006f0-2d15-42ca-840b-a8b4a126289d)
2019-06-16 07:47:12.740 18063 RALLYDEBUG rally_openstack.cleanup.manager [-] Deleting neutron.network object s_rally_e258a80e_5VvrdCVx (a50e076a-3060-4c45-a480-2afe3fc9ee05)
2019-06-16 07:47:12.771 18063 RALLYDEBUG rally_openstack.cleanup.manager [-] Deleting neutron.network object s_rally_e258a80e_cpjWotHI (ac728c73-a627-472b-afef-a36473524333)
2019-06-16 07:47:12.799 18063 RALLYDEBUG rally_openstack.cleanup.manager [-] Deleting neutron.network object s_rally_e258a80e_uVurAfll (b8f23b6e-ca6f-4831-bff9-19bc33dde15d)
2019-06-16 07:47:12.803 18063 RALLYDEBUG rally_openstack.cleanup.manager [-] Deleting neutron.network object s_rally_e258a80e_J9cLzQna (c0b14e3c-5f4a-4ef5-9a3f-9d6e4dc18275)
2019-06-16 07:47:12.821 18063 RALLYDEBUG rally_openstack.cleanup.manager [-] Deleting neutron.network object s_rally_e258a80e_TEsEf3lY (c85e9182-b312-4290-a158-ac428ec0b88c)
2019-06-16 07:47:12.824 18063 RALLYDEBUG rally_openstack.cleanup.manager [-] Deleting neutron.network object s_rally_e258a80e_XkJYoLY5 (d78a41bc-ee7c-49bc-bc58-e13f41afb1da)
2019-06-16 07:47:12.836 18063 RALLYDEBUG rally_openstack.cleanup.manager [-] Deleting neutron.network object s_rally_e258a80e_73wOCrrK (dd8b08a8-8a62-405a-b4cd-4f0e61d5a68d)
2019-06-16 07:47:12.839 18063 RALLYDEBUG rally_openstack.cleanup.manager [-] Deleting neutron.network object s_rally_e258a80e_yWgmzGK0 (ed8fe81d-0867-4e05-aebc-bf9ccc662ee8)
2019-06-16 07:47:12.874 18063 RALLYDEBUG rally_openstack.cleanup.manager [-] Deleting neutron.network object s_rally_e258a80e_Ze4bHPUC (f8d23dd9-6121-4850-a0ec-72834e525016)
2019-06-16 07:47:12.923 18063 RALLYDEBUG rally_openstack.cleanup.manager [-] Deleting neutron.network object s_rally_e258a80e_JbiHWMfq (feaa52db-1c0a-4151-a934-561b79da0542)
2019-06-16 07:47:15.830 18063 RALLYDEBUG rally_openstack.cleanup.manager [-] Cleaning up neutron router objects
2019-06-16 07:47:16.285 18063 RALLYDEBUG rally_openstack.cleanup.manager [-] Cleaning up neutron security_group objects
2019-06-16 07:47:16.722 18063 INFO rally.task.context [-] Task fd541728-b480-4371-83e5-10f84e5e4f3d | Context cleanup@openstack cleanup() finished in 10.88 sec
2019-06-16 07:47:16.723 18063 INFO rally.task.context [-] Task fd541728-b480-4371-83e5-10f84e5e4f3d | Context quotas@openstack cleanup() started
2019-06-16 07:47:16.823 18063 INFO rally.task.context [-] Task fd541728-b480-4371-83e5-10f84e5e4f3d | Context quotas@openstack cleanup() finished in 0.10 sec
2019-06-16 07:47:16.823 18063 INFO rally.task.context [-] Task fd541728-b480-4371-83e5-10f84e5e4f3d | Context users@openstack cleanup() started
2019-06-16 07:47:19.596 18063 INFO rally.task.context [-] Task fd541728-b480-4371-83e5-10f84e5e4f3d | Context users@openstack cleanup() finished in 2.77 sec
2019-06-16 07:47:21.028 18063 INFO rally.task.engine [-] Load duration is: 26.108764
2019-06-16 07:47:21.028 18063 INFO rally.task.engine [-] Full runner duration is: 26.169389
2019-06-16 07:47:21.028 18063 INFO rally.task.engine [-] Full duration is: 42.899049
2019-06-16 07:47:21.448 18063 INFO rally.task.engine [-] Running workload: position = 0 config = { "version": 2, "title": "A cropped version of a bigger task.", "description": "Auto-generated task from a single workload (uuid=562baa89-7b69-46dc-9c65-3c50f6bf08d4)", "subtasks": [ { "title": "Quotas.neutron_update", "description": "Update quotas for neutron.", "scenario": { "Quotas.neutron_update": { "max_quota": 1024 } }, "contexts": { "users": { "tenants": 20, "users_per_tenant": 1 } }, "runner": { "constant": { "times": 40, "concurrency": 20 } }, "hooks": [], "sla": { "failure_rate": { "max": 0 } } } ] }
2019-06-16 07:47:21.473 18063 RALLYDEBUG rally_openstack.contexts.keystone.users [-] Creating 20 tenants using 20 threads
2019-06-16 07:47:23.760 18063 RALLYDEBUG rally_openstack.contexts.keystone.users [-] Creating 20 users using 20 threads
2019-06-16 07:47:26.784 18063 INFO rally.task.context [-] Task fd541728-b480-4371-83e5-10f84e5e4f3d | Context users@openstack setup() finished in 5.31 sec
2019-06-16 07:47:26.785 18063 INFO rally.task.context [-] Task fd541728-b480-4371-83e5-10f84e5e4f3d | Context admin_cleanup@openstack setup() finished in 0.02 msec
2019-06-16 07:47:26.797 18063 RALLYDEBUG rally.task.runner [-] Starting the constant runner (task UUID: fd541728-b480-4371-83e5-10f84e5e4f3d). timeout: 0 concurrency: 20 concurrency_per_worker: 1 times: 40 concurrency_overhead: 4 processes_to_start: 16 max_cpu_used: 16
2019-06-16 07:47:26.811 22679 RALLYDEBUG rally.task.runner [-] Starting a worker. concurrency: 2 args: {"max_quota": 1024} times: 40 method_name: run timeout: 0 duration: None cls:
2019-06-16 07:47:26.814 22680 RALLYDEBUG rally.task.runner [-] Starting a worker. concurrency: 2 args: {"max_quota": 1024} times: 40 method_name: run timeout: 0 duration: None cls:
2019-06-16 07:47:26.818 22681 RALLYDEBUG rally.task.runner [-] Starting a worker. concurrency: 2 args: {"max_quota": 1024} times: 40 method_name: run timeout: 0 duration: None cls:
2019-06-16 07:47:26.823 22682 RALLYDEBUG rally.task.runner [-] Starting a worker. concurrency: 2 args: {"max_quota": 1024} times: 40 method_name: run timeout: 0 duration: None cls:
2019-06-16 07:47:26.826 22680 INFO rally.task.runner [-] Task fd541728-b480-4371-83e5-10f84e5e4f3d | ITER: 2 START
2019-06-16 07:47:26.833 22684 RALLYDEBUG rally.task.runner [-] Starting a worker. concurrency: 1 args: {"max_quota": 1024} times: 40 method_name: run timeout: 0 duration: None cls:
2019-06-16 07:47:26.829 22679 INFO rally.task.runner [-] Task fd541728-b480-4371-83e5-10f84e5e4f3d | ITER: 1 START
2019-06-16 07:47:26.835 22681 INFO rally.task.runner [-] Task fd541728-b480-4371-83e5-10f84e5e4f3d | ITER: 3 START
2019-06-16 07:47:26.838 22679 INFO rally.task.runner [-] Task fd541728-b480-4371-83e5-10f84e5e4f3d | ITER: 4 START
2019-06-16 07:47:26.840 22682 INFO rally.task.runner [-] Task fd541728-b480-4371-83e5-10f84e5e4f3d | ITER: 6 START
2019-06-16 07:47:26.840 22690 RALLYDEBUG rally.task.runner [-] Starting a worker. concurrency: 1 args: {"max_quota": 1024} times: 40 method_name: run timeout: 0 duration: None cls:
2019-06-16 07:47:26.846 22684 INFO rally.task.runner [-] Task fd541728-b480-4371-83e5-10f84e5e4f3d | ITER: 9 START
2019-06-16 07:47:26.847 22694 RALLYDEBUG rally.task.runner [-] Starting a worker. concurrency: 1 args: {"max_quota": 1024} times: 40 method_name: run timeout: 0 duration: None cls:
2019-06-16 07:47:26.849 22680 INFO rally.task.runner [-] Task fd541728-b480-4371-83e5-10f84e5e4f3d | ITER: 5 START
2019-06-16 07:47:26.849 22681 INFO rally.task.runner [-] Task fd541728-b480-4371-83e5-10f84e5e4f3d | ITER: 7 START
2019-06-16 07:47:26.851 22690 INFO rally.task.runner [-] Task fd541728-b480-4371-83e5-10f84e5e4f3d | ITER: 10 START
2019-06-16 07:47:26.851 22682 INFO rally.task.runner [-] Task fd541728-b480-4371-83e5-10f84e5e4f3d | ITER: 8 START
2019-06-16 07:47:26.856 22698 RALLYDEBUG rally.task.runner [-] Starting a worker. concurrency: 1 args: {"max_quota": 1024} times: 40 method_name: run timeout: 0 duration: None cls:
2019-06-16 07:47:26.861 22694 INFO rally.task.runner [-] Task fd541728-b480-4371-83e5-10f84e5e4f3d | ITER: 11 START
2019-06-16 07:47:26.862 22703 RALLYDEBUG rally.task.runner [-] Starting a worker. concurrency: 1 args: {"max_quota": 1024} times: 40 method_name: run timeout: 0 duration: None cls:
2019-06-16 07:47:26.867 22698 INFO rally.task.runner [-] Task fd541728-b480-4371-83e5-10f84e5e4f3d | ITER: 12 START
2019-06-16 07:47:26.868 22706 RALLYDEBUG rally.task.runner [-] Starting a worker. concurrency: 1 args: {"max_quota": 1024} times: 40 method_name: run timeout: 0 duration: None cls:
2019-06-16 07:47:26.874 22703 INFO rally.task.runner [-] Task fd541728-b480-4371-83e5-10f84e5e4f3d | ITER: 13 START
2019-06-16 07:47:26.876 22706 INFO rally.task.runner [-] Task fd541728-b480-4371-83e5-10f84e5e4f3d | ITER: 14 START
2019-06-16 07:47:26.879 22709 RALLYDEBUG rally.task.runner [-] Starting a worker. concurrency: 1 args: {"max_quota": 1024} times: 40 method_name: run timeout: 0 duration: None cls:
2019-06-16 07:47:26.882 22714 RALLYDEBUG rally.task.runner [-] Starting a worker. concurrency: 1 args: {"max_quota": 1024} times: 40 method_name: run timeout: 0 duration: None cls:
2019-06-16 07:47:26.888 22709 INFO rally.task.runner [-] Task fd541728-b480-4371-83e5-10f84e5e4f3d | ITER: 15 START
2019-06-16 07:47:26.892 22714 INFO rally.task.runner [-] Task fd541728-b480-4371-83e5-10f84e5e4f3d | ITER: 16 START
2019-06-16 07:47:26.892 22715 RALLYDEBUG rally.task.runner [-] Starting a worker. concurrency: 1 args: {"max_quota": 1024} times: 40 method_name: run timeout: 0 duration: None cls:
2019-06-16 07:47:26.895 22718 RALLYDEBUG rally.task.runner [-] Starting a worker. concurrency: 1 args: {"max_quota": 1024} times: 40 method_name: run timeout: 0 duration: None cls:
2019-06-16 07:47:26.900 22715 INFO rally.task.runner [-] Task fd541728-b480-4371-83e5-10f84e5e4f3d | ITER: 17 START
2019-06-16 07:47:26.902 22721 RALLYDEBUG rally.task.runner [-] Starting a worker. concurrency: 1 args: {"max_quota": 1024} times: 40 method_name: run timeout: 0 duration: None cls:
2019-06-16 07:47:26.904 22718 INFO rally.task.runner [-] Task fd541728-b480-4371-83e5-10f84e5e4f3d | ITER: 18 START
2019-06-16 07:47:26.907 22724 RALLYDEBUG rally.task.runner [-] Starting a worker. concurrency: 1 args: {"max_quota": 1024} times: 40 method_name: run timeout: 0 duration: None cls:
2019-06-16 07:47:26.909 22721 INFO rally.task.runner [-] Task fd541728-b480-4371-83e5-10f84e5e4f3d | ITER: 19 START
2019-06-16 07:47:26.916 22724 INFO rally.task.runner [-] Task fd541728-b480-4371-83e5-10f84e5e4f3d | ITER: 20 START
2019-06-16 07:47:27.413 22679 INFO rally.task.runner [-] Task fd541728-b480-4371-83e5-10f84e5e4f3d | ITER: 1 END: OK
2019-06-16 07:47:27.417 22679 INFO rally.task.runner [-] Task fd541728-b480-4371-83e5-10f84e5e4f3d | ITER: 21 START
2019-06-16 07:47:27.475 22682 INFO rally.task.runner [-] Task fd541728-b480-4371-83e5-10f84e5e4f3d | ITER: 8 END: OK
2019-06-16 07:47:27.477 22684 INFO rally.task.runner [-] Task fd541728-b480-4371-83e5-10f84e5e4f3d | ITER: 9 END: OK
2019-06-16 07:47:27.481 22694 INFO rally.task.runner [-] Task fd541728-b480-4371-83e5-10f84e5e4f3d | ITER: 11 END: OK
2019-06-16 07:47:27.482 22684 INFO rally.task.runner [-] Task fd541728-b480-4371-83e5-10f84e5e4f3d | ITER: 23 START
2019-06-16 07:47:27.483 22682 INFO rally.task.runner [-] Task fd541728-b480-4371-83e5-10f84e5e4f3d | ITER: 22 START
2019-06-16 07:47:27.483 22706 INFO rally.task.runner [-] Task fd541728-b480-4371-83e5-10f84e5e4f3d | ITER: 14 END: OK
2019-06-16 07:47:27.487 22694 INFO rally.task.runner [-] Task fd541728-b480-4371-83e5-10f84e5e4f3d | ITER: 24 START
2019-06-16 07:47:27.489 22706 INFO rally.task.runner [-] Task fd541728-b480-4371-83e5-10f84e5e4f3d | ITER: 25 START
2019-06-16 07:47:27.498 22679 INFO rally.task.runner [-] Task fd541728-b480-4371-83e5-10f84e5e4f3d | ITER: 4 END: OK
2019-06-16 07:47:27.503 22679 INFO rally.task.runner [-] Task fd541728-b480-4371-83e5-10f84e5e4f3d | ITER: 26 START
2019-06-16 07:47:27.504 22681 INFO rally.task.runner [-] Task fd541728-b480-4371-83e5-10f84e5e4f3d | ITER: 7 END: OK
2019-06-16 07:47:27.510 22682 INFO rally.task.runner [-] Task fd541728-b480-4371-83e5-10f84e5e4f3d | ITER: 6 END: OK
2019-06-16 07:47:27.511 22681 INFO rally.task.runner [-] Task fd541728-b480-4371-83e5-10f84e5e4f3d | ITER: 27 START
2019-06-16 07:47:27.516 22682 INFO rally.task.runner [-] Task fd541728-b480-4371-83e5-10f84e5e4f3d | ITER: 28 START
2019-06-16 07:47:27.545 22680 INFO rally.task.runner [-] Task fd541728-b480-4371-83e5-10f84e5e4f3d | ITER: 2 END: OK
2019-06-16 07:47:27.557 22680 INFO rally.task.runner [-] Task fd541728-b480-4371-83e5-10f84e5e4f3d | ITER: 29 START
2019-06-16 07:47:27.558 22698 INFO rally.task.runner [-] Task fd541728-b480-4371-83e5-10f84e5e4f3d | ITER: 12 END: OK
2019-06-16 07:47:27.558 22690 INFO rally.task.runner [-] Task fd541728-b480-4371-83e5-10f84e5e4f3d | ITER: 10 END: OK
2019-06-16 07:47:27.562 22698 INFO rally.task.runner [-] Task fd541728-b480-4371-83e5-10f84e5e4f3d | ITER: 30 START
2019-06-16 07:47:27.565 22690 INFO rally.task.runner [-] Task fd541728-b480-4371-83e5-10f84e5e4f3d | ITER: 31 START
2019-06-16 07:47:27.577 22703 INFO rally.task.runner [-] Task fd541728-b480-4371-83e5-10f84e5e4f3d | ITER: 13 END: OK
2019-06-16 07:47:27.582 22703 INFO rally.task.runner [-] Task fd541728-b480-4371-83e5-10f84e5e4f3d | ITER: 32 START
2019-06-16 07:47:27.683 22715 INFO rally.task.runner [-] Task fd541728-b480-4371-83e5-10f84e5e4f3d | ITER: 17 END: OK
2019-06-16 07:47:27.687 22715 INFO rally.task.runner [-] Task fd541728-b480-4371-83e5-10f84e5e4f3d | ITER: 33 START
2019-06-16 07:47:27.696 22680 INFO rally.task.runner [-] Task fd541728-b480-4371-83e5-10f84e5e4f3d | ITER: 5 END: OK
2019-06-16 07:47:27.698 22718 INFO rally.task.runner [-] Task fd541728-b480-4371-83e5-10f84e5e4f3d | ITER: 18 END: OK
2019-06-16 07:47:27.699 22680 INFO rally.task.runner [-] Task fd541728-b480-4371-83e5-10f84e5e4f3d | ITER: 34 START
2019-06-16 07:47:27.702 22718 INFO rally.task.runner [-] Task fd541728-b480-4371-83e5-10f84e5e4f3d | ITER: 35 START
2019-06-16 07:47:27.764 22721 INFO rally.task.runner [-] Task fd541728-b480-4371-83e5-10f84e5e4f3d | ITER: 19 END: OK
2019-06-16 07:47:27.770 22721 INFO rally.task.runner [-] Task fd541728-b480-4371-83e5-10f84e5e4f3d | ITER: 36 START
2019-06-16 07:47:27.810 22714 INFO rally.task.runner [-] Task fd541728-b480-4371-83e5-10f84e5e4f3d | ITER: 16 END: OK
2019-06-16 07:47:27.814 22714 INFO rally.task.runner [-] Task fd541728-b480-4371-83e5-10f84e5e4f3d | ITER: 37 START
2019-06-16 07:47:27.837 22724 INFO rally.task.runner [-] Task fd541728-b480-4371-83e5-10f84e5e4f3d | ITER: 20 END: OK
2019-06-16 07:47:27.844 22724 INFO rally.task.runner [-] Task fd541728-b480-4371-83e5-10f84e5e4f3d | ITER: 38 START
2019-06-16 07:47:27.870 22681 INFO rally.task.runner [-] Task fd541728-b480-4371-83e5-10f84e5e4f3d | ITER: 3 END: OK
2019-06-16 07:47:27.876 22681 INFO rally.task.runner [-] Task fd541728-b480-4371-83e5-10f84e5e4f3d | ITER: 39 START
2019-06-16 07:47:27.900 22709 INFO rally.task.runner [-] Task fd541728-b480-4371-83e5-10f84e5e4f3d | ITER: 15 END: OK
2019-06-16 07:47:27.907 22709 INFO rally.task.runner [-] Task fd541728-b480-4371-83e5-10f84e5e4f3d | ITER: 40 START
2019-06-16 07:47:28.002 22706 INFO rally.task.runner [-] Task fd541728-b480-4371-83e5-10f84e5e4f3d | ITER: 25 END: OK
2019-06-16 07:47:28.014 22682 INFO rally.task.runner [-] Task fd541728-b480-4371-83e5-10f84e5e4f3d | ITER: 22 END: OK
2019-06-16 07:47:28.146 22698 INFO rally.task.runner [-] Task fd541728-b480-4371-83e5-10f84e5e4f3d | ITER: 30 END: OK
2019-06-16 07:47:28.152 22694 INFO rally.task.runner [-] Task fd541728-b480-4371-83e5-10f84e5e4f3d | ITER: 24 END: OK
2019-06-16 07:47:28.170 22679 INFO rally.task.runner [-] Task fd541728-b480-4371-83e5-10f84e5e4f3d | ITER: 26 END: OK
2019-06-16 07:47:28.199 22703 INFO rally.task.runner [-] Task fd541728-b480-4371-83e5-10f84e5e4f3d | ITER: 32 END: OK
2019-06-16 07:47:28.238 22679 INFO rally.task.runner [-] Task fd541728-b480-4371-83e5-10f84e5e4f3d | ITER: 21 END: OK
2019-06-16 07:47:28.240 22681 INFO rally.task.runner [-] Task fd541728-b480-4371-83e5-10f84e5e4f3d | ITER: 27 END: OK
2019-06-16 07:47:28.271 22684 INFO rally.task.runner [-] Task fd541728-b480-4371-83e5-10f84e5e4f3d | ITER: 23 END: OK
2019-06-16 07:47:28.373 22715 INFO rally.task.runner [-] Task fd541728-b480-4371-83e5-10f84e5e4f3d | ITER: 33 END: OK
2019-06-16 07:47:28.387 22682 INFO rally.task.runner [-] Task fd541728-b480-4371-83e5-10f84e5e4f3d | ITER: 28 END: OK
2019-06-16 07:47:28.434 22714 INFO rally.task.runner [-] Task fd541728-b480-4371-83e5-10f84e5e4f3d | ITER: 37 END: OK
2019-06-16 07:47:28.455 22724 INFO rally.task.runner [-] Task fd541728-b480-4371-83e5-10f84e5e4f3d | ITER: 38 END: OK
2019-06-16 07:47:28.467 22690 INFO rally.task.runner [-] Task fd541728-b480-4371-83e5-10f84e5e4f3d | ITER: 31 END: OK
2019-06-16 07:47:28.491 22680 INFO rally.task.runner [-] Task fd541728-b480-4371-83e5-10f84e5e4f3d | ITER: 29 END: OK
2019-06-16 07:47:28.500 22680 INFO rally.task.runner [-] Task fd541728-b480-4371-83e5-10f84e5e4f3d | ITER: 34 END: OK
2019-06-16 07:47:28.512 22709 INFO rally.task.runner [-] Task fd541728-b480-4371-83e5-10f84e5e4f3d | ITER: 40 END: OK
2019-06-16 07:47:28.558 22681 INFO rally.task.runner [-] Task fd541728-b480-4371-83e5-10f84e5e4f3d | ITER: 39 END: OK
2019-06-16 07:47:28.564 22718 INFO rally.task.runner [-] Task fd541728-b480-4371-83e5-10f84e5e4f3d | ITER: 35 END: OK
2019-06-16 07:47:28.588 22721 INFO rally.task.runner [-] Task fd541728-b480-4371-83e5-10f84e5e4f3d | ITER: 36 END: OK
2019-06-16 07:47:28.610 18063 INFO rally.task.context [-] Task fd541728-b480-4371-83e5-10f84e5e4f3d | Context admin_cleanup@openstack cleanup() started
2019-06-16 07:47:28.613 18063 RALLYDEBUG rally_openstack.cleanup.manager [-] Cleaning up neutron quota objects
2019-06-16 07:47:30.277 18063 INFO rally.task.context [-] Task fd541728-b480-4371-83e5-10f84e5e4f3d | Context admin_cleanup@openstack cleanup() finished in 1.67 sec
2019-06-16 07:47:30.278 18063 INFO rally.task.context [-] Task fd541728-b480-4371-83e5-10f84e5e4f3d | Context users@openstack cleanup() started
2019-06-16 07:47:52.714 18063 INFO rally.task.context [-] Task fd541728-b480-4371-83e5-10f84e5e4f3d | Context users@openstack cleanup() finished in 22.44 sec
2019-06-16 07:47:53.671 18063 INFO rally.task.engine [-] Load duration is: 1.759383
2019-06-16 07:47:53.672 18063 INFO rally.task.engine [-] Full runner duration is: 1.813334
2019-06-16 07:47:53.672 18063 INFO rally.task.engine [-] Full duration is: 31.244507
2019-06-16 07:47:53.987 18063 INFO rally.task.engine [-] Running workload: position = 0 config = { "version": 2, "title": "A cropped version of a bigger task.", "description": "Auto-generated task from a single workload (uuid=a5968871-9dd6-4b96-a2e4-a4b9f74919ef)", "subtasks": [ { "title": "NeutronTrunks.create_and_list_trunk_subports", "description": "", "scenario": { "NeutronTrunks.create_and_list_trunk_subports": { "subport_count": 125 } }, "contexts": { "users": { "tenants": 1, "users_per_tenant": 1 }, "quotas": { "neutron": { "network": -1, "port": 1000 } } }, "runner": { "constant": { "times": 4, "concurrency": 4 } }, "hooks": [], "sla": { "failure_rate": { "max": 0 } } } ] }
2019-06-16 07:47:54.015 18063 RALLYDEBUG rally_openstack.contexts.keystone.users [-] Creating 1 tenants using 20 threads
2019-06-16 07:47:55.022 18063 RALLYDEBUG rally_openstack.contexts.keystone.users [-] Creating 1 users using 20 threads
2019-06-16 07:47:56.472 18063 INFO rally.task.context [-] Task fd541728-b480-4371-83e5-10f84e5e4f3d | Context users@openstack setup() finished in 2.46 sec
2019-06-16 07:47:56.945 18063 INFO rally.task.context [-] Task fd541728-b480-4371-83e5-10f84e5e4f3d | Context quotas@openstack setup() finished in 0.47 sec
2019-06-16 07:47:56.945 18063 INFO rally.task.context [-] Task fd541728-b480-4371-83e5-10f84e5e4f3d | Context cleanup@openstack setup() finished in 0.01 msec
2019-06-16 07:47:56.954 18063 RALLYDEBUG rally.task.runner [-] Starting the constant runner (task UUID: fd541728-b480-4371-83e5-10f84e5e4f3d). timeout: 0 concurrency: 4 concurrency_per_worker: 1 times: 4 concurrency_overhead: 0 processes_to_start: 4 max_cpu_used: 16
2019-06-16 07:47:56.969 22869 RALLYDEBUG rally.task.runner [-] Starting a worker. concurrency: 1 args: {"subport_count": 125} times: 4 method_name: run timeout: 0 duration: None cls:
2019-06-16 07:47:56.972 22870 RALLYDEBUG rally.task.runner [-] Starting a worker. concurrency: 1 args: {"subport_count": 125} times: 4 method_name: run timeout: 0 duration: None cls:
2019-06-16 07:47:56.976 22869 INFO rally.task.runner [-] Task fd541728-b480-4371-83e5-10f84e5e4f3d | ITER: 1 START
2019-06-16 07:47:56.976 22871 RALLYDEBUG rally.task.runner [-] Starting a worker. concurrency: 1 args: {"subport_count": 125} times: 4 method_name: run timeout: 0 duration: None cls:
2019-06-16 07:47:56.978 22870 INFO rally.task.runner [-] Task fd541728-b480-4371-83e5-10f84e5e4f3d | ITER: 2 START
2019-06-16 07:47:56.979 22872 RALLYDEBUG rally.task.runner [-] Starting a worker. concurrency: 1 args: {"subport_count": 125} times: 4 method_name: run timeout: 0 duration: None cls:
2019-06-16 07:47:56.982 22871 INFO rally.task.runner [-] Task fd541728-b480-4371-83e5-10f84e5e4f3d | ITER: 3 START
2019-06-16 07:47:56.985 22872 INFO rally.task.runner [-] Task fd541728-b480-4371-83e5-10f84e5e4f3d | ITER: 4 START
2019-06-16 07:49:39.916 22869 WARNING rally.task.atomic [-] 'optional_action_timer' is deprecated since rally v0.10.0.Please use action_timer instead, we have improved atomic actions, now do not need to explicitly close original action.
2019-06-16 07:49:39.955 22869 WARNING rally.task.atomic [-] 'optional_action_timer' is deprecated since rally v0.10.0.Please use action_timer instead, we have improved atomic actions, now do not need to explicitly close original action.
2019-06-16 07:49:40.494 22869 INFO rally.task.runner [-] Task fd541728-b480-4371-83e5-10f84e5e4f3d | ITER: 1 END: OK
2019-06-16 07:49:41.669 22871 WARNING rally.task.atomic [-] 'optional_action_timer' is deprecated since rally v0.10.0.Please use action_timer instead, we have improved atomic actions, now do not need to explicitly close original action.
2019-06-16 07:49:41.711 22871 WARNING rally.task.atomic [-] 'optional_action_timer' is deprecated since rally v0.10.0.Please use action_timer instead, we have improved atomic actions, now do not need to explicitly close original action.
2019-06-16 07:49:42.420 22871 INFO rally.task.runner [-] Task fd541728-b480-4371-83e5-10f84e5e4f3d | ITER: 3 END: OK
2019-06-16 07:49:43.045 22872 WARNING rally.task.atomic [-] 'optional_action_timer' is deprecated since rally v0.10.0.Please use action_timer instead, we have improved atomic actions, now do not need to explicitly close original action.
2019-06-16 07:49:43.086 22872 WARNING rally.task.atomic [-] 'optional_action_timer' is deprecated since rally v0.10.0.Please use action_timer instead, we have improved atomic actions, now do not need to explicitly close original action.
2019-06-16 07:49:43.613 22872 INFO rally.task.runner [-] Task fd541728-b480-4371-83e5-10f84e5e4f3d | ITER: 4 END: OK
2019-06-16 07:49:43.678 22870 WARNING rally.task.atomic [-] 'optional_action_timer' is deprecated since rally v0.10.0.Please use action_timer instead, we have improved atomic actions, now do not need to explicitly close original action.
2019-06-16 07:49:43.715 22870 WARNING rally.task.atomic [-] 'optional_action_timer' is deprecated since rally v0.10.0.Please use action_timer instead, we have improved atomic actions, now do not need to explicitly close original action.
2019-06-16 07:49:44.429 22870 INFO rally.task.runner [-] Task fd541728-b480-4371-83e5-10f84e5e4f3d | ITER: 2 END: OK
2019-06-16 07:49:44.457 18063 INFO rally.task.context [-] Task fd541728-b480-4371-83e5-10f84e5e4f3d | Context cleanup@openstack cleanup() started
2019-06-16 07:49:44.460 18063 RALLYDEBUG rally_openstack.cleanup.manager [-] Cleaning up neutron vip objects
2019-06-16 07:49:44.871 18063 RALLYDEBUG rally_openstack.cleanup.manager [-] Cleaning up neutron health_monitor objects
2019-06-16 07:49:45.263 18063 RALLYDEBUG rally_openstack.cleanup.manager [-] Cleaning up neutron pool objects
2019-06-16 07:49:45.693 18063 RALLYDEBUG rally_openstack.cleanup.manager [-] Cleaning up neutron loadbalancer objects
2019-06-16 07:49:46.100 18063 RALLYDEBUG rally_openstack.cleanup.manager [-] Cleaning up neutron floatingip objects
2019-06-16 07:49:46.527 18063 RALLYDEBUG rally_openstack.cleanup.manager [-] Cleaning up neutron port objects
2019-06-16 07:49:47.807 18063 RALLYDEBUG rally_openstack.cleanup.manager [-] Deleting neutron.port object s_rally_a5968871_4EVbUrJt (028e6d4a-556e-4d7c-881f-1ff8b2a4eda0)
2019-06-16 07:49:47.813 18063 RALLYDEBUG rally_openstack.cleanup.manager [-] Deleting neutron.port object s_rally_a5968871_skruSb0e (03e50eeb-f481-4007-acbf-4ba59ceac3b5)
2019-06-16 07:49:47.820 18063 RALLYDEBUG rally_openstack.cleanup.manager [-] Deleting neutron.port object s_rally_a5968871_dxtsR27j (03e85264-e934-43dc-98b7-7e28f92bc34c)
2019-06-16 07:49:47.823 18063 RALLYDEBUG rally_openstack.cleanup.manager [-] Deleting neutron.port object s_rally_a5968871_FJI9DRfX (005e4d4c-6597-4851-8461-11c3471e81e3)
2019-06-16 07:49:47.823 18063 RALLYDEBUG rally_openstack.cleanup.manager [-] Deleting neutron.port object s_rally_a5968871_VXeh3XBD (01ca135c-9b23-47b3-8cf1-5291fa1976d7)
2019-06-16 07:49:47.833 18063 RALLYDEBUG rally_openstack.cleanup.manager [-] Deleting neutron.port object s_rally_a5968871_CVh3KolX (053980f3-1f91-41b2-b2f5-bb74b8652f3d)
2019-06-16 07:49:47.840 18063 RALLYDEBUG rally_openstack.cleanup.manager [-] Deleting neutron.port object s_rally_a5968871_pfHflO6B (043de90e-3919-4d64-9dd4-f47faa319f41)
2019-06-16 07:49:47.846 18063 RALLYDEBUG rally_openstack.cleanup.manager [-] Deleting neutron.port object s_rally_a5968871_UPGIgLcB (01462f3b-3e65-45c4-86a5-16a4c8fe7624)
2019-06-16 07:49:47.858 18063 RALLYDEBUG rally_openstack.cleanup.manager [-] Deleting neutron.port object s_rally_a5968871_i0kp3TeW (0153218f-bc85-44e7-8fdf-2abf222f990e)
2019-06-16 07:49:47.864 18063 RALLYDEBUG rally_openstack.cleanup.manager [-] Deleting neutron.port object s_rally_a5968871_O5oHZYhj (0727c7bf-af05-464d-8269-8ccfed864ec1)
2019-06-16 07:49:47.871 18063 RALLYDEBUG rally_openstack.cleanup.manager [-] Deleting neutron.port object s_rally_a5968871_UzFbcIIT (00fb749a-d0fb-4a2b-b3f7-d47d846736a4)
2019-06-16 07:49:47.878 18063 RALLYDEBUG rally_openstack.cleanup.manager [-] Deleting neutron.port object s_rally_a5968871_HIbLjpAp (091dcd97-6a32-4cec-9840-72d6da8ed919)
2019-06-16 07:49:47.879 18063 RALLYDEBUG rally_openstack.cleanup.manager [-] Deleting neutron.port object s_rally_a5968871_7fflGR9G (03d301d3-c309-4d1c-bb57-a1b7871abed3)
2019-06-16 07:49:47.887 18063 RALLYDEBUG rally_openstack.cleanup.manager [-] Deleting neutron.port object s_rally_a5968871_kDw0vZOm (035bb9d1-adb9-4cf0-a58d-3b72978f1754)
2019-06-16 07:49:47.892 18063 RALLYDEBUG rally_openstack.cleanup.manager [-] Deleting neutron.port object s_rally_a5968871_utNSHaGx (059110ef-c00c-43f1-a704-a043cbcfe794)
2019-06-16 07:49:47.893 18063 RALLYDEBUG rally_openstack.cleanup.manager [-] Deleting neutron.port object s_rally_a5968871_viMi3yWH (078d45cf-a1ff-4e94-8a1f-1b2c2f8ea8c8)
2019-06-16 07:49:47.906 18063 RALLYDEBUG rally_openstack.cleanup.manager [-] Deleting neutron.port object s_rally_a5968871_EWggbhs8 (0a3b2944-b4a9-44bf-9532-762b5eef46e9)
2019-06-16 07:49:47.907 18063 RALLYDEBUG rally_openstack.cleanup.manager [-] Deleting neutron.port object s_rally_a5968871_dfBXQTjs (08928787-8f0c-4c4a-9ac8-47539e4c2a96)
2019-06-16 07:49:47.912 18063 RALLYDEBUG rally_openstack.cleanup.manager [-] Deleting neutron.port object s_rally_a5968871_bnMVYxFV (097a51a2-9c45-4171-b622-3062ffa2e26d)
2019-06-16 07:49:47.920 18063 RALLYDEBUG rally_openstack.cleanup.manager [-] Deleting neutron.port object s_rally_a5968871_29arbRAX (0a0a0811-77ad-467f-9efc-51f1408a6dc1)
2019-06-16 07:49:50.029 18063 RALLYDEBUG rally_openstack.cleanup.manager [-] Deleting neutron.port object s_rally_a5968871_esc7LtYR (0a5999a9-bde0-47e5-9c5a-8ccf623c0445)
2019-06-16 07:49:50.135 18063 RALLYDEBUG rally_openstack.cleanup.manager [-] Deleting neutron.port object s_rally_a5968871_ZSLDFd0g (0b5ed081-c8db-4db1-bbc9-3c7f77c3a722)
2019-06-16 07:49:50.335 18063 RALLYDEBUG rally_openstack.cleanup.manager [-] Deleting neutron.port object s_rally_a5968871_r3HNQe3j (0b70de37-8a3c-4e6a-87af-862318272f03)
2019-06-16 07:49:50.541 18063 RALLYDEBUG rally_openstack.cleanup.manager [-] Deleting neutron.port object s_rally_a5968871_lGXCxOIr (0b9bf4c5-7120-4c41-a920-e36e091c85cb)
2019-06-16 07:49:50.564 18063 RALLYDEBUG rally_openstack.cleanup.manager [-] Deleting neutron.port object s_rally_a5968871_9GfIBv5B (0bc38b99-1080-4fc0-9797-2d8bbcaaa905)
2019-06-16 07:49:50.676 18063 RALLYDEBUG rally_openstack.cleanup.manager [-] Deleting neutron.port object s_rally_a5968871_37XJ4HIh (0ce75890-5d42-405b-b7d7-679b55523801)
2019-06-16 07:49:50.769 18063 RALLYDEBUG rally_openstack.cleanup.manager [-] Deleting neutron.port object s_rally_a5968871_cv4q6asR (0d7dac39-bec5-4270-bd90-4c6748c96b3b)
2019-06-16 07:49:50.894 18063 RALLYDEBUG rally_openstack.cleanup.manager [-] Deleting neutron.port object s_rally_a5968871_hgYXmsuy (0db14de5-4a5f-4a08-8c1c-9e056441411c)
2019-06-16 07:49:50.962 18063 RALLYDEBUG rally_openstack.cleanup.manager [-] Deleting neutron.port object s_rally_a5968871_489ELaph (0ed9d6d6-bbe4-4f6a-8513-07a2243b9cb7)
2019-06-16 07:49:51.002 18063 RALLYDEBUG rally_openstack.cleanup.manager [-] Deleting neutron.port object s_rally_a5968871_V5JbvZVQ (0ef7eaf4-1935-4940-afa0-7a524ca3038c)
2019-06-16 07:49:51.057 18063 RALLYDEBUG rally_openstack.cleanup.manager [-] Deleting neutron.port object s_rally_a5968871_vKbVzn1V (0f2af3e8-6791-4cc5-8804-48e9d53bea52)
2019-06-16 07:49:51.066 18063 RALLYDEBUG rally_openstack.cleanup.manager [-] Deleting neutron.port object s_rally_a5968871_Fb716Dfx (0f340741-cc56-4eeb-a01c-3aa59dad771c)
2019-06-16 07:49:51.091 18063 RALLYDEBUG rally_openstack.cleanup.manager [-] Deleting neutron.port object s_rally_a5968871_enbKOMnI (112e815d-6d6c-482f-98e2-ac41db82037c)
2019-06-16 07:49:51.991 18063 RALLYDEBUG rally_openstack.cleanup.manager [-] Deleting neutron.port object s_rally_a5968871_b5Q9x14q (11599174-164a-4550-a301-56e1d55b05b9)
2019-06-16 07:49:52.094 18063 RALLYDEBUG rally_openstack.cleanup.manager [-] Deleting neutron.port object s_rally_a5968871_IN92Tr8U (118059a2-16c9-4d35-bcd5-115b58ade59a)
2019-06-16 07:49:52.188 18063 RALLYDEBUG rally_openstack.cleanup.manager [-] Deleting neutron.port object s_rally_a5968871_QdgdclVG (11c4f994-6c56-4df7-a7a5-af81758f7a47)
2019-06-16 07:49:52.253 18063 RALLYDEBUG rally_openstack.cleanup.manager [-] Deleting neutron.port object s_rally_a5968871_rSnsMOZM (123bd060-afb5-4dd6-9303-82e390083a60)
2019-06-16 07:49:52.277 18063 RALLYDEBUG rally_openstack.cleanup.manager [-] Deleting neutron.port object s_rally_a5968871_1feuaRdU (131b8798-2df8-453b-ab3f-4468850486e0)
2019-06-16 07:49:52.764 18063 RALLYDEBUG rally_openstack.cleanup.manager [-] Deleting neutron.port object s_rally_a5968871_TBNZBftd (13847d26-8b14-4fc8-b4a2-b37a3425bb3f)
2019-06-16 07:49:52.920 18063 RALLYDEBUG rally_openstack.cleanup.manager [-] Deleting neutron.port object s_rally_a5968871_lt9FGvL3 (139d9e5f-f398-46ef-b04d-eed3540ff605)
2019-06-16 07:49:53.037 18063 RALLYDEBUG rally_openstack.cleanup.manager [-] Deleting neutron.port object s_rally_a5968871_JF2yqFKs (13ccb516-0584-4ff4-b43f-fc9fe4bdfa7a)
2019-06-16 07:49:53.075 18063 RALLYDEBUG rally_openstack.cleanup.manager [-] Deleting neutron.port object s_rally_a5968871_iEldLKQq (1426e407-fccc-4d0b-a3f5-e96eaf5a3bd0)
2019-06-16 07:49:53.171 18063 RALLYDEBUG rally_openstack.cleanup.manager [-] Deleting neutron.port object s_rally_a5968871_kWlfn9hC (14e13cdc-1f13-4fdc-8153-5325cd117ae2)
2019-06-16 07:49:53.193 18063 RALLYDEBUG rally_openstack.cleanup.manager [-] Deleting neutron.port object s_rally_a5968871_dtqahuvv (15108984-e1f6-4ef5-ac57-16dcdc054a56)
2019-06-16 07:49:53.207 18063 RALLYDEBUG rally_openstack.cleanup.manager [-] Deleting neutron.port object s_rally_a5968871_d1uTfSHI (163d3dcd-fa65-4bed-ba27-f895146478c4)
2019-06-16 07:49:53.208 18063 RALLYDEBUG rally_openstack.cleanup.manager [-] Deleting neutron.port object s_rally_a5968871_S9rBwqfW (16801647-9bc4-4ef5-87d1-7aa80c45f18f)
2019-06-16 07:49:53.221 18063 RALLYDEBUG rally_openstack.cleanup.manager [-] Deleting neutron.port object s_rally_a5968871_XxmiRptt (16ddd862-cce3-401b-bf15-de327cf7f8f7)
2019-06-16 07:49:53.235 18063 RALLYDEBUG rally_openstack.cleanup.manager [-] Deleting neutron.port object s_rally_a5968871_TXnIvdfE (16dfde03-0240-457b-8709-f2fceb50022c)
2019-06-16 07:49:53.329 18063 RALLYDEBUG rally_openstack.cleanup.manager [-] Deleting neutron.port object s_rally_a5968871_VeuKzW9T (17a58caa-ed7e-47f0-aff9-17c8a6500a1f)
2019-06-16 07:49:53.484 18063 RALLYDEBUG rally_openstack.cleanup.manager [-] Deleting neutron.port object s_rally_a5968871_wkZHeied (186ee29a-c472-4260-8132-89e49f53b5ce)
2019-06-16 07:49:53.527 18063 RALLYDEBUG rally_openstack.cleanup.manager [-] Deleting neutron.port object s_rally_a5968871_co3FghSw (188ed687-5455-4ee5-831e-588edb70a79d)
2019-06-16 07:49:53.751 18063 RALLYDEBUG rally_openstack.cleanup.manager [-] Deleting neutron.port object s_rally_a5968871_XFmCIvBA (18c2ced9-188d-46fe-9619-671c6b946b0d)
2019-06-16 07:49:53.930 18063 RALLYDEBUG rally_openstack.cleanup.manager [-] Deleting neutron.port object s_rally_a5968871_nxl162Di (1922dfb7-3c56-4753-91f0-45910eee7c1f)
2019-06-16 07:49:53.930 18063 RALLYDEBUG rally_openstack.cleanup.manager [-] Deleting neutron.port object s_rally_a5968871_xTCrbSvl (1a1bd0ce-dc62-4ecd-b229-2fa32bbf677b)
2019-06-16 07:49:53.972 18063 RALLYDEBUG rally_openstack.cleanup.manager [-] Deleting neutron.port object s_rally_a5968871_2Qhz5A8v (1abc0509-3cc2-47a1-9b3d-4e0b55305a66)
2019-06-16 07:49:54.121 18063 RALLYDEBUG rally_openstack.cleanup.manager [-] Deleting neutron.port object s_rally_a5968871_vVoABfGJ (1afc858c-6932-499f-86c5-fa4ca3714200)
2019-06-16 07:49:54.243 18063 RALLYDEBUG rally_openstack.cleanup.manager [-] Deleting neutron.port object s_rally_a5968871_tQHUMO7O (1b35aba3-b3a9-41cc-875e-46b1f25e3d89)
2019-06-16 07:49:54.245 18063 RALLYDEBUG rally_openstack.cleanup.manager [-] Deleting neutron.port object s_rally_a5968871_KT30NEDC (1bb27725-6247-4754-8dce-bbc571b6d279)
2019-06-16 07:49:54.713 18063 RALLYDEBUG rally_openstack.cleanup.manager [-] Deleting neutron.port object s_rally_a5968871_qC1mRgjF (1d035645-e486-4574-aa94-394c324521b9)
2019-06-16 07:49:54.926 18063 RALLYDEBUG rally_openstack.cleanup.manager [-] Deleting neutron.port object s_rally_a5968871_T3CTnR1r (1e010d41-6921-4f8e-82f0-a34e8854f1b4)
2019-06-16 07:49:55.159 18063 RALLYDEBUG rally_openstack.cleanup.manager [-] Deleting neutron.port object s_rally_a5968871_3Gtd9bnD (1e5b2977-d2ee-46c5-a364-a6d812a74a6e)
2019-06-16 07:49:55.175 18063 RALLYDEBUG rally_openstack.cleanup.manager [-] Deleting neutron.port object s_rally_a5968871_UJDCz315 (1e7b0c78-5256-49b3-b0ce-ee15cfd5e8a8)
2019-06-16 07:49:55.267 18063 RALLYDEBUG rally_openstack.cleanup.manager [-] Deleting neutron.port object s_rally_a5968871_vopauPAP (1f2cd67f-9b7f-47ee-a406-5b33d8752250)
2019-06-16 07:49:55.534 18063 RALLYDEBUG rally_openstack.cleanup.manager [-] Deleting neutron.port object s_rally_a5968871_jilxHdzc (1f33e288-f3f9-4437-92d6-04ada754ca8d)
2019-06-16 07:49:55.546 18063 RALLYDEBUG rally_openstack.cleanup.manager [-] Deleting neutron.port object s_rally_a5968871_3ShIZvro (1f73f2ca-a00b-4786-bf1d-8285c0152e33)
2019-06-16 07:49:55.614 18063 RALLYDEBUG rally_openstack.cleanup.manager [-] Deleting neutron.port object s_rally_a5968871_LsNfKy5q (1f7d106f-29de-4e39-90b6-356455880864)
2019-06-16 07:49:55.641 18063 RALLYDEBUG rally_openstack.cleanup.manager [-] Deleting neutron.port object s_rally_a5968871_BA5L9xpc (1f805c97-83f0-4274-aaec-ef9c6405b93a)
2019-06-16 07:49:55.836 18063 RALLYDEBUG rally_openstack.cleanup.manager [-] Deleting neutron.port object s_rally_a5968871_GbktX1EC (210ead39-ea45-4014-9b5e-cdee54bf889e)
2019-06-16 07:49:55.943 18063 RALLYDEBUG rally_openstack.cleanup.manager [-] Deleting neutron.port object s_rally_a5968871_uguPhWBx (2292a488-407f-4133-aee8-8d0f889bc635)
2019-06-16 07:49:55.961 18063 RALLYDEBUG rally_openstack.cleanup.manager [-] Deleting neutron.port object s_rally_a5968871_54V5kP94 (22f05d3f-ee54-4b9a-8c1c-7f44e99e7fac)
2019-06-16 07:49:55.963 18063 RALLYDEBUG rally_openstack.cleanup.manager [-] Deleting neutron.port object s_rally_a5968871_pCvqXJTc (2338dce8-c606-4705-8868-d00cde13c0c7)
2019-06-16 07:49:56.073 18063 RALLYDEBUG rally_openstack.cleanup.manager [-] Deleting neutron.port object s_rally_a5968871_A9BbZoCf (23790b4a-53e3-46a3-8dc6-c0e37e6a478d)
2019-06-16 07:49:56.315 18063 RALLYDEBUG rally_openstack.cleanup.manager [-] Deleting neutron.port object s_rally_a5968871_NHCLbcUW (23fe181c-e6c6-44bb-896f-67a7f09db253)
2019-06-16 07:49:56.422 18063 RALLYDEBUG rally_openstack.cleanup.manager [-] Deleting neutron.port object s_rally_a5968871_S5Fk6eaI (240b0151-1386-45ce-b376-bff3e7778f17)
2019-06-16 07:49:56.523 18063 RALLYDEBUG rally_openstack.cleanup.manager [-] Deleting neutron.port object s_rally_a5968871_BqIaaPuY (24eb1b77-cc32-4aae-b738-cb3fd70b0e98)
2019-06-16 07:49:56.647 18063 RALLYDEBUG rally_openstack.cleanup.manager [-] Deleting neutron.port object s_rally_a5968871_wqCkRIiO (253110d9-e1c6-4064-bbf3-abebcaacf595)
2019-06-16 07:49:56.726 18063 RALLYDEBUG rally_openstack.cleanup.manager [-] Deleting neutron.port object s_rally_a5968871_djIQiAFf (2571515b-fa6d-4c3f-a110-db1dcb220ba9)
2019-06-16 07:49:56.767 18063 RALLYDEBUG rally_openstack.cleanup.manager [-] Deleting neutron.port object s_rally_a5968871_AKeg1V2c (25a0ed78-dc70-4291-af7d-2d1b7d4fbb03)
2019-06-16 07:49:56.810 18063 RALLYDEBUG rally_openstack.cleanup.manager [-] Deleting neutron.port object s_rally_a5968871_YHVo7B7s (26ad3aa0-72c4-4ef1-9257-62f1b15bee22)
2019-06-16 07:49:56.878 18063 RALLYDEBUG rally_openstack.cleanup.manager [-] Deleting neutron.port object s_rally_a5968871_hbg4rE8W (26ca957f-7d45-4f78-beb3-9114234d7a38)
2019-06-16 07:49:57.194 18063 RALLYDEBUG rally_openstack.cleanup.manager [-] Deleting neutron.port object s_rally_a5968871_QsdkoEHd (27f286d8-451b-4dfe-bd2c-10b550c72cf8)
2019-06-16 07:49:57.251 18063 RALLYDEBUG rally_openstack.cleanup.manager [-] Deleting neutron.port object s_rally_a5968871_ozFjeKN5 (2814c66b-2417-4c4c-963f-460778a89db0)
2019-06-16 07:49:57.498 18063 RALLYDEBUG rally_openstack.cleanup.manager [-] Deleting neutron.port object s_rally_a5968871_R6rXbQ76 (28257ebe-bd63-43dd-9b96-2933ff103a47)
2019-06-16 07:49:57.598 18063 RALLYDEBUG rally_openstack.cleanup.manager [-] Deleting neutron.port object s_rally_a5968871_ll6UnLkb (28fc5423-fc75-45b1-9dbe-498c458597b6)
2019-06-16 07:49:57.635 18063 RALLYDEBUG rally_openstack.cleanup.manager [-] Deleting neutron.port object s_rally_a5968871_hhC3jXRw (29aca276-bebc-4f9f-b14c-5636eea33a40)
2019-06-16 07:49:57.677 18063 RALLYDEBUG rally_openstack.cleanup.manager [-] Deleting neutron.port object s_rally_a5968871_Dw6QWwVa (29dae1d6-f08d-46df-9f8c-46bf1c58235e)
2019-06-16 07:49:57.693 18063 RALLYDEBUG rally_openstack.cleanup.manager [-] Deleting neutron.port object s_rally_a5968871_jimUqHvk (2a00ee28-5608-4c65-ba0a-d331c6771baf)
2019-06-16 07:49:58.054 18063 RALLYDEBUG rally_openstack.cleanup.manager [-] Deleting neutron.port object s_rally_a5968871_3V7J8PQL (2a829a97-b89f-44dc-b3bc-103bbf069a88)
2019-06-16 07:49:58.283 18063 RALLYDEBUG rally_openstack.cleanup.manager [-] Deleting neutron.port object s_rally_a5968871_mQFRhhY8 (2acd340a-6029-455e-bfab-016f942ec337)
2019-06-16 07:49:58.297 18063 RALLYDEBUG rally_openstack.cleanup.manager [-] Deleting neutron.port object s_rally_a5968871_I1udUROn (2b059eae-e158-49bc-9980-d18a24804aed)
2019-06-16 07:49:58.321 18063 RALLYDEBUG rally_openstack.cleanup.manager [-] Deleting neutron.port object s_rally_a5968871_iBfbLe9o (2b866eff-05e3-4e84-a978-44d268ea3f6c)
2019-06-16 07:49:58.505 18063 RALLYDEBUG rally_openstack.cleanup.manager [-] Deleting neutron.port object s_rally_a5968871_ZhgZMMwF (2bdc2bb0-31db-4526-9f47-a688d6d1f56e)
2019-06-16 07:49:58.631 18063 RALLYDEBUG rally_openstack.cleanup.manager [-] Deleting neutron.port object s_rally_a5968871_mtuHTAPy (2c64e2a1-1d2b-495b-8e5b-8d929cf50bb4)
2019-06-16 07:49:58.849 18063 RALLYDEBUG rally_openstack.cleanup.manager [-] Deleting neutron.port object s_rally_a5968871_pkSV5zhI (2c737a97-ed5b-4486-9d3a-0de07996484a)
2019-06-16 07:49:59.020 18063 RALLYDEBUG rally_openstack.cleanup.manager [-] Deleting neutron.port object s_rally_a5968871_XRyRtFWH (2cb62b5d-8d3e-414f-a050-2d389b0a439d)
2019-06-16 07:49:59.036 18063 RALLYDEBUG rally_openstack.cleanup.manager [-] Deleting neutron.port object s_rally_a5968871_HbeEq0uy (2e57ef8f-146e-4fcc-a01b-3ed808fd8ef3)
2019-06-16 07:49:59.123 18063 RALLYDEBUG rally_openstack.cleanup.manager [-] Deleting neutron.port object s_rally_a5968871_JeOQDSQG (2e798203-68c1-49b1-be80-bd10b00bde7a)
2019-06-16 07:49:59.210 18063 RALLYDEBUG rally_openstack.cleanup.manager [-] Deleting neutron.port object s_rally_a5968871_JkNqpHSv (2f6071d1-e51e-4ce8-ba5d-a880a22cba21)
2019-06-16 07:49:59.443 18063 RALLYDEBUG rally_openstack.cleanup.manager [-] Deleting neutron.port object s_rally_a5968871_scxXk60s (2fce6fb8-9d88-44ac-aa51-2a91d0ce1d1f)
