2019-06-16 07:37:44.382 20157 INFO rally.task.runner [-] Task fd541728-b480-4371-83e5-10f84e5e4f3d | ITER: 3 START
2019-06-16 07:37:44.382 20157 WARNING rally_openstack.scenarios.neutron.utils [-] Running this scenario without either the 'network' or 'existing_network' context is deprecated
2019-06-16 07:37:44.381 20173 RALLYDEBUG rally.task.runner [-] Starting a worker. concurrency: 1 args: {"network_create_args": {}, "subnet_create_args": {}, "subnet_cidr_start": "1.1.0.0/30", "subnets_per_network": 2} times: 40 method_name: run timeout: 0 duration: None cls:
2019-06-16 07:37:44.383 20158 INFO rally.task.runner [-] Task fd541728-b480-4371-83e5-10f84e5e4f3d | ITER: 5 START
2019-06-16 07:37:44.378 20159 INFO rally.task.runner [-] Task fd541728-b480-4371-83e5-10f84e5e4f3d | ITER: 7 START
2019-06-16 07:37:44.385 20166 INFO rally.task.runner [-] Task fd541728-b480-4371-83e5-10f84e5e4f3d | ITER: 10 START
2019-06-16 07:37:44.385 20170 INFO rally.task.runner [-] Task fd541728-b480-4371-83e5-10f84e5e4f3d | ITER: 11 START
2019-06-16 07:37:44.386 20159 WARNING rally_openstack.scenarios.neutron.utils [-] Running this scenario without either the 'network' or 'existing_network' context is deprecated
2019-06-16 07:37:44.387 20166 WARNING rally_openstack.scenarios.neutron.utils [-] Running this scenario without either the 'network' or 'existing_network' context is deprecated
2019-06-16 07:37:44.387 20170 WARNING rally_openstack.scenarios.neutron.utils [-] Running this scenario without either the 'network' or 'existing_network' context is deprecated
2019-06-16 07:37:44.387 20158 WARNING rally_openstack.scenarios.neutron.utils [-] Running this scenario without either the 'network' or 'existing_network' context is deprecated
2019-06-16 07:37:44.387 20179 RALLYDEBUG rally.task.runner [-] Starting a worker. concurrency: 1 args: {"network_create_args": {}, "subnet_create_args": {}, "subnet_cidr_start": "1.1.0.0/30", "subnets_per_network": 2} times: 40 method_name: run timeout: 0 duration: None cls:
2019-06-16 07:37:44.389 20160 INFO rally.task.runner [-] Task fd541728-b480-4371-83e5-10f84e5e4f3d | ITER: 8 START
2019-06-16 07:37:44.390 20173 INFO rally.task.runner [-] Task fd541728-b480-4371-83e5-10f84e5e4f3d | ITER: 12 START
2019-06-16 07:37:44.390 20160 WARNING rally_openstack.scenarios.neutron.utils [-] Running this scenario without either the 'network' or 'existing_network' context is deprecated
2019-06-16 07:37:44.391 20173 WARNING rally_openstack.scenarios.neutron.utils [-] Running this scenario without either the 'network' or 'existing_network' context is deprecated
2019-06-16 07:37:44.394 20179 INFO rally.task.runner [-] Task fd541728-b480-4371-83e5-10f84e5e4f3d | ITER: 13 START
2019-06-16 07:37:44.395 20179 WARNING rally_openstack.scenarios.neutron.utils [-] Running this scenario without either the 'network' or 'existing_network' context is deprecated
2019-06-16 07:37:44.397 20186 RALLYDEBUG rally.task.runner [-] Starting a worker. concurrency: 1 args: {"network_create_args": {}, "subnet_create_args": {}, "subnet_cidr_start": "1.1.0.0/30", "subnets_per_network": 2} times: 40 method_name: run timeout: 0 duration: None cls:
2019-06-16 07:37:44.404 20186 INFO rally.task.runner [-] Task fd541728-b480-4371-83e5-10f84e5e4f3d | ITER: 14 START
2019-06-16 07:37:44.406 20186 WARNING rally_openstack.scenarios.neutron.utils [-] Running this scenario without either the 'network' or 'existing_network' context is deprecated
2019-06-16 07:37:44.406 20189 RALLYDEBUG rally.task.runner [-] Starting a worker. concurrency: 1 args: {"network_create_args": {}, "subnet_create_args": {}, "subnet_cidr_start": "1.1.0.0/30", "subnets_per_network": 2} times: 40 method_name: run timeout: 0 duration: None cls:
2019-06-16 07:37:44.414 20189 INFO rally.task.runner [-] Task fd541728-b480-4371-83e5-10f84e5e4f3d | ITER: 15 START
2019-06-16 07:37:44.415 20192 RALLYDEBUG rally.task.runner [-] Starting a worker. concurrency: 1 args: {"network_create_args": {}, "subnet_create_args": {}, "subnet_cidr_start": "1.1.0.0/30", "subnets_per_network": 2} times: 40 method_name: run timeout: 0 duration: None cls:
2019-06-16 07:37:44.416 20189 WARNING rally_openstack.scenarios.neutron.utils [-] Running this scenario without either the 'network' or 'existing_network' context is deprecated
2019-06-16 07:37:44.420 20192 INFO rally.task.runner [-] Task fd541728-b480-4371-83e5-10f84e5e4f3d | ITER: 16 START
2019-06-16 07:37:44.422 20192 WARNING rally_openstack.scenarios.neutron.utils [-] Running this scenario without either the 'network' or 'existing_network' context is deprecated
2019-06-16 07:37:44.424 20195 RALLYDEBUG rally.task.runner [-] Starting a worker. concurrency: 1 args: {"network_create_args": {}, "subnet_create_args": {}, "subnet_cidr_start": "1.1.0.0/30", "subnets_per_network": 2} times: 40 method_name: run timeout: 0 duration: None cls:
2019-06-16 07:37:44.431 20195 INFO rally.task.runner [-] Task fd541728-b480-4371-83e5-10f84e5e4f3d | ITER: 17 START
2019-06-16 07:37:44.432 20195 WARNING rally_openstack.scenarios.neutron.utils [-] Running this scenario without either the 'network' or 'existing_network' context is deprecated
2019-06-16 07:37:44.433 20198 RALLYDEBUG rally.task.runner [-] Starting a worker. concurrency: 1 args: {"network_create_args": {}, "subnet_create_args": {}, "subnet_cidr_start": "1.1.0.0/30", "subnets_per_network": 2} times: 40 method_name: run timeout: 0 duration: None cls:
2019-06-16 07:37:44.438 20201 RALLYDEBUG rally.task.runner [-] Starting a worker. concurrency: 1 args: {"network_create_args": {}, "subnet_create_args": {}, "subnet_cidr_start": "1.1.0.0/30", "subnets_per_network": 2} times: 40 method_name: run timeout: 0 duration: None cls:
2019-06-16 07:37:44.439 20198 INFO rally.task.runner [-] Task fd541728-b480-4371-83e5-10f84e5e4f3d | ITER: 18 START
2019-06-16 07:37:44.441 20198 WARNING rally_openstack.scenarios.neutron.utils [-] Running this scenario without either the 'network' or 'existing_network' context is deprecated
2019-06-16 07:37:44.441 20202 RALLYDEBUG rally.task.runner [-] Starting a worker. concurrency: 1 args: {"network_create_args": {}, "subnet_create_args": {}, "subnet_cidr_start": "1.1.0.0/30", "subnets_per_network": 2} times: 40 method_name: run timeout: 0 duration: None cls:
2019-06-16 07:37:44.443 20201 INFO rally.task.runner [-] Task fd541728-b480-4371-83e5-10f84e5e4f3d | ITER: 19 START
2019-06-16 07:37:44.445 20201 WARNING rally_openstack.scenarios.neutron.utils [-] Running this scenario without either the 'network' or 'existing_network' context is deprecated
2019-06-16 07:37:44.446 20202 INFO rally.task.runner [-] Task fd541728-b480-4371-83e5-10f84e5e4f3d | ITER: 20 START
2019-06-16 07:37:44.447 20202 WARNING rally_openstack.scenarios.neutron.utils [-] Running this scenario without either the 'network' or 'existing_network' context is deprecated
2019-06-16 07:37:45.201 20179 RALLYDEBUG rally_openstack.wrappers.network [-] CIDR generated: 1.1.4.96/30
2019-06-16 07:37:45.256 20158 RALLYDEBUG rally_openstack.wrappers.network [-] CIDR generated: 1.1.4.100/30
2019-06-16 07:37:45.307 20163 RALLYDEBUG rally_openstack.wrappers.network [-] CIDR generated: 1.1.4.104/30
2019-06-16 07:37:45.321 20159 RALLYDEBUG rally_openstack.wrappers.network [-] CIDR generated: 1.1.4.108/30
2019-06-16 07:37:45.370 20166 RALLYDEBUG rally_openstack.wrappers.network [-] CIDR generated: 1.1.4.112/30
2019-06-16 07:37:45.379 20160 RALLYDEBUG rally_openstack.wrappers.network [-] CIDR generated: 1.1.4.116/30
2019-06-16 07:37:45.401 20159 RALLYDEBUG rally_openstack.wrappers.network [-] CIDR generated: 1.1.4.120/30
2019-06-16 07:37:45.434 20186 RALLYDEBUG rally_openstack.wrappers.network [-] CIDR generated: 1.1.4.124/30
2019-06-16 07:37:45.440 20157 RALLYDEBUG rally_openstack.wrappers.network [-] CIDR generated: 1.1.4.128/30
2019-06-16 07:37:45.446 20192 RALLYDEBUG rally_openstack.wrappers.network [-] CIDR generated: 1.1.4.132/30
2019-06-16 07:37:45.504 20158 RALLYDEBUG rally_openstack.wrappers.network [-] CIDR generated: 1.1.4.136/30
2019-06-16 07:37:45.527 20195 RALLYDEBUG rally_openstack.wrappers.network [-] CIDR generated: 1.1.4.140/30
2019-06-16 07:37:45.579 20173 RALLYDEBUG rally_openstack.wrappers.network [-] CIDR generated: 1.1.4.144/30
2019-06-16 07:37:45.587 20170 RALLYDEBUG rally_openstack.wrappers.network [-] CIDR generated: 1.1.4.148/30
2019-06-16 07:37:45.605 20157 RALLYDEBUG rally_openstack.wrappers.network [-] CIDR generated: 1.1.4.152/30
2019-06-16 07:37:45.701 20198 RALLYDEBUG rally_openstack.wrappers.network [-] CIDR generated: 1.1.4.156/30
2019-06-16 07:37:45.936 20189 RALLYDEBUG rally_openstack.wrappers.network [-] CIDR generated: 1.1.4.160/30
2019-06-16 07:37:46.077 20159 RALLYDEBUG rally_openstack.wrappers.network [-] CIDR generated: 1.1.4.164/30
2019-06-16 07:37:46.154 20160 RALLYDEBUG rally_openstack.wrappers.network [-] CIDR generated: 1.1.4.168/30
2019-06-16 07:37:46.192 20201 RALLYDEBUG rally_openstack.wrappers.network [-] CIDR generated: 1.1.4.172/30
2019-06-16 07:37:46.209 20202 RALLYDEBUG rally_openstack.wrappers.network [-] CIDR generated: 1.1.4.176/30
2019-06-16 07:37:46.297 20192 RALLYDEBUG rally_openstack.wrappers.network [-] CIDR generated: 1.1.4.180/30
2019-06-16 07:37:46.654 20195 RALLYDEBUG rally_openstack.wrappers.network [-] CIDR generated: 1.1.4.184/30
2019-06-16 07:37:46.745 20179 RALLYDEBUG rally_openstack.wrappers.network [-] CIDR generated: 1.1.4.188/30
2019-06-16 07:37:46.827 20160 RALLYDEBUG rally_openstack.wrappers.network [-] CIDR generated: 1.1.4.192/30
2019-06-16 07:37:46.877 20157 RALLYDEBUG rally_openstack.wrappers.network [-] CIDR generated: 1.1.4.196/30
2019-06-16 07:37:47.092 20163 RALLYDEBUG rally_openstack.wrappers.network [-] CIDR generated: 1.1.4.200/30
2019-06-16 07:37:47.149 20157 RALLYDEBUG rally_openstack.wrappers.network [-] CIDR generated: 1.1.4.204/30
2019-06-16 07:37:47.557 20160 RALLYDEBUG rally_openstack.wrappers.network [-] CIDR generated: 1.1.4.208/30
2019-06-16 07:37:47.677 20159 RALLYDEBUG rally_openstack.wrappers.network [-] CIDR generated: 1.1.4.212/30
2019-06-16 07:37:48.199 20186 RALLYDEBUG rally_openstack.wrappers.network [-] CIDR generated: 1.1.4.216/30
2019-06-16 07:37:48.323 20202 RALLYDEBUG rally_openstack.wrappers.network [-] CIDR generated: 1.1.4.220/30
2019-06-16 07:37:48.602 20198 RALLYDEBUG rally_openstack.wrappers.network [-] CIDR generated: 1.1.4.224/30
2019-06-16 07:37:48.607 20158 RALLYDEBUG rally_openstack.wrappers.network [-] CIDR generated: 1.1.4.228/30
2019-06-16 07:37:48.663 20173 RALLYDEBUG rally_openstack.wrappers.network [-] CIDR generated: 1.1.4.232/30
2019-06-16 07:37:48.738 20170 RALLYDEBUG rally_openstack.wrappers.network [-] CIDR generated: 1.1.4.236/30
2019-06-16 07:37:48.913 20189 RALLYDEBUG rally_openstack.wrappers.network [-] CIDR generated: 1.1.4.240/30
2019-06-16 07:37:49.179 20201 RALLYDEBUG rally_openstack.wrappers.network [-] CIDR generated: 1.1.4.244/30
2019-06-16 07:37:49.256 20159 INFO rally.task.runner [-] Task fd541728-b480-4371-83e5-10f84e5e4f3d | ITER: 4 END: OK
2019-06-16 07:37:49.260 20159 INFO rally.task.runner [-] Task fd541728-b480-4371-83e5-10f84e5e4f3d | ITER: 21 START
2019-06-16 07:37:49.261 20159 WARNING rally_openstack.scenarios.neutron.utils [-] Running this scenario without either the 'network' or 'existing_network' context is deprecated
2019-06-16 07:37:49.300 20166 RALLYDEBUG rally_openstack.wrappers.network [-] CIDR generated: 1.1.4.248/30
2019-06-16 07:37:49.637 20158 RALLYDEBUG rally_openstack.wrappers.network [-] CIDR generated: 1.1.4.252/30
2019-06-16 07:37:49.947 20159 RALLYDEBUG rally_openstack.wrappers.network [-] CIDR generated: 1.1.5.0/30
2019-06-16 07:37:50.991 20163 INFO rally.task.runner [-] Task fd541728-b480-4371-83e5-10f84e5e4f3d | ITER: 9 END: OK
2019-06-16 07:37:50.996 20163 INFO rally.task.runner [-] Task fd541728-b480-4371-83e5-10f84e5e4f3d | ITER: 22 START
2019-06-16 07:37:50.996 20163 WARNING rally_openstack.scenarios.neutron.utils [-] Running this scenario without either the 'network' or 'existing_network' context is deprecated
2019-06-16 07:37:51.632 20163 RALLYDEBUG rally_openstack.wrappers.network [-] CIDR generated: 1.1.5.4/30
2019-06-16 07:37:51.808 20159 RALLYDEBUG rally_openstack.wrappers.network [-] CIDR generated: 1.1.5.8/30
2019-06-16 07:37:52.136 20198 INFO rally.task.runner [-] Task fd541728-b480-4371-83e5-10f84e5e4f3d | ITER: 18 END: OK
2019-06-16 07:37:52.140 20198 INFO rally.task.runner [-] Task fd541728-b480-4371-83e5-10f84e5e4f3d | ITER: 23 START
2019-06-16 07:37:52.140 20198 WARNING rally_openstack.scenarios.neutron.utils [-] Running this scenario without either the 'network' or 'existing_network' context is deprecated
2019-06-16 07:37:52.190 20201 INFO rally.task.runner [-] Task fd541728-b480-4371-83e5-10f84e5e4f3d | ITER: 19 END: OK
2019-06-16 07:37:52.194 20201 INFO rally.task.runner [-] Task fd541728-b480-4371-83e5-10f84e5e4f3d | ITER: 24 START
2019-06-16 07:37:52.194 20201 WARNING rally_openstack.scenarios.neutron.utils [-] Running this scenario without either the 'network' or 'existing_network' context is deprecated
2019-06-16 07:37:52.753 20201 RALLYDEBUG rally_openstack.wrappers.network [-] CIDR generated: 1.1.5.12/30
2019-06-16 07:37:53.097 20160 INFO rally.task.runner [-] Task fd541728-b480-4371-83e5-10f84e5e4f3d | ITER: 8 END: OK
2019-06-16 07:37:53.101 20160 INFO rally.task.runner [-] Task fd541728-b480-4371-83e5-10f84e5e4f3d | ITER: 25 START
2019-06-16 07:37:53.102 20160 WARNING rally_openstack.scenarios.neutron.utils [-] Running this scenario without either the 'network' or 'existing_network' context is deprecated
2019-06-16 07:37:53.192 20160 INFO rally.task.runner [-] Task fd541728-b480-4371-83e5-10f84e5e4f3d | ITER: 6 END: OK
2019-06-16 07:37:53.196 20160 INFO rally.task.runner [-] Task fd541728-b480-4371-83e5-10f84e5e4f3d | ITER: 26 START
2019-06-16 07:37:53.197 20160 WARNING rally_openstack.scenarios.neutron.utils [-] Running this scenario without either the 'network' or 'existing_network' context is deprecated
2019-06-16 07:37:53.261 20198 RALLYDEBUG rally_openstack.wrappers.network [-] CIDR generated: 1.1.5.16/30
2019-06-16 07:37:53.710 20160 RALLYDEBUG rally_openstack.wrappers.network [-] CIDR generated: 1.1.5.20/30
2019-06-16 07:37:53.872 20160 RALLYDEBUG rally_openstack.wrappers.network [-] CIDR generated: 1.1.5.24/30
2019-06-16 07:37:54.052 20201 RALLYDEBUG rally_openstack.wrappers.network [-] CIDR generated: 1.1.5.28/30
2019-06-16 07:37:54.191 20186 INFO rally.task.runner [-] Task fd541728-b480-4371-83e5-10f84e5e4f3d | ITER: 14 END: OK
2019-06-16 07:37:54.196 20186 INFO rally.task.runner [-] Task fd541728-b480-4371-83e5-10f84e5e4f3d | ITER: 27 START
2019-06-16 07:37:54.196 20186 WARNING rally_openstack.scenarios.neutron.utils [-] Running this scenario without either the 'network' or 'existing_network' context is deprecated
2019-06-16 07:37:54.430 20198 RALLYDEBUG rally_openstack.wrappers.network [-] CIDR generated: 1.1.5.32/30
2019-06-16 07:37:54.587 20158 INFO rally.task.runner [-] Task fd541728-b480-4371-83e5-10f84e5e4f3d | ITER: 5 END: OK
2019-06-16 07:37:54.592 20158 INFO rally.task.runner [-] Task fd541728-b480-4371-83e5-10f84e5e4f3d | ITER: 28 START
2019-06-16 07:37:54.592 20158 WARNING rally_openstack.scenarios.neutron.utils [-] Running this scenario without either the 'network' or 'existing_network' context is deprecated
2019-06-16 07:37:54.635 20160 RALLYDEBUG rally_openstack.wrappers.network [-] CIDR generated: 1.1.5.36/30
2019-06-16 07:37:54.838 20157 INFO rally.task.runner [-] Task fd541728-b480-4371-83e5-10f84e5e4f3d | ITER: 3 END: OK
2019-06-16 07:37:54.843 20157 INFO rally.task.runner [-] Task fd541728-b480-4371-83e5-10f84e5e4f3d | ITER: 29 START
2019-06-16 07:37:54.844 20157 WARNING rally_openstack.scenarios.neutron.utils [-] Running this scenario without either the 'network' or 'existing_network' context is deprecated
2019-06-16 07:37:54.887 20160 RALLYDEBUG rally_openstack.wrappers.network [-] CIDR generated: 1.1.5.40/30
2019-06-16 07:37:54.954 20157 INFO rally.task.runner [-] Task fd541728-b480-4371-83e5-10f84e5e4f3d | ITER: 1 END: OK
2019-06-16 07:37:54.958 20157 INFO rally.task.runner [-] Task fd541728-b480-4371-83e5-10f84e5e4f3d | ITER: 30 START
2019-06-16 07:37:54.959 20157 WARNING rally_openstack.scenarios.neutron.utils [-] Running this scenario without either the 'network' or 'existing_network' context is deprecated
2019-06-16 07:37:55.106 20186 RALLYDEBUG rally_openstack.wrappers.network [-] CIDR generated: 1.1.5.44/30
2019-06-16 07:37:55.260 20158 RALLYDEBUG rally_openstack.wrappers.network [-] CIDR generated: 1.1.5.48/30
2019-06-16 07:37:55.668 20158 INFO rally.task.runner [-] Task fd541728-b480-4371-83e5-10f84e5e4f3d | ITER: 2 END: OK
2019-06-16 07:37:55.673 20158 INFO rally.task.runner [-] Task fd541728-b480-4371-83e5-10f84e5e4f3d | ITER: 31 START
2019-06-16 07:37:55.674 20158 WARNING rally_openstack.scenarios.neutron.utils [-] Running this scenario without either the 'network' or 'existing_network' context is deprecated
2019-06-16 07:37:55.962 20192 INFO rally.task.runner [-] Task fd541728-b480-4371-83e5-10f84e5e4f3d | ITER: 16 END: OK
2019-06-16 07:37:55.967 20192 INFO rally.task.runner [-] Task fd541728-b480-4371-83e5-10f84e5e4f3d | ITER: 32 START
2019-06-16 07:37:55.968 20192 WARNING rally_openstack.scenarios.neutron.utils [-] Running this scenario without either the 'network' or 'existing_network' context is deprecated
2019-06-16 07:37:56.323 20158 RALLYDEBUG rally_openstack.wrappers.network [-] CIDR generated: 1.1.5.52/30
2019-06-16 07:37:56.470 20186 RALLYDEBUG rally_openstack.wrappers.network [-] CIDR generated: 1.1.5.56/30
2019-06-16 07:37:56.624 20157 RALLYDEBUG rally_openstack.wrappers.network [-] CIDR generated: 1.1.5.60/30
2019-06-16 07:37:56.975 20192 RALLYDEBUG rally_openstack.wrappers.network [-] CIDR generated: 1.1.5.64/30
2019-06-16 07:37:57.012 20158 RALLYDEBUG rally_openstack.wrappers.network [-] CIDR generated: 1.1.5.68/30
2019-06-16 07:37:57.039 20189 INFO rally.task.runner [-] Task fd541728-b480-4371-83e5-10f84e5e4f3d | ITER: 15 END: OK
2019-06-16 07:37:57.043 20189 INFO rally.task.runner [-] Task fd541728-b480-4371-83e5-10f84e5e4f3d | ITER: 33 START
2019-06-16 07:37:57.044 20189 WARNING rally_openstack.scenarios.neutron.utils [-] Running this scenario without either the 'network' or 'existing_network' context is deprecated
2019-06-16 07:37:57.257 20157 RALLYDEBUG rally_openstack.wrappers.network [-] CIDR generated: 1.1.5.72/30
2019-06-16 07:37:57.268 20159 INFO rally.task.runner [-] Task fd541728-b480-4371-83e5-10f84e5e4f3d | ITER: 7 END: OK
2019-06-16 07:37:57.272 20159 INFO rally.task.runner [-] Task fd541728-b480-4371-83e5-10f84e5e4f3d | ITER: 34 START
2019-06-16 07:37:57.273 20159 WARNING rally_openstack.scenarios.neutron.utils [-] Running this scenario without either the 'network' or 'existing_network' context is deprecated
2019-06-16 07:37:57.530 20159 INFO rally.task.runner [-] Task fd541728-b480-4371-83e5-10f84e5e4f3d | ITER: 21 END: OK
2019-06-16 07:37:57.534 20159 INFO rally.task.runner [-] Task fd541728-b480-4371-83e5-10f84e5e4f3d | ITER: 35 START
2019-06-16 07:37:57.535 20159 WARNING rally_openstack.scenarios.neutron.utils [-] Running this scenario without either the 'network' or 'existing_network' context is deprecated
2019-06-16 07:37:57.639 20158 RALLYDEBUG rally_openstack.wrappers.network [-] CIDR generated: 1.1.5.76/30
2019-06-16 07:37:57.760 20163 RALLYDEBUG rally_openstack.wrappers.network [-] CIDR generated: 1.1.5.80/30
2019-06-16 07:37:57.783 20189 RALLYDEBUG rally_openstack.wrappers.network [-] CIDR generated: 1.1.5.84/30
2019-06-16 07:37:58.028 20157 RALLYDEBUG rally_openstack.wrappers.network [-] CIDR generated: 1.1.5.88/30
2019-06-16 07:37:58.294 20179 INFO rally.task.runner [-] Task fd541728-b480-4371-83e5-10f84e5e4f3d | ITER: 13 END: OK
2019-06-16 07:37:58.299 20179 INFO rally.task.runner [-] Task fd541728-b480-4371-83e5-10f84e5e4f3d | ITER: 36 START
2019-06-16 07:37:58.300 20179 WARNING rally_openstack.scenarios.neutron.utils [-] Running this scenario without either the 'network' or 'existing_network' context is deprecated
2019-06-16 07:37:58.564 20159 RALLYDEBUG rally_openstack.wrappers.network [-] CIDR generated: 1.1.5.92/30
2019-06-16 07:37:58.603 20159 RALLYDEBUG rally_openstack.wrappers.network [-] CIDR generated: 1.1.5.96/30
2019-06-16 07:37:58.800 20160 INFO rally.task.runner [-] Task fd541728-b480-4371-83e5-10f84e5e4f3d | ITER: 26 END: OK
2019-06-16 07:37:58.804 20160 INFO rally.task.runner [-] Task fd541728-b480-4371-83e5-10f84e5e4f3d | ITER: 37 START
2019-06-16 07:37:58.805 20160 WARNING rally_openstack.scenarios.neutron.utils [-] Running this scenario without either the 'network' or 'existing_network' context is deprecated
2019-06-16 07:37:58.822 20157 RALLYDEBUG rally_openstack.wrappers.network [-] CIDR generated: 1.1.5.100/30
2019-06-16 07:37:59.046 20173 INFO rally.task.runner [-] Task fd541728-b480-4371-83e5-10f84e5e4f3d | ITER: 12 END: OK
2019-06-16 07:37:59.051 20173 INFO rally.task.runner [-] Task fd541728-b480-4371-83e5-10f84e5e4f3d | ITER: 38 START
2019-06-16 07:37:59.051 20173 WARNING rally_openstack.scenarios.neutron.utils [-] Running this scenario without either the 'network' or 'existing_network' context is deprecated
2019-06-16 07:37:59.570 20160 RALLYDEBUG rally_openstack.wrappers.network [-] CIDR generated: 1.1.5.104/30
2019-06-16 07:37:59.681 20192 RALLYDEBUG rally_openstack.wrappers.network [-] CIDR generated: 1.1.5.108/30
2019-06-16 07:37:59.723 20159 RALLYDEBUG rally_openstack.wrappers.network [-] CIDR generated: 1.1.5.112/30
2019-06-16 07:37:59.766 20179 RALLYDEBUG rally_openstack.wrappers.network [-] CIDR generated: 1.1.5.116/30
2019-06-16 07:37:59.996 20173 RALLYDEBUG rally_openstack.wrappers.network [-] CIDR generated: 1.1.5.120/30
2019-06-16 07:38:00.805 20170 INFO rally.task.runner [-] Task fd541728-b480-4371-83e5-10f84e5e4f3d | ITER: 11 END: OK
2019-06-16 07:38:00.811 20170 INFO rally.task.runner [-] Task fd541728-b480-4371-83e5-10f84e5e4f3d | ITER: 39 START
2019-06-16 07:38:00.812 20170 WARNING rally_openstack.scenarios.neutron.utils [-] Running this scenario without either the 'network' or 'existing_network' context is deprecated
2019-06-16 07:38:00.906 20160 RALLYDEBUG rally_openstack.wrappers.network [-] CIDR generated: 1.1.5.124/30
2019-06-16 07:38:00.947 20166 INFO rally.task.runner [-] Task fd541728-b480-4371-83e5-10f84e5e4f3d | ITER: 10 END: OK
2019-06-16 07:38:00.952 20166 INFO rally.task.runner [-] Task fd541728-b480-4371-83e5-10f84e5e4f3d | ITER: 40 START
2019-06-16 07:38:00.953 20166 WARNING rally_openstack.scenarios.neutron.utils [-] Running this scenario without either the 'network' or 'existing_network' context is deprecated
2019-06-16 07:38:01.434 20179 RALLYDEBUG rally_openstack.wrappers.network [-] CIDR generated: 1.1.5.128/30
2019-06-16 07:38:01.535 20202 INFO rally.task.runner [-] Task fd541728-b480-4371-83e5-10f84e5e4f3d | ITER: 20 END: OK
2019-06-16 07:38:01.601 20166 RALLYDEBUG rally_openstack.wrappers.network [-] CIDR generated: 1.1.5.132/30
2019-06-16 07:38:01.609 20195 INFO rally.task.runner [-] Task fd541728-b480-4371-83e5-10f84e5e4f3d | ITER: 17 END: OK
2019-06-16 07:38:01.906 20170 RALLYDEBUG rally_openstack.wrappers.network [-] CIDR generated: 1.1.5.136/30
2019-06-16 07:38:02.010 20189 RALLYDEBUG rally_openstack.wrappers.network [-] CIDR generated: 1.1.5.140/30
2019-06-16 07:38:02.055 20157 INFO rally.task.runner [-] Task fd541728-b480-4371-83e5-10f84e5e4f3d | ITER: 29 END: OK
2019-06-16 07:38:02.304 20160 INFO rally.task.runner [-] Task fd541728-b480-4371-83e5-10f84e5e4f3d | ITER: 25 END: OK
2019-06-16 07:38:02.562 20166 RALLYDEBUG rally_openstack.wrappers.network [-] CIDR generated: 1.1.5.144/30
2019-06-16 07:38:02.876 20198 INFO rally.task.runner [-] Task fd541728-b480-4371-83e5-10f84e5e4f3d | ITER: 23 END: OK
2019-06-16 07:38:03.431 20157 INFO rally.task.runner [-] Task fd541728-b480-4371-83e5-10f84e5e4f3d | ITER: 30 END: OK
2019-06-16 07:38:03.463 20163 INFO rally.task.runner [-] Task fd541728-b480-4371-83e5-10f84e5e4f3d | ITER: 22 END: OK
2019-06-16 07:38:03.610 20186 INFO rally.task.runner [-] Task fd541728-b480-4371-83e5-10f84e5e4f3d | ITER: 27 END: OK
2019-06-16 07:38:04.261 20159 RALLYDEBUG rally_openstack.wrappers.network [-] CIDR generated: 1.1.5.148/30
2019-06-16 07:38:04.863 20192 INFO rally.task.runner [-] Task fd541728-b480-4371-83e5-10f84e5e4f3d | ITER: 32 END: OK
2019-06-16 07:38:05.164 20160 INFO rally.task.runner [-] Task fd541728-b480-4371-83e5-10f84e5e4f3d | ITER: 37 END: OK
2019-06-16 07:38:05.822 20173 RALLYDEBUG rally_openstack.wrappers.network [-] CIDR generated: 1.1.5.152/30
2019-06-16 07:38:05.953 20158 INFO rally.task.runner [-] Task fd541728-b480-4371-83e5-10f84e5e4f3d | ITER: 31 END: OK
2019-06-16 07:38:05.976 20201 INFO rally.task.runner [-] Task fd541728-b480-4371-83e5-10f84e5e4f3d | ITER: 24 END: OK
2019-06-16 07:38:06.222 20170 RALLYDEBUG rally_openstack.wrappers.network [-] CIDR generated: 1.1.5.156/30
2019-06-16 07:38:06.591 20166 INFO rally.task.runner [-] Task fd541728-b480-4371-83e5-10f84e5e4f3d | ITER: 40 END: OK
2019-06-16 07:38:07.548 20159 INFO rally.task.runner [-] Task fd541728-b480-4371-83e5-10f84e5e4f3d | ITER: 35 END: OK
2019-06-16 07:38:07.654 20158 INFO rally.task.runner [-] Task fd541728-b480-4371-83e5-10f84e5e4f3d | ITER: 28 END: OK
2019-06-16 07:38:07.962 20159 INFO rally.task.runner [-] Task fd541728-b480-4371-83e5-10f84e5e4f3d | ITER: 34 END: OK
2019-06-16 07:38:08.075 20189 INFO rally.task.runner [-] Task fd541728-b480-4371-83e5-10f84e5e4f3d | ITER: 33 END: OK
2019-06-16 07:38:08.917 20179 INFO rally.task.runner [-] Task fd541728-b480-4371-83e5-10f84e5e4f3d | ITER: 36 END: OK
2019-06-16 07:38:09.250 20170 INFO rally.task.runner [-] Task fd541728-b480-4371-83e5-10f84e5e4f3d | ITER: 39 END: OK
2019-06-16 07:38:09.758 20173 INFO rally.task.runner [-] Task fd541728-b480-4371-83e5-10f84e5e4f3d | ITER: 38 END: OK
2019-06-16 07:38:09.788 18063 INFO rally.task.context [-] Task fd541728-b480-4371-83e5-10f84e5e4f3d | Context cleanup@openstack cleanup() started
2019-06-16 07:38:09.792 18063 RALLYDEBUG rally_openstack.cleanup.manager [-] Cleaning up neutron vip objects
2019-06-16 07:38:10.209 18063 RALLYDEBUG rally_openstack.cleanup.manager [-] Cleaning up neutron health_monitor objects
2019-06-16 07:38:10.591 18063 RALLYDEBUG rally_openstack.cleanup.manager [-] Cleaning up neutron pool objects
2019-06-16 07:38:10.985 18063 RALLYDEBUG rally_openstack.cleanup.manager [-] Cleaning up neutron loadbalancer objects
2019-06-16 07:38:11.380 18063 RALLYDEBUG rally_openstack.cleanup.manager [-] Cleaning up neutron floatingip objects
2019-06-16 07:38:11.811 18063 RALLYDEBUG rally_openstack.cleanup.manager [-] Cleaning up neutron port objects
2019-06-16 07:38:12.465 18063 RALLYDEBUG rally_openstack.cleanup.manager [-] Cleaning up neutron subnet objects
2019-06-16 07:38:12.959 18063 RALLYDEBUG rally_openstack.cleanup.manager [-] Cleaning up neutron network objects
2019-06-16 07:38:13.483 18063 RALLYDEBUG rally_openstack.cleanup.manager [-] Deleting neutron.network object s_rally_64eff5e7_rC4XMffx (0090be88-032f-473e-af97-4ae09ce5deb3)
2019-06-16 07:38:13.498 18063 RALLYDEBUG rally_openstack.cleanup.manager [-] Deleting neutron.network object s_rally_64eff5e7_TJGfJigv (02eb794d-64da-4df9-a1d2-ee37da314949)
2019-06-16 07:38:13.499 18063 RALLYDEBUG rally_openstack.cleanup.manager [-] Deleting neutron.network object s_rally_64eff5e7_gZY0e4uA (102f2414-1b54-4a87-8001-bb7371853354)
2019-06-16 07:38:13.515 18063 RALLYDEBUG rally_openstack.cleanup.manager [-] Deleting neutron.network object s_rally_64eff5e7_FmSycNjy (1d592f06-29aa-492c-bc86-04d5981e7ee9)
2019-06-16 07:38:13.515 18063 RALLYDEBUG rally_openstack.cleanup.manager [-] Deleting neutron.network object s_rally_64eff5e7_f3dQCV8p (1cc51b89-2188-4cac-b759-5dc1f04d926c)
2019-06-16 07:38:13.526 18063 RALLYDEBUG rally_openstack.cleanup.manager [-] Deleting neutron.network object s_rally_64eff5e7_27qPqlsL (1e1302c3-93e6-4103-afb9-d33fe670f036)
2019-06-16 07:38:13.550 18063 RALLYDEBUG rally_openstack.cleanup.manager [-] Deleting neutron.network object s_rally_64eff5e7_NaldYkgz (358d0007-a87b-4f72-bed9-5a82e064fd4c)
2019-06-16 07:38:13.550 18063 RALLYDEBUG rally_openstack.cleanup.manager [-] Deleting neutron.network object s_rally_64eff5e7_qnZ3BFk9 (1f90a158-e2df-4934-9046-20e612d2e223)
2019-06-16 07:38:13.555 18063 RALLYDEBUG rally_openstack.cleanup.manager [-] Deleting neutron.network object s_rally_64eff5e7_KLHmhhN5 (28894b94-7c0f-47d2-867d-3ee68a70177d)
2019-06-16 07:38:13.561 18063 RALLYDEBUG rally_openstack.cleanup.manager [-] Deleting neutron.network object s_rally_64eff5e7_T9k7AitN (2f2cefaf-c1f2-4730-b4da-e33374af6de0)
2019-06-16 07:38:13.562 18063 RALLYDEBUG rally_openstack.cleanup.manager [-] Deleting neutron.network object s_rally_64eff5e7_w2ii7CV0 (354eeb90-9cd1-44cb-98f6-6d94d0bb6827)
2019-06-16 07:38:13.597 18063 RALLYDEBUG rally_openstack.cleanup.manager [-] Deleting neutron.network object s_rally_64eff5e7_Z3dvk8eh (435a15c8-2f63-4f92-a6e1-7b0d5e316941)
2019-06-16 07:38:13.620 18063 RALLYDEBUG rally_openstack.cleanup.manager [-] Deleting neutron.network object s_rally_64eff5e7_mkZbEhH3 (3f8924e0-8078-45fe-a13e-bd22c6a41b99)
2019-06-16 07:38:13.623 18063 RALLYDEBUG rally_openstack.cleanup.manager [-] Deleting neutron.network object s_rally_64eff5e7_nd9NZe8F (3f67f2bc-3345-4841-baa1-7b3978ace712)
2019-06-16 07:38:13.628 18063 RALLYDEBUG rally_openstack.cleanup.manager [-] Deleting neutron.network object s_rally_64eff5e7_akZNtoOa (4c137eb7-dae2-4c31-974b-bfdba65818fe)
2019-06-16 07:38:13.637 18063 RALLYDEBUG rally_openstack.cleanup.manager [-] Deleting neutron.network object s_rally_64eff5e7_agpYe3N4 (44247a6d-6bdb-4dbc-8669-067fe3d03e14)
2019-06-16 07:38:13.748 18063 RALLYDEBUG rally_openstack.cleanup.manager [-] Deleting neutron.network object s_rally_64eff5e7_c5OTjXSf (59df812f-48c5-482c-b538-7f23556caef7)
2019-06-16 07:38:13.760 18063 RALLYDEBUG rally_openstack.cleanup.manager [-] Deleting neutron.network object s_rally_64eff5e7_62KCBmXp (512c2cca-9b33-433b-8f4c-e2f848bc78a4)
2019-06-16 07:38:13.789 18063 RALLYDEBUG rally_openstack.cleanup.manager [-] Deleting neutron.network object s_rally_64eff5e7_1XvGpXXO (5915ba23-9c20-4eee-9a80-7ebf4d3e674c)
2019-06-16 07:38:13.795 18063 RALLYDEBUG rally_openstack.cleanup.manager [-] Deleting neutron.network object s_rally_64eff5e7_GVKBu8nU (5bf0ebe0-5b6d-469a-b37e-88d8e4d8c0b0)
2019-06-16 07:38:16.041 18063 RALLYDEBUG rally_openstack.cleanup.manager [-] Deleting neutron.network object s_rally_64eff5e7_QZSY4da4 (5dc30255-063f-406a-9388-f438ce6f8343)
2019-06-16 07:38:16.062 18063 RALLYDEBUG rally_openstack.cleanup.manager [-] Deleting neutron.network object s_rally_64eff5e7_TGRzElLp (66c62d89-53b1-4c2d-bbe3-095b825f5184)
2019-06-16 07:38:16.266 18063 RALLYDEBUG rally_openstack.cleanup.manager [-] Deleting neutron.network object s_rally_64eff5e7_cEws0fcC (71a29b0b-40c0-46eb-86f5-eae0de7c485d)
2019-06-16 07:38:16.580 18063 RALLYDEBUG rally_openstack.cleanup.manager [-] Deleting neutron.network object s_rally_64eff5e7_1ZFeRsm3 (71d3a927-1ea9-4acb-903d-2ee4ec59c465)
2019-06-16 07:38:16.834 18063 RALLYDEBUG rally_openstack.cleanup.manager [-] Deleting neutron.network object s_rally_64eff5e7_tFaCrV7C (7c530715-39d2-4642-aa7a-51e9487fbf6f)
2019-06-16 07:38:16.857 18063 RALLYDEBUG rally_openstack.cleanup.manager [-] Deleting neutron.network object s_rally_64eff5e7_AukaJqp7 (82bb511e-e821-4673-b15f-5bbfe5bfcc28)
2019-06-16 07:38:16.865 18063 RALLYDEBUG rally_openstack.cleanup.manager [-] Deleting neutron.network object s_rally_64eff5e7_IVUbi8ou (884b1b37-e269-461d-bcff-742d2c225c5c)
2019-06-16 07:38:16.968 18063 RALLYDEBUG rally_openstack.cleanup.manager [-] Deleting neutron.network object s_rally_64eff5e7_Ujxy97jc (89f1228c-14b4-4a55-854d-5fb505cdeb6f)
2019-06-16 07:38:16.969 18063 RALLYDEBUG rally_openstack.cleanup.manager [-] Deleting neutron.network object s_rally_64eff5e7_RjBVbC2j (8a68a9a5-f23d-4271-b776-2a943e941438)
2019-06-16 07:38:17.169 18063 RALLYDEBUG rally_openstack.cleanup.manager [-] Deleting neutron.network object s_rally_64eff5e7_aymf0wyq (8bbed52d-4dbe-4289-9310-9cfff5de0dd3)
2019-06-16 07:38:17.190 18063 RALLYDEBUG rally_openstack.cleanup.manager [-] Deleting neutron.network object s_rally_64eff5e7_LbMY60dO (8ecd50a0-3a52-4e79-a346-7cc4615e6a83)
2019-06-16 07:38:17.229 18063 RALLYDEBUG rally_openstack.cleanup.manager [-] Deleting neutron.network object s_rally_64eff5e7_SUv3yG7E (98e36881-3de4-4019-90a3-aa03b40d387f)
2019-06-16 07:38:17.345 18063 RALLYDEBUG rally_openstack.cleanup.manager [-] Deleting neutron.network object s_rally_64eff5e7_4VS4dLlD (a33ec457-37b6-41c2-b22e-6805f719507f)
2019-06-16 07:38:17.374 18063 RALLYDEBUG rally_openstack.cleanup.manager [-] Deleting neutron.network object s_rally_64eff5e7_RJE8PeOK (aacef1f4-fa92-4756-a522-17ba95b07602)
2019-06-16 07:38:17.478 18063 RALLYDEBUG rally_openstack.cleanup.manager [-] Deleting neutron.network object s_rally_64eff5e7_KMmvOM6b (ab7f5514-7fa8-4753-8eda-a774f14b1d43)
2019-06-16 07:38:17.643 18063 RALLYDEBUG rally_openstack.cleanup.manager [-] Deleting neutron.network object s_rally_64eff5e7_gX69ui0b (caae8710-20dc-4838-b28d-244091608bf7)
2019-06-16 07:38:17.838 18063 RALLYDEBUG rally_openstack.cleanup.manager [-] Deleting neutron.network object s_rally_64eff5e7_jmzv7flL (d38030bd-7041-4f49-baae-64c5cbd95d66)
2019-06-16 07:38:17.873 18063 RALLYDEBUG rally_openstack.cleanup.manager [-] Deleting neutron.network object s_rally_64eff5e7_z9hV5ZSf (d49b6bca-5f15-4cd3-b0de-f7532738687a)
2019-06-16 07:38:17.883 18063 RALLYDEBUG rally_openstack.cleanup.manager [-] Deleting neutron.network object s_rally_64eff5e7_t9WLBN7h (dee95c55-4ee9-43a9-979d-51a2e6320eb2)
2019-06-16 07:38:18.052 18063 RALLYDEBUG rally_openstack.cleanup.manager [-] Deleting neutron.network object s_rally_64eff5e7_E6TqChj9 (f8514b7e-9948-4f74-8002-5e15ea447560)
2019-06-16 07:38:21.251 18063 RALLYDEBUG rally_openstack.cleanup.manager [-] Cleaning up neutron router objects
2019-06-16 07:38:21.695 18063 RALLYDEBUG rally_openstack.cleanup.manager [-] Cleaning up neutron security_group objects
2019-06-16 07:38:22.125 18063 INFO rally.task.context [-] Task fd541728-b480-4371-83e5-10f84e5e4f3d | Context cleanup@openstack cleanup() finished in 12.34 sec
2019-06-16 07:38:22.125 18063 INFO rally.task.context [-] Task fd541728-b480-4371-83e5-10f84e5e4f3d | Context quotas@openstack cleanup() started
2019-06-16 07:38:22.236 18063 INFO rally.task.context [-] Task fd541728-b480-4371-83e5-10f84e5e4f3d | Context quotas@openstack cleanup() finished in 0.11 sec
2019-06-16 07:38:22.237 18063 INFO rally.task.context [-] Task fd541728-b480-4371-83e5-10f84e5e4f3d | Context users@openstack cleanup() started
2019-06-16 07:38:24.940 18063 INFO rally.task.context [-] Task fd541728-b480-4371-83e5-10f84e5e4f3d | Context users@openstack cleanup() finished in 2.70 sec
2019-06-16 07:38:25.855 18063 INFO rally.task.engine [-] Load duration is: 25.390967
2019-06-16 07:38:25.856 18063 INFO rally.task.engine [-] Full runner duration is: 25.445805
2019-06-16 07:38:25.856 18063 INFO rally.task.engine [-] Full duration is: 43.40245
2019-06-16 07:38:26.253 18063 INFO rally.task.engine [-] Running workload: position = 0 config = { "version": 2, "title": "A cropped version of a bigger task.", "description": "Auto-generated task from a single workload (uuid=1d7eac7a-5be4-46a3-883e-73354ecf5cfe)", "subtasks": [ { "title": "NeutronNetworks.create_and_list_routers", "description": "Create and a given number of routers and list all routers.", "scenario": { "NeutronNetworks.create_and_list_routers": { "network_create_args": null, "subnet_create_args": null, "subnet_cidr_start": "1.1.0.0/30", "subnets_per_network": 2, "router_create_args": null } }, "contexts": { "users": { "tenants": 1, "users_per_tenant": 1 }, "quotas": { "neutron": { "network": -1, "subnet": -1, "router": -1 } } }, "runner": { "constant": { "times": 40, "concurrency": 20 } }, "hooks": [], "sla": { "failure_rate": { "max": 0 } } } ] }
2019-06-16 07:38:26.281 18063 RALLYDEBUG rally_openstack.contexts.keystone.users [-] Creating 1 tenants using 20 threads
2019-06-16 07:38:27.225 18063 RALLYDEBUG rally_openstack.contexts.keystone.users [-] Creating 1 users using 20 threads
2019-06-16 07:38:28.587 18063 INFO rally.task.context [-] Task fd541728-b480-4371-83e5-10f84e5e4f3d | Context users@openstack setup() finished in 2.31 sec
2019-06-16 07:38:29.054 18063 INFO rally.task.context [-] Task fd541728-b480-4371-83e5-10f84e5e4f3d | Context quotas@openstack setup() finished in 0.47 sec
2019-06-16 07:38:29.054 18063 INFO rally.task.context [-] Task fd541728-b480-4371-83e5-10f84e5e4f3d | Context cleanup@openstack setup() finished in 0.01 msec
2019-06-16 07:38:29.063 18063 RALLYDEBUG rally.task.runner [-] Starting the constant runner (task UUID: fd541728-b480-4371-83e5-10f84e5e4f3d). timeout: 0 concurrency: 20 concurrency_per_worker: 1 times: 40 concurrency_overhead: 4 processes_to_start: 16 max_cpu_used: 16
2019-06-16 07:38:29.078 20527 RALLYDEBUG rally.task.runner [-] Starting a worker. concurrency: 2 args: {"network_create_args": null, "subnet_create_args": null, "subnet_cidr_start": "1.1.0.0/30", "subnets_per_network": 2, "router_create_args": null} times: 40 method_name: run timeout: 0 duration: None cls:
2019-06-16 07:38:29.080 20528 RALLYDEBUG rally.task.runner [-] Starting a worker. concurrency: 2 args: {"network_create_args": null, "subnet_create_args": null, "subnet_cidr_start": "1.1.0.0/30", "subnets_per_network": 2, "router_create_args": null} times: 40 method_name: run timeout: 0 duration: None cls:
2019-06-16 07:38:29.084 20529 RALLYDEBUG rally.task.runner [-] Starting a worker. concurrency: 2 args: {"network_create_args": null, "subnet_create_args": null, "subnet_cidr_start": "1.1.0.0/30", "subnets_per_network": 2, "router_create_args": null} times: 40 method_name: run timeout: 0 duration: None cls:
2019-06-16 07:38:29.087 20530 RALLYDEBUG rally.task.runner [-] Starting a worker. concurrency: 2 args: {"network_create_args": null, "subnet_create_args": null, "subnet_cidr_start": "1.1.0.0/30", "subnets_per_network": 2, "router_create_args": null} times: 40 method_name: run timeout: 0 duration: None cls:
2019-06-16 07:38:29.089 20528 INFO rally.task.runner [-] Task fd541728-b480-4371-83e5-10f84e5e4f3d | ITER: 2 START
2019-06-16 07:38:29.089 20527 INFO rally.task.runner [-] Task fd541728-b480-4371-83e5-10f84e5e4f3d | ITER: 1 START
2019-06-16 07:38:29.091 20531 RALLYDEBUG rally.task.runner [-] Starting a worker. concurrency: 1 args: {"network_create_args": null, "subnet_create_args": null, "subnet_cidr_start": "1.1.0.0/30", "subnets_per_network": 2, "router_create_args": null} times: 40 method_name: run timeout: 0 duration: None cls:
2019-06-16 07:38:29.090 20527 INFO rally.task.runner [-] Task fd541728-b480-4371-83e5-10f84e5e4f3d | ITER: 3 START
2019-06-16 07:38:29.094 20535 RALLYDEBUG rally.task.runner [-] Starting a worker. concurrency: 1 args: {"network_create_args": null, "subnet_create_args": null, "subnet_cidr_start": "1.1.0.0/30", "subnets_per_network": 2, "router_create_args": null} times: 40 method_name: run timeout: 0 duration: None cls:
2019-06-16 07:38:29.096 20529 INFO rally.task.runner [-] Task fd541728-b480-4371-83e5-10f84e5e4f3d | ITER: 4 START
2019-06-16 07:38:29.097 20530 INFO rally.task.runner [-] Task fd541728-b480-4371-83e5-10f84e5e4f3d | ITER: 6 START
2019-06-16 07:38:29.098 20531 INFO rally.task.runner [-] Task fd541728-b480-4371-83e5-10f84e5e4f3d | ITER: 9 START
2019-06-16 07:38:29.098 20540 RALLYDEBUG rally.task.runner [-] Starting a worker. concurrency: 1 args: {"network_create_args": null, "subnet_create_args": null, "subnet_cidr_start": "1.1.0.0/30", "subnets_per_network": 2, "router_create_args": null} times: 40 method_name: run timeout: 0 duration: None cls:
2019-06-16 07:38:29.097 20529 INFO rally.task.runner [-] Task fd541728-b480-4371-83e5-10f84e5e4f3d | ITER: 7 START
2019-06-16 07:38:29.102 20535 INFO rally.task.runner [-] Task fd541728-b480-4371-83e5-10f84e5e4f3d | ITER: 10 START
2019-06-16 07:38:29.102 20545 RALLYDEBUG rally.task.runner [-] Starting a worker. concurrency: 1 args: {"network_create_args": null, "subnet_create_args": null, "subnet_cidr_start": "1.1.0.0/30", "subnets_per_network": 2, "router_create_args": null} times: 40 method_name: run timeout: 0 duration: None cls:
2019-06-16 07:38:29.105 20540 INFO rally.task.runner [-] Task fd541728-b480-4371-83e5-10f84e5e4f3d | ITER: 11 START
2019-06-16 07:38:29.099 20528 INFO rally.task.runner [-] Task fd541728-b480-4371-83e5-10f84e5e4f3d | ITER: 5 START
2019-06-16 07:38:29.107 20530 INFO rally.task.runner [-] Task fd541728-b480-4371-83e5-10f84e5e4f3d | ITER: 8 START
2019-06-16 07:38:29.110 20545 INFO rally.task.runner [-] Task fd541728-b480-4371-83e5-10f84e5e4f3d | ITER: 12 START
2019-06-16 07:38:29.109 20549 RALLYDEBUG rally.task.runner [-] Starting a worker. concurrency: 1 args: {"network_create_args": null, "subnet_create_args": null, "subnet_cidr_start": "1.1.0.0/30", "subnets_per_network": 2, "router_create_args": null} times: 40 method_name: run timeout: 0 duration: None cls:
2019-06-16 07:38:29.116 20549 INFO rally.task.runner [-] Task fd541728-b480-4371-83e5-10f84e5e4f3d | ITER: 13 START
2019-06-16 07:38:29.116 20554 RALLYDEBUG rally.task.runner [-] Starting a worker. concurrency: 1 args: {"network_create_args": null, "subnet_create_args": null, "subnet_cidr_start": "1.1.0.0/30", "subnets_per_network": 2, "router_create_args": null} times: 40 method_name: run timeout: 0 duration: None cls:
2019-06-16 07:38:29.122 20557 RALLYDEBUG rally.task.runner [-] Starting a worker. concurrency: 1 args: {"network_create_args": null, "subnet_create_args": null, "subnet_cidr_start": "1.1.0.0/30", "subnets_per_network": 2, "router_create_args": null} times: 40 method_name: run timeout: 0 duration: None cls:
2019-06-16 07:38:29.123 20554 INFO rally.task.runner [-] Task fd541728-b480-4371-83e5-10f84e5e4f3d | ITER: 14 START
2019-06-16 07:38:29.130 20557 INFO rally.task.runner [-] Task fd541728-b480-4371-83e5-10f84e5e4f3d | ITER: 15 START
2019-06-16 07:38:29.137 20562 RALLYDEBUG rally.task.runner [-] Starting a worker. concurrency: 1 args: {"network_create_args": null, "subnet_create_args": null, "subnet_cidr_start": "1.1.0.0/30", "subnets_per_network": 2, "router_create_args": null} times: 40 method_name: run timeout: 0 duration: None cls:
2019-06-16 07:38:29.142 20565 RALLYDEBUG rally.task.runner [-] Starting a worker. concurrency: 1 args: {"network_create_args": null, "subnet_create_args": null, "subnet_cidr_start": "1.1.0.0/30", "subnets_per_network": 2, "router_create_args": null} times: 40 method_name: run timeout: 0 duration: None cls:
2019-06-16 07:38:29.144 20562 INFO rally.task.runner [-] Task fd541728-b480-4371-83e5-10f84e5e4f3d | ITER: 16 START
2019-06-16 07:38:29.149 20565 INFO rally.task.runner [-] Task fd541728-b480-4371-83e5-10f84e5e4f3d | ITER: 17 START
2019-06-16 07:38:29.149 20567 RALLYDEBUG rally.task.runner [-] Starting a worker. concurrency: 1 args: {"network_create_args": null, "subnet_create_args": null, "subnet_cidr_start": "1.1.0.0/30", "subnets_per_network": 2, "router_create_args": null} times: 40 method_name: run timeout: 0 duration: None cls:
2019-06-16 07:38:29.155 20571 RALLYDEBUG rally.task.runner [-] Starting a worker. concurrency: 1 args: {"network_create_args": null, "subnet_create_args": null, "subnet_cidr_start": "1.1.0.0/30", "subnets_per_network": 2, "router_create_args": null} times: 40 method_name: run timeout: 0 duration: None cls:
2019-06-16 07:38:29.156 20567 INFO rally.task.runner [-] Task fd541728-b480-4371-83e5-10f84e5e4f3d | ITER: 18 START
2019-06-16 07:38:29.160 20571 INFO rally.task.runner [-] Task fd541728-b480-4371-83e5-10f84e5e4f3d | ITER: 19 START
2019-06-16 07:38:29.159 20572 RALLYDEBUG rally.task.runner [-] Starting a worker. concurrency: 1 args: {"network_create_args": null, "subnet_create_args": null, "subnet_cidr_start": "1.1.0.0/30", "subnets_per_network": 2, "router_create_args": null} times: 40 method_name: run timeout: 0 duration: None cls:
2019-06-16 07:38:29.164 20572 INFO rally.task.runner [-] Task fd541728-b480-4371-83e5-10f84e5e4f3d | ITER: 20 START
2019-06-16 07:38:29.982 20528 RALLYDEBUG rally_openstack.wrappers.network [-] CIDR generated: 1.1.5.160/30
2019-06-16 07:38:30.011 20528 RALLYDEBUG rally_openstack.wrappers.network [-] CIDR generated: 1.1.5.164/30
2019-06-16 07:38:30.031 20554 RALLYDEBUG rally_openstack.wrappers.network [-] CIDR generated: 1.1.5.168/30
2019-06-16 07:38:30.066 20527 RALLYDEBUG rally_openstack.wrappers.network [-] CIDR generated: 1.1.5.172/30
2019-06-16 07:38:30.155 20530 RALLYDEBUG rally_openstack.wrappers.network [-] CIDR generated: 1.1.5.176/30
2019-06-16 07:38:30.186 20529 RALLYDEBUG rally_openstack.wrappers.network [-] CIDR generated: 1.1.5.180/30
2019-06-16 07:38:30.187 20540 RALLYDEBUG rally_openstack.wrappers.network [-] CIDR generated: 1.1.5.184/30
2019-06-16 07:38:30.207 20557 RALLYDEBUG rally_openstack.wrappers.network [-] CIDR generated: 1.1.5.188/30
2019-06-16 07:38:30.211 20549 RALLYDEBUG rally_openstack.wrappers.network [-] CIDR generated: 1.1.5.192/30
2019-06-16 07:38:30.271 20562 RALLYDEBUG rally_openstack.wrappers.network [-] CIDR generated: 1.1.5.196/30
2019-06-16 07:38:30.286 20565 RALLYDEBUG rally_openstack.wrappers.network [-] CIDR generated: 1.1.5.200/30
2019-06-16 07:38:30.311 20530 RALLYDEBUG rally_openstack.wrappers.network [-] CIDR generated: 1.1.5.204/30
2019-06-16 07:38:30.315 20527 RALLYDEBUG rally_openstack.wrappers.network [-] CIDR generated: 1.1.5.208/30
2019-06-16 07:38:30.323 20535 RALLYDEBUG rally_openstack.wrappers.network [-] CIDR generated: 1.1.5.212/30
2019-06-16 07:38:30.328 20545 RALLYDEBUG rally_openstack.wrappers.network [-] CIDR generated: 1.1.5.216/30
2019-06-16 07:38:30.344 20531 RALLYDEBUG rally_openstack.wrappers.network [-] CIDR generated: 1.1.5.220/30
2019-06-16 07:38:30.435 20567 RALLYDEBUG rally_openstack.wrappers.network [-] CIDR generated: 1.1.5.224/30
2019-06-16 07:38:30.583 20571 RALLYDEBUG rally_openstack.wrappers.network [-] CIDR generated: 1.1.5.228/30
2019-06-16 07:38:30.696 20572 RALLYDEBUG rally_openstack.wrappers.network [-] CIDR generated: 1.1.5.232/30
2019-06-16 07:38:30.717 20529 RALLYDEBUG rally_openstack.wrappers.network [-] CIDR generated: 1.1.5.236/30
2019-06-16 07:38:30.919 20528 RALLYDEBUG rally_openstack.wrappers.network [-] CIDR generated: 1.1.5.240/30
2019-06-16 07:38:30.922 20549 RALLYDEBUG rally_openstack.wrappers.network [-] CIDR generated: 1.1.5.244/30
2019-06-16 07:38:31.122 20530 RALLYDEBUG rally_openstack.wrappers.network [-] CIDR generated: 1.1.5.248/30
2019-06-16 07:38:31.248 20545 RALLYDEBUG rally_openstack.wrappers.network [-] CIDR generated: 1.1.5.252/30
2019-06-16 07:38:31.372 20527 RALLYDEBUG rally_openstack.wrappers.network [-] CIDR generated: 1.1.6.0/30
2019-06-16 07:38:31.744 20557 RALLYDEBUG rally_openstack.wrappers.network [-] CIDR generated: 1.1.6.4/30
2019-06-16 07:38:32.182 20528 RALLYDEBUG rally_openstack.wrappers.network [-] CIDR generated: 1.1.6.8/30
2019-06-16 07:38:32.371 20554 RALLYDEBUG rally_openstack.wrappers.network [-] CIDR generated: 1.1.6.12/30
2019-06-16 07:38:32.387 20530 RALLYDEBUG rally_openstack.wrappers.network [-] CIDR generated: 1.1.6.16/30
2019-06-16 07:38:32.604 20529 RALLYDEBUG rally_openstack.wrappers.network [-] CIDR generated: 1.1.6.20/30
2019-06-16 07:38:32.630 20571 RALLYDEBUG rally_openstack.wrappers.network [-] CIDR generated: 1.1.6.24/30
2019-06-16 07:38:32.774 20540 RALLYDEBUG rally_openstack.wrappers.network [-] CIDR generated: 1.1.6.28/30
2019-06-16 07:38:33.003 20572 RALLYDEBUG rally_openstack.wrappers.network [-] CIDR generated: 1.1.6.32/30
2019-06-16 07:38:33.162 20565 RALLYDEBUG rally_openstack.wrappers.network [-] CIDR generated: 1.1.6.36/30
2019-06-16 07:38:33.163 20535 RALLYDEBUG rally_openstack.wrappers.network [-] CIDR generated: 1.1.6.40/30
2019-06-16 07:38:33.179 20567 RALLYDEBUG rally_openstack.wrappers.network [-] CIDR generated: 1.1.6.44/30
2019-06-16 07:38:33.570 20527 RALLYDEBUG rally_openstack.wrappers.network [-] CIDR generated: 1.1.6.48/30
2019-06-16 07:38:33.667 20531 RALLYDEBUG rally_openstack.wrappers.network [-] CIDR generated: 1.1.6.52/30
2019-06-16 07:38:33.722 20562 RALLYDEBUG rally_openstack.wrappers.network [-] CIDR generated: 1.1.6.56/30
2019-06-16 07:38:33.905 20529 RALLYDEBUG rally_openstack.wrappers.network [-] CIDR generated: 1.1.6.60/30
2019-06-16 07:38:40.756 20530 INFO rally.task.runner [-] Task fd541728-b480-4371-83e5-10f84e5e4f3d | ITER: 6 END: OK
2019-06-16 07:38:40.760 20530 INFO rally.task.runner [-] Task fd541728-b480-4371-83e5-10f84e5e4f3d | ITER: 21 START
2019-06-16 07:38:41.421 20530 RALLYDEBUG rally_openstack.wrappers.network [-] CIDR generated: 1.1.6.64/30
2019-06-16 07:38:42.146 20531 INFO rally.task.runner [-] Task fd541728-b480-4371-83e5-10f84e5e4f3d | ITER: 9 END: OK
2019-06-16 07:38:42.150 20531 INFO rally.task.runner [-] Task fd541728-b480-4371-83e5-10f84e5e4f3d | ITER: 22 START
2019-06-16 07:38:42.264 20530 RALLYDEBUG rally_openstack.wrappers.network [-] CIDR generated: 1.1.6.68/30
2019-06-16 07:38:42.368 20528 INFO rally.task.runner [-] Task fd541728-b480-4371-83e5-10f84e5e4f3d | ITER: 5 END: OK
2019-06-16 07:38:42.373 20528 INFO rally.task.runner [-] Task fd541728-b480-4371-83e5-10f84e5e4f3d | ITER: 23 START
2019-06-16 07:38:42.916 20567 INFO rally.task.runner [-] Task fd541728-b480-4371-83e5-10f84e5e4f3d | ITER: 18 END: OK
2019-06-16 07:38:42.920 20567 INFO rally.task.runner [-] Task fd541728-b480-4371-83e5-10f84e5e4f3d | ITER: 24 START
2019-06-16 07:38:43.154 20528 RALLYDEBUG rally_openstack.wrappers.network [-] CIDR generated: 1.1.6.72/30
2019-06-16 07:38:43.354 20545 INFO rally.task.runner [-] Task fd541728-b480-4371-83e5-10f84e5e4f3d | ITER: 12 END: OK
