2019-06-16 06:10:57.232 8 RALLYDEBUG rally.api [-] INFO logs from urllib3 and requests module are hide.
2019-06-16 06:10:57.232 8 RALLYDEBUG rally.api [-] urllib3 insecure warnings are hidden.
2019-06-16 06:10:57.232 8 RALLYDEBUG rally.api [-] ERROR log from boto module is hide.
2019-06-16 06:10:58.789 8 ERROR rally.cli.cliutils [-] Unexpected exception in CLI: DBRecordNotFound: Record for uuid or name is opnfv-rally not found in table envs
2019-06-16 06:10:58.789 8 ERROR rally.cli.cliutils
Traceback (most recent call last):
2019-06-16 06:10:58.789 8 ERROR rally.cli.cliutils
File "/usr/lib/python2.7/site-packages/rally/cli/cliutils.py", line 674, in run
2019-06-16 06:10:58.789 8 ERROR rally.cli.cliutils ret = fn(*fn_args, **fn_kwargs)
2019-06-16 06:10:58.789 8 ERROR rally.cli.cliutils File "", line 2, in destroy
2019-06-16 06:10:58.789 8 ERROR rally.cli.cliutils
File "/usr/lib/python2.7/site-packages/rally/cli/envutils.py", line 69, in default_from_global
2019-06-16 06:10:58.789 8 ERROR rally.cli.cliutils return f(*args, **kwargs)
2019-06-16 06:10:58.789 8 ERROR rally.cli.cliutils File "", line 2, in destroy
2019-06-16 06:10:58.789 8 ERROR rally.cli.cliutils
File "/usr/lib/python2.7/site-packages/rally/plugins/__init__.py", line 51, in ensure_plugins_are_loaded
2019-06-16 06:10:58.789 8 ERROR rally.cli.cliutils return f(*args, **kwargs)
2019-06-16 06:10:58.789 8 ERROR rally.cli.cliutils
File "/usr/lib/python2.7/site-packages/rally/cli/commands/deployment.py", line 140, in destroy
2019-06-16 06:10:58.789 8 ERROR rally.cli.cliutils api.deployment.destroy(deployment=deployment)
2019-06-16 06:10:58.789 8 ERROR rally.cli.cliutils
File "/usr/lib/python2.7/site-packages/rally/api.py", line 115, in destroy
2019-06-16 06:10:58.789 8 ERROR rally.cli.cliutils deploy = objects.Deployment.get(deployment)
2019-06-16 06:10:58.789 8 ERROR rally.cli.cliutils
File "/usr/lib/python2.7/site-packages/rally/common/objects/deploy.py", line 124, in get
2019-06-16 06:10:58.789 8 ERROR rally.cli.cliutils return Deployment(env_mgr.EnvManager.get(deploy))
2019-06-16 06:10:58.789 8 ERROR rally.cli.cliutils
File "/usr/lib/python2.7/site-packages/rally/env/env_mgr.py", line 212, in get
2019-06-16 06:10:58.789 8 ERROR rally.cli.cliutils return cls(db.env_get(uuid_or_name))
2019-06-16 06:10:58.789 8 ERROR rally.cli.cliutils
File "/usr/lib/python2.7/site-packages/rally/common/db/api.py", line 135, in wrapper
2019-06-16 06:10:58.789 8 ERROR rally.cli.cliutils result = f(session, *args, **kwargs)
2019-06-16 06:10:58.789 8 ERROR rally.cli.cliutils
File "/usr/lib/python2.7/site-packages/rally/common/db/api.py", line 521, in env_get
2019-06-16 06:10:58.789 8 ERROR rally.cli.cliutils criteria="uuid or name is %s" % uuid_or_name, table="envs")
2019-06-16 06:10:58.789 8 ERROR rally.cli.cliutils DBRecordNotFound: Record for uuid or name is opnfv-rally not found in table envs
2019-06-16 06:10:58.789 8 ERROR rally.cli.cliutils
2019-06-16 06:10:59.609 10 RALLYDEBUG rally.api [-] INFO logs from urllib3 and requests module are hide.
2019-06-16 06:10:59.609 10 RALLYDEBUG rally.api [-] urllib3 insecure warnings are hidden.
2019-06-16 06:10:59.609 10 RALLYDEBUG rally.api [-] ERROR log from boto module is hide.
2019-06-16 06:11:01.367 10 WARNING rally_openstack.platforms.existing [-] endpoint is deprecated and not used.
2019-06-16 06:11:02.476 12 RALLYDEBUG rally.api [-] INFO logs from urllib3 and requests module are hide.
2019-06-16 06:11:02.476 12 RALLYDEBUG rally.api [-] urllib3 insecure warnings are hidden.
2019-06-16 06:11:02.476 12 RALLYDEBUG rally.api [-] ERROR log from boto module is hide.
2019-06-16 06:11:05.770 15 RALLYDEBUG rally.api [-] INFO logs from urllib3 and requests module are hide.
2019-06-16 06:11:05.770 15 RALLYDEBUG rally.api [-] urllib3 insecure warnings are hidden.
2019-06-16 06:11:05.771 15 RALLYDEBUG rally.api [-] ERROR log from boto module is hide.
2019-06-16 06:11:06.967 17 RALLYDEBUG rally.api [-] INFO logs from urllib3 and requests module are hide.
2019-06-16 06:11:06.968 17 RALLYDEBUG rally.api [-] urllib3 insecure warnings are hidden.
2019-06-16 06:11:06.968 17 RALLYDEBUG rally.api [-] ERROR log from boto module is hide.
2019-06-16 06:11:08.576 17 INFO rally.task.engine [-] Task be8a8fa7-d364-4f15-b5c8-284e0ea0a160 | Starting: Task validation.
2019-06-16 06:11:08.621 17 INFO rally.task.engine [-] Task be8a8fa7-d364-4f15-b5c8-284e0ea0a160 | Starting: Task validation of syntax.
2019-06-16 06:11:08.717 17 INFO rally.task.engine [-] Task be8a8fa7-d364-4f15-b5c8-284e0ea0a160 | Completed: Task validation of syntax.
2019-06-16 06:11:08.717 17 INFO rally.task.engine [-] Task be8a8fa7-d364-4f15-b5c8-284e0ea0a160 | Starting: Task validation of required platforms.
2019-06-16 06:11:08.760 17 INFO rally.task.engine [-] Task be8a8fa7-d364-4f15-b5c8-284e0ea0a160 | Completed: Task validation of required platforms.
2019-06-16 06:11:08.761 17 INFO rally.task.engine [-] Task be8a8fa7-d364-4f15-b5c8-284e0ea0a160 | Starting: Task validation of semantic.
2019-06-16 06:11:08.761 17 INFO rally.task.engine [-] Check health of the environment '199dbca0-949f-4323-838a-8d92fee4cff6'.
2019-06-16 06:11:09.361 17 INFO rally.task.engine [-] Platform existing@openstack (available: True): OK!
2019-06-16 06:11:09.379 17 RALLYDEBUG rally_openstack.contexts.keystone.users [-] Creating 1 tenants using 20 threads
2019-06-16 06:11:10.267 17 RALLYDEBUG rally_openstack.contexts.keystone.users [-] Creating 1 users using 20 threads
2019-06-16 06:11:11.702 17 INFO rally.task.context [-] Task be8a8fa7-d364-4f15-b5c8-284e0ea0a160 | Context users@openstack setup() finished in 2.32 sec
2019-06-16 06:11:11.758 17 INFO rally.task.context [-] Task be8a8fa7-d364-4f15-b5c8-284e0ea0a160 | Context users@openstack cleanup() started
2019-06-16 06:11:14.744 17 INFO rally.task.context [-] Task be8a8fa7-d364-4f15-b5c8-284e0ea0a160 | Context users@openstack cleanup() finished in 2.99 sec
2019-06-16 06:11:14.744 17 INFO rally.task.engine [-] Task be8a8fa7-d364-4f15-b5c8-284e0ea0a160 | Completed: Task validation of semantic.
2019-06-16 06:11:14.745 17 INFO rally.task.engine [-] Task be8a8fa7-d364-4f15-b5c8-284e0ea0a160 | Completed: Task validation.
2019-06-16 06:11:14.745 17 INFO rally.api [-] Task be8a8fa7-d364-4f15-b5c8-284e0ea0a160 input file is valid.
2019-06-16 06:11:14.745 17 INFO rally.api [-] Run Task be8a8fa7-d364-4f15-b5c8-284e0ea0a160 against Deployment 199dbca0-949f-4323-838a-8d92fee4cff6
2019-06-16 06:11:14.745 17 INFO rally.task.engine [-] Task be8a8fa7-d364-4f15-b5c8-284e0ea0a160 | Starting: Running task.
2019-06-16 06:11:14.953 17 INFO rally.task.engine [-] Running workload: position = 0 config = { "version": 2, "title": "A cropped version of a bigger task.", "description": "Auto-generated task from a single workload (uuid=b490d39c-77ff-4a83-a079-6f7c1d551f21)", "subtasks": [ { "title": "Authenticate.keystone", "description": "Check Keystone Client.", "scenario": { "Authenticate.keystone": {} }, "contexts": { "users": { "tenants": 3, "users_per_tenant": 2 } }, "runner": { "constant": { "concurrency": 4, "times": 10 } }, "hooks": [], "sla": { "failure_rate": { "max": 0 } } } ] }
2019-06-16 06:11:14.979 17 RALLYDEBUG rally_openstack.contexts.keystone.users [-] Creating 3 tenants using 20 threads
2019-06-16 06:11:15.997 17 RALLYDEBUG rally_openstack.contexts.keystone.users [-] Creating 6 users using 20 threads
2019-06-16 06:11:17.793 17 INFO rally.task.context [-] Task be8a8fa7-d364-4f15-b5c8-284e0ea0a160 | Context users@openstack setup() finished in 2.81 sec
2019-06-16 06:11:17.806 17 RALLYDEBUG rally.task.runner [-] Starting the constant runner (task UUID: be8a8fa7-d364-4f15-b5c8-284e0ea0a160). timeout: 0 concurrency: 4 concurrency_per_worker: 1 times: 10 concurrency_overhead: 0 processes_to_start: 4 max_cpu_used: 16
2019-06-16 06:11:17.821 141 RALLYDEBUG rally.task.runner [-] Starting a worker. concurrency: 1 args: {} times: 10 method_name: run timeout: 0 duration: None cls:
2019-06-16 06:11:17.823 142 RALLYDEBUG rally.task.runner [-] Starting a worker. concurrency: 1 args: {} times: 10 method_name: run timeout: 0 duration: None cls:
2019-06-16 06:11:17.826 143 RALLYDEBUG rally.task.runner [-] Starting a worker. concurrency: 1 args: {} times: 10 method_name: run timeout: 0 duration: None cls:
2019-06-16 06:11:17.828 141 INFO rally.task.runner [-] Task be8a8fa7-d364-4f15-b5c8-284e0ea0a160 | ITER: 1 START
2019-06-16 06:11:17.830 142 INFO rally.task.runner [-] Task be8a8fa7-d364-4f15-b5c8-284e0ea0a160 | ITER: 2 START
2019-06-16 06:11:17.829 144 RALLYDEBUG rally.task.runner [-] Starting a worker. concurrency: 1 args: {} times: 10 method_name: run timeout: 0 duration: None cls:
2019-06-16 06:11:17.833 143 INFO rally.task.runner [-] Task be8a8fa7-d364-4f15-b5c8-284e0ea0a160 | ITER: 3 START
2019-06-16 06:11:17.836 144 INFO rally.task.runner [-] Task be8a8fa7-d364-4f15-b5c8-284e0ea0a160 | ITER: 4 START
2019-06-16 06:11:18.266 143 INFO rally.task.runner [-] Task be8a8fa7-d364-4f15-b5c8-284e0ea0a160 | ITER: 3 END: OK
2019-06-16 06:11:18.267 142 INFO rally.task.runner [-] Task be8a8fa7-d364-4f15-b5c8-284e0ea0a160 | ITER: 2 END: OK
2019-06-16 06:11:18.272 143 INFO rally.task.runner [-] Task be8a8fa7-d364-4f15-b5c8-284e0ea0a160 | ITER: 6 START
2019-06-16 06:11:18.272 142 INFO rally.task.runner [-] Task be8a8fa7-d364-4f15-b5c8-284e0ea0a160 | ITER: 5 START
2019-06-16 06:11:18.309 141 INFO rally.task.runner [-] Task be8a8fa7-d364-4f15-b5c8-284e0ea0a160 | ITER: 1 END: OK
2019-06-16 06:11:18.314 141 INFO rally.task.runner [-] Task be8a8fa7-d364-4f15-b5c8-284e0ea0a160 | ITER: 7 START
2019-06-16 06:11:18.316 144 INFO rally.task.runner [-] Task be8a8fa7-d364-4f15-b5c8-284e0ea0a160 | ITER: 4 END: OK
2019-06-16 06:11:18.320 144 INFO rally.task.runner [-] Task be8a8fa7-d364-4f15-b5c8-284e0ea0a160 | ITER: 8 START
2019-06-16 06:11:18.609 143 INFO rally.task.runner [-] Task be8a8fa7-d364-4f15-b5c8-284e0ea0a160 | ITER: 6 END: OK
2019-06-16 06:11:18.613 143 INFO rally.task.runner [-] Task be8a8fa7-d364-4f15-b5c8-284e0ea0a160 | ITER: 9 START
2019-06-16 06:11:18.662 144 INFO rally.task.runner [-] Task be8a8fa7-d364-4f15-b5c8-284e0ea0a160 | ITER: 8 END: OK
2019-06-16 06:11:18.666 144 INFO rally.task.runner [-] Task be8a8fa7-d364-4f15-b5c8-284e0ea0a160 | ITER: 10 START
2019-06-16 06:11:18.705 142 INFO rally.task.runner [-] Task be8a8fa7-d364-4f15-b5c8-284e0ea0a160 | ITER: 5 END: OK
2019-06-16 06:11:18.739 141 INFO rally.task.runner [-] Task be8a8fa7-d364-4f15-b5c8-284e0ea0a160 | ITER: 7 END: OK
2019-06-16 06:11:18.944 143 INFO rally.task.runner [-] Task be8a8fa7-d364-4f15-b5c8-284e0ea0a160 | ITER: 9 END: OK
2019-06-16 06:11:18.997 144 INFO rally.task.runner [-] Task be8a8fa7-d364-4f15-b5c8-284e0ea0a160 | ITER: 10 END: OK
2019-06-16 06:11:19.026 17 INFO rally.task.context [-] Task be8a8fa7-d364-4f15-b5c8-284e0ea0a160 | Context users@openstack cleanup() started
2019-06-16 06:11:24.239 17 INFO rally.task.context [-] Task be8a8fa7-d364-4f15-b5c8-284e0ea0a160 | Context users@openstack cleanup() finished in 5.21 sec
2019-06-16 06:11:25.062 17 INFO rally.task.engine [-] Load duration is: 1.167264
2019-06-16 06:11:25.062 17 INFO rally.task.engine [-] Full runner duration is: 1.220933
2019-06-16 06:11:25.062 17 INFO rally.task.engine [-] Full duration is: 9.262477
2019-06-16 06:11:25.336 17 INFO rally.task.engine [-] Running workload: position = 0 config = { "version": 2, "title": "A cropped version of a bigger task.", "description": "Auto-generated task from a single workload (uuid=fbad2116-a88b-49fc-8efb-c83fabc2d329)", "subtasks": [ { "title": "Authenticate.validate_cinder", "description": "Check Cinder Client to ensure validation of token.", "scenario": { "Authenticate.validate_cinder": { "repetitions": 2 } }, "contexts": { "users": { "tenants": 3, "users_per_tenant": 2 } }, "runner": { "constant": { "concurrency": 4, "times": 10 } }, "hooks": [], "sla": { "failure_rate": { "max": 0 } } } ] }
2019-06-16 06:11:25.361 17 RALLYDEBUG rally_openstack.contexts.keystone.users [-] Creating 3 tenants using 20 threads
2019-06-16 06:11:26.373 17 RALLYDEBUG rally_openstack.contexts.keystone.users [-] Creating 6 users using 20 threads
2019-06-16 06:11:27.961 17 INFO rally.task.context [-] Task be8a8fa7-d364-4f15-b5c8-284e0ea0a160 | Context users@openstack setup() finished in 2.60 sec
2019-06-16 06:11:27.970 17 RALLYDEBUG rally.task.runner [-] Starting the constant runner (task UUID: be8a8fa7-d364-4f15-b5c8-284e0ea0a160). timeout: 0 concurrency: 4 concurrency_per_worker: 1 times: 10 concurrency_overhead: 0 processes_to_start: 4 max_cpu_used: 16
2019-06-16 06:11:27.983 245 RALLYDEBUG rally.task.runner [-] Starting a worker. concurrency: 1 args: {"repetitions": 2} times: 10 method_name: run timeout: 0 duration: None cls:
2019-06-16 06:11:27.986 246 RALLYDEBUG rally.task.runner [-] Starting a worker. concurrency: 1 args: {"repetitions": 2} times: 10 method_name: run timeout: 0 duration: None cls:
2019-06-16 06:11:27.989 247 RALLYDEBUG rally.task.runner [-] Starting a worker. concurrency: 1 args: {"repetitions": 2} times: 10 method_name: run timeout: 0 duration: None cls:
2019-06-16 06:11:27.990 245 INFO rally.task.runner [-] Task be8a8fa7-d364-4f15-b5c8-284e0ea0a160 | ITER: 1 START
2019-06-16 06:11:27.993 248 RALLYDEBUG rally.task.runner [-] Starting a worker. concurrency: 1 args: {"repetitions": 2} times: 10 method_name: run timeout: 0 duration: None cls:
2019-06-16 06:11:27.994 246 INFO rally.task.runner [-] Task be8a8fa7-d364-4f15-b5c8-284e0ea0a160 | ITER: 2 START
2019-06-16 06:11:27.996 247 INFO rally.task.runner [-] Task be8a8fa7-d364-4f15-b5c8-284e0ea0a160 | ITER: 3 START
2019-06-16 06:11:28.000 248 INFO rally.task.runner [-] Task be8a8fa7-d364-4f15-b5c8-284e0ea0a160 | ITER: 4 START
2019-06-16 06:11:28.671 246 INFO rally.task.runner [-] Task be8a8fa7-d364-4f15-b5c8-284e0ea0a160 | ITER: 2 END: OK
2019-06-16 06:11:28.676 246 INFO rally.task.runner [-] Task be8a8fa7-d364-4f15-b5c8-284e0ea0a160 | ITER: 5 START
2019-06-16 06:11:28.882 245 INFO rally.task.runner [-] Task be8a8fa7-d364-4f15-b5c8-284e0ea0a160 | ITER: 1 END: OK
2019-06-16 06:11:28.886 245 INFO rally.task.runner [-] Task be8a8fa7-d364-4f15-b5c8-284e0ea0a160 | ITER: 6 START
2019-06-16 06:11:28.939 247 INFO rally.task.runner [-] Task be8a8fa7-d364-4f15-b5c8-284e0ea0a160 | ITER: 3 END: OK
2019-06-16 06:11:28.944 247 INFO rally.task.runner [-] Task be8a8fa7-d364-4f15-b5c8-284e0ea0a160 | ITER: 7 START
2019-06-16 06:11:29.017 248 INFO rally.task.runner [-] Task be8a8fa7-d364-4f15-b5c8-284e0ea0a160 | ITER: 4 END: OK
2019-06-16 06:11:29.022 248 INFO rally.task.runner [-] Task be8a8fa7-d364-4f15-b5c8-284e0ea0a160 | ITER: 8 START
2019-06-16 06:11:29.197 246 INFO rally.task.runner [-] Task be8a8fa7-d364-4f15-b5c8-284e0ea0a160 | ITER: 5 END: OK
2019-06-16 06:11:29.200 246 INFO rally.task.runner [-] Task be8a8fa7-d364-4f15-b5c8-284e0ea0a160 | ITER: 9 START
2019-06-16 06:11:29.414 245 INFO rally.task.runner [-] Task be8a8fa7-d364-4f15-b5c8-284e0ea0a160 | ITER: 6 END: OK
2019-06-16 06:11:29.419 245 INFO rally.task.runner [-] Task be8a8fa7-d364-4f15-b5c8-284e0ea0a160 | ITER: 10 START
2019-06-16 06:11:29.425 247 INFO rally.task.runner [-] Task be8a8fa7-d364-4f15-b5c8-284e0ea0a160 | ITER: 7 END: OK
2019-06-16 06:11:29.461 248 INFO rally.task.runner [-] Task be8a8fa7-d364-4f15-b5c8-284e0ea0a160 | ITER: 8 END: OK
2019-06-16 06:11:29.616 246 INFO rally.task.runner [-] Task be8a8fa7-d364-4f15-b5c8-284e0ea0a160 | ITER: 9 END: OK
2019-06-16 06:11:30.144 245 INFO rally.task.runner [-] Task be8a8fa7-d364-4f15-b5c8-284e0ea0a160 | ITER: 10 END: OK
2019-06-16 06:11:30.174 17 INFO rally.task.context [-] Task be8a8fa7-d364-4f15-b5c8-284e0ea0a160 | Context users@openstack cleanup() started
2019-06-16 06:11:35.726 17 INFO rally.task.context [-] Task be8a8fa7-d364-4f15-b5c8-284e0ea0a160 | Context users@openstack cleanup() finished in 5.55 sec
2019-06-16 06:11:37.430 17 INFO rally.task.engine [-] Load duration is: 2.152147
2019-06-16 06:11:37.431 17 INFO rally.task.engine [-] Full runner duration is: 2.20463
2019-06-16 06:11:37.431 17 INFO rally.task.engine [-] Full duration is: 10.369238
2019-06-16 06:11:37.797 17 INFO rally.task.engine [-] Running workload: position = 0 config = { "version": 2, "title": "A cropped version of a bigger task.", "description": "Auto-generated task from a single workload (uuid=ccef7cad-6dcf-4de0-b94f-4245af86e1c4)", "subtasks": [ { "title": "Authenticate.validate_glance", "description": "Check Glance Client to ensure validation of token.", "scenario": { "Authenticate.validate_glance": { "repetitions": 2 } }, "contexts": { "users": { "tenants": 3, "users_per_tenant": 2 } }, "runner": { "constant": { "concurrency": 4, "times": 10 } }, "hooks": [], "sla": { "failure_rate": { "max": 0 } } } ] }
2019-06-16 06:11:37.823 17 RALLYDEBUG rally_openstack.contexts.keystone.users [-] Creating 3 tenants using 20 threads
2019-06-16 06:11:38.872 17 RALLYDEBUG rally_openstack.contexts.keystone.users [-] Creating 6 users using 20 threads
2019-06-16 06:11:40.654 17 INFO rally.task.context [-] Task be8a8fa7-d364-4f15-b5c8-284e0ea0a160 | Context users@openstack setup() finished in 2.83 sec
2019-06-16 06:11:40.664 17 RALLYDEBUG rally.task.runner [-] Starting the constant runner (task UUID: be8a8fa7-d364-4f15-b5c8-284e0ea0a160). timeout: 0 concurrency: 4 concurrency_per_worker: 1 times: 10 concurrency_overhead: 0 processes_to_start: 4 max_cpu_used: 16
2019-06-16 06:11:40.676 349 RALLYDEBUG rally.task.runner [-] Starting a worker. concurrency: 1 args: {"repetitions": 2} times: 10 method_name: run timeout: 0 duration: None cls:
2019-06-16 06:11:40.681 350 RALLYDEBUG rally.task.runner [-] Starting a worker. concurrency: 1 args: {"repetitions": 2} times: 10 method_name: run timeout: 0 duration: None cls:
2019-06-16 06:11:40.683 349 INFO rally.task.runner [-] Task be8a8fa7-d364-4f15-b5c8-284e0ea0a160 | ITER: 1 START
2019-06-16 06:11:40.683 351 RALLYDEBUG rally.task.runner [-] Starting a worker. concurrency: 1 args: {"repetitions": 2} times: 10 method_name: run timeout: 0 duration: None cls:
2019-06-16 06:11:40.687 352 RALLYDEBUG rally.task.runner [-] Starting a worker. concurrency: 1 args: {"repetitions": 2} times: 10 method_name: run timeout: 0 duration: None cls:
2019-06-16 06:11:40.688 350 INFO rally.task.runner [-] Task be8a8fa7-d364-4f15-b5c8-284e0ea0a160 | ITER: 2 START
2019-06-16 06:11:40.690 351 INFO rally.task.runner [-] Task be8a8fa7-d364-4f15-b5c8-284e0ea0a160 | ITER: 3 START
2019-06-16 06:11:40.694 352 INFO rally.task.runner [-] Task be8a8fa7-d364-4f15-b5c8-284e0ea0a160 | ITER: 4 START
2019-06-16 06:11:41.463 351 INFO rally.task.runner [-] Task be8a8fa7-d364-4f15-b5c8-284e0ea0a160 | ITER: 3 END: OK
2019-06-16 06:11:41.464 349 INFO rally.task.runner [-] Task be8a8fa7-d364-4f15-b5c8-284e0ea0a160 | ITER: 1 END: OK
2019-06-16 06:11:41.469 351 INFO rally.task.runner [-] Task be8a8fa7-d364-4f15-b5c8-284e0ea0a160 | ITER: 5 START
2019-06-16 06:11:41.470 349 INFO rally.task.runner [-] Task be8a8fa7-d364-4f15-b5c8-284e0ea0a160 | ITER: 6 START
2019-06-16 06:11:41.538 350 INFO rally.task.runner [-] Task be8a8fa7-d364-4f15-b5c8-284e0ea0a160 | ITER: 2 END: OK
2019-06-16 06:11:41.544 350 INFO rally.task.runner [-] Task be8a8fa7-d364-4f15-b5c8-284e0ea0a160 | ITER: 7 START
2019-06-16 06:11:41.546 352 INFO rally.task.runner [-] Task be8a8fa7-d364-4f15-b5c8-284e0ea0a160 | ITER: 4 END: OK
2019-06-16 06:11:41.551 352 INFO rally.task.runner [-] Task be8a8fa7-d364-4f15-b5c8-284e0ea0a160 | ITER: 8 START
2019-06-16 06:11:41.994 351 INFO rally.task.runner [-] Task be8a8fa7-d364-4f15-b5c8-284e0ea0a160 | ITER: 5 END: OK
2019-06-16 06:11:41.998 351 INFO rally.task.runner [-] Task be8a8fa7-d364-4f15-b5c8-284e0ea0a160 | ITER: 9 START
2019-06-16 06:11:42.054 352 INFO rally.task.runner [-] Task be8a8fa7-d364-4f15-b5c8-284e0ea0a160 | ITER: 8 END: OK
2019-06-16 06:11:42.056 349 INFO rally.task.runner [-] Task be8a8fa7-d364-4f15-b5c8-284e0ea0a160 | ITER: 6 END: OK
2019-06-16 06:11:42.058 352 INFO rally.task.runner [-] Task be8a8fa7-d364-4f15-b5c8-284e0ea0a160 | ITER: 10 START
2019-06-16 06:11:42.148 350 INFO rally.task.runner [-] Task be8a8fa7-d364-4f15-b5c8-284e0ea0a160 | ITER: 7 END: OK
2019-06-16 06:11:42.566 351 INFO rally.task.runner [-] Task be8a8fa7-d364-4f15-b5c8-284e0ea0a160 | ITER: 9 END: OK
2019-06-16 06:11:42.610 352 INFO rally.task.runner [-] Task be8a8fa7-d364-4f15-b5c8-284e0ea0a160 | ITER: 10 END: OK
2019-06-16 06:11:42.640 17 INFO rally.task.context [-] Task be8a8fa7-d364-4f15-b5c8-284e0ea0a160 | Context users@openstack cleanup() started
2019-06-16 06:11:47.834 17 INFO rally.task.context [-] Task be8a8fa7-d364-4f15-b5c8-284e0ea0a160 | Context users@openstack cleanup() finished in 5.19 sec
2019-06-16 06:11:47.940 17 INFO rally.task.engine [-] Load duration is: 1.925531
2019-06-16 06:11:47.941 17 INFO rally.task.engine [-] Full runner duration is: 1.97715
2019-06-16 06:11:47.941 17 INFO rally.task.engine [-] Full duration is: 10.013268
2019-06-16 06:11:48.450 17 INFO rally.task.engine [-] Running workload: position = 0 config = { "version": 2, "title": "A cropped version of a bigger task.", "description": "Auto-generated task from a single workload (uuid=55fcd2d9-5006-4233-a2d0-2726f1824a6e)", "subtasks": [ { "title": "Authenticate.validate_heat", "description": "Check Heat Client to ensure validation of token.", "scenario": { "Authenticate.validate_heat": { "repetitions": 2 } }, "contexts": { "users": { "tenants": 3, "users_per_tenant": 2 } }, "runner": { "constant": { "concurrency": 4, "times": 10 } }, "hooks": [], "sla": { "failure_rate": { "max": 0 } } } ] }
2019-06-16 06:11:48.475 17 RALLYDEBUG rally_openstack.contexts.keystone.users [-] Creating 3 tenants using 20 threads
2019-06-16 06:11:49.614 17 RALLYDEBUG rally_openstack.contexts.keystone.users [-] Creating 6 users using 20 threads
2019-06-16 06:11:51.274 17 INFO rally.task.context [-] Task be8a8fa7-d364-4f15-b5c8-284e0ea0a160 | Context users@openstack setup() finished in 2.80 sec
2019-06-16 06:11:51.286 17 RALLYDEBUG rally.task.runner [-] Starting the constant runner (task UUID: be8a8fa7-d364-4f15-b5c8-284e0ea0a160). timeout: 0 concurrency: 4 concurrency_per_worker: 1 times: 10 concurrency_overhead: 0 processes_to_start: 4 max_cpu_used: 16
2019-06-16 06:11:51.298 453 RALLYDEBUG rally.task.runner [-] Starting a worker. concurrency: 1 args: {"repetitions": 2} times: 10 method_name: run timeout: 0 duration: None cls:
2019-06-16 06:11:51.302 454 RALLYDEBUG rally.task.runner [-] Starting a worker. concurrency: 1 args: {"repetitions": 2} times: 10 method_name: run timeout: 0 duration: None cls:
2019-06-16 06:11:51.305 453 INFO rally.task.runner [-] Task be8a8fa7-d364-4f15-b5c8-284e0ea0a160 | ITER: 1 START
2019-06-16 06:11:51.305 455 RALLYDEBUG rally.task.runner [-] Starting a worker. concurrency: 1 args: {"repetitions": 2} times: 10 method_name: run timeout: 0 duration: None cls:
2019-06-16 06:11:51.308 456 RALLYDEBUG rally.task.runner [-] Starting a worker. concurrency: 1 args: {"repetitions": 2} times: 10 method_name: run timeout: 0 duration: None cls:
2019-06-16 06:11:51.310 454 INFO rally.task.runner [-] Task be8a8fa7-d364-4f15-b5c8-284e0ea0a160 | ITER: 2 START
2019-06-16 06:11:51.313 455 INFO rally.task.runner [-] Task be8a8fa7-d364-4f15-b5c8-284e0ea0a160 | ITER: 3 START
2019-06-16 06:11:51.316 456 INFO rally.task.runner [-] Task be8a8fa7-d364-4f15-b5c8-284e0ea0a160 | ITER: 4 START
2019-06-16 06:11:52.300 453 INFO rally.task.runner [-] Task be8a8fa7-d364-4f15-b5c8-284e0ea0a160 | ITER: 1 END: OK
2019-06-16 06:11:52.305 453 INFO rally.task.runner [-] Task be8a8fa7-d364-4f15-b5c8-284e0ea0a160 | ITER: 5 START
2019-06-16 06:11:52.375 456 INFO rally.task.runner [-] Task be8a8fa7-d364-4f15-b5c8-284e0ea0a160 | ITER: 4 END: OK
2019-06-16 06:11:52.380 456 INFO rally.task.runner [-] Task be8a8fa7-d364-4f15-b5c8-284e0ea0a160 | ITER: 6 START
2019-06-16 06:11:52.613 454 INFO rally.task.runner [-] Task be8a8fa7-d364-4f15-b5c8-284e0ea0a160 | ITER: 2 END: OK
2019-06-16 06:11:52.618 454 INFO rally.task.runner [-] Task be8a8fa7-d364-4f15-b5c8-284e0ea0a160 | ITER: 7 START
2019-06-16 06:11:52.662 455 INFO rally.task.runner [-] Task be8a8fa7-d364-4f15-b5c8-284e0ea0a160 | ITER: 3 END: OK
2019-06-16 06:11:52.666 455 INFO rally.task.runner [-] Task be8a8fa7-d364-4f15-b5c8-284e0ea0a160 | ITER: 8 START
2019-06-16 06:11:53.151 455 INFO rally.task.runner [-] Task be8a8fa7-d364-4f15-b5c8-284e0ea0a160 | ITER: 8 END: OK
2019-06-16 06:11:53.155 455 INFO rally.task.runner [-] Task be8a8fa7-d364-4f15-b5c8-284e0ea0a160 | ITER: 9 START
2019-06-16 06:11:53.179 453 INFO rally.task.runner [-] Task be8a8fa7-d364-4f15-b5c8-284e0ea0a160 | ITER: 5 END: OK
2019-06-16 06:11:53.183 453 INFO rally.task.runner [-] Task be8a8fa7-d364-4f15-b5c8-284e0ea0a160 | ITER: 10 START
2019-06-16 06:11:53.255 454 INFO rally.task.runner [-] Task be8a8fa7-d364-4f15-b5c8-284e0ea0a160 | ITER: 7 END: OK
2019-06-16 06:11:53.447 456 INFO rally.task.runner [-] Task be8a8fa7-d364-4f15-b5c8-284e0ea0a160 | ITER: 6 END: OK
2019-06-16 06:11:53.664 453 INFO rally.task.runner [-] Task be8a8fa7-d364-4f15-b5c8-284e0ea0a160 | ITER: 10 END: OK
2019-06-16 06:11:53.760 455 INFO rally.task.runner [-] Task be8a8fa7-d364-4f15-b5c8-284e0ea0a160 | ITER: 9 END: OK
2019-06-16 06:11:53.789 17 INFO rally.task.context [-] Task be8a8fa7-d364-4f15-b5c8-284e0ea0a160 | Context users@openstack cleanup() started
2019-06-16 06:11:58.867 17 INFO rally.task.context [-] Task be8a8fa7-d364-4f15-b5c8-284e0ea0a160 | Context users@openstack cleanup() finished in 5.08 sec
2019-06-16 06:12:00.589 17 INFO rally.task.engine [-] Load duration is: 2.453283
2019-06-16 06:12:00.590 17 INFO rally.task.engine [-] Full runner duration is: 2.503308
2019-06-16 06:12:00.590 17 INFO rally.task.engine [-] Full duration is: 10.394241
2019-06-16 06:12:01.116 17 INFO rally.task.engine [-] Running workload: position = 0 config = { "version": 2, "title": "A cropped version of a bigger task.", "description": "Auto-generated task from a single workload (uuid=f62026bc-9042-40a8-af7d-b47aec6aea6e)", "subtasks": [ { "title": "Authenticate.validate_neutron", "description": "Check Neutron Client to ensure validation of token.", "scenario": { "Authenticate.validate_neutron": { "repetitions": 2 } }, "contexts": { "users": { "tenants": 3, "users_per_tenant": 2 } }, "runner": { "constant": { "concurrency": 4, "times": 10 } }, "hooks": [], "sla": { "failure_rate": { "max": 0 } } } ] }
2019-06-16 06:12:01.141 17 RALLYDEBUG rally_openstack.contexts.keystone.users [-] Creating 3 tenants using 20 threads
2019-06-16 06:12:02.308 17 RALLYDEBUG rally_openstack.contexts.keystone.users [-] Creating 6 users using 20 threads
2019-06-16 06:12:04.022 17 INFO rally.task.context [-] Task be8a8fa7-d364-4f15-b5c8-284e0ea0a160 | Context users@openstack setup() finished in 2.88 sec
2019-06-16 06:12:04.031 17 RALLYDEBUG rally.task.runner [-] Starting the constant runner (task UUID: be8a8fa7-d364-4f15-b5c8-284e0ea0a160). timeout: 0 concurrency: 4 concurrency_per_worker: 1 times: 10 concurrency_overhead: 0 processes_to_start: 4 max_cpu_used: 16
2019-06-16 06:12:04.045 557 RALLYDEBUG rally.task.runner [-] Starting a worker. concurrency: 1 args: {"repetitions": 2} times: 10 method_name: run timeout: 0 duration: None cls:
2019-06-16 06:12:04.054 557 INFO rally.task.runner [-] Task be8a8fa7-d364-4f15-b5c8-284e0ea0a160 | ITER: 1 START
2019-06-16 06:12:04.064 559 RALLYDEBUG rally.task.runner [-] Starting a worker. concurrency: 1 args: {"repetitions": 2} times: 10 method_name: run timeout: 0 duration: None cls:
2019-06-16 06:12:04.064 561 RALLYDEBUG rally.task.runner [-] Starting a worker. concurrency: 1 args: {"repetitions": 2} times: 10 method_name: run timeout: 0 duration: None cls:
2019-06-16 06:12:04.064 558 RALLYDEBUG rally.task.runner [-] Starting a worker. concurrency: 1 args: {"repetitions": 2} times: 10 method_name: run timeout: 0 duration: None cls:
2019-06-16 06:12:04.077 559 INFO rally.task.runner [-] Task be8a8fa7-d364-4f15-b5c8-284e0ea0a160 | ITER: 3 START
2019-06-16 06:12:04.077 558 INFO rally.task.runner [-] Task be8a8fa7-d364-4f15-b5c8-284e0ea0a160 | ITER: 2 START
2019-06-16 06:12:04.077 561 INFO rally.task.runner [-] Task be8a8fa7-d364-4f15-b5c8-284e0ea0a160 | ITER: 4 START
2019-06-16 06:12:04.908 559 INFO rally.task.runner [-] Task be8a8fa7-d364-4f15-b5c8-284e0ea0a160 | ITER: 3 END: OK
2019-06-16 06:12:04.913 559 INFO rally.task.runner [-] Task be8a8fa7-d364-4f15-b5c8-284e0ea0a160 | ITER: 5 START
2019-06-16 06:12:05.158 558 INFO rally.task.runner [-] Task be8a8fa7-d364-4f15-b5c8-284e0ea0a160 | ITER: 2 END: OK
2019-06-16 06:12:05.163 558 INFO rally.task.runner [-] Task be8a8fa7-d364-4f15-b5c8-284e0ea0a160 | ITER: 6 START
2019-06-16 06:12:05.188 557 INFO rally.task.runner [-] Task be8a8fa7-d364-4f15-b5c8-284e0ea0a160 | ITER: 1 END: OK
2019-06-16 06:12:05.193 557 INFO rally.task.runner [-] Task be8a8fa7-d364-4f15-b5c8-284e0ea0a160 | ITER: 7 START
2019-06-16 06:12:05.300 561 INFO rally.task.runner [-] Task be8a8fa7-d364-4f15-b5c8-284e0ea0a160 | ITER: 4 END: OK
2019-06-16 06:12:05.305 561 INFO rally.task.runner [-] Task be8a8fa7-d364-4f15-b5c8-284e0ea0a160 | ITER: 8 START
2019-06-16 06:12:05.565 559 INFO rally.task.runner [-] Task be8a8fa7-d364-4f15-b5c8-284e0ea0a160 | ITER: 5 END: OK
2019-06-16 06:12:05.570 559 INFO rally.task.runner [-] Task be8a8fa7-d364-4f15-b5c8-284e0ea0a160 | ITER: 9 START
2019-06-16 06:12:05.747 557 INFO rally.task.runner [-] Task be8a8fa7-d364-4f15-b5c8-284e0ea0a160 | ITER: 7 END: OK
2019-06-16 06:12:05.752 557 INFO rally.task.runner [-] Task be8a8fa7-d364-4f15-b5c8-284e0ea0a160 | ITER: 10 START
2019-06-16 06:12:05.838 558 INFO rally.task.runner [-] Task be8a8fa7-d364-4f15-b5c8-284e0ea0a160 | ITER: 6 END: OK
2019-06-16 06:12:05.997 561 INFO rally.task.runner [-] Task be8a8fa7-d364-4f15-b5c8-284e0ea0a160 | ITER: 8 END: OK
2019-06-16 06:12:06.296 559 INFO rally.task.runner [-] Task be8a8fa7-d364-4f15-b5c8-284e0ea0a160 | ITER: 9 END: OK
2019-06-16 06:12:06.371 557 INFO rally.task.runner [-] Task be8a8fa7-d364-4f15-b5c8-284e0ea0a160 | ITER: 10 END: OK
2019-06-16 06:12:06.394 17 INFO rally.task.context [-] Task be8a8fa7-d364-4f15-b5c8-284e0ea0a160 | Context users@openstack cleanup() started
2019-06-16 06:12:11.366 17 INFO rally.task.context [-] Task be8a8fa7-d364-4f15-b5c8-284e0ea0a160 | Context users@openstack cleanup() finished in 4.97 sec
2019-06-16 06:12:13.263 17 INFO rally.task.engine [-] Load duration is: 2.315165
2019-06-16 06:12:13.263 17 INFO rally.task.engine [-] Full runner duration is: 2.36317
2019-06-16 06:12:13.264 17 INFO rally.task.engine [-] Full duration is: 10.228918
2019-06-16 06:12:13.744 17 INFO rally.task.engine [-] Running workload: position = 0 config = { "version": 2, "title": "A cropped version of a bigger task.", "description": "Auto-generated task from a single workload (uuid=6971a33b-332c-434d-aae4-7388f53b7e99)", "subtasks": [ { "title": "Authenticate.validate_nova", "description": "Check Nova Client to ensure validation of token.", "scenario": { "Authenticate.validate_nova": { "repetitions": 2 } }, "contexts": { "users": { "tenants": 3, "users_per_tenant": 2 } }, "runner": { "constant": { "concurrency": 4, "times": 10 } }, "hooks": [], "sla": { "failure_rate": { "max": 0 } } } ] }
2019-06-16 06:12:13.771 17 RALLYDEBUG rally_openstack.contexts.keystone.users [-] Creating 3 tenants using 20 threads
2019-06-16 06:12:14.767 17 RALLYDEBUG rally_openstack.contexts.keystone.users [-] Creating 6 users using 20 threads
2019-06-16 06:12:16.377 17 INFO rally.task.context [-] Task be8a8fa7-d364-4f15-b5c8-284e0ea0a160 | Context users@openstack setup() finished in 2.61 sec
2019-06-16 06:12:16.386 17 RALLYDEBUG rally.task.runner [-] Starting the constant runner (task UUID: be8a8fa7-d364-4f15-b5c8-284e0ea0a160). timeout: 0 concurrency: 4 concurrency_per_worker: 1 times: 10 concurrency_overhead: 0 processes_to_start: 4 max_cpu_used: 16
2019-06-16 06:12:16.399 661 RALLYDEBUG rally.task.runner [-] Starting a worker. concurrency: 1 args: {"repetitions": 2} times: 10 method_name: run timeout: 0 duration: None cls:
2019-06-16 06:12:16.401 662 RALLYDEBUG rally.task.runner [-] Starting a worker. concurrency: 1 args: {"repetitions": 2} times: 10 method_name: run timeout: 0 duration: None cls:
2019-06-16 06:12:16.405 663 RALLYDEBUG rally.task.runner [-] Starting a worker. concurrency: 1 args: {"repetitions": 2} times: 10 method_name: run timeout: 0 duration: None cls:
2019-06-16 06:12:16.406 661 INFO rally.task.runner [-] Task be8a8fa7-d364-4f15-b5c8-284e0ea0a160 | ITER: 1 START
2019-06-16 06:12:16.407 664 RALLYDEBUG rally.task.runner [-] Starting a worker. concurrency: 1 args: {"repetitions": 2} times: 10 method_name: run timeout: 0 duration: None cls:
2019-06-16 06:12:16.408 662 INFO rally.task.runner [-] Task be8a8fa7-d364-4f15-b5c8-284e0ea0a160 | ITER: 2 START
2019-06-16 06:12:16.412 663 INFO rally.task.runner [-] Task be8a8fa7-d364-4f15-b5c8-284e0ea0a160 | ITER: 3 START
2019-06-16 06:12:16.414 664 INFO rally.task.runner [-] Task be8a8fa7-d364-4f15-b5c8-284e0ea0a160 | ITER: 4 START
2019-06-16 06:12:16.867 662 DEBUG novaclient.v2.client [-] REQ: curl -g -i --cacert "/etc/ssl/certs/mcp_os_cacert" -X GET http://10.167.4.35:8774/v2.1/flavors/detail -H "Accept: application/json" -H "User-Agent: python-novaclient" -H "X-Auth-Token: {SHA1}530e31fe1561e114954cc97dd54e83514725140a" _http_log_request /usr/lib/python2.7/site-packages/keystoneauth1/session.py:448
2019-06-16 06:12:16.871 663 DEBUG novaclient.v2.client [-] REQ: curl -g -i --cacert "/etc/ssl/certs/mcp_os_cacert" -X GET http://10.167.4.35:8774/v2.1/flavors/detail -H "Accept: application/json" -H "User-Agent: python-novaclient" -H "X-Auth-Token: {SHA1}e6f4e4d53e060638d22d063afa1441fb64dd33dc" _http_log_request /usr/lib/python2.7/site-packages/keystoneauth1/session.py:448
2019-06-16 06:12:16.888 664 DEBUG novaclient.v2.client [-] REQ: curl -g -i --cacert "/etc/ssl/certs/mcp_os_cacert" -X GET http://10.167.4.35:8774/v2.1/flavors/detail -H "Accept: application/json" -H "User-Agent: python-novaclient" -H "X-Auth-Token: {SHA1}20564dd9c8f5219e23863b94cdcc80e327852ed8" _http_log_request /usr/lib/python2.7/site-packages/keystoneauth1/session.py:448
2019-06-16 06:12:16.888 661 DEBUG novaclient.v2.client [-] REQ: curl -g -i --cacert "/etc/ssl/certs/mcp_os_cacert" -X GET http://10.167.4.35:8774/v2.1/flavors/detail -H "Accept: application/json" -H "User-Agent: python-novaclient" -H "X-Auth-Token: {SHA1}a8de8538110595bb5eecaa3cd698a98e9b8449d7" _http_log_request /usr/lib/python2.7/site-packages/keystoneauth1/session.py:448
2019-06-16 06:12:17.008 664 DEBUG novaclient.v2.client [-] RESP: [200] Connection: close Content-Length: 1014 Content-Type: application/json Date: Sun, 16 Jun 2019 06:12:17 GMT Openstack-Api-Version: compute 2.1 Vary: OpenStack-API-Version, X-OpenStack-Nova-API-Version X-Compute-Request-Id: req-3de638eb-220d-4132-bbf0-54814d517436 X-Openstack-Nova-Api-Version: 2.1 X-Openstack-Request-Id: req-3de638eb-220d-4132-bbf0-54814d517436 _http_log_response /usr/lib/python2.7/site-packages/keystoneauth1/session.py:479
2019-06-16 06:12:17.009 664 DEBUG novaclient.v2.client [-] RESP BODY: {"flavors": [{"name": "rally_full-flavor_alt_3eb46cea-ead2-4747-8afa-d70a60eea3c7", "links": [{"href": "http://10.167.4.35:8774/v2.1/flavors/7c916375-479c-4ddc-a552-d9289e04ea30", "rel": "self"}, {"href": "http://10.167.4.35:8774/flavors/7c916375-479c-4ddc-a552-d9289e04ea30", "rel": "bookmark"}], "ram": 1024, "OS-FLV-DISABLED:disabled": false, "vcpus": 1, "swap": "", "os-flavor-access:is_public": true, "rxtx_factor": 1.0, "OS-FLV-EXT-DATA:ephemeral": 0, "disk": 1, "id": "7c916375-479c-4ddc-a552-d9289e04ea30"}, {"name": "rally_full-flavor_3eb46cea-ead2-4747-8afa-d70a60eea3c7", "links": [{"href": "http://10.167.4.35:8774/v2.1/flavors/a14f6fda-644e-440a-949b-ae1adcb22435", "rel": "self"}, {"href": "http://10.167.4.35:8774/flavors/a14f6fda-644e-440a-949b-ae1adcb22435", "rel": "bookmark"}], "ram": 512, "OS-FLV-DISABLED:disabled": false, "vcpus": 1, "swap": "", "os-flavor-access:is_public": true, "rxtx_factor": 1.0, "OS-FLV-EXT-DATA:ephemeral": 0, "disk": 1, "id": "a14f6fda-644e-440a-949b-ae1adcb22435"}]} _http_log_response /usr/lib/python2.7/site-packages/keystoneauth1/session.py:511
2019-06-16 06:12:17.010 664 DEBUG novaclient.v2.client [-] GET call to compute for http://10.167.4.35:8774/v2.1/flavors/detail used request id req-3de638eb-220d-4132-bbf0-54814d517436 request /usr/lib/python2.7/site-packages/keystoneauth1/session.py:844
2019-06-16 06:12:17.012 664 DEBUG novaclient.v2.client [-] REQ: curl -g -i --cacert "/etc/ssl/certs/mcp_os_cacert" -X GET http://10.167.4.35:8774/v2.1/flavors/detail -H "Accept: application/json" -H "User-Agent: python-novaclient" -H "X-Auth-Token: {SHA1}20564dd9c8f5219e23863b94cdcc80e327852ed8" _http_log_request /usr/lib/python2.7/site-packages/keystoneauth1/session.py:448
2019-06-16 06:12:17.016 661 DEBUG novaclient.v2.client [-] RESP: [200] Connection: close Content-Length: 1014 Content-Type: application/json Date: Sun, 16 Jun 2019 06:12:17 GMT Openstack-Api-Version: compute 2.1 Vary: OpenStack-API-Version, X-OpenStack-Nova-API-Version X-Compute-Request-Id: req-5be88c87-7ce1-4af1-aed2-31695e895883 X-Openstack-Nova-Api-Version: 2.1 X-Openstack-Request-Id: req-5be88c87-7ce1-4af1-aed2-31695e895883 _http_log_response /usr/lib/python2.7/site-packages/keystoneauth1/session.py:479
2019-06-16 06:12:17.017 661 DEBUG novaclient.v2.client [-] RESP BODY: {"flavors": [{"name": "rally_full-flavor_alt_3eb46cea-ead2-4747-8afa-d70a60eea3c7", "links": [{"href": "http://10.167.4.35:8774/v2.1/flavors/7c916375-479c-4ddc-a552-d9289e04ea30", "rel": "self"}, {"href": "http://10.167.4.35:8774/flavors/7c916375-479c-4ddc-a552-d9289e04ea30", "rel": "bookmark"}], "ram": 1024, "OS-FLV-DISABLED:disabled": false, "vcpus": 1, "swap": "", "os-flavor-access:is_public": true, "rxtx_factor": 1.0, "OS-FLV-EXT-DATA:ephemeral": 0, "disk": 1, "id": "7c916375-479c-4ddc-a552-d9289e04ea30"}, {"name": "rally_full-flavor_3eb46cea-ead2-4747-8afa-d70a60eea3c7", "links": [{"href": "http://10.167.4.35:8774/v2.1/flavors/a14f6fda-644e-440a-949b-ae1adcb22435", "rel": "self"}, {"href": "http://10.167.4.35:8774/flavors/a14f6fda-644e-440a-949b-ae1adcb22435", "rel": "bookmark"}], "ram": 512, "OS-FLV-DISABLED:disabled": false, "vcpus": 1, "swap": "", "os-flavor-access:is_public": true, "rxtx_factor": 1.0, "OS-FLV-EXT-DATA:ephemeral": 0, "disk": 1, "id": "a14f6fda-644e-440a-949b-ae1adcb22435"}]} _http_log_response /usr/lib/python2.7/site-packages/keystoneauth1/session.py:511
2019-06-16 06:12:17.017 661 DEBUG novaclient.v2.client [-] GET call to compute for http://10.167.4.35:8774/v2.1/flavors/detail used request id req-5be88c87-7ce1-4af1-aed2-31695e895883 request /usr/lib/python2.7/site-packages/keystoneauth1/session.py:844
2019-06-16 06:12:17.018 661 DEBUG novaclient.v2.client [-] REQ: curl -g -i --cacert "/etc/ssl/certs/mcp_os_cacert" -X GET http://10.167.4.35:8774/v2.1/flavors/detail -H "Accept: application/json" -H "User-Agent: python-novaclient" -H "X-Auth-Token: {SHA1}a8de8538110595bb5eecaa3cd698a98e9b8449d7" _http_log_request /usr/lib/python2.7/site-packages/keystoneauth1/session.py:448
2019-06-16 06:12:17.033 664 DEBUG novaclient.v2.client [-] RESP: [200] Connection: close Content-Length: 1014 Content-Type: application/json Date: Sun, 16 Jun 2019 06:12:17 GMT Openstack-Api-Version: compute 2.1 Vary: OpenStack-API-Version, X-OpenStack-Nova-API-Version X-Compute-Request-Id: req-5f04a19c-c9f4-4738-8f7f-a99bf4506dd6 X-Openstack-Nova-Api-Version: 2.1 X-Openstack-Request-Id: req-5f04a19c-c9f4-4738-8f7f-a99bf4506dd6 _http_log_response /usr/lib/python2.7/site-packages/keystoneauth1/session.py:479
2019-06-16 06:12:17.034 664 DEBUG novaclient.v2.client [-] RESP BODY: {"flavors": [{"name": "rally_full-flavor_alt_3eb46cea-ead2-4747-8afa-d70a60eea3c7", "links": [{"href": "http://10.167.4.35:8774/v2.1/flavors/7c916375-479c-4ddc-a552-d9289e04ea30", "rel": "self"}, {"href": "http://10.167.4.35:8774/flavors/7c916375-479c-4ddc-a552-d9289e04ea30", "rel": "bookmark"}], "ram": 1024, "OS-FLV-DISABLED:disabled": false, "vcpus": 1, "swap": "", "os-flavor-access:is_public": true, "rxtx_factor": 1.0, "OS-FLV-EXT-DATA:ephemeral": 0, "disk": 1, "id": "7c916375-479c-4ddc-a552-d9289e04ea30"}, {"name": "rally_full-flavor_3eb46cea-ead2-4747-8afa-d70a60eea3c7", "links": [{"href": "http://10.167.4.35:8774/v2.1/flavors/a14f6fda-644e-440a-949b-ae1adcb22435", "rel": "self"}, {"href": "http://10.167.4.35:8774/flavors/a14f6fda-644e-440a-949b-ae1adcb22435", "rel": "bookmark"}], "ram": 512, "OS-FLV-DISABLED:disabled": false, "vcpus": 1, "swap": "", "os-flavor-access:is_public": true, "rxtx_factor": 1.0, "OS-FLV-EXT-DATA:ephemeral": 0, "disk": 1, "id": "a14f6fda-644e-440a-949b-ae1adcb22435"}]} _http_log_response /usr/lib/python2.7/site-packages/keystoneauth1/session.py:511
2019-06-16 06:12:17.034 664 DEBUG novaclient.v2.client [-] GET call to compute for http://10.167.4.35:8774/v2.1/flavors/detail used request id req-5f04a19c-c9f4-4738-8f7f-a99bf4506dd6 request /usr/lib/python2.7/site-packages/keystoneauth1/session.py:844
2019-06-16 06:12:17.035 664 INFO rally.task.runner [-] Task be8a8fa7-d364-4f15-b5c8-284e0ea0a160 | ITER: 4 END: OK
2019-06-16 06:12:17.040 664 INFO rally.task.runner [-] Task be8a8fa7-d364-4f15-b5c8-284e0ea0a160 | ITER: 5 START
2019-06-16 06:12:17.041 663 DEBUG novaclient.v2.client [-] RESP: [200] Connection: close Content-Length: 1014 Content-Type: application/json Date: Sun, 16 Jun 2019 06:12:17 GMT Openstack-Api-Version: compute 2.1 Vary: OpenStack-API-Version, X-OpenStack-Nova-API-Version X-Compute-Request-Id: req-e9ffbc0b-9cc4-4a61-9135-b2186d811c08 X-Openstack-Nova-Api-Version: 2.1 X-Openstack-Request-Id: req-e9ffbc0b-9cc4-4a61-9135-b2186d811c08 _http_log_response /usr/lib/python2.7/site-packages/keystoneauth1/session.py:479
2019-06-16 06:12:17.041 663 DEBUG novaclient.v2.client [-] RESP BODY: {"flavors": [{"name": "rally_full-flavor_alt_3eb46cea-ead2-4747-8afa-d70a60eea3c7", "links": [{"href": "http://10.167.4.35:8774/v2.1/flavors/7c916375-479c-4ddc-a552-d9289e04ea30", "rel": "self"}, {"href": "http://10.167.4.35:8774/flavors/7c916375-479c-4ddc-a552-d9289e04ea30", "rel": "bookmark"}], "ram": 1024, "OS-FLV-DISABLED:disabled": false, "vcpus": 1, "swap": "", "os-flavor-access:is_public": true, "rxtx_factor": 1.0, "OS-FLV-EXT-DATA:ephemeral": 0, "disk": 1, "id": "7c916375-479c-4ddc-a552-d9289e04ea30"}, {"name": "rally_full-flavor_3eb46cea-ead2-4747-8afa-d70a60eea3c7", "links": [{"href": "http://10.167.4.35:8774/v2.1/flavors/a14f6fda-644e-440a-949b-ae1adcb22435", "rel": "self"}, {"href": "http://10.167.4.35:8774/flavors/a14f6fda-644e-440a-949b-ae1adcb22435", "rel": "bookmark"}], "ram": 512, "OS-FLV-DISABLED:disabled": false, "vcpus": 1, "swap": "", "os-flavor-access:is_public": true, "rxtx_factor": 1.0, "OS-FLV-EXT-DATA:ephemeral": 0, "disk": 1, "id": "a14f6fda-644e-440a-949b-ae1adcb22435"}]} _http_log_response /usr/lib/python2.7/site-packages/keystoneauth1/session.py:511
2019-06-16 06:12:17.042 663 DEBUG novaclient.v2.client [-] GET call to compute for http://10.167.4.35:8774/v2.1/flavors/detail used request id req-e9ffbc0b-9cc4-4a61-9135-b2186d811c08 request /usr/lib/python2.7/site-packages/keystoneauth1/session.py:844
2019-06-16 06:12:17.043 661 DEBUG novaclient.v2.client [-] RESP: [200] Connection: close Content-Length: 1014 Content-Type: application/json Date: Sun, 16 Jun 2019 06:12:17 GMT Openstack-Api-Version: compute 2.1 Vary: OpenStack-API-Version, X-OpenStack-Nova-API-Version X-Compute-Request-Id: req-96f390ed-abbe-41f8-8163-9f9f0965019d X-Openstack-Nova-Api-Version: 2.1 X-Openstack-Request-Id: req-96f390ed-abbe-41f8-8163-9f9f0965019d _http_log_response /usr/lib/python2.7/site-packages/keystoneauth1/session.py:479
2019-06-16 06:12:17.043 663 DEBUG novaclient.v2.client [-] REQ: curl -g -i --cacert "/etc/ssl/certs/mcp_os_cacert" -X GET http://10.167.4.35:8774/v2.1/flavors/detail -H "Accept: application/json" -H "User-Agent: python-novaclient" -H "X-Auth-Token: {SHA1}e6f4e4d53e060638d22d063afa1441fb64dd33dc" _http_log_request /usr/lib/python2.7/site-packages/keystoneauth1/session.py:448
2019-06-16 06:12:17.043 661 DEBUG novaclient.v2.client [-] RESP BODY: {"flavors": [{"name": "rally_full-flavor_alt_3eb46cea-ead2-4747-8afa-d70a60eea3c7", "links": [{"href": "http://10.167.4.35:8774/v2.1/flavors/7c916375-479c-4ddc-a552-d9289e04ea30", "rel": "self"}, {"href": "http://10.167.4.35:8774/flavors/7c916375-479c-4ddc-a552-d9289e04ea30", "rel": "bookmark"}], "ram": 1024, "OS-FLV-DISABLED:disabled": false, "vcpus": 1, "swap": "", "os-flavor-access:is_public": true, "rxtx_factor": 1.0, "OS-FLV-EXT-DATA:ephemeral": 0, "disk": 1, "id": "7c916375-479c-4ddc-a552-d9289e04ea30"}, {"name": "rally_full-flavor_3eb46cea-ead2-4747-8afa-d70a60eea3c7", "links": [{"href": "http://10.167.4.35:8774/v2.1/flavors/a14f6fda-644e-440a-949b-ae1adcb22435", "rel": "self"}, {"href": "http://10.167.4.35:8774/flavors/a14f6fda-644e-440a-949b-ae1adcb22435", "rel": "bookmark"}], "ram": 512, "OS-FLV-DISABLED:disabled": false, "vcpus": 1, "swap": "", "os-flavor-access:is_public": true, "rxtx_factor": 1.0, "OS-FLV-EXT-DATA:ephemeral": 0, "disk": 1, "id": "a14f6fda-644e-440a-949b-ae1adcb22435"}]} _http_log_response /usr/lib/python2.7/site-packages/keystoneauth1/session.py:511
2019-06-16 06:12:17.043 661 DEBUG novaclient.v2.client [-] GET call to compute for http://10.167.4.35:8774/v2.1/flavors/detail used request id req-96f390ed-abbe-41f8-8163-9f9f0965019d request /usr/lib/python2.7/site-packages/keystoneauth1/session.py:844
2019-06-16 06:12:17.044 661 INFO rally.task.runner [-] Task be8a8fa7-d364-4f15-b5c8-284e0ea0a160 | ITER: 1 END: OK
2019-06-16 06:12:17.049 661 INFO rally.task.runner [-] Task be8a8fa7-d364-4f15-b5c8-284e0ea0a160 | ITER: 6 START
2019-06-16 06:12:17.050 662 DEBUG novaclient.v2.client [-] RESP: [200] Connection: close Content-Length: 1014 Content-Type: application/json Date: Sun, 16 Jun 2019 06:12:17 GMT Openstack-Api-Version: compute 2.1 Vary: OpenStack-API-Version, X-OpenStack-Nova-API-Version X-Compute-Request-Id: req-095523a7-6a08-4776-8daf-c0c7f7c843f9 X-Openstack-Nova-Api-Version: 2.1 X-Openstack-Request-Id: req-095523a7-6a08-4776-8daf-c0c7f7c843f9 _http_log_response /usr/lib/python2.7/site-packages/keystoneauth1/session.py:479
2019-06-16 06:12:17.051 662 DEBUG novaclient.v2.client [-] RESP BODY: {"flavors": [{"name": "rally_full-flavor_alt_3eb46cea-ead2-4747-8afa-d70a60eea3c7", "links": [{"href": "http://10.167.4.35:8774/v2.1/flavors/7c916375-479c-4ddc-a552-d9289e04ea30", "rel": "self"}, {"href": "http://10.167.4.35:8774/flavors/7c916375-479c-4ddc-a552-d9289e04ea30", "rel": "bookmark"}], "ram": 1024, "OS-FLV-DISABLED:disabled": false, "vcpus": 1, "swap": "", "os-flavor-access:is_public": true, "rxtx_factor": 1.0, "OS-FLV-EXT-DATA:ephemeral": 0, "disk": 1, "id": "7c916375-479c-4ddc-a552-d9289e04ea30"}, {"name": "rally_full-flavor_3eb46cea-ead2-4747-8afa-d70a60eea3c7", "links": [{"href": "http://10.167.4.35:8774/v2.1/flavors/a14f6fda-644e-440a-949b-ae1adcb22435", "rel": "self"}, {"href": "http://10.167.4.35:8774/flavors/a14f6fda-644e-440a-949b-ae1adcb22435", "rel": "bookmark"}], "ram": 512, "OS-FLV-DISABLED:disabled": false, "vcpus": 1, "swap": "", "os-flavor-access:is_public": true, "rxtx_factor": 1.0, "OS-FLV-EXT-DATA:ephemeral": 0, "disk": 1, "id": "a14f6fda-644e-440a-949b-ae1adcb22435"}]} _http_log_response /usr/lib/python2.7/site-packages/keystoneauth1/session.py:511
2019-06-16 06:12:17.051 662 DEBUG novaclient.v2.client [-] GET call to compute for http://10.167.4.35:8774/v2.1/flavors/detail used request id req-095523a7-6a08-4776-8daf-c0c7f7c843f9 request /usr/lib/python2.7/site-packages/keystoneauth1/session.py:844
2019-06-16 06:12:17.052 662 DEBUG novaclient.v2.client [-] REQ: curl -g -i --cacert "/etc/ssl/certs/mcp_os_cacert" -X GET http://10.167.4.35:8774/v2.1/flavors/detail -H "Accept: application/json" -H "User-Agent: python-novaclient" -H "X-Auth-Token: {SHA1}530e31fe1561e114954cc97dd54e83514725140a" _http_log_request /usr/lib/python2.7/site-packages/keystoneauth1/session.py:448
2019-06-16 06:12:17.063 663 DEBUG novaclient.v2.client [-] RESP: [200] Connection: close Content-Length: 1014 Content-Type: application/json Date: Sun, 16 Jun 2019 06:12:17 GMT Openstack-Api-Version: compute 2.1 Vary: OpenStack-API-Version, X-OpenStack-Nova-API-Version X-Compute-Request-Id: req-1007f995-384c-46a4-b27c-5665223c770e X-Openstack-Nova-Api-Version: 2.1 X-Openstack-Request-Id: req-1007f995-384c-46a4-b27c-5665223c770e _http_log_response /usr/lib/python2.7/site-packages/keystoneauth1/session.py:479
2019-06-16 06:12:17.064 663 DEBUG novaclient.v2.client [-] RESP BODY: {"flavors": [{"name": "rally_full-flavor_alt_3eb46cea-ead2-4747-8afa-d70a60eea3c7", "links": [{"href": "http://10.167.4.35:8774/v2.1/flavors/7c916375-479c-4ddc-a552-d9289e04ea30", "rel": "self"}, {"href": "http://10.167.4.35:8774/flavors/7c916375-479c-4ddc-a552-d9289e04ea30", "rel": "bookmark"}], "ram": 1024, "OS-FLV-DISABLED:disabled": false, "vcpus": 1, "swap": "", "os-flavor-access:is_public": true, "rxtx_factor": 1.0, "OS-FLV-EXT-DATA:ephemeral": 0, "disk": 1, "id": "7c916375-479c-4ddc-a552-d9289e04ea30"}, {"name": "rally_full-flavor_3eb46cea-ead2-4747-8afa-d70a60eea3c7", "links": [{"href": "http://10.167.4.35:8774/v2.1/flavors/a14f6fda-644e-440a-949b-ae1adcb22435", "rel": "self"}, {"href": "http://10.167.4.35:8774/flavors/a14f6fda-644e-440a-949b-ae1adcb22435", "rel": "bookmark"}], "ram": 512, "OS-FLV-DISABLED:disabled": false, "vcpus": 1, "swap": "", "os-flavor-access:is_public": true, "rxtx_factor": 1.0, "OS-FLV-EXT-DATA:ephemeral": 0, "disk": 1, "id": "a14f6fda-644e-440a-949b-ae1adcb22435"}]} _http_log_response /usr/lib/python2.7/site-packages/keystoneauth1/session.py:511
