2019-06-15 09:29:17.188 25912 WARNING rally_openstack.scenarios.neutron.utils [-] Running this scenario without either the 'network' or 'existing_network' context is deprecated
2019-06-15 09:29:17.447 25909 INFO rally.task.runner [-] Task 1a40d144-be5e-4a6a-984d-c47c1210712f | ITER: 2 END: OK
2019-06-15 09:29:17.452 25909 INFO rally.task.runner [-] Task 1a40d144-be5e-4a6a-984d-c47c1210712f | ITER: 40 START
2019-06-15 09:29:17.452 25909 WARNING rally_openstack.scenarios.neutron.utils [-] Running this scenario without either the 'network' or 'existing_network' context is deprecated
2019-06-15 09:29:24.131 25946 INFO rally.task.runner [-] Task 1a40d144-be5e-4a6a-984d-c47c1210712f | ITER: 23 END: OK
2019-06-15 09:29:25.878 25909 INFO rally.task.runner [-] Task 1a40d144-be5e-4a6a-984d-c47c1210712f | ITER: 30 END: OK
2019-06-15 09:29:25.996 25940 INFO rally.task.runner [-] Task 1a40d144-be5e-4a6a-984d-c47c1210712f | ITER: 27 END: OK
2019-06-15 09:29:26.027 25921 INFO rally.task.runner [-] Task 1a40d144-be5e-4a6a-984d-c47c1210712f | ITER: 26 END: OK
2019-06-15 09:29:26.086 25912 INFO rally.task.runner [-] Task 1a40d144-be5e-4a6a-984d-c47c1210712f | ITER: 39 END: OK
2019-06-15 09:29:26.162 25931 INFO rally.task.runner [-] Task 1a40d144-be5e-4a6a-984d-c47c1210712f | ITER: 21 END: OK
2019-06-15 09:29:26.206 25910 INFO rally.task.runner [-] Task 1a40d144-be5e-4a6a-984d-c47c1210712f | ITER: 29 END: OK
2019-06-15 09:29:26.932 25924 INFO rally.task.runner [-] Task 1a40d144-be5e-4a6a-984d-c47c1210712f | ITER: 25 END: OK
2019-06-15 09:29:27.085 25911 INFO rally.task.runner [-] Task 1a40d144-be5e-4a6a-984d-c47c1210712f | ITER: 22 END: OK
2019-06-15 09:29:27.101 25943 INFO rally.task.runner [-] Task 1a40d144-be5e-4a6a-984d-c47c1210712f | ITER: 32 END: OK
2019-06-15 09:29:27.560 25949 INFO rally.task.runner [-] Task 1a40d144-be5e-4a6a-984d-c47c1210712f | ITER: 37 END: OK
2019-06-15 09:29:27.690 25916 INFO rally.task.runner [-] Task 1a40d144-be5e-4a6a-984d-c47c1210712f | ITER: 36 END: OK
2019-06-15 09:29:27.745 25908 INFO rally.task.runner [-] Task 1a40d144-be5e-4a6a-984d-c47c1210712f | ITER: 24 END: OK
2019-06-15 09:29:28.178 25937 INFO rally.task.runner [-] Task 1a40d144-be5e-4a6a-984d-c47c1210712f | ITER: 33 END: OK
2019-06-15 09:29:28.181 25911 INFO rally.task.runner [-] Task 1a40d144-be5e-4a6a-984d-c47c1210712f | ITER: 38 END: OK
2019-06-15 09:29:28.653 25910 INFO rally.task.runner [-] Task 1a40d144-be5e-4a6a-984d-c47c1210712f | ITER: 28 END: OK
2019-06-15 09:29:28.678 25909 INFO rally.task.runner [-] Task 1a40d144-be5e-4a6a-984d-c47c1210712f | ITER: 40 END: OK
2019-06-15 09:29:28.693 25908 INFO rally.task.runner [-] Task 1a40d144-be5e-4a6a-984d-c47c1210712f | ITER: 35 END: OK
2019-06-15 09:29:29.253 25952 INFO rally.task.runner [-] Task 1a40d144-be5e-4a6a-984d-c47c1210712f | ITER: 31 END: OK
2019-06-15 09:29:29.334 25955 INFO rally.task.runner [-] Task 1a40d144-be5e-4a6a-984d-c47c1210712f | ITER: 34 END: OK
2019-06-15 09:29:29.361 21662 INFO rally.task.context [-] Task 1a40d144-be5e-4a6a-984d-c47c1210712f | Context cleanup@openstack cleanup() started
2019-06-15 09:29:29.364 21662 RALLYDEBUG rally_openstack.cleanup.manager [-] Cleaning up neutron vip objects
2019-06-15 09:29:29.766 21662 RALLYDEBUG rally_openstack.cleanup.manager [-] Cleaning up neutron health_monitor objects
2019-06-15 09:29:30.177 21662 RALLYDEBUG rally_openstack.cleanup.manager [-] Cleaning up neutron pool objects
2019-06-15 09:29:30.581 21662 RALLYDEBUG rally_openstack.cleanup.manager [-] Cleaning up neutron loadbalancer objects
2019-06-15 09:29:30.981 21662 RALLYDEBUG rally_openstack.cleanup.manager [-] Cleaning up neutron floatingip objects
2019-06-15 09:29:31.441 21662 RALLYDEBUG rally_openstack.cleanup.manager [-] Cleaning up neutron port objects
2019-06-15 09:29:31.884 21662 RALLYDEBUG rally_openstack.cleanup.manager [-] Cleaning up neutron subnet objects
2019-06-15 09:29:32.326 21662 RALLYDEBUG rally_openstack.cleanup.manager [-] Cleaning up neutron network objects
2019-06-15 09:29:32.971 21662 RALLYDEBUG rally_openstack.cleanup.manager [-] Deleting neutron.network object s_rally_180d6fe6_ZzzXrVM8 (36a072b1-efce-41e6-8806-c27eef248219)
2019-06-15 09:29:32.981 21662 RALLYDEBUG rally_openstack.cleanup.manager [-] Deleting neutron.network object s_rally_180d6fe6_v7b4sXVY (3047ad7c-4857-4efa-a40c-a15e3cf440c9)
2019-06-15 09:29:32.988 21662 RALLYDEBUG rally_openstack.cleanup.manager [-] Deleting neutron.network object s_rally_180d6fe6_pOK8UvDs (1d7f1883-05dd-4f5a-aa3b-c426bcafd2bd)
2019-06-15 09:29:32.991 21662 RALLYDEBUG rally_openstack.cleanup.manager [-] Deleting neutron.network object s_rally_180d6fe6_SwxJzerH (48de9373-3d87-4677-87bc-3b5a1fe31079)
2019-06-15 09:29:32.997 21662 RALLYDEBUG rally_openstack.cleanup.manager [-] Deleting neutron.network object s_rally_180d6fe6_5f77Hx1g (1fb6cab9-48f3-47c6-8f9d-9bfbc2acdd73)
2019-06-15 09:29:33.001 21662 RALLYDEBUG rally_openstack.cleanup.manager [-] Deleting neutron.network object s_rally_180d6fe6_yR5lc3YL (4203e1ad-02ea-4c9f-9edb-5017b7b4c0ac)
2019-06-15 09:29:33.003 21662 RALLYDEBUG rally_openstack.cleanup.manager [-] Deleting neutron.network object s_rally_180d6fe6_SmCaRbat (166eae5c-c077-415c-b425-f0d5916844ab)
2019-06-15 09:29:33.014 21662 RALLYDEBUG rally_openstack.cleanup.manager [-] Deleting neutron.network object s_rally_180d6fe6_guKAL6Ox (4d121c74-68ae-43de-9924-76db5d8d030a)
2019-06-15 09:29:33.010 21662 RALLYDEBUG rally_openstack.cleanup.manager [-] Deleting neutron.network object s_rally_180d6fe6_GFPgFsfW (4e17e8df-316d-44e0-87ea-c56145233e94)
2019-06-15 09:29:33.027 21662 RALLYDEBUG rally_openstack.cleanup.manager [-] Deleting neutron.network object s_rally_180d6fe6_Erkg6T2M (51d661c5-e782-4e26-a734-ef3425e68813)
2019-06-15 09:29:33.028 21662 RALLYDEBUG rally_openstack.cleanup.manager [-] Deleting neutron.network object s_rally_180d6fe6_oR64RzyM (12c133ee-7a2a-4101-9007-915b0a960307)
2019-06-15 09:29:33.030 21662 RALLYDEBUG rally_openstack.cleanup.manager [-] Deleting neutron.network object s_rally_180d6fe6_ueJmgRwO (53d472d8-721c-4f93-b0e4-4858e84eecc7)
2019-06-15 09:29:33.038 21662 RALLYDEBUG rally_openstack.cleanup.manager [-] Deleting neutron.network object s_rally_180d6fe6_DFjPI6fa (40cdc846-cf2e-4344-9a3a-3f55a2bd0c07)
2019-06-15 09:29:33.040 21662 RALLYDEBUG rally_openstack.cleanup.manager [-] Deleting neutron.network object s_rally_180d6fe6_9WWNRyJ0 (2614fd37-26f3-454d-bbf9-6be8d4ba7a14)
2019-06-15 09:29:33.043 21662 RALLYDEBUG rally_openstack.cleanup.manager [-] Deleting neutron.network object s_rally_180d6fe6_nmBw0BUj (1228fb13-a89c-4745-8f0d-4f8691a2f7dd)
2019-06-15 09:29:33.044 21662 RALLYDEBUG rally_openstack.cleanup.manager [-] Deleting neutron.network object s_rally_180d6fe6_SeRe6TvK (544cc239-f49d-4c3a-a426-55eac597ba6c)
2019-06-15 09:29:33.059 21662 RALLYDEBUG rally_openstack.cleanup.manager [-] Deleting neutron.network object s_rally_180d6fe6_DtjJpIQD (5cff959c-bb7b-4c2e-a0cd-99c70e1c2122)
2019-06-15 09:29:33.072 21662 RALLYDEBUG rally_openstack.cleanup.manager [-] Deleting neutron.network object s_rally_180d6fe6_72xylC2C (675b3c79-7387-4024-ad77-454cd9a94396)
2019-06-15 09:29:33.097 21662 RALLYDEBUG rally_openstack.cleanup.manager [-] Deleting neutron.network object s_rally_180d6fe6_SCTNanro (6b25d837-5d30-4901-a44f-eaa314234f8b)
2019-06-15 09:29:33.127 21662 RALLYDEBUG rally_openstack.cleanup.manager [-] Deleting neutron.network object s_rally_180d6fe6_MT8IM6vg (73c77247-13b6-4ec6-adcf-cc54c9ae623c)
2019-06-15 09:29:35.596 21662 RALLYDEBUG rally_openstack.cleanup.manager [-] Deleting neutron.network object s_rally_180d6fe6_Sty9dcaT (749a9664-d940-47eb-921f-7e4cdc327f3a)
2019-06-15 09:29:35.829 21662 RALLYDEBUG rally_openstack.cleanup.manager [-] Deleting neutron.network object s_rally_180d6fe6_l9muSYug (781c643d-7053-4e05-b533-377669ffebf3)
2019-06-15 09:29:35.837 21662 RALLYDEBUG rally_openstack.cleanup.manager [-] Deleting neutron.network object s_rally_180d6fe6_bIkAFWgy (7d1c0198-25db-4c4a-be23-6c2f7d924d14)
2019-06-15 09:29:35.887 21662 RALLYDEBUG rally_openstack.cleanup.manager [-] Deleting neutron.network object s_rally_180d6fe6_a7wgCk2s (8e81f25d-c9c4-4dd9-8179-2b2dff91fa21)
2019-06-15 09:29:35.912 21662 RALLYDEBUG rally_openstack.cleanup.manager [-] Deleting neutron.network object s_rally_180d6fe6_UGOS1l2E (9627932a-f30f-494e-883b-8c145a51f6e4)
2019-06-15 09:29:35.930 21662 RALLYDEBUG rally_openstack.cleanup.manager [-] Deleting neutron.network object s_rally_180d6fe6_5z32GvCe (96fcde82-559e-41cd-a9dc-8c4847c70a48)
2019-06-15 09:29:35.955 21662 RALLYDEBUG rally_openstack.cleanup.manager [-] Deleting neutron.network object s_rally_180d6fe6_kTvXV7lJ (9f722812-0d0a-4f96-a90a-b29c14d0b9d4)
2019-06-15 09:29:35.961 21662 RALLYDEBUG rally_openstack.cleanup.manager [-] Deleting neutron.network object s_rally_180d6fe6_YQNYRdEP (a529cf04-b842-4272-bbc6-92a9f8dbf15a)
2019-06-15 09:29:35.970 21662 RALLYDEBUG rally_openstack.cleanup.manager [-] Deleting neutron.network object s_rally_180d6fe6_TBsoCLn5 (a72fac3c-7780-4ce4-a110-270352ea7b3b)
2019-06-15 09:29:36.234 21662 RALLYDEBUG rally_openstack.cleanup.manager [-] Deleting neutron.network object s_rally_180d6fe6_MNExPL7x (ba737966-df67-401c-8bf2-4b0704909ae4)
2019-06-15 09:29:36.325 21662 RALLYDEBUG rally_openstack.cleanup.manager [-] Deleting neutron.network object s_rally_180d6fe6_KpXC9Y5k (bb651270-7c08-449c-aaec-b94553196292)
2019-06-15 09:29:36.446 21662 RALLYDEBUG rally_openstack.cleanup.manager [-] Deleting neutron.network object s_rally_180d6fe6_lG44LC7b (d3fd2bab-7666-4f16-9ab5-e75535d3ef56)
2019-06-15 09:29:36.446 21662 RALLYDEBUG rally_openstack.cleanup.manager [-] Deleting neutron.network object s_rally_180d6fe6_wvaSgEiW (d8b380bb-47d9-4140-90bd-775d646f9dbc)
2019-06-15 09:29:36.950 21662 RALLYDEBUG rally_openstack.cleanup.manager [-] Deleting neutron.network object s_rally_180d6fe6_QV3LSePq (e08d08b8-6873-466c-8288-2869a0158f3e)
2019-06-15 09:29:37.115 21662 RALLYDEBUG rally_openstack.cleanup.manager [-] Deleting neutron.network object s_rally_180d6fe6_WUqOeLGu (f6390e86-452d-448e-bc37-dd06ced49460)
2019-06-15 09:29:37.116 21662 RALLYDEBUG rally_openstack.cleanup.manager [-] Deleting neutron.network object s_rally_180d6fe6_D0DLdgJZ (ef56f7bd-de9a-4691-8dfb-4f488f91d61e)
2019-06-15 09:29:37.375 21662 RALLYDEBUG rally_openstack.cleanup.manager [-] Deleting neutron.network object s_rally_180d6fe6_xjeYAEI1 (f73d5f13-db90-4414-b772-ebb76941872d)
2019-06-15 09:29:37.539 21662 RALLYDEBUG rally_openstack.cleanup.manager [-] Deleting neutron.network object s_rally_180d6fe6_o9nmBDht (fcbb2b60-41c6-4917-b88e-4decee7c0d4b)
2019-06-15 09:29:37.555 21662 RALLYDEBUG rally_openstack.cleanup.manager [-] Deleting neutron.network object s_rally_180d6fe6_1e0FxRr9 (fe1f9303-75ae-4a9f-9f29-8c26b4cd34a7)
2019-06-15 09:29:37.575 21662 RALLYDEBUG rally_openstack.cleanup.manager [-] Deleting neutron.network object s_rally_180d6fe6_2C6S7zEQ (fe7858d6-0b38-49d6-9f08-16c5accba5ce)
2019-06-15 09:29:39.822 21662 RALLYDEBUG rally_openstack.cleanup.manager [-] Cleaning up neutron router objects
2019-06-15 09:29:40.274 21662 RALLYDEBUG rally_openstack.cleanup.manager [-] Cleaning up neutron security_group objects
2019-06-15 09:29:40.734 21662 INFO rally.task.context [-] Task 1a40d144-be5e-4a6a-984d-c47c1210712f | Context cleanup@openstack cleanup() finished in 11.37 sec
2019-06-15 09:29:40.735 21662 INFO rally.task.context [-] Task 1a40d144-be5e-4a6a-984d-c47c1210712f | Context quotas@openstack cleanup() started
2019-06-15 09:29:40.818 21662 INFO rally.task.context [-] Task 1a40d144-be5e-4a6a-984d-c47c1210712f | Context quotas@openstack cleanup() finished in 83.29 msec
2019-06-15 09:29:40.819 21662 INFO rally.task.context [-] Task 1a40d144-be5e-4a6a-984d-c47c1210712f | Context users@openstack cleanup() started
2019-06-15 09:29:43.965 21662 INFO rally.task.context [-] Task 1a40d144-be5e-4a6a-984d-c47c1210712f | Context users@openstack cleanup() finished in 3.15 sec
2019-06-15 09:29:45.815 21662 INFO rally.task.engine [-] Load duration is: 26.841944
2019-06-15 09:29:45.816 21662 INFO rally.task.engine [-] Full runner duration is: 26.901093
2019-06-15 09:29:45.816 21662 INFO rally.task.engine [-] Full duration is: 44.536749
2019-06-15 09:29:46.231 21662 INFO rally.task.engine [-] Running workload: position = 0 config = { "version": 2, "title": "A cropped version of a bigger task.", "description": "Auto-generated task from a single workload (uuid=ccdd32a5-c76c-4c56-b708-e4bfb76337fa)", "subtasks": [ { "title": "Quotas.neutron_update", "description": "Update quotas for neutron.", "scenario": { "Quotas.neutron_update": { "max_quota": 1024 } }, "contexts": { "users": { "tenants": 20, "users_per_tenant": 1 } }, "runner": { "constant": { "times": 40, "concurrency": 20 } }, "hooks": [], "sla": { "failure_rate": { "max": 0 } } } ] }
2019-06-15 09:29:46.256 21662 RALLYDEBUG rally_openstack.contexts.keystone.users [-] Creating 20 tenants using 20 threads
2019-06-15 09:29:48.566 21662 RALLYDEBUG rally_openstack.contexts.keystone.users [-] Creating 20 users using 20 threads
2019-06-15 09:29:51.724 21662 INFO rally.task.context [-] Task 1a40d144-be5e-4a6a-984d-c47c1210712f | Context users@openstack setup() finished in 5.47 sec
2019-06-15 09:29:51.725 21662 INFO rally.task.context [-] Task 1a40d144-be5e-4a6a-984d-c47c1210712f | Context admin_cleanup@openstack setup() finished in 0.00 msec
2019-06-15 09:29:51.732 21662 RALLYDEBUG rally.task.runner [-] Starting the constant runner (task UUID: 1a40d144-be5e-4a6a-984d-c47c1210712f). timeout: 0 concurrency: 20 concurrency_per_worker: 1 times: 40 concurrency_overhead: 4 processes_to_start: 16 max_cpu_used: 16
2019-06-15 09:29:51.746 26278 RALLYDEBUG rally.task.runner [-] Starting a worker. concurrency: 2 args: {"max_quota": 1024} times: 40 method_name: run timeout: 0 duration: None cls:
2019-06-15 09:29:51.749 26279 RALLYDEBUG rally.task.runner [-] Starting a worker. concurrency: 2 args: {"max_quota": 1024} times: 40 method_name: run timeout: 0 duration: None cls:
2019-06-15 09:29:51.751 26280 RALLYDEBUG rally.task.runner [-] Starting a worker. concurrency: 2 args: {"max_quota": 1024} times: 40 method_name: run timeout: 0 duration: None cls:
2019-06-15 09:29:51.754 26281 RALLYDEBUG rally.task.runner [-] Starting a worker. concurrency: 2 args: {"max_quota": 1024} times: 40 method_name: run timeout: 0 duration: None cls:
2019-06-15 09:29:51.755 26282 RALLYDEBUG rally.task.runner [-] Starting a worker. concurrency: 1 args: {"max_quota": 1024} times: 40 method_name: run timeout: 0 duration: None cls:
2019-06-15 09:29:51.762 26283 RALLYDEBUG rally.task.runner [-] Starting a worker. concurrency: 1 args: {"max_quota": 1024} times: 40 method_name: run timeout: 0 duration: None cls:
2019-06-15 09:29:51.763 26282 INFO rally.task.runner [-] Task 1a40d144-be5e-4a6a-984d-c47c1210712f | ITER: 6 START
2019-06-15 09:29:51.765 26286 RALLYDEBUG rally.task.runner [-] Starting a worker. concurrency: 1 args: {"max_quota": 1024} times: 40 method_name: run timeout: 0 duration: None cls:
2019-06-15 09:29:51.766 26278 INFO rally.task.runner [-] Task 1a40d144-be5e-4a6a-984d-c47c1210712f | ITER: 1 START
2019-06-15 09:29:51.766 26281 INFO rally.task.runner [-] Task 1a40d144-be5e-4a6a-984d-c47c1210712f | ITER: 5 START
2019-06-15 09:29:51.767 26280 INFO rally.task.runner [-] Task 1a40d144-be5e-4a6a-984d-c47c1210712f | ITER: 3 START
2019-06-15 09:29:51.771 26279 INFO rally.task.runner [-] Task 1a40d144-be5e-4a6a-984d-c47c1210712f | ITER: 2 START
2019-06-15 09:29:51.772 26296 RALLYDEBUG rally.task.runner [-] Starting a worker. concurrency: 1 args: {"max_quota": 1024} times: 40 method_name: run timeout: 0 duration: None cls:
2019-06-15 09:29:51.773 26283 INFO rally.task.runner [-] Task 1a40d144-be5e-4a6a-984d-c47c1210712f | ITER: 9 START
2019-06-15 09:29:51.773 26293 RALLYDEBUG rally.task.runner [-] Starting a worker. concurrency: 1 args: {"max_quota": 1024} times: 40 method_name: run timeout: 0 duration: None cls:
2019-06-15 09:29:51.777 26278 INFO rally.task.runner [-] Task 1a40d144-be5e-4a6a-984d-c47c1210712f | ITER: 4 START
2019-06-15 09:29:51.778 26296 INFO rally.task.runner [-] Task 1a40d144-be5e-4a6a-984d-c47c1210712f | ITER: 12 START
2019-06-15 09:29:51.779 26286 INFO rally.task.runner [-] Task 1a40d144-be5e-4a6a-984d-c47c1210712f | ITER: 11 START
2019-06-15 09:29:51.780 26279 INFO rally.task.runner [-] Task 1a40d144-be5e-4a6a-984d-c47c1210712f | ITER: 7 START
2019-06-15 09:29:51.785 26280 INFO rally.task.runner [-] Task 1a40d144-be5e-4a6a-984d-c47c1210712f | ITER: 8 START
2019-06-15 09:29:51.785 26293 INFO rally.task.runner [-] Task 1a40d144-be5e-4a6a-984d-c47c1210712f | ITER: 13 START
2019-06-15 09:29:51.784 26300 RALLYDEBUG rally.task.runner [-] Starting a worker. concurrency: 1 args: {"max_quota": 1024} times: 40 method_name: run timeout: 0 duration: None cls:
2019-06-15 09:29:51.786 26306 RALLYDEBUG rally.task.runner [-] Starting a worker. concurrency: 1 args: {"max_quota": 1024} times: 40 method_name: run timeout: 0 duration: None cls:
2019-06-15 09:29:51.791 26281 INFO rally.task.runner [-] Task 1a40d144-be5e-4a6a-984d-c47c1210712f | ITER: 10 START
2019-06-15 09:29:51.793 26310 RALLYDEBUG rally.task.runner [-] Starting a worker. concurrency: 1 args: {"max_quota": 1024} times: 40 method_name: run timeout: 0 duration: None cls:
2019-06-15 09:29:51.796 26306 INFO rally.task.runner [-] Task 1a40d144-be5e-4a6a-984d-c47c1210712f | ITER: 15 START
2019-06-15 09:29:51.800 26300 INFO rally.task.runner [-] Task 1a40d144-be5e-4a6a-984d-c47c1210712f | ITER: 14 START
2019-06-15 09:29:51.802 26310 INFO rally.task.runner [-] Task 1a40d144-be5e-4a6a-984d-c47c1210712f | ITER: 16 START
2019-06-15 09:29:51.802 26313 RALLYDEBUG rally.task.runner [-] Starting a worker. concurrency: 1 args: {"max_quota": 1024} times: 40 method_name: run timeout: 0 duration: None cls:
2019-06-15 09:29:51.808 26319 RALLYDEBUG rally.task.runner [-] Starting a worker. concurrency: 1 args: {"max_quota": 1024} times: 40 method_name: run timeout: 0 duration: None cls:
2019-06-15 09:29:51.812 26320 RALLYDEBUG rally.task.runner [-] Starting a worker. concurrency: 1 args: {"max_quota": 1024} times: 40 method_name: run timeout: 0 duration: None cls:
2019-06-15 09:29:51.814 26313 INFO rally.task.runner [-] Task 1a40d144-be5e-4a6a-984d-c47c1210712f | ITER: 17 START
2019-06-15 09:29:51.817 26319 INFO rally.task.runner [-] Task 1a40d144-be5e-4a6a-984d-c47c1210712f | ITER: 18 START
2019-06-15 09:29:51.820 26323 RALLYDEBUG rally.task.runner [-] Starting a worker. concurrency: 1 args: {"max_quota": 1024} times: 40 method_name: run timeout: 0 duration: None cls:
2019-06-15 09:29:51.822 26320 INFO rally.task.runner [-] Task 1a40d144-be5e-4a6a-984d-c47c1210712f | ITER: 19 START
2019-06-15 09:29:51.828 26323 INFO rally.task.runner [-] Task 1a40d144-be5e-4a6a-984d-c47c1210712f | ITER: 20 START
2019-06-15 09:29:52.359 26283 INFO rally.task.runner [-] Task 1a40d144-be5e-4a6a-984d-c47c1210712f | ITER: 9 END: OK
2019-06-15 09:29:52.366 26283 INFO rally.task.runner [-] Task 1a40d144-be5e-4a6a-984d-c47c1210712f | ITER: 21 START
2019-06-15 09:29:52.376 26279 INFO rally.task.runner [-] Task 1a40d144-be5e-4a6a-984d-c47c1210712f | ITER: 2 END: OK
2019-06-15 09:29:52.384 26279 INFO rally.task.runner [-] Task 1a40d144-be5e-4a6a-984d-c47c1210712f | ITER: 22 START
2019-06-15 09:29:52.387 26286 INFO rally.task.runner [-] Task 1a40d144-be5e-4a6a-984d-c47c1210712f | ITER: 11 END: OK
2019-06-15 09:29:52.393 26286 INFO rally.task.runner [-] Task 1a40d144-be5e-4a6a-984d-c47c1210712f | ITER: 23 START
2019-06-15 09:29:52.400 26296 INFO rally.task.runner [-] Task 1a40d144-be5e-4a6a-984d-c47c1210712f | ITER: 12 END: OK
2019-06-15 09:29:52.406 26296 INFO rally.task.runner [-] Task 1a40d144-be5e-4a6a-984d-c47c1210712f | ITER: 24 START
2019-06-15 09:29:52.451 26306 INFO rally.task.runner [-] Task 1a40d144-be5e-4a6a-984d-c47c1210712f | ITER: 15 END: OK
2019-06-15 09:29:52.458 26300 INFO rally.task.runner [-] Task 1a40d144-be5e-4a6a-984d-c47c1210712f | ITER: 14 END: OK
2019-06-15 09:29:52.458 26280 INFO rally.task.runner [-] Task 1a40d144-be5e-4a6a-984d-c47c1210712f | ITER: 3 END: OK
2019-06-15 09:29:52.459 26306 INFO rally.task.runner [-] Task 1a40d144-be5e-4a6a-984d-c47c1210712f | ITER: 25 START
2019-06-15 09:29:52.463 26280 INFO rally.task.runner [-] Task 1a40d144-be5e-4a6a-984d-c47c1210712f | ITER: 27 START
2019-06-15 09:29:52.465 26300 INFO rally.task.runner [-] Task 1a40d144-be5e-4a6a-984d-c47c1210712f | ITER: 26 START
2019-06-15 09:29:52.471 26281 INFO rally.task.runner [-] Task 1a40d144-be5e-4a6a-984d-c47c1210712f | ITER: 5 END: OK
2019-06-15 09:29:52.479 26281 INFO rally.task.runner [-] Task 1a40d144-be5e-4a6a-984d-c47c1210712f | ITER: 28 START
2019-06-15 09:29:52.500 26278 INFO rally.task.runner [-] Task 1a40d144-be5e-4a6a-984d-c47c1210712f | ITER: 1 END: OK
2019-06-15 09:29:52.504 26293 INFO rally.task.runner [-] Task 1a40d144-be5e-4a6a-984d-c47c1210712f | ITER: 13 END: OK
2019-06-15 09:29:52.507 26278 INFO rally.task.runner [-] Task 1a40d144-be5e-4a6a-984d-c47c1210712f | ITER: 29 START
2019-06-15 09:29:52.511 26293 INFO rally.task.runner [-] Task 1a40d144-be5e-4a6a-984d-c47c1210712f | ITER: 30 START
2019-06-15 09:29:52.526 26282 INFO rally.task.runner [-] Task 1a40d144-be5e-4a6a-984d-c47c1210712f | ITER: 6 END: OK
2019-06-15 09:29:52.532 26282 INFO rally.task.runner [-] Task 1a40d144-be5e-4a6a-984d-c47c1210712f | ITER: 31 START
2019-06-15 09:29:52.540 26279 INFO rally.task.runner [-] Task 1a40d144-be5e-4a6a-984d-c47c1210712f | ITER: 7 END: OK
2019-06-15 09:29:52.546 26279 INFO rally.task.runner [-] Task 1a40d144-be5e-4a6a-984d-c47c1210712f | ITER: 32 START
2019-06-15 09:29:52.603 26313 INFO rally.task.runner [-] Task 1a40d144-be5e-4a6a-984d-c47c1210712f | ITER: 17 END: OK
2019-06-15 09:29:52.610 26313 INFO rally.task.runner [-] Task 1a40d144-be5e-4a6a-984d-c47c1210712f | ITER: 33 START
2019-06-15 09:29:52.631 26319 INFO rally.task.runner [-] Task 1a40d144-be5e-4a6a-984d-c47c1210712f | ITER: 18 END: OK
2019-06-15 09:29:52.639 26319 INFO rally.task.runner [-] Task 1a40d144-be5e-4a6a-984d-c47c1210712f | ITER: 34 START
2019-06-15 09:29:52.663 26278 INFO rally.task.runner [-] Task 1a40d144-be5e-4a6a-984d-c47c1210712f | ITER: 4 END: OK
2019-06-15 09:29:52.671 26278 INFO rally.task.runner [-] Task 1a40d144-be5e-4a6a-984d-c47c1210712f | ITER: 35 START
2019-06-15 09:29:52.697 26280 INFO rally.task.runner [-] Task 1a40d144-be5e-4a6a-984d-c47c1210712f | ITER: 8 END: OK
2019-06-15 09:29:52.705 26280 INFO rally.task.runner [-] Task 1a40d144-be5e-4a6a-984d-c47c1210712f | ITER: 36 START
2019-06-15 09:29:52.748 26281 INFO rally.task.runner [-] Task 1a40d144-be5e-4a6a-984d-c47c1210712f | ITER: 10 END: OK
2019-06-15 09:29:52.757 26281 INFO rally.task.runner [-] Task 1a40d144-be5e-4a6a-984d-c47c1210712f | ITER: 37 START
2019-06-15 09:29:52.801 26323 INFO rally.task.runner [-] Task 1a40d144-be5e-4a6a-984d-c47c1210712f | ITER: 20 END: OK
2019-06-15 09:29:52.809 26323 INFO rally.task.runner [-] Task 1a40d144-be5e-4a6a-984d-c47c1210712f | ITER: 38 START
2019-06-15 09:29:52.870 26320 INFO rally.task.runner [-] Task 1a40d144-be5e-4a6a-984d-c47c1210712f | ITER: 19 END: OK
2019-06-15 09:29:52.878 26320 INFO rally.task.runner [-] Task 1a40d144-be5e-4a6a-984d-c47c1210712f | ITER: 39 START
2019-06-15 09:29:52.922 26310 INFO rally.task.runner [-] Task 1a40d144-be5e-4a6a-984d-c47c1210712f | ITER: 16 END: OK
2019-06-15 09:29:52.929 26310 INFO rally.task.runner [-] Task 1a40d144-be5e-4a6a-984d-c47c1210712f | ITER: 40 START
2019-06-15 09:29:52.979 26280 INFO rally.task.runner [-] Task 1a40d144-be5e-4a6a-984d-c47c1210712f | ITER: 27 END: OK
2019-06-15 09:29:53.015 26293 INFO rally.task.runner [-] Task 1a40d144-be5e-4a6a-984d-c47c1210712f | ITER: 30 END: OK
2019-06-15 09:29:53.137 26283 INFO rally.task.runner [-] Task 1a40d144-be5e-4a6a-984d-c47c1210712f | ITER: 21 END: OK
2019-06-15 09:29:53.158 26319 INFO rally.task.runner [-] Task 1a40d144-be5e-4a6a-984d-c47c1210712f | ITER: 34 END: OK
2019-06-15 09:29:53.164 26278 INFO rally.task.runner [-] Task 1a40d144-be5e-4a6a-984d-c47c1210712f | ITER: 29 END: OK
2019-06-15 09:29:53.176 26296 INFO rally.task.runner [-] Task 1a40d144-be5e-4a6a-984d-c47c1210712f | ITER: 24 END: OK
2019-06-15 09:29:53.183 26313 INFO rally.task.runner [-] Task 1a40d144-be5e-4a6a-984d-c47c1210712f | ITER: 33 END: OK
2019-06-15 09:29:53.236 26279 INFO rally.task.runner [-] Task 1a40d144-be5e-4a6a-984d-c47c1210712f | ITER: 22 END: OK
2019-06-15 09:29:53.238 26281 INFO rally.task.runner [-] Task 1a40d144-be5e-4a6a-984d-c47c1210712f | ITER: 28 END: OK
2019-06-15 09:29:53.292 26280 INFO rally.task.runner [-] Task 1a40d144-be5e-4a6a-984d-c47c1210712f | ITER: 36 END: OK
2019-06-15 09:29:53.302 26306 INFO rally.task.runner [-] Task 1a40d144-be5e-4a6a-984d-c47c1210712f | ITER: 25 END: OK
2019-06-15 09:29:53.365 26279 INFO rally.task.runner [-] Task 1a40d144-be5e-4a6a-984d-c47c1210712f | ITER: 32 END: OK
2019-06-15 09:29:53.421 26300 INFO rally.task.runner [-] Task 1a40d144-be5e-4a6a-984d-c47c1210712f | ITER: 26 END: OK
2019-06-15 09:29:53.454 26278 INFO rally.task.runner [-] Task 1a40d144-be5e-4a6a-984d-c47c1210712f | ITER: 35 END: OK
2019-06-15 09:29:53.480 26286 INFO rally.task.runner [-] Task 1a40d144-be5e-4a6a-984d-c47c1210712f | ITER: 23 END: OK
2019-06-15 09:29:53.512 26320 INFO rally.task.runner [-] Task 1a40d144-be5e-4a6a-984d-c47c1210712f | ITER: 39 END: OK
2019-06-15 09:29:53.570 26323 INFO rally.task.runner [-] Task 1a40d144-be5e-4a6a-984d-c47c1210712f | ITER: 38 END: OK
2019-06-15 09:29:53.594 26310 INFO rally.task.runner [-] Task 1a40d144-be5e-4a6a-984d-c47c1210712f | ITER: 40 END: OK
2019-06-15 09:29:53.723 26282 INFO rally.task.runner [-] Task 1a40d144-be5e-4a6a-984d-c47c1210712f | ITER: 31 END: OK
2019-06-15 09:29:53.785 26281 INFO rally.task.runner [-] Task 1a40d144-be5e-4a6a-984d-c47c1210712f | ITER: 37 END: OK
2019-06-15 09:29:53.814 21662 INFO rally.task.context [-] Task 1a40d144-be5e-4a6a-984d-c47c1210712f | Context admin_cleanup@openstack cleanup() started
2019-06-15 09:29:53.817 21662 RALLYDEBUG rally_openstack.cleanup.manager [-] Cleaning up neutron quota objects
2019-06-15 09:29:55.530 21662 INFO rally.task.context [-] Task 1a40d144-be5e-4a6a-984d-c47c1210712f | Context admin_cleanup@openstack cleanup() finished in 1.72 sec
2019-06-15 09:29:55.531 21662 INFO rally.task.context [-] Task 1a40d144-be5e-4a6a-984d-c47c1210712f | Context users@openstack cleanup() started
2019-06-15 09:30:19.662 21662 INFO rally.task.context [-] Task 1a40d144-be5e-4a6a-984d-c47c1210712f | Context users@openstack cleanup() finished in 24.13 sec
2019-06-15 09:30:20.449 21662 INFO rally.task.engine [-] Load duration is: 2.02037
2019-06-15 09:30:20.450 21662 INFO rally.task.engine [-] Full runner duration is: 2.082158
2019-06-15 09:30:20.450 21662 INFO rally.task.engine [-] Full duration is: 33.412428
2019-06-15 09:30:20.822 21662 INFO rally.task.engine [-] Running workload: position = 0 config = { "version": 2, "title": "A cropped version of a bigger task.", "description": "Auto-generated task from a single workload (uuid=ed487218-94ce-4923-a9f1-3da3ce1573eb)", "subtasks": [ { "title": "NeutronTrunks.create_and_list_trunk_subports", "description": "", "scenario": { "NeutronTrunks.create_and_list_trunk_subports": { "subport_count": 125 } }, "contexts": { "users": { "tenants": 1, "users_per_tenant": 1 }, "quotas": { "neutron": { "network": -1, "port": 1000 } } }, "runner": { "constant": { "times": 4, "concurrency": 4 } }, "hooks": [], "sla": { "failure_rate": { "max": 0 } } } ] }
2019-06-15 09:30:20.850 21662 RALLYDEBUG rally_openstack.contexts.keystone.users [-] Creating 1 tenants using 20 threads
2019-06-15 09:30:21.946 21662 RALLYDEBUG rally_openstack.contexts.keystone.users [-] Creating 1 users using 20 threads
2019-06-15 09:30:23.677 21662 INFO rally.task.context [-] Task 1a40d144-be5e-4a6a-984d-c47c1210712f | Context users@openstack setup() finished in 2.83 sec
2019-06-15 09:30:24.221 21662 INFO rally.task.context [-] Task 1a40d144-be5e-4a6a-984d-c47c1210712f | Context quotas@openstack setup() finished in 0.54 sec
2019-06-15 09:30:24.221 21662 INFO rally.task.context [-] Task 1a40d144-be5e-4a6a-984d-c47c1210712f | Context cleanup@openstack setup() finished in 0.01 msec
2019-06-15 09:30:24.230 21662 RALLYDEBUG rally.task.runner [-] Starting the constant runner (task UUID: 1a40d144-be5e-4a6a-984d-c47c1210712f). timeout: 0 concurrency: 4 concurrency_per_worker: 1 times: 4 concurrency_overhead: 0 processes_to_start: 4 max_cpu_used: 16
2019-06-15 09:30:24.245 26468 RALLYDEBUG rally.task.runner [-] Starting a worker. concurrency: 1 args: {"subport_count": 125} times: 4 method_name: run timeout: 0 duration: None cls:
2019-06-15 09:30:24.248 26469 RALLYDEBUG rally.task.runner [-] Starting a worker. concurrency: 1 args: {"subport_count": 125} times: 4 method_name: run timeout: 0 duration: None cls:
2019-06-15 09:30:24.251 26468 INFO rally.task.runner [-] Task 1a40d144-be5e-4a6a-984d-c47c1210712f | ITER: 1 START
2019-06-15 09:30:24.251 26470 RALLYDEBUG rally.task.runner [-] Starting a worker. concurrency: 1 args: {"subport_count": 125} times: 4 method_name: run timeout: 0 duration: None cls:
2019-06-15 09:30:24.255 26469 INFO rally.task.runner [-] Task 1a40d144-be5e-4a6a-984d-c47c1210712f | ITER: 2 START
2019-06-15 09:30:24.254 26471 RALLYDEBUG rally.task.runner [-] Starting a worker. concurrency: 1 args: {"subport_count": 125} times: 4 method_name: run timeout: 0 duration: None cls:
2019-06-15 09:30:24.257 26470 INFO rally.task.runner [-] Task 1a40d144-be5e-4a6a-984d-c47c1210712f | ITER: 3 START
2019-06-15 09:30:24.260 26471 INFO rally.task.runner [-] Task 1a40d144-be5e-4a6a-984d-c47c1210712f | ITER: 4 START
2019-06-15 09:32:12.033 26470 WARNING rally.task.atomic [-] 'optional_action_timer' is deprecated since rally v0.10.0.Please use action_timer instead, we have improved atomic actions, now do not need to explicitly close original action.
2019-06-15 09:32:12.068 26470 WARNING rally.task.atomic [-] 'optional_action_timer' is deprecated since rally v0.10.0.Please use action_timer instead, we have improved atomic actions, now do not need to explicitly close original action.
2019-06-15 09:32:12.238 26471 WARNING rally.task.atomic [-] 'optional_action_timer' is deprecated since rally v0.10.0.Please use action_timer instead, we have improved atomic actions, now do not need to explicitly close original action.
2019-06-15 09:32:12.275 26471 WARNING rally.task.atomic [-] 'optional_action_timer' is deprecated since rally v0.10.0.Please use action_timer instead, we have improved atomic actions, now do not need to explicitly close original action.
2019-06-15 09:32:12.881 26470 INFO rally.task.runner [-] Task 1a40d144-be5e-4a6a-984d-c47c1210712f | ITER: 3 END: OK
2019-06-15 09:32:13.008 26468 WARNING rally.task.atomic [-] 'optional_action_timer' is deprecated since rally v0.10.0.Please use action_timer instead, we have improved atomic actions, now do not need to explicitly close original action.
2019-06-15 09:32:13.046 26468 WARNING rally.task.atomic [-] 'optional_action_timer' is deprecated since rally v0.10.0.Please use action_timer instead, we have improved atomic actions, now do not need to explicitly close original action.
2019-06-15 09:32:13.157 26471 INFO rally.task.runner [-] Task 1a40d144-be5e-4a6a-984d-c47c1210712f | ITER: 4 END: OK
2019-06-15 09:32:14.136 26468 INFO rally.task.runner [-] Task 1a40d144-be5e-4a6a-984d-c47c1210712f | ITER: 1 END: OK
2019-06-15 09:32:14.830 26469 WARNING rally.task.atomic [-] 'optional_action_timer' is deprecated since rally v0.10.0.Please use action_timer instead, we have improved atomic actions, now do not need to explicitly close original action.
2019-06-15 09:32:14.880 26469 WARNING rally.task.atomic [-] 'optional_action_timer' is deprecated since rally v0.10.0.Please use action_timer instead, we have improved atomic actions, now do not need to explicitly close original action.
2019-06-15 09:32:15.394 26469 INFO rally.task.runner [-] Task 1a40d144-be5e-4a6a-984d-c47c1210712f | ITER: 2 END: OK
2019-06-15 09:32:15.427 21662 INFO rally.task.context [-] Task 1a40d144-be5e-4a6a-984d-c47c1210712f | Context cleanup@openstack cleanup() started
2019-06-15 09:32:15.431 21662 RALLYDEBUG rally_openstack.cleanup.manager [-] Cleaning up neutron vip objects
2019-06-15 09:32:15.879 21662 RALLYDEBUG rally_openstack.cleanup.manager [-] Cleaning up neutron health_monitor objects
2019-06-15 09:32:16.295 21662 RALLYDEBUG rally_openstack.cleanup.manager [-] Cleaning up neutron pool objects
2019-06-15 09:32:16.693 21662 RALLYDEBUG rally_openstack.cleanup.manager [-] Cleaning up neutron loadbalancer objects
2019-06-15 09:32:17.115 21662 RALLYDEBUG rally_openstack.cleanup.manager [-] Cleaning up neutron floatingip objects
2019-06-15 09:32:17.541 21662 RALLYDEBUG rally_openstack.cleanup.manager [-] Cleaning up neutron port objects
2019-06-15 09:32:19.073 21662 RALLYDEBUG rally_openstack.cleanup.manager [-] Deleting neutron.port object s_rally_ed487218_TRoSLueu (0781310c-0ed0-4c4f-892b-3b5a617d95ad)
2019-06-15 09:32:19.076 21662 RALLYDEBUG rally_openstack.cleanup.manager [-] Deleting neutron.port object s_rally_ed487218_3IhnVrhF (088497ee-b810-422c-98ec-5150be37d9ef)
2019-06-15 09:32:19.079 21662 RALLYDEBUG rally_openstack.cleanup.manager [-] Deleting neutron.port object s_rally_ed487218_4LokmfJt (065393ac-bc2d-478b-887e-ab8eab0ce9bf)
2019-06-15 09:32:19.079 21662 RALLYDEBUG rally_openstack.cleanup.manager [-] Deleting neutron.port object s_rally_ed487218_9waRieUl (030231cf-2aa8-4a44-b206-0103a7441d8a)
2019-06-15 09:32:19.088 21662 RALLYDEBUG rally_openstack.cleanup.manager [-] Deleting neutron.port object s_rally_ed487218_5gLMGp7S (02385657-86e8-4d0c-9876-183a4098eb26)
2019-06-15 09:32:19.093 21662 RALLYDEBUG rally_openstack.cleanup.manager [-] Deleting neutron.port object s_rally_ed487218_nFkbJv6j (06fb802f-b1cc-4588-ad9a-632fd232620a)
2019-06-15 09:32:19.096 21662 RALLYDEBUG rally_openstack.cleanup.manager [-] Deleting neutron.port object s_rally_ed487218_hhui3mH7 (0709f18b-5c6f-47d3-9014-00f7be02f2f2)
2019-06-15 09:32:19.101 21662 RALLYDEBUG rally_openstack.cleanup.manager [-] Deleting neutron.port object s_rally_ed487218_f4HG9gBU (0224bb0a-3c52-4f3f-8d1a-af229d0fade5)
2019-06-15 09:32:19.102 21662 RALLYDEBUG rally_openstack.cleanup.manager [-] Deleting neutron.port object s_rally_ed487218_pP0aU9JW (08c09e31-7e36-4564-98b4-3a18ac716d74)
2019-06-15 09:32:19.113 21662 RALLYDEBUG rally_openstack.cleanup.manager [-] Deleting neutron.port object s_rally_ed487218_UOEpVlxq (0423f86e-1123-4d7c-8164-f7984c50c6d8)
2019-06-15 09:32:19.130 21662 RALLYDEBUG rally_openstack.cleanup.manager [-] Deleting neutron.port object s_rally_ed487218_d2lXOZmf (06fafd24-dac0-471f-b035-21e952cdd3bd)
2019-06-15 09:32:19.131 21662 RALLYDEBUG rally_openstack.cleanup.manager [-] Deleting neutron.port object s_rally_ed487218_OMXyQaMt (062ee490-838c-44c5-987d-f82bb19dd1a6)
2019-06-15 09:32:19.131 21662 RALLYDEBUG rally_openstack.cleanup.manager [-] Deleting neutron.port object s_rally_ed487218_JEdR2shf (05f03e4a-acf9-44d1-930a-f13571921ef8)
2019-06-15 09:32:19.161 21662 RALLYDEBUG rally_openstack.cleanup.manager [-] Deleting neutron.port object s_rally_ed487218_p7aOot9z (070b2f90-7554-4e14-97a7-5174a2f4f22c)
2019-06-15 09:32:19.162 21662 RALLYDEBUG rally_openstack.cleanup.manager [-] Deleting neutron.port object s_rally_ed487218_oIyF2mED (00fda932-34ef-410f-bcfd-f064e16c2bfc)
2019-06-15 09:32:19.165 21662 RALLYDEBUG rally_openstack.cleanup.manager [-] Deleting neutron.port object s_rally_ed487218_K3jrUgwN (00ccadb6-d2c1-423d-8cb2-f0163b9cebdc)
2019-06-15 09:32:19.176 21662 RALLYDEBUG rally_openstack.cleanup.manager [-] Deleting neutron.port object s_rally_ed487218_OW0F1dLD (0547c3bf-9215-408d-af05-d64309aae42a)
2019-06-15 09:32:19.186 21662 RALLYDEBUG rally_openstack.cleanup.manager [-] Deleting neutron.port object s_rally_ed487218_ycD3GaEi (009b5e0f-2278-47a7-babc-c6fabb63da18)
2019-06-15 09:32:19.182 21662 RALLYDEBUG rally_openstack.cleanup.manager [-] Deleting neutron.port object s_rally_ed487218_AoyHiOwZ (0311c2d2-266d-4ace-88bb-482b3d38f0f5)
2019-06-15 09:32:19.199 21662 RALLYDEBUG rally_openstack.cleanup.manager [-] Deleting neutron.port object s_rally_ed487218_Vg8MNAmw (084c5b92-716f-423a-8fca-9eb9a5c0e6f5)
2019-06-15 09:32:21.377 21662 RALLYDEBUG rally_openstack.cleanup.manager [-] Deleting neutron.port object s_rally_ed487218_VOtqHlnE (09c6fbb1-bb77-41af-b840-613f3067a3f0)
2019-06-15 09:32:21.532 21662 RALLYDEBUG rally_openstack.cleanup.manager [-] Deleting neutron.port object s_rally_ed487218_I5MM4PBa (09f8a683-6165-4e96-9773-1d90f4925fff)
2019-06-15 09:32:21.565 21662 RALLYDEBUG rally_openstack.cleanup.manager [-] Deleting neutron.port object s_rally_ed487218_zRJYvoId (0aa83c5e-87ac-4766-81da-521a972c2d1d)
2019-06-15 09:32:21.597 21662 RALLYDEBUG rally_openstack.cleanup.manager [-] Deleting neutron.port object s_rally_ed487218_FhI6oJkz (0b0ce490-1a5d-4078-8925-d0ebaa497640)
2019-06-15 09:32:21.829 21662 RALLYDEBUG rally_openstack.cleanup.manager [-] Deleting neutron.port object s_rally_ed487218_3CHomlWy (0bcbe6c7-a756-4e9f-86d2-fcbad9119119)
2019-06-15 09:32:21.863 21662 RALLYDEBUG rally_openstack.cleanup.manager [-] Deleting neutron.port object s_rally_ed487218_r4JeqcS4 (0c2d55d7-8a6b-4cbf-bfff-3f756fb09e13)
2019-06-15 09:32:21.897 21662 RALLYDEBUG rally_openstack.cleanup.manager [-] Deleting neutron.port object s_rally_ed487218_4aGfq3wV (0cc9adc2-90c0-4e28-b580-49823eb7a19e)
2019-06-15 09:32:21.973 21662 RALLYDEBUG rally_openstack.cleanup.manager [-] Deleting neutron.port object s_rally_ed487218_T7hirqas (0d18dbb6-cd34-4c2d-8527-90ac6b557236)
2019-06-15 09:32:22.109 21662 RALLYDEBUG rally_openstack.cleanup.manager [-] Deleting neutron.port object s_rally_ed487218_58yBohsm (0df3032c-8a59-4f7b-bc73-603febd1b772)
2019-06-15 09:32:22.196 21662 RALLYDEBUG rally_openstack.cleanup.manager [-] Deleting neutron.port object s_rally_ed487218_ntda7Wci (0e9ac723-d8b8-4578-90d8-61cce02f0eee)
2019-06-15 09:32:22.240 21662 RALLYDEBUG rally_openstack.cleanup.manager [-] Deleting neutron.port object s_rally_ed487218_yVgMM7Ln (0fbf2ac2-b066-4ede-8ebb-584c4a21807e)
2019-06-15 09:32:22.274 21662 RALLYDEBUG rally_openstack.cleanup.manager [-] Deleting neutron.port object s_rally_ed487218_srx1nM3B (107a2ab9-816d-4550-a4bd-04c7d7fac5da)
2019-06-15 09:32:22.289 21662 RALLYDEBUG rally_openstack.cleanup.manager [-] Deleting neutron.port object s_rally_ed487218_fbuLSKZH (1117e7ce-e15d-48aa-ad79-60abbf01100a)
2019-06-15 09:32:22.297 21662 RALLYDEBUG rally_openstack.cleanup.manager [-] Deleting neutron.port object s_rally_ed487218_G4ypPliw (11796517-55a4-4b1a-abd2-c3ebe9d76e4c)
2019-06-15 09:32:22.311 21662 RALLYDEBUG rally_openstack.cleanup.manager [-] Deleting neutron.port object s_rally_ed487218_Xkejnybp (119aef83-2dcf-4b22-8dc3-7898fbdd1ac4)
2019-06-15 09:32:22.333 21662 RALLYDEBUG rally_openstack.cleanup.manager [-] Deleting neutron.port object s_rally_ed487218_Tv8TtEWY (11c3b07a-22af-46bc-86a9-a1f54627a187)
2019-06-15 09:32:22.345 21662 RALLYDEBUG rally_openstack.cleanup.manager [-] Deleting neutron.port object s_rally_ed487218_QYA4tvrg (1276b0a2-badd-4f1e-9f0e-161516064c15)
2019-06-15 09:32:22.352 21662 RALLYDEBUG rally_openstack.cleanup.manager [-] Deleting neutron.port object s_rally_ed487218_FQBdqgxy (129862f8-db8c-4fe2-84e3-fa7a268d0684)
2019-06-15 09:32:22.444 21662 RALLYDEBUG rally_openstack.cleanup.manager [-] Deleting neutron.port object s_rally_ed487218_vIP9wjJq (129a9883-83d6-49c8-925a-6848021a5aa2)
2019-06-15 09:32:22.473 21662 RALLYDEBUG rally_openstack.cleanup.manager [-] Deleting neutron.port object s_rally_ed487218_dhXCeUq4 (136049f4-a578-4915-b19b-eb767eb5aec3)
2019-06-15 09:32:23.560 21662 RALLYDEBUG rally_openstack.cleanup.manager [-] Deleting neutron.port object s_rally_ed487218_t6lWuKjR (13a93e6b-1080-471a-bf43-e94a748f3e86)
2019-06-15 09:32:23.696 21662 RALLYDEBUG rally_openstack.cleanup.manager [-] Deleting neutron.port object s_rally_ed487218_Eg12uHAT (13d3023e-2cef-4867-b40d-e60444f53920)
2019-06-15 09:32:23.766 21662 RALLYDEBUG rally_openstack.cleanup.manager [-] Deleting neutron.port object s_rally_ed487218_8np0S9KX (143766f0-fc88-4c26-9f3c-cf9d14b79389)
2019-06-15 09:32:23.919 21662 RALLYDEBUG rally_openstack.cleanup.manager [-] Deleting neutron.port object s_rally_ed487218_F7MMiyYt (1569607b-9248-4749-94ec-9fb64623b324)
2019-06-15 09:32:24.183 21662 RALLYDEBUG rally_openstack.cleanup.manager [-] Deleting neutron.port object s_rally_ed487218_CnQoqhSi (15b83fd5-89a0-4c15-b424-9d20e4ba99b6)
2019-06-15 09:32:24.273 21662 RALLYDEBUG rally_openstack.cleanup.manager [-] Deleting neutron.port object s_rally_ed487218_vJ4BzT3s (1689d78d-8de2-48ad-82fa-ef3ed55a30d5)
2019-06-15 09:32:24.372 21662 RALLYDEBUG rally_openstack.cleanup.manager [-] Deleting neutron.port object s_rally_ed487218_PaXfeiSV (16b1af2f-e1e8-4b5e-a1e3-ea87ed1e210c)
2019-06-15 09:32:24.388 21662 RALLYDEBUG rally_openstack.cleanup.manager [-] Deleting neutron.port object s_rally_ed487218_RcQ4QCFQ (16fcbf15-8412-4869-940b-4d883d5144d0)
2019-06-15 09:32:24.428 21662 RALLYDEBUG rally_openstack.cleanup.manager [-] Deleting neutron.port object s_rally_ed487218_HbDeB6uV (171cab3c-7e29-4666-a78d-e39f51a620dd)
2019-06-15 09:32:24.541 21662 RALLYDEBUG rally_openstack.cleanup.manager [-] Deleting neutron.port object s_rally_ed487218_y03KVEAr (17579fa1-3ff9-404a-862a-4213793a5fb3)
2019-06-15 09:32:24.549 21662 RALLYDEBUG rally_openstack.cleanup.manager [-] Deleting neutron.port object s_rally_ed487218_Fmo7diee (17bda3fb-97c7-4248-be4f-a9dff9385651)
2019-06-15 09:32:24.622 21662 RALLYDEBUG rally_openstack.cleanup.manager [-] Deleting neutron.port object s_rally_ed487218_lDh8BeGv (17fc0eff-5ced-4bcb-814e-f094023aae8f)
2019-06-15 09:32:24.794 21662 RALLYDEBUG rally_openstack.cleanup.manager [-] Deleting neutron.port object s_rally_ed487218_z1q9QrqQ (18d74753-23f2-4776-b4ad-314567bf18d2)
2019-06-15 09:32:24.899 21662 RALLYDEBUG rally_openstack.cleanup.manager [-] Deleting neutron.port object s_rally_ed487218_jkOzOWra (1a508420-fc07-4a3d-accb-31c5a9275800)
2019-06-15 09:32:24.934 21662 RALLYDEBUG rally_openstack.cleanup.manager [-] Deleting neutron.port object s_rally_ed487218_HAguYBeb (1b40e6b4-c38c-4889-8ae3-052d0ceda69a)
2019-06-15 09:32:24.956 21662 RALLYDEBUG rally_openstack.cleanup.manager [-] Deleting neutron.port object s_rally_ed487218_ttOFGamW (1bd87f19-6d28-4553-b1f4-d0777cf17cc8)
2019-06-15 09:32:25.040 21662 RALLYDEBUG rally_openstack.cleanup.manager [-] Deleting neutron.port object s_rally_ed487218_wMrF4KO5 (1be7a49c-d7c1-4024-a651-d06c35caf365)
2019-06-15 09:32:25.097 21662 RALLYDEBUG rally_openstack.cleanup.manager [-] Deleting neutron.port object s_rally_ed487218_CgNxwVpz (1c648025-a49e-4eb2-a30a-17d4ebe7cc15)
2019-06-15 09:32:25.302 21662 RALLYDEBUG rally_openstack.cleanup.manager [-] Deleting neutron.port object s_rally_ed487218_g6m2s3cu (1cbe6e34-4040-4009-bf9f-42f7d504e80f)
2019-06-15 09:32:25.414 21662 RALLYDEBUG rally_openstack.cleanup.manager [-] Deleting neutron.port object s_rally_ed487218_J1MM9VGg (1cd1e1d7-88ff-4597-b35f-35dd00b47838)
2019-06-15 09:32:25.628 21662 RALLYDEBUG rally_openstack.cleanup.manager [-] Deleting neutron.port object s_rally_ed487218_76Byufot (1e6f937b-1e62-414d-a97a-093dbd00c017)
2019-06-15 09:32:25.812 21662 RALLYDEBUG rally_openstack.cleanup.manager [-] Deleting neutron.port object s_rally_ed487218_JAsK6rHn (1ed932c7-2fb4-41ba-bae5-62abaeb929d9)
2019-06-15 09:32:26.030 21662 RALLYDEBUG rally_openstack.cleanup.manager [-] Deleting neutron.port object s_rally_ed487218_ptQPVy9x (1ef328dc-b398-4885-abe8-b13c07d4cf61)
2019-06-15 09:32:26.058 21662 RALLYDEBUG rally_openstack.cleanup.manager [-] Deleting neutron.port object s_rally_ed487218_uJkYeUH2 (1f152ad2-9440-47d9-a7dc-b24bb59af9c9)
2019-06-15 09:32:26.403 21662 RALLYDEBUG rally_openstack.cleanup.manager [-] Deleting neutron.port object s_rally_ed487218_hrXXeDDc (1f62acda-c172-4732-9deb-97fb6ea79218)
2019-06-15 09:32:26.492 21662 RALLYDEBUG rally_openstack.cleanup.manager [-] Deleting neutron.port object s_rally_ed487218_vZCiZIX5 (1fa26559-7646-47ee-976b-12e14c4bcd7a)
2019-06-15 09:32:26.518 21662 RALLYDEBUG rally_openstack.cleanup.manager [-] Deleting neutron.port object s_rally_ed487218_amCJORtt (20399d4e-55f7-421b-a9a5-f01c2fbf7743)
2019-06-15 09:32:26.708 21662 RALLYDEBUG rally_openstack.cleanup.manager [-] Deleting neutron.port object s_rally_ed487218_BLwNSxxE (20ee4e9a-f465-403a-b996-605e0c93283f)
2019-06-15 09:32:26.741 21662 RALLYDEBUG rally_openstack.cleanup.manager [-] Deleting neutron.port object s_rally_ed487218_Ue80fSGA (2149be20-6e23-4780-ba14-9ea2afbc0cdf)
2019-06-15 09:32:26.920 21662 RALLYDEBUG rally_openstack.cleanup.manager [-] Deleting neutron.port object s_rally_ed487218_xbaoWMTG (214aef4b-6863-44eb-bee7-2f8875318295)
2019-06-15 09:32:27.127 21662 RALLYDEBUG rally_openstack.cleanup.manager [-] Deleting neutron.port object s_rally_ed487218_N5Zu0lec (22a8a7fa-e12a-45d5-b958-eca8335249b7)
2019-06-15 09:32:27.201 21662 RALLYDEBUG rally_openstack.cleanup.manager [-] Deleting neutron.port object s_rally_ed487218_rAUeDFWp (235adb38-a4dd-4c35-b619-5a3e7e8b7e00)
2019-06-15 09:32:27.269 21662 RALLYDEBUG rally_openstack.cleanup.manager [-] Deleting neutron.port object s_rally_ed487218_BcLmvxXe (23b81b33-d65d-44f3-9077-79ea29a6a389)
2019-06-15 09:32:27.374 21662 RALLYDEBUG rally_openstack.cleanup.manager [-] Deleting neutron.port object s_rally_ed487218_c1LK0VIO (23cfa5c2-15af-4bb2-a1b2-8332637ca205)
2019-06-15 09:32:27.524 21662 RALLYDEBUG rally_openstack.cleanup.manager [-] Deleting neutron.port object s_rally_ed487218_mjN76fLX (23dd8521-b9a1-4048-91cc-a2699c2d7b94)
2019-06-15 09:32:27.533 21662 RALLYDEBUG rally_openstack.cleanup.manager [-] Deleting neutron.port object s_rally_ed487218_3qVFyzdc (24036c2c-8452-456e-b25c-9c18a824276d)
2019-06-15 09:32:27.936 21662 RALLYDEBUG rally_openstack.cleanup.manager [-] Deleting neutron.port object s_rally_ed487218_f1TLyAfN (245d08c1-773f-4311-8759-6811ebdaa80c)
2019-06-15 09:32:28.018 21662 RALLYDEBUG rally_openstack.cleanup.manager [-] Deleting neutron.port object s_rally_ed487218_bwvpb9wD (26a65d22-c979-4b31-bd50-5a45388e19d4)
2019-06-15 09:32:28.050 21662 RALLYDEBUG rally_openstack.cleanup.manager [-] Deleting neutron.port object s_rally_ed487218_91Vd0xcV (2722faf3-1192-49aa-8019-6b64f74cf1f2)
2019-06-15 09:32:28.082 21662 RALLYDEBUG rally_openstack.cleanup.manager [-] Deleting neutron.port object s_rally_ed487218_d9ILKDs7 (272a13d2-30d2-444b-b0f6-9c351561f7ff)
2019-06-15 09:32:28.105 21662 RALLYDEBUG rally_openstack.cleanup.manager [-] Deleting neutron.port object s_rally_ed487218_KDc5HvE6 (275399d4-c016-4086-b677-ddd1c7bf3821)
2019-06-15 09:32:28.271 21662 RALLYDEBUG rally_openstack.cleanup.manager [-] Deleting neutron.port object s_rally_ed487218_Qbc3i50g (28241bc7-0040-41f8-b51a-612ce9540f8e)
2019-06-15 09:32:28.623 21662 RALLYDEBUG rally_openstack.cleanup.manager [-] Deleting neutron.port object s_rally_ed487218_5ZWQp5Lq (282abddc-7272-481e-886b-54a9b843ee1d)
2019-06-15 09:32:28.678 21662 RALLYDEBUG rally_openstack.cleanup.manager [-] Deleting neutron.port object s_rally_ed487218_TJuQSbew (29d13156-b4ab-4910-9e0b-d852543685a4)
2019-06-15 09:32:28.711 21662 RALLYDEBUG rally_openstack.cleanup.manager [-] Deleting neutron.port object s_rally_ed487218_10rfLYKX (2a1f261b-3c38-413d-82a8-74da6ca87072)
2019-06-15 09:32:28.997 21662 RALLYDEBUG rally_openstack.cleanup.manager [-] Deleting neutron.port object s_rally_ed487218_WQRirRIT (2a5e83d2-e6f6-41e0-9534-dc054052631a)
2019-06-15 09:32:29.037 21662 RALLYDEBUG rally_openstack.cleanup.manager [-] Deleting neutron.port object s_rally_ed487218_0DgYUkmZ (2a67cf99-54af-443d-aa67-cac191ef4a6c)
2019-06-15 09:32:29.170 21662 RALLYDEBUG rally_openstack.cleanup.manager [-] Deleting neutron.port object s_rally_ed487218_EQIykYVD (2a7c1fab-6c4e-4cf0-bd2b-210bd4bd02e5)
2019-06-15 09:32:29.463 21662 RALLYDEBUG rally_openstack.cleanup.manager [-] Deleting neutron.port object s_rally_ed487218_2c4Db0uZ (2a906b7a-9803-4a2c-a694-77d6e67ce7fe)
2019-06-15 09:32:29.550 21662 RALLYDEBUG rally_openstack.cleanup.manager [-] Deleting neutron.port object s_rally_ed487218_3PFhKzyp (2aa936b2-945b-4d04-a419-6f6c2dbfbb17)
2019-06-15 09:32:29.557 21662 RALLYDEBUG rally_openstack.cleanup.manager [-] Deleting neutron.port object s_rally_ed487218_kA0ByCwH (2ad2d5e7-57ef-4c93-9838-c15ef924aef8)
2019-06-15 09:32:29.585 21662 RALLYDEBUG rally_openstack.cleanup.manager [-] Deleting neutron.port object s_rally_ed487218_5Cb2xC1M (2be0afc9-e845-40dd-9303-355ac3cdec4d)
2019-06-15 09:32:29.702 21662 RALLYDEBUG rally_openstack.cleanup.manager [-] Deleting neutron.port object s_rally_ed487218_f161N5o0 (2ce31b73-5b2e-4de0-b829-560e708e9ae3)
2019-06-15 09:32:29.848 21662 RALLYDEBUG rally_openstack.cleanup.manager [-] Deleting neutron.port object s_rally_ed487218_Cv2cy61R (2e452982-1a91-4922-b7ec-1155f4b3f5e1)
2019-06-15 09:32:30.010 21662 RALLYDEBUG rally_openstack.cleanup.manager [-] Deleting neutron.port object s_rally_ed487218_DPoMH6Sv (2f600731-dd9e-4022-933b-b4d329510d61)
2019-06-15 09:32:30.318 21662 RALLYDEBUG rally_openstack.cleanup.manager [-] Deleting neutron.port object s_rally_ed487218_J5whHt8j (2fa5f887-cd79-4ea5-90d2-beec2ce3fb20)
2019-06-15 09:32:30.362 21662 RALLYDEBUG rally_openstack.cleanup.manager [-] Deleting neutron.port object s_rally_ed487218_RUGopppO (2fe0f11e-a2de-4834-a9b8-493f0000046c)
2019-06-15 09:32:30.382 21662 RALLYDEBUG rally_openstack.cleanup.manager [-] Deleting neutron.port object s_rally_ed487218_IixkMDAm (317d0549-b55a-4b83-8b81-78ecf01bfbc2)
2019-06-15 09:32:30.541 21662 RALLYDEBUG rally_openstack.cleanup.manager [-] Deleting neutron.port object s_rally_ed487218_9M5EdGEI (31d4a605-43af-4fe2-a2fc-9889cd5b0991)
