2019-06-15 09:19:53.296 23759 WARNING rally_openstack.scenarios.neutron.utils [-] Running this scenario without either the 'network' or 'existing_network' context is deprecated
2019-06-15 09:19:53.297 23763 WARNING rally_openstack.scenarios.neutron.utils [-] Running this scenario without either the 'network' or 'existing_network' context is deprecated
2019-06-15 09:19:53.292 23757 WARNING rally_openstack.scenarios.neutron.utils [-] Running this scenario without either the 'network' or 'existing_network' context is deprecated
2019-06-15 09:19:53.296 23768 RALLYDEBUG rally.task.runner [-] Starting a worker. concurrency: 1 args: {"network_create_args": {}, "subnet_create_args": {}, "subnet_cidr_start": "1.1.0.0/30", "subnets_per_network": 2} times: 40 method_name: run timeout: 0 duration: None cls:
2019-06-15 09:19:53.296 23758 INFO rally.task.runner [-] Task 1a40d144-be5e-4a6a-984d-c47c1210712f | ITER: 7 START
2019-06-15 09:19:53.297 23758 WARNING rally_openstack.scenarios.neutron.utils [-] Running this scenario without either the 'network' or 'existing_network' context is deprecated
2019-06-15 09:19:53.298 23765 INFO rally.task.runner [-] Task 1a40d144-be5e-4a6a-984d-c47c1210712f | ITER: 11 START
2019-06-15 09:19:53.299 23756 INFO rally.task.runner [-] Task 1a40d144-be5e-4a6a-984d-c47c1210712f | ITER: 3 START
2019-06-15 09:19:53.298 23772 RALLYDEBUG rally.task.runner [-] Starting a worker. concurrency: 1 args: {"network_create_args": {}, "subnet_create_args": {}, "subnet_cidr_start": "1.1.0.0/30", "subnets_per_network": 2} times: 40 method_name: run timeout: 0 duration: None cls:
2019-06-15 09:19:53.300 23756 WARNING rally_openstack.scenarios.neutron.utils [-] Running this scenario without either the 'network' or 'existing_network' context is deprecated
2019-06-15 09:19:53.300 23765 WARNING rally_openstack.scenarios.neutron.utils [-] Running this scenario without either the 'network' or 'existing_network' context is deprecated
2019-06-15 09:19:53.302 23782 RALLYDEBUG rally.task.runner [-] Starting a worker. concurrency: 1 args: {"network_create_args": {}, "subnet_create_args": {}, "subnet_cidr_start": "1.1.0.0/30", "subnets_per_network": 2} times: 40 method_name: run timeout: 0 duration: None cls:
2019-06-15 09:19:53.304 23759 INFO rally.task.runner [-] Task 1a40d144-be5e-4a6a-984d-c47c1210712f | ITER: 10 START
2019-06-15 09:19:53.306 23759 WARNING rally_openstack.scenarios.neutron.utils [-] Running this scenario without either the 'network' or 'existing_network' context is deprecated
2019-06-15 09:19:53.307 23768 INFO rally.task.runner [-] Task 1a40d144-be5e-4a6a-984d-c47c1210712f | ITER: 12 START
2019-06-15 09:19:53.308 23772 INFO rally.task.runner [-] Task 1a40d144-be5e-4a6a-984d-c47c1210712f | ITER: 13 START
2019-06-15 09:19:53.309 23782 INFO rally.task.runner [-] Task 1a40d144-be5e-4a6a-984d-c47c1210712f | ITER: 14 START
2019-06-15 09:19:53.309 23768 WARNING rally_openstack.scenarios.neutron.utils [-] Running this scenario without either the 'network' or 'existing_network' context is deprecated
2019-06-15 09:19:53.309 23772 WARNING rally_openstack.scenarios.neutron.utils [-] Running this scenario without either the 'network' or 'existing_network' context is deprecated
2019-06-15 09:19:53.310 23782 WARNING rally_openstack.scenarios.neutron.utils [-] Running this scenario without either the 'network' or 'existing_network' context is deprecated
2019-06-15 09:19:53.311 23785 RALLYDEBUG rally.task.runner [-] Starting a worker. concurrency: 1 args: {"network_create_args": {}, "subnet_create_args": {}, "subnet_cidr_start": "1.1.0.0/30", "subnets_per_network": 2} times: 40 method_name: run timeout: 0 duration: None cls:
2019-06-15 09:19:53.319 23785 INFO rally.task.runner [-] Task 1a40d144-be5e-4a6a-984d-c47c1210712f | ITER: 15 START
2019-06-15 09:19:53.321 23785 WARNING rally_openstack.scenarios.neutron.utils [-] Running this scenario without either the 'network' or 'existing_network' context is deprecated
2019-06-15 09:19:53.320 23791 RALLYDEBUG rally.task.runner [-] Starting a worker. concurrency: 1 args: {"network_create_args": {}, "subnet_create_args": {}, "subnet_cidr_start": "1.1.0.0/30", "subnets_per_network": 2} times: 40 method_name: run timeout: 0 duration: None cls:
2019-06-15 09:19:53.329 23795 RALLYDEBUG rally.task.runner [-] Starting a worker. concurrency: 1 args: {"network_create_args": {}, "subnet_create_args": {}, "subnet_cidr_start": "1.1.0.0/30", "subnets_per_network": 2} times: 40 method_name: run timeout: 0 duration: None cls:
2019-06-15 09:19:53.333 23791 INFO rally.task.runner [-] Task 1a40d144-be5e-4a6a-984d-c47c1210712f | ITER: 16 START
2019-06-15 09:19:53.332 23792 RALLYDEBUG rally.task.runner [-] Starting a worker. concurrency: 1 args: {"network_create_args": {}, "subnet_create_args": {}, "subnet_cidr_start": "1.1.0.0/30", "subnets_per_network": 2} times: 40 method_name: run timeout: 0 duration: None cls:
2019-06-15 09:19:53.332 23796 RALLYDEBUG rally.task.runner [-] Starting a worker. concurrency: 1 args: {"network_create_args": {}, "subnet_create_args": {}, "subnet_cidr_start": "1.1.0.0/30", "subnets_per_network": 2} times: 40 method_name: run timeout: 0 duration: None cls:
2019-06-15 09:19:53.334 23791 WARNING rally_openstack.scenarios.neutron.utils [-] Running this scenario without either the 'network' or 'existing_network' context is deprecated
2019-06-15 09:19:53.335 23795 INFO rally.task.runner [-] Task 1a40d144-be5e-4a6a-984d-c47c1210712f | ITER: 17 START
2019-06-15 09:19:53.336 23795 WARNING rally_openstack.scenarios.neutron.utils [-] Running this scenario without either the 'network' or 'existing_network' context is deprecated
2019-06-15 09:19:53.338 23792 INFO rally.task.runner [-] Task 1a40d144-be5e-4a6a-984d-c47c1210712f | ITER: 18 START
2019-06-15 09:19:53.340 23792 WARNING rally_openstack.scenarios.neutron.utils [-] Running this scenario without either the 'network' or 'existing_network' context is deprecated
2019-06-15 09:19:53.340 23796 INFO rally.task.runner [-] Task 1a40d144-be5e-4a6a-984d-c47c1210712f | ITER: 19 START
2019-06-15 09:19:53.342 23796 WARNING rally_openstack.scenarios.neutron.utils [-] Running this scenario without either the 'network' or 'existing_network' context is deprecated
2019-06-15 09:19:53.344 23798 RALLYDEBUG rally.task.runner [-] Starting a worker. concurrency: 1 args: {"network_create_args": {}, "subnet_create_args": {}, "subnet_cidr_start": "1.1.0.0/30", "subnets_per_network": 2} times: 40 method_name: run timeout: 0 duration: None cls:
2019-06-15 09:19:53.350 23798 INFO rally.task.runner [-] Task 1a40d144-be5e-4a6a-984d-c47c1210712f | ITER: 20 START
2019-06-15 09:19:53.351 23798 WARNING rally_openstack.scenarios.neutron.utils [-] Running this scenario without either the 'network' or 'existing_network' context is deprecated
2019-06-15 09:19:54.121 23765 RALLYDEBUG rally_openstack.wrappers.network [-] CIDR generated: 1.1.4.96/30
2019-06-15 09:19:54.143 23772 RALLYDEBUG rally_openstack.wrappers.network [-] CIDR generated: 1.1.4.100/30
2019-06-15 09:19:54.159 23768 RALLYDEBUG rally_openstack.wrappers.network [-] CIDR generated: 1.1.4.104/30
2019-06-15 09:19:54.164 23756 RALLYDEBUG rally_openstack.wrappers.network [-] CIDR generated: 1.1.4.108/30
2019-06-15 09:19:54.169 23758 RALLYDEBUG rally_openstack.wrappers.network [-] CIDR generated: 1.1.4.112/30
2019-06-15 09:19:54.200 23757 RALLYDEBUG rally_openstack.wrappers.network [-] CIDR generated: 1.1.4.116/30
2019-06-15 09:19:54.230 23760 RALLYDEBUG rally_openstack.wrappers.network [-] CIDR generated: 1.1.4.120/30
2019-06-15 09:19:54.246 23756 RALLYDEBUG rally_openstack.wrappers.network [-] CIDR generated: 1.1.4.124/30
2019-06-15 09:19:54.341 23785 RALLYDEBUG rally_openstack.wrappers.network [-] CIDR generated: 1.1.4.128/30
2019-06-15 09:19:54.488 23792 RALLYDEBUG rally_openstack.wrappers.network [-] CIDR generated: 1.1.4.132/30
2019-06-15 09:19:54.605 23759 RALLYDEBUG rally_openstack.wrappers.network [-] CIDR generated: 1.1.4.136/30
2019-06-15 09:19:54.635 23763 RALLYDEBUG rally_openstack.wrappers.network [-] CIDR generated: 1.1.4.140/30
2019-06-15 09:19:54.677 23782 RALLYDEBUG rally_openstack.wrappers.network [-] CIDR generated: 1.1.4.144/30
2019-06-15 09:19:54.708 23759 RALLYDEBUG rally_openstack.wrappers.network [-] CIDR generated: 1.1.4.148/30
2019-06-15 09:19:54.838 23758 RALLYDEBUG rally_openstack.wrappers.network [-] CIDR generated: 1.1.4.152/30
2019-06-15 09:19:54.854 23791 RALLYDEBUG rally_openstack.wrappers.network [-] CIDR generated: 1.1.4.156/30
2019-06-15 09:19:54.874 23795 RALLYDEBUG rally_openstack.wrappers.network [-] CIDR generated: 1.1.4.160/30
2019-06-15 09:19:55.120 23798 RALLYDEBUG rally_openstack.wrappers.network [-] CIDR generated: 1.1.4.164/30
2019-06-15 09:19:55.275 23796 RALLYDEBUG rally_openstack.wrappers.network [-] CIDR generated: 1.1.4.168/30
2019-06-15 09:19:55.322 23757 RALLYDEBUG rally_openstack.wrappers.network [-] CIDR generated: 1.1.4.172/30
2019-06-15 09:19:55.579 23768 RALLYDEBUG rally_openstack.wrappers.network [-] CIDR generated: 1.1.4.176/30
2019-06-15 09:19:55.706 23758 RALLYDEBUG rally_openstack.wrappers.network [-] CIDR generated: 1.1.4.180/30
2019-06-15 09:19:55.811 23760 RALLYDEBUG rally_openstack.wrappers.network [-] CIDR generated: 1.1.4.184/30
2019-06-15 09:19:55.911 23763 RALLYDEBUG rally_openstack.wrappers.network [-] CIDR generated: 1.1.4.188/30
2019-06-15 09:19:56.060 23798 RALLYDEBUG rally_openstack.wrappers.network [-] CIDR generated: 1.1.4.192/30
2019-06-15 09:19:56.286 23782 RALLYDEBUG rally_openstack.wrappers.network [-] CIDR generated: 1.1.4.196/30
2019-06-15 09:19:56.472 23758 RALLYDEBUG rally_openstack.wrappers.network [-] CIDR generated: 1.1.4.200/30
2019-06-15 09:19:56.597 23785 RALLYDEBUG rally_openstack.wrappers.network [-] CIDR generated: 1.1.4.204/30
2019-06-15 09:19:56.604 23772 RALLYDEBUG rally_openstack.wrappers.network [-] CIDR generated: 1.1.4.208/30
2019-06-15 09:19:56.633 23756 RALLYDEBUG rally_openstack.wrappers.network [-] CIDR generated: 1.1.4.212/30
2019-06-15 09:19:56.742 23757 RALLYDEBUG rally_openstack.wrappers.network [-] CIDR generated: 1.1.4.216/30
2019-06-15 09:19:56.794 23759 RALLYDEBUG rally_openstack.wrappers.network [-] CIDR generated: 1.1.4.220/30
2019-06-15 09:19:56.796 23759 RALLYDEBUG rally_openstack.wrappers.network [-] CIDR generated: 1.1.4.224/30
2019-06-15 09:19:56.809 23792 RALLYDEBUG rally_openstack.wrappers.network [-] CIDR generated: 1.1.4.228/30
2019-06-15 09:19:56.878 23795 RALLYDEBUG rally_openstack.wrappers.network [-] CIDR generated: 1.1.4.232/30
2019-06-15 09:19:57.009 23791 RALLYDEBUG rally_openstack.wrappers.network [-] CIDR generated: 1.1.4.236/30
2019-06-15 09:19:57.377 23765 RALLYDEBUG rally_openstack.wrappers.network [-] CIDR generated: 1.1.4.240/30
2019-06-15 09:19:57.582 23756 RALLYDEBUG rally_openstack.wrappers.network [-] CIDR generated: 1.1.4.244/30
2019-06-15 09:19:58.030 23757 RALLYDEBUG rally_openstack.wrappers.network [-] CIDR generated: 1.1.4.248/30
2019-06-15 09:19:58.350 23796 RALLYDEBUG rally_openstack.wrappers.network [-] CIDR generated: 1.1.4.252/30
2019-06-15 09:19:59.957 23772 INFO rally.task.runner [-] Task 1a40d144-be5e-4a6a-984d-c47c1210712f | ITER: 13 END: OK
2019-06-15 09:19:59.962 23772 INFO rally.task.runner [-] Task 1a40d144-be5e-4a6a-984d-c47c1210712f | ITER: 21 START
2019-06-15 09:19:59.963 23772 WARNING rally_openstack.scenarios.neutron.utils [-] Running this scenario without either the 'network' or 'existing_network' context is deprecated
2019-06-15 09:20:01.217 23782 INFO rally.task.runner [-] Task 1a40d144-be5e-4a6a-984d-c47c1210712f | ITER: 14 END: OK
2019-06-15 09:20:01.221 23782 INFO rally.task.runner [-] Task 1a40d144-be5e-4a6a-984d-c47c1210712f | ITER: 22 START
2019-06-15 09:20:01.222 23782 WARNING rally_openstack.scenarios.neutron.utils [-] Running this scenario without either the 'network' or 'existing_network' context is deprecated
2019-06-15 09:20:01.232 23792 INFO rally.task.runner [-] Task 1a40d144-be5e-4a6a-984d-c47c1210712f | ITER: 18 END: OK
2019-06-15 09:20:01.236 23792 INFO rally.task.runner [-] Task 1a40d144-be5e-4a6a-984d-c47c1210712f | ITER: 23 START
2019-06-15 09:20:01.237 23792 WARNING rally_openstack.scenarios.neutron.utils [-] Running this scenario without either the 'network' or 'existing_network' context is deprecated
2019-06-15 09:20:01.406 23772 RALLYDEBUG rally_openstack.wrappers.network [-] CIDR generated: 1.1.5.0/30
2019-06-15 09:20:01.821 23756 INFO rally.task.runner [-] Task 1a40d144-be5e-4a6a-984d-c47c1210712f | ITER: 3 END: OK
2019-06-15 09:20:01.825 23756 INFO rally.task.runner [-] Task 1a40d144-be5e-4a6a-984d-c47c1210712f | ITER: 24 START
2019-06-15 09:20:01.826 23756 WARNING rally_openstack.scenarios.neutron.utils [-] Running this scenario without either the 'network' or 'existing_network' context is deprecated
2019-06-15 09:20:01.987 23782 RALLYDEBUG rally_openstack.wrappers.network [-] CIDR generated: 1.1.5.4/30
2019-06-15 09:20:02.301 23792 RALLYDEBUG rally_openstack.wrappers.network [-] CIDR generated: 1.1.5.8/30
2019-06-15 09:20:02.590 23765 INFO rally.task.runner [-] Task 1a40d144-be5e-4a6a-984d-c47c1210712f | ITER: 11 END: OK
2019-06-15 09:20:02.595 23765 INFO rally.task.runner [-] Task 1a40d144-be5e-4a6a-984d-c47c1210712f | ITER: 25 START
2019-06-15 09:20:02.596 23765 WARNING rally_openstack.scenarios.neutron.utils [-] Running this scenario without either the 'network' or 'existing_network' context is deprecated
2019-06-15 09:20:03.053 23756 RALLYDEBUG rally_openstack.wrappers.network [-] CIDR generated: 1.1.5.12/30
2019-06-15 09:20:03.090 23758 INFO rally.task.runner [-] Task 1a40d144-be5e-4a6a-984d-c47c1210712f | ITER: 7 END: OK
2019-06-15 09:20:03.095 23758 INFO rally.task.runner [-] Task 1a40d144-be5e-4a6a-984d-c47c1210712f | ITER: 26 START
2019-06-15 09:20:03.095 23758 WARNING rally_openstack.scenarios.neutron.utils [-] Running this scenario without either the 'network' or 'existing_network' context is deprecated
2019-06-15 09:20:03.337 23760 INFO rally.task.runner [-] Task 1a40d144-be5e-4a6a-984d-c47c1210712f | ITER: 8 END: OK
2019-06-15 09:20:03.341 23760 INFO rally.task.runner [-] Task 1a40d144-be5e-4a6a-984d-c47c1210712f | ITER: 27 START
2019-06-15 09:20:03.342 23760 WARNING rally_openstack.scenarios.neutron.utils [-] Running this scenario without either the 'network' or 'existing_network' context is deprecated
2019-06-15 09:20:03.392 23772 RALLYDEBUG rally_openstack.wrappers.network [-] CIDR generated: 1.1.5.16/30
2019-06-15 09:20:03.886 23759 INFO rally.task.runner [-] Task 1a40d144-be5e-4a6a-984d-c47c1210712f | ITER: 6 END: OK
2019-06-15 09:20:03.891 23759 INFO rally.task.runner [-] Task 1a40d144-be5e-4a6a-984d-c47c1210712f | ITER: 28 START
2019-06-15 09:20:03.892 23759 WARNING rally_openstack.scenarios.neutron.utils [-] Running this scenario without either the 'network' or 'existing_network' context is deprecated
2019-06-15 09:20:03.927 23798 INFO rally.task.runner [-] Task 1a40d144-be5e-4a6a-984d-c47c1210712f | ITER: 20 END: OK
2019-06-15 09:20:03.931 23798 INFO rally.task.runner [-] Task 1a40d144-be5e-4a6a-984d-c47c1210712f | ITER: 29 START
2019-06-15 09:20:03.932 23798 WARNING rally_openstack.scenarios.neutron.utils [-] Running this scenario without either the 'network' or 'existing_network' context is deprecated
2019-06-15 09:20:04.066 23782 RALLYDEBUG rally_openstack.wrappers.network [-] CIDR generated: 1.1.5.20/30
2019-06-15 09:20:04.130 23758 RALLYDEBUG rally_openstack.wrappers.network [-] CIDR generated: 1.1.5.24/30
2019-06-15 09:20:04.191 23756 RALLYDEBUG rally_openstack.wrappers.network [-] CIDR generated: 1.1.5.28/30
2019-06-15 09:20:04.263 23757 INFO rally.task.runner [-] Task 1a40d144-be5e-4a6a-984d-c47c1210712f | ITER: 5 END: OK
2019-06-15 09:20:04.268 23757 INFO rally.task.runner [-] Task 1a40d144-be5e-4a6a-984d-c47c1210712f | ITER: 30 START
2019-06-15 09:20:04.269 23757 WARNING rally_openstack.scenarios.neutron.utils [-] Running this scenario without either the 'network' or 'existing_network' context is deprecated
2019-06-15 09:20:04.273 23760 RALLYDEBUG rally_openstack.wrappers.network [-] CIDR generated: 1.1.5.32/30
2019-06-15 09:20:04.332 23765 RALLYDEBUG rally_openstack.wrappers.network [-] CIDR generated: 1.1.5.36/30
2019-06-15 09:20:04.368 23757 INFO rally.task.runner [-] Task 1a40d144-be5e-4a6a-984d-c47c1210712f | ITER: 2 END: OK
2019-06-15 09:20:04.372 23757 INFO rally.task.runner [-] Task 1a40d144-be5e-4a6a-984d-c47c1210712f | ITER: 31 START
2019-06-15 09:20:04.373 23757 WARNING rally_openstack.scenarios.neutron.utils [-] Running this scenario without either the 'network' or 'existing_network' context is deprecated
2019-06-15 09:20:04.487 23768 INFO rally.task.runner [-] Task 1a40d144-be5e-4a6a-984d-c47c1210712f | ITER: 12 END: OK
2019-06-15 09:20:04.491 23768 INFO rally.task.runner [-] Task 1a40d144-be5e-4a6a-984d-c47c1210712f | ITER: 32 START
2019-06-15 09:20:04.492 23768 WARNING rally_openstack.scenarios.neutron.utils [-] Running this scenario without either the 'network' or 'existing_network' context is deprecated
2019-06-15 09:20:04.724 23796 INFO rally.task.runner [-] Task 1a40d144-be5e-4a6a-984d-c47c1210712f | ITER: 19 END: OK
2019-06-15 09:20:04.729 23796 INFO rally.task.runner [-] Task 1a40d144-be5e-4a6a-984d-c47c1210712f | ITER: 33 START
2019-06-15 09:20:04.729 23796 WARNING rally_openstack.scenarios.neutron.utils [-] Running this scenario without either the 'network' or 'existing_network' context is deprecated
2019-06-15 09:20:05.058 23758 RALLYDEBUG rally_openstack.wrappers.network [-] CIDR generated: 1.1.5.40/30
2019-06-15 09:20:05.206 23757 RALLYDEBUG rally_openstack.wrappers.network [-] CIDR generated: 1.1.5.44/30
2019-06-15 09:20:05.387 23768 RALLYDEBUG rally_openstack.wrappers.network [-] CIDR generated: 1.1.5.48/30
2019-06-15 09:20:05.496 23796 RALLYDEBUG rally_openstack.wrappers.network [-] CIDR generated: 1.1.5.52/30
2019-06-15 09:20:05.501 23759 RALLYDEBUG rally_openstack.wrappers.network [-] CIDR generated: 1.1.5.56/30
2019-06-15 09:20:05.520 23757 RALLYDEBUG rally_openstack.wrappers.network [-] CIDR generated: 1.1.5.60/30
2019-06-15 09:20:05.649 23792 RALLYDEBUG rally_openstack.wrappers.network [-] CIDR generated: 1.1.5.64/30
2019-06-15 09:20:05.855 23763 INFO rally.task.runner [-] Task 1a40d144-be5e-4a6a-984d-c47c1210712f | ITER: 9 END: OK
2019-06-15 09:20:05.857 23760 RALLYDEBUG rally_openstack.wrappers.network [-] CIDR generated: 1.1.5.68/30
2019-06-15 09:20:05.861 23763 INFO rally.task.runner [-] Task 1a40d144-be5e-4a6a-984d-c47c1210712f | ITER: 34 START
2019-06-15 09:20:05.862 23763 WARNING rally_openstack.scenarios.neutron.utils [-] Running this scenario without either the 'network' or 'existing_network' context is deprecated
2019-06-15 09:20:06.332 23796 RALLYDEBUG rally_openstack.wrappers.network [-] CIDR generated: 1.1.5.72/30
2019-06-15 09:20:06.355 23759 INFO rally.task.runner [-] Task 1a40d144-be5e-4a6a-984d-c47c1210712f | ITER: 10 END: OK
2019-06-15 09:20:06.360 23759 INFO rally.task.runner [-] Task 1a40d144-be5e-4a6a-984d-c47c1210712f | ITER: 35 START
2019-06-15 09:20:06.360 23759 WARNING rally_openstack.scenarios.neutron.utils [-] Running this scenario without either the 'network' or 'existing_network' context is deprecated
2019-06-15 09:20:06.672 23798 RALLYDEBUG rally_openstack.wrappers.network [-] CIDR generated: 1.1.5.76/30
2019-06-15 09:20:06.678 23756 INFO rally.task.runner [-] Task 1a40d144-be5e-4a6a-984d-c47c1210712f | ITER: 1 END: OK
2019-06-15 09:20:06.682 23756 INFO rally.task.runner [-] Task 1a40d144-be5e-4a6a-984d-c47c1210712f | ITER: 36 START
2019-06-15 09:20:06.683 23756 WARNING rally_openstack.scenarios.neutron.utils [-] Running this scenario without either the 'network' or 'existing_network' context is deprecated
2019-06-15 09:20:06.745 23763 RALLYDEBUG rally_openstack.wrappers.network [-] CIDR generated: 1.1.5.80/30
2019-06-15 09:20:07.279 23765 RALLYDEBUG rally_openstack.wrappers.network [-] CIDR generated: 1.1.5.84/30
2019-06-15 09:20:07.392 23756 RALLYDEBUG rally_openstack.wrappers.network [-] CIDR generated: 1.1.5.88/30
2019-06-15 09:20:07.428 23759 RALLYDEBUG rally_openstack.wrappers.network [-] CIDR generated: 1.1.5.92/30
2019-06-15 09:20:07.511 23758 INFO rally.task.runner [-] Task 1a40d144-be5e-4a6a-984d-c47c1210712f | ITER: 4 END: OK
2019-06-15 09:20:07.515 23758 INFO rally.task.runner [-] Task 1a40d144-be5e-4a6a-984d-c47c1210712f | ITER: 37 START
2019-06-15 09:20:07.516 23758 WARNING rally_openstack.scenarios.neutron.utils [-] Running this scenario without either the 'network' or 'existing_network' context is deprecated
2019-06-15 09:20:07.743 23763 RALLYDEBUG rally_openstack.wrappers.network [-] CIDR generated: 1.1.5.96/30
2019-06-15 09:20:08.163 23785 INFO rally.task.runner [-] Task 1a40d144-be5e-4a6a-984d-c47c1210712f | ITER: 15 END: OK
2019-06-15 09:20:08.168 23785 INFO rally.task.runner [-] Task 1a40d144-be5e-4a6a-984d-c47c1210712f | ITER: 38 START
2019-06-15 09:20:08.169 23785 WARNING rally_openstack.scenarios.neutron.utils [-] Running this scenario without either the 'network' or 'existing_network' context is deprecated
2019-06-15 09:20:08.202 23795 INFO rally.task.runner [-] Task 1a40d144-be5e-4a6a-984d-c47c1210712f | ITER: 17 END: OK
2019-06-15 09:20:08.207 23795 INFO rally.task.runner [-] Task 1a40d144-be5e-4a6a-984d-c47c1210712f | ITER: 39 START
2019-06-15 09:20:08.207 23795 WARNING rally_openstack.scenarios.neutron.utils [-] Running this scenario without either the 'network' or 'existing_network' context is deprecated
2019-06-15 09:20:08.352 23768 RALLYDEBUG rally_openstack.wrappers.network [-] CIDR generated: 1.1.5.100/30
2019-06-15 09:20:08.406 23759 RALLYDEBUG rally_openstack.wrappers.network [-] CIDR generated: 1.1.5.104/30
2019-06-15 09:20:08.705 23758 RALLYDEBUG rally_openstack.wrappers.network [-] CIDR generated: 1.1.5.108/30
2019-06-15 09:20:09.048 23798 RALLYDEBUG rally_openstack.wrappers.network [-] CIDR generated: 1.1.5.112/30
2019-06-15 09:20:09.059 23785 RALLYDEBUG rally_openstack.wrappers.network [-] CIDR generated: 1.1.5.116/30
2019-06-15 09:20:09.235 23795 RALLYDEBUG rally_openstack.wrappers.network [-] CIDR generated: 1.1.5.120/30
2019-06-15 09:20:09.715 23757 RALLYDEBUG rally_openstack.wrappers.network [-] CIDR generated: 1.1.5.124/30
2019-06-15 09:20:09.803 23756 RALLYDEBUG rally_openstack.wrappers.network [-] CIDR generated: 1.1.5.128/30
2019-06-15 09:20:10.272 23758 RALLYDEBUG rally_openstack.wrappers.network [-] CIDR generated: 1.1.5.132/30
2019-06-15 09:20:10.508 23757 RALLYDEBUG rally_openstack.wrappers.network [-] CIDR generated: 1.1.5.136/30
2019-06-15 09:20:10.584 23772 INFO rally.task.runner [-] Task 1a40d144-be5e-4a6a-984d-c47c1210712f | ITER: 21 END: OK
2019-06-15 09:20:10.589 23772 INFO rally.task.runner [-] Task 1a40d144-be5e-4a6a-984d-c47c1210712f | ITER: 40 START
2019-06-15 09:20:10.589 23772 WARNING rally_openstack.scenarios.neutron.utils [-] Running this scenario without either the 'network' or 'existing_network' context is deprecated
2019-06-15 09:20:11.449 23758 INFO rally.task.runner [-] Task 1a40d144-be5e-4a6a-984d-c47c1210712f | ITER: 26 END: OK
2019-06-15 09:20:11.452 23772 RALLYDEBUG rally_openstack.wrappers.network [-] CIDR generated: 1.1.5.140/30
2019-06-15 09:20:11.504 23795 RALLYDEBUG rally_openstack.wrappers.network [-] CIDR generated: 1.1.5.144/30
2019-06-15 09:20:11.600 23785 RALLYDEBUG rally_openstack.wrappers.network [-] CIDR generated: 1.1.5.148/30
2019-06-15 09:20:11.840 23765 INFO rally.task.runner [-] Task 1a40d144-be5e-4a6a-984d-c47c1210712f | ITER: 25 END: OK
2019-06-15 09:20:11.913 23756 INFO rally.task.runner [-] Task 1a40d144-be5e-4a6a-984d-c47c1210712f | ITER: 24 END: OK
2019-06-15 09:20:12.077 23782 INFO rally.task.runner [-] Task 1a40d144-be5e-4a6a-984d-c47c1210712f | ITER: 22 END: OK
2019-06-15 09:20:12.236 23792 INFO rally.task.runner [-] Task 1a40d144-be5e-4a6a-984d-c47c1210712f | ITER: 23 END: OK
2019-06-15 09:20:12.507 23763 INFO rally.task.runner [-] Task 1a40d144-be5e-4a6a-984d-c47c1210712f | ITER: 34 END: OK
2019-06-15 09:20:12.814 23759 RALLYDEBUG rally_openstack.wrappers.network [-] CIDR generated: 1.1.5.152/30
2019-06-15 09:20:13.241 23791 INFO rally.task.runner [-] Task 1a40d144-be5e-4a6a-984d-c47c1210712f | ITER: 16 END: OK
2019-06-15 09:20:13.740 23760 INFO rally.task.runner [-] Task 1a40d144-be5e-4a6a-984d-c47c1210712f | ITER: 27 END: OK
2019-06-15 09:20:13.957 23796 INFO rally.task.runner [-] Task 1a40d144-be5e-4a6a-984d-c47c1210712f | ITER: 33 END: OK
2019-06-15 09:20:14.070 23768 INFO rally.task.runner [-] Task 1a40d144-be5e-4a6a-984d-c47c1210712f | ITER: 32 END: OK
2019-06-15 09:20:14.238 23772 RALLYDEBUG rally_openstack.wrappers.network [-] CIDR generated: 1.1.5.156/30
2019-06-15 09:20:14.803 23795 INFO rally.task.runner [-] Task 1a40d144-be5e-4a6a-984d-c47c1210712f | ITER: 39 END: OK
2019-06-15 09:20:14.808 23759 INFO rally.task.runner [-] Task 1a40d144-be5e-4a6a-984d-c47c1210712f | ITER: 28 END: OK
2019-06-15 09:20:15.225 23757 INFO rally.task.runner [-] Task 1a40d144-be5e-4a6a-984d-c47c1210712f | ITER: 31 END: OK
2019-06-15 09:20:15.266 23757 INFO rally.task.runner [-] Task 1a40d144-be5e-4a6a-984d-c47c1210712f | ITER: 30 END: OK
2019-06-15 09:20:15.347 23759 INFO rally.task.runner [-] Task 1a40d144-be5e-4a6a-984d-c47c1210712f | ITER: 35 END: OK
2019-06-15 09:20:15.709 23756 INFO rally.task.runner [-] Task 1a40d144-be5e-4a6a-984d-c47c1210712f | ITER: 36 END: OK
2019-06-15 09:20:15.886 23798 INFO rally.task.runner [-] Task 1a40d144-be5e-4a6a-984d-c47c1210712f | ITER: 29 END: OK
2019-06-15 09:20:16.405 23758 INFO rally.task.runner [-] Task 1a40d144-be5e-4a6a-984d-c47c1210712f | ITER: 37 END: OK
2019-06-15 09:20:16.678 23785 INFO rally.task.runner [-] Task 1a40d144-be5e-4a6a-984d-c47c1210712f | ITER: 38 END: OK
2019-06-15 09:20:17.702 23772 INFO rally.task.runner [-] Task 1a40d144-be5e-4a6a-984d-c47c1210712f | ITER: 40 END: OK
2019-06-15 09:20:17.732 21662 INFO rally.task.context [-] Task 1a40d144-be5e-4a6a-984d-c47c1210712f | Context cleanup@openstack cleanup() started
2019-06-15 09:20:17.736 21662 RALLYDEBUG rally_openstack.cleanup.manager [-] Cleaning up neutron vip objects
2019-06-15 09:20:18.133 21662 RALLYDEBUG rally_openstack.cleanup.manager [-] Cleaning up neutron health_monitor objects
2019-06-15 09:20:18.555 21662 RALLYDEBUG rally_openstack.cleanup.manager [-] Cleaning up neutron pool objects
2019-06-15 09:20:18.970 21662 RALLYDEBUG rally_openstack.cleanup.manager [-] Cleaning up neutron loadbalancer objects
2019-06-15 09:20:19.391 21662 RALLYDEBUG rally_openstack.cleanup.manager [-] Cleaning up neutron floatingip objects
2019-06-15 09:20:19.866 21662 RALLYDEBUG rally_openstack.cleanup.manager [-] Cleaning up neutron port objects
2019-06-15 09:20:20.371 21662 RALLYDEBUG rally_openstack.cleanup.manager [-] Cleaning up neutron subnet objects
2019-06-15 09:20:20.792 21662 RALLYDEBUG rally_openstack.cleanup.manager [-] Cleaning up neutron network objects
2019-06-15 09:20:21.367 21662 RALLYDEBUG rally_openstack.cleanup.manager [-] Deleting neutron.network object s_rally_9f8cc3ea_O5gpdHqX (00466e66-3714-4e6f-922a-843a18d5aae2)
2019-06-15 09:20:21.373 21662 RALLYDEBUG rally_openstack.cleanup.manager [-] Deleting neutron.network object s_rally_9f8cc3ea_VhyUjHtn (031ec4a2-5221-4785-a5bb-16ffce635449)
2019-06-15 09:20:21.380 21662 RALLYDEBUG rally_openstack.cleanup.manager [-] Deleting neutron.network object s_rally_9f8cc3ea_7A5Kvhzh (07296d36-bc99-46d9-a346-3046daf8a9a7)
2019-06-15 09:20:21.388 21662 RALLYDEBUG rally_openstack.cleanup.manager [-] Deleting neutron.network object s_rally_9f8cc3ea_Bb3p726u (100b0827-99e1-46c2-858e-546e13e13f33)
2019-06-15 09:20:21.392 21662 RALLYDEBUG rally_openstack.cleanup.manager [-] Deleting neutron.network object s_rally_9f8cc3ea_np2HRFHy (1c6eac4f-484c-4b7d-984f-b55dba7acf02)
2019-06-15 09:20:21.395 21662 RALLYDEBUG rally_openstack.cleanup.manager [-] Deleting neutron.network object s_rally_9f8cc3ea_TBFD8y4T (20858e43-58a2-4384-94f4-6523dbe49a48)
2019-06-15 09:20:21.422 21662 RALLYDEBUG rally_openstack.cleanup.manager [-] Deleting neutron.network object s_rally_9f8cc3ea_CNhqsTT5 (27c900f7-b021-4df9-ad6e-bada31cc6302)
2019-06-15 09:20:21.431 21662 RALLYDEBUG rally_openstack.cleanup.manager [-] Deleting neutron.network object s_rally_9f8cc3ea_oU3k8cQL (2c61db6e-6b8a-4700-b6c1-e5c4fdfde184)
2019-06-15 09:20:21.431 21662 RALLYDEBUG rally_openstack.cleanup.manager [-] Deleting neutron.network object s_rally_9f8cc3ea_T30JuIyK (2438d9c6-d99c-4563-8860-ad37463deea0)
2019-06-15 09:20:21.437 21662 RALLYDEBUG rally_openstack.cleanup.manager [-] Deleting neutron.network object s_rally_9f8cc3ea_Nw4ggtHv (366690f1-4069-455f-a058-cc96300f8b98)
2019-06-15 09:20:21.437 21662 RALLYDEBUG rally_openstack.cleanup.manager [-] Deleting neutron.network object s_rally_9f8cc3ea_Ech4YQ9i (2eb55ed5-9354-496a-93de-b43cd805b7bb)
2019-06-15 09:20:21.444 21662 RALLYDEBUG rally_openstack.cleanup.manager [-] Deleting neutron.network object s_rally_9f8cc3ea_9XQ0P3uT (3b5fbdf1-ba96-4231-9986-f082c295980f)
2019-06-15 09:20:21.463 21662 RALLYDEBUG rally_openstack.cleanup.manager [-] Deleting neutron.network object s_rally_9f8cc3ea_5834HMSK (42efb5d8-d421-4a7c-bb08-8b809f9d4878)
2019-06-15 09:20:21.520 21662 RALLYDEBUG rally_openstack.cleanup.manager [-] Deleting neutron.network object s_rally_9f8cc3ea_NjF7k2Df (4741b30a-86ae-42b9-a121-f64d6342e0b5)
2019-06-15 09:20:21.565 21662 RALLYDEBUG rally_openstack.cleanup.manager [-] Deleting neutron.network object s_rally_9f8cc3ea_wpbNlEvg (48ed158e-dbdd-4d10-9eec-a13757f5740b)
2019-06-15 09:20:21.575 21662 RALLYDEBUG rally_openstack.cleanup.manager [-] Deleting neutron.network object s_rally_9f8cc3ea_HXj2RttH (4756ae5a-8192-4aa5-907c-9486180aae3d)
2019-06-15 09:20:21.586 21662 RALLYDEBUG rally_openstack.cleanup.manager [-] Deleting neutron.network object s_rally_9f8cc3ea_h2OQipEL (4fd46e23-dbe4-4c68-a130-84c43679df75)
2019-06-15 09:20:21.610 21662 RALLYDEBUG rally_openstack.cleanup.manager [-] Deleting neutron.network object s_rally_9f8cc3ea_taHccSq9 (6389c2b6-77aa-46f6-b60d-1dbc300251e3)
2019-06-15 09:20:21.656 21662 RALLYDEBUG rally_openstack.cleanup.manager [-] Deleting neutron.network object s_rally_9f8cc3ea_8LeCfoQv (623a70ed-ba09-454b-b13a-4b696946525c)
2019-06-15 09:20:21.677 21662 RALLYDEBUG rally_openstack.cleanup.manager [-] Deleting neutron.network object s_rally_9f8cc3ea_wcmDc6fl (6640c107-9215-484e-8888-702a3f6f1547)
2019-06-15 09:20:24.079 21662 RALLYDEBUG rally_openstack.cleanup.manager [-] Deleting neutron.network object s_rally_9f8cc3ea_3Wc3E5Oz (68782623-5549-4f02-9759-cd8f7e72b529)
2019-06-15 09:20:24.113 21662 RALLYDEBUG rally_openstack.cleanup.manager [-] Deleting neutron.network object s_rally_9f8cc3ea_N6MdU0jo (71ac290a-4271-4bdb-9938-1a37705e52a5)
2019-06-15 09:20:24.213 21662 RALLYDEBUG rally_openstack.cleanup.manager [-] Deleting neutron.network object s_rally_9f8cc3ea_D9bwexWP (775b6ca7-891f-4178-af6b-96f834d4d2be)
2019-06-15 09:20:24.272 21662 RALLYDEBUG rally_openstack.cleanup.manager [-] Deleting neutron.network object s_rally_9f8cc3ea_hmZLgKcZ (79e72feb-0b0d-47fb-be63-e9c0e6b362aa)
2019-06-15 09:20:24.456 21662 RALLYDEBUG rally_openstack.cleanup.manager [-] Deleting neutron.network object s_rally_9f8cc3ea_HLnUWZQg (83ac624a-fa97-45d6-b87f-7ba33d5a1444)
2019-06-15 09:20:24.700 21662 RALLYDEBUG rally_openstack.cleanup.manager [-] Deleting neutron.network object s_rally_9f8cc3ea_SWt3FVP7 (9063c059-bb57-402a-af3c-11c15e7b0fb1)
2019-06-15 09:20:24.752 21662 RALLYDEBUG rally_openstack.cleanup.manager [-] Deleting neutron.network object s_rally_9f8cc3ea_lcWnHhce (93c737bc-8b43-45f7-a694-75ace6719ed8)
2019-06-15 09:20:24.761 21662 RALLYDEBUG rally_openstack.cleanup.manager [-] Deleting neutron.network object s_rally_9f8cc3ea_pd9aXJzl (9b023e34-3b11-4540-8210-abfd2fee0e73)
2019-06-15 09:20:24.799 21662 RALLYDEBUG rally_openstack.cleanup.manager [-] Deleting neutron.network object s_rally_9f8cc3ea_ttbqtPln (a56c06ef-fc11-460c-adc4-1fe77eebe2ef)
2019-06-15 09:20:25.045 21662 RALLYDEBUG rally_openstack.cleanup.manager [-] Deleting neutron.network object s_rally_9f8cc3ea_2eMiM8YL (aa6bf880-a1a3-48e9-b518-8fde1f1158b0)
2019-06-15 09:20:25.071 21662 RALLYDEBUG rally_openstack.cleanup.manager [-] Deleting neutron.network object s_rally_9f8cc3ea_En8bMFhj (ab21f778-4c7f-4348-8136-7c129176630c)
2019-06-15 09:20:25.111 21662 RALLYDEBUG rally_openstack.cleanup.manager [-] Deleting neutron.network object s_rally_9f8cc3ea_dY6XueVS (b92ad811-efbc-41e2-ab8b-20653fe7fce6)
2019-06-15 09:20:25.222 21662 RALLYDEBUG rally_openstack.cleanup.manager [-] Deleting neutron.network object s_rally_9f8cc3ea_ilJOGLpD (c1fd3bbb-007c-43e2-9df7-a8bc9c13a049)
2019-06-15 09:20:25.229 21662 RALLYDEBUG rally_openstack.cleanup.manager [-] Deleting neutron.network object s_rally_9f8cc3ea_TsZwVkAe (c7b3dd0e-c6ee-4e3c-aeae-56e9d3a80ff0)
2019-06-15 09:20:25.299 21662 RALLYDEBUG rally_openstack.cleanup.manager [-] Deleting neutron.network object s_rally_9f8cc3ea_2u6V6NUr (df84ba0e-39d3-4f3e-ab0f-7da4e25a5107)
2019-06-15 09:20:25.375 21662 RALLYDEBUG rally_openstack.cleanup.manager [-] Deleting neutron.network object s_rally_9f8cc3ea_HZzIWkNB (e21d9ef7-09d7-4d17-92fa-ae7613fcbe6b)
2019-06-15 09:20:25.451 21662 RALLYDEBUG rally_openstack.cleanup.manager [-] Deleting neutron.network object s_rally_9f8cc3ea_Pg73KXhW (e4a807c3-486e-4a9c-a6f2-83bfa92554a5)
2019-06-15 09:20:26.345 21662 RALLYDEBUG rally_openstack.cleanup.manager [-] Deleting neutron.network object s_rally_9f8cc3ea_usl42ML9 (e5efad83-4410-438c-a1ad-c4a114014ad9)
2019-06-15 09:20:26.371 21662 RALLYDEBUG rally_openstack.cleanup.manager [-] Deleting neutron.network object s_rally_9f8cc3ea_I6rvKvtB (eeecddbd-8a84-4439-952b-1cfe2a890edb)
2019-06-15 09:20:26.509 21662 RALLYDEBUG rally_openstack.cleanup.manager [-] Deleting neutron.network object s_rally_9f8cc3ea_HnuXBjHI (efc22302-f759-40b8-a58d-a3583284ef5d)
2019-06-15 09:20:28.865 21662 RALLYDEBUG rally_openstack.cleanup.manager [-] Cleaning up neutron router objects
2019-06-15 09:20:29.303 21662 RALLYDEBUG rally_openstack.cleanup.manager [-] Cleaning up neutron security_group objects
2019-06-15 09:20:29.741 21662 INFO rally.task.context [-] Task 1a40d144-be5e-4a6a-984d-c47c1210712f | Context cleanup@openstack cleanup() finished in 12.01 sec
2019-06-15 09:20:29.741 21662 INFO rally.task.context [-] Task 1a40d144-be5e-4a6a-984d-c47c1210712f | Context quotas@openstack cleanup() started
2019-06-15 09:20:29.818 21662 INFO rally.task.context [-] Task 1a40d144-be5e-4a6a-984d-c47c1210712f | Context quotas@openstack cleanup() finished in 76.45 msec
2019-06-15 09:20:29.818 21662 INFO rally.task.context [-] Task 1a40d144-be5e-4a6a-984d-c47c1210712f | Context users@openstack cleanup() started
2019-06-15 09:20:32.515 21662 INFO rally.task.context [-] Task 1a40d144-be5e-4a6a-984d-c47c1210712f | Context users@openstack cleanup() finished in 2.70 sec
2019-06-15 09:20:34.463 21662 INFO rally.task.engine [-] Load duration is: 24.418571
2019-06-15 09:20:34.464 21662 INFO rally.task.engine [-] Full runner duration is: 24.474774
2019-06-15 09:20:34.464 21662 INFO rally.task.engine [-] Full duration is: 42.231336
2019-06-15 09:20:34.841 21662 INFO rally.task.engine [-] Running workload: position = 0 config = { "version": 2, "title": "A cropped version of a bigger task.", "description": "Auto-generated task from a single workload (uuid=378e37b8-d5ce-48e6-afe1-549302d2a0c5)", "subtasks": [ { "title": "NeutronNetworks.create_and_list_routers", "description": "Create and a given number of routers and list all routers.", "scenario": { "NeutronNetworks.create_and_list_routers": { "network_create_args": null, "subnet_create_args": null, "subnet_cidr_start": "1.1.0.0/30", "subnets_per_network": 2, "router_create_args": null } }, "contexts": { "users": { "tenants": 1, "users_per_tenant": 1 }, "quotas": { "neutron": { "network": -1, "subnet": -1, "router": -1 } } }, "runner": { "constant": { "times": 40, "concurrency": 20 } }, "hooks": [], "sla": { "failure_rate": { "max": 0 } } } ] }
2019-06-15 09:20:34.867 21662 RALLYDEBUG rally_openstack.contexts.keystone.users [-] Creating 1 tenants using 20 threads
2019-06-15 09:20:35.827 21662 RALLYDEBUG rally_openstack.contexts.keystone.users [-] Creating 1 users using 20 threads
2019-06-15 09:20:37.236 21662 INFO rally.task.context [-] Task 1a40d144-be5e-4a6a-984d-c47c1210712f | Context users@openstack setup() finished in 2.37 sec
2019-06-15 09:20:37.790 21662 INFO rally.task.context [-] Task 1a40d144-be5e-4a6a-984d-c47c1210712f | Context quotas@openstack setup() finished in 0.55 sec
2019-06-15 09:20:37.790 21662 INFO rally.task.context [-] Task 1a40d144-be5e-4a6a-984d-c47c1210712f | Context cleanup@openstack setup() finished in 0.01 msec
2019-06-15 09:20:37.799 21662 RALLYDEBUG rally.task.runner [-] Starting the constant runner (task UUID: 1a40d144-be5e-4a6a-984d-c47c1210712f). timeout: 0 concurrency: 20 concurrency_per_worker: 1 times: 40 concurrency_overhead: 4 processes_to_start: 16 max_cpu_used: 16
2019-06-15 09:20:37.812 24126 RALLYDEBUG rally.task.runner [-] Starting a worker. concurrency: 2 args: {"network_create_args": null, "subnet_create_args": null, "subnet_cidr_start": "1.1.0.0/30", "subnets_per_network": 2, "router_create_args": null} times: 40 method_name: run timeout: 0 duration: None cls:
2019-06-15 09:20:37.815 24127 RALLYDEBUG rally.task.runner [-] Starting a worker. concurrency: 2 args: {"network_create_args": null, "subnet_create_args": null, "subnet_cidr_start": "1.1.0.0/30", "subnets_per_network": 2, "router_create_args": null} times: 40 method_name: run timeout: 0 duration: None cls:
2019-06-15 09:20:37.818 24128 RALLYDEBUG rally.task.runner [-] Starting a worker. concurrency: 2 args: {"network_create_args": null, "subnet_create_args": null, "subnet_cidr_start": "1.1.0.0/30", "subnets_per_network": 2, "router_create_args": null} times: 40 method_name: run timeout: 0 duration: None cls:
2019-06-15 09:20:37.820 24126 INFO rally.task.runner [-] Task 1a40d144-be5e-4a6a-984d-c47c1210712f | ITER: 1 START
2019-06-15 09:20:37.822 24127 INFO rally.task.runner [-] Task 1a40d144-be5e-4a6a-984d-c47c1210712f | ITER: 2 START
2019-06-15 09:20:37.822 24129 RALLYDEBUG rally.task.runner [-] Starting a worker. concurrency: 2 args: {"network_create_args": null, "subnet_create_args": null, "subnet_cidr_start": "1.1.0.0/30", "subnets_per_network": 2, "router_create_args": null} times: 40 method_name: run timeout: 0 duration: None cls:
2019-06-15 09:20:37.825 24130 RALLYDEBUG rally.task.runner [-] Starting a worker. concurrency: 1 args: {"network_create_args": null, "subnet_create_args": null, "subnet_cidr_start": "1.1.0.0/30", "subnets_per_network": 2, "router_create_args": null} times: 40 method_name: run timeout: 0 duration: None cls:
2019-06-15 09:20:37.829 24129 INFO rally.task.runner [-] Task 1a40d144-be5e-4a6a-984d-c47c1210712f | ITER: 6 START
2019-06-15 09:20:37.829 24128 INFO rally.task.runner [-] Task 1a40d144-be5e-4a6a-984d-c47c1210712f | ITER: 4 START
2019-06-15 09:20:37.831 24134 RALLYDEBUG rally.task.runner [-] Starting a worker. concurrency: 1 args: {"network_create_args": null, "subnet_create_args": null, "subnet_cidr_start": "1.1.0.0/30", "subnets_per_network": 2, "router_create_args": null} times: 40 method_name: run timeout: 0 duration: None cls:
2019-06-15 09:20:37.833 24137 RALLYDEBUG rally.task.runner [-] Starting a worker. concurrency: 1 args: {"network_create_args": null, "subnet_create_args": null, "subnet_cidr_start": "1.1.0.0/30", "subnets_per_network": 2, "router_create_args": null} times: 40 method_name: run timeout: 0 duration: None cls:
2019-06-15 09:20:37.835 24130 INFO rally.task.runner [-] Task 1a40d144-be5e-4a6a-984d-c47c1210712f | ITER: 8 START
2019-06-15 09:20:37.836 24142 RALLYDEBUG rally.task.runner [-] Starting a worker. concurrency: 1 args: {"network_create_args": null, "subnet_create_args": null, "subnet_cidr_start": "1.1.0.0/30", "subnets_per_network": 2, "router_create_args": null} times: 40 method_name: run timeout: 0 duration: None cls:
2019-06-15 09:20:37.839 24134 INFO rally.task.runner [-] Task 1a40d144-be5e-4a6a-984d-c47c1210712f | ITER: 10 START
2019-06-15 09:20:37.841 24137 INFO rally.task.runner [-] Task 1a40d144-be5e-4a6a-984d-c47c1210712f | ITER: 11 START
2019-06-15 09:20:37.830 24128 INFO rally.task.runner [-] Task 1a40d144-be5e-4a6a-984d-c47c1210712f | ITER: 7 START
2019-06-15 09:20:37.841 24144 RALLYDEBUG rally.task.runner [-] Starting a worker. concurrency: 1 args: {"network_create_args": null, "subnet_create_args": null, "subnet_cidr_start": "1.1.0.0/30", "subnets_per_network": 2, "router_create_args": null} times: 40 method_name: run timeout: 0 duration: None cls:
2019-06-15 09:20:37.842 24126 INFO rally.task.runner [-] Task 1a40d144-be5e-4a6a-984d-c47c1210712f | ITER: 3 START
2019-06-15 09:20:37.842 24127 INFO rally.task.runner [-] Task 1a40d144-be5e-4a6a-984d-c47c1210712f | ITER: 5 START
2019-06-15 09:20:37.844 24142 INFO rally.task.runner [-] Task 1a40d144-be5e-4a6a-984d-c47c1210712f | ITER: 12 START
2019-06-15 09:20:37.843 24129 INFO rally.task.runner [-] Task 1a40d144-be5e-4a6a-984d-c47c1210712f | ITER: 9 START
2019-06-15 09:20:37.849 24144 INFO rally.task.runner [-] Task 1a40d144-be5e-4a6a-984d-c47c1210712f | ITER: 13 START
2019-06-15 09:20:37.849 24153 RALLYDEBUG rally.task.runner [-] Starting a worker. concurrency: 1 args: {"network_create_args": null, "subnet_create_args": null, "subnet_cidr_start": "1.1.0.0/30", "subnets_per_network": 2, "router_create_args": null} times: 40 method_name: run timeout: 0 duration: None cls:
2019-06-15 09:20:37.856 24158 RALLYDEBUG rally.task.runner [-] Starting a worker. concurrency: 1 args: {"network_create_args": null, "subnet_create_args": null, "subnet_cidr_start": "1.1.0.0/30", "subnets_per_network": 2, "router_create_args": null} times: 40 method_name: run timeout: 0 duration: None cls:
2019-06-15 09:20:37.858 24153 INFO rally.task.runner [-] Task 1a40d144-be5e-4a6a-984d-c47c1210712f | ITER: 14 START
2019-06-15 09:20:37.862 24159 RALLYDEBUG rally.task.runner [-] Starting a worker. concurrency: 1 args: {"network_create_args": null, "subnet_create_args": null, "subnet_cidr_start": "1.1.0.0/30", "subnets_per_network": 2, "router_create_args": null} times: 40 method_name: run timeout: 0 duration: None cls:
2019-06-15 09:20:37.863 24158 INFO rally.task.runner [-] Task 1a40d144-be5e-4a6a-984d-c47c1210712f | ITER: 15 START
2019-06-15 09:20:37.868 24162 RALLYDEBUG rally.task.runner [-] Starting a worker. concurrency: 1 args: {"network_create_args": null, "subnet_create_args": null, "subnet_cidr_start": "1.1.0.0/30", "subnets_per_network": 2, "router_create_args": null} times: 40 method_name: run timeout: 0 duration: None cls:
2019-06-15 09:20:37.870 24159 INFO rally.task.runner [-] Task 1a40d144-be5e-4a6a-984d-c47c1210712f | ITER: 16 START
2019-06-15 09:20:37.875 24162 INFO rally.task.runner [-] Task 1a40d144-be5e-4a6a-984d-c47c1210712f | ITER: 17 START
2019-06-15 09:20:37.877 24167 RALLYDEBUG rally.task.runner [-] Starting a worker. concurrency: 1 args: {"network_create_args": null, "subnet_create_args": null, "subnet_cidr_start": "1.1.0.0/30", "subnets_per_network": 2, "router_create_args": null} times: 40 method_name: run timeout: 0 duration: None cls:
2019-06-15 09:20:37.883 24167 INFO rally.task.runner [-] Task 1a40d144-be5e-4a6a-984d-c47c1210712f | ITER: 18 START
2019-06-15 09:20:37.886 24170 RALLYDEBUG rally.task.runner [-] Starting a worker. concurrency: 1 args: {"network_create_args": null, "subnet_create_args": null, "subnet_cidr_start": "1.1.0.0/30", "subnets_per_network": 2, "router_create_args": null} times: 40 method_name: run timeout: 0 duration: None cls:
2019-06-15 09:20:37.892 24170 INFO rally.task.runner [-] Task 1a40d144-be5e-4a6a-984d-c47c1210712f | ITER: 19 START
2019-06-15 09:20:37.892 24173 RALLYDEBUG rally.task.runner [-] Starting a worker. concurrency: 1 args: {"network_create_args": null, "subnet_create_args": null, "subnet_cidr_start": "1.1.0.0/30", "subnets_per_network": 2, "router_create_args": null} times: 40 method_name: run timeout: 0 duration: None cls:
2019-06-15 09:20:37.897 24173 INFO rally.task.runner [-] Task 1a40d144-be5e-4a6a-984d-c47c1210712f | ITER: 20 START
2019-06-15 09:20:38.705 24134 RALLYDEBUG rally_openstack.wrappers.network [-] CIDR generated: 1.1.5.160/30
2019-06-15 09:20:38.739 24127 RALLYDEBUG rally_openstack.wrappers.network [-] CIDR generated: 1.1.5.164/30
2019-06-15 09:20:38.759 24126 RALLYDEBUG rally_openstack.wrappers.network [-] CIDR generated: 1.1.5.168/30
2019-06-15 09:20:38.864 24127 RALLYDEBUG rally_openstack.wrappers.network [-] CIDR generated: 1.1.5.172/30
2019-06-15 09:20:38.891 24137 RALLYDEBUG rally_openstack.wrappers.network [-] CIDR generated: 1.1.5.176/30
2019-06-15 09:20:38.895 24128 RALLYDEBUG rally_openstack.wrappers.network [-] CIDR generated: 1.1.5.180/30
2019-06-15 09:20:38.901 24130 RALLYDEBUG rally_openstack.wrappers.network [-] CIDR generated: 1.1.5.184/30
2019-06-15 09:20:38.985 24159 RALLYDEBUG rally_openstack.wrappers.network [-] CIDR generated: 1.1.5.188/30
2019-06-15 09:20:39.053 24142 RALLYDEBUG rally_openstack.wrappers.network [-] CIDR generated: 1.1.5.192/30
2019-06-15 09:20:39.079 24128 RALLYDEBUG rally_openstack.wrappers.network [-] CIDR generated: 1.1.5.196/30
2019-06-15 09:20:39.089 24173 RALLYDEBUG rally_openstack.wrappers.network [-] CIDR generated: 1.1.5.200/30
2019-06-15 09:20:39.097 24153 RALLYDEBUG rally_openstack.wrappers.network [-] CIDR generated: 1.1.5.204/30
2019-06-15 09:20:39.119 24158 RALLYDEBUG rally_openstack.wrappers.network [-] CIDR generated: 1.1.5.208/30
2019-06-15 09:20:39.216 24129 RALLYDEBUG rally_openstack.wrappers.network [-] CIDR generated: 1.1.5.212/30
2019-06-15 09:20:39.237 24129 RALLYDEBUG rally_openstack.wrappers.network [-] CIDR generated: 1.1.5.216/30
2019-06-15 09:20:39.281 24126 RALLYDEBUG rally_openstack.wrappers.network [-] CIDR generated: 1.1.5.220/30
2019-06-15 09:20:39.400 24144 RALLYDEBUG rally_openstack.wrappers.network [-] CIDR generated: 1.1.5.224/30
2019-06-15 09:20:39.401 24162 RALLYDEBUG rally_openstack.wrappers.network [-] CIDR generated: 1.1.5.228/30
2019-06-15 09:20:39.539 24170 RALLYDEBUG rally_openstack.wrappers.network [-] CIDR generated: 1.1.5.232/30
2019-06-15 09:20:39.626 24167 RALLYDEBUG rally_openstack.wrappers.network [-] CIDR generated: 1.1.5.236/30
2019-06-15 09:20:39.972 24137 RALLYDEBUG rally_openstack.wrappers.network [-] CIDR generated: 1.1.5.240/30
2019-06-15 09:20:40.117 24144 RALLYDEBUG rally_openstack.wrappers.network [-] CIDR generated: 1.1.5.244/30
2019-06-15 09:20:40.304 24126 RALLYDEBUG rally_openstack.wrappers.network [-] CIDR generated: 1.1.5.248/30
2019-06-15 09:20:40.362 24170 RALLYDEBUG rally_openstack.wrappers.network [-] CIDR generated: 1.1.5.252/30
2019-06-15 09:20:40.424 24162 RALLYDEBUG rally_openstack.wrappers.network [-] CIDR generated: 1.1.6.0/30
2019-06-15 09:20:40.487 24129 RALLYDEBUG rally_openstack.wrappers.network [-] CIDR generated: 1.1.6.4/30
2019-06-15 09:20:40.926 24130 RALLYDEBUG rally_openstack.wrappers.network [-] CIDR generated: 1.1.6.8/30
2019-06-15 09:20:40.966 24127 RALLYDEBUG rally_openstack.wrappers.network [-] CIDR generated: 1.1.6.12/30
2019-06-15 09:20:41.066 24159 RALLYDEBUG rally_openstack.wrappers.network [-] CIDR generated: 1.1.6.16/30
2019-06-15 09:20:41.081 24127 RALLYDEBUG rally_openstack.wrappers.network [-] CIDR generated: 1.1.6.20/30
2019-06-15 09:20:41.168 24173 RALLYDEBUG rally_openstack.wrappers.network [-] CIDR generated: 1.1.6.24/30
2019-06-15 09:20:41.215 24142 RALLYDEBUG rally_openstack.wrappers.network [-] CIDR generated: 1.1.6.28/30
2019-06-15 09:20:41.351 24153 RALLYDEBUG rally_openstack.wrappers.network [-] CIDR generated: 1.1.6.32/30
2019-06-15 09:20:42.083 24128 RALLYDEBUG rally_openstack.wrappers.network [-] CIDR generated: 1.1.6.36/30
2019-06-15 09:20:42.129 24167 RALLYDEBUG rally_openstack.wrappers.network [-] CIDR generated: 1.1.6.40/30
2019-06-15 09:20:42.243 24158 RALLYDEBUG rally_openstack.wrappers.network [-] CIDR generated: 1.1.6.44/30
2019-06-15 09:20:42.252 24134 RALLYDEBUG rally_openstack.wrappers.network [-] CIDR generated: 1.1.6.48/30
2019-06-15 09:20:42.376 24126 RALLYDEBUG rally_openstack.wrappers.network [-] CIDR generated: 1.1.6.52/30
2019-06-15 09:20:42.744 24128 RALLYDEBUG rally_openstack.wrappers.network [-] CIDR generated: 1.1.6.56/30
2019-06-15 09:20:43.441 24129 RALLYDEBUG rally_openstack.wrappers.network [-] CIDR generated: 1.1.6.60/30
2019-06-15 09:20:50.662 24128 INFO rally.task.runner [-] Task 1a40d144-be5e-4a6a-984d-c47c1210712f | ITER: 4 END: OK
2019-06-15 09:20:50.666 24128 INFO rally.task.runner [-] Task 1a40d144-be5e-4a6a-984d-c47c1210712f | ITER: 21 START
2019-06-15 09:20:51.313 24128 RALLYDEBUG rally_openstack.wrappers.network [-] CIDR generated: 1.1.6.64/30
2019-06-15 09:20:51.965 24129 INFO rally.task.runner [-] Task 1a40d144-be5e-4a6a-984d-c47c1210712f | ITER: 9 END: OK
2019-06-15 09:20:51.969 24129 INFO rally.task.runner [-] Task 1a40d144-be5e-4a6a-984d-c47c1210712f | ITER: 22 START
2019-06-15 09:20:52.117 24153 INFO rally.task.runner [-] Task 1a40d144-be5e-4a6a-984d-c47c1210712f | ITER: 14 END: OK
2019-06-15 09:20:52.121 24153 INFO rally.task.runner [-] Task 1a40d144-be5e-4a6a-984d-c47c1210712f | ITER: 23 START
2019-06-15 09:20:52.550 24130 INFO rally.task.runner [-] Task 1a40d144-be5e-4a6a-984d-c47c1210712f | ITER: 8 END: OK
2019-06-15 09:20:52.554 24130 INFO rally.task.runner [-] Task 1a40d144-be5e-4a6a-984d-c47c1210712f | ITER: 24 START
2019-06-15 09:20:52.696 24129 RALLYDEBUG rally_openstack.wrappers.network [-] CIDR generated: 1.1.6.68/30
2019-06-15 09:20:52.885 24153 RALLYDEBUG rally_openstack.wrappers.network [-] CIDR generated: 1.1.6.72/30
2019-06-15 09:20:53.153 24134 INFO rally.task.runner [-] Task 1a40d144-be5e-4a6a-984d-c47c1210712f | ITER: 10 END: OK
