2019-06-15 09:27:37.719 21662 RALLYDEBUG rally_openstack.cleanup.manager [-] Deleting neutron.port object s_rally_1ef77193_AJ3ZoQju (d5f9981a-268e-4250-8a7e-d1a4b595aa20)
2019-06-15 09:27:37.755 21662 RALLYDEBUG rally_openstack.cleanup.manager [-] Deleting neutron.port object s_rally_1ef77193_jqHXO8jY (d6560f7d-c358-47f0-bd1e-f1d34a759445)
2019-06-15 09:27:37.809 21662 RALLYDEBUG rally_openstack.cleanup.manager [-] Deleting neutron.port object s_rally_1ef77193_OvOToJ5s (d8116951-cd77-4b61-a8f3-29028629800a)
2019-06-15 09:27:38.051 21662 RALLYDEBUG rally_openstack.cleanup.manager [-] Deleting neutron.port object s_rally_1ef77193_Z5QAR2Wk (d8a866a7-209f-48b6-b047-ead0acdd4efc)
2019-06-15 09:27:38.123 21662 RALLYDEBUG rally_openstack.cleanup.manager [-] Deleting neutron.port object s_rally_1ef77193_N5483RHY (d8fa785c-288b-4586-8ebb-7edd74a3e242)
2019-06-15 09:27:38.156 21662 RALLYDEBUG rally_openstack.cleanup.manager [-] Deleting neutron.port object s_rally_1ef77193_vDnqHQU4 (db305a6d-3b4a-4481-94b0-bc7ae1180005)
2019-06-15 09:27:38.342 21662 RALLYDEBUG rally_openstack.cleanup.manager [-] Deleting neutron.port object s_rally_1ef77193_AmFbdJqE (dc2ec8a6-46b4-4b83-9834-67109ff3f532)
2019-06-15 09:27:38.456 21662 RALLYDEBUG rally_openstack.cleanup.manager [-] Deleting neutron.port object s_rally_1ef77193_BN64p3XP (dc97f88f-7043-4cc2-8894-bab0e6d0b6b4)
2019-06-15 09:27:38.544 21662 RALLYDEBUG rally_openstack.cleanup.manager [-] Deleting neutron.port object s_rally_1ef77193_iilOjV65 (de948720-7ca1-4e91-8666-3cabcb2ef54c)
2019-06-15 09:27:38.760 21662 RALLYDEBUG rally_openstack.cleanup.manager [-] Deleting neutron.port object s_rally_1ef77193_zIchEveS (df001e83-1b46-4a7d-9a20-767692f56775)
2019-06-15 09:27:38.881 21662 RALLYDEBUG rally_openstack.cleanup.manager [-] Deleting neutron.port object s_rally_1ef77193_SicpLsHU (df8b8643-4643-4e43-ad80-97d616c5d75d)
2019-06-15 09:27:38.963 21662 RALLYDEBUG rally_openstack.cleanup.manager [-] Deleting neutron.port object s_rally_1ef77193_WozbIRL9 (dfe3b86c-d358-4b39-af5a-31abe00fdba8)
2019-06-15 09:27:38.995 21662 RALLYDEBUG rally_openstack.cleanup.manager [-] Deleting neutron.port object s_rally_1ef77193_D7BGeDU9 (e020a8de-0cbb-4ab7-9308-c8b9c3eb6c9f)
2019-06-15 09:27:39.088 21662 RALLYDEBUG rally_openstack.cleanup.manager [-] Deleting neutron.port object s_rally_1ef77193_hqweZZjo (e098ac11-5539-4fdf-8387-79997e43e05f)
2019-06-15 09:27:39.354 21662 RALLYDEBUG rally_openstack.cleanup.manager [-] Deleting neutron.port object s_rally_1ef77193_0q2HXwvA (e47f2024-39d4-4815-8340-a32888f5df3a)
2019-06-15 09:27:39.453 21662 RALLYDEBUG rally_openstack.cleanup.manager [-] Deleting neutron.port object s_rally_1ef77193_OfKpMmEn (e4bd7de7-6d35-4b95-8f12-7c03014f2dfe)
2019-06-15 09:27:39.626 21662 RALLYDEBUG rally_openstack.cleanup.manager [-] Deleting neutron.port object s_rally_1ef77193_6dAHTpCI (e51ca970-67a2-4ec3-86c9-119474d7dd86)
2019-06-15 09:27:39.716 21662 RALLYDEBUG rally_openstack.cleanup.manager [-] Deleting neutron.port object s_rally_1ef77193_axC3OJs9 (e53f9431-903e-42e7-9204-c5f9dd1ca675)
2019-06-15 09:27:39.743 21662 RALLYDEBUG rally_openstack.cleanup.manager [-] Deleting neutron.port object s_rally_1ef77193_3bozbXVP (e5806ca7-ed11-44e0-a8de-1b09022d7afb)
2019-06-15 09:27:39.756 21662 RALLYDEBUG rally_openstack.cleanup.manager [-] Deleting neutron.port object s_rally_1ef77193_TJpqqeg8 (e5bb5a96-9b3d-4beb-ab81-9818fb676f3f)
2019-06-15 09:27:39.824 21662 RALLYDEBUG rally_openstack.cleanup.manager [-] Deleting neutron.port object s_rally_1ef77193_FhsdiM37 (e61c23af-072c-4b03-ab73-40891f158e3e)
2019-06-15 09:27:39.951 21662 RALLYDEBUG rally_openstack.cleanup.manager [-] Deleting neutron.port object s_rally_1ef77193_ToVict36 (e65e5115-94a3-4562-a38f-b3062059bf56)
2019-06-15 09:27:40.089 21662 RALLYDEBUG rally_openstack.cleanup.manager [-] Deleting neutron.port object s_rally_1ef77193_ocGf11gX (e71f00ba-31a0-43f4-8bd9-4ca075df7264)
2019-06-15 09:27:40.465 21662 RALLYDEBUG rally_openstack.cleanup.manager [-] Deleting neutron.port object s_rally_1ef77193_Wib4yiz2 (e79a6ba3-87aa-4301-ad85-485f7e6215b8)
2019-06-15 09:27:40.587 21662 RALLYDEBUG rally_openstack.cleanup.manager [-] Deleting neutron.port object s_rally_1ef77193_MMXce0OL (e8281549-b010-445c-bcff-776d61f570a5)
2019-06-15 09:27:40.721 21662 RALLYDEBUG rally_openstack.cleanup.manager [-] Deleting neutron.port object s_rally_1ef77193_YPXfqGXh (e95fef93-9cb4-4631-892e-428aead4d048)
2019-06-15 09:27:40.769 21662 RALLYDEBUG rally_openstack.cleanup.manager [-] Deleting neutron.port object s_rally_1ef77193_xMbvCzPN (e997f4f8-3143-413b-8b7d-413fd13f6bb1)
2019-06-15 09:27:40.790 21662 RALLYDEBUG rally_openstack.cleanup.manager [-] Deleting neutron.port object s_rally_1ef77193_GsQJmonJ (eb063596-acdb-4911-8bc4-07c34121fc95)
2019-06-15 09:27:40.880 21662 RALLYDEBUG rally_openstack.cleanup.manager [-] Deleting neutron.port object s_rally_1ef77193_74SBv7kF (eb79025e-7882-408d-9fbf-40cd55db6f7a)
2019-06-15 09:27:40.978 21662 RALLYDEBUG rally_openstack.cleanup.manager [-] Deleting neutron.port object s_rally_1ef77193_xbXUy7rW (ec5e1067-2cb4-42b7-a4b6-0fe4c38b25ad)
2019-06-15 09:27:41.177 21662 RALLYDEBUG rally_openstack.cleanup.manager [-] Deleting neutron.port object s_rally_1ef77193_gtzjjQ94 (ec73ded0-9be2-48ce-9811-a996719ed380)
2019-06-15 09:27:41.349 21662 RALLYDEBUG rally_openstack.cleanup.manager [-] Deleting neutron.port object s_rally_1ef77193_L2qI8WZZ (ed9074b3-ce92-4999-9fc0-c1e59df1e25d)
2019-06-15 09:27:41.356 21662 RALLYDEBUG rally_openstack.cleanup.manager [-] Deleting neutron.port object s_rally_1ef77193_4nZ1BlDj (edb6c5f4-41c4-4861-86f3-4dd46ce6f3bd)
2019-06-15 09:27:41.446 21662 RALLYDEBUG rally_openstack.cleanup.manager [-] Deleting neutron.port object s_rally_1ef77193_gkdO6Gfx (ee6a1376-5b08-4b8d-81ab-229e1ee92024)
2019-06-15 09:27:41.653 21662 RALLYDEBUG rally_openstack.cleanup.manager [-] Deleting neutron.port object s_rally_1ef77193_16L9xwU8 (eff22c13-2c84-4790-b60e-88d4c603811d)
2019-06-15 09:27:41.668 21662 RALLYDEBUG rally_openstack.cleanup.manager [-] Deleting neutron.port object s_rally_1ef77193_67aq6gyY (f0472e4a-05f2-429e-97fd-e34dc7a61b37)
2019-06-15 09:27:41.847 21662 RALLYDEBUG rally_openstack.cleanup.manager [-] Deleting neutron.port object s_rally_1ef77193_X5rpoRxI (f08fb06b-6025-4896-9adf-5c8b60a7dd8c)
2019-06-15 09:27:41.993 21662 RALLYDEBUG rally_openstack.cleanup.manager [-] Deleting neutron.port object s_rally_1ef77193_Yd0xS48H (f0c8e7fa-025c-44c4-ae3f-e173330ef3e5)
2019-06-15 09:27:42.002 21662 RALLYDEBUG rally_openstack.cleanup.manager [-] Deleting neutron.port object s_rally_1ef77193_fL7ymXYB (f18423b8-cd23-4792-8f36-e4064a65522a)
2019-06-15 09:27:42.057 21662 RALLYDEBUG rally_openstack.cleanup.manager [-] Deleting neutron.port object s_rally_1ef77193_8hAehauj (f1dcd67e-7b48-45f5-8971-794e5303b26b)
2019-06-15 09:27:42.205 21662 RALLYDEBUG rally_openstack.cleanup.manager [-] Deleting neutron.port object s_rally_1ef77193_rlXwc1AS (f2d0949d-e747-479d-94e4-3b9910479587)
2019-06-15 09:27:42.379 21662 RALLYDEBUG rally_openstack.cleanup.manager [-] Deleting neutron.port object s_rally_1ef77193_VPYOIE6W (f3dbdabd-c807-4c8f-a5cf-1e48445524ab)
2019-06-15 09:27:42.644 21662 RALLYDEBUG rally_openstack.cleanup.manager [-] Deleting neutron.port object s_rally_1ef77193_ddFhPmWn (f4201c61-32fd-474d-9c18-9d04c732903d)
2019-06-15 09:27:42.645 21662 RALLYDEBUG rally_openstack.cleanup.manager [-] Deleting neutron.port object s_rally_1ef77193_e5yLWow0 (f5329b3f-44a7-492c-9f47-81bec0a2cdde)
2019-06-15 09:27:42.762 21662 RALLYDEBUG rally_openstack.cleanup.manager [-] Deleting neutron.port object s_rally_1ef77193_uqTsmItA (f5c0875e-3206-46ab-9770-b29cf2ae1ea8)
2019-06-15 09:27:42.866 21662 RALLYDEBUG rally_openstack.cleanup.manager [-] Deleting neutron.port object s_rally_1ef77193_QlyNiPtO (f772aea7-8162-4daa-a08d-5ee60f6a3b32)
2019-06-15 09:27:42.995 21662 RALLYDEBUG rally_openstack.cleanup.manager [-] Deleting neutron.port object s_rally_1ef77193_UDGUZdou (f8310a0b-ef00-4f8d-bbd9-866bd2ac9594)
2019-06-15 09:27:43.125 21662 RALLYDEBUG rally_openstack.cleanup.manager [-] Deleting neutron.port object s_rally_1ef77193_Spoh16J7 (f95d75a9-d003-4fe9-bb7e-a2bdd1193484)
2019-06-15 09:27:43.159 21662 RALLYDEBUG rally_openstack.cleanup.manager [-] Deleting neutron.port object s_rally_1ef77193_3TBY4saS (f9ab6428-43fc-4edf-9027-6f464a99ef2b)
2019-06-15 09:27:43.220 21662 RALLYDEBUG rally_openstack.cleanup.manager [-] Deleting neutron.port object s_rally_1ef77193_zQj6zU8F (fa8b4580-d806-47fe-8c0e-23f345966de2)
2019-06-15 09:27:43.233 21662 RALLYDEBUG rally_openstack.cleanup.manager [-] Deleting neutron.port object s_rally_1ef77193_cVocv1TA (fb9e8ecb-2e6d-4952-8956-cf105c5bc372)
2019-06-15 09:27:43.287 21662 RALLYDEBUG rally_openstack.cleanup.manager [-] Deleting neutron.port object s_rally_1ef77193_NcAbUSpv (fba87674-8ccc-4381-b830-9a68983dc662)
2019-06-15 09:27:43.336 21662 RALLYDEBUG rally_openstack.cleanup.manager [-] Deleting neutron.port object s_rally_1ef77193_fxb6oeL2 (fbf88dd4-7da2-45fb-bd1b-02cee83777bc)
2019-06-15 09:27:43.467 21662 RALLYDEBUG rally_openstack.cleanup.manager [-] Deleting neutron.port object s_rally_1ef77193_J0uzKnYC (fd5d38a3-0f6b-451a-9ff7-b711089af9ff)
2019-06-15 09:27:43.598 21662 RALLYDEBUG rally_openstack.cleanup.manager [-] Deleting neutron.port object s_rally_1ef77193_aowoWolK (fda66d0b-7cb6-482d-9c18-13e4bd205fd0)
2019-06-15 09:27:43.639 21662 RALLYDEBUG rally_openstack.cleanup.manager [-] Deleting neutron.port object s_rally_1ef77193_LWgdkKPf (fe177728-040e-4d3a-977b-4f59453d4b97)
2019-06-15 09:27:43.763 21662 RALLYDEBUG rally_openstack.cleanup.manager [-] Deleting neutron.port object s_rally_1ef77193_5OU4DZ1u (fe6237b1-ad4a-4ec7-ab1e-b17c0fe0d6fa)
2019-06-15 09:27:43.925 21662 RALLYDEBUG rally_openstack.cleanup.manager [-] Deleting neutron.port object s_rally_1ef77193_VI3Ij6HI (feb6b7d8-1581-4380-a121-79b7d0c97f1d)
2019-06-15 09:27:44.046 21662 RALLYDEBUG rally_openstack.cleanup.manager [-] Deleting neutron.port object s_rally_1ef77193_qJgU5st4 (ff988e71-26f7-48c3-aadd-034f5db928db)
2019-06-15 09:27:44.194 21662 RALLYDEBUG rally_openstack.cleanup.manager [-] Deleting neutron.port object s_rally_1ef77193_4gSFi1iB (ffe616d0-23b4-4bb5-b6c2-43175963dc36)
2019-06-15 09:27:46.399 21662 RALLYDEBUG rally_openstack.cleanup.manager [-] Cleaning up neutron subnet objects
2019-06-15 09:27:46.824 21662 RALLYDEBUG rally_openstack.cleanup.manager [-] Cleaning up neutron network objects
2019-06-15 09:27:47.323 21662 RALLYDEBUG rally_openstack.cleanup.manager [-] Deleting neutron.network object s_rally_1ef77193_VcPqMibc (034aee8e-0011-4cbe-9da9-095e7fc08c84)
2019-06-15 09:27:47.329 21662 RALLYDEBUG rally_openstack.cleanup.manager [-] Deleting neutron.network object s_rally_1ef77193_b7bRmccf (19ca6dd6-0578-4f7e-8a8a-7170512f9ba1)
2019-06-15 09:27:47.337 21662 RALLYDEBUG rally_openstack.cleanup.manager [-] Deleting neutron.network object s_rally_1ef77193_CQwzq2eZ (2acfe439-469a-47b3-a393-9dbd510a7b4e)
2019-06-15 09:27:47.350 21662 RALLYDEBUG rally_openstack.cleanup.manager [-] Deleting neutron.network object s_rally_1ef77193_7Edcqaaz (2af04464-36ab-438a-ac3a-76574d95e012)
2019-06-15 09:27:47.354 21662 RALLYDEBUG rally_openstack.cleanup.manager [-] Deleting neutron.network object s_rally_1ef77193_9huN9jUu (445d927a-f2d8-4bc5-a60d-4107c9655d27)
2019-06-15 09:27:47.367 21662 RALLYDEBUG rally_openstack.cleanup.manager [-] Deleting neutron.network object s_rally_1ef77193_ZgItPqT0 (aab878ee-6eda-4c93-bf4f-f66efafb1669)
2019-06-15 09:27:47.367 21662 RALLYDEBUG rally_openstack.cleanup.manager [-] Deleting neutron.network object s_rally_1ef77193_NfyweCBv (97fd4494-824a-4c41-8590-2a6da4cabe18)
2019-06-15 09:27:47.373 21662 RALLYDEBUG rally_openstack.cleanup.manager [-] Deleting neutron.network object s_rally_1ef77193_Ja5GlVRl (ed42c3db-5dc4-42f2-8903-776ea2614b05)
2019-06-15 09:27:50.212 21662 RALLYDEBUG rally_openstack.cleanup.manager [-] Cleaning up neutron router objects
2019-06-15 09:27:50.648 21662 RALLYDEBUG rally_openstack.cleanup.manager [-] Cleaning up neutron security_group objects
2019-06-15 09:27:51.094 21662 INFO rally.task.context [-] Task 1a40d144-be5e-4a6a-984d-c47c1210712f | Context cleanup@openstack cleanup() finished in 54.23 sec
2019-06-15 09:27:51.094 21662 INFO rally.task.context [-] Task 1a40d144-be5e-4a6a-984d-c47c1210712f | Context quotas@openstack cleanup() started
2019-06-15 09:27:51.181 21662 INFO rally.task.context [-] Task 1a40d144-be5e-4a6a-984d-c47c1210712f | Context quotas@openstack cleanup() finished in 86.34 msec
2019-06-15 09:27:51.181 21662 INFO rally.task.context [-] Task 1a40d144-be5e-4a6a-984d-c47c1210712f | Context users@openstack cleanup() started
2019-06-15 09:27:54.004 21662 INFO rally.task.context [-] Task 1a40d144-be5e-4a6a-984d-c47c1210712f | Context users@openstack cleanup() finished in 2.82 sec
2019-06-15 09:27:54.168 21662 INFO rally.task.engine [-] Load duration is: 60.23446
2019-06-15 09:27:54.168 21662 INFO rally.task.engine [-] Full runner duration is: 60.285349
2019-06-15 09:27:54.169 21662 INFO rally.task.engine [-] Full duration is: 120.396522
2019-06-15 09:27:54.647 21662 INFO rally.task.engine [-] Running workload: position = 1 config = { "version": 2, "title": "A cropped version of a bigger task.", "description": "Auto-generated task from a single workload (uuid=05347e02-3e05-4480-bebd-907e20813653)", "subtasks": [ { "title": "NeutronNetworks.create_and_update_ports", "description": "Create and update a given number of ports.", "scenario": { "NeutronNetworks.create_and_update_ports": { "network_create_args": {}, "port_create_args": {}, "ports_per_network": 5, "port_update_args": { "admin_state_up": false, "device_id": "dummy_id", "device_owner": "dummy_owner", "name": "_port_updated" } } }, "contexts": { "users": { "tenants": 1, "users_per_tenant": 1 }, "quotas": { "neutron": { "network": -1, "port": -1 } } }, "runner": { "constant": { "times": 40, "concurrency": 20 } }, "hooks": [], "sla": { "failure_rate": { "max": 0 } } } ] }
2019-06-15 09:27:54.673 21662 RALLYDEBUG rally_openstack.contexts.keystone.users [-] Creating 1 tenants using 20 threads
2019-06-15 09:27:55.650 21662 RALLYDEBUG rally_openstack.contexts.keystone.users [-] Creating 1 users using 20 threads
2019-06-15 09:27:57.124 21662 INFO rally.task.context [-] Task 1a40d144-be5e-4a6a-984d-c47c1210712f | Context users@openstack setup() finished in 2.45 sec
2019-06-15 09:27:57.638 21662 INFO rally.task.context [-] Task 1a40d144-be5e-4a6a-984d-c47c1210712f | Context quotas@openstack setup() finished in 0.51 sec
2019-06-15 09:27:57.638 21662 INFO rally.task.context [-] Task 1a40d144-be5e-4a6a-984d-c47c1210712f | Context cleanup@openstack setup() finished in 0.01 msec
2019-06-15 09:27:57.648 21662 RALLYDEBUG rally.task.runner [-] Starting the constant runner (task UUID: 1a40d144-be5e-4a6a-984d-c47c1210712f). timeout: 0 concurrency: 20 concurrency_per_worker: 1 times: 40 concurrency_overhead: 4 processes_to_start: 16 max_cpu_used: 16
2019-06-15 09:27:57.663 25538 RALLYDEBUG rally.task.runner [-] Starting a worker. concurrency: 2 args: {"network_create_args": {}, "port_create_args": {}, "ports_per_network": 5, "port_update_args": {"admin_state_up": false, "device_id": "dummy_id", "device_owner": "dummy_owner", "name": "_port_updated"}} times: 40 method_name: run timeout: 0 duration: None cls:
2019-06-15 09:27:57.665 25539 RALLYDEBUG rally.task.runner [-] Starting a worker. concurrency: 2 args: {"network_create_args": {}, "port_create_args": {}, "ports_per_network": 5, "port_update_args": {"admin_state_up": false, "device_id": "dummy_id", "device_owner": "dummy_owner", "name": "_port_updated"}} times: 40 method_name: run timeout: 0 duration: None cls:
2019-06-15 09:27:57.669 25540 RALLYDEBUG rally.task.runner [-] Starting a worker. concurrency: 2 args: {"network_create_args": {}, "port_create_args": {}, "ports_per_network": 5, "port_update_args": {"admin_state_up": false, "device_id": "dummy_id", "device_owner": "dummy_owner", "name": "_port_updated"}} times: 40 method_name: run timeout: 0 duration: None cls:
2019-06-15 09:27:57.670 25538 INFO rally.task.runner [-] Task 1a40d144-be5e-4a6a-984d-c47c1210712f | ITER: 1 START
2019-06-15 09:27:57.672 25538 WARNING rally_openstack.scenarios.neutron.utils [-] Running this scenario without either the 'network' or 'existing_network' context is deprecated
2019-06-15 09:27:57.672 25541 RALLYDEBUG rally.task.runner [-] Starting a worker. concurrency: 2 args: {"network_create_args": {}, "port_create_args": {}, "ports_per_network": 5, "port_update_args": {"admin_state_up": false, "device_id": "dummy_id", "device_owner": "dummy_owner", "name": "_port_updated"}} times: 40 method_name: run timeout: 0 duration: None cls:
2019-06-15 09:27:57.674 25539 INFO rally.task.runner [-] Task 1a40d144-be5e-4a6a-984d-c47c1210712f | ITER: 2 START
2019-06-15 09:27:57.676 25539 WARNING rally_openstack.scenarios.neutron.utils [-] Running this scenario without either the 'network' or 'existing_network' context is deprecated
2019-06-15 09:27:57.676 25542 RALLYDEBUG rally.task.runner [-] Starting a worker. concurrency: 1 args: {"network_create_args": {}, "port_create_args": {}, "ports_per_network": 5, "port_update_args": {"admin_state_up": false, "device_id": "dummy_id", "device_owner": "dummy_owner", "name": "_port_updated"}} times: 40 method_name: run timeout: 0 duration: None cls:
2019-06-15 09:27:57.679 25540 INFO rally.task.runner [-] Task 1a40d144-be5e-4a6a-984d-c47c1210712f | ITER: 4 START
2019-06-15 09:27:57.680 25546 RALLYDEBUG rally.task.runner [-] Starting a worker. concurrency: 1 args: {"network_create_args": {}, "port_create_args": {}, "ports_per_network": 5, "port_update_args": {"admin_state_up": false, "device_id": "dummy_id", "device_owner": "dummy_owner", "name": "_port_updated"}} times: 40 method_name: run timeout: 0 duration: None cls:
2019-06-15 09:27:57.682 25540 WARNING rally_openstack.scenarios.neutron.utils [-] Running this scenario without either the 'network' or 'existing_network' context is deprecated
2019-06-15 09:27:57.683 25542 INFO rally.task.runner [-] Task 1a40d144-be5e-4a6a-984d-c47c1210712f | ITER: 9 START
2019-06-15 09:27:57.684 25541 INFO rally.task.runner [-] Task 1a40d144-be5e-4a6a-984d-c47c1210712f | ITER: 6 START
2019-06-15 09:27:57.684 25542 WARNING rally_openstack.scenarios.neutron.utils [-] Running this scenario without either the 'network' or 'existing_network' context is deprecated
2019-06-15 09:27:57.685 25553 RALLYDEBUG rally.task.runner [-] Starting a worker. concurrency: 1 args: {"network_create_args": {}, "port_create_args": {}, "ports_per_network": 5, "port_update_args": {"admin_state_up": false, "device_id": "dummy_id", "device_owner": "dummy_owner", "name": "_port_updated"}} times: 40 method_name: run timeout: 0 duration: None cls:
2019-06-15 09:27:57.687 25540 INFO rally.task.runner [-] Task 1a40d144-be5e-4a6a-984d-c47c1210712f | ITER: 7 START
2019-06-15 09:27:57.688 25546 INFO rally.task.runner [-] Task 1a40d144-be5e-4a6a-984d-c47c1210712f | ITER: 10 START
2019-06-15 09:27:57.690 25546 WARNING rally_openstack.scenarios.neutron.utils [-] Running this scenario without either the 'network' or 'existing_network' context is deprecated
2019-06-15 09:27:57.686 25541 INFO rally.task.runner [-] Task 1a40d144-be5e-4a6a-984d-c47c1210712f | ITER: 8 START
2019-06-15 09:27:57.690 25541 WARNING rally_openstack.scenarios.neutron.utils [-] Running this scenario without either the 'network' or 'existing_network' context is deprecated
2019-06-15 09:27:57.688 25540 WARNING rally_openstack.scenarios.neutron.utils [-] Running this scenario without either the 'network' or 'existing_network' context is deprecated
2019-06-15 09:27:57.691 25553 INFO rally.task.runner [-] Task 1a40d144-be5e-4a6a-984d-c47c1210712f | ITER: 11 START
2019-06-15 09:27:57.691 25538 INFO rally.task.runner [-] Task 1a40d144-be5e-4a6a-984d-c47c1210712f | ITER: 3 START
2019-06-15 09:27:57.692 25538 WARNING rally_openstack.scenarios.neutron.utils [-] Running this scenario without either the 'network' or 'existing_network' context is deprecated
2019-06-15 09:27:57.692 25539 INFO rally.task.runner [-] Task 1a40d144-be5e-4a6a-984d-c47c1210712f | ITER: 5 START
2019-06-15 09:27:57.693 25553 WARNING rally_openstack.scenarios.neutron.utils [-] Running this scenario without either the 'network' or 'existing_network' context is deprecated
2019-06-15 09:27:57.694 25539 WARNING rally_openstack.scenarios.neutron.utils [-] Running this scenario without either the 'network' or 'existing_network' context is deprecated
2019-06-15 09:27:57.691 25541 WARNING rally_openstack.scenarios.neutron.utils [-] Running this scenario without either the 'network' or 'existing_network' context is deprecated
2019-06-15 09:27:57.696 25561 RALLYDEBUG rally.task.runner [-] Starting a worker. concurrency: 1 args: {"network_create_args": {}, "port_create_args": {}, "ports_per_network": 5, "port_update_args": {"admin_state_up": false, "device_id": "dummy_id", "device_owner": "dummy_owner", "name": "_port_updated"}} times: 40 method_name: run timeout: 0 duration: None cls:
2019-06-15 09:27:57.700 25564 RALLYDEBUG rally.task.runner [-] Starting a worker. concurrency: 1 args: {"network_create_args": {}, "port_create_args": {}, "ports_per_network": 5, "port_update_args": {"admin_state_up": false, "device_id": "dummy_id", "device_owner": "dummy_owner", "name": "_port_updated"}} times: 40 method_name: run timeout: 0 duration: None cls:
2019-06-15 09:27:57.703 25561 INFO rally.task.runner [-] Task 1a40d144-be5e-4a6a-984d-c47c1210712f | ITER: 12 START
2019-06-15 09:27:57.705 25561 WARNING rally_openstack.scenarios.neutron.utils [-] Running this scenario without either the 'network' or 'existing_network' context is deprecated
2019-06-15 09:27:57.707 25564 INFO rally.task.runner [-] Task 1a40d144-be5e-4a6a-984d-c47c1210712f | ITER: 13 START
2019-06-15 09:27:57.709 25564 WARNING rally_openstack.scenarios.neutron.utils [-] Running this scenario without either the 'network' or 'existing_network' context is deprecated
2019-06-15 09:27:57.711 25567 RALLYDEBUG rally.task.runner [-] Starting a worker. concurrency: 1 args: {"network_create_args": {}, "port_create_args": {}, "ports_per_network": 5, "port_update_args": {"admin_state_up": false, "device_id": "dummy_id", "device_owner": "dummy_owner", "name": "_port_updated"}} times: 40 method_name: run timeout: 0 duration: None cls:
2019-06-15 09:27:57.719 25567 INFO rally.task.runner [-] Task 1a40d144-be5e-4a6a-984d-c47c1210712f | ITER: 14 START
2019-06-15 09:27:57.721 25570 RALLYDEBUG rally.task.runner [-] Starting a worker. concurrency: 1 args: {"network_create_args": {}, "port_create_args": {}, "ports_per_network": 5, "port_update_args": {"admin_state_up": false, "device_id": "dummy_id", "device_owner": "dummy_owner", "name": "_port_updated"}} times: 40 method_name: run timeout: 0 duration: None cls:
2019-06-15 09:27:57.724 25567 WARNING rally_openstack.scenarios.neutron.utils [-] Running this scenario without either the 'network' or 'existing_network' context is deprecated
2019-06-15 09:27:57.727 25570 INFO rally.task.runner [-] Task 1a40d144-be5e-4a6a-984d-c47c1210712f | ITER: 15 START
2019-06-15 09:27:57.727 25573 RALLYDEBUG rally.task.runner [-] Starting a worker. concurrency: 1 args: {"network_create_args": {}, "port_create_args": {}, "ports_per_network": 5, "port_update_args": {"admin_state_up": false, "device_id": "dummy_id", "device_owner": "dummy_owner", "name": "_port_updated"}} times: 40 method_name: run timeout: 0 duration: None cls:
2019-06-15 09:27:57.729 25570 WARNING rally_openstack.scenarios.neutron.utils [-] Running this scenario without either the 'network' or 'existing_network' context is deprecated
2019-06-15 09:27:57.730 25574 RALLYDEBUG rally.task.runner [-] Starting a worker. concurrency: 1 args: {"network_create_args": {}, "port_create_args": {}, "ports_per_network": 5, "port_update_args": {"admin_state_up": false, "device_id": "dummy_id", "device_owner": "dummy_owner", "name": "_port_updated"}} times: 40 method_name: run timeout: 0 duration: None cls:
2019-06-15 09:27:57.735 25573 INFO rally.task.runner [-] Task 1a40d144-be5e-4a6a-984d-c47c1210712f | ITER: 16 START
2019-06-15 09:27:57.737 25573 WARNING rally_openstack.scenarios.neutron.utils [-] Running this scenario without either the 'network' or 'existing_network' context is deprecated
2019-06-15 09:27:57.737 25574 INFO rally.task.runner [-] Task 1a40d144-be5e-4a6a-984d-c47c1210712f | ITER: 17 START
2019-06-15 09:27:57.737 25577 RALLYDEBUG rally.task.runner [-] Starting a worker. concurrency: 1 args: {"network_create_args": {}, "port_create_args": {}, "ports_per_network": 5, "port_update_args": {"admin_state_up": false, "device_id": "dummy_id", "device_owner": "dummy_owner", "name": "_port_updated"}} times: 40 method_name: run timeout: 0 duration: None cls:
2019-06-15 09:27:57.738 25578 RALLYDEBUG rally.task.runner [-] Starting a worker. concurrency: 1 args: {"network_create_args": {}, "port_create_args": {}, "ports_per_network": 5, "port_update_args": {"admin_state_up": false, "device_id": "dummy_id", "device_owner": "dummy_owner", "name": "_port_updated"}} times: 40 method_name: run timeout: 0 duration: None cls:
2019-06-15 09:27:57.740 25574 WARNING rally_openstack.scenarios.neutron.utils [-] Running this scenario without either the 'network' or 'existing_network' context is deprecated
2019-06-15 09:27:57.743 25577 INFO rally.task.runner [-] Task 1a40d144-be5e-4a6a-984d-c47c1210712f | ITER: 18 START
2019-06-15 09:27:57.743 25582 RALLYDEBUG rally.task.runner [-] Starting a worker. concurrency: 1 args: {"network_create_args": {}, "port_create_args": {}, "ports_per_network": 5, "port_update_args": {"admin_state_up": false, "device_id": "dummy_id", "device_owner": "dummy_owner", "name": "_port_updated"}} times: 40 method_name: run timeout: 0 duration: None cls:
2019-06-15 09:27:57.745 25577 WARNING rally_openstack.scenarios.neutron.utils [-] Running this scenario without either the 'network' or 'existing_network' context is deprecated
2019-06-15 09:27:57.745 25578 INFO rally.task.runner [-] Task 1a40d144-be5e-4a6a-984d-c47c1210712f | ITER: 19 START
2019-06-15 09:27:57.746 25578 WARNING rally_openstack.scenarios.neutron.utils [-] Running this scenario without either the 'network' or 'existing_network' context is deprecated
2019-06-15 09:27:57.749 25582 INFO rally.task.runner [-] Task 1a40d144-be5e-4a6a-984d-c47c1210712f | ITER: 20 START
2019-06-15 09:27:57.750 25582 WARNING rally_openstack.scenarios.neutron.utils [-] Running this scenario without either the 'network' or 'existing_network' context is deprecated
2019-06-15 09:28:06.745 25582 INFO rally.task.runner [-] Task 1a40d144-be5e-4a6a-984d-c47c1210712f | ITER: 20 END: OK
2019-06-15 09:28:06.750 25582 INFO rally.task.runner [-] Task 1a40d144-be5e-4a6a-984d-c47c1210712f | ITER: 21 START
2019-06-15 09:28:06.751 25582 WARNING rally_openstack.scenarios.neutron.utils [-] Running this scenario without either the 'network' or 'existing_network' context is deprecated
2019-06-15 09:28:06.890 25564 INFO rally.task.runner [-] Task 1a40d144-be5e-4a6a-984d-c47c1210712f | ITER: 13 END: OK
2019-06-15 09:28:06.896 25564 INFO rally.task.runner [-] Task 1a40d144-be5e-4a6a-984d-c47c1210712f | ITER: 22 START
2019-06-15 09:28:06.896 25564 WARNING rally_openstack.scenarios.neutron.utils [-] Running this scenario without either the 'network' or 'existing_network' context is deprecated
2019-06-15 09:28:07.253 25567 INFO rally.task.runner [-] Task 1a40d144-be5e-4a6a-984d-c47c1210712f | ITER: 14 END: OK
2019-06-15 09:28:07.258 25567 INFO rally.task.runner [-] Task 1a40d144-be5e-4a6a-984d-c47c1210712f | ITER: 23 START
2019-06-15 09:28:07.259 25567 WARNING rally_openstack.scenarios.neutron.utils [-] Running this scenario without either the 'network' or 'existing_network' context is deprecated
2019-06-15 09:28:07.411 25561 INFO rally.task.runner [-] Task 1a40d144-be5e-4a6a-984d-c47c1210712f | ITER: 12 END: OK
2019-06-15 09:28:07.417 25561 INFO rally.task.runner [-] Task 1a40d144-be5e-4a6a-984d-c47c1210712f | ITER: 24 START
2019-06-15 09:28:07.418 25561 WARNING rally_openstack.scenarios.neutron.utils [-] Running this scenario without either the 'network' or 'existing_network' context is deprecated
2019-06-15 09:28:07.963 25553 INFO rally.task.runner [-] Task 1a40d144-be5e-4a6a-984d-c47c1210712f | ITER: 11 END: OK
2019-06-15 09:28:07.968 25553 INFO rally.task.runner [-] Task 1a40d144-be5e-4a6a-984d-c47c1210712f | ITER: 25 START
2019-06-15 09:28:07.969 25553 WARNING rally_openstack.scenarios.neutron.utils [-] Running this scenario without either the 'network' or 'existing_network' context is deprecated
2019-06-15 09:28:07.988 25578 INFO rally.task.runner [-] Task 1a40d144-be5e-4a6a-984d-c47c1210712f | ITER: 19 END: OK
2019-06-15 09:28:07.993 25578 INFO rally.task.runner [-] Task 1a40d144-be5e-4a6a-984d-c47c1210712f | ITER: 26 START
2019-06-15 09:28:07.993 25578 WARNING rally_openstack.scenarios.neutron.utils [-] Running this scenario without either the 'network' or 'existing_network' context is deprecated
2019-06-15 09:28:08.246 25541 INFO rally.task.runner [-] Task 1a40d144-be5e-4a6a-984d-c47c1210712f | ITER: 6 END: OK
2019-06-15 09:28:08.251 25541 INFO rally.task.runner [-] Task 1a40d144-be5e-4a6a-984d-c47c1210712f | ITER: 27 START
2019-06-15 09:28:08.252 25541 WARNING rally_openstack.scenarios.neutron.utils [-] Running this scenario without either the 'network' or 'existing_network' context is deprecated
2019-06-15 09:28:08.575 25538 INFO rally.task.runner [-] Task 1a40d144-be5e-4a6a-984d-c47c1210712f | ITER: 1 END: OK
2019-06-15 09:28:08.579 25538 INFO rally.task.runner [-] Task 1a40d144-be5e-4a6a-984d-c47c1210712f | ITER: 28 START
2019-06-15 09:28:08.580 25538 WARNING rally_openstack.scenarios.neutron.utils [-] Running this scenario without either the 'network' or 'existing_network' context is deprecated
2019-06-15 09:28:08.655 25570 INFO rally.task.runner [-] Task 1a40d144-be5e-4a6a-984d-c47c1210712f | ITER: 15 END: OK
2019-06-15 09:28:08.660 25570 INFO rally.task.runner [-] Task 1a40d144-be5e-4a6a-984d-c47c1210712f | ITER: 29 START
2019-06-15 09:28:08.660 25570 WARNING rally_openstack.scenarios.neutron.utils [-] Running this scenario without either the 'network' or 'existing_network' context is deprecated
2019-06-15 09:28:08.684 25539 INFO rally.task.runner [-] Task 1a40d144-be5e-4a6a-984d-c47c1210712f | ITER: 5 END: OK
2019-06-15 09:28:08.689 25539 INFO rally.task.runner [-] Task 1a40d144-be5e-4a6a-984d-c47c1210712f | ITER: 30 START
2019-06-15 09:28:08.689 25539 WARNING rally_openstack.scenarios.neutron.utils [-] Running this scenario without either the 'network' or 'existing_network' context is deprecated
2019-06-15 09:28:09.088 25546 INFO rally.task.runner [-] Task 1a40d144-be5e-4a6a-984d-c47c1210712f | ITER: 10 END: OK
2019-06-15 09:28:09.093 25546 INFO rally.task.runner [-] Task 1a40d144-be5e-4a6a-984d-c47c1210712f | ITER: 31 START
2019-06-15 09:28:09.094 25546 WARNING rally_openstack.scenarios.neutron.utils [-] Running this scenario without either the 'network' or 'existing_network' context is deprecated
2019-06-15 09:28:09.519 25577 INFO rally.task.runner [-] Task 1a40d144-be5e-4a6a-984d-c47c1210712f | ITER: 18 END: OK
2019-06-15 09:28:09.524 25577 INFO rally.task.runner [-] Task 1a40d144-be5e-4a6a-984d-c47c1210712f | ITER: 32 START
2019-06-15 09:28:09.525 25577 WARNING rally_openstack.scenarios.neutron.utils [-] Running this scenario without either the 'network' or 'existing_network' context is deprecated
2019-06-15 09:28:09.774 25540 INFO rally.task.runner [-] Task 1a40d144-be5e-4a6a-984d-c47c1210712f | ITER: 4 END: OK
2019-06-15 09:28:09.780 25540 INFO rally.task.runner [-] Task 1a40d144-be5e-4a6a-984d-c47c1210712f | ITER: 33 START
2019-06-15 09:28:09.781 25540 WARNING rally_openstack.scenarios.neutron.utils [-] Running this scenario without either the 'network' or 'existing_network' context is deprecated
2019-06-15 09:28:09.792 25573 INFO rally.task.runner [-] Task 1a40d144-be5e-4a6a-984d-c47c1210712f | ITER: 16 END: OK
2019-06-15 09:28:09.797 25573 INFO rally.task.runner [-] Task 1a40d144-be5e-4a6a-984d-c47c1210712f | ITER: 34 START
2019-06-15 09:28:09.797 25573 WARNING rally_openstack.scenarios.neutron.utils [-] Running this scenario without either the 'network' or 'existing_network' context is deprecated
2019-06-15 09:28:09.813 25542 INFO rally.task.runner [-] Task 1a40d144-be5e-4a6a-984d-c47c1210712f | ITER: 9 END: OK
2019-06-15 09:28:09.817 25542 INFO rally.task.runner [-] Task 1a40d144-be5e-4a6a-984d-c47c1210712f | ITER: 35 START
2019-06-15 09:28:09.818 25542 WARNING rally_openstack.scenarios.neutron.utils [-] Running this scenario without either the 'network' or 'existing_network' context is deprecated
2019-06-15 09:28:09.832 25540 INFO rally.task.runner [-] Task 1a40d144-be5e-4a6a-984d-c47c1210712f | ITER: 7 END: OK
2019-06-15 09:28:09.837 25540 INFO rally.task.runner [-] Task 1a40d144-be5e-4a6a-984d-c47c1210712f | ITER: 36 START
2019-06-15 09:28:09.837 25540 WARNING rally_openstack.scenarios.neutron.utils [-] Running this scenario without either the 'network' or 'existing_network' context is deprecated
2019-06-15 09:28:10.141 25541 INFO rally.task.runner [-] Task 1a40d144-be5e-4a6a-984d-c47c1210712f | ITER: 8 END: OK
2019-06-15 09:28:10.145 25541 INFO rally.task.runner [-] Task 1a40d144-be5e-4a6a-984d-c47c1210712f | ITER: 37 START
2019-06-15 09:28:10.146 25541 WARNING rally_openstack.scenarios.neutron.utils [-] Running this scenario without either the 'network' or 'existing_network' context is deprecated
2019-06-15 09:28:10.413 25538 INFO rally.task.runner [-] Task 1a40d144-be5e-4a6a-984d-c47c1210712f | ITER: 3 END: OK
2019-06-15 09:28:10.417 25538 INFO rally.task.runner [-] Task 1a40d144-be5e-4a6a-984d-c47c1210712f | ITER: 38 START
2019-06-15 09:28:10.418 25538 WARNING rally_openstack.scenarios.neutron.utils [-] Running this scenario without either the 'network' or 'existing_network' context is deprecated
2019-06-15 09:28:10.486 25574 INFO rally.task.runner [-] Task 1a40d144-be5e-4a6a-984d-c47c1210712f | ITER: 17 END: OK
2019-06-15 09:28:10.490 25574 INFO rally.task.runner [-] Task 1a40d144-be5e-4a6a-984d-c47c1210712f | ITER: 39 START
2019-06-15 09:28:10.491 25574 WARNING rally_openstack.scenarios.neutron.utils [-] Running this scenario without either the 'network' or 'existing_network' context is deprecated
2019-06-15 09:28:10.972 25539 INFO rally.task.runner [-] Task 1a40d144-be5e-4a6a-984d-c47c1210712f | ITER: 2 END: OK
2019-06-15 09:28:10.977 25539 INFO rally.task.runner [-] Task 1a40d144-be5e-4a6a-984d-c47c1210712f | ITER: 40 START
2019-06-15 09:28:10.977 25539 WARNING rally_openstack.scenarios.neutron.utils [-] Running this scenario without either the 'network' or 'existing_network' context is deprecated
2019-06-15 09:28:17.492 25567 INFO rally.task.runner [-] Task 1a40d144-be5e-4a6a-984d-c47c1210712f | ITER: 23 END: OK
2019-06-15 09:28:17.570 25538 INFO rally.task.runner [-] Task 1a40d144-be5e-4a6a-984d-c47c1210712f | ITER: 28 END: OK
2019-06-15 09:28:17.667 25553 INFO rally.task.runner [-] Task 1a40d144-be5e-4a6a-984d-c47c1210712f | ITER: 25 END: OK
2019-06-15 09:28:18.176 25577 INFO rally.task.runner [-] Task 1a40d144-be5e-4a6a-984d-c47c1210712f | ITER: 32 END: OK
2019-06-15 09:28:18.227 25564 INFO rally.task.runner [-] Task 1a40d144-be5e-4a6a-984d-c47c1210712f | ITER: 22 END: OK
2019-06-15 09:28:18.316 25541 INFO rally.task.runner [-] Task 1a40d144-be5e-4a6a-984d-c47c1210712f | ITER: 27 END: OK
2019-06-15 09:28:18.592 25561 INFO rally.task.runner [-] Task 1a40d144-be5e-4a6a-984d-c47c1210712f | ITER: 24 END: OK
2019-06-15 09:28:18.975 25539 INFO rally.task.runner [-] Task 1a40d144-be5e-4a6a-984d-c47c1210712f | ITER: 30 END: OK
2019-06-15 09:28:19.387 25546 INFO rally.task.runner [-] Task 1a40d144-be5e-4a6a-984d-c47c1210712f | ITER: 31 END: OK
2019-06-15 09:28:19.444 25541 INFO rally.task.runner [-] Task 1a40d144-be5e-4a6a-984d-c47c1210712f | ITER: 37 END: OK
2019-06-15 09:28:19.458 25573 INFO rally.task.runner [-] Task 1a40d144-be5e-4a6a-984d-c47c1210712f | ITER: 34 END: OK
2019-06-15 09:28:19.663 25582 INFO rally.task.runner [-] Task 1a40d144-be5e-4a6a-984d-c47c1210712f | ITER: 21 END: OK
2019-06-15 09:28:19.768 25578 INFO rally.task.runner [-] Task 1a40d144-be5e-4a6a-984d-c47c1210712f | ITER: 26 END: OK
2019-06-15 09:28:19.786 25540 INFO rally.task.runner [-] Task 1a40d144-be5e-4a6a-984d-c47c1210712f | ITER: 36 END: OK
2019-06-15 09:28:19.910 25542 INFO rally.task.runner [-] Task 1a40d144-be5e-4a6a-984d-c47c1210712f | ITER: 35 END: OK
2019-06-15 09:28:20.340 25574 INFO rally.task.runner [-] Task 1a40d144-be5e-4a6a-984d-c47c1210712f | ITER: 39 END: OK
2019-06-15 09:28:20.528 25570 INFO rally.task.runner [-] Task 1a40d144-be5e-4a6a-984d-c47c1210712f | ITER: 29 END: OK
2019-06-15 09:28:20.725 25539 INFO rally.task.runner [-] Task 1a40d144-be5e-4a6a-984d-c47c1210712f | ITER: 40 END: OK
2019-06-15 09:28:20.731 25538 INFO rally.task.runner [-] Task 1a40d144-be5e-4a6a-984d-c47c1210712f | ITER: 38 END: OK
2019-06-15 09:28:20.941 25540 INFO rally.task.runner [-] Task 1a40d144-be5e-4a6a-984d-c47c1210712f | ITER: 33 END: OK
2019-06-15 09:28:20.968 21662 INFO rally.task.context [-] Task 1a40d144-be5e-4a6a-984d-c47c1210712f | Context cleanup@openstack cleanup() started
2019-06-15 09:28:20.972 21662 RALLYDEBUG rally_openstack.cleanup.manager [-] Cleaning up neutron vip objects
2019-06-15 09:28:21.371 21662 RALLYDEBUG rally_openstack.cleanup.manager [-] Cleaning up neutron health_monitor objects
2019-06-15 09:28:21.786 21662 RALLYDEBUG rally_openstack.cleanup.manager [-] Cleaning up neutron pool objects
2019-06-15 09:28:22.187 21662 RALLYDEBUG rally_openstack.cleanup.manager [-] Cleaning up neutron loadbalancer objects
2019-06-15 09:28:22.589 21662 RALLYDEBUG rally_openstack.cleanup.manager [-] Cleaning up neutron floatingip objects
2019-06-15 09:28:23.039 21662 RALLYDEBUG rally_openstack.cleanup.manager [-] Cleaning up neutron port objects
2019-06-15 09:28:23.883 21662 RALLYDEBUG rally_openstack.cleanup.manager [-] Deleting neutron.port object s_rally_05347e02_mN6zwTcT (0983c93b-d207-4340-83c8-cb36e058e30b)
2019-06-15 09:28:23.884 21662 RALLYDEBUG rally_openstack.cleanup.manager [-] Deleting neutron.port object s_rally_05347e02_JN20BQEA (063fb79b-4a47-4eb4-b617-38fc01d920cc)
2019-06-15 09:28:23.885 21662 RALLYDEBUG rally_openstack.cleanup.manager [-] Deleting neutron.port object s_rally_05347e02_xrUQUACL (108cca02-2771-4b02-b78f-3df2bf4626f3)
2019-06-15 09:28:23.888 21662 RALLYDEBUG rally_openstack.cleanup.manager [-] Deleting neutron.port object s_rally_05347e02_adk52ncu (004d0767-4f44-4dc7-9447-87cf46405d45)
2019-06-15 09:28:23.888 21662 RALLYDEBUG rally_openstack.cleanup.manager [-] Deleting neutron.port object s_rally_05347e02_aWNiJdIR (06e4fae7-47f8-4bba-92ae-89aea981bc92)
2019-06-15 09:28:23.892 21662 RALLYDEBUG rally_openstack.cleanup.manager [-] Deleting neutron.port object s_rally_05347e02_MlwVffJv (021f62c6-c3d7-4cc3-90d5-b607d04bf571)
2019-06-15 09:28:23.896 21662 RALLYDEBUG rally_openstack.cleanup.manager [-] Deleting neutron.port object s_rally_05347e02_RZXbYZTH (08b9094a-17be-4d3d-8e62-5b9853aac2ae)
2019-06-15 09:28:23.901 21662 RALLYDEBUG rally_openstack.cleanup.manager [-] Deleting neutron.port object s_rally_05347e02_SUZ7oYFk (02c3aed3-4a24-4687-92d3-66db39c50952)
2019-06-15 09:28:23.902 21662 RALLYDEBUG rally_openstack.cleanup.manager [-] Deleting neutron.port object s_rally_05347e02_yO1tjwyy (0cc4ce60-58c2-41c4-9a73-bd2e5572618b)
2019-06-15 09:28:23.903 21662 RALLYDEBUG rally_openstack.cleanup.manager [-] Deleting neutron.port object s_rally_05347e02_AncN8lwG (059fb1a5-77e8-496e-a65e-6ff74b6d1181)
2019-06-15 09:28:23.904 21662 RALLYDEBUG rally_openstack.cleanup.manager [-] Deleting neutron.port object s_rally_05347e02_Mv11PC9z (0484d4b2-1a80-42bf-a0fb-adde6b4e6653)
2019-06-15 09:28:23.906 21662 RALLYDEBUG rally_openstack.cleanup.manager [-] Deleting neutron.port object s_rally_05347e02_enuZAMMO (00252ada-a391-41c2-bba5-9449ca0208d3)
2019-06-15 09:28:23.911 21662 RALLYDEBUG rally_openstack.cleanup.manager [-] Deleting neutron.port object s_rally_05347e02_ikjkEfCC (106098fd-72bd-4f32-a9fc-3c277205d76d)
2019-06-15 09:28:23.919 21662 RALLYDEBUG rally_openstack.cleanup.manager [-] Deleting neutron.port object s_rally_05347e02_0md0jsVt (05be282b-d9b4-4825-9cc9-bd97fbe20f01)
2019-06-15 09:28:23.923 21662 RALLYDEBUG rally_openstack.cleanup.manager [-] Deleting neutron.port object s_rally_05347e02_brODFmRe (045e29fb-faef-4540-a212-cfdb27fe8676)
2019-06-15 09:28:23.925 21662 RALLYDEBUG rally_openstack.cleanup.manager [-] Deleting neutron.port object s_rally_05347e02_Zp0ioveK (0d67f125-242a-415e-8bd2-3fea5fdd0906)
2019-06-15 09:28:23.929 21662 RALLYDEBUG rally_openstack.cleanup.manager [-] Deleting neutron.port object s_rally_05347e02_PtFbvsBV (0ae632ce-ce12-4deb-831e-9ee9ae4bc2d5)
2019-06-15 09:28:23.937 21662 RALLYDEBUG rally_openstack.cleanup.manager [-] Deleting neutron.port object s_rally_05347e02_9nK3hWv3 (087b395a-3e83-419b-8517-0ebe48d8511d)
2019-06-15 09:28:23.938 21662 RALLYDEBUG rally_openstack.cleanup.manager [-] Deleting neutron.port object s_rally_05347e02_QIov0eph (0f70a792-77b4-440e-a534-ac0f3e729937)
2019-06-15 09:28:23.940 21662 RALLYDEBUG rally_openstack.cleanup.manager [-] Deleting neutron.port object s_rally_05347e02_I5GwppmZ (03117d5d-0fb9-45c7-acf3-f75f36b32af3)
2019-06-15 09:28:25.872 21662 RALLYDEBUG rally_openstack.cleanup.manager [-] Deleting neutron.port object s_rally_05347e02_v7W1UhO9 (10d64416-4ccc-41fc-ae25-85eecc687735)
2019-06-15 09:28:26.161 21662 RALLYDEBUG rally_openstack.cleanup.manager [-] Deleting neutron.port object s_rally_05347e02_PDsuXSsw (11d9b1df-56f3-49dd-93c5-5c4a8683aa21)
2019-06-15 09:28:26.301 21662 RALLYDEBUG rally_openstack.cleanup.manager [-] Deleting neutron.port object s_rally_05347e02_y1Ff73fz (139e98cf-1a75-41c7-9fc5-1bcf640bb438)
2019-06-15 09:28:26.339 21662 RALLYDEBUG rally_openstack.cleanup.manager [-] Deleting neutron.port object s_rally_05347e02_mUm2kHTQ (1456952c-36f7-4725-be75-c5a32e21f16b)
2019-06-15 09:28:26.376 21662 RALLYDEBUG rally_openstack.cleanup.manager [-] Deleting neutron.port object s_rally_05347e02_tKWZVGFF (14b5bead-2e02-457f-978e-36f21fbd74b0)
2019-06-15 09:28:26.461 21662 RALLYDEBUG rally_openstack.cleanup.manager [-] Deleting neutron.port object s_rally_05347e02_94CHYnDw (176e16ff-c269-4ae8-8a78-bcaf8bf10802)
2019-06-15 09:28:26.495 21662 RALLYDEBUG rally_openstack.cleanup.manager [-] Deleting neutron.port object s_rally_05347e02_U1a2fWud (1821a795-72d8-496b-a358-957844058424)
2019-06-15 09:28:26.689 21662 RALLYDEBUG rally_openstack.cleanup.manager [-] Deleting neutron.port object s_rally_05347e02_x5Ypg3OE (1975196b-f545-46f0-b0bc-567d8247fe70)
2019-06-15 09:28:26.784 21662 RALLYDEBUG rally_openstack.cleanup.manager [-] Deleting neutron.port object s_rally_05347e02_J45PNgbS (1b89e21b-e5b0-497e-91b1-fc7ce4b6b1e5)
2019-06-15 09:28:26.833 21662 RALLYDEBUG rally_openstack.cleanup.manager [-] Deleting neutron.port object s_rally_05347e02_doVzcbHh (1c89d1a9-3fbb-4c6d-9180-20bc0734687b)
2019-06-15 09:28:26.840 21662 RALLYDEBUG rally_openstack.cleanup.manager [-] Deleting neutron.port object s_rally_05347e02_i2qClGCe (1f2ae375-c3ba-43de-9a2a-555c340207a9)
2019-06-15 09:28:26.873 21662 RALLYDEBUG rally_openstack.cleanup.manager [-] Deleting neutron.port object s_rally_05347e02_2gQa1t5m (200cf1d6-7d64-453e-aa35-2df00705fc64)
2019-06-15 09:28:26.937 21662 RALLYDEBUG rally_openstack.cleanup.manager [-] Deleting neutron.port object s_rally_05347e02_FQ6eB59N (20e3f2ef-4edd-4728-896e-3b34215b7cea)
2019-06-15 09:28:26.967 21662 RALLYDEBUG rally_openstack.cleanup.manager [-] Deleting neutron.port object s_rally_05347e02_HQQz9NDw (21fa6d4a-22f8-4a3a-b739-6b438b178695)
2019-06-15 09:28:26.970 21662 RALLYDEBUG rally_openstack.cleanup.manager [-] Deleting neutron.port object s_rally_05347e02_rNZ3KUwx (21246447-4ac3-457e-b7c7-eee350a44f85)
2019-06-15 09:28:27.132 21662 RALLYDEBUG rally_openstack.cleanup.manager [-] Deleting neutron.port object s_rally_05347e02_WJQ1Qwwh (22a6e49c-e7dc-4afe-9d91-307d58a6e956)
2019-06-15 09:28:27.133 21662 RALLYDEBUG rally_openstack.cleanup.manager [-] Deleting neutron.port object s_rally_05347e02_ZWUgl9LD (234a4be1-c35a-47b8-8005-75454a0abb42)
2019-06-15 09:28:27.157 21662 RALLYDEBUG rally_openstack.cleanup.manager [-] Deleting neutron.port object s_rally_05347e02_DrSgfWGc (246d4f54-fd71-4ec3-94c7-f33751c1a88a)
2019-06-15 09:28:27.236 21662 RALLYDEBUG rally_openstack.cleanup.manager [-] Deleting neutron.port object s_rally_05347e02_8nHJyJCi (277f215b-990c-484e-9e83-b57843b33798)
2019-06-15 09:28:27.280 21662 RALLYDEBUG rally_openstack.cleanup.manager [-] Deleting neutron.port object s_rally_05347e02_kokq6qjS (29039bdd-156d-4bfd-be54-6cbad8b165f0)
2019-06-15 09:28:27.674 21662 RALLYDEBUG rally_openstack.cleanup.manager [-] Deleting neutron.port object s_rally_05347e02_GAm9zIb1 (2924ef0b-a6f9-4e8a-87da-5b9493fe54c9)
2019-06-15 09:28:28.236 21662 RALLYDEBUG rally_openstack.cleanup.manager [-] Deleting neutron.port object s_rally_05347e02_V3w7EcEg (299b0497-918e-46c1-b0c6-6a6a49501376)
2019-06-15 09:28:28.250 21662 RALLYDEBUG rally_openstack.cleanup.manager [-] Deleting neutron.port object s_rally_05347e02_jOK0rDT5 (29a0135a-d32c-48b9-ab2d-af01a5381800)
2019-06-15 09:28:28.287 21662 RALLYDEBUG rally_openstack.cleanup.manager [-] Deleting neutron.port object s_rally_05347e02_8YHbHD5u (2a1e56c1-f899-4eba-899f-0f5b8764642a)
2019-06-15 09:28:28.296 21662 RALLYDEBUG rally_openstack.cleanup.manager [-] Deleting neutron.port object s_rally_05347e02_OkXWutjM (2d29f320-1f29-4cb3-885b-7e7ef09850a0)
2019-06-15 09:28:28.435 21662 RALLYDEBUG rally_openstack.cleanup.manager [-] Deleting neutron.port object s_rally_05347e02_Y5M3FICd (2d8677b4-4e41-4f0a-87c5-5776774766fc)
2019-06-15 09:28:28.884 21662 RALLYDEBUG rally_openstack.cleanup.manager [-] Deleting neutron.port object s_rally_05347e02_RQEMm7sn (2dd3395f-d8f6-42b2-8a76-87977a9f357a)
2019-06-15 09:28:28.887 21662 RALLYDEBUG rally_openstack.cleanup.manager [-] Deleting neutron.port object s_rally_05347e02_vUJq7nTz (2e58d0e8-29eb-4ec4-9cd2-2fbdcb97be69)
2019-06-15 09:28:28.927 21662 RALLYDEBUG rally_openstack.cleanup.manager [-] Deleting neutron.port object s_rally_05347e02_waELFg3b (2f1356d1-b7f4-4f32-b538-3ee422c50438)
2019-06-15 09:28:29.017 21662 RALLYDEBUG rally_openstack.cleanup.manager [-] Deleting neutron.port object s_rally_05347e02_Ab0S9HFz (2ffbdfcc-8f92-4cc5-b814-cc41e3cce491)
2019-06-15 09:28:29.042 21662 RALLYDEBUG rally_openstack.cleanup.manager [-] Deleting neutron.port object s_rally_05347e02_6BJndsA5 (30e08e34-50d8-46fb-bcc9-101797a1cc7a)
2019-06-15 09:28:29.061 21662 RALLYDEBUG rally_openstack.cleanup.manager [-] Deleting neutron.port object s_rally_05347e02_qNdLQlFD (30e11955-2117-4a80-aea9-00047ff8069a)
2019-06-15 09:28:29.277 21662 RALLYDEBUG rally_openstack.cleanup.manager [-] Deleting neutron.port object s_rally_05347e02_7otux3jj (31d028dd-eaa8-4982-8d57-1484277a5aa9)
2019-06-15 09:28:29.313 21662 RALLYDEBUG rally_openstack.cleanup.manager [-] Deleting neutron.port object s_rally_05347e02_0yzR1TFJ (330d069e-f4e3-44c9-b30b-8abb07b168ee)
2019-06-15 09:28:29.321 21662 RALLYDEBUG rally_openstack.cleanup.manager [-] Deleting neutron.port object s_rally_05347e02_nrhjl6g6 (3572acb1-855d-43ad-8a14-7d2f3162f1f8)
2019-06-15 09:28:29.413 21662 RALLYDEBUG rally_openstack.cleanup.manager [-] Deleting neutron.port object s_rally_05347e02_RSU5tq7j (3594bbec-b214-4802-bdb4-fb655caa9e42)
2019-06-15 09:28:29.558 21662 RALLYDEBUG rally_openstack.cleanup.manager [-] Deleting neutron.port object s_rally_05347e02_a8oVnlTG (381fa05b-a475-4272-bccd-7f5d04636121)
2019-06-15 09:28:29.567 21662 RALLYDEBUG rally_openstack.cleanup.manager [-] Deleting neutron.port object s_rally_05347e02_AOqllFLj (3a9d1b23-16d8-45f9-a60c-66be131f18ba)
2019-06-15 09:28:29.796 21662 RALLYDEBUG rally_openstack.cleanup.manager [-] Deleting neutron.port object s_rally_05347e02_VRDkYlqT (3ada8b3f-5bff-49c4-992f-7e35b19581c9)
2019-06-15 09:28:29.899 21662 RALLYDEBUG rally_openstack.cleanup.manager [-] Deleting neutron.port object s_rally_05347e02_0FwXYs2w (3b6bf6cc-c781-42de-b922-4d5becb5f54f)
2019-06-15 09:28:29.910 21662 RALLYDEBUG rally_openstack.cleanup.manager [-] Deleting neutron.port object s_rally_05347e02_4N76Aaln (3c532783-b9ba-4aeb-8e20-af70d912a91d)
2019-06-15 09:28:30.121 21662 RALLYDEBUG rally_openstack.cleanup.manager [-] Deleting neutron.port object s_rally_05347e02_oreuJhPF (3d88e968-5321-40fb-8a04-8d89e79e1d69)
2019-06-15 09:28:30.182 21662 RALLYDEBUG rally_openstack.cleanup.manager [-] Deleting neutron.port object s_rally_05347e02_rwZmuT0m (3e76d3c7-85d7-4eda-bf36-460a4944e73c)
2019-06-15 09:28:30.183 21662 RALLYDEBUG rally_openstack.cleanup.manager [-] Deleting neutron.port object s_rally_05347e02_8PDatniv (3e9287c0-89f9-4962-9a2b-511f9b8bd4b3)
2019-06-15 09:28:30.316 21662 RALLYDEBUG rally_openstack.cleanup.manager [-] Deleting neutron.port object s_rally_05347e02_vnoDSaok (4076bd62-fcd6-4ffc-8f04-c6ba2bff6a5a)
2019-06-15 09:28:30.501 21662 RALLYDEBUG rally_openstack.cleanup.manager [-] Deleting neutron.port object s_rally_05347e02_yf7Ger8F (41179d0e-88ad-46ec-a601-83b8910c1206)
2019-06-15 09:28:30.764 21662 RALLYDEBUG rally_openstack.cleanup.manager [-] Deleting neutron.port object s_rally_05347e02_tjKkGZfn (41c16eb6-35aa-43a7-8064-db88b12db140)
2019-06-15 09:28:30.794 21662 RALLYDEBUG rally_openstack.cleanup.manager [-] Deleting neutron.port object s_rally_05347e02_5CYsb9y7 (43061ce2-3c51-451d-85ad-8bd1b213883f)
2019-06-15 09:28:30.924 21662 RALLYDEBUG rally_openstack.cleanup.manager [-] Deleting neutron.port object s_rally_05347e02_6HIZGTZB (4607c600-808b-405f-9113-6dee5a4fefc7)
