2019-06-15 09:28:31.067 21662 RALLYDEBUG rally_openstack.cleanup.manager [-] Deleting neutron.port object s_rally_05347e02_i9nRIvDk (4695a7aa-d0ed-40cc-a732-0a04146a685c)
2019-06-15 09:28:31.110 21662 RALLYDEBUG rally_openstack.cleanup.manager [-] Deleting neutron.port object s_rally_05347e02_oALDHioF (47a2f252-68e2-43a1-9e39-526c8c52f19c)
2019-06-15 09:28:31.314 21662 RALLYDEBUG rally_openstack.cleanup.manager [-] Deleting neutron.port object s_rally_05347e02_mEqN5mRw (48a7c9ab-4bbf-4029-8955-c696a1c1dbab)
2019-06-15 09:28:31.327 21662 RALLYDEBUG rally_openstack.cleanup.manager [-] Deleting neutron.port object s_rally_05347e02_k0nozr8P (48cc990a-f0ab-4455-8626-35c1d237b225)
2019-06-15 09:28:31.418 21662 RALLYDEBUG rally_openstack.cleanup.manager [-] Deleting neutron.port object s_rally_05347e02_Tddm5g1l (49fd83d3-620a-47c7-86a8-30b141772988)
2019-06-15 09:28:31.470 21662 RALLYDEBUG rally_openstack.cleanup.manager [-] Deleting neutron.port object s_rally_05347e02_U1FsQ2o3 (4fa11d77-9a36-4012-b12f-028cbe3b1899)
2019-06-15 09:28:31.747 21662 RALLYDEBUG rally_openstack.cleanup.manager [-] Deleting neutron.port object s_rally_05347e02_l1EGN77R (5167b431-39ab-4bf4-b937-365227c1a6d3)
2019-06-15 09:28:31.760 21662 RALLYDEBUG rally_openstack.cleanup.manager [-] Deleting neutron.port object s_rally_05347e02_Jw6oHGT5 (54775b68-016a-4582-a7d8-c49e6c58cd04)
2019-06-15 09:28:31.782 21662 RALLYDEBUG rally_openstack.cleanup.manager [-] Deleting neutron.port object s_rally_05347e02_x423BsZh (55171ef9-74c2-42a0-b66a-83401fe2a57a)
2019-06-15 09:28:31.855 21662 RALLYDEBUG rally_openstack.cleanup.manager [-] Deleting neutron.port object s_rally_05347e02_9VWh7tYP (56a5eb46-c78c-4461-a9a7-56d45314368e)
2019-06-15 09:28:31.944 21662 RALLYDEBUG rally_openstack.cleanup.manager [-] Deleting neutron.port object s_rally_05347e02_5EkHxJ24 (56b5eae6-34c7-43bc-b350-305faffd394e)
2019-06-15 09:28:32.041 21662 RALLYDEBUG rally_openstack.cleanup.manager [-] Deleting neutron.port object s_rally_05347e02_9PSIEuIo (5ad1c852-5afc-4287-bdf4-faa0a632ad69)
2019-06-15 09:28:32.084 21662 RALLYDEBUG rally_openstack.cleanup.manager [-] Deleting neutron.port object s_rally_05347e02_CFyAOAoz (5af2f9cd-1bca-43f6-b59c-809bad1c61e2)
2019-06-15 09:28:32.148 21662 RALLYDEBUG rally_openstack.cleanup.manager [-] Deleting neutron.port object s_rally_05347e02_Yy00CJtp (5d2ef024-5d86-4309-add9-8229b482a509)
2019-06-15 09:28:32.340 21662 RALLYDEBUG rally_openstack.cleanup.manager [-] Deleting neutron.port object s_rally_05347e02_GMHMth9G (5ecfbc16-00ed-47ef-880c-b10557d4b9a8)
2019-06-15 09:28:32.425 21662 RALLYDEBUG rally_openstack.cleanup.manager [-] Deleting neutron.port object s_rally_05347e02_NNQmdMec (5ee23352-c938-4a14-b368-de4d493d3cbb)
2019-06-15 09:28:32.462 21662 RALLYDEBUG rally_openstack.cleanup.manager [-] Deleting neutron.port object s_rally_05347e02_jxlngA9o (6074ff5e-f39c-499e-a77f-23f26731ff16)
2019-06-15 09:28:32.798 21662 RALLYDEBUG rally_openstack.cleanup.manager [-] Deleting neutron.port object s_rally_05347e02_KjpqC2t6 (62d71009-9bf9-49f8-ac60-597d8d74d37f)
2019-06-15 09:28:32.823 21662 RALLYDEBUG rally_openstack.cleanup.manager [-] Deleting neutron.port object s_rally_05347e02_RLqYMRT4 (63462cd2-6422-4f54-8f3e-419d7f21e8af)
2019-06-15 09:28:32.827 21662 RALLYDEBUG rally_openstack.cleanup.manager [-] Deleting neutron.port object s_rally_05347e02_GTi8LkC7 (6371edb2-8494-4703-a1ed-7a3d9c9056fb)
2019-06-15 09:28:33.194 21662 RALLYDEBUG rally_openstack.cleanup.manager [-] Deleting neutron.port object s_rally_05347e02_xgSVuWJL (639c96f2-7d48-4cec-80ac-b48c22177728)
2019-06-15 09:28:33.261 21662 RALLYDEBUG rally_openstack.cleanup.manager [-] Deleting neutron.port object s_rally_05347e02_tQDgjpgW (64a16ff4-2d8a-4878-bf88-70325e6b7ccf)
2019-06-15 09:28:33.289 21662 RALLYDEBUG rally_openstack.cleanup.manager [-] Deleting neutron.port object s_rally_05347e02_Tnw0so2I (64bcae8a-e2c6-4097-930a-36e5e38699cf)
2019-06-15 09:28:33.381 21662 RALLYDEBUG rally_openstack.cleanup.manager [-] Deleting neutron.port object s_rally_05347e02_0LKcbfaQ (65cf4d67-ef9b-4a3d-a0fb-6e876c17ad2d)
2019-06-15 09:28:33.545 21662 RALLYDEBUG rally_openstack.cleanup.manager [-] Deleting neutron.port object s_rally_05347e02_gfiA3YtT (6908695f-377b-4add-ba96-1cf6730d0e94)
2019-06-15 09:28:33.764 21662 RALLYDEBUG rally_openstack.cleanup.manager [-] Deleting neutron.port object s_rally_05347e02_VRZ4qGlW (698f8d00-b40b-44c8-8ff5-98feb0a871dc)
2019-06-15 09:28:33.911 21662 RALLYDEBUG rally_openstack.cleanup.manager [-] Deleting neutron.port object s_rally_05347e02_CXzqUQDr (6b3ff1a1-d1d9-4468-b8a3-f95637a3c5cf)
2019-06-15 09:28:33.949 21662 RALLYDEBUG rally_openstack.cleanup.manager [-] Deleting neutron.port object s_rally_05347e02_xF1uPdUA (6c8906f8-07ac-45a1-b69d-e77e10753e59)
2019-06-15 09:28:33.958 21662 RALLYDEBUG rally_openstack.cleanup.manager [-] Deleting neutron.port object s_rally_05347e02_cjrtoAAH (6e9b5962-5820-47ba-8e80-15cc3232253f)
2019-06-15 09:28:34.010 21662 RALLYDEBUG rally_openstack.cleanup.manager [-] Deleting neutron.port object s_rally_05347e02_sdHB5DQB (6fbdc3fe-d046-4ab8-9b46-be1b1198d58a)
2019-06-15 09:28:34.160 21662 RALLYDEBUG rally_openstack.cleanup.manager [-] Deleting neutron.port object s_rally_05347e02_5QoLlSL3 (70741c6b-cd68-4a94-9695-82f0b14300dc)
2019-06-15 09:28:34.222 21662 RALLYDEBUG rally_openstack.cleanup.manager [-] Deleting neutron.port object s_rally_05347e02_r7BtdTpB (707eaa82-9c24-4e65-9aed-81cc6402ee0b)
2019-06-15 09:28:34.519 21662 RALLYDEBUG rally_openstack.cleanup.manager [-] Deleting neutron.port object s_rally_05347e02_yMBZJBZQ (731c339e-0b4f-41c5-b40d-5a4a15c99fb8)
2019-06-15 09:28:34.535 21662 RALLYDEBUG rally_openstack.cleanup.manager [-] Deleting neutron.port object s_rally_05347e02_dvjsrNdH (74b4f0d6-6f62-4863-a28c-95ce069ec609)
2019-06-15 09:28:34.563 21662 RALLYDEBUG rally_openstack.cleanup.manager [-] Deleting neutron.port object s_rally_05347e02_GZdl8PmG (76895b19-152a-4cc3-9cc3-320ee545f321)
2019-06-15 09:28:34.656 21662 RALLYDEBUG rally_openstack.cleanup.manager [-] Deleting neutron.port object s_rally_05347e02_7q9G4NZG (77889e33-30a8-41fc-a95c-7f92b6a8cbbf)
2019-06-15 09:28:34.769 21662 RALLYDEBUG rally_openstack.cleanup.manager [-] Deleting neutron.port object s_rally_05347e02_TMVW53jy (7872fe5f-a0f4-4dc3-baf3-0ec0ee5d36be)
2019-06-15 09:28:34.821 21662 RALLYDEBUG rally_openstack.cleanup.manager [-] Deleting neutron.port object s_rally_05347e02_stCLfSSU (7d0df375-0bb2-4ebe-bab8-7d4caa45ff72)
2019-06-15 09:28:35.043 21662 RALLYDEBUG rally_openstack.cleanup.manager [-] Deleting neutron.port object s_rally_05347e02_zBw7Nihr (7d8590e5-26b4-403f-b4ba-b6747f4a5384)
2019-06-15 09:28:35.148 21662 RALLYDEBUG rally_openstack.cleanup.manager [-] Deleting neutron.port object s_rally_05347e02_ywnj5kyv (7e152146-0931-488e-9206-b49b0e8eb480)
2019-06-15 09:28:35.334 21662 RALLYDEBUG rally_openstack.cleanup.manager [-] Deleting neutron.port object s_rally_05347e02_3GfDHDbK (81690bf5-38ba-423f-ab11-68204c70b6f4)
2019-06-15 09:28:35.379 21662 RALLYDEBUG rally_openstack.cleanup.manager [-] Deleting neutron.port object s_rally_05347e02_1NIF5jBi (83069a45-712a-444f-9ba9-a6ce60edaafc)
2019-06-15 09:28:35.550 21662 RALLYDEBUG rally_openstack.cleanup.manager [-] Deleting neutron.port object s_rally_05347e02_drnAUbcS (836c6aa0-7346-44ac-8426-110cebfc8eea)
2019-06-15 09:28:35.812 21662 RALLYDEBUG rally_openstack.cleanup.manager [-] Deleting neutron.port object s_rally_05347e02_ZfuQXiP7 (85c55031-e4fe-4ca0-8a0c-2be3dd972303)
2019-06-15 09:28:35.839 21662 RALLYDEBUG rally_openstack.cleanup.manager [-] Deleting neutron.port object s_rally_05347e02_Mxi27ncn (85ceaa84-b84c-4302-843a-b3c518e253bf)
2019-06-15 09:28:35.932 21662 RALLYDEBUG rally_openstack.cleanup.manager [-] Deleting neutron.port object s_rally_05347e02_Xnlkj5nK (86a9890c-473b-4b0a-a949-e6acb12e55dd)
2019-06-15 09:28:36.158 21662 RALLYDEBUG rally_openstack.cleanup.manager [-] Deleting neutron.port object s_rally_05347e02_hjs2RnYO (86b5f96e-a62b-485f-9299-941ef215f9bb)
2019-06-15 09:28:36.249 21662 RALLYDEBUG rally_openstack.cleanup.manager [-] Deleting neutron.port object s_rally_05347e02_6nAQoVkz (87b7945a-05fc-467e-ab14-1f90e93bb27d)
2019-06-15 09:28:36.436 21662 RALLYDEBUG rally_openstack.cleanup.manager [-] Deleting neutron.port object s_rally_05347e02_2mqPa843 (892f01dd-39d3-41f7-a3e6-2a4f7bae17fa)
2019-06-15 09:28:36.436 21662 RALLYDEBUG rally_openstack.cleanup.manager [-] Deleting neutron.port object s_rally_05347e02_xIhR5Nxh (898b0bf8-19a3-47dc-8ef8-98e044bd4900)
2019-06-15 09:28:36.526 21662 RALLYDEBUG rally_openstack.cleanup.manager [-] Deleting neutron.port object s_rally_05347e02_aYWfHCBP (89bf8c64-94e4-45b1-a397-bf828573db62)
2019-06-15 09:28:36.559 21662 RALLYDEBUG rally_openstack.cleanup.manager [-] Deleting neutron.port object s_rally_05347e02_xAYpUUjl (89d35c82-d6b4-48a0-8f15-6c6e6807a37e)
2019-06-15 09:28:36.741 21662 RALLYDEBUG rally_openstack.cleanup.manager [-] Deleting neutron.port object s_rally_05347e02_crxZgAtQ (8ad37816-6c3b-44b2-8c7e-82fca9e34ca4)
2019-06-15 09:28:36.748 21662 RALLYDEBUG rally_openstack.cleanup.manager [-] Deleting neutron.port object s_rally_05347e02_T6oULODu (8fc186d5-b690-40a6-a4e3-4ca82fad82a4)
2019-06-15 09:28:36.780 21662 RALLYDEBUG rally_openstack.cleanup.manager [-] Deleting neutron.port object s_rally_05347e02_pJ2tOGRj (8ffab2ca-c32f-4d85-a762-05174ce87ded)
2019-06-15 09:28:36.838 21662 RALLYDEBUG rally_openstack.cleanup.manager [-] Deleting neutron.port object s_rally_05347e02_i7uR2Yh0 (9021fb39-d41a-4c2a-a22f-4658a5c2ca67)
2019-06-15 09:28:36.924 21662 RALLYDEBUG rally_openstack.cleanup.manager [-] Deleting neutron.port object s_rally_05347e02_9qB1Jkzb (904ef976-0074-4f52-8a9a-5a4e1679e961)
2019-06-15 09:28:37.088 21662 RALLYDEBUG rally_openstack.cleanup.manager [-] Deleting neutron.port object s_rally_05347e02_RYG1wwE3 (9257c6c6-52b1-45cb-831e-b8b8efd8824a)
2019-06-15 09:28:37.160 21662 RALLYDEBUG rally_openstack.cleanup.manager [-] Deleting neutron.port object s_rally_05347e02_ToXXu3BD (95884bcf-c830-4e8c-bf6d-981a5146444e)
2019-06-15 09:28:37.176 21662 RALLYDEBUG rally_openstack.cleanup.manager [-] Deleting neutron.port object s_rally_05347e02_lBKtMofr (95e0e581-fa6f-4750-b815-b7daca845a2f)
2019-06-15 09:28:37.474 21662 RALLYDEBUG rally_openstack.cleanup.manager [-] Deleting neutron.port object s_rally_05347e02_RtCZEVZR (984281b8-18d8-499e-b7b5-2802dcac8aa3)
2019-06-15 09:28:37.514 21662 RALLYDEBUG rally_openstack.cleanup.manager [-] Deleting neutron.port object s_rally_05347e02_Xb7pHmTJ (989c5fbf-af1b-4f71-a9fe-3add4998714a)
2019-06-15 09:28:37.761 21662 RALLYDEBUG rally_openstack.cleanup.manager [-] Deleting neutron.port object s_rally_05347e02_y6oRU7xP (99732b5b-f998-49d0-bcfd-099ee37bdf55)
2019-06-15 09:28:37.785 21662 RALLYDEBUG rally_openstack.cleanup.manager [-] Deleting neutron.port object s_rally_05347e02_3rMNZ6YT (9b4e4ed4-315e-4a48-8bf1-71cdb01de949)
2019-06-15 09:28:37.826 21662 RALLYDEBUG rally_openstack.cleanup.manager [-] Deleting neutron.port object s_rally_05347e02_tnbXELtN (9e154ef4-c7e6-4df4-887c-40997d3ec0e2)
2019-06-15 09:28:38.077 21662 RALLYDEBUG rally_openstack.cleanup.manager [-] Deleting neutron.port object s_rally_05347e02_PxyIQi2K (9f6c1cc0-0174-4e97-b1f4-60f3f8316079)
2019-06-15 09:28:38.217 21662 RALLYDEBUG rally_openstack.cleanup.manager [-] Deleting neutron.port object s_rally_05347e02_ShrFtWl3 (9fdd1a24-00af-41b1-9b4a-e18305a93fa3)
2019-06-15 09:28:38.234 21662 RALLYDEBUG rally_openstack.cleanup.manager [-] Deleting neutron.port object s_rally_05347e02_RCOmGsc7 (a01ef9a5-6378-4fee-a47e-15d6602f97fe)
2019-06-15 09:28:38.489 21662 RALLYDEBUG rally_openstack.cleanup.manager [-] Deleting neutron.port object s_rally_05347e02_JYLvQn4N (a5968c23-6c81-4dcb-b700-4fdc12fdaca4)
2019-06-15 09:28:38.489 21662 RALLYDEBUG rally_openstack.cleanup.manager [-] Deleting neutron.port object s_rally_05347e02_uQlQ2aTI (a8473641-2212-4045-822a-6d8b1afb31c0)
2019-06-15 09:28:38.501 21662 RALLYDEBUG rally_openstack.cleanup.manager [-] Deleting neutron.port object s_rally_05347e02_W9tf6XZe (a5cc8105-0566-4fac-a841-1ef8fb8e4a2d)
2019-06-15 09:28:38.666 21662 RALLYDEBUG rally_openstack.cleanup.manager [-] Deleting neutron.port object s_rally_05347e02_0Pc8KaFS (a923800c-27c7-4ff7-b095-33eee84ebef4)
2019-06-15 09:28:38.753 21662 RALLYDEBUG rally_openstack.cleanup.manager [-] Deleting neutron.port object s_rally_05347e02_Fe59aN7h (a94affa8-3fe9-4653-8e1a-63c3b9a14349)
2019-06-15 09:28:38.778 21662 RALLYDEBUG rally_openstack.cleanup.manager [-] Deleting neutron.port object s_rally_05347e02_Yy1MvgjG (aaa2c379-1457-4bbe-b87c-b0bdd7de7dac)
2019-06-15 09:28:39.001 21662 RALLYDEBUG rally_openstack.cleanup.manager [-] Deleting neutron.port object s_rally_05347e02_dFibsi01 (ac710b50-8d3b-43df-bb23-92c1d8801fdc)
2019-06-15 09:28:39.028 21662 RALLYDEBUG rally_openstack.cleanup.manager [-] Deleting neutron.port object s_rally_05347e02_Fa5lxiPK (af11b21e-a0c7-439b-9e2d-19ea89194505)
2019-06-15 09:28:39.073 21662 RALLYDEBUG rally_openstack.cleanup.manager [-] Deleting neutron.port object s_rally_05347e02_30nxS0T0 (af7212fb-da9e-494f-830a-ecfecc951f21)
2019-06-15 09:28:39.286 21662 RALLYDEBUG rally_openstack.cleanup.manager [-] Deleting neutron.port object s_rally_05347e02_a4dr7n9E (b0a6182b-8ed7-484c-bf96-10898b0e4f34)
2019-06-15 09:28:39.348 21662 RALLYDEBUG rally_openstack.cleanup.manager [-] Deleting neutron.port object s_rally_05347e02_G5lE7GNz (b85ed7bb-e5b5-4afb-81d9-3efc68737718)
2019-06-15 09:28:39.457 21662 RALLYDEBUG rally_openstack.cleanup.manager [-] Deleting neutron.port object s_rally_05347e02_41ZsLvBA (b8db838c-e342-4a12-ad52-fea05da09750)
2019-06-15 09:28:39.766 21662 RALLYDEBUG rally_openstack.cleanup.manager [-] Deleting neutron.port object s_rally_05347e02_n5zGAGIP (ba828ec2-3aaf-45f7-8c62-24f87abbdf58)
2019-06-15 09:28:39.803 21662 RALLYDEBUG rally_openstack.cleanup.manager [-] Deleting neutron.port object s_rally_05347e02_vs4Osbpp (bacbc62a-136b-45d6-b95d-9a3dadb30ca3)
2019-06-15 09:28:40.065 21662 RALLYDEBUG rally_openstack.cleanup.manager [-] Deleting neutron.port object s_rally_05347e02_KnkupAuw (bae5bb58-2629-463a-bead-c46111dac9e1)
2019-06-15 09:28:40.193 21662 RALLYDEBUG rally_openstack.cleanup.manager [-] Deleting neutron.port object s_rally_05347e02_T3kpwPTu (bc027e28-3fe5-4abb-b00c-b266eec27ac6)
2019-06-15 09:28:40.290 21662 RALLYDEBUG rally_openstack.cleanup.manager [-] Deleting neutron.port object s_rally_05347e02_Sm7COhzi (be759bfc-2a69-4299-8f81-7c080482c4be)
2019-06-15 09:28:40.292 21662 RALLYDEBUG rally_openstack.cleanup.manager [-] Deleting neutron.port object s_rally_05347e02_ZbQnESI1 (bf0b42bc-9eb1-40db-ad38-5654e76607e9)
2019-06-15 09:28:40.401 21662 RALLYDEBUG rally_openstack.cleanup.manager [-] Deleting neutron.port object s_rally_05347e02_YL0qAzFd (bfb49e56-5724-4e53-b051-a50e8895cfff)
2019-06-15 09:28:40.405 21662 RALLYDEBUG rally_openstack.cleanup.manager [-] Deleting neutron.port object s_rally_05347e02_jgjPwxC0 (c1b13624-9b39-4da9-b68a-223f926d5189)
2019-06-15 09:28:40.474 21662 RALLYDEBUG rally_openstack.cleanup.manager [-] Deleting neutron.port object s_rally_05347e02_pXc2PynN (c2477567-71bc-471e-adf3-bebf3c052e20)
2019-06-15 09:28:40.603 21662 RALLYDEBUG rally_openstack.cleanup.manager [-] Deleting neutron.port object s_rally_05347e02_7GDprcvt (c2e5deee-ebb1-48da-913f-2711cfc38a34)
2019-06-15 09:28:40.689 21662 RALLYDEBUG rally_openstack.cleanup.manager [-] Deleting neutron.port object s_rally_05347e02_uF0Y9uQX (c34f5068-643f-4220-a978-529af9dc4ad1)
2019-06-15 09:28:40.819 21662 RALLYDEBUG rally_openstack.cleanup.manager [-] Deleting neutron.port object s_rally_05347e02_7ZsSLAkf (c4bdac2a-d45a-4948-8f82-72adcc13220e)
2019-06-15 09:28:40.948 21662 RALLYDEBUG rally_openstack.cleanup.manager [-] Deleting neutron.port object s_rally_05347e02_0Wc6qWkz (c4f77038-f866-40f3-b46f-884a28106eaf)
2019-06-15 09:28:40.977 21662 RALLYDEBUG rally_openstack.cleanup.manager [-] Deleting neutron.port object s_rally_05347e02_WEGD6iSy (c544bd4d-2841-47ea-ad4e-a9bbfdf93594)
2019-06-15 09:28:41.129 21662 RALLYDEBUG rally_openstack.cleanup.manager [-] Deleting neutron.port object s_rally_05347e02_ra02rMKP (c8396480-ae83-4f7e-867c-36dc9dcbc993)
2019-06-15 09:28:41.196 21662 RALLYDEBUG rally_openstack.cleanup.manager [-] Deleting neutron.port object s_rally_05347e02_fVPyeakn (c8a05dbe-2307-4bbf-ace9-e070b6ac1240)
2019-06-15 09:28:41.323 21662 RALLYDEBUG rally_openstack.cleanup.manager [-] Deleting neutron.port object s_rally_05347e02_I1MrTeMq (c97906dd-5b5b-440f-b99d-f6e9403b8a82)
2019-06-15 09:28:41.392 21662 RALLYDEBUG rally_openstack.cleanup.manager [-] Deleting neutron.port object s_rally_05347e02_G8W6Dpu8 (c9b23b44-3b29-49fa-8aba-ce3526283282)
2019-06-15 09:28:41.454 21662 RALLYDEBUG rally_openstack.cleanup.manager [-] Deleting neutron.port object s_rally_05347e02_2mW4u2c7 (ca578932-dedd-42f4-87a4-94a8541ec4ed)
2019-06-15 09:28:41.584 21662 RALLYDEBUG rally_openstack.cleanup.manager [-] Deleting neutron.port object s_rally_05347e02_UHHuqBpA (cb48645c-07dc-4843-9ac4-f37044297558)
2019-06-15 09:28:41.727 21662 RALLYDEBUG rally_openstack.cleanup.manager [-] Deleting neutron.port object s_rally_05347e02_JLWhDf9D (cb6162fb-90a6-4f1b-a349-d55fd85f0610)
2019-06-15 09:28:42.038 21662 RALLYDEBUG rally_openstack.cleanup.manager [-] Deleting neutron.port object s_rally_05347e02_U66Kj7nb (cbd99fd2-cfa9-44f8-8aae-af5595d77378)
2019-06-15 09:28:42.155 21662 RALLYDEBUG rally_openstack.cleanup.manager [-] Deleting neutron.port object s_rally_05347e02_kKnAuOyj (ccedc6e1-e4e1-4b07-95a8-2bbaf2269f65)
2019-06-15 09:28:42.155 21662 RALLYDEBUG rally_openstack.cleanup.manager [-] Deleting neutron.port object s_rally_05347e02_fRRsII1O (cd4238e2-3337-47ea-a5a9-c0072f09376a)
2019-06-15 09:28:42.170 21662 RALLYDEBUG rally_openstack.cleanup.manager [-] Deleting neutron.port object s_rally_05347e02_RpK399rw (cdaf56dd-39fb-4152-878c-b9cb735e0425)
2019-06-15 09:28:42.290 21662 RALLYDEBUG rally_openstack.cleanup.manager [-] Deleting neutron.port object s_rally_05347e02_cp9RYBMc (ce33c1d5-e3df-4bed-b8ab-db9496f87047)
2019-06-15 09:28:42.434 21662 RALLYDEBUG rally_openstack.cleanup.manager [-] Deleting neutron.port object s_rally_05347e02_Ic5vKA6N (ce454ae6-51fc-4a8b-a520-e7306a45b0b1)
2019-06-15 09:28:42.687 21662 RALLYDEBUG rally_openstack.cleanup.manager [-] Deleting neutron.port object s_rally_05347e02_rfVeDbTk (d5b26602-de8e-4fa3-834c-ba6edb4a7000)
2019-06-15 09:28:42.709 21662 RALLYDEBUG rally_openstack.cleanup.manager [-] Deleting neutron.port object s_rally_05347e02_XdEN3orp (d7293f63-0b2f-48ea-98d4-bc4101d8cbac)
2019-06-15 09:28:42.999 21662 RALLYDEBUG rally_openstack.cleanup.manager [-] Deleting neutron.port object s_rally_05347e02_3EDGRgZU (d8734ea0-4cd8-4d33-b68d-18866b21d4fe)
2019-06-15 09:28:43.062 21662 RALLYDEBUG rally_openstack.cleanup.manager [-] Deleting neutron.port object s_rally_05347e02_1TyH8sVm (dd719f88-dcb9-4625-8b2c-d9426c8d8179)
2019-06-15 09:28:43.072 21662 RALLYDEBUG rally_openstack.cleanup.manager [-] Deleting neutron.port object s_rally_05347e02_gRaW4gsf (de7eaa61-8481-45c1-aa00-11abedd3bcd4)
2019-06-15 09:28:43.113 21662 RALLYDEBUG rally_openstack.cleanup.manager [-] Deleting neutron.port object s_rally_05347e02_c7lezDPt (dffc67a9-25ff-4044-ba95-faaf66ef8c5a)
2019-06-15 09:28:43.283 21662 RALLYDEBUG rally_openstack.cleanup.manager [-] Deleting neutron.port object s_rally_05347e02_auTnMTZr (e108b938-4333-4722-8f70-773d308e7859)
2019-06-15 09:28:43.422 21662 RALLYDEBUG rally_openstack.cleanup.manager [-] Deleting neutron.port object s_rally_05347e02_ZCkVMtEx (e6436c64-9d59-43fa-a8ac-3379087a53e4)
2019-06-15 09:28:43.535 21662 RALLYDEBUG rally_openstack.cleanup.manager [-] Deleting neutron.port object s_rally_05347e02_wuKXMLS2 (e688da2f-addd-4dff-8efd-b20f946dc8c7)
2019-06-15 09:28:43.819 21662 RALLYDEBUG rally_openstack.cleanup.manager [-] Deleting neutron.port object s_rally_05347e02_hPXm3vrm (e861fab7-6943-413b-ad04-3c151fa41981)
2019-06-15 09:28:43.928 21662 RALLYDEBUG rally_openstack.cleanup.manager [-] Deleting neutron.port object s_rally_05347e02_LAH1G2VI (e9dd618d-16bc-4d50-9600-b6075df9ac02)
2019-06-15 09:28:43.953 21662 RALLYDEBUG rally_openstack.cleanup.manager [-] Deleting neutron.port object s_rally_05347e02_XO6FP8rH (ea476e87-0d7a-4a03-b013-2969df4a180d)
2019-06-15 09:28:44.083 21662 RALLYDEBUG rally_openstack.cleanup.manager [-] Deleting neutron.port object s_rally_05347e02_qEKCwc3x (eb842803-e192-45f1-a822-4d63a531a330)
2019-06-15 09:28:44.160 21662 RALLYDEBUG rally_openstack.cleanup.manager [-] Deleting neutron.port object s_rally_05347e02_BEzXZPpI (ee590caa-264d-412a-962d-70468478bd76)
2019-06-15 09:28:44.280 21662 RALLYDEBUG rally_openstack.cleanup.manager [-] Deleting neutron.port object s_rally_05347e02_b9DDOALf (f11fe6f2-9790-49bc-b6ed-a318dc4ef7f0)
2019-06-15 09:28:44.434 21662 RALLYDEBUG rally_openstack.cleanup.manager [-] Deleting neutron.port object s_rally_05347e02_9caLBlAX (f50d65ec-e798-4299-bbde-a454a58c9d19)
2019-06-15 09:28:44.494 21662 RALLYDEBUG rally_openstack.cleanup.manager [-] Deleting neutron.port object s_rally_05347e02_bEFfJqjc (f58b0a29-4b4a-45e2-8e0d-553e0f39dfcb)
2019-06-15 09:28:44.529 21662 RALLYDEBUG rally_openstack.cleanup.manager [-] Deleting neutron.port object s_rally_05347e02_2DrKO0Ef (f5e52e54-0d43-48eb-909e-624e0ead350e)
2019-06-15 09:28:44.597 21662 RALLYDEBUG rally_openstack.cleanup.manager [-] Deleting neutron.port object s_rally_05347e02_yHQRzilC (f6095ca1-ab9a-446f-acca-df9c266368ef)
2019-06-15 09:28:44.792 21662 RALLYDEBUG rally_openstack.cleanup.manager [-] Deleting neutron.port object s_rally_05347e02_Ij5h8JP3 (f792f8bb-904a-4403-9e05-102f97d8bb04)
2019-06-15 09:28:44.916 21662 RALLYDEBUG rally_openstack.cleanup.manager [-] Deleting neutron.port object s_rally_05347e02_wcg4MNWd (f7dedd0b-869a-4fd3-aa33-3c24a67e0d11)
2019-06-15 09:28:44.979 21662 RALLYDEBUG rally_openstack.cleanup.manager [-] Deleting neutron.port object s_rally_05347e02_YNkZ7ray (fc9443c7-a30a-4989-a704-1ea8921f13da)
2019-06-15 09:28:45.074 21662 RALLYDEBUG rally_openstack.cleanup.manager [-] Deleting neutron.port object s_rally_05347e02_Z8iZwoo1 (fcb8ffea-96bd-44ee-9d1a-f06075b585ee)
2019-06-15 09:28:45.276 21662 RALLYDEBUG rally_openstack.cleanup.manager [-] Deleting neutron.port object s_rally_05347e02_iHXOBcJR (fda770de-0ad8-47bf-8617-0778b1db6b54)
2019-06-15 09:28:47.686 21662 RALLYDEBUG rally_openstack.cleanup.manager [-] Cleaning up neutron subnet objects
2019-06-15 09:28:48.114 21662 RALLYDEBUG rally_openstack.cleanup.manager [-] Cleaning up neutron network objects
2019-06-15 09:28:48.695 21662 RALLYDEBUG rally_openstack.cleanup.manager [-] Deleting neutron.network object s_rally_05347e02_4tBx9HXu (0c3bdd65-9030-4fb7-8d41-ba201c109fa9)
2019-06-15 09:28:48.704 21662 RALLYDEBUG rally_openstack.cleanup.manager [-] Deleting neutron.network object s_rally_05347e02_JVuiligP (0d0bc5b5-7e0c-4d6c-8572-730d59a09567)
2019-06-15 09:28:48.723 21662 RALLYDEBUG rally_openstack.cleanup.manager [-] Deleting neutron.network object s_rally_05347e02_bEhOKW03 (337f09d8-5f86-4ece-aa7b-18c31700f65b)
2019-06-15 09:28:48.724 21662 RALLYDEBUG rally_openstack.cleanup.manager [-] Deleting neutron.network object s_rally_05347e02_ZpC0og5D (1b7f889f-67f9-46ce-8a33-405742170103)
2019-06-15 09:28:48.738 21662 RALLYDEBUG rally_openstack.cleanup.manager [-] Deleting neutron.network object s_rally_05347e02_n5Ytmvk8 (2087a2b8-e212-4261-9ca1-a596a60c183e)
2019-06-15 09:28:48.738 21662 RALLYDEBUG rally_openstack.cleanup.manager [-] Deleting neutron.network object s_rally_05347e02_EOMDJ8NG (377cd7a7-77bc-42b6-85d7-5d6f8812c2de)
2019-06-15 09:28:48.767 21662 RALLYDEBUG rally_openstack.cleanup.manager [-] Deleting neutron.network object s_rally_05347e02_gNmt5TRH (3f7b61b1-b9d5-4d3c-bac9-cd565e317a2e)
2019-06-15 09:28:48.828 21662 RALLYDEBUG rally_openstack.cleanup.manager [-] Deleting neutron.network object s_rally_05347e02_Hrwbh9rd (5b561d4a-d511-4876-a44c-51252b5556f4)
2019-06-15 09:28:48.829 21662 RALLYDEBUG rally_openstack.cleanup.manager [-] Deleting neutron.network object s_rally_05347e02_ll0FQN0C (5db06265-217d-466d-8237-d3c5ed28db4d)
2019-06-15 09:28:48.850 21662 RALLYDEBUG rally_openstack.cleanup.manager [-] Deleting neutron.network object s_rally_05347e02_XYvCHyWb (6aefbe75-bc4d-43ec-8ed1-2a37c126551c)
2019-06-15 09:28:48.863 21662 RALLYDEBUG rally_openstack.cleanup.manager [-] Deleting neutron.network object s_rally_05347e02_dY8DRLXg (76724482-2dc2-4c39-bb0d-f3e7738e8e49)
2019-06-15 09:28:48.870 21662 RALLYDEBUG rally_openstack.cleanup.manager [-] Deleting neutron.network object s_rally_05347e02_PJcCPtND (631fe860-7cfd-4170-ad79-d7b56fbe7d48)
2019-06-15 09:28:48.872 21662 RALLYDEBUG rally_openstack.cleanup.manager [-] Deleting neutron.network object s_rally_05347e02_PLZbXHAF (4e306462-66e0-4229-8885-ace32aac7eab)
2019-06-15 09:28:48.876 21662 RALLYDEBUG rally_openstack.cleanup.manager [-] Deleting neutron.network object s_rally_05347e02_RaEqQWBc (7b01b2f8-26bc-429e-a177-0e16e865e5c3)
2019-06-15 09:28:48.879 21662 RALLYDEBUG rally_openstack.cleanup.manager [-] Deleting neutron.network object s_rally_05347e02_k5bC1KVK (79b572af-9cbf-48a9-a479-2d95a4f4e869)
2019-06-15 09:28:48.887 21662 RALLYDEBUG rally_openstack.cleanup.manager [-] Deleting neutron.network object s_rally_05347e02_tsU6rH44 (61234548-a0b3-4780-8f0d-043be7d30d1c)
2019-06-15 09:28:48.895 21662 RALLYDEBUG rally_openstack.cleanup.manager [-] Deleting neutron.network object s_rally_05347e02_NppegKVR (46cbf663-328f-4541-8a1a-8eda54538ae8)
2019-06-15 09:28:48.940 21662 RALLYDEBUG rally_openstack.cleanup.manager [-] Deleting neutron.network object s_rally_05347e02_laYAQvyG (83843835-2b30-4f60-8186-449d848d894f)
2019-06-15 09:28:48.945 21662 RALLYDEBUG rally_openstack.cleanup.manager [-] Deleting neutron.network object s_rally_05347e02_ku0YbxWO (8141b252-1cce-47e0-bb2a-5fbbd083950b)
2019-06-15 09:28:48.953 21662 RALLYDEBUG rally_openstack.cleanup.manager [-] Deleting neutron.network object s_rally_05347e02_6oozZYgv (8df11480-3e8b-4f9e-8a47-b5000fcac76f)
2019-06-15 09:28:50.986 21662 RALLYDEBUG rally_openstack.cleanup.manager [-] Deleting neutron.network object s_rally_05347e02_lJIH9GzE (93f550d8-0304-426c-9470-0d9cf6dfe766)
2019-06-15 09:28:51.308 21662 RALLYDEBUG rally_openstack.cleanup.manager [-] Deleting neutron.network object s_rally_05347e02_d3CiBdvY (94b525ad-2960-42f9-aac3-77f134e4449c)
2019-06-15 09:28:51.364 21662 RALLYDEBUG rally_openstack.cleanup.manager [-] Deleting neutron.network object s_rally_05347e02_QMXbPtB6 (976cf005-bdc2-4c06-a31e-2c77bfe07d4a)
2019-06-15 09:28:51.392 21662 RALLYDEBUG rally_openstack.cleanup.manager [-] Deleting neutron.network object s_rally_05347e02_SvIKkFPy (9dbc6946-31f7-4aa5-a605-0310ad889025)
2019-06-15 09:28:51.470 21662 RALLYDEBUG rally_openstack.cleanup.manager [-] Deleting neutron.network object s_rally_05347e02_wCGukOsw (a311899f-b0e9-42c8-8b13-ad1d5db6b349)
2019-06-15 09:28:51.547 21662 RALLYDEBUG rally_openstack.cleanup.manager [-] Deleting neutron.network object s_rally_05347e02_9tr9GoKO (abb53234-2631-4c98-92b4-ed39f29033dd)
2019-06-15 09:28:51.557 21662 RALLYDEBUG rally_openstack.cleanup.manager [-] Deleting neutron.network object s_rally_05347e02_EqtPRvzl (b71289a5-1e5e-4403-bcbc-cf7d99d16be9)
2019-06-15 09:28:51.570 21662 RALLYDEBUG rally_openstack.cleanup.manager [-] Deleting neutron.network object s_rally_05347e02_1ZrSTvTu (b8f47342-0225-4415-8ee8-26cabe335a92)
2019-06-15 09:28:51.846 21662 RALLYDEBUG rally_openstack.cleanup.manager [-] Deleting neutron.network object s_rally_05347e02_uxED1R9i (c4f00d81-91b6-487c-b672-fa5e28993240)
2019-06-15 09:28:51.869 21662 RALLYDEBUG rally_openstack.cleanup.manager [-] Deleting neutron.network object s_rally_05347e02_gVHRFKcP (d730ad17-2f23-45a2-9ad5-f7a6274ec64f)
2019-06-15 09:28:52.007 21662 RALLYDEBUG rally_openstack.cleanup.manager [-] Deleting neutron.network object s_rally_05347e02_yCiPRuAV (e348e90f-dcc1-4a5a-8662-82a2fa1e818a)
2019-06-15 09:28:52.008 21662 RALLYDEBUG rally_openstack.cleanup.manager [-] Deleting neutron.network object s_rally_05347e02_SKsW1wrr (e0682b5a-a655-487c-a327-83888ed43ab5)
2019-06-15 09:28:52.015 21662 RALLYDEBUG rally_openstack.cleanup.manager [-] Deleting neutron.network object s_rally_05347e02_6ureyv5P (e5585107-4adf-4995-87a1-075af3166ab4)
2019-06-15 09:28:52.046 21662 RALLYDEBUG rally_openstack.cleanup.manager [-] Deleting neutron.network object s_rally_05347e02_xzbUlaR4 (eafcb6bd-05e0-458c-8c81-004ea384a55a)
2019-06-15 09:28:52.160 21662 RALLYDEBUG rally_openstack.cleanup.manager [-] Deleting neutron.network object s_rally_05347e02_M1fK0N6Z (eb3aab36-7136-48d1-add7-553dfd5efd90)
2019-06-15 09:28:52.213 21662 RALLYDEBUG rally_openstack.cleanup.manager [-] Deleting neutron.network object s_rally_05347e02_l5g4vFGS (f1de2691-1628-4856-80f2-4571ab75681e)
2019-06-15 09:28:52.286 21662 RALLYDEBUG rally_openstack.cleanup.manager [-] Deleting neutron.network object s_rally_05347e02_ZquiH6HI (f327359d-e93a-4c6d-923c-f55f314d462b)
2019-06-15 09:28:52.300 21662 RALLYDEBUG rally_openstack.cleanup.manager [-] Deleting neutron.network object s_rally_05347e02_xUb48flE (f563e7d3-1c06-4182-8c62-d7d2b655070c)
2019-06-15 09:28:52.474 21662 RALLYDEBUG rally_openstack.cleanup.manager [-] Deleting neutron.network object s_rally_05347e02_WajmZ60l (fc949e93-5f84-41f9-a623-03a3dd90e77a)
2019-06-15 09:28:52.567 21662 RALLYDEBUG rally_openstack.cleanup.manager [-] Deleting neutron.network object s_rally_05347e02_wIjHpI46 (fd79d37e-dfbe-497c-8cb8-ad32a883a641)
2019-06-15 09:28:55.230 21662 RALLYDEBUG rally_openstack.cleanup.manager [-] Cleaning up neutron router objects
2019-06-15 09:28:55.663 21662 RALLYDEBUG rally_openstack.cleanup.manager [-] Cleaning up neutron security_group objects
2019-06-15 09:28:56.119 21662 INFO rally.task.context [-] Task 1a40d144-be5e-4a6a-984d-c47c1210712f | Context cleanup@openstack cleanup() finished in 35.15 sec
2019-06-15 09:28:56.119 21662 INFO rally.task.context [-] Task 1a40d144-be5e-4a6a-984d-c47c1210712f | Context quotas@openstack cleanup() started
2019-06-15 09:28:56.210 21662 INFO rally.task.context [-] Task 1a40d144-be5e-4a6a-984d-c47c1210712f | Context quotas@openstack cleanup() finished in 91.04 msec
2019-06-15 09:28:56.211 21662 INFO rally.task.context [-] Task 1a40d144-be5e-4a6a-984d-c47c1210712f | Context users@openstack cleanup() started
2019-06-15 09:28:59.056 21662 INFO rally.task.context [-] Task 1a40d144-be5e-4a6a-984d-c47c1210712f | Context users@openstack cleanup() finished in 2.85 sec
2019-06-15 09:28:59.071 21662 INFO rally.task.engine [-] Load duration is: 23.269183
2019-06-15 09:28:59.071 21662 INFO rally.task.engine [-] Full runner duration is: 23.321103
2019-06-15 09:28:59.071 21662 INFO rally.task.engine [-] Full duration is: 64.387996
2019-06-15 09:28:59.409 21662 INFO rally.task.engine [-] Running workload: position = 2 config = { "version": 2, "title": "A cropped version of a bigger task.", "description": "Auto-generated task from a single workload (uuid=180d6fe6-40b8-4abd-8ecd-fa406e660dc7)", "subtasks": [ { "title": "NeutronNetworks.create_and_delete_ports", "description": "Create and delete a port.", "scenario": { "NeutronNetworks.create_and_delete_ports": { "network_create_args": {}, "port_create_args": {}, "ports_per_network": 5 } }, "contexts": { "users": { "tenants": 1, "users_per_tenant": 1 }, "quotas": { "neutron": { "network": -1, "port": -1 } } }, "runner": { "constant": { "times": 40, "concurrency": 20 } }, "hooks": [], "sla": { "failure_rate": { "max": 0 } } } ] }
2019-06-15 09:28:59.437 21662 RALLYDEBUG rally_openstack.contexts.keystone.users [-] Creating 1 tenants using 20 threads
2019-06-15 09:29:00.426 21662 RALLYDEBUG rally_openstack.contexts.keystone.users [-] Creating 1 users using 20 threads
2019-06-15 09:29:01.857 21662 INFO rally.task.context [-] Task 1a40d144-be5e-4a6a-984d-c47c1210712f | Context users@openstack setup() finished in 2.42 sec
2019-06-15 09:29:02.444 21662 INFO rally.task.context [-] Task 1a40d144-be5e-4a6a-984d-c47c1210712f | Context quotas@openstack setup() finished in 0.59 sec
2019-06-15 09:29:02.446 21662 INFO rally.task.context [-] Task 1a40d144-be5e-4a6a-984d-c47c1210712f | Context cleanup@openstack setup() finished in 0.01 msec
2019-06-15 09:29:02.461 21662 RALLYDEBUG rally.task.runner [-] Starting the constant runner (task UUID: 1a40d144-be5e-4a6a-984d-c47c1210712f). timeout: 0 concurrency: 20 concurrency_per_worker: 1 times: 40 concurrency_overhead: 4 processes_to_start: 16 max_cpu_used: 16
2019-06-15 09:29:02.477 25908 RALLYDEBUG rally.task.runner [-] Starting a worker. concurrency: 2 args: {"network_create_args": {}, "port_create_args": {}, "ports_per_network": 5} times: 40 method_name: run timeout: 0 duration: None cls:
2019-06-15 09:29:02.479 25909 RALLYDEBUG rally.task.runner [-] Starting a worker. concurrency: 2 args: {"network_create_args": {}, "port_create_args": {}, "ports_per_network": 5} times: 40 method_name: run timeout: 0 duration: None cls:
2019-06-15 09:29:02.482 25910 RALLYDEBUG rally.task.runner [-] Starting a worker. concurrency: 2 args: {"network_create_args": {}, "port_create_args": {}, "ports_per_network": 5} times: 40 method_name: run timeout: 0 duration: None cls:
2019-06-15 09:29:02.485 25911 RALLYDEBUG rally.task.runner [-] Starting a worker. concurrency: 2 args: {"network_create_args": {}, "port_create_args": {}, "ports_per_network": 5} times: 40 method_name: run timeout: 0 duration: None cls:
2019-06-15 09:29:02.488 25909 INFO rally.task.runner [-] Task 1a40d144-be5e-4a6a-984d-c47c1210712f | ITER: 2 START
2019-06-15 09:29:02.489 25908 INFO rally.task.runner [-] Task 1a40d144-be5e-4a6a-984d-c47c1210712f | ITER: 1 START
2019-06-15 09:29:02.489 25912 RALLYDEBUG rally.task.runner [-] Starting a worker. concurrency: 1 args: {"network_create_args": {}, "port_create_args": {}, "ports_per_network": 5} times: 40 method_name: run timeout: 0 duration: None cls:
2019-06-15 09:29:02.490 25910 INFO rally.task.runner [-] Task 1a40d144-be5e-4a6a-984d-c47c1210712f | ITER: 4 START
2019-06-15 09:29:02.490 25908 INFO rally.task.runner [-] Task 1a40d144-be5e-4a6a-984d-c47c1210712f | ITER: 3 START
2019-06-15 09:29:02.492 25908 WARNING rally_openstack.scenarios.neutron.utils [-] Running this scenario without either the 'network' or 'existing_network' context is deprecated
2019-06-15 09:29:02.492 25909 WARNING rally_openstack.scenarios.neutron.utils [-] Running this scenario without either the 'network' or 'existing_network' context is deprecated
2019-06-15 09:29:02.493 25916 RALLYDEBUG rally.task.runner [-] Starting a worker. concurrency: 1 args: {"network_create_args": {}, "port_create_args": {}, "ports_per_network": 5} times: 40 method_name: run timeout: 0 duration: None cls:
2019-06-15 09:29:02.495 25911 INFO rally.task.runner [-] Task 1a40d144-be5e-4a6a-984d-c47c1210712f | ITER: 6 START
2019-06-15 09:29:02.493 25910 WARNING rally_openstack.scenarios.neutron.utils [-] Running this scenario without either the 'network' or 'existing_network' context is deprecated
2019-06-15 09:29:02.497 25921 RALLYDEBUG rally.task.runner [-] Starting a worker. concurrency: 1 args: {"network_create_args": {}, "port_create_args": {}, "ports_per_network": 5} times: 40 method_name: run timeout: 0 duration: None cls:
2019-06-15 09:29:02.498 25911 WARNING rally_openstack.scenarios.neutron.utils [-] Running this scenario without either the 'network' or 'existing_network' context is deprecated
2019-06-15 09:29:02.499 25912 INFO rally.task.runner [-] Task 1a40d144-be5e-4a6a-984d-c47c1210712f | ITER: 8 START
2019-06-15 09:29:02.501 25912 WARNING rally_openstack.scenarios.neutron.utils [-] Running this scenario without either the 'network' or 'existing_network' context is deprecated
2019-06-15 09:29:02.493 25908 WARNING rally_openstack.scenarios.neutron.utils [-] Running this scenario without either the 'network' or 'existing_network' context is deprecated
2019-06-15 09:29:02.501 25916 INFO rally.task.runner [-] Task 1a40d144-be5e-4a6a-984d-c47c1210712f | ITER: 10 START
2019-06-15 09:29:02.502 25924 RALLYDEBUG rally.task.runner [-] Starting a worker. concurrency: 1 args: {"network_create_args": {}, "port_create_args": {}, "ports_per_network": 5} times: 40 method_name: run timeout: 0 duration: None cls:
2019-06-15 09:29:02.504 25921 INFO rally.task.runner [-] Task 1a40d144-be5e-4a6a-984d-c47c1210712f | ITER: 11 START
2019-06-15 09:29:02.505 25916 WARNING rally_openstack.scenarios.neutron.utils [-] Running this scenario without either the 'network' or 'existing_network' context is deprecated
2019-06-15 09:29:02.505 25909 INFO rally.task.runner [-] Task 1a40d144-be5e-4a6a-984d-c47c1210712f | ITER: 5 START
2019-06-15 09:29:02.508 25909 WARNING rally_openstack.scenarios.neutron.utils [-] Running this scenario without either the 'network' or 'existing_network' context is deprecated
2019-06-15 09:29:02.503 25910 INFO rally.task.runner [-] Task 1a40d144-be5e-4a6a-984d-c47c1210712f | ITER: 7 START
2019-06-15 09:29:02.510 25911 INFO rally.task.runner [-] Task 1a40d144-be5e-4a6a-984d-c47c1210712f | ITER: 9 START
2019-06-15 09:29:02.510 25924 INFO rally.task.runner [-] Task 1a40d144-be5e-4a6a-984d-c47c1210712f | ITER: 12 START
2019-06-15 09:29:02.511 25921 WARNING rally_openstack.scenarios.neutron.utils [-] Running this scenario without either the 'network' or 'existing_network' context is deprecated
2019-06-15 09:29:02.511 25910 WARNING rally_openstack.scenarios.neutron.utils [-] Running this scenario without either the 'network' or 'existing_network' context is deprecated
2019-06-15 09:29:02.511 25931 RALLYDEBUG rally.task.runner [-] Starting a worker. concurrency: 1 args: {"network_create_args": {}, "port_create_args": {}, "ports_per_network": 5} times: 40 method_name: run timeout: 0 duration: None cls:
2019-06-15 09:29:02.512 25924 WARNING rally_openstack.scenarios.neutron.utils [-] Running this scenario without either the 'network' or 'existing_network' context is deprecated
2019-06-15 09:29:02.511 25911 WARNING rally_openstack.scenarios.neutron.utils [-] Running this scenario without either the 'network' or 'existing_network' context is deprecated
2019-06-15 09:29:02.519 25931 INFO rally.task.runner [-] Task 1a40d144-be5e-4a6a-984d-c47c1210712f | ITER: 13 START
2019-06-15 09:29:02.521 25931 WARNING rally_openstack.scenarios.neutron.utils [-] Running this scenario without either the 'network' or 'existing_network' context is deprecated
2019-06-15 09:29:02.520 25937 RALLYDEBUG rally.task.runner [-] Starting a worker. concurrency: 1 args: {"network_create_args": {}, "port_create_args": {}, "ports_per_network": 5} times: 40 method_name: run timeout: 0 duration: None cls:
2019-06-15 09:29:02.527 25937 INFO rally.task.runner [-] Task 1a40d144-be5e-4a6a-984d-c47c1210712f | ITER: 14 START
2019-06-15 09:29:02.527 25940 RALLYDEBUG rally.task.runner [-] Starting a worker. concurrency: 1 args: {"network_create_args": {}, "port_create_args": {}, "ports_per_network": 5} times: 40 method_name: run timeout: 0 duration: None cls:
2019-06-15 09:29:02.529 25937 WARNING rally_openstack.scenarios.neutron.utils [-] Running this scenario without either the 'network' or 'existing_network' context is deprecated
2019-06-15 09:29:02.534 25940 INFO rally.task.runner [-] Task 1a40d144-be5e-4a6a-984d-c47c1210712f | ITER: 15 START
2019-06-15 09:29:02.535 25943 RALLYDEBUG rally.task.runner [-] Starting a worker. concurrency: 1 args: {"network_create_args": {}, "port_create_args": {}, "ports_per_network": 5} times: 40 method_name: run timeout: 0 duration: None cls:
2019-06-15 09:29:02.536 25940 WARNING rally_openstack.scenarios.neutron.utils [-] Running this scenario without either the 'network' or 'existing_network' context is deprecated
2019-06-15 09:29:02.541 25943 INFO rally.task.runner [-] Task 1a40d144-be5e-4a6a-984d-c47c1210712f | ITER: 16 START
2019-06-15 09:29:02.543 25943 WARNING rally_openstack.scenarios.neutron.utils [-] Running this scenario without either the 'network' or 'existing_network' context is deprecated
2019-06-15 09:29:02.544 25946 RALLYDEBUG rally.task.runner [-] Starting a worker. concurrency: 1 args: {"network_create_args": {}, "port_create_args": {}, "ports_per_network": 5} times: 40 method_name: run timeout: 0 duration: None cls:
2019-06-15 09:29:02.550 25946 INFO rally.task.runner [-] Task 1a40d144-be5e-4a6a-984d-c47c1210712f | ITER: 17 START
2019-06-15 09:29:02.551 25949 RALLYDEBUG rally.task.runner [-] Starting a worker. concurrency: 1 args: {"network_create_args": {}, "port_create_args": {}, "ports_per_network": 5} times: 40 method_name: run timeout: 0 duration: None cls:
2019-06-15 09:29:02.552 25946 WARNING rally_openstack.scenarios.neutron.utils [-] Running this scenario without either the 'network' or 'existing_network' context is deprecated
2019-06-15 09:29:02.556 25949 INFO rally.task.runner [-] Task 1a40d144-be5e-4a6a-984d-c47c1210712f | ITER: 18 START
2019-06-15 09:29:02.557 25949 WARNING rally_openstack.scenarios.neutron.utils [-] Running this scenario without either the 'network' or 'existing_network' context is deprecated
2019-06-15 09:29:02.557 25952 RALLYDEBUG rally.task.runner [-] Starting a worker. concurrency: 1 args: {"network_create_args": {}, "port_create_args": {}, "ports_per_network": 5} times: 40 method_name: run timeout: 0 duration: None cls:
2019-06-15 09:29:02.562 25952 INFO rally.task.runner [-] Task 1a40d144-be5e-4a6a-984d-c47c1210712f | ITER: 19 START
2019-06-15 09:29:02.563 25952 WARNING rally_openstack.scenarios.neutron.utils [-] Running this scenario without either the 'network' or 'existing_network' context is deprecated
2019-06-15 09:29:02.565 25955 RALLYDEBUG rally.task.runner [-] Starting a worker. concurrency: 1 args: {"network_create_args": {}, "port_create_args": {}, "ports_per_network": 5} times: 40 method_name: run timeout: 0 duration: None cls:
2019-06-15 09:29:02.570 25955 INFO rally.task.runner [-] Task 1a40d144-be5e-4a6a-984d-c47c1210712f | ITER: 20 START
2019-06-15 09:29:02.571 25955 WARNING rally_openstack.scenarios.neutron.utils [-] Running this scenario without either the 'network' or 'existing_network' context is deprecated
2019-06-15 09:29:12.782 25931 INFO rally.task.runner [-] Task 1a40d144-be5e-4a6a-984d-c47c1210712f | ITER: 13 END: OK
2019-06-15 09:29:12.787 25931 INFO rally.task.runner [-] Task 1a40d144-be5e-4a6a-984d-c47c1210712f | ITER: 21 START
2019-06-15 09:29:12.788 25931 WARNING rally_openstack.scenarios.neutron.utils [-] Running this scenario without either the 'network' or 'existing_network' context is deprecated
2019-06-15 09:29:13.303 25911 INFO rally.task.runner [-] Task 1a40d144-be5e-4a6a-984d-c47c1210712f | ITER: 6 END: OK
2019-06-15 09:29:13.307 25911 INFO rally.task.runner [-] Task 1a40d144-be5e-4a6a-984d-c47c1210712f | ITER: 22 START
2019-06-15 09:29:13.308 25911 WARNING rally_openstack.scenarios.neutron.utils [-] Running this scenario without either the 'network' or 'existing_network' context is deprecated
2019-06-15 09:29:13.459 25946 INFO rally.task.runner [-] Task 1a40d144-be5e-4a6a-984d-c47c1210712f | ITER: 17 END: OK
2019-06-15 09:29:13.461 25908 INFO rally.task.runner [-] Task 1a40d144-be5e-4a6a-984d-c47c1210712f | ITER: 3 END: OK
2019-06-15 09:29:13.464 25946 INFO rally.task.runner [-] Task 1a40d144-be5e-4a6a-984d-c47c1210712f | ITER: 23 START
2019-06-15 09:29:13.465 25946 WARNING rally_openstack.scenarios.neutron.utils [-] Running this scenario without either the 'network' or 'existing_network' context is deprecated
2019-06-15 09:29:13.467 25908 INFO rally.task.runner [-] Task 1a40d144-be5e-4a6a-984d-c47c1210712f | ITER: 24 START
2019-06-15 09:29:13.467 25908 WARNING rally_openstack.scenarios.neutron.utils [-] Running this scenario without either the 'network' or 'existing_network' context is deprecated
2019-06-15 09:29:14.103 25924 INFO rally.task.runner [-] Task 1a40d144-be5e-4a6a-984d-c47c1210712f | ITER: 12 END: OK
2019-06-15 09:29:14.109 25924 INFO rally.task.runner [-] Task 1a40d144-be5e-4a6a-984d-c47c1210712f | ITER: 25 START
2019-06-15 09:29:14.109 25924 WARNING rally_openstack.scenarios.neutron.utils [-] Running this scenario without either the 'network' or 'existing_network' context is deprecated
2019-06-15 09:29:14.590 25921 INFO rally.task.runner [-] Task 1a40d144-be5e-4a6a-984d-c47c1210712f | ITER: 11 END: OK
2019-06-15 09:29:14.595 25921 INFO rally.task.runner [-] Task 1a40d144-be5e-4a6a-984d-c47c1210712f | ITER: 26 START
2019-06-15 09:29:14.595 25921 WARNING rally_openstack.scenarios.neutron.utils [-] Running this scenario without either the 'network' or 'existing_network' context is deprecated
2019-06-15 09:29:14.982 25940 INFO rally.task.runner [-] Task 1a40d144-be5e-4a6a-984d-c47c1210712f | ITER: 15 END: OK
2019-06-15 09:29:14.987 25940 INFO rally.task.runner [-] Task 1a40d144-be5e-4a6a-984d-c47c1210712f | ITER: 27 START
2019-06-15 09:29:14.987 25940 WARNING rally_openstack.scenarios.neutron.utils [-] Running this scenario without either the 'network' or 'existing_network' context is deprecated
2019-06-15 09:29:15.033 25910 INFO rally.task.runner [-] Task 1a40d144-be5e-4a6a-984d-c47c1210712f | ITER: 4 END: OK
2019-06-15 09:29:15.037 25910 INFO rally.task.runner [-] Task 1a40d144-be5e-4a6a-984d-c47c1210712f | ITER: 28 START
2019-06-15 09:29:15.038 25910 WARNING rally_openstack.scenarios.neutron.utils [-] Running this scenario without either the 'network' or 'existing_network' context is deprecated
2019-06-15 09:29:15.190 25910 INFO rally.task.runner [-] Task 1a40d144-be5e-4a6a-984d-c47c1210712f | ITER: 7 END: OK
2019-06-15 09:29:15.194 25910 INFO rally.task.runner [-] Task 1a40d144-be5e-4a6a-984d-c47c1210712f | ITER: 29 START
2019-06-15 09:29:15.195 25910 WARNING rally_openstack.scenarios.neutron.utils [-] Running this scenario without either the 'network' or 'existing_network' context is deprecated
2019-06-15 09:29:15.288 25909 INFO rally.task.runner [-] Task 1a40d144-be5e-4a6a-984d-c47c1210712f | ITER: 5 END: OK
2019-06-15 09:29:15.292 25909 INFO rally.task.runner [-] Task 1a40d144-be5e-4a6a-984d-c47c1210712f | ITER: 30 START
2019-06-15 09:29:15.293 25909 WARNING rally_openstack.scenarios.neutron.utils [-] Running this scenario without either the 'network' or 'existing_network' context is deprecated
2019-06-15 09:29:15.668 25952 INFO rally.task.runner [-] Task 1a40d144-be5e-4a6a-984d-c47c1210712f | ITER: 19 END: OK
2019-06-15 09:29:15.673 25952 INFO rally.task.runner [-] Task 1a40d144-be5e-4a6a-984d-c47c1210712f | ITER: 31 START
2019-06-15 09:29:15.674 25952 WARNING rally_openstack.scenarios.neutron.utils [-] Running this scenario without either the 'network' or 'existing_network' context is deprecated
2019-06-15 09:29:15.744 25943 INFO rally.task.runner [-] Task 1a40d144-be5e-4a6a-984d-c47c1210712f | ITER: 16 END: OK
2019-06-15 09:29:15.749 25943 INFO rally.task.runner [-] Task 1a40d144-be5e-4a6a-984d-c47c1210712f | ITER: 32 START
2019-06-15 09:29:15.750 25943 WARNING rally_openstack.scenarios.neutron.utils [-] Running this scenario without either the 'network' or 'existing_network' context is deprecated
2019-06-15 09:29:16.332 25937 INFO rally.task.runner [-] Task 1a40d144-be5e-4a6a-984d-c47c1210712f | ITER: 14 END: OK
2019-06-15 09:29:16.336 25937 INFO rally.task.runner [-] Task 1a40d144-be5e-4a6a-984d-c47c1210712f | ITER: 33 START
2019-06-15 09:29:16.337 25937 WARNING rally_openstack.scenarios.neutron.utils [-] Running this scenario without either the 'network' or 'existing_network' context is deprecated
2019-06-15 09:29:16.777 25955 INFO rally.task.runner [-] Task 1a40d144-be5e-4a6a-984d-c47c1210712f | ITER: 20 END: OK
2019-06-15 09:29:16.782 25955 INFO rally.task.runner [-] Task 1a40d144-be5e-4a6a-984d-c47c1210712f | ITER: 34 START
2019-06-15 09:29:16.783 25955 WARNING rally_openstack.scenarios.neutron.utils [-] Running this scenario without either the 'network' or 'existing_network' context is deprecated
2019-06-15 09:29:16.787 25908 INFO rally.task.runner [-] Task 1a40d144-be5e-4a6a-984d-c47c1210712f | ITER: 1 END: OK
2019-06-15 09:29:16.791 25908 INFO rally.task.runner [-] Task 1a40d144-be5e-4a6a-984d-c47c1210712f | ITER: 35 START
2019-06-15 09:29:16.792 25908 WARNING rally_openstack.scenarios.neutron.utils [-] Running this scenario without either the 'network' or 'existing_network' context is deprecated
2019-06-15 09:29:16.914 25916 INFO rally.task.runner [-] Task 1a40d144-be5e-4a6a-984d-c47c1210712f | ITER: 10 END: OK
2019-06-15 09:29:16.919 25916 INFO rally.task.runner [-] Task 1a40d144-be5e-4a6a-984d-c47c1210712f | ITER: 36 START
2019-06-15 09:29:16.919 25916 WARNING rally_openstack.scenarios.neutron.utils [-] Running this scenario without either the 'network' or 'existing_network' context is deprecated
2019-06-15 09:29:16.978 25949 INFO rally.task.runner [-] Task 1a40d144-be5e-4a6a-984d-c47c1210712f | ITER: 18 END: OK
2019-06-15 09:29:16.983 25949 INFO rally.task.runner [-] Task 1a40d144-be5e-4a6a-984d-c47c1210712f | ITER: 37 START
2019-06-15 09:29:16.984 25949 WARNING rally_openstack.scenarios.neutron.utils [-] Running this scenario without either the 'network' or 'existing_network' context is deprecated
2019-06-15 09:29:17.022 25911 INFO rally.task.runner [-] Task 1a40d144-be5e-4a6a-984d-c47c1210712f | ITER: 9 END: OK
2019-06-15 09:29:17.026 25911 INFO rally.task.runner [-] Task 1a40d144-be5e-4a6a-984d-c47c1210712f | ITER: 38 START
2019-06-15 09:29:17.027 25911 WARNING rally_openstack.scenarios.neutron.utils [-] Running this scenario without either the 'network' or 'existing_network' context is deprecated
2019-06-15 09:29:17.183 25912 INFO rally.task.runner [-] Task 1a40d144-be5e-4a6a-984d-c47c1210712f | ITER: 8 END: OK
2019-06-15 09:29:17.188 25912 INFO rally.task.runner [-] Task 1a40d144-be5e-4a6a-984d-c47c1210712f | ITER: 39 START
