2019-06-15 09:14:53.095 21653 RALLYDEBUG rally.api [-] INFO logs from urllib3 and requests module are hide.
2019-06-15 09:14:53.095 21653 RALLYDEBUG rally.api [-] urllib3 insecure warnings are hidden.
2019-06-15 09:14:53.095 21653 RALLYDEBUG rally.api [-] ERROR log from boto module is hide.
2019-06-15 09:14:55.762 21655 RALLYDEBUG rally.api [-] INFO logs from urllib3 and requests module are hide.
2019-06-15 09:14:55.762 21655 RALLYDEBUG rally.api [-] urllib3 insecure warnings are hidden.
2019-06-15 09:14:55.762 21655 RALLYDEBUG rally.api [-] ERROR log from boto module is hide.
2019-06-15 09:14:57.402 21655 WARNING rally_openstack.platforms.existing [-] endpoint is deprecated and not used.
2019-06-15 09:14:58.507 21657 RALLYDEBUG rally.api [-] INFO logs from urllib3 and requests module are hide.
2019-06-15 09:14:58.507 21657 RALLYDEBUG rally.api [-] urllib3 insecure warnings are hidden.
2019-06-15 09:14:58.507 21657 RALLYDEBUG rally.api [-] ERROR log from boto module is hide.
2019-06-15 09:15:01.898 21660 RALLYDEBUG rally.api [-] INFO logs from urllib3 and requests module are hide.
2019-06-15 09:15:01.898 21660 RALLYDEBUG rally.api [-] urllib3 insecure warnings are hidden.
2019-06-15 09:15:01.898 21660 RALLYDEBUG rally.api [-] ERROR log from boto module is hide.
2019-06-15 09:15:03.352 21662 RALLYDEBUG rally.api [-] INFO logs from urllib3 and requests module are hide.
2019-06-15 09:15:03.352 21662 RALLYDEBUG rally.api [-] urllib3 insecure warnings are hidden.
2019-06-15 09:15:03.353 21662 RALLYDEBUG rally.api [-] ERROR log from boto module is hide.
2019-06-15 09:15:04.757 21662 INFO rally.common.plugin.discover [-] Loading plugins from directories /root/.rally/plugins/*
2019-06-15 09:15:04.758 21662 INFO rally.common.plugin.discover [-] Loaded module with plugins: /root/.rally/plugins/__init__.py
2019-06-15 09:15:04.761 21662 INFO rally.common.plugin.discover [-] Loaded module with plugins: /root/.rally/plugins/trunk_scenario.py
2019-06-15 09:15:05.003 21662 INFO rally.task.engine [-] Task 1a40d144-be5e-4a6a-984d-c47c1210712f | Starting: Task validation.
2019-06-15 09:15:05.082 21662 INFO rally.task.engine [-] Task 1a40d144-be5e-4a6a-984d-c47c1210712f | Starting: Task validation of syntax.
2019-06-15 09:15:05.329 21662 INFO rally.task.engine [-] Task 1a40d144-be5e-4a6a-984d-c47c1210712f | Completed: Task validation of syntax.
2019-06-15 09:15:05.330 21662 INFO rally.task.engine [-] Task 1a40d144-be5e-4a6a-984d-c47c1210712f | Starting: Task validation of required platforms.
2019-06-15 09:15:05.400 21662 INFO rally.task.engine [-] Task 1a40d144-be5e-4a6a-984d-c47c1210712f | Completed: Task validation of required platforms.
2019-06-15 09:15:05.400 21662 INFO rally.task.engine [-] Task 1a40d144-be5e-4a6a-984d-c47c1210712f | Starting: Task validation of semantic.
2019-06-15 09:15:05.400 21662 INFO rally.task.engine [-] Check health of the environment '3b05fd08-b19c-4d17-9f3e-1e13d0c0beea'.
2019-06-15 09:15:05.997 21662 INFO rally.task.engine [-] Platform existing@openstack (available: True): OK!
2019-06-15 09:15:06.012 21662 RALLYDEBUG rally_openstack.contexts.keystone.users [-] Creating 1 tenants using 20 threads
2019-06-15 09:15:06.927 21662 RALLYDEBUG rally_openstack.contexts.keystone.users [-] Creating 1 users using 20 threads
2019-06-15 09:15:08.377 21662 INFO rally.task.context [-] Task 1a40d144-be5e-4a6a-984d-c47c1210712f | Context users@openstack setup() finished in 2.36 sec
2019-06-15 09:15:13.081 21662 INFO rally.task.context [-] Task 1a40d144-be5e-4a6a-984d-c47c1210712f | Context users@openstack cleanup() started
2019-06-15 09:15:16.436 21662 INFO rally.task.context [-] Task 1a40d144-be5e-4a6a-984d-c47c1210712f | Context users@openstack cleanup() finished in 3.35 sec
2019-06-15 09:15:16.437 21662 INFO rally.task.engine [-] Task 1a40d144-be5e-4a6a-984d-c47c1210712f | Completed: Task validation of semantic.
2019-06-15 09:15:16.437 21662 INFO rally.task.engine [-] Task 1a40d144-be5e-4a6a-984d-c47c1210712f | Completed: Task validation.
2019-06-15 09:15:16.437 21662 INFO rally.api [-] Task 1a40d144-be5e-4a6a-984d-c47c1210712f input file is valid.
2019-06-15 09:15:16.438 21662 INFO rally.api [-] Run Task 1a40d144-be5e-4a6a-984d-c47c1210712f against Deployment 3b05fd08-b19c-4d17-9f3e-1e13d0c0beea
2019-06-15 09:15:16.438 21662 INFO rally.task.engine [-] Task 1a40d144-be5e-4a6a-984d-c47c1210712f | Starting: Running task.
2019-06-15 09:15:16.616 21662 INFO rally.task.engine [-] Running workload: position = 0 config = { "version": 2, "title": "A cropped version of a bigger task.", "description": "Auto-generated task from a single workload (uuid=7bbc7295-5b29-4870-b8ef-a61f697a0363)", "subtasks": [ { "title": "NeutronNetworks.create_and_list_networks", "description": "Check performance of list_networks action and ensure > network quotas are not exceeded", "scenario": { "NeutronNetworks.create_and_list_networks": {} }, "contexts": { "users": { "tenants": 1, "users_per_tenant": 1 }, "quotas": { "neutron": { "network": 119 } } }, "runner": { "constant": { "times": 100, "concurrency": 20 } }, "hooks": [], "sla": { "max_avg_duration_per_atomic": { "neutron.list_networks": 15 }, "failure_rate": { "max": 0 } } } ] }
2019-06-15 09:15:16.643 21662 RALLYDEBUG rally_openstack.contexts.keystone.users [-] Creating 1 tenants using 20 threads
2019-06-15 09:15:17.592 21662 RALLYDEBUG rally_openstack.contexts.keystone.users [-] Creating 1 users using 20 threads
2019-06-15 09:15:19.021 21662 INFO rally.task.context [-] Task 1a40d144-be5e-4a6a-984d-c47c1210712f | Context users@openstack setup() finished in 2.38 sec
2019-06-15 09:15:19.483 21662 INFO rally.task.context [-] Task 1a40d144-be5e-4a6a-984d-c47c1210712f | Context quotas@openstack setup() finished in 0.46 sec
2019-06-15 09:15:19.484 21662 INFO rally.task.context [-] Task 1a40d144-be5e-4a6a-984d-c47c1210712f | Context cleanup@openstack setup() finished in 0.01 msec
2019-06-15 09:15:19.493 21662 RALLYDEBUG rally.task.runner [-] Starting the constant runner (task UUID: 1a40d144-be5e-4a6a-984d-c47c1210712f). timeout: 0 concurrency: 20 concurrency_per_worker: 1 times: 100 concurrency_overhead: 4 processes_to_start: 16 max_cpu_used: 16
2019-06-15 09:15:19.507 21786 RALLYDEBUG rally.task.runner [-] Starting a worker. concurrency: 2 args: {} times: 100 method_name: run timeout: 0 duration: None cls:
2019-06-15 09:15:19.510 21787 RALLYDEBUG rally.task.runner [-] Starting a worker. concurrency: 2 args: {} times: 100 method_name: run timeout: 0 duration: None cls:
2019-06-15 09:15:19.513 21788 RALLYDEBUG rally.task.runner [-] Starting a worker. concurrency: 2 args: {} times: 100 method_name: run timeout: 0 duration: None cls:
2019-06-15 09:15:19.516 21789 RALLYDEBUG rally.task.runner [-] Starting a worker. concurrency: 2 args: {} times: 100 method_name: run timeout: 0 duration: None cls:
2019-06-15 09:15:19.517 21786 INFO rally.task.runner [-] Task 1a40d144-be5e-4a6a-984d-c47c1210712f | ITER: 1 START
2019-06-15 09:15:19.519 21792 RALLYDEBUG rally.task.runner [-] Starting a worker. concurrency: 1 args: {} times: 100 method_name: run timeout: 0 duration: None cls:
2019-06-15 09:15:19.522 21787 INFO rally.task.runner [-] Task 1a40d144-be5e-4a6a-984d-c47c1210712f | ITER: 2 START
2019-06-15 09:15:19.523 21788 INFO rally.task.runner [-] Task 1a40d144-be5e-4a6a-984d-c47c1210712f | ITER: 4 START
2019-06-15 09:15:19.523 21795 RALLYDEBUG rally.task.runner [-] Starting a worker. concurrency: 1 args: {} times: 100 method_name: run timeout: 0 duration: None cls:
2019-06-15 09:15:19.526 21799 RALLYDEBUG rally.task.runner [-] Starting a worker. concurrency: 1 args: {} times: 100 method_name: run timeout: 0 duration: None cls:
2019-06-15 09:15:19.525 21789 INFO rally.task.runner [-] Task 1a40d144-be5e-4a6a-984d-c47c1210712f | ITER: 6 START
2019-06-15 09:15:19.528 21786 INFO rally.task.runner [-] Task 1a40d144-be5e-4a6a-984d-c47c1210712f | ITER: 3 START
2019-06-15 09:15:19.527 21792 INFO rally.task.runner [-] Task 1a40d144-be5e-4a6a-984d-c47c1210712f | ITER: 8 START
2019-06-15 09:15:19.530 21803 RALLYDEBUG rally.task.runner [-] Starting a worker. concurrency: 1 args: {} times: 100 method_name: run timeout: 0 duration: None cls:
2019-06-15 09:15:19.532 21795 INFO rally.task.runner [-] Task 1a40d144-be5e-4a6a-984d-c47c1210712f | ITER: 10 START
2019-06-15 09:15:19.526 21787 INFO rally.task.runner [-] Task 1a40d144-be5e-4a6a-984d-c47c1210712f | ITER: 5 START
2019-06-15 09:15:19.535 21788 INFO rally.task.runner [-] Task 1a40d144-be5e-4a6a-984d-c47c1210712f | ITER: 7 START
2019-06-15 09:15:19.534 21807 RALLYDEBUG rally.task.runner [-] Starting a worker. concurrency: 1 args: {} times: 100 method_name: run timeout: 0 duration: None cls:
2019-06-15 09:15:19.537 21810 RALLYDEBUG rally.task.runner [-] Starting a worker. concurrency: 1 args: {} times: 100 method_name: run timeout: 0 duration: None cls:
2019-06-15 09:15:19.538 21803 INFO rally.task.runner [-] Task 1a40d144-be5e-4a6a-984d-c47c1210712f | ITER: 12 START
2019-06-15 09:15:19.538 21799 INFO rally.task.runner [-] Task 1a40d144-be5e-4a6a-984d-c47c1210712f | ITER: 11 START
2019-06-15 09:15:19.539 21789 INFO rally.task.runner [-] Task 1a40d144-be5e-4a6a-984d-c47c1210712f | ITER: 9 START
2019-06-15 09:15:19.542 21807 INFO rally.task.runner [-] Task 1a40d144-be5e-4a6a-984d-c47c1210712f | ITER: 13 START
2019-06-15 09:15:19.545 21810 INFO rally.task.runner [-] Task 1a40d144-be5e-4a6a-984d-c47c1210712f | ITER: 14 START
2019-06-15 09:15:19.546 21817 RALLYDEBUG rally.task.runner [-] Starting a worker. concurrency: 1 args: {} times: 100 method_name: run timeout: 0 duration: None cls:
2019-06-15 09:15:19.554 21821 RALLYDEBUG rally.task.runner [-] Starting a worker. concurrency: 1 args: {} times: 100 method_name: run timeout: 0 duration: None cls:
2019-06-15 09:15:19.555 21817 INFO rally.task.runner [-] Task 1a40d144-be5e-4a6a-984d-c47c1210712f | ITER: 15 START
2019-06-15 09:15:19.562 21821 INFO rally.task.runner [-] Task 1a40d144-be5e-4a6a-984d-c47c1210712f | ITER: 16 START
2019-06-15 09:15:19.564 21824 RALLYDEBUG rally.task.runner [-] Starting a worker. concurrency: 1 args: {} times: 100 method_name: run timeout: 0 duration: None cls:
2019-06-15 09:15:19.571 21824 INFO rally.task.runner [-] Task 1a40d144-be5e-4a6a-984d-c47c1210712f | ITER: 17 START
2019-06-15 09:15:19.571 21827 RALLYDEBUG rally.task.runner [-] Starting a worker. concurrency: 1 args: {} times: 100 method_name: run timeout: 0 duration: None cls:
2019-06-15 09:15:19.578 21827 INFO rally.task.runner [-] Task 1a40d144-be5e-4a6a-984d-c47c1210712f | ITER: 18 START
2019-06-15 09:15:19.578 21830 RALLYDEBUG rally.task.runner [-] Starting a worker. concurrency: 1 args: {} times: 100 method_name: run timeout: 0 duration: None cls:
2019-06-15 09:15:19.583 21833 RALLYDEBUG rally.task.runner [-] Starting a worker. concurrency: 1 args: {} times: 100 method_name: run timeout: 0 duration: None cls:
2019-06-15 09:15:19.584 21830 INFO rally.task.runner [-] Task 1a40d144-be5e-4a6a-984d-c47c1210712f | ITER: 19 START
2019-06-15 09:15:19.589 21833 INFO rally.task.runner [-] Task 1a40d144-be5e-4a6a-984d-c47c1210712f | ITER: 20 START
2019-06-15 09:15:20.548 21799 INFO rally.task.runner [-] Task 1a40d144-be5e-4a6a-984d-c47c1210712f | ITER: 11 END: OK
2019-06-15 09:15:20.554 21799 INFO rally.task.runner [-] Task 1a40d144-be5e-4a6a-984d-c47c1210712f | ITER: 21 START
2019-06-15 09:15:20.590 21803 INFO rally.task.runner [-] Task 1a40d144-be5e-4a6a-984d-c47c1210712f | ITER: 12 END: OK
2019-06-15 09:15:20.593 21803 INFO rally.task.runner [-] Task 1a40d144-be5e-4a6a-984d-c47c1210712f | ITER: 22 START
2019-06-15 09:15:20.800 21830 INFO rally.task.runner [-] Task 1a40d144-be5e-4a6a-984d-c47c1210712f | ITER: 19 END: OK
2019-06-15 09:15:20.804 21830 INFO rally.task.runner [-] Task 1a40d144-be5e-4a6a-984d-c47c1210712f | ITER: 23 START
2019-06-15 09:15:20.965 21787 INFO rally.task.runner [-] Task 1a40d144-be5e-4a6a-984d-c47c1210712f | ITER: 5 END: OK
2019-06-15 09:15:20.969 21787 INFO rally.task.runner [-] Task 1a40d144-be5e-4a6a-984d-c47c1210712f | ITER: 24 START
2019-06-15 09:15:20.996 21789 INFO rally.task.runner [-] Task 1a40d144-be5e-4a6a-984d-c47c1210712f | ITER: 9 END: OK
2019-06-15 09:15:21.000 21789 INFO rally.task.runner [-] Task 1a40d144-be5e-4a6a-984d-c47c1210712f | ITER: 25 START
2019-06-15 09:15:21.007 21788 INFO rally.task.runner [-] Task 1a40d144-be5e-4a6a-984d-c47c1210712f | ITER: 7 END: OK
2019-06-15 09:15:21.010 21788 INFO rally.task.runner [-] Task 1a40d144-be5e-4a6a-984d-c47c1210712f | ITER: 26 START
2019-06-15 09:15:21.033 21792 INFO rally.task.runner [-] Task 1a40d144-be5e-4a6a-984d-c47c1210712f | ITER: 8 END: OK
2019-06-15 09:15:21.037 21792 INFO rally.task.runner [-] Task 1a40d144-be5e-4a6a-984d-c47c1210712f | ITER: 27 START
2019-06-15 09:15:21.039 21810 INFO rally.task.runner [-] Task 1a40d144-be5e-4a6a-984d-c47c1210712f | ITER: 14 END: OK
2019-06-15 09:15:21.043 21810 INFO rally.task.runner [-] Task 1a40d144-be5e-4a6a-984d-c47c1210712f | ITER: 28 START
2019-06-15 09:15:21.054 21788 INFO rally.task.runner [-] Task 1a40d144-be5e-4a6a-984d-c47c1210712f | ITER: 4 END: OK
2019-06-15 09:15:21.057 21788 INFO rally.task.runner [-] Task 1a40d144-be5e-4a6a-984d-c47c1210712f | ITER: 29 START
2019-06-15 09:15:21.086 21827 INFO rally.task.runner [-] Task 1a40d144-be5e-4a6a-984d-c47c1210712f | ITER: 18 END: OK
2019-06-15 09:15:21.090 21827 INFO rally.task.runner [-] Task 1a40d144-be5e-4a6a-984d-c47c1210712f | ITER: 30 START
2019-06-15 09:15:21.113 21795 INFO rally.task.runner [-] Task 1a40d144-be5e-4a6a-984d-c47c1210712f | ITER: 10 END: OK
2019-06-15 09:15:21.116 21795 INFO rally.task.runner [-] Task 1a40d144-be5e-4a6a-984d-c47c1210712f | ITER: 31 START
2019-06-15 09:15:21.225 21807 INFO rally.task.runner [-] Task 1a40d144-be5e-4a6a-984d-c47c1210712f | ITER: 13 END: OK
2019-06-15 09:15:21.229 21807 INFO rally.task.runner [-] Task 1a40d144-be5e-4a6a-984d-c47c1210712f | ITER: 32 START
2019-06-15 09:15:21.263 21786 INFO rally.task.runner [-] Task 1a40d144-be5e-4a6a-984d-c47c1210712f | ITER: 1 END: OK
2019-06-15 09:15:21.266 21786 INFO rally.task.runner [-] Task 1a40d144-be5e-4a6a-984d-c47c1210712f | ITER: 33 START
2019-06-15 09:15:21.390 21821 INFO rally.task.runner [-] Task 1a40d144-be5e-4a6a-984d-c47c1210712f | ITER: 16 END: OK
2019-06-15 09:15:21.393 21817 INFO rally.task.runner [-] Task 1a40d144-be5e-4a6a-984d-c47c1210712f | ITER: 15 END: OK
2019-06-15 09:15:21.393 21821 INFO rally.task.runner [-] Task 1a40d144-be5e-4a6a-984d-c47c1210712f | ITER: 34 START
2019-06-15 09:15:21.397 21817 INFO rally.task.runner [-] Task 1a40d144-be5e-4a6a-984d-c47c1210712f | ITER: 35 START
2019-06-15 09:15:21.409 21786 INFO rally.task.runner [-] Task 1a40d144-be5e-4a6a-984d-c47c1210712f | ITER: 3 END: OK
2019-06-15 09:15:21.412 21786 INFO rally.task.runner [-] Task 1a40d144-be5e-4a6a-984d-c47c1210712f | ITER: 36 START
2019-06-15 09:15:21.414 21789 INFO rally.task.runner [-] Task 1a40d144-be5e-4a6a-984d-c47c1210712f | ITER: 6 END: OK
2019-06-15 09:15:21.417 21789 INFO rally.task.runner [-] Task 1a40d144-be5e-4a6a-984d-c47c1210712f | ITER: 37 START
2019-06-15 09:15:21.514 21787 INFO rally.task.runner [-] Task 1a40d144-be5e-4a6a-984d-c47c1210712f | ITER: 2 END: OK
2019-06-15 09:15:21.515 21833 INFO rally.task.runner [-] Task 1a40d144-be5e-4a6a-984d-c47c1210712f | ITER: 20 END: OK
2019-06-15 09:15:21.518 21787 INFO rally.task.runner [-] Task 1a40d144-be5e-4a6a-984d-c47c1210712f | ITER: 38 START
2019-06-15 09:15:21.520 21833 INFO rally.task.runner [-] Task 1a40d144-be5e-4a6a-984d-c47c1210712f | ITER: 39 START
2019-06-15 09:15:21.729 21799 INFO rally.task.runner [-] Task 1a40d144-be5e-4a6a-984d-c47c1210712f | ITER: 21 END: OK
2019-06-15 09:15:21.731 21824 INFO rally.task.runner [-] Task 1a40d144-be5e-4a6a-984d-c47c1210712f | ITER: 17 END: OK
2019-06-15 09:15:21.731 21799 INFO rally.task.runner [-] Task 1a40d144-be5e-4a6a-984d-c47c1210712f | ITER: 40 START
2019-06-15 09:15:21.734 21824 INFO rally.task.runner [-] Task 1a40d144-be5e-4a6a-984d-c47c1210712f | ITER: 41 START
2019-06-15 09:15:21.865 21803 INFO rally.task.runner [-] Task 1a40d144-be5e-4a6a-984d-c47c1210712f | ITER: 22 END: OK
2019-06-15 09:15:21.868 21803 INFO rally.task.runner [-] Task 1a40d144-be5e-4a6a-984d-c47c1210712f | ITER: 42 START
2019-06-15 09:15:21.940 21788 INFO rally.task.runner [-] Task 1a40d144-be5e-4a6a-984d-c47c1210712f | ITER: 29 END: OK
2019-06-15 09:15:21.944 21788 INFO rally.task.runner [-] Task 1a40d144-be5e-4a6a-984d-c47c1210712f | ITER: 43 START
2019-06-15 09:15:21.991 21789 INFO rally.task.runner [-] Task 1a40d144-be5e-4a6a-984d-c47c1210712f | ITER: 25 END: OK
2019-06-15 09:15:21.995 21789 INFO rally.task.runner [-] Task 1a40d144-be5e-4a6a-984d-c47c1210712f | ITER: 44 START
2019-06-15 09:15:22.150 21787 INFO rally.task.runner [-] Task 1a40d144-be5e-4a6a-984d-c47c1210712f | ITER: 24 END: OK
2019-06-15 09:15:22.153 21787 INFO rally.task.runner [-] Task 1a40d144-be5e-4a6a-984d-c47c1210712f | ITER: 45 START
2019-06-15 09:15:22.164 21792 INFO rally.task.runner [-] Task 1a40d144-be5e-4a6a-984d-c47c1210712f | ITER: 27 END: OK
2019-06-15 09:15:22.167 21792 INFO rally.task.runner [-] Task 1a40d144-be5e-4a6a-984d-c47c1210712f | ITER: 46 START
2019-06-15 09:15:22.351 21830 INFO rally.task.runner [-] Task 1a40d144-be5e-4a6a-984d-c47c1210712f | ITER: 23 END: OK
2019-06-15 09:15:22.355 21830 INFO rally.task.runner [-] Task 1a40d144-be5e-4a6a-984d-c47c1210712f | ITER: 47 START
2019-06-15 09:15:22.561 21810 INFO rally.task.runner [-] Task 1a40d144-be5e-4a6a-984d-c47c1210712f | ITER: 28 END: OK
2019-06-15 09:15:22.565 21810 INFO rally.task.runner [-] Task 1a40d144-be5e-4a6a-984d-c47c1210712f | ITER: 48 START
2019-06-15 09:15:22.609 21827 INFO rally.task.runner [-] Task 1a40d144-be5e-4a6a-984d-c47c1210712f | ITER: 30 END: OK
2019-06-15 09:15:22.613 21827 INFO rally.task.runner [-] Task 1a40d144-be5e-4a6a-984d-c47c1210712f | ITER: 49 START
2019-06-15 09:15:22.816 21821 INFO rally.task.runner [-] Task 1a40d144-be5e-4a6a-984d-c47c1210712f | ITER: 34 END: OK
2019-06-15 09:15:22.819 21821 INFO rally.task.runner [-] Task 1a40d144-be5e-4a6a-984d-c47c1210712f | ITER: 50 START
2019-06-15 09:15:22.935 21807 INFO rally.task.runner [-] Task 1a40d144-be5e-4a6a-984d-c47c1210712f | ITER: 32 END: OK
2019-06-15 09:15:22.939 21807 INFO rally.task.runner [-] Task 1a40d144-be5e-4a6a-984d-c47c1210712f | ITER: 51 START
2019-06-15 09:15:23.018 21795 INFO rally.task.runner [-] Task 1a40d144-be5e-4a6a-984d-c47c1210712f | ITER: 31 END: OK
2019-06-15 09:15:23.022 21795 INFO rally.task.runner [-] Task 1a40d144-be5e-4a6a-984d-c47c1210712f | ITER: 52 START
2019-06-15 09:15:23.033 21786 INFO rally.task.runner [-] Task 1a40d144-be5e-4a6a-984d-c47c1210712f | ITER: 36 END: OK
2019-06-15 09:15:23.037 21786 INFO rally.task.runner [-] Task 1a40d144-be5e-4a6a-984d-c47c1210712f | ITER: 53 START
2019-06-15 09:15:23.057 21786 INFO rally.task.runner [-] Task 1a40d144-be5e-4a6a-984d-c47c1210712f | ITER: 33 END: OK
2019-06-15 09:15:23.061 21786 INFO rally.task.runner [-] Task 1a40d144-be5e-4a6a-984d-c47c1210712f | ITER: 54 START
2019-06-15 09:15:23.148 21788 INFO rally.task.runner [-] Task 1a40d144-be5e-4a6a-984d-c47c1210712f | ITER: 26 END: OK
2019-06-15 09:15:23.152 21788 INFO rally.task.runner [-] Task 1a40d144-be5e-4a6a-984d-c47c1210712f | ITER: 55 START
2019-06-15 09:15:23.159 21817 INFO rally.task.runner [-] Task 1a40d144-be5e-4a6a-984d-c47c1210712f | ITER: 35 END: OK
2019-06-15 09:15:23.163 21817 INFO rally.task.runner [-] Task 1a40d144-be5e-4a6a-984d-c47c1210712f | ITER: 56 START
2019-06-15 09:15:23.167 21787 INFO rally.task.runner [-] Task 1a40d144-be5e-4a6a-984d-c47c1210712f | ITER: 38 END: OK
2019-06-15 09:15:23.171 21787 INFO rally.task.runner [-] Task 1a40d144-be5e-4a6a-984d-c47c1210712f | ITER: 57 START
2019-06-15 09:15:23.174 21789 INFO rally.task.runner [-] Task 1a40d144-be5e-4a6a-984d-c47c1210712f | ITER: 44 END: OK
2019-06-15 09:15:23.177 21789 INFO rally.task.runner [-] Task 1a40d144-be5e-4a6a-984d-c47c1210712f | ITER: 58 START
2019-06-15 09:15:23.290 21833 INFO rally.task.runner [-] Task 1a40d144-be5e-4a6a-984d-c47c1210712f | ITER: 39 END: OK
2019-06-15 09:15:23.293 21833 INFO rally.task.runner [-] Task 1a40d144-be5e-4a6a-984d-c47c1210712f | ITER: 59 START
2019-06-15 09:15:23.424 21788 INFO rally.task.runner [-] Task 1a40d144-be5e-4a6a-984d-c47c1210712f | ITER: 43 END: OK
2019-06-15 09:15:23.428 21788 INFO rally.task.runner [-] Task 1a40d144-be5e-4a6a-984d-c47c1210712f | ITER: 60 START
2019-06-15 09:15:23.485 21803 INFO rally.task.runner [-] Task 1a40d144-be5e-4a6a-984d-c47c1210712f | ITER: 42 END: OK
2019-06-15 09:15:23.489 21803 INFO rally.task.runner [-] Task 1a40d144-be5e-4a6a-984d-c47c1210712f | ITER: 61 START
2019-06-15 09:15:23.545 21824 INFO rally.task.runner [-] Task 1a40d144-be5e-4a6a-984d-c47c1210712f | ITER: 41 END: OK
2019-06-15 09:15:23.548 21824 INFO rally.task.runner [-] Task 1a40d144-be5e-4a6a-984d-c47c1210712f | ITER: 62 START
2019-06-15 09:15:23.651 21799 INFO rally.task.runner [-] Task 1a40d144-be5e-4a6a-984d-c47c1210712f | ITER: 40 END: OK
2019-06-15 09:15:23.655 21799 INFO rally.task.runner [-] Task 1a40d144-be5e-4a6a-984d-c47c1210712f | ITER: 63 START
2019-06-15 09:15:23.739 21789 INFO rally.task.runner [-] Task 1a40d144-be5e-4a6a-984d-c47c1210712f | ITER: 37 END: OK
2019-06-15 09:15:23.742 21789 INFO rally.task.runner [-] Task 1a40d144-be5e-4a6a-984d-c47c1210712f | ITER: 64 START
2019-06-15 09:15:23.749 21830 INFO rally.task.runner [-] Task 1a40d144-be5e-4a6a-984d-c47c1210712f | ITER: 47 END: OK
2019-06-15 09:15:23.753 21830 INFO rally.task.runner [-] Task 1a40d144-be5e-4a6a-984d-c47c1210712f | ITER: 65 START
2019-06-15 09:15:23.893 21827 INFO rally.task.runner [-] Task 1a40d144-be5e-4a6a-984d-c47c1210712f | ITER: 49 END: OK
2019-06-15 09:15:23.897 21827 INFO rally.task.runner [-] Task 1a40d144-be5e-4a6a-984d-c47c1210712f | ITER: 66 START
2019-06-15 09:15:23.946 21792 INFO rally.task.runner [-] Task 1a40d144-be5e-4a6a-984d-c47c1210712f | ITER: 46 END: OK
2019-06-15 09:15:23.950 21792 INFO rally.task.runner [-] Task 1a40d144-be5e-4a6a-984d-c47c1210712f | ITER: 67 START
2019-06-15 09:15:24.052 21810 INFO rally.task.runner [-] Task 1a40d144-be5e-4a6a-984d-c47c1210712f | ITER: 48 END: OK
2019-06-15 09:15:24.055 21810 INFO rally.task.runner [-] Task 1a40d144-be5e-4a6a-984d-c47c1210712f | ITER: 68 START
2019-06-15 09:15:24.278 21787 INFO rally.task.runner [-] Task 1a40d144-be5e-4a6a-984d-c47c1210712f | ITER: 45 END: OK
2019-06-15 09:15:24.282 21787 INFO rally.task.runner [-] Task 1a40d144-be5e-4a6a-984d-c47c1210712f | ITER: 69 START
2019-06-15 09:15:24.305 21788 INFO rally.task.runner [-] Task 1a40d144-be5e-4a6a-984d-c47c1210712f | ITER: 55 END: OK
2019-06-15 09:15:24.309 21788 INFO rally.task.runner [-] Task 1a40d144-be5e-4a6a-984d-c47c1210712f | ITER: 70 START
2019-06-15 09:15:24.488 21786 INFO rally.task.runner [-] Task 1a40d144-be5e-4a6a-984d-c47c1210712f | ITER: 54 END: OK
2019-06-15 09:15:24.492 21786 INFO rally.task.runner [-] Task 1a40d144-be5e-4a6a-984d-c47c1210712f | ITER: 71 START
2019-06-15 09:15:24.514 21787 INFO rally.task.runner [-] Task 1a40d144-be5e-4a6a-984d-c47c1210712f | ITER: 57 END: OK
2019-06-15 09:15:24.517 21787 INFO rally.task.runner [-] Task 1a40d144-be5e-4a6a-984d-c47c1210712f | ITER: 72 START
2019-06-15 09:15:24.531 21817 INFO rally.task.runner [-] Task 1a40d144-be5e-4a6a-984d-c47c1210712f | ITER: 56 END: OK
2019-06-15 09:15:24.534 21817 INFO rally.task.runner [-] Task 1a40d144-be5e-4a6a-984d-c47c1210712f | ITER: 73 START
2019-06-15 09:15:24.539 21789 INFO rally.task.runner [-] Task 1a40d144-be5e-4a6a-984d-c47c1210712f | ITER: 58 END: OK
2019-06-15 09:15:24.542 21789 INFO rally.task.runner [-] Task 1a40d144-be5e-4a6a-984d-c47c1210712f | ITER: 74 START
2019-06-15 09:15:24.575 21807 INFO rally.task.runner [-] Task 1a40d144-be5e-4a6a-984d-c47c1210712f | ITER: 51 END: OK
2019-06-15 09:15:24.578 21807 INFO rally.task.runner [-] Task 1a40d144-be5e-4a6a-984d-c47c1210712f | ITER: 75 START
2019-06-15 09:15:24.652 21821 INFO rally.task.runner [-] Task 1a40d144-be5e-4a6a-984d-c47c1210712f | ITER: 50 END: OK
2019-06-15 09:15:24.655 21821 INFO rally.task.runner [-] Task 1a40d144-be5e-4a6a-984d-c47c1210712f | ITER: 76 START
2019-06-15 09:15:24.672 21786 INFO rally.task.runner [-] Task 1a40d144-be5e-4a6a-984d-c47c1210712f | ITER: 53 END: OK
2019-06-15 09:15:24.675 21786 INFO rally.task.runner [-] Task 1a40d144-be5e-4a6a-984d-c47c1210712f | ITER: 77 START
2019-06-15 09:15:24.712 21795 INFO rally.task.runner [-] Task 1a40d144-be5e-4a6a-984d-c47c1210712f | ITER: 52 END: OK
2019-06-15 09:15:24.716 21795 INFO rally.task.runner [-] Task 1a40d144-be5e-4a6a-984d-c47c1210712f | ITER: 78 START
2019-06-15 09:15:24.793 21833 INFO rally.task.runner [-] Task 1a40d144-be5e-4a6a-984d-c47c1210712f | ITER: 59 END: OK
2019-06-15 09:15:24.797 21833 INFO rally.task.runner [-] Task 1a40d144-be5e-4a6a-984d-c47c1210712f | ITER: 79 START
2019-06-15 09:15:24.882 21789 INFO rally.task.runner [-] Task 1a40d144-be5e-4a6a-984d-c47c1210712f | ITER: 64 END: OK
2019-06-15 09:15:24.886 21789 INFO rally.task.runner [-] Task 1a40d144-be5e-4a6a-984d-c47c1210712f | ITER: 80 START
2019-06-15 09:15:24.925 21803 INFO rally.task.runner [-] Task 1a40d144-be5e-4a6a-984d-c47c1210712f | ITER: 61 END: OK
2019-06-15 09:15:24.928 21803 INFO rally.task.runner [-] Task 1a40d144-be5e-4a6a-984d-c47c1210712f | ITER: 81 START
2019-06-15 09:15:25.125 21788 INFO rally.task.runner [-] Task 1a40d144-be5e-4a6a-984d-c47c1210712f | ITER: 60 END: OK
2019-06-15 09:15:25.129 21788 INFO rally.task.runner [-] Task 1a40d144-be5e-4a6a-984d-c47c1210712f | ITER: 82 START
2019-06-15 09:15:25.136 21824 INFO rally.task.runner [-] Task 1a40d144-be5e-4a6a-984d-c47c1210712f | ITER: 62 END: OK
2019-06-15 09:15:25.140 21824 INFO rally.task.runner [-] Task 1a40d144-be5e-4a6a-984d-c47c1210712f | ITER: 83 START
2019-06-15 09:15:25.142 21830 INFO rally.task.runner [-] Task 1a40d144-be5e-4a6a-984d-c47c1210712f | ITER: 65 END: OK
2019-06-15 09:15:25.145 21830 INFO rally.task.runner [-] Task 1a40d144-be5e-4a6a-984d-c47c1210712f | ITER: 84 START
2019-06-15 09:15:25.603 21787 INFO rally.task.runner [-] Task 1a40d144-be5e-4a6a-984d-c47c1210712f | ITER: 69 END: OK
2019-06-15 09:15:25.607 21787 INFO rally.task.runner [-] Task 1a40d144-be5e-4a6a-984d-c47c1210712f | ITER: 85 START
2019-06-15 09:15:25.667 21799 INFO rally.task.runner [-] Task 1a40d144-be5e-4a6a-984d-c47c1210712f | ITER: 63 END: OK
2019-06-15 09:15:25.670 21799 INFO rally.task.runner [-] Task 1a40d144-be5e-4a6a-984d-c47c1210712f | ITER: 86 START
2019-06-15 09:15:25.701 21810 INFO rally.task.runner [-] Task 1a40d144-be5e-4a6a-984d-c47c1210712f | ITER: 68 END: OK
2019-06-15 09:15:25.704 21810 INFO rally.task.runner [-] Task 1a40d144-be5e-4a6a-984d-c47c1210712f | ITER: 87 START
2019-06-15 09:15:25.737 21827 INFO rally.task.runner [-] Task 1a40d144-be5e-4a6a-984d-c47c1210712f | ITER: 66 END: OK
2019-06-15 09:15:25.741 21827 INFO rally.task.runner [-] Task 1a40d144-be5e-4a6a-984d-c47c1210712f | ITER: 88 START
2019-06-15 09:15:25.873 21792 INFO rally.task.runner [-] Task 1a40d144-be5e-4a6a-984d-c47c1210712f | ITER: 67 END: OK
2019-06-15 09:15:25.877 21792 INFO rally.task.runner [-] Task 1a40d144-be5e-4a6a-984d-c47c1210712f | ITER: 89 START
2019-06-15 09:15:25.878 21817 INFO rally.task.runner [-] Task 1a40d144-be5e-4a6a-984d-c47c1210712f | ITER: 73 END: OK
2019-06-15 09:15:25.881 21817 INFO rally.task.runner [-] Task 1a40d144-be5e-4a6a-984d-c47c1210712f | ITER: 90 START
2019-06-15 09:15:26.153 21786 INFO rally.task.runner [-] Task 1a40d144-be5e-4a6a-984d-c47c1210712f | ITER: 71 END: OK
2019-06-15 09:15:26.156 21786 INFO rally.task.runner [-] Task 1a40d144-be5e-4a6a-984d-c47c1210712f | ITER: 91 START
2019-06-15 09:15:26.227 21787 INFO rally.task.runner [-] Task 1a40d144-be5e-4a6a-984d-c47c1210712f | ITER: 72 END: OK
2019-06-15 09:15:26.231 21787 INFO rally.task.runner [-] Task 1a40d144-be5e-4a6a-984d-c47c1210712f | ITER: 92 START
2019-06-15 09:15:26.235 21788 INFO rally.task.runner [-] Task 1a40d144-be5e-4a6a-984d-c47c1210712f | ITER: 82 END: OK
2019-06-15 09:15:26.236 21807 INFO rally.task.runner [-] Task 1a40d144-be5e-4a6a-984d-c47c1210712f | ITER: 75 END: OK
2019-06-15 09:15:26.239 21788 INFO rally.task.runner [-] Task 1a40d144-be5e-4a6a-984d-c47c1210712f | ITER: 93 START
2019-06-15 09:15:26.240 21807 INFO rally.task.runner [-] Task 1a40d144-be5e-4a6a-984d-c47c1210712f | ITER: 94 START
2019-06-15 09:15:26.273 21821 INFO rally.task.runner [-] Task 1a40d144-be5e-4a6a-984d-c47c1210712f | ITER: 76 END: OK
2019-06-15 09:15:26.276 21821 INFO rally.task.runner [-] Task 1a40d144-be5e-4a6a-984d-c47c1210712f | ITER: 95 START
2019-06-15 09:15:26.320 21788 INFO rally.task.runner [-] Task 1a40d144-be5e-4a6a-984d-c47c1210712f | ITER: 70 END: OK
2019-06-15 09:15:26.323 21788 INFO rally.task.runner [-] Task 1a40d144-be5e-4a6a-984d-c47c1210712f | ITER: 96 START
2019-06-15 09:15:26.650 21789 INFO rally.task.runner [-] Task 1a40d144-be5e-4a6a-984d-c47c1210712f | ITER: 80 END: OK
2019-06-15 09:15:26.653 21789 INFO rally.task.runner [-] Task 1a40d144-be5e-4a6a-984d-c47c1210712f | ITER: 97 START
2019-06-15 09:15:26.780 21795 INFO rally.task.runner [-] Task 1a40d144-be5e-4a6a-984d-c47c1210712f | ITER: 78 END: OK
2019-06-15 09:15:26.784 21795 INFO rally.task.runner [-] Task 1a40d144-be5e-4a6a-984d-c47c1210712f | ITER: 98 START
2019-06-15 09:15:26.976 21786 INFO rally.task.runner [-] Task 1a40d144-be5e-4a6a-984d-c47c1210712f | ITER: 77 END: OK
2019-06-15 09:15:26.980 21786 INFO rally.task.runner [-] Task 1a40d144-be5e-4a6a-984d-c47c1210712f | ITER: 99 START
2019-06-15 09:15:27.025 21830 INFO rally.task.runner [-] Task 1a40d144-be5e-4a6a-984d-c47c1210712f | ITER: 84 END: OK
2019-06-15 09:15:27.029 21830 INFO rally.task.runner [-] Task 1a40d144-be5e-4a6a-984d-c47c1210712f | ITER: 100 START
2019-06-15 09:15:27.219 21833 INFO rally.task.runner [-] Task 1a40d144-be5e-4a6a-984d-c47c1210712f | ITER: 79 END: OK
2019-06-15 09:15:27.239 21789 INFO rally.task.runner [-] Task 1a40d144-be5e-4a6a-984d-c47c1210712f | ITER: 74 END: OK
2019-06-15 09:15:27.274 21803 INFO rally.task.runner [-] Task 1a40d144-be5e-4a6a-984d-c47c1210712f | ITER: 81 END: OK
2019-06-15 09:15:27.329 21787 INFO rally.task.runner [-] Task 1a40d144-be5e-4a6a-984d-c47c1210712f | ITER: 85 END: OK
2019-06-15 09:15:27.352 21799 INFO rally.task.runner [-] Task 1a40d144-be5e-4a6a-984d-c47c1210712f | ITER: 86 END: OK
2019-06-15 09:15:27.375 21817 INFO rally.task.runner [-] Task 1a40d144-be5e-4a6a-984d-c47c1210712f | ITER: 90 END: OK
2019-06-15 09:15:27.620 21792 INFO rally.task.runner [-] Task 1a40d144-be5e-4a6a-984d-c47c1210712f | ITER: 89 END: OK
2019-06-15 09:15:27.661 21810 INFO rally.task.runner [-] Task 1a40d144-be5e-4a6a-984d-c47c1210712f | ITER: 87 END: OK
2019-06-15 09:15:27.701 21787 INFO rally.task.runner [-] Task 1a40d144-be5e-4a6a-984d-c47c1210712f | ITER: 92 END: OK
2019-06-15 09:15:27.795 21786 INFO rally.task.runner [-] Task 1a40d144-be5e-4a6a-984d-c47c1210712f | ITER: 91 END: OK
2019-06-15 09:15:27.971 21788 INFO rally.task.runner [-] Task 1a40d144-be5e-4a6a-984d-c47c1210712f | ITER: 93 END: OK
2019-06-15 09:15:27.980 21788 INFO rally.task.runner [-] Task 1a40d144-be5e-4a6a-984d-c47c1210712f | ITER: 96 END: OK
2019-06-15 09:15:28.130 21821 INFO rally.task.runner [-] Task 1a40d144-be5e-4a6a-984d-c47c1210712f | ITER: 95 END: OK
2019-06-15 09:15:28.209 21827 INFO rally.task.runner [-] Task 1a40d144-be5e-4a6a-984d-c47c1210712f | ITER: 88 END: OK
2019-06-15 09:15:28.216 21807 INFO rally.task.runner [-] Task 1a40d144-be5e-4a6a-984d-c47c1210712f | ITER: 94 END: OK
2019-06-15 09:15:28.220 21830 INFO rally.task.runner [-] Task 1a40d144-be5e-4a6a-984d-c47c1210712f | ITER: 100 END: OK
2019-06-15 09:15:28.276 21795 INFO rally.task.runner [-] Task 1a40d144-be5e-4a6a-984d-c47c1210712f | ITER: 98 END: OK
2019-06-15 09:15:28.331 21824 INFO rally.task.runner [-] Task 1a40d144-be5e-4a6a-984d-c47c1210712f | ITER: 83 END: OK
2019-06-15 09:15:28.382 21786 INFO rally.task.runner [-] Task 1a40d144-be5e-4a6a-984d-c47c1210712f | ITER: 99 END: OK
2019-06-15 09:15:28.577 21789 INFO rally.task.runner [-] Task 1a40d144-be5e-4a6a-984d-c47c1210712f | ITER: 97 END: OK
2019-06-15 09:15:28.602 21662 INFO rally.task.context [-] Task 1a40d144-be5e-4a6a-984d-c47c1210712f | Context cleanup@openstack cleanup() started
2019-06-15 09:15:28.605 21662 RALLYDEBUG rally_openstack.cleanup.manager [-] Cleaning up neutron vip objects
2019-06-15 09:15:29.009 21662 RALLYDEBUG rally_openstack.cleanup.manager [-] Cleaning up neutron health_monitor objects
2019-06-15 09:15:29.411 21662 RALLYDEBUG rally_openstack.cleanup.manager [-] Cleaning up neutron pool objects
2019-06-15 09:15:29.809 21662 RALLYDEBUG rally_openstack.cleanup.manager [-] Cleaning up neutron loadbalancer objects
2019-06-15 09:15:30.200 21662 RALLYDEBUG rally_openstack.cleanup.manager [-] Cleaning up neutron floatingip objects
2019-06-15 09:15:30.657 21662 RALLYDEBUG rally_openstack.cleanup.manager [-] Cleaning up neutron port objects
2019-06-15 09:15:31.083 21662 RALLYDEBUG rally_openstack.cleanup.manager [-] Cleaning up neutron subnet objects
2019-06-15 09:15:31.507 21662 RALLYDEBUG rally_openstack.cleanup.manager [-] Cleaning up neutron network objects
2019-06-15 09:15:32.225 21662 RALLYDEBUG rally_openstack.cleanup.manager [-] Deleting neutron.network object s_rally_7bbc7295_d0dtscR0 (10b67a2d-b681-4798-a18b-2a99b79c7b16)
2019-06-15 09:15:32.230 21662 RALLYDEBUG rally_openstack.cleanup.manager [-] Deleting neutron.network object s_rally_7bbc7295_sMSu7bzr (0ee6b186-8d5c-44d4-a02f-3238baa3f379)
2019-06-15 09:15:32.232 21662 RALLYDEBUG rally_openstack.cleanup.manager [-] Deleting neutron.network object s_rally_7bbc7295_Rq3H9TCU (03d48b9e-aa67-481b-8cac-ab5588d19649)
2019-06-15 09:15:32.233 21662 RALLYDEBUG rally_openstack.cleanup.manager [-] Deleting neutron.network object s_rally_7bbc7295_6WrRy5Ne (0cdef021-2584-4c77-9e63-9820a0c7c4ed)
2019-06-15 09:15:32.246 21662 RALLYDEBUG rally_openstack.cleanup.manager [-] Deleting neutron.network object s_rally_7bbc7295_IFcP7yGz (160f04f8-e5a5-4a47-8b1e-c21c076d6138)
2019-06-15 09:15:32.250 21662 RALLYDEBUG rally_openstack.cleanup.manager [-] Deleting neutron.network object s_rally_7bbc7295_cEGKq8JB (08fb9b53-84d4-499d-b431-3dc12ce59212)
2019-06-15 09:15:32.252 21662 RALLYDEBUG rally_openstack.cleanup.manager [-] Deleting neutron.network object s_rally_7bbc7295_Xat8fVH7 (11af1d13-e443-4ded-b41f-914548778e64)
2019-06-15 09:15:32.268 21662 RALLYDEBUG rally_openstack.cleanup.manager [-] Deleting neutron.network object s_rally_7bbc7295_8YOWp3j1 (0dfccc7a-74fb-481e-b77f-80cc1da41399)
2019-06-15 09:15:32.269 21662 RALLYDEBUG rally_openstack.cleanup.manager [-] Deleting neutron.network object s_rally_7bbc7295_8VrWrzma (18b4829f-61b0-43d5-a8e8-26266936b677)
2019-06-15 09:15:32.264 21662 RALLYDEBUG rally_openstack.cleanup.manager [-] Deleting neutron.network object s_rally_7bbc7295_d8qBXNDr (15b6272b-c210-4ab3-811a-19d99e2a347e)
2019-06-15 09:15:32.283 21662 RALLYDEBUG rally_openstack.cleanup.manager [-] Deleting neutron.network object s_rally_7bbc7295_m6SCR9EH (1c3482cd-a61b-4ed4-b278-7ee731daa003)
2019-06-15 09:15:32.301 21662 RALLYDEBUG rally_openstack.cleanup.manager [-] Deleting neutron.network object s_rally_7bbc7295_FLEmvAsz (14a30c0b-a0a3-43f2-afa6-3e20f0c9ea19)
2019-06-15 09:15:32.314 21662 RALLYDEBUG rally_openstack.cleanup.manager [-] Deleting neutron.network object s_rally_7bbc7295_ZRBuD3kn (0185e566-64b4-45fe-b67e-b1f5e596fc17)
2019-06-15 09:15:32.315 21662 RALLYDEBUG rally_openstack.cleanup.manager [-] Deleting neutron.network object s_rally_7bbc7295_e92fnsF6 (24e6dd4f-e846-493b-b4a4-b0581409c500)
2019-06-15 09:15:32.319 21662 RALLYDEBUG rally_openstack.cleanup.manager [-] Deleting neutron.network object s_rally_7bbc7295_Slm7LWgC (23cf529a-8cd8-467c-b984-74269c11aaf0)
2019-06-15 09:15:32.323 21662 RALLYDEBUG rally_openstack.cleanup.manager [-] Deleting neutron.network object s_rally_7bbc7295_NhAoWCx9 (28d8e6f2-80a9-4760-aa16-b870fa91e79e)
2019-06-15 09:15:32.343 21662 RALLYDEBUG rally_openstack.cleanup.manager [-] Deleting neutron.network object s_rally_7bbc7295_zb9sJVOQ (2a1f19cf-9023-41ee-806d-b23d70f2c03d)
2019-06-15 09:15:32.350 21662 RALLYDEBUG rally_openstack.cleanup.manager [-] Deleting neutron.network object s_rally_7bbc7295_ZdWs9c9h (33f9f9aa-f855-4008-9d28-ade2355cfbb7)
2019-06-15 09:15:32.389 21662 RALLYDEBUG rally_openstack.cleanup.manager [-] Deleting neutron.network object s_rally_7bbc7295_ub0P1izE (272fb9a3-c6ae-4851-a648-986abd6be806)
2019-06-15 09:15:32.440 21662 RALLYDEBUG rally_openstack.cleanup.manager [-] Deleting neutron.network object s_rally_7bbc7295_WTNbwt7N (349191db-8277-4bc2-95a1-9c3e70075b52)
2019-06-15 09:15:34.566 21662 RALLYDEBUG rally_openstack.cleanup.manager [-] Deleting neutron.network object s_rally_7bbc7295_FoHXBpKd (36ed1b2b-7bee-41c8-90e7-6e81fd05d4e8)
2019-06-15 09:15:34.597 21662 RALLYDEBUG rally_openstack.cleanup.manager [-] Deleting neutron.network object s_rally_7bbc7295_AZgpQaPn (38d7aabc-0ba0-43d1-bc0e-cd04c052de3e)
2019-06-15 09:15:34.963 21662 RALLYDEBUG rally_openstack.cleanup.manager [-] Deleting neutron.network object s_rally_7bbc7295_uuKoTqkn (3c716f3e-28f6-40e6-8c40-4428821763d1)
2019-06-15 09:15:34.982 21662 RALLYDEBUG rally_openstack.cleanup.manager [-] Deleting neutron.network object s_rally_7bbc7295_aZhfOPYb (3cb4fe01-01d9-4b4d-9dbf-8718de991a58)
2019-06-15 09:15:35.136 21662 RALLYDEBUG rally_openstack.cleanup.manager [-] Deleting neutron.network object s_rally_7bbc7295_2w8YhNid (3ef6b882-4170-4103-a2fa-3e706ad53bec)
2019-06-15 09:15:35.170 21662 RALLYDEBUG rally_openstack.cleanup.manager [-] Deleting neutron.network object s_rally_7bbc7295_6hXQkALW (3f30330b-530d-4f8a-8238-0fb8492cfcd7)
2019-06-15 09:15:35.266 21662 RALLYDEBUG rally_openstack.cleanup.manager [-] Deleting neutron.network object s_rally_7bbc7295_l8zz0aMk (41d0052f-1d3e-4449-91d0-b9d9bdd222dc)
2019-06-15 09:15:35.316 21662 RALLYDEBUG rally_openstack.cleanup.manager [-] Deleting neutron.network object s_rally_7bbc7295_eDhblFnb (4651ca07-342c-442a-8a9d-c448b83d7b0d)
2019-06-15 09:15:35.355 21662 RALLYDEBUG rally_openstack.cleanup.manager [-] Deleting neutron.network object s_rally_7bbc7295_SPe3W8TX (49aef9d3-1690-488c-976c-90f4a6ebdf8b)
2019-06-15 09:15:35.745 21662 RALLYDEBUG rally_openstack.cleanup.manager [-] Deleting neutron.network object s_rally_7bbc7295_kUDN1iJV (49b2fc89-26f3-4a77-b5dd-e03db529ac9d)
2019-06-15 09:15:35.760 21662 RALLYDEBUG rally_openstack.cleanup.manager [-] Deleting neutron.network object s_rally_7bbc7295_4ntUrVSp (49b8ab27-3c81-4a16-853f-06011778a927)
2019-06-15 09:15:35.868 21662 RALLYDEBUG rally_openstack.cleanup.manager [-] Deleting neutron.network object s_rally_7bbc7295_DEJ54PQj (4c299c97-524a-4da9-8647-efc3125cca26)
2019-06-15 09:15:35.893 21662 RALLYDEBUG rally_openstack.cleanup.manager [-] Deleting neutron.network object s_rally_7bbc7295_1ijONj1B (4d20d562-f9e1-4da4-af4a-81a9e27be7e2)
2019-06-15 09:15:36.106 21662 RALLYDEBUG rally_openstack.cleanup.manager [-] Deleting neutron.network object s_rally_7bbc7295_t4LCt3r8 (51c7cc9a-9bf5-4422-87c3-f0fafa117e5b)
2019-06-15 09:15:36.168 21662 RALLYDEBUG rally_openstack.cleanup.manager [-] Deleting neutron.network object s_rally_7bbc7295_cDB3L9Up (56ade3ce-5394-4299-bae7-e805d1b814ea)
2019-06-15 09:15:36.234 21662 RALLYDEBUG rally_openstack.cleanup.manager [-] Deleting neutron.network object s_rally_7bbc7295_sqAfgvpg (570a8e66-17ca-45cb-b35b-5c6a7730e752)
2019-06-15 09:15:36.670 21662 RALLYDEBUG rally_openstack.cleanup.manager [-] Deleting neutron.network object s_rally_7bbc7295_gtWAugqx (5c2435e7-30e3-40c6-9b47-f7d574886246)
2019-06-15 09:15:36.738 21662 RALLYDEBUG rally_openstack.cleanup.manager [-] Deleting neutron.network object s_rally_7bbc7295_mJy5vCv2 (5da71c65-6b1f-4a34-88ff-cfa8f5bfc061)
2019-06-15 09:15:36.832 21662 RALLYDEBUG rally_openstack.cleanup.manager [-] Deleting neutron.network object s_rally_7bbc7295_VbEbzIXO (5f43d8f3-d784-4633-87dd-2e3910fa5275)
2019-06-15 09:15:36.845 21662 RALLYDEBUG rally_openstack.cleanup.manager [-] Deleting neutron.network object s_rally_7bbc7295_nbEwB9ue (5f7eddcf-b339-4c86-a1ac-331d2bcf3aa0)
2019-06-15 09:15:36.857 21662 RALLYDEBUG rally_openstack.cleanup.manager [-] Deleting neutron.network object s_rally_7bbc7295_0qh20Ysg (6b927613-2f5e-4331-bd26-6faaed0546a9)
2019-06-15 09:15:36.867 21662 RALLYDEBUG rally_openstack.cleanup.manager [-] Deleting neutron.network object s_rally_7bbc7295_1fjFbzTG (6b9ea1d0-9388-40e2-acdb-cc6d25d5e01c)
2019-06-15 09:15:37.220 21662 RALLYDEBUG rally_openstack.cleanup.manager [-] Deleting neutron.network object s_rally_7bbc7295_WJa7Rpxg (6ce9f20c-9e30-4285-b89c-b543c1ae6aa3)
2019-06-15 09:15:37.309 21662 RALLYDEBUG rally_openstack.cleanup.manager [-] Deleting neutron.network object s_rally_7bbc7295_LugVeWsh (6efc267d-0de1-4920-a81d-880e033e58e7)
2019-06-15 09:15:37.357 21662 RALLYDEBUG rally_openstack.cleanup.manager [-] Deleting neutron.network object s_rally_7bbc7295_dW3rMEor (6f739e1c-acf1-4ee2-9d59-90473c5abcdd)
2019-06-15 09:15:37.497 21662 RALLYDEBUG rally_openstack.cleanup.manager [-] Deleting neutron.network object s_rally_7bbc7295_08OqbAwm (70a96f1d-e9b1-44fe-915a-b7cd16358d59)
2019-06-15 09:15:37.594 21662 RALLYDEBUG rally_openstack.cleanup.manager [-] Deleting neutron.network object s_rally_7bbc7295_l6s2VLry (713f2758-cb0a-40ce-8337-9327e73d6139)
2019-06-15 09:15:37.794 21662 RALLYDEBUG rally_openstack.cleanup.manager [-] Deleting neutron.network object s_rally_7bbc7295_m29VGyr3 (7226a9a0-bcc4-4440-adf5-4e967aecd48f)
2019-06-15 09:15:37.959 21662 RALLYDEBUG rally_openstack.cleanup.manager [-] Deleting neutron.network object s_rally_7bbc7295_L8EYtB5u (726e4d2b-5065-4d29-8305-2537b9a50365)
2019-06-15 09:15:38.125 21662 RALLYDEBUG rally_openstack.cleanup.manager [-] Deleting neutron.network object s_rally_7bbc7295_UufftKop (735dea8d-25b3-4176-aa3a-e8e02ac97edb)
2019-06-15 09:15:38.292 21662 RALLYDEBUG rally_openstack.cleanup.manager [-] Deleting neutron.network object s_rally_7bbc7295_iLTqcU62 (74f22253-984f-4684-bbae-e74bd06042ab)
2019-06-15 09:15:38.394 21662 RALLYDEBUG rally_openstack.cleanup.manager [-] Deleting neutron.network object s_rally_7bbc7295_Qik0B1CP (7884ab2a-319c-402d-ab18-4b49beca6fde)
2019-06-15 09:15:38.432 21662 RALLYDEBUG rally_openstack.cleanup.manager [-] Deleting neutron.network object s_rally_7bbc7295_kWE98Ela (7ad76283-7901-4e73-b59b-988c6d4fd037)
2019-06-15 09:15:38.441 21662 RALLYDEBUG rally_openstack.cleanup.manager [-] Deleting neutron.network object s_rally_7bbc7295_BP7xpu85 (7d234efb-88ef-4d9b-86ef-51ecb1232a93)
2019-06-15 09:15:38.786 21662 RALLYDEBUG rally_openstack.cleanup.manager [-] Deleting neutron.network object s_rally_7bbc7295_6OKy9RF0 (7ee63d64-da72-4efe-9ab0-491e721d4be0)
2019-06-15 09:15:38.884 21662 RALLYDEBUG rally_openstack.cleanup.manager [-] Deleting neutron.network object s_rally_7bbc7295_k6rGm4Cb (7f480906-b452-4dea-860b-b63a2b0e2d4a)
2019-06-15 09:15:39.023 21662 RALLYDEBUG rally_openstack.cleanup.manager [-] Deleting neutron.network object s_rally_7bbc7295_WGI6fMTN (7fbbd420-e8c7-4992-912d-eff2c741de41)
2019-06-15 09:15:39.135 21662 RALLYDEBUG rally_openstack.cleanup.manager [-] Deleting neutron.network object s_rally_7bbc7295_fVo3853u (816f56a3-622d-47b9-b91d-f7aa0435c568)
2019-06-15 09:15:39.150 21662 RALLYDEBUG rally_openstack.cleanup.manager [-] Deleting neutron.network object s_rally_7bbc7295_tX8PesQS (82091ee8-ec44-4906-99c2-05dd0fe663f7)
2019-06-15 09:15:39.296 21662 RALLYDEBUG rally_openstack.cleanup.manager [-] Deleting neutron.network object s_rally_7bbc7295_uOBLJ5nr (82eea7e7-c7e2-443b-ae8f-ccfa3edea0df)
2019-06-15 09:15:39.533 21662 RALLYDEBUG rally_openstack.cleanup.manager [-] Deleting neutron.network object s_rally_7bbc7295_anXS3rxx (838cf1dd-0dbb-4493-96d8-3b4553cabbde)
2019-06-15 09:15:39.540 21662 RALLYDEBUG rally_openstack.cleanup.manager [-] Deleting neutron.network object s_rally_7bbc7295_auhKLGgr (848a981b-232c-47f4-b362-27e036ed075e)
2019-06-15 09:15:39.552 21662 RALLYDEBUG rally_openstack.cleanup.manager [-] Deleting neutron.network object s_rally_7bbc7295_GgAbG35x (861467b1-0878-4e02-a083-429cb5c41fc0)
2019-06-15 09:15:39.675 21662 RALLYDEBUG rally_openstack.cleanup.manager [-] Deleting neutron.network object s_rally_7bbc7295_tqdV8YUb (875a826c-4538-4b6a-ae74-03594cb0372a)
2019-06-15 09:15:39.841 21662 RALLYDEBUG rally_openstack.cleanup.manager [-] Deleting neutron.network object s_rally_7bbc7295_USFWpusR (892794ef-e2ed-49fb-b18a-36a723ce7294)
2019-06-15 09:15:39.864 21662 RALLYDEBUG rally_openstack.cleanup.manager [-] Deleting neutron.network object s_rally_7bbc7295_bmwIwt4d (8bdddaae-33f3-4b74-8224-deef3f19ed7b)
2019-06-15 09:15:39.901 21662 RALLYDEBUG rally_openstack.cleanup.manager [-] Deleting neutron.network object s_rally_7bbc7295_5BUCpaSw (8bef26ac-b49b-4b0b-9b7c-a4bec160db76)
2019-06-15 09:15:40.244 21662 RALLYDEBUG rally_openstack.cleanup.manager [-] Deleting neutron.network object s_rally_7bbc7295_0j1bD6Ww (8d1c2d43-ab46-4b36-919f-c667fb5aff9d)
2019-06-15 09:15:40.300 21662 RALLYDEBUG rally_openstack.cleanup.manager [-] Deleting neutron.network object s_rally_7bbc7295_H2DLmmHU (8d2076a2-33bd-4be1-931d-85600f2df48e)
2019-06-15 09:15:40.560 21662 RALLYDEBUG rally_openstack.cleanup.manager [-] Deleting neutron.network object s_rally_7bbc7295_3txIo9Dg (8e1ccf84-119e-402f-9fd9-813cd349ba07)
2019-06-15 09:15:40.922 21662 RALLYDEBUG rally_openstack.cleanup.manager [-] Deleting neutron.network object s_rally_7bbc7295_AhuaWhQL (90efad7f-92a5-4268-a240-0839d675201e)
2019-06-15 09:15:41.008 21662 RALLYDEBUG rally_openstack.cleanup.manager [-] Deleting neutron.network object s_rally_7bbc7295_HHX9EyLg (9235b4ab-ab0b-4816-9112-a2e21c190d5b)
2019-06-15 09:15:41.065 21662 RALLYDEBUG rally_openstack.cleanup.manager [-] Deleting neutron.network object s_rally_7bbc7295_45LQxv5D (936aeba9-9b92-4b96-8825-0ae7a82c5554)
2019-06-15 09:15:41.272 21662 RALLYDEBUG rally_openstack.cleanup.manager [-] Deleting neutron.network object s_rally_7bbc7295_gRWZrmCR (94d7bde9-f8b5-4f38-b96a-fa649c226793)
2019-06-15 09:15:41.300 21662 RALLYDEBUG rally_openstack.cleanup.manager [-] Deleting neutron.network object s_rally_7bbc7295_77xufsV1 (9d82be5a-d918-4b09-a8fa-4033f3c52ea2)
2019-06-15 09:15:41.350 21662 RALLYDEBUG rally_openstack.cleanup.manager [-] Deleting neutron.network object s_rally_7bbc7295_uE0xrQ0z (a1e61093-09e3-4023-af66-75ac7be87adc)
2019-06-15 09:15:41.367 21662 RALLYDEBUG rally_openstack.cleanup.manager [-] Deleting neutron.network object s_rally_7bbc7295_PfMEYBiX (a27fd231-0e0d-4fdd-b192-44a8b5168b3a)
2019-06-15 09:15:41.436 21662 RALLYDEBUG rally_openstack.cleanup.manager [-] Deleting neutron.network object s_rally_7bbc7295_GYnmE7a0 (aa9a9f91-30b6-46d8-aaba-53eca4e04ca2)
2019-06-15 09:15:41.661 21662 RALLYDEBUG rally_openstack.cleanup.manager [-] Deleting neutron.network object s_rally_7bbc7295_t53dYHuO (af65c88d-c781-420e-8626-7c513c74c0b5)
2019-06-15 09:15:41.884 21662 RALLYDEBUG rally_openstack.cleanup.manager [-] Deleting neutron.network object s_rally_7bbc7295_tEivqp36 (b01ad753-a8ac-4f35-8551-8968fbbfd1ea)
2019-06-15 09:15:41.899 21662 RALLYDEBUG rally_openstack.cleanup.manager [-] Deleting neutron.network object s_rally_7bbc7295_ncfmj0B6 (b0d95e76-8bfa-4294-a5a5-3760f4c40323)
2019-06-15 09:15:42.080 21662 RALLYDEBUG rally_openstack.cleanup.manager [-] Deleting neutron.network object s_rally_7bbc7295_l3oyQWtr (b7c27189-8bd8-4aaa-93ed-cc7c04937cb8)
2019-06-15 09:15:42.254 21662 RALLYDEBUG rally_openstack.cleanup.manager [-] Deleting neutron.network object s_rally_7bbc7295_mqUNm6hF (b9e7b001-ef6d-486a-a1ac-18a4dc93098c)
2019-06-15 09:15:42.348 21662 RALLYDEBUG rally_openstack.cleanup.manager [-] Deleting neutron.network object s_rally_7bbc7295_d51ASAGW (bd0d153b-bacb-4b83-a500-d595feb0a354)
2019-06-15 09:15:42.433 21662 RALLYDEBUG rally_openstack.cleanup.manager [-] Deleting neutron.network object s_rally_7bbc7295_b8dcPqZ4 (c26dc789-f6e7-40bd-8dd6-2cc62d217921)
2019-06-15 09:15:42.449 21662 RALLYDEBUG rally_openstack.cleanup.manager [-] Deleting neutron.network object s_rally_7bbc7295_SnmNaSBg (c592e464-8aa3-4290-859a-6236e1aa100b)
2019-06-15 09:15:42.518 21662 RALLYDEBUG rally_openstack.cleanup.manager [-] Deleting neutron.network object s_rally_7bbc7295_gj0dGfkh (c5b732d1-d12a-4264-b0ab-ce23f93c680b)
2019-06-15 09:15:42.690 21662 RALLYDEBUG rally_openstack.cleanup.manager [-] Deleting neutron.network object s_rally_7bbc7295_vE2Rd0ug (c6b132a6-5e5e-4a9a-8482-35478eb0c045)
2019-06-15 09:15:42.768 21662 RALLYDEBUG rally_openstack.cleanup.manager [-] Deleting neutron.network object s_rally_7bbc7295_IvsaBWQt (c6c6a44f-b664-43eb-9979-bb6d081a78cf)
2019-06-15 09:15:42.815 21662 RALLYDEBUG rally_openstack.cleanup.manager [-] Deleting neutron.network object s_rally_7bbc7295_K1QW4uJH (c91d8b59-5bb0-4f9c-83cf-706b254ce013)
2019-06-15 09:15:43.152 21662 RALLYDEBUG rally_openstack.cleanup.manager [-] Deleting neutron.network object s_rally_7bbc7295_VNx4KIl2 (d6c0ad4f-a413-496c-a204-99a74eaeaca6)
2019-06-15 09:15:43.356 21662 RALLYDEBUG rally_openstack.cleanup.manager [-] Deleting neutron.network object s_rally_7bbc7295_0hZt27fR (e119e7c9-7e2a-4013-868c-d6c92af45434)
2019-06-15 09:15:43.831 21662 RALLYDEBUG rally_openstack.cleanup.manager [-] Deleting neutron.network object s_rally_7bbc7295_DzTOg9KT (e2332275-4d81-429b-8048-1f5d0a01313b)
2019-06-15 09:15:43.862 21662 RALLYDEBUG rally_openstack.cleanup.manager [-] Deleting neutron.network object s_rally_7bbc7295_Fy62WsHx (e35da031-32be-4800-a4c1-6a23c0e9839b)
2019-06-15 09:15:43.869 21662 RALLYDEBUG rally_openstack.cleanup.manager [-] Deleting neutron.network object s_rally_7bbc7295_zEO2ikec (e440aec2-af26-4917-94b2-1bbe8145d4e3)
2019-06-15 09:15:43.946 21662 RALLYDEBUG rally_openstack.cleanup.manager [-] Deleting neutron.network object s_rally_7bbc7295_eK5dLzT0 (e54e6bcd-60ec-462f-81a5-35e253372afd)
