2019-06-15 07:40:22.344 8 RALLYDEBUG rally.api [-] INFO logs from urllib3 and requests module are hide.
2019-06-15 07:40:22.344 8 RALLYDEBUG rally.api [-] urllib3 insecure warnings are hidden.
2019-06-15 07:40:22.345 8 RALLYDEBUG rally.api [-] ERROR log from boto module is hide.
2019-06-15 07:40:23.652 8 ERROR rally.cli.cliutils [-] Unexpected exception in CLI: DBRecordNotFound: Record for uuid or name is opnfv-rally not found in table envs
2019-06-15 07:40:23.652 8 ERROR rally.cli.cliutils
Traceback (most recent call last):
2019-06-15 07:40:23.652 8 ERROR rally.cli.cliutils
File "/usr/lib/python2.7/site-packages/rally/cli/cliutils.py", line 674, in run
2019-06-15 07:40:23.652 8 ERROR rally.cli.cliutils ret = fn(*fn_args, **fn_kwargs)
2019-06-15 07:40:23.652 8 ERROR rally.cli.cliutils File "", line 2, in destroy
2019-06-15 07:40:23.652 8 ERROR rally.cli.cliutils
File "/usr/lib/python2.7/site-packages/rally/cli/envutils.py", line 69, in default_from_global
2019-06-15 07:40:23.652 8 ERROR rally.cli.cliutils return f(*args, **kwargs)
2019-06-15 07:40:23.652 8 ERROR rally.cli.cliutils File "", line 2, in destroy
2019-06-15 07:40:23.652 8 ERROR rally.cli.cliutils
File "/usr/lib/python2.7/site-packages/rally/plugins/__init__.py", line 51, in ensure_plugins_are_loaded
2019-06-15 07:40:23.652 8 ERROR rally.cli.cliutils return f(*args, **kwargs)
2019-06-15 07:40:23.652 8 ERROR rally.cli.cliutils
File "/usr/lib/python2.7/site-packages/rally/cli/commands/deployment.py", line 140, in destroy
2019-06-15 07:40:23.652 8 ERROR rally.cli.cliutils api.deployment.destroy(deployment=deployment)
2019-06-15 07:40:23.652 8 ERROR rally.cli.cliutils
File "/usr/lib/python2.7/site-packages/rally/api.py", line 115, in destroy
2019-06-15 07:40:23.652 8 ERROR rally.cli.cliutils deploy = objects.Deployment.get(deployment)
2019-06-15 07:40:23.652 8 ERROR rally.cli.cliutils
File "/usr/lib/python2.7/site-packages/rally/common/objects/deploy.py", line 124, in get
2019-06-15 07:40:23.652 8 ERROR rally.cli.cliutils return Deployment(env_mgr.EnvManager.get(deploy))
2019-06-15 07:40:23.652 8 ERROR rally.cli.cliutils
File "/usr/lib/python2.7/site-packages/rally/env/env_mgr.py", line 212, in get
2019-06-15 07:40:23.652 8 ERROR rally.cli.cliutils return cls(db.env_get(uuid_or_name))
2019-06-15 07:40:23.652 8 ERROR rally.cli.cliutils
File "/usr/lib/python2.7/site-packages/rally/common/db/api.py", line 135, in wrapper
2019-06-15 07:40:23.652 8 ERROR rally.cli.cliutils result = f(session, *args, **kwargs)
2019-06-15 07:40:23.652 8 ERROR rally.cli.cliutils
File "/usr/lib/python2.7/site-packages/rally/common/db/api.py", line 521, in env_get
2019-06-15 07:40:23.652 8 ERROR rally.cli.cliutils criteria="uuid or name is %s" % uuid_or_name, table="envs")
2019-06-15 07:40:23.652 8 ERROR rally.cli.cliutils DBRecordNotFound: Record for uuid or name is opnfv-rally not found in table envs
2019-06-15 07:40:23.652 8 ERROR rally.cli.cliutils
2019-06-15 07:40:24.386 10 RALLYDEBUG rally.api [-] INFO logs from urllib3 and requests module are hide.
2019-06-15 07:40:24.386 10 RALLYDEBUG rally.api [-] urllib3 insecure warnings are hidden.
2019-06-15 07:40:24.387 10 RALLYDEBUG rally.api [-] ERROR log from boto module is hide.
2019-06-15 07:40:26.235 10 WARNING rally_openstack.platforms.existing [-] endpoint is deprecated and not used.
2019-06-15 07:40:27.376 12 RALLYDEBUG rally.api [-] INFO logs from urllib3 and requests module are hide.
2019-06-15 07:40:27.376 12 RALLYDEBUG rally.api [-] urllib3 insecure warnings are hidden.
2019-06-15 07:40:27.376 12 RALLYDEBUG rally.api [-] ERROR log from boto module is hide.
2019-06-15 07:40:30.719 15 RALLYDEBUG rally.api [-] INFO logs from urllib3 and requests module are hide.
2019-06-15 07:40:30.720 15 RALLYDEBUG rally.api [-] urllib3 insecure warnings are hidden.
2019-06-15 07:40:30.720 15 RALLYDEBUG rally.api [-] ERROR log from boto module is hide.
2019-06-15 07:40:31.961 17 RALLYDEBUG rally.api [-] INFO logs from urllib3 and requests module are hide.
2019-06-15 07:40:31.961 17 RALLYDEBUG rally.api [-] urllib3 insecure warnings are hidden.
2019-06-15 07:40:31.961 17 RALLYDEBUG rally.api [-] ERROR log from boto module is hide.
2019-06-15 07:40:33.568 17 INFO rally.task.engine [-] Task 1d777a03-6c35-4e59-855e-e13666de0b7d | Starting: Task validation.
2019-06-15 07:40:33.615 17 INFO rally.task.engine [-] Task 1d777a03-6c35-4e59-855e-e13666de0b7d | Starting: Task validation of syntax.
2019-06-15 07:40:33.689 17 INFO rally.task.engine [-] Task 1d777a03-6c35-4e59-855e-e13666de0b7d | Completed: Task validation of syntax.
2019-06-15 07:40:33.689 17 INFO rally.task.engine [-] Task 1d777a03-6c35-4e59-855e-e13666de0b7d | Starting: Task validation of required platforms.
2019-06-15 07:40:33.727 17 INFO rally.task.engine [-] Task 1d777a03-6c35-4e59-855e-e13666de0b7d | Completed: Task validation of required platforms.
2019-06-15 07:40:33.727 17 INFO rally.task.engine [-] Task 1d777a03-6c35-4e59-855e-e13666de0b7d | Starting: Task validation of semantic.
2019-06-15 07:40:33.727 17 INFO rally.task.engine [-] Check health of the environment '997c098b-479c-4300-9412-4fb2cbb07b80'.
2019-06-15 07:40:34.319 17 INFO rally.task.engine [-] Platform existing@openstack (available: True): OK!
2019-06-15 07:40:34.336 17 RALLYDEBUG rally_openstack.contexts.keystone.users [-] Creating 1 tenants using 20 threads
2019-06-15 07:40:35.276 17 RALLYDEBUG rally_openstack.contexts.keystone.users [-] Creating 1 users using 20 threads
2019-06-15 07:40:36.718 17 INFO rally.task.context [-] Task 1d777a03-6c35-4e59-855e-e13666de0b7d | Context users@openstack setup() finished in 2.38 sec
2019-06-15 07:40:36.775 17 INFO rally.task.context [-] Task 1d777a03-6c35-4e59-855e-e13666de0b7d | Context users@openstack cleanup() started
2019-06-15 07:40:40.054 17 INFO rally.task.context [-] Task 1d777a03-6c35-4e59-855e-e13666de0b7d | Context users@openstack cleanup() finished in 3.28 sec
2019-06-15 07:40:40.054 17 INFO rally.task.engine [-] Task 1d777a03-6c35-4e59-855e-e13666de0b7d | Completed: Task validation of semantic.
2019-06-15 07:40:40.055 17 INFO rally.task.engine [-] Task 1d777a03-6c35-4e59-855e-e13666de0b7d | Completed: Task validation.
2019-06-15 07:40:40.055 17 INFO rally.api [-] Task 1d777a03-6c35-4e59-855e-e13666de0b7d input file is valid.
2019-06-15 07:40:40.056 17 INFO rally.api [-] Run Task 1d777a03-6c35-4e59-855e-e13666de0b7d against Deployment 997c098b-479c-4300-9412-4fb2cbb07b80
2019-06-15 07:40:40.056 17 INFO rally.task.engine [-] Task 1d777a03-6c35-4e59-855e-e13666de0b7d | Starting: Running task.
2019-06-15 07:40:40.282 17 INFO rally.task.engine [-] Running workload: position = 0 config = { "version": 2, "title": "A cropped version of a bigger task.", "description": "Auto-generated task from a single workload (uuid=f4888135-9787-4ed4-abdc-bfd128836529)", "subtasks": [ { "title": "Authenticate.keystone", "description": "Check Keystone Client.", "scenario": { "Authenticate.keystone": {} }, "contexts": { "users": { "tenants": 3, "users_per_tenant": 2 } }, "runner": { "constant": { "concurrency": 4, "times": 10 } }, "hooks": [], "sla": { "failure_rate": { "max": 0 } } } ] }
2019-06-15 07:40:40.305 17 RALLYDEBUG rally_openstack.contexts.keystone.users [-] Creating 3 tenants using 20 threads
2019-06-15 07:40:41.327 17 RALLYDEBUG rally_openstack.contexts.keystone.users [-] Creating 6 users using 20 threads
2019-06-15 07:40:43.019 17 INFO rally.task.context [-] Task 1d777a03-6c35-4e59-855e-e13666de0b7d | Context users@openstack setup() finished in 2.71 sec
2019-06-15 07:40:43.028 17 RALLYDEBUG rally.task.runner [-] Starting the constant runner (task UUID: 1d777a03-6c35-4e59-855e-e13666de0b7d). timeout: 0 concurrency: 4 concurrency_per_worker: 1 times: 10 concurrency_overhead: 0 processes_to_start: 4 max_cpu_used: 16
2019-06-15 07:40:43.042 141 RALLYDEBUG rally.task.runner [-] Starting a worker. concurrency: 1 args: {} times: 10 method_name: run timeout: 0 duration: None cls:
2019-06-15 07:40:43.046 142 RALLYDEBUG rally.task.runner [-] Starting a worker. concurrency: 1 args: {} times: 10 method_name: run timeout: 0 duration: None cls:
2019-06-15 07:40:43.049 141 INFO rally.task.runner [-] Task 1d777a03-6c35-4e59-855e-e13666de0b7d | ITER: 1 START
2019-06-15 07:40:43.049 143 RALLYDEBUG rally.task.runner [-] Starting a worker. concurrency: 1 args: {} times: 10 method_name: run timeout: 0 duration: None cls:
2019-06-15 07:40:43.051 144 RALLYDEBUG rally.task.runner [-] Starting a worker. concurrency: 1 args: {} times: 10 method_name: run timeout: 0 duration: None cls:
2019-06-15 07:40:43.053 142 INFO rally.task.runner [-] Task 1d777a03-6c35-4e59-855e-e13666de0b7d | ITER: 2 START
2019-06-15 07:40:43.056 143 INFO rally.task.runner [-] Task 1d777a03-6c35-4e59-855e-e13666de0b7d | ITER: 3 START
2019-06-15 07:40:43.057 144 INFO rally.task.runner [-] Task 1d777a03-6c35-4e59-855e-e13666de0b7d | ITER: 4 START
2019-06-15 07:40:43.496 144 INFO rally.task.runner [-] Task 1d777a03-6c35-4e59-855e-e13666de0b7d | ITER: 4 END: OK
2019-06-15 07:40:43.497 142 INFO rally.task.runner [-] Task 1d777a03-6c35-4e59-855e-e13666de0b7d | ITER: 2 END: OK
2019-06-15 07:40:43.500 144 INFO rally.task.runner [-] Task 1d777a03-6c35-4e59-855e-e13666de0b7d | ITER: 5 START
2019-06-15 07:40:43.501 142 INFO rally.task.runner [-] Task 1d777a03-6c35-4e59-855e-e13666de0b7d | ITER: 6 START
2019-06-15 07:40:43.549 143 INFO rally.task.runner [-] Task 1d777a03-6c35-4e59-855e-e13666de0b7d | ITER: 3 END: OK
2019-06-15 07:40:43.553 143 INFO rally.task.runner [-] Task 1d777a03-6c35-4e59-855e-e13666de0b7d | ITER: 7 START
2019-06-15 07:40:43.565 141 INFO rally.task.runner [-] Task 1d777a03-6c35-4e59-855e-e13666de0b7d | ITER: 1 END: OK
2019-06-15 07:40:43.569 141 INFO rally.task.runner [-] Task 1d777a03-6c35-4e59-855e-e13666de0b7d | ITER: 8 START
2019-06-15 07:40:43.855 144 INFO rally.task.runner [-] Task 1d777a03-6c35-4e59-855e-e13666de0b7d | ITER: 5 END: OK
2019-06-15 07:40:43.859 144 INFO rally.task.runner [-] Task 1d777a03-6c35-4e59-855e-e13666de0b7d | ITER: 9 START
2019-06-15 07:40:43.911 141 INFO rally.task.runner [-] Task 1d777a03-6c35-4e59-855e-e13666de0b7d | ITER: 8 END: OK
2019-06-15 07:40:43.913 143 INFO rally.task.runner [-] Task 1d777a03-6c35-4e59-855e-e13666de0b7d | ITER: 7 END: OK
2019-06-15 07:40:43.915 141 INFO rally.task.runner [-] Task 1d777a03-6c35-4e59-855e-e13666de0b7d | ITER: 10 START
2019-06-15 07:40:43.961 142 INFO rally.task.runner [-] Task 1d777a03-6c35-4e59-855e-e13666de0b7d | ITER: 6 END: OK
2019-06-15 07:40:44.315 144 INFO rally.task.runner [-] Task 1d777a03-6c35-4e59-855e-e13666de0b7d | ITER: 9 END: OK
2019-06-15 07:40:44.322 141 INFO rally.task.runner [-] Task 1d777a03-6c35-4e59-855e-e13666de0b7d | ITER: 10 END: OK
2019-06-15 07:40:44.351 17 INFO rally.task.context [-] Task 1d777a03-6c35-4e59-855e-e13666de0b7d | Context users@openstack cleanup() started
2019-06-15 07:40:49.425 17 INFO rally.task.context [-] Task 1d777a03-6c35-4e59-855e-e13666de0b7d | Context users@openstack cleanup() finished in 5.07 sec
2019-06-15 07:40:50.403 17 INFO rally.task.engine [-] Load duration is: 1.270866
2019-06-15 07:40:50.403 17 INFO rally.task.engine [-] Full runner duration is: 1.323035
2019-06-15 07:40:50.404 17 INFO rally.task.engine [-] Full duration is: 9.122394
2019-06-15 07:40:50.700 17 INFO rally.task.engine [-] Running workload: position = 0 config = { "version": 2, "title": "A cropped version of a bigger task.", "description": "Auto-generated task from a single workload (uuid=d5bf528e-37b0-44ca-b46b-7dda83786dc2)", "subtasks": [ { "title": "Authenticate.validate_cinder", "description": "Check Cinder Client to ensure validation of token.", "scenario": { "Authenticate.validate_cinder": { "repetitions": 2 } }, "contexts": { "users": { "tenants": 3, "users_per_tenant": 2 } }, "runner": { "constant": { "concurrency": 4, "times": 10 } }, "hooks": [], "sla": { "failure_rate": { "max": 0 } } } ] }
2019-06-15 07:40:50.725 17 RALLYDEBUG rally_openstack.contexts.keystone.users [-] Creating 3 tenants using 20 threads
2019-06-15 07:40:51.860 17 RALLYDEBUG rally_openstack.contexts.keystone.users [-] Creating 6 users using 20 threads
2019-06-15 07:40:53.524 17 INFO rally.task.context [-] Task 1d777a03-6c35-4e59-855e-e13666de0b7d | Context users@openstack setup() finished in 2.80 sec
2019-06-15 07:40:53.534 17 RALLYDEBUG rally.task.runner [-] Starting the constant runner (task UUID: 1d777a03-6c35-4e59-855e-e13666de0b7d). timeout: 0 concurrency: 4 concurrency_per_worker: 1 times: 10 concurrency_overhead: 0 processes_to_start: 4 max_cpu_used: 16
2019-06-15 07:40:53.546 245 RALLYDEBUG rally.task.runner [-] Starting a worker. concurrency: 1 args: {"repetitions": 2} times: 10 method_name: run timeout: 0 duration: None cls:
2019-06-15 07:40:53.550 246 RALLYDEBUG rally.task.runner [-] Starting a worker. concurrency: 1 args: {"repetitions": 2} times: 10 method_name: run timeout: 0 duration: None cls:
2019-06-15 07:40:53.554 245 INFO rally.task.runner [-] Task 1d777a03-6c35-4e59-855e-e13666de0b7d | ITER: 1 START
2019-06-15 07:40:53.553 247 RALLYDEBUG rally.task.runner [-] Starting a worker. concurrency: 1 args: {"repetitions": 2} times: 10 method_name: run timeout: 0 duration: None cls:
2019-06-15 07:40:53.556 248 RALLYDEBUG rally.task.runner [-] Starting a worker. concurrency: 1 args: {"repetitions": 2} times: 10 method_name: run timeout: 0 duration: None cls:
2019-06-15 07:40:53.557 246 INFO rally.task.runner [-] Task 1d777a03-6c35-4e59-855e-e13666de0b7d | ITER: 2 START
2019-06-15 07:40:53.560 247 INFO rally.task.runner [-] Task 1d777a03-6c35-4e59-855e-e13666de0b7d | ITER: 3 START
2019-06-15 07:40:53.563 248 INFO rally.task.runner [-] Task 1d777a03-6c35-4e59-855e-e13666de0b7d | ITER: 4 START
2019-06-15 07:40:54.558 247 INFO rally.task.runner [-] Task 1d777a03-6c35-4e59-855e-e13666de0b7d | ITER: 3 END: OK
2019-06-15 07:40:54.562 247 INFO rally.task.runner [-] Task 1d777a03-6c35-4e59-855e-e13666de0b7d | ITER: 5 START
2019-06-15 07:40:54.586 245 INFO rally.task.runner [-] Task 1d777a03-6c35-4e59-855e-e13666de0b7d | ITER: 1 END: OK
2019-06-15 07:40:54.586 246 INFO rally.task.runner [-] Task 1d777a03-6c35-4e59-855e-e13666de0b7d | ITER: 2 END: OK
2019-06-15 07:40:54.591 245 INFO rally.task.runner [-] Task 1d777a03-6c35-4e59-855e-e13666de0b7d | ITER: 6 START
2019-06-15 07:40:54.591 246 INFO rally.task.runner [-] Task 1d777a03-6c35-4e59-855e-e13666de0b7d | ITER: 7 START
2019-06-15 07:40:54.605 248 INFO rally.task.runner [-] Task 1d777a03-6c35-4e59-855e-e13666de0b7d | ITER: 4 END: OK
2019-06-15 07:40:54.609 248 INFO rally.task.runner [-] Task 1d777a03-6c35-4e59-855e-e13666de0b7d | ITER: 8 START
2019-06-15 07:40:55.001 247 INFO rally.task.runner [-] Task 1d777a03-6c35-4e59-855e-e13666de0b7d | ITER: 5 END: OK
2019-06-15 07:40:55.005 247 INFO rally.task.runner [-] Task 1d777a03-6c35-4e59-855e-e13666de0b7d | ITER: 9 START
2019-06-15 07:40:55.025 248 INFO rally.task.runner [-] Task 1d777a03-6c35-4e59-855e-e13666de0b7d | ITER: 8 END: OK
2019-06-15 07:40:55.029 248 INFO rally.task.runner [-] Task 1d777a03-6c35-4e59-855e-e13666de0b7d | ITER: 10 START
2019-06-15 07:40:55.156 245 INFO rally.task.runner [-] Task 1d777a03-6c35-4e59-855e-e13666de0b7d | ITER: 6 END: OK
2019-06-15 07:40:55.404 246 INFO rally.task.runner [-] Task 1d777a03-6c35-4e59-855e-e13666de0b7d | ITER: 7 END: OK
2019-06-15 07:40:55.754 248 INFO rally.task.runner [-] Task 1d777a03-6c35-4e59-855e-e13666de0b7d | ITER: 10 END: OK
2019-06-15 07:40:55.811 247 INFO rally.task.runner [-] Task 1d777a03-6c35-4e59-855e-e13666de0b7d | ITER: 9 END: OK
2019-06-15 07:40:55.840 17 INFO rally.task.context [-] Task 1d777a03-6c35-4e59-855e-e13666de0b7d | Context users@openstack cleanup() started
2019-06-15 07:41:01.258 17 INFO rally.task.context [-] Task 1d777a03-6c35-4e59-855e-e13666de0b7d | Context users@openstack cleanup() finished in 5.42 sec
2019-06-15 07:41:02.799 17 INFO rally.task.engine [-] Load duration is: 2.255286
2019-06-15 07:41:02.799 17 INFO rally.task.engine [-] Full runner duration is: 2.306558
2019-06-15 07:41:02.800 17 INFO rally.task.engine [-] Full duration is: 10.536131
2019-06-15 07:41:03.175 17 INFO rally.task.engine [-] Running workload: position = 0 config = { "version": 2, "title": "A cropped version of a bigger task.", "description": "Auto-generated task from a single workload (uuid=f506e8f7-59f8-47bd-8f6c-133a80fa8d19)", "subtasks": [ { "title": "Authenticate.validate_glance", "description": "Check Glance Client to ensure validation of token.", "scenario": { "Authenticate.validate_glance": { "repetitions": 2 } }, "contexts": { "users": { "tenants": 3, "users_per_tenant": 2 } }, "runner": { "constant": { "concurrency": 4, "times": 10 } }, "hooks": [], "sla": { "failure_rate": { "max": 0 } } } ] }
2019-06-15 07:41:03.201 17 RALLYDEBUG rally_openstack.contexts.keystone.users [-] Creating 3 tenants using 20 threads
2019-06-15 07:41:04.321 17 RALLYDEBUG rally_openstack.contexts.keystone.users [-] Creating 6 users using 20 threads
2019-06-15 07:41:06.045 17 INFO rally.task.context [-] Task 1d777a03-6c35-4e59-855e-e13666de0b7d | Context users@openstack setup() finished in 2.84 sec
2019-06-15 07:41:06.054 17 RALLYDEBUG rally.task.runner [-] Starting the constant runner (task UUID: 1d777a03-6c35-4e59-855e-e13666de0b7d). timeout: 0 concurrency: 4 concurrency_per_worker: 1 times: 10 concurrency_overhead: 0 processes_to_start: 4 max_cpu_used: 16
2019-06-15 07:41:06.068 349 RALLYDEBUG rally.task.runner [-] Starting a worker. concurrency: 1 args: {"repetitions": 2} times: 10 method_name: run timeout: 0 duration: None cls:
2019-06-15 07:41:06.070 350 RALLYDEBUG rally.task.runner [-] Starting a worker. concurrency: 1 args: {"repetitions": 2} times: 10 method_name: run timeout: 0 duration: None cls:
2019-06-15 07:41:06.074 351 RALLYDEBUG rally.task.runner [-] Starting a worker. concurrency: 1 args: {"repetitions": 2} times: 10 method_name: run timeout: 0 duration: None cls:
2019-06-15 07:41:06.075 349 INFO rally.task.runner [-] Task 1d777a03-6c35-4e59-855e-e13666de0b7d | ITER: 1 START
2019-06-15 07:41:06.077 350 INFO rally.task.runner [-] Task 1d777a03-6c35-4e59-855e-e13666de0b7d | ITER: 2 START
2019-06-15 07:41:06.077 352 RALLYDEBUG rally.task.runner [-] Starting a worker. concurrency: 1 args: {"repetitions": 2} times: 10 method_name: run timeout: 0 duration: None cls:
2019-06-15 07:41:06.081 351 INFO rally.task.runner [-] Task 1d777a03-6c35-4e59-855e-e13666de0b7d | ITER: 3 START
2019-06-15 07:41:06.084 352 INFO rally.task.runner [-] Task 1d777a03-6c35-4e59-855e-e13666de0b7d | ITER: 4 START
2019-06-15 07:41:06.833 351 INFO rally.task.runner [-] Task 1d777a03-6c35-4e59-855e-e13666de0b7d | ITER: 3 END: OK
2019-06-15 07:41:06.838 351 INFO rally.task.runner [-] Task 1d777a03-6c35-4e59-855e-e13666de0b7d | ITER: 5 START
2019-06-15 07:41:06.942 349 INFO rally.task.runner [-] Task 1d777a03-6c35-4e59-855e-e13666de0b7d | ITER: 1 END: OK
2019-06-15 07:41:06.947 349 INFO rally.task.runner [-] Task 1d777a03-6c35-4e59-855e-e13666de0b7d | ITER: 6 START
2019-06-15 07:41:06.968 350 INFO rally.task.runner [-] Task 1d777a03-6c35-4e59-855e-e13666de0b7d | ITER: 2 END: OK
2019-06-15 07:41:06.972 352 INFO rally.task.runner [-] Task 1d777a03-6c35-4e59-855e-e13666de0b7d | ITER: 4 END: OK
2019-06-15 07:41:06.972 350 INFO rally.task.runner [-] Task 1d777a03-6c35-4e59-855e-e13666de0b7d | ITER: 7 START
2019-06-15 07:41:06.977 352 INFO rally.task.runner [-] Task 1d777a03-6c35-4e59-855e-e13666de0b7d | ITER: 8 START
2019-06-15 07:41:07.464 351 INFO rally.task.runner [-] Task 1d777a03-6c35-4e59-855e-e13666de0b7d | ITER: 5 END: OK
2019-06-15 07:41:07.469 351 INFO rally.task.runner [-] Task 1d777a03-6c35-4e59-855e-e13666de0b7d | ITER: 9 START
2019-06-15 07:41:07.474 350 INFO rally.task.runner [-] Task 1d777a03-6c35-4e59-855e-e13666de0b7d | ITER: 7 END: OK
2019-06-15 07:41:07.478 350 INFO rally.task.runner [-] Task 1d777a03-6c35-4e59-855e-e13666de0b7d | ITER: 10 START
2019-06-15 07:41:07.607 352 INFO rally.task.runner [-] Task 1d777a03-6c35-4e59-855e-e13666de0b7d | ITER: 8 END: OK
2019-06-15 07:41:07.665 349 INFO rally.task.runner [-] Task 1d777a03-6c35-4e59-855e-e13666de0b7d | ITER: 6 END: OK
2019-06-15 07:41:08.051 350 INFO rally.task.runner [-] Task 1d777a03-6c35-4e59-855e-e13666de0b7d | ITER: 10 END: OK
2019-06-15 07:41:08.153 351 INFO rally.task.runner [-] Task 1d777a03-6c35-4e59-855e-e13666de0b7d | ITER: 9 END: OK
2019-06-15 07:41:08.176 17 INFO rally.task.context [-] Task 1d777a03-6c35-4e59-855e-e13666de0b7d | Context users@openstack cleanup() started
2019-06-15 07:41:13.318 17 INFO rally.task.context [-] Task 1d777a03-6c35-4e59-855e-e13666de0b7d | Context users@openstack cleanup() finished in 5.14 sec
2019-06-15 07:41:15.331 17 INFO rally.task.engine [-] Load duration is: 2.076519
2019-06-15 07:41:15.332 17 INFO rally.task.engine [-] Full runner duration is: 2.122375
2019-06-15 07:41:15.332 17 INFO rally.task.engine [-] Full duration is: 10.122561
2019-06-15 07:41:15.869 17 INFO rally.task.engine [-] Running workload: position = 0 config = { "version": 2, "title": "A cropped version of a bigger task.", "description": "Auto-generated task from a single workload (uuid=23c10a1b-34a5-48a3-a3d8-6d4a4c609d90)", "subtasks": [ { "title": "Authenticate.validate_heat", "description": "Check Heat Client to ensure validation of token.", "scenario": { "Authenticate.validate_heat": { "repetitions": 2 } }, "contexts": { "users": { "tenants": 3, "users_per_tenant": 2 } }, "runner": { "constant": { "concurrency": 4, "times": 10 } }, "hooks": [], "sla": { "failure_rate": { "max": 0 } } } ] }
2019-06-15 07:41:15.894 17 RALLYDEBUG rally_openstack.contexts.keystone.users [-] Creating 3 tenants using 20 threads
2019-06-15 07:41:16.933 17 RALLYDEBUG rally_openstack.contexts.keystone.users [-] Creating 6 users using 20 threads
2019-06-15 07:41:18.626 17 INFO rally.task.context [-] Task 1d777a03-6c35-4e59-855e-e13666de0b7d | Context users@openstack setup() finished in 2.73 sec
2019-06-15 07:41:18.634 17 RALLYDEBUG rally.task.runner [-] Starting the constant runner (task UUID: 1d777a03-6c35-4e59-855e-e13666de0b7d). timeout: 0 concurrency: 4 concurrency_per_worker: 1 times: 10 concurrency_overhead: 0 processes_to_start: 4 max_cpu_used: 16
2019-06-15 07:41:18.647 453 RALLYDEBUG rally.task.runner [-] Starting a worker. concurrency: 1 args: {"repetitions": 2} times: 10 method_name: run timeout: 0 duration: None cls:
2019-06-15 07:41:18.650 454 RALLYDEBUG rally.task.runner [-] Starting a worker. concurrency: 1 args: {"repetitions": 2} times: 10 method_name: run timeout: 0 duration: None cls:
2019-06-15 07:41:18.654 453 INFO rally.task.runner [-] Task 1d777a03-6c35-4e59-855e-e13666de0b7d | ITER: 1 START
2019-06-15 07:41:18.654 455 RALLYDEBUG rally.task.runner [-] Starting a worker. concurrency: 1 args: {"repetitions": 2} times: 10 method_name: run timeout: 0 duration: None cls:
2019-06-15 07:41:18.656 456 RALLYDEBUG rally.task.runner [-] Starting a worker. concurrency: 1 args: {"repetitions": 2} times: 10 method_name: run timeout: 0 duration: None cls:
2019-06-15 07:41:18.658 454 INFO rally.task.runner [-] Task 1d777a03-6c35-4e59-855e-e13666de0b7d | ITER: 2 START
2019-06-15 07:41:18.661 455 INFO rally.task.runner [-] Task 1d777a03-6c35-4e59-855e-e13666de0b7d | ITER: 3 START
2019-06-15 07:41:18.664 456 INFO rally.task.runner [-] Task 1d777a03-6c35-4e59-855e-e13666de0b7d | ITER: 4 START
2019-06-15 07:41:20.267 456 INFO rally.task.runner [-] Task 1d777a03-6c35-4e59-855e-e13666de0b7d | ITER: 4 END: OK
2019-06-15 07:41:20.272 456 INFO rally.task.runner [-] Task 1d777a03-6c35-4e59-855e-e13666de0b7d | ITER: 5 START
2019-06-15 07:41:20.461 453 INFO rally.task.runner [-] Task 1d777a03-6c35-4e59-855e-e13666de0b7d | ITER: 1 END: OK
2019-06-15 07:41:20.466 453 INFO rally.task.runner [-] Task 1d777a03-6c35-4e59-855e-e13666de0b7d | ITER: 6 START
2019-06-15 07:41:20.735 455 INFO rally.task.runner [-] Task 1d777a03-6c35-4e59-855e-e13666de0b7d | ITER: 3 END: OK
2019-06-15 07:41:20.740 455 INFO rally.task.runner [-] Task 1d777a03-6c35-4e59-855e-e13666de0b7d | ITER: 7 START
2019-06-15 07:41:20.995 453 INFO rally.task.runner [-] Task 1d777a03-6c35-4e59-855e-e13666de0b7d | ITER: 6 END: OK
2019-06-15 07:41:21.000 453 INFO rally.task.runner [-] Task 1d777a03-6c35-4e59-855e-e13666de0b7d | ITER: 8 START
2019-06-15 07:41:21.037 456 INFO rally.task.runner [-] Task 1d777a03-6c35-4e59-855e-e13666de0b7d | ITER: 5 END: OK
2019-06-15 07:41:21.042 456 INFO rally.task.runner [-] Task 1d777a03-6c35-4e59-855e-e13666de0b7d | ITER: 9 START
2019-06-15 07:41:21.065 454 INFO rally.task.runner [-] Task 1d777a03-6c35-4e59-855e-e13666de0b7d | ITER: 2 END: OK
2019-06-15 07:41:21.070 454 INFO rally.task.runner [-] Task 1d777a03-6c35-4e59-855e-e13666de0b7d | ITER: 10 START
2019-06-15 07:41:21.220 455 INFO rally.task.runner [-] Task 1d777a03-6c35-4e59-855e-e13666de0b7d | ITER: 7 END: OK
2019-06-15 07:41:21.524 453 INFO rally.task.runner [-] Task 1d777a03-6c35-4e59-855e-e13666de0b7d | ITER: 8 END: OK
2019-06-15 07:41:21.846 454 INFO rally.task.runner [-] Task 1d777a03-6c35-4e59-855e-e13666de0b7d | ITER: 10 END: OK
2019-06-15 07:41:21.964 456 INFO rally.task.runner [-] Task 1d777a03-6c35-4e59-855e-e13666de0b7d | ITER: 9 END: OK
2019-06-15 07:41:21.986 17 INFO rally.task.context [-] Task 1d777a03-6c35-4e59-855e-e13666de0b7d | Context users@openstack cleanup() started
2019-06-15 07:41:27.122 17 INFO rally.task.context [-] Task 1d777a03-6c35-4e59-855e-e13666de0b7d | Context users@openstack cleanup() finished in 5.14 sec
2019-06-15 07:41:28.015 17 INFO rally.task.engine [-] Load duration is: 3.307986
2019-06-15 07:41:28.015 17 INFO rally.task.engine [-] Full runner duration is: 3.352091
2019-06-15 07:41:28.015 17 INFO rally.task.engine [-] Full duration is: 11.231151
2019-06-15 07:41:28.565 17 INFO rally.task.engine [-] Running workload: position = 0 config = { "version": 2, "title": "A cropped version of a bigger task.", "description": "Auto-generated task from a single workload (uuid=f151f7c9-2d61-4996-b808-bbbf8bde7fd6)", "subtasks": [ { "title": "Authenticate.validate_neutron", "description": "Check Neutron Client to ensure validation of token.", "scenario": { "Authenticate.validate_neutron": { "repetitions": 2 } }, "contexts": { "users": { "tenants": 3, "users_per_tenant": 2 } }, "runner": { "constant": { "concurrency": 4, "times": 10 } }, "hooks": [], "sla": { "failure_rate": { "max": 0 } } } ] }
2019-06-15 07:41:28.591 17 RALLYDEBUG rally_openstack.contexts.keystone.users [-] Creating 3 tenants using 20 threads
2019-06-15 07:41:29.648 17 RALLYDEBUG rally_openstack.contexts.keystone.users [-] Creating 6 users using 20 threads
2019-06-15 07:41:31.335 17 INFO rally.task.context [-] Task 1d777a03-6c35-4e59-855e-e13666de0b7d | Context users@openstack setup() finished in 2.74 sec
2019-06-15 07:41:31.344 17 RALLYDEBUG rally.task.runner [-] Starting the constant runner (task UUID: 1d777a03-6c35-4e59-855e-e13666de0b7d). timeout: 0 concurrency: 4 concurrency_per_worker: 1 times: 10 concurrency_overhead: 0 processes_to_start: 4 max_cpu_used: 16
2019-06-15 07:41:31.357 557 RALLYDEBUG rally.task.runner [-] Starting a worker. concurrency: 1 args: {"repetitions": 2} times: 10 method_name: run timeout: 0 duration: None cls:
2019-06-15 07:41:31.360 558 RALLYDEBUG rally.task.runner [-] Starting a worker. concurrency: 1 args: {"repetitions": 2} times: 10 method_name: run timeout: 0 duration: None cls:
2019-06-15 07:41:31.363 559 RALLYDEBUG rally.task.runner [-] Starting a worker. concurrency: 1 args: {"repetitions": 2} times: 10 method_name: run timeout: 0 duration: None cls:
2019-06-15 07:41:31.365 557 INFO rally.task.runner [-] Task 1d777a03-6c35-4e59-855e-e13666de0b7d | ITER: 1 START
2019-06-15 07:41:31.366 560 RALLYDEBUG rally.task.runner [-] Starting a worker. concurrency: 1 args: {"repetitions": 2} times: 10 method_name: run timeout: 0 duration: None cls:
2019-06-15 07:41:31.367 558 INFO rally.task.runner [-] Task 1d777a03-6c35-4e59-855e-e13666de0b7d | ITER: 2 START
2019-06-15 07:41:31.370 559 INFO rally.task.runner [-] Task 1d777a03-6c35-4e59-855e-e13666de0b7d | ITER: 3 START
2019-06-15 07:41:31.373 560 INFO rally.task.runner [-] Task 1d777a03-6c35-4e59-855e-e13666de0b7d | ITER: 4 START
2019-06-15 07:41:32.086 560 INFO rally.task.runner [-] Task 1d777a03-6c35-4e59-855e-e13666de0b7d | ITER: 4 END: OK
2019-06-15 07:41:32.087 559 INFO rally.task.runner [-] Task 1d777a03-6c35-4e59-855e-e13666de0b7d | ITER: 3 END: OK
2019-06-15 07:41:32.088 557 INFO rally.task.runner [-] Task 1d777a03-6c35-4e59-855e-e13666de0b7d | ITER: 1 END: OK
2019-06-15 07:41:32.091 560 INFO rally.task.runner [-] Task 1d777a03-6c35-4e59-855e-e13666de0b7d | ITER: 5 START
2019-06-15 07:41:32.092 559 INFO rally.task.runner [-] Task 1d777a03-6c35-4e59-855e-e13666de0b7d | ITER: 6 START
2019-06-15 07:41:32.092 557 INFO rally.task.runner [-] Task 1d777a03-6c35-4e59-855e-e13666de0b7d | ITER: 7 START
2019-06-15 07:41:32.263 558 INFO rally.task.runner [-] Task 1d777a03-6c35-4e59-855e-e13666de0b7d | ITER: 2 END: OK
2019-06-15 07:41:32.268 558 INFO rally.task.runner [-] Task 1d777a03-6c35-4e59-855e-e13666de0b7d | ITER: 8 START
2019-06-15 07:41:32.726 560 INFO rally.task.runner [-] Task 1d777a03-6c35-4e59-855e-e13666de0b7d | ITER: 5 END: OK
2019-06-15 07:41:32.731 560 INFO rally.task.runner [-] Task 1d777a03-6c35-4e59-855e-e13666de0b7d | ITER: 9 START
2019-06-15 07:41:32.831 557 INFO rally.task.runner [-] Task 1d777a03-6c35-4e59-855e-e13666de0b7d | ITER: 7 END: OK
2019-06-15 07:41:32.835 557 INFO rally.task.runner [-] Task 1d777a03-6c35-4e59-855e-e13666de0b7d | ITER: 10 START
2019-06-15 07:41:33.019 558 INFO rally.task.runner [-] Task 1d777a03-6c35-4e59-855e-e13666de0b7d | ITER: 8 END: OK
2019-06-15 07:41:33.147 559 INFO rally.task.runner [-] Task 1d777a03-6c35-4e59-855e-e13666de0b7d | ITER: 6 END: OK
2019-06-15 07:41:33.387 560 INFO rally.task.runner [-] Task 1d777a03-6c35-4e59-855e-e13666de0b7d | ITER: 9 END: OK
2019-06-15 07:41:33.502 557 INFO rally.task.runner [-] Task 1d777a03-6c35-4e59-855e-e13666de0b7d | ITER: 10 END: OK
2019-06-15 07:41:33.527 17 INFO rally.task.context [-] Task 1d777a03-6c35-4e59-855e-e13666de0b7d | Context users@openstack cleanup() started
2019-06-15 07:41:38.718 17 INFO rally.task.context [-] Task 1d777a03-6c35-4e59-855e-e13666de0b7d | Context users@openstack cleanup() finished in 5.19 sec
2019-06-15 07:41:40.663 17 INFO rally.task.engine [-] Load duration is: 2.135155
2019-06-15 07:41:40.664 17 INFO rally.task.engine [-] Full runner duration is: 2.183065
2019-06-15 07:41:40.664 17 INFO rally.task.engine [-] Full duration is: 10.131134
2019-06-15 07:41:41.217 17 INFO rally.task.engine [-] Running workload: position = 0 config = { "version": 2, "title": "A cropped version of a bigger task.", "description": "Auto-generated task from a single workload (uuid=2da74e15-3040-43e2-b357-59767567438f)", "subtasks": [ { "title": "Authenticate.validate_nova", "description": "Check Nova Client to ensure validation of token.", "scenario": { "Authenticate.validate_nova": { "repetitions": 2 } }, "contexts": { "users": { "tenants": 3, "users_per_tenant": 2 } }, "runner": { "constant": { "concurrency": 4, "times": 10 } }, "hooks": [], "sla": { "failure_rate": { "max": 0 } } } ] }
2019-06-15 07:41:41.249 17 RALLYDEBUG rally_openstack.contexts.keystone.users [-] Creating 3 tenants using 20 threads
2019-06-15 07:41:42.287 17 RALLYDEBUG rally_openstack.contexts.keystone.users [-] Creating 6 users using 20 threads
2019-06-15 07:41:43.984 17 INFO rally.task.context [-] Task 1d777a03-6c35-4e59-855e-e13666de0b7d | Context users@openstack setup() finished in 2.73 sec
2019-06-15 07:41:43.994 17 RALLYDEBUG rally.task.runner [-] Starting the constant runner (task UUID: 1d777a03-6c35-4e59-855e-e13666de0b7d). timeout: 0 concurrency: 4 concurrency_per_worker: 1 times: 10 concurrency_overhead: 0 processes_to_start: 4 max_cpu_used: 16
2019-06-15 07:41:44.008 661 RALLYDEBUG rally.task.runner [-] Starting a worker. concurrency: 1 args: {"repetitions": 2} times: 10 method_name: run timeout: 0 duration: None cls:
2019-06-15 07:41:44.011 662 RALLYDEBUG rally.task.runner [-] Starting a worker. concurrency: 1 args: {"repetitions": 2} times: 10 method_name: run timeout: 0 duration: None cls:
2019-06-15 07:41:44.014 663 RALLYDEBUG rally.task.runner [-] Starting a worker. concurrency: 1 args: {"repetitions": 2} times: 10 method_name: run timeout: 0 duration: None cls:
2019-06-15 07:41:44.016 661 INFO rally.task.runner [-] Task 1d777a03-6c35-4e59-855e-e13666de0b7d | ITER: 1 START
2019-06-15 07:41:44.017 664 RALLYDEBUG rally.task.runner [-] Starting a worker. concurrency: 1 args: {"repetitions": 2} times: 10 method_name: run timeout: 0 duration: None cls:
2019-06-15 07:41:44.019 662 INFO rally.task.runner [-] Task 1d777a03-6c35-4e59-855e-e13666de0b7d | ITER: 2 START
2019-06-15 07:41:44.021 663 INFO rally.task.runner [-] Task 1d777a03-6c35-4e59-855e-e13666de0b7d | ITER: 3 START
2019-06-15 07:41:44.024 664 INFO rally.task.runner [-] Task 1d777a03-6c35-4e59-855e-e13666de0b7d | ITER: 4 START
2019-06-15 07:41:44.498 661 DEBUG novaclient.v2.client [-] REQ: curl -g -i --cacert "/etc/ssl/certs/mcp_os_cacert" -X GET http://10.167.4.35:8774/v2.1/flavors/detail -H "Accept: application/json" -H "User-Agent: python-novaclient" -H "X-Auth-Token: {SHA1}15358bcded503f95d08be39dcb9bda13ccb1b7fe" _http_log_request /usr/lib/python2.7/site-packages/keystoneauth1/session.py:448
2019-06-15 07:41:44.502 663 DEBUG novaclient.v2.client [-] REQ: curl -g -i --cacert "/etc/ssl/certs/mcp_os_cacert" -X GET http://10.167.4.35:8774/v2.1/flavors/detail -H "Accept: application/json" -H "User-Agent: python-novaclient" -H "X-Auth-Token: {SHA1}c80ce12ecefac508652a29108b391b17e9690952" _http_log_request /usr/lib/python2.7/site-packages/keystoneauth1/session.py:448
2019-06-15 07:41:44.512 662 DEBUG novaclient.v2.client [-] REQ: curl -g -i --cacert "/etc/ssl/certs/mcp_os_cacert" -X GET http://10.167.4.35:8774/v2.1/flavors/detail -H "Accept: application/json" -H "User-Agent: python-novaclient" -H "X-Auth-Token: {SHA1}80a03f4e67ae34f1b06c29bf7176ceffe637723b" _http_log_request /usr/lib/python2.7/site-packages/keystoneauth1/session.py:448
2019-06-15 07:41:44.594 664 DEBUG novaclient.v2.client [-] REQ: curl -g -i --cacert "/etc/ssl/certs/mcp_os_cacert" -X GET http://10.167.4.35:8774/v2.1/flavors/detail -H "Accept: application/json" -H "User-Agent: python-novaclient" -H "X-Auth-Token: {SHA1}453c68c213c158f4da501ddbc95f77f7d83ee90d" _http_log_request /usr/lib/python2.7/site-packages/keystoneauth1/session.py:448
2019-06-15 07:41:44.683 661 DEBUG novaclient.v2.client [-] RESP: [200] Connection: close Content-Length: 1014 Content-Type: application/json Date: Sat, 15 Jun 2019 07:41:44 GMT Openstack-Api-Version: compute 2.1 Vary: OpenStack-API-Version, X-OpenStack-Nova-API-Version X-Compute-Request-Id: req-eb67ce93-886a-451a-bfe2-ad33188fc97a X-Openstack-Nova-Api-Version: 2.1 X-Openstack-Request-Id: req-eb67ce93-886a-451a-bfe2-ad33188fc97a _http_log_response /usr/lib/python2.7/site-packages/keystoneauth1/session.py:479
2019-06-15 07:41:44.684 661 DEBUG novaclient.v2.client [-] RESP BODY: {"flavors": [{"name": "rally_full-flavor_alt_23f18038-7d52-4a8a-bdf7-35fcd60125d8", "links": [{"href": "http://10.167.4.35:8774/v2.1/flavors/a0b60999-02de-44b6-a387-f55e65374dce", "rel": "self"}, {"href": "http://10.167.4.35:8774/flavors/a0b60999-02de-44b6-a387-f55e65374dce", "rel": "bookmark"}], "ram": 1024, "OS-FLV-DISABLED:disabled": false, "vcpus": 1, "swap": "", "os-flavor-access:is_public": true, "rxtx_factor": 1.0, "OS-FLV-EXT-DATA:ephemeral": 0, "disk": 1, "id": "a0b60999-02de-44b6-a387-f55e65374dce"}, {"name": "rally_full-flavor_23f18038-7d52-4a8a-bdf7-35fcd60125d8", "links": [{"href": "http://10.167.4.35:8774/v2.1/flavors/d234bf54-7a7c-4eb2-93f6-dd3694b2fb01", "rel": "self"}, {"href": "http://10.167.4.35:8774/flavors/d234bf54-7a7c-4eb2-93f6-dd3694b2fb01", "rel": "bookmark"}], "ram": 512, "OS-FLV-DISABLED:disabled": false, "vcpus": 1, "swap": "", "os-flavor-access:is_public": true, "rxtx_factor": 1.0, "OS-FLV-EXT-DATA:ephemeral": 0, "disk": 1, "id": "d234bf54-7a7c-4eb2-93f6-dd3694b2fb01"}]} _http_log_response /usr/lib/python2.7/site-packages/keystoneauth1/session.py:511
2019-06-15 07:41:44.684 661 DEBUG novaclient.v2.client [-] GET call to compute for http://10.167.4.35:8774/v2.1/flavors/detail used request id req-eb67ce93-886a-451a-bfe2-ad33188fc97a request /usr/lib/python2.7/site-packages/keystoneauth1/session.py:844
2019-06-15 07:41:44.687 661 DEBUG novaclient.v2.client [-] REQ: curl -g -i --cacert "/etc/ssl/certs/mcp_os_cacert" -X GET http://10.167.4.35:8774/v2.1/flavors/detail -H "Accept: application/json" -H "User-Agent: python-novaclient" -H "X-Auth-Token: {SHA1}15358bcded503f95d08be39dcb9bda13ccb1b7fe" _http_log_request /usr/lib/python2.7/site-packages/keystoneauth1/session.py:448
2019-06-15 07:41:44.687 663 DEBUG novaclient.v2.client [-] RESP: [200] Connection: close Content-Length: 1014 Content-Type: application/json Date: Sat, 15 Jun 2019 07:41:44 GMT Openstack-Api-Version: compute 2.1 Vary: OpenStack-API-Version, X-OpenStack-Nova-API-Version X-Compute-Request-Id: req-b416eb24-78a3-4dec-b0ce-9d6ac124b266 X-Openstack-Nova-Api-Version: 2.1 X-Openstack-Request-Id: req-b416eb24-78a3-4dec-b0ce-9d6ac124b266 _http_log_response /usr/lib/python2.7/site-packages/keystoneauth1/session.py:479
2019-06-15 07:41:44.688 663 DEBUG novaclient.v2.client [-] RESP BODY: {"flavors": [{"name": "rally_full-flavor_alt_23f18038-7d52-4a8a-bdf7-35fcd60125d8", "links": [{"href": "http://10.167.4.35:8774/v2.1/flavors/a0b60999-02de-44b6-a387-f55e65374dce", "rel": "self"}, {"href": "http://10.167.4.35:8774/flavors/a0b60999-02de-44b6-a387-f55e65374dce", "rel": "bookmark"}], "ram": 1024, "OS-FLV-DISABLED:disabled": false, "vcpus": 1, "swap": "", "os-flavor-access:is_public": true, "rxtx_factor": 1.0, "OS-FLV-EXT-DATA:ephemeral": 0, "disk": 1, "id": "a0b60999-02de-44b6-a387-f55e65374dce"}, {"name": "rally_full-flavor_23f18038-7d52-4a8a-bdf7-35fcd60125d8", "links": [{"href": "http://10.167.4.35:8774/v2.1/flavors/d234bf54-7a7c-4eb2-93f6-dd3694b2fb01", "rel": "self"}, {"href": "http://10.167.4.35:8774/flavors/d234bf54-7a7c-4eb2-93f6-dd3694b2fb01", "rel": "bookmark"}], "ram": 512, "OS-FLV-DISABLED:disabled": false, "vcpus": 1, "swap": "", "os-flavor-access:is_public": true, "rxtx_factor": 1.0, "OS-FLV-EXT-DATA:ephemeral": 0, "disk": 1, "id": "d234bf54-7a7c-4eb2-93f6-dd3694b2fb01"}]} _http_log_response /usr/lib/python2.7/site-packages/keystoneauth1/session.py:511
2019-06-15 07:41:44.689 662 DEBUG novaclient.v2.client [-] RESP: [200] Connection: close Content-Length: 1014 Content-Type: application/json Date: Sat, 15 Jun 2019 07:41:44 GMT Openstack-Api-Version: compute 2.1 Vary: OpenStack-API-Version, X-OpenStack-Nova-API-Version X-Compute-Request-Id: req-a431c7e3-e723-4bbd-a1ee-7e4b3c64267a X-Openstack-Nova-Api-Version: 2.1 X-Openstack-Request-Id: req-a431c7e3-e723-4bbd-a1ee-7e4b3c64267a _http_log_response /usr/lib/python2.7/site-packages/keystoneauth1/session.py:479
2019-06-15 07:41:44.689 663 DEBUG novaclient.v2.client [-] GET call to compute for http://10.167.4.35:8774/v2.1/flavors/detail used request id req-b416eb24-78a3-4dec-b0ce-9d6ac124b266 request /usr/lib/python2.7/site-packages/keystoneauth1/session.py:844
2019-06-15 07:41:44.690 662 DEBUG novaclient.v2.client [-] RESP BODY: {"flavors": [{"name": "rally_full-flavor_alt_23f18038-7d52-4a8a-bdf7-35fcd60125d8", "links": [{"href": "http://10.167.4.35:8774/v2.1/flavors/a0b60999-02de-44b6-a387-f55e65374dce", "rel": "self"}, {"href": "http://10.167.4.35:8774/flavors/a0b60999-02de-44b6-a387-f55e65374dce", "rel": "bookmark"}], "ram": 1024, "OS-FLV-DISABLED:disabled": false, "vcpus": 1, "swap": "", "os-flavor-access:is_public": true, "rxtx_factor": 1.0, "OS-FLV-EXT-DATA:ephemeral": 0, "disk": 1, "id": "a0b60999-02de-44b6-a387-f55e65374dce"}, {"name": "rally_full-flavor_23f18038-7d52-4a8a-bdf7-35fcd60125d8", "links": [{"href": "http://10.167.4.35:8774/v2.1/flavors/d234bf54-7a7c-4eb2-93f6-dd3694b2fb01", "rel": "self"}, {"href": "http://10.167.4.35:8774/flavors/d234bf54-7a7c-4eb2-93f6-dd3694b2fb01", "rel": "bookmark"}], "ram": 512, "OS-FLV-DISABLED:disabled": false, "vcpus": 1, "swap": "", "os-flavor-access:is_public": true, "rxtx_factor": 1.0, "OS-FLV-EXT-DATA:ephemeral": 0, "disk": 1, "id": "d234bf54-7a7c-4eb2-93f6-dd3694b2fb01"}]} _http_log_response /usr/lib/python2.7/site-packages/keystoneauth1/session.py:511
2019-06-15 07:41:44.690 662 DEBUG novaclient.v2.client [-] GET call to compute for http://10.167.4.35:8774/v2.1/flavors/detail used request id req-a431c7e3-e723-4bbd-a1ee-7e4b3c64267a request /usr/lib/python2.7/site-packages/keystoneauth1/session.py:844
2019-06-15 07:41:44.691 663 DEBUG novaclient.v2.client [-] REQ: curl -g -i --cacert "/etc/ssl/certs/mcp_os_cacert" -X GET http://10.167.4.35:8774/v2.1/flavors/detail -H "Accept: application/json" -H "User-Agent: python-novaclient" -H "X-Auth-Token: {SHA1}c80ce12ecefac508652a29108b391b17e9690952" _http_log_request /usr/lib/python2.7/site-packages/keystoneauth1/session.py:448
2019-06-15 07:41:44.692 662 DEBUG novaclient.v2.client [-] REQ: curl -g -i --cacert "/etc/ssl/certs/mcp_os_cacert" -X GET http://10.167.4.35:8774/v2.1/flavors/detail -H "Accept: application/json" -H "User-Agent: python-novaclient" -H "X-Auth-Token: {SHA1}80a03f4e67ae34f1b06c29bf7176ceffe637723b" _http_log_request /usr/lib/python2.7/site-packages/keystoneauth1/session.py:448
2019-06-15 07:41:44.710 661 DEBUG novaclient.v2.client [-] RESP: [200] Connection: close Content-Length: 1014 Content-Type: application/json Date: Sat, 15 Jun 2019 07:41:44 GMT Openstack-Api-Version: compute 2.1 Vary: OpenStack-API-Version, X-OpenStack-Nova-API-Version X-Compute-Request-Id: req-8b558bac-0a4b-45d3-a0db-95a688626eab X-Openstack-Nova-Api-Version: 2.1 X-Openstack-Request-Id: req-8b558bac-0a4b-45d3-a0db-95a688626eab _http_log_response /usr/lib/python2.7/site-packages/keystoneauth1/session.py:479
2019-06-15 07:41:44.711 661 DEBUG novaclient.v2.client [-] RESP BODY: {"flavors": [{"name": "rally_full-flavor_alt_23f18038-7d52-4a8a-bdf7-35fcd60125d8", "links": [{"href": "http://10.167.4.35:8774/v2.1/flavors/a0b60999-02de-44b6-a387-f55e65374dce", "rel": "self"}, {"href": "http://10.167.4.35:8774/flavors/a0b60999-02de-44b6-a387-f55e65374dce", "rel": "bookmark"}], "ram": 1024, "OS-FLV-DISABLED:disabled": false, "vcpus": 1, "swap": "", "os-flavor-access:is_public": true, "rxtx_factor": 1.0, "OS-FLV-EXT-DATA:ephemeral": 0, "disk": 1, "id": "a0b60999-02de-44b6-a387-f55e65374dce"}, {"name": "rally_full-flavor_23f18038-7d52-4a8a-bdf7-35fcd60125d8", "links": [{"href": "http://10.167.4.35:8774/v2.1/flavors/d234bf54-7a7c-4eb2-93f6-dd3694b2fb01", "rel": "self"}, {"href": "http://10.167.4.35:8774/flavors/d234bf54-7a7c-4eb2-93f6-dd3694b2fb01", "rel": "bookmark"}], "ram": 512, "OS-FLV-DISABLED:disabled": false, "vcpus": 1, "swap": "", "os-flavor-access:is_public": true, "rxtx_factor": 1.0, "OS-FLV-EXT-DATA:ephemeral": 0, "disk": 1, "id": "d234bf54-7a7c-4eb2-93f6-dd3694b2fb01"}]} _http_log_response /usr/lib/python2.7/site-packages/keystoneauth1/session.py:511
2019-06-15 07:41:44.711 661 DEBUG novaclient.v2.client [-] GET call to compute for http://10.167.4.35:8774/v2.1/flavors/detail used request id req-8b558bac-0a4b-45d3-a0db-95a688626eab request /usr/lib/python2.7/site-packages/keystoneauth1/session.py:844
2019-06-15 07:41:44.712 663 DEBUG novaclient.v2.client [-] RESP: [200] Connection: close Content-Length: 1014 Content-Type: application/json Date: Sat, 15 Jun 2019 07:41:44 GMT Openstack-Api-Version: compute 2.1 Vary: OpenStack-API-Version, X-OpenStack-Nova-API-Version X-Compute-Request-Id: req-e1704cb3-8dbf-42c9-adbe-88a9a639cc38 X-Openstack-Nova-Api-Version: 2.1 X-Openstack-Request-Id: req-e1704cb3-8dbf-42c9-adbe-88a9a639cc38 _http_log_response /usr/lib/python2.7/site-packages/keystoneauth1/session.py:479
2019-06-15 07:41:44.712 661 INFO rally.task.runner [-] Task 1d777a03-6c35-4e59-855e-e13666de0b7d | ITER: 1 END: OK
2019-06-15 07:41:44.712 663 DEBUG novaclient.v2.client [-] RESP BODY: {"flavors": [{"name": "rally_full-flavor_alt_23f18038-7d52-4a8a-bdf7-35fcd60125d8", "links": [{"href": "http://10.167.4.35:8774/v2.1/flavors/a0b60999-02de-44b6-a387-f55e65374dce", "rel": "self"}, {"href": "http://10.167.4.35:8774/flavors/a0b60999-02de-44b6-a387-f55e65374dce", "rel": "bookmark"}], "ram": 1024, "OS-FLV-DISABLED:disabled": false, "vcpus": 1, "swap": "", "os-flavor-access:is_public": true, "rxtx_factor": 1.0, "OS-FLV-EXT-DATA:ephemeral": 0, "disk": 1, "id": "a0b60999-02de-44b6-a387-f55e65374dce"}, {"name": "rally_full-flavor_23f18038-7d52-4a8a-bdf7-35fcd60125d8", "links": [{"href": "http://10.167.4.35:8774/v2.1/flavors/d234bf54-7a7c-4eb2-93f6-dd3694b2fb01", "rel": "self"}, {"href": "http://10.167.4.35:8774/flavors/d234bf54-7a7c-4eb2-93f6-dd3694b2fb01", "rel": "bookmark"}], "ram": 512, "OS-FLV-DISABLED:disabled": false, "vcpus": 1, "swap": "", "os-flavor-access:is_public": true, "rxtx_factor": 1.0, "OS-FLV-EXT-DATA:ephemeral": 0, "disk": 1, "id": "d234bf54-7a7c-4eb2-93f6-dd3694b2fb01"}]} _http_log_response /usr/lib/python2.7/site-packages/keystoneauth1/session.py:511
2019-06-15 07:41:44.713 663 DEBUG novaclient.v2.client [-] GET call to compute for http://10.167.4.35:8774/v2.1/flavors/detail used request id req-e1704cb3-8dbf-42c9-adbe-88a9a639cc38 request /usr/lib/python2.7/site-packages/keystoneauth1/session.py:844
2019-06-15 07:41:44.714 663 INFO rally.task.runner [-] Task 1d777a03-6c35-4e59-855e-e13666de0b7d | ITER: 3 END: OK
2019-06-15 07:41:44.716 661 INFO rally.task.runner [-] Task 1d777a03-6c35-4e59-855e-e13666de0b7d | ITER: 5 START
2019-06-15 07:41:44.718 663 INFO rally.task.runner [-] Task 1d777a03-6c35-4e59-855e-e13666de0b7d | ITER: 6 START
2019-06-15 07:41:44.722 664 DEBUG novaclient.v2.client [-] RESP: [200] Connection: close Content-Length: 1014 Content-Type: application/json Date: Sat, 15 Jun 2019 07:41:44 GMT Openstack-Api-Version: compute 2.1 Vary: OpenStack-API-Version, X-OpenStack-Nova-API-Version X-Compute-Request-Id: req-616658bd-0a27-402d-8e24-c6c5a992035e X-Openstack-Nova-Api-Version: 2.1 X-Openstack-Request-Id: req-616658bd-0a27-402d-8e24-c6c5a992035e _http_log_response /usr/lib/python2.7/site-packages/keystoneauth1/session.py:479
2019-06-15 07:41:44.723 664 DEBUG novaclient.v2.client [-] RESP BODY: {"flavors": [{"name": "rally_full-flavor_alt_23f18038-7d52-4a8a-bdf7-35fcd60125d8", "links": [{"href": "http://10.167.4.35:8774/v2.1/flavors/a0b60999-02de-44b6-a387-f55e65374dce", "rel": "self"}, {"href": "http://10.167.4.35:8774/flavors/a0b60999-02de-44b6-a387-f55e65374dce", "rel": "bookmark"}], "ram": 1024, "OS-FLV-DISABLED:disabled": false, "vcpus": 1, "swap": "", "os-flavor-access:is_public": true, "rxtx_factor": 1.0, "OS-FLV-EXT-DATA:ephemeral": 0, "disk": 1, "id": "a0b60999-02de-44b6-a387-f55e65374dce"}, {"name": "rally_full-flavor_23f18038-7d52-4a8a-bdf7-35fcd60125d8", "links": [{"href": "http://10.167.4.35:8774/v2.1/flavors/d234bf54-7a7c-4eb2-93f6-dd3694b2fb01", "rel": "self"}, {"href": "http://10.167.4.35:8774/flavors/d234bf54-7a7c-4eb2-93f6-dd3694b2fb01", "rel": "bookmark"}], "ram": 512, "OS-FLV-DISABLED:disabled": false, "vcpus": 1, "swap": "", "os-flavor-access:is_public": true, "rxtx_factor": 1.0, "OS-FLV-EXT-DATA:ephemeral": 0, "disk": 1, "id": "d234bf54-7a7c-4eb2-93f6-dd3694b2fb01"}]} _http_log_response /usr/lib/python2.7/site-packages/keystoneauth1/session.py:511
2019-06-15 07:41:44.723 664 DEBUG novaclient.v2.client [-] GET call to compute for http://10.167.4.35:8774/v2.1/flavors/detail used request id req-616658bd-0a27-402d-8e24-c6c5a992035e request /usr/lib/python2.7/site-packages/keystoneauth1/session.py:844
2019-06-15 07:41:44.724 662 DEBUG novaclient.v2.client [-] RESP: [200] Connection: close Content-Length: 1014 Content-Type: application/json Date: Sat, 15 Jun 2019 07:41:44 GMT Openstack-Api-Version: compute 2.1 Vary: OpenStack-API-Version, X-OpenStack-Nova-API-Version X-Compute-Request-Id: req-d243f7c1-c457-42b4-9bc5-40dc347c090f X-Openstack-Nova-Api-Version: 2.1 X-Openstack-Request-Id: req-d243f7c1-c457-42b4-9bc5-40dc347c090f _http_log_response /usr/lib/python2.7/site-packages/keystoneauth1/session.py:479
2019-06-15 07:41:44.724 662 DEBUG novaclient.v2.client [-] RESP BODY: {"flavors": [{"name": "rally_full-flavor_alt_23f18038-7d52-4a8a-bdf7-35fcd60125d8", "links": [{"href": "http://10.167.4.35:8774/v2.1/flavors/a0b60999-02de-44b6-a387-f55e65374dce", "rel": "self"}, {"href": "http://10.167.4.35:8774/flavors/a0b60999-02de-44b6-a387-f55e65374dce", "rel": "bookmark"}], "ram": 1024, "OS-FLV-DISABLED:disabled": false, "vcpus": 1, "swap": "", "os-flavor-access:is_public": true, "rxtx_factor": 1.0, "OS-FLV-EXT-DATA:ephemeral": 0, "disk": 1, "id": "a0b60999-02de-44b6-a387-f55e65374dce"}, {"name": "rally_full-flavor_23f18038-7d52-4a8a-bdf7-35fcd60125d8", "links": [{"href": "http://10.167.4.35:8774/v2.1/flavors/d234bf54-7a7c-4eb2-93f6-dd3694b2fb01", "rel": "self"}, {"href": "http://10.167.4.35:8774/flavors/d234bf54-7a7c-4eb2-93f6-dd3694b2fb01", "rel": "bookmark"}], "ram": 512, "OS-FLV-DISABLED:disabled": false, "vcpus": 1, "swap": "", "os-flavor-access:is_public": true, "rxtx_factor": 1.0, "OS-FLV-EXT-DATA:ephemeral": 0, "disk": 1, "id": "d234bf54-7a7c-4eb2-93f6-dd3694b2fb01"}]} _http_log_response /usr/lib/python2.7/site-packages/keystoneauth1/session.py:511
2019-06-15 07:41:44.725 662 DEBUG novaclient.v2.client [-] GET call to compute for http://10.167.4.35:8774/v2.1/flavors/detail used request id req-d243f7c1-c457-42b4-9bc5-40dc347c090f request /usr/lib/python2.7/site-packages/keystoneauth1/session.py:844
