2019-06-09 07:45:35.583 21653 RALLYDEBUG rally.api [-] INFO logs from urllib3 and requests module are hide.
2019-06-09 07:45:35.583 21653 RALLYDEBUG rally.api [-] urllib3 insecure warnings are hidden.
2019-06-09 07:45:35.583 21653 RALLYDEBUG rally.api [-] ERROR log from boto module is hide.
2019-06-09 07:45:38.016 21655 RALLYDEBUG rally.api [-] INFO logs from urllib3 and requests module are hide.
2019-06-09 07:45:38.016 21655 RALLYDEBUG rally.api [-] urllib3 insecure warnings are hidden.
2019-06-09 07:45:38.016 21655 RALLYDEBUG rally.api [-] ERROR log from boto module is hide.
2019-06-09 07:45:39.585 21655 WARNING rally_openstack.platforms.existing [-] endpoint is deprecated and not used.
2019-06-09 07:45:40.671 21657 RALLYDEBUG rally.api [-] INFO logs from urllib3 and requests module are hide.
2019-06-09 07:45:40.671 21657 RALLYDEBUG rally.api [-] urllib3 insecure warnings are hidden.
2019-06-09 07:45:40.671 21657 RALLYDEBUG rally.api [-] ERROR log from boto module is hide.
2019-06-09 07:45:43.922 21660 RALLYDEBUG rally.api [-] INFO logs from urllib3 and requests module are hide.
2019-06-09 07:45:43.922 21660 RALLYDEBUG rally.api [-] urllib3 insecure warnings are hidden.
2019-06-09 07:45:43.923 21660 RALLYDEBUG rally.api [-] ERROR log from boto module is hide.
2019-06-09 07:45:45.376 21662 RALLYDEBUG rally.api [-] INFO logs from urllib3 and requests module are hide.
2019-06-09 07:45:45.376 21662 RALLYDEBUG rally.api [-] urllib3 insecure warnings are hidden.
2019-06-09 07:45:45.376 21662 RALLYDEBUG rally.api [-] ERROR log from boto module is hide.
2019-06-09 07:45:46.774 21662 INFO rally.common.plugin.discover [-] Loading plugins from directories /root/.rally/plugins/*
2019-06-09 07:45:46.774 21662 INFO rally.common.plugin.discover [-] Loaded module with plugins: /root/.rally/plugins/__init__.py
2019-06-09 07:45:46.777 21662 INFO rally.common.plugin.discover [-] Loaded module with plugins: /root/.rally/plugins/trunk_scenario.py
2019-06-09 07:45:46.974 21662 INFO rally.task.engine [-] Task 188e2494-31a8-4d8c-83f5-5e4cd75fa028 | Starting: Task validation.
2019-06-09 07:45:47.015 21662 INFO rally.task.engine [-] Task 188e2494-31a8-4d8c-83f5-5e4cd75fa028 | Starting: Task validation of syntax.
2019-06-09 07:45:47.227 21662 INFO rally.task.engine [-] Task 188e2494-31a8-4d8c-83f5-5e4cd75fa028 | Completed: Task validation of syntax.
2019-06-09 07:45:47.228 21662 INFO rally.task.engine [-] Task 188e2494-31a8-4d8c-83f5-5e4cd75fa028 | Starting: Task validation of required platforms.
2019-06-09 07:45:47.305 21662 INFO rally.task.engine [-] Task 188e2494-31a8-4d8c-83f5-5e4cd75fa028 | Completed: Task validation of required platforms.
2019-06-09 07:45:47.305 21662 INFO rally.task.engine [-] Task 188e2494-31a8-4d8c-83f5-5e4cd75fa028 | Starting: Task validation of semantic.
2019-06-09 07:45:47.305 21662 INFO rally.task.engine [-] Check health of the environment '7e97b9e0-0533-4404-b638-e13730d865cd'.
2019-06-09 07:45:47.903 21662 INFO rally.task.engine [-] Platform existing@openstack (available: True): OK!
2019-06-09 07:45:47.921 21662 RALLYDEBUG rally_openstack.contexts.keystone.users [-] Creating 1 tenants using 20 threads
2019-06-09 07:45:48.823 21662 RALLYDEBUG rally_openstack.contexts.keystone.users [-] Creating 1 users using 20 threads
2019-06-09 07:45:50.277 21662 INFO rally.task.context [-] Task 188e2494-31a8-4d8c-83f5-5e4cd75fa028 | Context users@openstack setup() finished in 2.36 sec
2019-06-09 07:45:55.010 21662 INFO rally.task.context [-] Task 188e2494-31a8-4d8c-83f5-5e4cd75fa028 | Context users@openstack cleanup() started
2019-06-09 07:45:58.177 21662 INFO rally.task.context [-] Task 188e2494-31a8-4d8c-83f5-5e4cd75fa028 | Context users@openstack cleanup() finished in 3.17 sec
2019-06-09 07:45:58.177 21662 INFO rally.task.engine [-] Task 188e2494-31a8-4d8c-83f5-5e4cd75fa028 | Completed: Task validation of semantic.
2019-06-09 07:45:58.178 21662 INFO rally.task.engine [-] Task 188e2494-31a8-4d8c-83f5-5e4cd75fa028 | Completed: Task validation.
2019-06-09 07:45:58.178 21662 INFO rally.api [-] Task 188e2494-31a8-4d8c-83f5-5e4cd75fa028 input file is valid.
2019-06-09 07:45:58.178 21662 INFO rally.api [-] Run Task 188e2494-31a8-4d8c-83f5-5e4cd75fa028 against Deployment 7e97b9e0-0533-4404-b638-e13730d865cd
2019-06-09 07:45:58.179 21662 INFO rally.task.engine [-] Task 188e2494-31a8-4d8c-83f5-5e4cd75fa028 | Starting: Running task.
2019-06-09 07:45:58.340 21662 INFO rally.task.engine [-] Running workload: position = 0 config = { "version": 2, "title": "A cropped version of a bigger task.", "description": "Auto-generated task from a single workload (uuid=5172172a-91c0-4b0c-bdd5-d26ecfad4c8d)", "subtasks": [ { "title": "NeutronNetworks.create_and_list_networks", "description": "Check performance of list_networks action and ensure > network quotas are not exceeded", "scenario": { "NeutronNetworks.create_and_list_networks": {} }, "contexts": { "users": { "tenants": 1, "users_per_tenant": 1 }, "quotas": { "neutron": { "network": 119 } } }, "runner": { "constant": { "times": 100, "concurrency": 20 } }, "hooks": [], "sla": { "max_avg_duration_per_atomic": { "neutron.list_networks": 15 }, "failure_rate": { "max": 0 } } } ] }
2019-06-09 07:45:58.368 21662 RALLYDEBUG rally_openstack.contexts.keystone.users [-] Creating 1 tenants using 20 threads
2019-06-09 07:45:59.288 21662 RALLYDEBUG rally_openstack.contexts.keystone.users [-] Creating 1 users using 20 threads
2019-06-09 07:46:00.688 21662 INFO rally.task.context [-] Task 188e2494-31a8-4d8c-83f5-5e4cd75fa028 | Context users@openstack setup() finished in 2.32 sec
2019-06-09 07:46:01.201 21662 INFO rally.task.context [-] Task 188e2494-31a8-4d8c-83f5-5e4cd75fa028 | Context quotas@openstack setup() finished in 0.51 sec
2019-06-09 07:46:01.202 21662 INFO rally.task.context [-] Task 188e2494-31a8-4d8c-83f5-5e4cd75fa028 | Context cleanup@openstack setup() finished in 0.01 msec
2019-06-09 07:46:01.211 21662 RALLYDEBUG rally.task.runner [-] Starting the constant runner (task UUID: 188e2494-31a8-4d8c-83f5-5e4cd75fa028). timeout: 0 concurrency: 20 concurrency_per_worker: 1 times: 100 concurrency_overhead: 4 processes_to_start: 16 max_cpu_used: 16
2019-06-09 07:46:01.224 21786 RALLYDEBUG rally.task.runner [-] Starting a worker. concurrency: 2 args: {} times: 100 method_name: run timeout: 0 duration: None cls:
2019-06-09 07:46:01.227 21787 RALLYDEBUG rally.task.runner [-] Starting a worker. concurrency: 2 args: {} times: 100 method_name: run timeout: 0 duration: None cls:
2019-06-09 07:46:01.230 21788 RALLYDEBUG rally.task.runner [-] Starting a worker. concurrency: 2 args: {} times: 100 method_name: run timeout: 0 duration: None cls:
2019-06-09 07:46:01.233 21789 RALLYDEBUG rally.task.runner [-] Starting a worker. concurrency: 2 args: {} times: 100 method_name: run timeout: 0 duration: None cls:
2019-06-09 07:46:01.237 21786 INFO rally.task.runner [-] Task 188e2494-31a8-4d8c-83f5-5e4cd75fa028 | ITER: 1 START
2019-06-09 07:46:01.238 21787 INFO rally.task.runner [-] Task 188e2494-31a8-4d8c-83f5-5e4cd75fa028 | ITER: 2 START
2019-06-09 07:46:01.238 21791 RALLYDEBUG rally.task.runner [-] Starting a worker. concurrency: 1 args: {} times: 100 method_name: run timeout: 0 duration: None cls:
2019-06-09 07:46:01.240 21795 RALLYDEBUG rally.task.runner [-] Starting a worker. concurrency: 1 args: {} times: 100 method_name: run timeout: 0 duration: None cls:
2019-06-09 07:46:01.241 21788 INFO rally.task.runner [-] Task 188e2494-31a8-4d8c-83f5-5e4cd75fa028 | ITER: 4 START
2019-06-09 07:46:01.242 21789 INFO rally.task.runner [-] Task 188e2494-31a8-4d8c-83f5-5e4cd75fa028 | ITER: 6 START
2019-06-09 07:46:01.243 21799 RALLYDEBUG rally.task.runner [-] Starting a worker. concurrency: 1 args: {} times: 100 method_name: run timeout: 0 duration: None cls:
2019-06-09 07:46:01.246 21802 RALLYDEBUG rally.task.runner [-] Starting a worker. concurrency: 1 args: {} times: 100 method_name: run timeout: 0 duration: None cls:
2019-06-09 07:46:01.248 21787 INFO rally.task.runner [-] Task 188e2494-31a8-4d8c-83f5-5e4cd75fa028 | ITER: 5 START
2019-06-09 07:46:01.249 21791 INFO rally.task.runner [-] Task 188e2494-31a8-4d8c-83f5-5e4cd75fa028 | ITER: 9 START
2019-06-09 07:46:01.250 21786 INFO rally.task.runner [-] Task 188e2494-31a8-4d8c-83f5-5e4cd75fa028 | ITER: 3 START
2019-06-09 07:46:01.250 21804 RALLYDEBUG rally.task.runner [-] Starting a worker. concurrency: 1 args: {} times: 100 method_name: run timeout: 0 duration: None cls:
2019-06-09 07:46:01.250 21788 INFO rally.task.runner [-] Task 188e2494-31a8-4d8c-83f5-5e4cd75fa028 | ITER: 7 START
2019-06-09 07:46:01.252 21795 INFO rally.task.runner [-] Task 188e2494-31a8-4d8c-83f5-5e4cd75fa028 | ITER: 10 START
2019-06-09 07:46:01.255 21799 INFO rally.task.runner [-] Task 188e2494-31a8-4d8c-83f5-5e4cd75fa028 | ITER: 11 START
2019-06-09 07:46:01.256 21802 INFO rally.task.runner [-] Task 188e2494-31a8-4d8c-83f5-5e4cd75fa028 | ITER: 12 START
2019-06-09 07:46:01.259 21804 INFO rally.task.runner [-] Task 188e2494-31a8-4d8c-83f5-5e4cd75fa028 | ITER: 13 START
2019-06-09 07:46:01.258 21812 RALLYDEBUG rally.task.runner [-] Starting a worker. concurrency: 1 args: {} times: 100 method_name: run timeout: 0 duration: None cls:
2019-06-09 07:46:01.259 21789 INFO rally.task.runner [-] Task 188e2494-31a8-4d8c-83f5-5e4cd75fa028 | ITER: 8 START
2019-06-09 07:46:01.265 21818 RALLYDEBUG rally.task.runner [-] Starting a worker. concurrency: 1 args: {} times: 100 method_name: run timeout: 0 duration: None cls:
2019-06-09 07:46:01.269 21812 INFO rally.task.runner [-] Task 188e2494-31a8-4d8c-83f5-5e4cd75fa028 | ITER: 14 START
2019-06-09 07:46:01.271 21819 RALLYDEBUG rally.task.runner [-] Starting a worker. concurrency: 1 args: {} times: 100 method_name: run timeout: 0 duration: None cls:
2019-06-09 07:46:01.276 21818 INFO rally.task.runner [-] Task 188e2494-31a8-4d8c-83f5-5e4cd75fa028 | ITER: 15 START
2019-06-09 07:46:01.281 21819 INFO rally.task.runner [-] Task 188e2494-31a8-4d8c-83f5-5e4cd75fa028 | ITER: 16 START
2019-06-09 07:46:01.282 21824 RALLYDEBUG rally.task.runner [-] Starting a worker. concurrency: 1 args: {} times: 100 method_name: run timeout: 0 duration: None cls:
2019-06-09 07:46:01.288 21827 RALLYDEBUG rally.task.runner [-] Starting a worker. concurrency: 1 args: {} times: 100 method_name: run timeout: 0 duration: None cls:
2019-06-09 07:46:01.293 21824 INFO rally.task.runner [-] Task 188e2494-31a8-4d8c-83f5-5e4cd75fa028 | ITER: 17 START
2019-06-09 07:46:01.295 21828 RALLYDEBUG rally.task.runner [-] Starting a worker. concurrency: 1 args: {} times: 100 method_name: run timeout: 0 duration: None cls:
2019-06-09 07:46:01.297 21827 INFO rally.task.runner [-] Task 188e2494-31a8-4d8c-83f5-5e4cd75fa028 | ITER: 18 START
2019-06-09 07:46:01.299 21831 RALLYDEBUG rally.task.runner [-] Starting a worker. concurrency: 1 args: {} times: 100 method_name: run timeout: 0 duration: None cls:
2019-06-09 07:46:01.302 21828 INFO rally.task.runner [-] Task 188e2494-31a8-4d8c-83f5-5e4cd75fa028 | ITER: 19 START
2019-06-09 07:46:01.306 21831 INFO rally.task.runner [-] Task 188e2494-31a8-4d8c-83f5-5e4cd75fa028 | ITER: 20 START
2019-06-09 07:46:02.400 21786 INFO rally.task.runner [-] Task 188e2494-31a8-4d8c-83f5-5e4cd75fa028 | ITER: 3 END: OK
2019-06-09 07:46:02.405 21786 INFO rally.task.runner [-] Task 188e2494-31a8-4d8c-83f5-5e4cd75fa028 | ITER: 21 START
2019-06-09 07:46:02.498 21802 INFO rally.task.runner [-] Task 188e2494-31a8-4d8c-83f5-5e4cd75fa028 | ITER: 12 END: OK
2019-06-09 07:46:02.502 21802 INFO rally.task.runner [-] Task 188e2494-31a8-4d8c-83f5-5e4cd75fa028 | ITER: 22 START
2019-06-09 07:46:02.504 21791 INFO rally.task.runner [-] Task 188e2494-31a8-4d8c-83f5-5e4cd75fa028 | ITER: 9 END: OK
2019-06-09 07:46:02.508 21791 INFO rally.task.runner [-] Task 188e2494-31a8-4d8c-83f5-5e4cd75fa028 | ITER: 23 START
2019-06-09 07:46:02.508 21789 INFO rally.task.runner [-] Task 188e2494-31a8-4d8c-83f5-5e4cd75fa028 | ITER: 6 END: OK
2019-06-09 07:46:02.512 21789 INFO rally.task.runner [-] Task 188e2494-31a8-4d8c-83f5-5e4cd75fa028 | ITER: 24 START
2019-06-09 07:46:02.514 21787 INFO rally.task.runner [-] Task 188e2494-31a8-4d8c-83f5-5e4cd75fa028 | ITER: 5 END: OK
2019-06-09 07:46:02.519 21787 INFO rally.task.runner [-] Task 188e2494-31a8-4d8c-83f5-5e4cd75fa028 | ITER: 25 START
2019-06-09 07:46:02.547 21788 INFO rally.task.runner [-] Task 188e2494-31a8-4d8c-83f5-5e4cd75fa028 | ITER: 4 END: OK
2019-06-09 07:46:02.551 21788 INFO rally.task.runner [-] Task 188e2494-31a8-4d8c-83f5-5e4cd75fa028 | ITER: 26 START
2019-06-09 07:46:02.566 21788 INFO rally.task.runner [-] Task 188e2494-31a8-4d8c-83f5-5e4cd75fa028 | ITER: 7 END: OK
2019-06-09 07:46:02.571 21795 INFO rally.task.runner [-] Task 188e2494-31a8-4d8c-83f5-5e4cd75fa028 | ITER: 10 END: OK
2019-06-09 07:46:02.571 21788 INFO rally.task.runner [-] Task 188e2494-31a8-4d8c-83f5-5e4cd75fa028 | ITER: 27 START
2019-06-09 07:46:02.574 21795 INFO rally.task.runner [-] Task 188e2494-31a8-4d8c-83f5-5e4cd75fa028 | ITER: 28 START
2019-06-09 07:46:02.611 21799 INFO rally.task.runner [-] Task 188e2494-31a8-4d8c-83f5-5e4cd75fa028 | ITER: 11 END: OK
2019-06-09 07:46:02.612 21786 INFO rally.task.runner [-] Task 188e2494-31a8-4d8c-83f5-5e4cd75fa028 | ITER: 1 END: OK
2019-06-09 07:46:02.614 21799 INFO rally.task.runner [-] Task 188e2494-31a8-4d8c-83f5-5e4cd75fa028 | ITER: 29 START
2019-06-09 07:46:02.616 21786 INFO rally.task.runner [-] Task 188e2494-31a8-4d8c-83f5-5e4cd75fa028 | ITER: 30 START
2019-06-09 07:46:02.638 21787 INFO rally.task.runner [-] Task 188e2494-31a8-4d8c-83f5-5e4cd75fa028 | ITER: 2 END: OK
2019-06-09 07:46:02.642 21787 INFO rally.task.runner [-] Task 188e2494-31a8-4d8c-83f5-5e4cd75fa028 | ITER: 31 START
2019-06-09 07:46:02.949 21818 INFO rally.task.runner [-] Task 188e2494-31a8-4d8c-83f5-5e4cd75fa028 | ITER: 15 END: OK
2019-06-09 07:46:02.953 21818 INFO rally.task.runner [-] Task 188e2494-31a8-4d8c-83f5-5e4cd75fa028 | ITER: 32 START
2019-06-09 07:46:02.972 21824 INFO rally.task.runner [-] Task 188e2494-31a8-4d8c-83f5-5e4cd75fa028 | ITER: 17 END: OK
2019-06-09 07:46:02.975 21824 INFO rally.task.runner [-] Task 188e2494-31a8-4d8c-83f5-5e4cd75fa028 | ITER: 33 START
2019-06-09 07:46:03.031 21828 INFO rally.task.runner [-] Task 188e2494-31a8-4d8c-83f5-5e4cd75fa028 | ITER: 19 END: OK
2019-06-09 07:46:03.036 21828 INFO rally.task.runner [-] Task 188e2494-31a8-4d8c-83f5-5e4cd75fa028 | ITER: 34 START
2019-06-09 07:46:03.116 21819 INFO rally.task.runner [-] Task 188e2494-31a8-4d8c-83f5-5e4cd75fa028 | ITER: 16 END: OK
2019-06-09 07:46:03.120 21819 INFO rally.task.runner [-] Task 188e2494-31a8-4d8c-83f5-5e4cd75fa028 | ITER: 35 START
2019-06-09 07:46:03.124 21804 INFO rally.task.runner [-] Task 188e2494-31a8-4d8c-83f5-5e4cd75fa028 | ITER: 13 END: OK
2019-06-09 07:46:03.128 21804 INFO rally.task.runner [-] Task 188e2494-31a8-4d8c-83f5-5e4cd75fa028 | ITER: 36 START
2019-06-09 07:46:03.257 21812 INFO rally.task.runner [-] Task 188e2494-31a8-4d8c-83f5-5e4cd75fa028 | ITER: 14 END: OK
2019-06-09 07:46:03.262 21812 INFO rally.task.runner [-] Task 188e2494-31a8-4d8c-83f5-5e4cd75fa028 | ITER: 37 START
2019-06-09 07:46:03.502 21827 INFO rally.task.runner [-] Task 188e2494-31a8-4d8c-83f5-5e4cd75fa028 | ITER: 18 END: OK
2019-06-09 07:46:03.506 21827 INFO rally.task.runner [-] Task 188e2494-31a8-4d8c-83f5-5e4cd75fa028 | ITER: 38 START
2019-06-09 07:46:03.623 21786 INFO rally.task.runner [-] Task 188e2494-31a8-4d8c-83f5-5e4cd75fa028 | ITER: 21 END: OK
2019-06-09 07:46:03.626 21786 INFO rally.task.runner [-] Task 188e2494-31a8-4d8c-83f5-5e4cd75fa028 | ITER: 39 START
2019-06-09 07:46:03.651 21787 INFO rally.task.runner [-] Task 188e2494-31a8-4d8c-83f5-5e4cd75fa028 | ITER: 25 END: OK
2019-06-09 07:46:03.655 21787 INFO rally.task.runner [-] Task 188e2494-31a8-4d8c-83f5-5e4cd75fa028 | ITER: 40 START
2019-06-09 07:46:03.713 21799 INFO rally.task.runner [-] Task 188e2494-31a8-4d8c-83f5-5e4cd75fa028 | ITER: 29 END: OK
2019-06-09 07:46:03.717 21799 INFO rally.task.runner [-] Task 188e2494-31a8-4d8c-83f5-5e4cd75fa028 | ITER: 41 START
2019-06-09 07:46:03.892 21831 INFO rally.task.runner [-] Task 188e2494-31a8-4d8c-83f5-5e4cd75fa028 | ITER: 20 END: OK
2019-06-09 07:46:03.896 21831 INFO rally.task.runner [-] Task 188e2494-31a8-4d8c-83f5-5e4cd75fa028 | ITER: 42 START
2019-06-09 07:46:03.959 21788 INFO rally.task.runner [-] Task 188e2494-31a8-4d8c-83f5-5e4cd75fa028 | ITER: 27 END: OK
2019-06-09 07:46:03.962 21788 INFO rally.task.runner [-] Task 188e2494-31a8-4d8c-83f5-5e4cd75fa028 | ITER: 43 START
2019-06-09 07:46:03.990 21791 INFO rally.task.runner [-] Task 188e2494-31a8-4d8c-83f5-5e4cd75fa028 | ITER: 23 END: OK
2019-06-09 07:46:03.994 21791 INFO rally.task.runner [-] Task 188e2494-31a8-4d8c-83f5-5e4cd75fa028 | ITER: 44 START
2019-06-09 07:46:04.019 21789 INFO rally.task.runner [-] Task 188e2494-31a8-4d8c-83f5-5e4cd75fa028 | ITER: 8 END: OK
2019-06-09 07:46:04.022 21789 INFO rally.task.runner [-] Task 188e2494-31a8-4d8c-83f5-5e4cd75fa028 | ITER: 45 START
2019-06-09 07:46:04.253 21787 INFO rally.task.runner [-] Task 188e2494-31a8-4d8c-83f5-5e4cd75fa028 | ITER: 31 END: OK
2019-06-09 07:46:04.256 21787 INFO rally.task.runner [-] Task 188e2494-31a8-4d8c-83f5-5e4cd75fa028 | ITER: 46 START
2019-06-09 07:46:04.343 21802 INFO rally.task.runner [-] Task 188e2494-31a8-4d8c-83f5-5e4cd75fa028 | ITER: 22 END: OK
2019-06-09 07:46:04.346 21802 INFO rally.task.runner [-] Task 188e2494-31a8-4d8c-83f5-5e4cd75fa028 | ITER: 47 START
2019-06-09 07:46:04.351 21795 INFO rally.task.runner [-] Task 188e2494-31a8-4d8c-83f5-5e4cd75fa028 | ITER: 28 END: OK
2019-06-09 07:46:04.354 21795 INFO rally.task.runner [-] Task 188e2494-31a8-4d8c-83f5-5e4cd75fa028 | ITER: 48 START
2019-06-09 07:46:04.367 21818 INFO rally.task.runner [-] Task 188e2494-31a8-4d8c-83f5-5e4cd75fa028 | ITER: 32 END: OK
2019-06-09 07:46:04.371 21818 INFO rally.task.runner [-] Task 188e2494-31a8-4d8c-83f5-5e4cd75fa028 | ITER: 49 START
2019-06-09 07:46:04.378 21789 INFO rally.task.runner [-] Task 188e2494-31a8-4d8c-83f5-5e4cd75fa028 | ITER: 24 END: OK
2019-06-09 07:46:04.382 21789 INFO rally.task.runner [-] Task 188e2494-31a8-4d8c-83f5-5e4cd75fa028 | ITER: 50 START
2019-06-09 07:46:04.419 21788 INFO rally.task.runner [-] Task 188e2494-31a8-4d8c-83f5-5e4cd75fa028 | ITER: 26 END: OK
2019-06-09 07:46:04.422 21788 INFO rally.task.runner [-] Task 188e2494-31a8-4d8c-83f5-5e4cd75fa028 | ITER: 51 START
2019-06-09 07:46:04.600 21824 INFO rally.task.runner [-] Task 188e2494-31a8-4d8c-83f5-5e4cd75fa028 | ITER: 33 END: OK
2019-06-09 07:46:04.604 21824 INFO rally.task.runner [-] Task 188e2494-31a8-4d8c-83f5-5e4cd75fa028 | ITER: 52 START
2019-06-09 07:46:04.633 21819 INFO rally.task.runner [-] Task 188e2494-31a8-4d8c-83f5-5e4cd75fa028 | ITER: 35 END: OK
2019-06-09 07:46:04.636 21819 INFO rally.task.runner [-] Task 188e2494-31a8-4d8c-83f5-5e4cd75fa028 | ITER: 53 START
2019-06-09 07:46:04.806 21812 INFO rally.task.runner [-] Task 188e2494-31a8-4d8c-83f5-5e4cd75fa028 | ITER: 37 END: OK
2019-06-09 07:46:04.810 21812 INFO rally.task.runner [-] Task 188e2494-31a8-4d8c-83f5-5e4cd75fa028 | ITER: 54 START
2019-06-09 07:46:04.827 21828 INFO rally.task.runner [-] Task 188e2494-31a8-4d8c-83f5-5e4cd75fa028 | ITER: 34 END: OK
2019-06-09 07:46:04.831 21828 INFO rally.task.runner [-] Task 188e2494-31a8-4d8c-83f5-5e4cd75fa028 | ITER: 55 START
2019-06-09 07:46:04.886 21804 INFO rally.task.runner [-] Task 188e2494-31a8-4d8c-83f5-5e4cd75fa028 | ITER: 36 END: OK
2019-06-09 07:46:04.890 21804 INFO rally.task.runner [-] Task 188e2494-31a8-4d8c-83f5-5e4cd75fa028 | ITER: 56 START
2019-06-09 07:46:05.077 21786 INFO rally.task.runner [-] Task 188e2494-31a8-4d8c-83f5-5e4cd75fa028 | ITER: 30 END: OK
2019-06-09 07:46:05.087 21786 INFO rally.task.runner [-] Task 188e2494-31a8-4d8c-83f5-5e4cd75fa028 | ITER: 57 START
2019-06-09 07:46:05.284 21831 INFO rally.task.runner [-] Task 188e2494-31a8-4d8c-83f5-5e4cd75fa028 | ITER: 42 END: OK
2019-06-09 07:46:05.288 21831 INFO rally.task.runner [-] Task 188e2494-31a8-4d8c-83f5-5e4cd75fa028 | ITER: 58 START
2019-06-09 07:46:05.342 21799 INFO rally.task.runner [-] Task 188e2494-31a8-4d8c-83f5-5e4cd75fa028 | ITER: 41 END: OK
2019-06-09 07:46:05.346 21799 INFO rally.task.runner [-] Task 188e2494-31a8-4d8c-83f5-5e4cd75fa028 | ITER: 59 START
2019-06-09 07:46:05.365 21787 INFO rally.task.runner [-] Task 188e2494-31a8-4d8c-83f5-5e4cd75fa028 | ITER: 40 END: OK
2019-06-09 07:46:05.369 21787 INFO rally.task.runner [-] Task 188e2494-31a8-4d8c-83f5-5e4cd75fa028 | ITER: 60 START
2019-06-09 07:46:05.408 21827 INFO rally.task.runner [-] Task 188e2494-31a8-4d8c-83f5-5e4cd75fa028 | ITER: 38 END: OK
2019-06-09 07:46:05.411 21827 INFO rally.task.runner [-] Task 188e2494-31a8-4d8c-83f5-5e4cd75fa028 | ITER: 61 START
2019-06-09 07:46:05.467 21786 INFO rally.task.runner [-] Task 188e2494-31a8-4d8c-83f5-5e4cd75fa028 | ITER: 39 END: OK
2019-06-09 07:46:05.470 21786 INFO rally.task.runner [-] Task 188e2494-31a8-4d8c-83f5-5e4cd75fa028 | ITER: 62 START
2019-06-09 07:46:05.485 21791 INFO rally.task.runner [-] Task 188e2494-31a8-4d8c-83f5-5e4cd75fa028 | ITER: 44 END: OK
2019-06-09 07:46:05.488 21791 INFO rally.task.runner [-] Task 188e2494-31a8-4d8c-83f5-5e4cd75fa028 | ITER: 63 START
2019-06-09 07:46:05.539 21802 INFO rally.task.runner [-] Task 188e2494-31a8-4d8c-83f5-5e4cd75fa028 | ITER: 47 END: OK
2019-06-09 07:46:05.542 21802 INFO rally.task.runner [-] Task 188e2494-31a8-4d8c-83f5-5e4cd75fa028 | ITER: 64 START
2019-06-09 07:46:05.666 21818 INFO rally.task.runner [-] Task 188e2494-31a8-4d8c-83f5-5e4cd75fa028 | ITER: 49 END: OK
2019-06-09 07:46:05.670 21818 INFO rally.task.runner [-] Task 188e2494-31a8-4d8c-83f5-5e4cd75fa028 | ITER: 65 START
2019-06-09 07:46:05.866 21789 INFO rally.task.runner [-] Task 188e2494-31a8-4d8c-83f5-5e4cd75fa028 | ITER: 45 END: OK
2019-06-09 07:46:05.870 21789 INFO rally.task.runner [-] Task 188e2494-31a8-4d8c-83f5-5e4cd75fa028 | ITER: 66 START
2019-06-09 07:46:05.914 21789 INFO rally.task.runner [-] Task 188e2494-31a8-4d8c-83f5-5e4cd75fa028 | ITER: 50 END: OK
2019-06-09 07:46:05.918 21789 INFO rally.task.runner [-] Task 188e2494-31a8-4d8c-83f5-5e4cd75fa028 | ITER: 67 START
2019-06-09 07:46:06.088 21819 INFO rally.task.runner [-] Task 188e2494-31a8-4d8c-83f5-5e4cd75fa028 | ITER: 53 END: OK
2019-06-09 07:46:06.092 21819 INFO rally.task.runner [-] Task 188e2494-31a8-4d8c-83f5-5e4cd75fa028 | ITER: 68 START
2019-06-09 07:46:06.113 21824 INFO rally.task.runner [-] Task 188e2494-31a8-4d8c-83f5-5e4cd75fa028 | ITER: 52 END: OK
2019-06-09 07:46:06.117 21824 INFO rally.task.runner [-] Task 188e2494-31a8-4d8c-83f5-5e4cd75fa028 | ITER: 69 START
2019-06-09 07:46:06.213 21795 INFO rally.task.runner [-] Task 188e2494-31a8-4d8c-83f5-5e4cd75fa028 | ITER: 48 END: OK
2019-06-09 07:46:06.216 21787 INFO rally.task.runner [-] Task 188e2494-31a8-4d8c-83f5-5e4cd75fa028 | ITER: 46 END: OK
2019-06-09 07:46:06.216 21795 INFO rally.task.runner [-] Task 188e2494-31a8-4d8c-83f5-5e4cd75fa028 | ITER: 70 START
2019-06-09 07:46:06.219 21787 INFO rally.task.runner [-] Task 188e2494-31a8-4d8c-83f5-5e4cd75fa028 | ITER: 71 START
2019-06-09 07:46:06.396 21788 INFO rally.task.runner [-] Task 188e2494-31a8-4d8c-83f5-5e4cd75fa028 | ITER: 43 END: OK
2019-06-09 07:46:06.403 21788 INFO rally.task.runner [-] Task 188e2494-31a8-4d8c-83f5-5e4cd75fa028 | ITER: 51 END: OK
2019-06-09 07:46:06.407 21788 INFO rally.task.runner [-] Task 188e2494-31a8-4d8c-83f5-5e4cd75fa028 | ITER: 72 START
2019-06-09 07:46:06.416 21788 INFO rally.task.runner [-] Task 188e2494-31a8-4d8c-83f5-5e4cd75fa028 | ITER: 73 START
2019-06-09 07:46:06.583 21828 INFO rally.task.runner [-] Task 188e2494-31a8-4d8c-83f5-5e4cd75fa028 | ITER: 55 END: OK
2019-06-09 07:46:06.586 21828 INFO rally.task.runner [-] Task 188e2494-31a8-4d8c-83f5-5e4cd75fa028 | ITER: 74 START
2019-06-09 07:46:06.671 21812 INFO rally.task.runner [-] Task 188e2494-31a8-4d8c-83f5-5e4cd75fa028 | ITER: 54 END: OK
2019-06-09 07:46:06.675 21812 INFO rally.task.runner [-] Task 188e2494-31a8-4d8c-83f5-5e4cd75fa028 | ITER: 75 START
2019-06-09 07:46:06.845 21804 INFO rally.task.runner [-] Task 188e2494-31a8-4d8c-83f5-5e4cd75fa028 | ITER: 56 END: OK
2019-06-09 07:46:06.849 21804 INFO rally.task.runner [-] Task 188e2494-31a8-4d8c-83f5-5e4cd75fa028 | ITER: 76 START
2019-06-09 07:46:06.874 21831 INFO rally.task.runner [-] Task 188e2494-31a8-4d8c-83f5-5e4cd75fa028 | ITER: 58 END: OK
2019-06-09 07:46:06.878 21831 INFO rally.task.runner [-] Task 188e2494-31a8-4d8c-83f5-5e4cd75fa028 | ITER: 77 START
2019-06-09 07:46:06.945 21786 INFO rally.task.runner [-] Task 188e2494-31a8-4d8c-83f5-5e4cd75fa028 | ITER: 57 END: OK
2019-06-09 07:46:06.948 21786 INFO rally.task.runner [-] Task 188e2494-31a8-4d8c-83f5-5e4cd75fa028 | ITER: 78 START
2019-06-09 07:46:07.163 21787 INFO rally.task.runner [-] Task 188e2494-31a8-4d8c-83f5-5e4cd75fa028 | ITER: 60 END: OK
2019-06-09 07:46:07.167 21787 INFO rally.task.runner [-] Task 188e2494-31a8-4d8c-83f5-5e4cd75fa028 | ITER: 79 START
2019-06-09 07:46:07.258 21799 INFO rally.task.runner [-] Task 188e2494-31a8-4d8c-83f5-5e4cd75fa028 | ITER: 59 END: OK
2019-06-09 07:46:07.262 21799 INFO rally.task.runner [-] Task 188e2494-31a8-4d8c-83f5-5e4cd75fa028 | ITER: 80 START
2019-06-09 07:46:07.475 21787 INFO rally.task.runner [-] Task 188e2494-31a8-4d8c-83f5-5e4cd75fa028 | ITER: 71 END: OK
2019-06-09 07:46:07.478 21787 INFO rally.task.runner [-] Task 188e2494-31a8-4d8c-83f5-5e4cd75fa028 | ITER: 81 START
2019-06-09 07:46:07.545 21786 INFO rally.task.runner [-] Task 188e2494-31a8-4d8c-83f5-5e4cd75fa028 | ITER: 62 END: OK
2019-06-09 07:46:07.548 21786 INFO rally.task.runner [-] Task 188e2494-31a8-4d8c-83f5-5e4cd75fa028 | ITER: 82 START
2019-06-09 07:46:07.701 21827 INFO rally.task.runner [-] Task 188e2494-31a8-4d8c-83f5-5e4cd75fa028 | ITER: 61 END: OK
2019-06-09 07:46:07.704 21827 INFO rally.task.runner [-] Task 188e2494-31a8-4d8c-83f5-5e4cd75fa028 | ITER: 83 START
2019-06-09 07:46:07.928 21802 INFO rally.task.runner [-] Task 188e2494-31a8-4d8c-83f5-5e4cd75fa028 | ITER: 64 END: OK
2019-06-09 07:46:07.932 21802 INFO rally.task.runner [-] Task 188e2494-31a8-4d8c-83f5-5e4cd75fa028 | ITER: 84 START
2019-06-09 07:46:07.964 21791 INFO rally.task.runner [-] Task 188e2494-31a8-4d8c-83f5-5e4cd75fa028 | ITER: 63 END: OK
2019-06-09 07:46:07.968 21791 INFO rally.task.runner [-] Task 188e2494-31a8-4d8c-83f5-5e4cd75fa028 | ITER: 85 START
2019-06-09 07:46:08.027 21818 INFO rally.task.runner [-] Task 188e2494-31a8-4d8c-83f5-5e4cd75fa028 | ITER: 65 END: OK
2019-06-09 07:46:08.031 21818 INFO rally.task.runner [-] Task 188e2494-31a8-4d8c-83f5-5e4cd75fa028 | ITER: 86 START
2019-06-09 07:46:08.107 21789 INFO rally.task.runner [-] Task 188e2494-31a8-4d8c-83f5-5e4cd75fa028 | ITER: 67 END: OK
2019-06-09 07:46:08.111 21789 INFO rally.task.runner [-] Task 188e2494-31a8-4d8c-83f5-5e4cd75fa028 | ITER: 87 START
2019-06-09 07:46:08.165 21819 INFO rally.task.runner [-] Task 188e2494-31a8-4d8c-83f5-5e4cd75fa028 | ITER: 68 END: OK
2019-06-09 07:46:08.169 21819 INFO rally.task.runner [-] Task 188e2494-31a8-4d8c-83f5-5e4cd75fa028 | ITER: 88 START
2019-06-09 07:46:08.177 21795 INFO rally.task.runner [-] Task 188e2494-31a8-4d8c-83f5-5e4cd75fa028 | ITER: 70 END: OK
2019-06-09 07:46:08.180 21795 INFO rally.task.runner [-] Task 188e2494-31a8-4d8c-83f5-5e4cd75fa028 | ITER: 89 START
2019-06-09 07:46:08.319 21824 INFO rally.task.runner [-] Task 188e2494-31a8-4d8c-83f5-5e4cd75fa028 | ITER: 69 END: OK
2019-06-09 07:46:08.322 21824 INFO rally.task.runner [-] Task 188e2494-31a8-4d8c-83f5-5e4cd75fa028 | ITER: 90 START
2019-06-09 07:46:08.398 21788 INFO rally.task.runner [-] Task 188e2494-31a8-4d8c-83f5-5e4cd75fa028 | ITER: 72 END: OK
2019-06-09 07:46:08.401 21788 INFO rally.task.runner [-] Task 188e2494-31a8-4d8c-83f5-5e4cd75fa028 | ITER: 91 START
2019-06-09 07:46:08.459 21789 INFO rally.task.runner [-] Task 188e2494-31a8-4d8c-83f5-5e4cd75fa028 | ITER: 66 END: OK
2019-06-09 07:46:08.462 21789 INFO rally.task.runner [-] Task 188e2494-31a8-4d8c-83f5-5e4cd75fa028 | ITER: 92 START
2019-06-09 07:46:08.604 21828 INFO rally.task.runner [-] Task 188e2494-31a8-4d8c-83f5-5e4cd75fa028 | ITER: 74 END: OK
2019-06-09 07:46:08.608 21828 INFO rally.task.runner [-] Task 188e2494-31a8-4d8c-83f5-5e4cd75fa028 | ITER: 93 START
2019-06-09 07:46:08.750 21788 INFO rally.task.runner [-] Task 188e2494-31a8-4d8c-83f5-5e4cd75fa028 | ITER: 73 END: OK
2019-06-09 07:46:08.754 21788 INFO rally.task.runner [-] Task 188e2494-31a8-4d8c-83f5-5e4cd75fa028 | ITER: 94 START
2019-06-09 07:46:08.776 21812 INFO rally.task.runner [-] Task 188e2494-31a8-4d8c-83f5-5e4cd75fa028 | ITER: 75 END: OK
2019-06-09 07:46:08.780 21812 INFO rally.task.runner [-] Task 188e2494-31a8-4d8c-83f5-5e4cd75fa028 | ITER: 95 START
2019-06-09 07:46:09.079 21804 INFO rally.task.runner [-] Task 188e2494-31a8-4d8c-83f5-5e4cd75fa028 | ITER: 76 END: OK
2019-06-09 07:46:09.083 21804 INFO rally.task.runner [-] Task 188e2494-31a8-4d8c-83f5-5e4cd75fa028 | ITER: 96 START
2019-06-09 07:46:09.119 21786 INFO rally.task.runner [-] Task 188e2494-31a8-4d8c-83f5-5e4cd75fa028 | ITER: 78 END: OK
2019-06-09 07:46:09.123 21786 INFO rally.task.runner [-] Task 188e2494-31a8-4d8c-83f5-5e4cd75fa028 | ITER: 97 START
2019-06-09 07:46:09.437 21831 INFO rally.task.runner [-] Task 188e2494-31a8-4d8c-83f5-5e4cd75fa028 | ITER: 77 END: OK
2019-06-09 07:46:09.441 21831 INFO rally.task.runner [-] Task 188e2494-31a8-4d8c-83f5-5e4cd75fa028 | ITER: 98 START
2019-06-09 07:46:09.443 21799 INFO rally.task.runner [-] Task 188e2494-31a8-4d8c-83f5-5e4cd75fa028 | ITER: 80 END: OK
2019-06-09 07:46:09.446 21799 INFO rally.task.runner [-] Task 188e2494-31a8-4d8c-83f5-5e4cd75fa028 | ITER: 99 START
2019-06-09 07:46:09.543 21827 INFO rally.task.runner [-] Task 188e2494-31a8-4d8c-83f5-5e4cd75fa028 | ITER: 83 END: OK
2019-06-09 07:46:09.547 21827 INFO rally.task.runner [-] Task 188e2494-31a8-4d8c-83f5-5e4cd75fa028 | ITER: 100 START
2019-06-09 07:46:09.593 21819 INFO rally.task.runner [-] Task 188e2494-31a8-4d8c-83f5-5e4cd75fa028 | ITER: 88 END: OK
2019-06-09 07:46:09.597 21787 INFO rally.task.runner [-] Task 188e2494-31a8-4d8c-83f5-5e4cd75fa028 | ITER: 81 END: OK
2019-06-09 07:46:09.685 21786 INFO rally.task.runner [-] Task 188e2494-31a8-4d8c-83f5-5e4cd75fa028 | ITER: 82 END: OK
2019-06-09 07:46:09.811 21818 INFO rally.task.runner [-] Task 188e2494-31a8-4d8c-83f5-5e4cd75fa028 | ITER: 86 END: OK
2019-06-09 07:46:09.943 21802 INFO rally.task.runner [-] Task 188e2494-31a8-4d8c-83f5-5e4cd75fa028 | ITER: 84 END: OK
2019-06-09 07:46:10.102 21791 INFO rally.task.runner [-] Task 188e2494-31a8-4d8c-83f5-5e4cd75fa028 | ITER: 85 END: OK
2019-06-09 07:46:10.226 21789 INFO rally.task.runner [-] Task 188e2494-31a8-4d8c-83f5-5e4cd75fa028 | ITER: 87 END: OK
2019-06-09 07:46:10.494 21828 INFO rally.task.runner [-] Task 188e2494-31a8-4d8c-83f5-5e4cd75fa028 | ITER: 93 END: OK
2019-06-09 07:46:10.495 21787 INFO rally.task.runner [-] Task 188e2494-31a8-4d8c-83f5-5e4cd75fa028 | ITER: 79 END: OK
2019-06-09 07:46:10.544 21795 INFO rally.task.runner [-] Task 188e2494-31a8-4d8c-83f5-5e4cd75fa028 | ITER: 89 END: OK
2019-06-09 07:46:10.880 21789 INFO rally.task.runner [-] Task 188e2494-31a8-4d8c-83f5-5e4cd75fa028 | ITER: 92 END: OK
2019-06-09 07:46:10.975 21788 INFO rally.task.runner [-] Task 188e2494-31a8-4d8c-83f5-5e4cd75fa028 | ITER: 91 END: OK
2019-06-09 07:46:10.988 21804 INFO rally.task.runner [-] Task 188e2494-31a8-4d8c-83f5-5e4cd75fa028 | ITER: 96 END: OK
2019-06-09 07:46:11.024 21799 INFO rally.task.runner [-] Task 188e2494-31a8-4d8c-83f5-5e4cd75fa028 | ITER: 99 END: OK
2019-06-09 07:46:11.065 21824 INFO rally.task.runner [-] Task 188e2494-31a8-4d8c-83f5-5e4cd75fa028 | ITER: 90 END: OK
2019-06-09 07:46:11.103 21827 INFO rally.task.runner [-] Task 188e2494-31a8-4d8c-83f5-5e4cd75fa028 | ITER: 100 END: OK
2019-06-09 07:46:11.166 21786 INFO rally.task.runner [-] Task 188e2494-31a8-4d8c-83f5-5e4cd75fa028 | ITER: 97 END: OK
2019-06-09 07:46:11.171 21812 INFO rally.task.runner [-] Task 188e2494-31a8-4d8c-83f5-5e4cd75fa028 | ITER: 95 END: OK
2019-06-09 07:46:11.209 21831 INFO rally.task.runner [-] Task 188e2494-31a8-4d8c-83f5-5e4cd75fa028 | ITER: 98 END: OK
2019-06-09 07:46:11.432 21788 INFO rally.task.runner [-] Task 188e2494-31a8-4d8c-83f5-5e4cd75fa028 | ITER: 94 END: OK
2019-06-09 07:46:11.456 21662 INFO rally.task.context [-] Task 188e2494-31a8-4d8c-83f5-5e4cd75fa028 | Context cleanup@openstack cleanup() started
2019-06-09 07:46:11.459 21662 RALLYDEBUG rally_openstack.cleanup.manager [-] Cleaning up neutron vip objects
2019-06-09 07:46:11.865 21662 RALLYDEBUG rally_openstack.cleanup.manager [-] Cleaning up neutron health_monitor objects
2019-06-09 07:46:12.272 21662 RALLYDEBUG rally_openstack.cleanup.manager [-] Cleaning up neutron pool objects
2019-06-09 07:46:12.684 21662 RALLYDEBUG rally_openstack.cleanup.manager [-] Cleaning up neutron loadbalancer objects
2019-06-09 07:46:13.234 21662 RALLYDEBUG rally_openstack.cleanup.manager [-] Cleaning up neutron floatingip objects
2019-06-09 07:46:13.679 21662 RALLYDEBUG rally_openstack.cleanup.manager [-] Cleaning up neutron port objects
2019-06-09 07:46:14.119 21662 RALLYDEBUG rally_openstack.cleanup.manager [-] Cleaning up neutron subnet objects
2019-06-09 07:46:14.569 21662 RALLYDEBUG rally_openstack.cleanup.manager [-] Cleaning up neutron network objects
2019-06-09 07:46:15.547 21662 RALLYDEBUG rally_openstack.cleanup.manager [-] Deleting neutron.network object s_rally_5172172a_zK9Weg8M (18949e90-33d8-4d0c-8c26-5de20ae96b99)
2019-06-09 07:46:15.548 21662 RALLYDEBUG rally_openstack.cleanup.manager [-] Deleting neutron.network object s_rally_5172172a_mycpQWe7 (067a3796-ed33-4975-90eb-3aeed0f2d945)
2019-06-09 07:46:15.554 21662 RALLYDEBUG rally_openstack.cleanup.manager [-] Deleting neutron.network object s_rally_5172172a_4uxepMNm (00ce52db-6bc4-452f-874f-931580e8aa43)
2019-06-09 07:46:15.556 21662 RALLYDEBUG rally_openstack.cleanup.manager [-] Deleting neutron.network object s_rally_5172172a_MLFWuYy8 (11b26396-6d94-4f11-8140-3b25f05a8eb0)
2019-06-09 07:46:15.565 21662 RALLYDEBUG rally_openstack.cleanup.manager [-] Deleting neutron.network object s_rally_5172172a_BG20fNUE (1adc1305-2dd5-41bc-86c2-673481279c0e)
2019-06-09 07:46:15.569 21662 RALLYDEBUG rally_openstack.cleanup.manager [-] Deleting neutron.network object s_rally_5172172a_sztJvQAH (25f2ab8b-5e33-4c7d-b724-b6a6a879c2fb)
2019-06-09 07:46:15.584 21662 RALLYDEBUG rally_openstack.cleanup.manager [-] Deleting neutron.network object s_rally_5172172a_38ewNnbd (120cae55-96ef-4774-ab80-0e1c203f1491)
2019-06-09 07:46:15.590 21662 RALLYDEBUG rally_openstack.cleanup.manager [-] Deleting neutron.network object s_rally_5172172a_JWdRpNjE (301065b2-2713-4bfc-8bd9-0c1aeab81f61)
2019-06-09 07:46:15.597 21662 RALLYDEBUG rally_openstack.cleanup.manager [-] Deleting neutron.network object s_rally_5172172a_xL6SBuxE (1d847a19-f74e-42d8-84cc-6a5fb9b51a55)
2019-06-09 07:46:15.602 21662 RALLYDEBUG rally_openstack.cleanup.manager [-] Deleting neutron.network object s_rally_5172172a_bQd1yzxs (23188db0-f9fc-4b93-8c73-4681549d092a)
2019-06-09 07:46:15.605 21662 RALLYDEBUG rally_openstack.cleanup.manager [-] Deleting neutron.network object s_rally_5172172a_zteXtrJv (0496ae2e-b30f-42cb-980e-68c3e10e0d07)
2019-06-09 07:46:15.607 21662 RALLYDEBUG rally_openstack.cleanup.manager [-] Deleting neutron.network object s_rally_5172172a_BabpRgMW (302fa3e0-3922-4a09-a5e0-c54b4f346fa3)
2019-06-09 07:46:15.612 21662 RALLYDEBUG rally_openstack.cleanup.manager [-] Deleting neutron.network object s_rally_5172172a_ZCp9pMM4 (3215d3c6-c71d-4b08-b763-ef5c5932aa58)
2019-06-09 07:46:15.613 21662 RALLYDEBUG rally_openstack.cleanup.manager [-] Deleting neutron.network object s_rally_5172172a_oj2jSRXc (1fee0026-a6c7-4773-b450-f3d0c0e04485)
2019-06-09 07:46:15.624 21662 RALLYDEBUG rally_openstack.cleanup.manager [-] Deleting neutron.network object s_rally_5172172a_3c4oMySo (316a8af1-ee3d-42bb-b239-4aa2dec3a390)
2019-06-09 07:46:15.625 21662 RALLYDEBUG rally_openstack.cleanup.manager [-] Deleting neutron.network object s_rally_5172172a_hFwH4vgO (16cc96e8-b38c-4a90-bcf2-98580b75d109)
2019-06-09 07:46:15.627 21662 RALLYDEBUG rally_openstack.cleanup.manager [-] Deleting neutron.network object s_rally_5172172a_CAApSQl9 (10a8cfe5-0493-4a17-83a1-791434863ea2)
2019-06-09 07:46:15.630 21662 RALLYDEBUG rally_openstack.cleanup.manager [-] Deleting neutron.network object s_rally_5172172a_QAxGYuhe (17591434-eedd-467d-8775-b6476d98b7ea)
2019-06-09 07:46:15.653 21662 RALLYDEBUG rally_openstack.cleanup.manager [-] Deleting neutron.network object s_rally_5172172a_swQ2gjA7 (39f080c8-f06d-48d9-9b78-b8baf14e80b9)
2019-06-09 07:46:15.651 21662 RALLYDEBUG rally_openstack.cleanup.manager [-] Deleting neutron.network object s_rally_5172172a_kDj6vm00 (3269982f-2739-4079-8c58-66a41672e24b)
2019-06-09 07:46:17.875 21662 RALLYDEBUG rally_openstack.cleanup.manager [-] Deleting neutron.network object s_rally_5172172a_3IvQeCXx (3a2c99e6-5629-4eb3-aea9-d7dd637eafad)
2019-06-09 07:46:18.022 21662 RALLYDEBUG rally_openstack.cleanup.manager [-] Deleting neutron.network object s_rally_5172172a_4lUTH7o7 (3be2c313-2fe4-46b4-ab74-0414edb687b7)
2019-06-09 07:46:18.126 21662 RALLYDEBUG rally_openstack.cleanup.manager [-] Deleting neutron.network object s_rally_5172172a_r8FQzD8y (3f8320d2-eb88-41a4-acd0-502a2cd839df)
2019-06-09 07:46:18.219 21662 RALLYDEBUG rally_openstack.cleanup.manager [-] Deleting neutron.network object s_rally_5172172a_n4BpWvSF (42acc626-e3dd-49c6-b344-fa99a12a0583)
2019-06-09 07:46:18.310 21662 RALLYDEBUG rally_openstack.cleanup.manager [-] Deleting neutron.network object s_rally_5172172a_8oRhPGsj (4798f96a-93bf-4ff6-87b1-e69267b774ba)
2019-06-09 07:46:18.370 21662 RALLYDEBUG rally_openstack.cleanup.manager [-] Deleting neutron.network object s_rally_5172172a_pgV3dqLb (4f8229ae-3cd0-4ea7-ab0b-153264e48f6a)
2019-06-09 07:46:18.454 21662 RALLYDEBUG rally_openstack.cleanup.manager [-] Deleting neutron.network object s_rally_5172172a_QzfDRzX3 (54c6aa1d-b85c-4e80-89cd-ff56ee116021)
2019-06-09 07:46:18.483 21662 RALLYDEBUG rally_openstack.cleanup.manager [-] Deleting neutron.network object s_rally_5172172a_RiBpcqgd (55450315-dc74-4942-a121-fd943b713ac5)
2019-06-09 07:46:18.643 21662 RALLYDEBUG rally_openstack.cleanup.manager [-] Deleting neutron.network object s_rally_5172172a_LcNB4gYx (55ec89a9-98d1-490a-a372-cbbfe7b34e19)
2019-06-09 07:46:18.667 21662 RALLYDEBUG rally_openstack.cleanup.manager [-] Deleting neutron.network object s_rally_5172172a_2AAIhB4A (5977aba9-cfe3-484d-bbf8-e03dd9915f38)
2019-06-09 07:46:18.859 21662 RALLYDEBUG rally_openstack.cleanup.manager [-] Deleting neutron.network object s_rally_5172172a_g7ZqV39U (5fe42042-af10-4c7c-b760-9287a02afb67)
2019-06-09 07:46:18.910 21662 RALLYDEBUG rally_openstack.cleanup.manager [-] Deleting neutron.network object s_rally_5172172a_24PMj2Ll (61d349cb-01d0-45fc-98ed-47a464723f3e)
2019-06-09 07:46:18.921 21662 RALLYDEBUG rally_openstack.cleanup.manager [-] Deleting neutron.network object s_rally_5172172a_tDg60gYZ (642b2d6b-eeb4-4d59-868b-ef6b74c1fedd)
2019-06-09 07:46:18.988 21662 RALLYDEBUG rally_openstack.cleanup.manager [-] Deleting neutron.network object s_rally_5172172a_lhhoYXbN (68ab3136-ff24-4dfe-b728-fd069f512854)
2019-06-09 07:46:19.123 21662 RALLYDEBUG rally_openstack.cleanup.manager [-] Deleting neutron.network object s_rally_5172172a_awl2y5jg (6b6509cc-6383-48e0-a24b-327519ce5430)
2019-06-09 07:46:19.465 21662 RALLYDEBUG rally_openstack.cleanup.manager [-] Deleting neutron.network object s_rally_5172172a_PwKXzq4P (6bfc5c8a-9384-4cc6-bf3d-33d189aff35c)
2019-06-09 07:46:19.641 21662 RALLYDEBUG rally_openstack.cleanup.manager [-] Deleting neutron.network object s_rally_5172172a_dGHjigzh (77516585-a093-4930-aebd-11ba731fd592)
2019-06-09 07:46:19.641 21662 RALLYDEBUG rally_openstack.cleanup.manager [-] Deleting neutron.network object s_rally_5172172a_9VXrfPPh (6cfbc548-d4e2-4443-ad5d-217f2592072b)
2019-06-09 07:46:19.670 21662 RALLYDEBUG rally_openstack.cleanup.manager [-] Deleting neutron.network object s_rally_5172172a_XQuqPkOT (78cf1f3b-45cb-4c64-84b0-ea17bf985985)
2019-06-09 07:46:19.681 21662 RALLYDEBUG rally_openstack.cleanup.manager [-] Deleting neutron.network object s_rally_5172172a_1i8kL3Nk (7f6b06c3-9f36-400a-ba8a-a809d6025beb)
2019-06-09 07:46:20.008 21662 RALLYDEBUG rally_openstack.cleanup.manager [-] Deleting neutron.network object s_rally_5172172a_yrNoBbpi (8564c2a9-adfc-4c6f-bdd1-a70ff66268c6)
2019-06-09 07:46:20.356 21662 RALLYDEBUG rally_openstack.cleanup.manager [-] Deleting neutron.network object s_rally_5172172a_NMZigV9s (8653592a-d036-4f8a-8c40-88749df45379)
2019-06-09 07:46:20.392 21662 RALLYDEBUG rally_openstack.cleanup.manager [-] Deleting neutron.network object s_rally_5172172a_G0bFhqJN (873b1f6d-1ea5-48a0-95d9-a29f34d74232)
2019-06-09 07:46:20.559 21662 RALLYDEBUG rally_openstack.cleanup.manager [-] Deleting neutron.network object s_rally_5172172a_oPjav7DE (898ecc07-96fb-4457-b2b7-227d2f186cc3)
2019-06-09 07:46:20.586 21662 RALLYDEBUG rally_openstack.cleanup.manager [-] Deleting neutron.network object s_rally_5172172a_eTyQv7Ya (8bbfe9e7-4561-444e-b600-1a7da0ed8527)
2019-06-09 07:46:20.610 21662 RALLYDEBUG rally_openstack.cleanup.manager [-] Deleting neutron.network object s_rally_5172172a_t8FtqsnB (8e4ae686-0cfd-4e0e-b06d-ecf11ba41d10)
2019-06-09 07:46:20.946 21662 RALLYDEBUG rally_openstack.cleanup.manager [-] Deleting neutron.network object s_rally_5172172a_4p2YvM8Z (900ca01b-bb20-4a86-a1d8-4374101f2b97)
2019-06-09 07:46:20.974 21662 RALLYDEBUG rally_openstack.cleanup.manager [-] Deleting neutron.network object s_rally_5172172a_rHqmHC9Z (908ea13a-1c63-45b4-8622-a2e86cdc674c)
2019-06-09 07:46:21.089 21662 RALLYDEBUG rally_openstack.cleanup.manager [-] Deleting neutron.network object s_rally_5172172a_NR87Yx8H (9404623d-ae2d-44af-8a75-04199b72b5fa)
2019-06-09 07:46:21.173 21662 RALLYDEBUG rally_openstack.cleanup.manager [-] Deleting neutron.network object s_rally_5172172a_wEnttfAW (95433675-c6f4-468e-a22e-a098570947dc)
2019-06-09 07:46:21.283 21662 RALLYDEBUG rally_openstack.cleanup.manager [-] Deleting neutron.network object s_rally_5172172a_9rRWTZMr (95d86d0f-bffb-41aa-8aa6-030657658f16)
2019-06-09 07:46:21.292 21662 RALLYDEBUG rally_openstack.cleanup.manager [-] Deleting neutron.network object s_rally_5172172a_9AILOMn1 (9646021a-0b3a-4496-93dc-d66b82fe406a)
2019-06-09 07:46:21.411 21662 RALLYDEBUG rally_openstack.cleanup.manager [-] Deleting neutron.network object s_rally_5172172a_rEnklNY7 (99d6bc10-7d10-4d08-bf87-fd10f7c524c2)
2019-06-09 07:46:21.821 21662 RALLYDEBUG rally_openstack.cleanup.manager [-] Deleting neutron.network object s_rally_5172172a_bQ11sICK (99d852f1-5e83-47e5-8cd2-0afe27b3d23e)
2019-06-09 07:46:21.845 21662 RALLYDEBUG rally_openstack.cleanup.manager [-] Deleting neutron.network object s_rally_5172172a_oomhBvnS (9b695586-68b6-437b-9a0b-a1290de417b7)
2019-06-09 07:46:21.918 21662 RALLYDEBUG rally_openstack.cleanup.manager [-] Deleting neutron.network object s_rally_5172172a_gSTwrJnM (9b918dca-5e5e-4873-a099-654224d6ab78)
2019-06-09 07:46:21.940 21662 RALLYDEBUG rally_openstack.cleanup.manager [-] Deleting neutron.network object s_rally_5172172a_ZkGqRuBR (a1b7af56-d579-4f67-81c9-b828253d3b39)
2019-06-09 07:46:21.994 21662 RALLYDEBUG rally_openstack.cleanup.manager [-] Deleting neutron.network object s_rally_5172172a_mlIzOSNX (a35e81f3-e611-49f5-a08e-8f10bfba5f1d)
2019-06-09 07:46:21.994 21662 RALLYDEBUG rally_openstack.cleanup.manager [-] Deleting neutron.network object s_rally_5172172a_VJeoStK1 (a380679e-6f9f-4fb0-9c0f-4d8bafb2e476)
2019-06-09 07:46:22.333 21662 RALLYDEBUG rally_openstack.cleanup.manager [-] Deleting neutron.network object s_rally_5172172a_LZLObcjJ (a4cabd08-ea5b-44cb-b601-da909a238594)
2019-06-09 07:46:22.688 21662 RALLYDEBUG rally_openstack.cleanup.manager [-] Deleting neutron.network object s_rally_5172172a_zyQhGbHX (a5a49c92-4ad5-4c6a-b1ab-aeda3da64f23)
2019-06-09 07:46:22.714 21662 RALLYDEBUG rally_openstack.cleanup.manager [-] Deleting neutron.network object s_rally_5172172a_1sO3eLUd (a95ecddd-a365-494f-af84-e00cb3f008bb)
2019-06-09 07:46:22.804 21662 RALLYDEBUG rally_openstack.cleanup.manager [-] Deleting neutron.network object s_rally_5172172a_bkrDxN3s (afe197d0-6313-44b0-a1b1-e3b48b1280ff)
2019-06-09 07:46:23.120 21662 RALLYDEBUG rally_openstack.cleanup.manager [-] Deleting neutron.network object s_rally_5172172a_DqfRkrfE (aff2e1d0-88ea-455f-b2bb-dfc7e35cb7de)
2019-06-09 07:46:23.159 21662 RALLYDEBUG rally_openstack.cleanup.manager [-] Deleting neutron.network object s_rally_5172172a_ZwCSS1h1 (b030d09d-7414-4b2e-a750-73081a47352e)
2019-06-09 07:46:23.324 21662 RALLYDEBUG rally_openstack.cleanup.manager [-] Deleting neutron.network object s_rally_5172172a_Q0JswBHT (b22bbb23-a116-4248-888c-c1d7a2a0c784)
2019-06-09 07:46:23.405 21662 RALLYDEBUG rally_openstack.cleanup.manager [-] Deleting neutron.network object s_rally_5172172a_6fMcsQn3 (b48c0507-c02c-431d-bda8-bff8a7d6eafe)
2019-06-09 07:46:23.434 21662 RALLYDEBUG rally_openstack.cleanup.manager [-] Deleting neutron.network object s_rally_5172172a_7XAip94S (ba81b25c-9f6f-40cc-9d5f-05ae8091d1d7)
2019-06-09 07:46:23.526 21662 RALLYDEBUG rally_openstack.cleanup.manager [-] Deleting neutron.network object s_rally_5172172a_FGCl4hmm (bae667eb-ce4b-41e1-ae3f-5650b9256bdd)
2019-06-09 07:46:23.588 21662 RALLYDEBUG rally_openstack.cleanup.manager [-] Deleting neutron.network object s_rally_5172172a_DuugT0JX (bc04f99b-af5b-4572-9cf9-d04d0130221d)
2019-06-09 07:46:23.626 21662 RALLYDEBUG rally_openstack.cleanup.manager [-] Deleting neutron.network object s_rally_5172172a_adzPBMK2 (bca798f8-9ca7-4c54-a05f-7ff9793373e8)
2019-06-09 07:46:23.901 21662 RALLYDEBUG rally_openstack.cleanup.manager [-] Deleting neutron.network object s_rally_5172172a_aDhvnXCT (bd6f7513-b2cb-410d-b684-cb4e75816722)
2019-06-09 07:46:23.983 21662 RALLYDEBUG rally_openstack.cleanup.manager [-] Deleting neutron.network object s_rally_5172172a_P4VfvHwx (bdd666c0-1f67-4cd9-b57d-f2cde0090ba3)
2019-06-09 07:46:24.025 21662 RALLYDEBUG rally_openstack.cleanup.manager [-] Deleting neutron.network object s_rally_5172172a_GbY74uCg (c17e74f7-d68f-497e-8cda-d665d3c8d50f)
2019-06-09 07:46:24.119 21662 RALLYDEBUG rally_openstack.cleanup.manager [-] Deleting neutron.network object s_rally_5172172a_VHxIf4F7 (c3f9a9cd-c23f-4f8f-ad72-3c5663d5e2ec)
2019-06-09 07:46:24.480 21662 RALLYDEBUG rally_openstack.cleanup.manager [-] Deleting neutron.network object s_rally_5172172a_mOa0dtmq (c52c01b3-ebda-45c2-9479-11dc90880c7f)
2019-06-09 07:46:24.552 21662 RALLYDEBUG rally_openstack.cleanup.manager [-] Deleting neutron.network object s_rally_5172172a_s4sd0ABi (c618db31-a92c-46ec-b781-b4768c3397a4)
2019-06-09 07:46:24.580 21662 RALLYDEBUG rally_openstack.cleanup.manager [-] Deleting neutron.network object s_rally_5172172a_2VC25amg (c69eb5b9-9445-4d9a-91e9-826964e65cbd)
2019-06-09 07:46:24.868 21662 RALLYDEBUG rally_openstack.cleanup.manager [-] Deleting neutron.network object s_rally_5172172a_bIXaG1Wd (cce11e7b-688d-4839-9876-307088515650)
2019-06-09 07:46:24.876 21662 RALLYDEBUG rally_openstack.cleanup.manager [-] Deleting neutron.network object s_rally_5172172a_dGZLp108 (cef4a22f-9de4-4fae-8d68-b0bfb722dcf9)
2019-06-09 07:46:25.239 21662 RALLYDEBUG rally_openstack.cleanup.manager [-] Deleting neutron.network object s_rally_5172172a_8NaQdSQj (cf321987-b6f3-41e8-b33e-bbf05b37914a)
2019-06-09 07:46:25.413 21662 RALLYDEBUG rally_openstack.cleanup.manager [-] Deleting neutron.network object s_rally_5172172a_7SrieIkd (cfe7fb7b-91d7-439e-a22f-249a9cad0ef0)
2019-06-09 07:46:25.414 21662 RALLYDEBUG rally_openstack.cleanup.manager [-] Deleting neutron.network object s_rally_5172172a_XPSq6aSR (d441c94c-1b58-4351-b509-2363fe21c2bd)
2019-06-09 07:46:25.462 21662 RALLYDEBUG rally_openstack.cleanup.manager [-] Deleting neutron.network object s_rally_5172172a_7ExhhU7g (d8f48403-b068-41b1-a69a-3a42caf94026)
2019-06-09 07:46:25.754 21662 RALLYDEBUG rally_openstack.cleanup.manager [-] Deleting neutron.network object s_rally_5172172a_1TucC1ge (dc219aff-f47b-4bdf-ac77-987a9b17d393)
2019-06-09 07:46:26.009 21662 RALLYDEBUG rally_openstack.cleanup.manager [-] Deleting neutron.network object s_rally_5172172a_9LR8VaSG (dd31222a-f675-49c7-8667-b13902eb480c)
2019-06-09 07:46:26.020 21662 RALLYDEBUG rally_openstack.cleanup.manager [-] Deleting neutron.network object s_rally_5172172a_ROfoFfao (dd8b5a52-4ffd-45ab-87ab-b1765c65a0b3)
2019-06-09 07:46:26.177 21662 RALLYDEBUG rally_openstack.cleanup.manager [-] Deleting neutron.network object s_rally_5172172a_FV3lNJaB (e0b1bda2-b5a4-4f4c-ad3b-a48f5507ba7e)
2019-06-09 07:46:26.445 21662 RALLYDEBUG rally_openstack.cleanup.manager [-] Deleting neutron.network object s_rally_5172172a_GkTo36ef (e1021fa3-ffe3-45cf-b156-e17229d829eb)
2019-06-09 07:46:26.664 21662 RALLYDEBUG rally_openstack.cleanup.manager [-] Deleting neutron.network object s_rally_5172172a_LNPE2pps (e3404080-2fe2-4ba0-be5b-c3a91e402dea)
2019-06-09 07:46:26.693 21662 RALLYDEBUG rally_openstack.cleanup.manager [-] Deleting neutron.network object s_rally_5172172a_5j42TPc8 (e73040e8-9dd1-4fb8-aa77-053a90645a32)
2019-06-09 07:46:26.719 21662 RALLYDEBUG rally_openstack.cleanup.manager [-] Deleting neutron.network object s_rally_5172172a_O4JHoXCC (e81d6d07-03b1-4587-a59b-e0f283a83f0a)
2019-06-09 07:46:26.760 21662 RALLYDEBUG rally_openstack.cleanup.manager [-] Deleting neutron.network object s_rally_5172172a_pFju6J3m (e9a9d9d6-3cdf-418a-9471-306aef17bbad)
2019-06-09 07:46:26.818 21662 RALLYDEBUG rally_openstack.cleanup.manager [-] Deleting neutron.network object s_rally_5172172a_utsv5Mmn (f1b833c2-be14-4a2c-816f-5f9bf2328f6d)
2019-06-09 07:46:27.243 21662 RALLYDEBUG rally_openstack.cleanup.manager [-] Deleting neutron.network object s_rally_5172172a_owJiWPdf (f3a28f57-ae17-49c7-becf-2400bd585d4f)
2019-06-09 07:46:27.316 21662 RALLYDEBUG rally_openstack.cleanup.manager [-] Deleting neutron.network object s_rally_5172172a_FPyzGRUd (f5d873dd-1391-45f0-bc3c-f75e92da9849)
