2019-06-09 08:00:10.173 25920 INFO rally.task.runner [-] Task 188e2494-31a8-4d8c-83f5-5e4cd75fa028 | ITER: 11 END: OK
2019-06-09 08:00:10.178 25920 INFO rally.task.runner [-] Task 188e2494-31a8-4d8c-83f5-5e4cd75fa028 | ITER: 39 START
2019-06-09 08:00:10.178 25920 WARNING rally_openstack.scenarios.neutron.utils [-] Running this scenario without either the 'network' or 'existing_network' context is deprecated
2019-06-09 08:00:10.673 25942 INFO rally.task.runner [-] Task 188e2494-31a8-4d8c-83f5-5e4cd75fa028 | ITER: 16 END: OK
2019-06-09 08:00:10.678 25942 INFO rally.task.runner [-] Task 188e2494-31a8-4d8c-83f5-5e4cd75fa028 | ITER: 40 START
2019-06-09 08:00:10.678 25942 WARNING rally_openstack.scenarios.neutron.utils [-] Running this scenario without either the 'network' or 'existing_network' context is deprecated
2019-06-09 08:00:15.039 25908 INFO rally.task.runner [-] Task 188e2494-31a8-4d8c-83f5-5e4cd75fa028 | ITER: 24 END: OK
2019-06-09 08:00:15.151 25908 INFO rally.task.runner [-] Task 188e2494-31a8-4d8c-83f5-5e4cd75fa028 | ITER: 21 END: OK
2019-06-09 08:00:15.688 25935 INFO rally.task.runner [-] Task 188e2494-31a8-4d8c-83f5-5e4cd75fa028 | ITER: 23 END: OK
2019-06-09 08:00:16.098 25916 INFO rally.task.runner [-] Task 188e2494-31a8-4d8c-83f5-5e4cd75fa028 | ITER: 25 END: OK
2019-06-09 08:00:17.024 25928 INFO rally.task.runner [-] Task 188e2494-31a8-4d8c-83f5-5e4cd75fa028 | ITER: 22 END: OK
2019-06-09 08:00:17.278 25909 INFO rally.task.runner [-] Task 188e2494-31a8-4d8c-83f5-5e4cd75fa028 | ITER: 30 END: OK
2019-06-09 08:00:17.910 25946 INFO rally.task.runner [-] Task 188e2494-31a8-4d8c-83f5-5e4cd75fa028 | ITER: 26 END: OK
2019-06-09 08:00:18.497 25924 INFO rally.task.runner [-] Task 188e2494-31a8-4d8c-83f5-5e4cd75fa028 | ITER: 32 END: OK
2019-06-09 08:00:18.610 25912 INFO rally.task.runner [-] Task 188e2494-31a8-4d8c-83f5-5e4cd75fa028 | ITER: 37 END: OK
2019-06-09 08:00:19.132 25949 INFO rally.task.runner [-] Task 188e2494-31a8-4d8c-83f5-5e4cd75fa028 | ITER: 35 END: OK
2019-06-09 08:00:19.456 25911 INFO rally.task.runner [-] Task 188e2494-31a8-4d8c-83f5-5e4cd75fa028 | ITER: 27 END: OK
2019-06-09 08:00:19.525 25955 INFO rally.task.runner [-] Task 188e2494-31a8-4d8c-83f5-5e4cd75fa028 | ITER: 36 END: OK
2019-06-09 08:00:19.578 25952 INFO rally.task.runner [-] Task 188e2494-31a8-4d8c-83f5-5e4cd75fa028 | ITER: 28 END: OK
2019-06-09 08:00:19.677 25920 INFO rally.task.runner [-] Task 188e2494-31a8-4d8c-83f5-5e4cd75fa028 | ITER: 39 END: OK
2019-06-09 08:00:19.768 25910 INFO rally.task.runner [-] Task 188e2494-31a8-4d8c-83f5-5e4cd75fa028 | ITER: 34 END: OK
2019-06-09 08:00:19.787 25931 INFO rally.task.runner [-] Task 188e2494-31a8-4d8c-83f5-5e4cd75fa028 | ITER: 29 END: OK
2019-06-09 08:00:20.361 25909 INFO rally.task.runner [-] Task 188e2494-31a8-4d8c-83f5-5e4cd75fa028 | ITER: 33 END: OK
2019-06-09 08:00:20.583 25911 INFO rally.task.runner [-] Task 188e2494-31a8-4d8c-83f5-5e4cd75fa028 | ITER: 38 END: OK
2019-06-09 08:00:20.781 25942 INFO rally.task.runner [-] Task 188e2494-31a8-4d8c-83f5-5e4cd75fa028 | ITER: 40 END: OK
2019-06-09 08:00:21.410 25910 INFO rally.task.runner [-] Task 188e2494-31a8-4d8c-83f5-5e4cd75fa028 | ITER: 31 END: OK
2019-06-09 08:00:21.433 21662 INFO rally.task.context [-] Task 188e2494-31a8-4d8c-83f5-5e4cd75fa028 | Context cleanup@openstack cleanup() started
2019-06-09 08:00:21.436 21662 RALLYDEBUG rally_openstack.cleanup.manager [-] Cleaning up neutron vip objects
2019-06-09 08:00:21.854 21662 RALLYDEBUG rally_openstack.cleanup.manager [-] Cleaning up neutron health_monitor objects
2019-06-09 08:00:22.279 21662 RALLYDEBUG rally_openstack.cleanup.manager [-] Cleaning up neutron pool objects
2019-06-09 08:00:22.691 21662 RALLYDEBUG rally_openstack.cleanup.manager [-] Cleaning up neutron loadbalancer objects
2019-06-09 08:00:23.099 21662 RALLYDEBUG rally_openstack.cleanup.manager [-] Cleaning up neutron floatingip objects
2019-06-09 08:00:23.542 21662 RALLYDEBUG rally_openstack.cleanup.manager [-] Cleaning up neutron port objects
2019-06-09 08:00:23.982 21662 RALLYDEBUG rally_openstack.cleanup.manager [-] Cleaning up neutron subnet objects
2019-06-09 08:00:24.422 21662 RALLYDEBUG rally_openstack.cleanup.manager [-] Cleaning up neutron network objects
2019-06-09 08:00:25.045 21662 RALLYDEBUG rally_openstack.cleanup.manager [-] Deleting neutron.network object s_rally_acd47f20_CdBegT6W (1d1b9f86-2c66-4506-99c5-4462e7a2c536)
2019-06-09 08:00:25.048 21662 RALLYDEBUG rally_openstack.cleanup.manager [-] Deleting neutron.network object s_rally_acd47f20_PgBTetLc (57729226-b875-4702-a115-ca9534613027)
2019-06-09 08:00:25.057 21662 RALLYDEBUG rally_openstack.cleanup.manager [-] Deleting neutron.network object s_rally_acd47f20_qgT0AEOA (323dadf1-802c-4358-bf94-a28c5d503c21)
2019-06-09 08:00:25.058 21662 RALLYDEBUG rally_openstack.cleanup.manager [-] Deleting neutron.network object s_rally_acd47f20_aIcRJJZ9 (2083e23f-6f56-401c-8c40-867035809abe)
2019-06-09 08:00:25.055 21662 RALLYDEBUG rally_openstack.cleanup.manager [-] Deleting neutron.network object s_rally_acd47f20_MEUbksEO (540c7163-f158-4456-a393-9556bbb7ec7b)
2019-06-09 08:00:25.059 21662 RALLYDEBUG rally_openstack.cleanup.manager [-] Deleting neutron.network object s_rally_acd47f20_SNFF4bX8 (633397bf-d827-472b-a038-7f80fb561c2b)
2019-06-09 08:00:25.063 21662 RALLYDEBUG rally_openstack.cleanup.manager [-] Deleting neutron.network object s_rally_acd47f20_9JvE5W5d (0d147a69-cbd9-4670-b66c-963b63af35ce)
2019-06-09 08:00:25.065 21662 RALLYDEBUG rally_openstack.cleanup.manager [-] Deleting neutron.network object s_rally_acd47f20_wHlLd0Ez (03e87c96-f6a2-4daa-a477-5a20203e3f29)
2019-06-09 08:00:25.061 21662 RALLYDEBUG rally_openstack.cleanup.manager [-] Deleting neutron.network object s_rally_acd47f20_zfd8iRqJ (1ba15c4d-3e1c-45a5-b5f2-6b832caa8df7)
2019-06-09 08:00:25.069 21662 RALLYDEBUG rally_openstack.cleanup.manager [-] Deleting neutron.network object s_rally_acd47f20_ILSYxuhG (2cff1fbb-5a46-4625-9494-2a8ff8a2594b)
2019-06-09 08:00:25.078 21662 RALLYDEBUG rally_openstack.cleanup.manager [-] Deleting neutron.network object s_rally_acd47f20_Py1hCeeo (525633ed-8a67-4d01-ba51-1453af564a31)
2019-06-09 08:00:25.077 21662 RALLYDEBUG rally_openstack.cleanup.manager [-] Deleting neutron.network object s_rally_acd47f20_WtCGGBVr (47ccac8e-24b8-46a4-81cb-f7ee2e539f1c)
2019-06-09 08:00:25.083 21662 RALLYDEBUG rally_openstack.cleanup.manager [-] Deleting neutron.network object s_rally_acd47f20_PZqvIJPL (4c6bbdb6-fea0-410b-b569-34ad5a23ca4b)
2019-06-09 08:00:25.089 21662 RALLYDEBUG rally_openstack.cleanup.manager [-] Deleting neutron.network object s_rally_acd47f20_PulE3Oab (098cb39f-9328-42ba-870a-7f7193c47a98)
2019-06-09 08:00:25.092 21662 RALLYDEBUG rally_openstack.cleanup.manager [-] Deleting neutron.network object s_rally_acd47f20_YOxLi4Qg (6d8deda0-88d3-459f-a88a-2ab1981dfc05)
2019-06-09 08:00:25.095 21662 RALLYDEBUG rally_openstack.cleanup.manager [-] Deleting neutron.network object s_rally_acd47f20_WyZ1gBHx (7f6f6b2c-197e-421d-8085-9c1c0b6eedcd)
2019-06-09 08:00:25.096 21662 RALLYDEBUG rally_openstack.cleanup.manager [-] Deleting neutron.network object s_rally_acd47f20_e8HR6Tcj (767d0d8d-78cc-4b9b-aeca-f9ccceb533a2)
2019-06-09 08:00:25.096 21662 RALLYDEBUG rally_openstack.cleanup.manager [-] Deleting neutron.network object s_rally_acd47f20_SA1RkzNi (7e8d8921-d842-47ce-b575-cd6f17d528c9)
2019-06-09 08:00:25.133 21662 RALLYDEBUG rally_openstack.cleanup.manager [-] Deleting neutron.network object s_rally_acd47f20_ow8cvJmB (81d65ae2-ee3c-45e9-83ec-fd774cf5d8b6)
2019-06-09 08:00:25.139 21662 RALLYDEBUG rally_openstack.cleanup.manager [-] Deleting neutron.network object s_rally_acd47f20_L7tRw2Ji (83b43115-83cc-4a20-b9bb-a53c1e97ee26)
2019-06-09 08:00:27.727 21662 RALLYDEBUG rally_openstack.cleanup.manager [-] Deleting neutron.network object s_rally_acd47f20_OHft6uxD (83b6c52e-8789-4397-a090-b4a9891831c9)
2019-06-09 08:00:27.740 21662 RALLYDEBUG rally_openstack.cleanup.manager [-] Deleting neutron.network object s_rally_acd47f20_LJTE07yP (8cae5eba-bb60-4360-959c-903002a054e8)
2019-06-09 08:00:27.902 21662 RALLYDEBUG rally_openstack.cleanup.manager [-] Deleting neutron.network object s_rally_acd47f20_rlhuDRoU (8d257641-0a18-49aa-9467-e6dc551fee65)
2019-06-09 08:00:28.012 21662 RALLYDEBUG rally_openstack.cleanup.manager [-] Deleting neutron.network object s_rally_acd47f20_pqFYFnyl (991f39ef-b5a2-4120-a1cf-7d48f8eec3eb)
2019-06-09 08:00:28.151 21662 RALLYDEBUG rally_openstack.cleanup.manager [-] Deleting neutron.network object s_rally_acd47f20_VPUaWUvv (9deb588d-1b36-4181-a694-9bce8d4c0ce2)
2019-06-09 08:00:28.396 21662 RALLYDEBUG rally_openstack.cleanup.manager [-] Deleting neutron.network object s_rally_acd47f20_Y1ZjLcXd (a4b85f3c-ed81-4528-b88c-0a3afa62f4f7)
2019-06-09 08:00:28.523 21662 RALLYDEBUG rally_openstack.cleanup.manager [-] Deleting neutron.network object s_rally_acd47f20_C0teggcr (a668d252-8a17-4be9-b8fa-6ba1681bf091)
2019-06-09 08:00:28.557 21662 RALLYDEBUG rally_openstack.cleanup.manager [-] Deleting neutron.network object s_rally_acd47f20_dz3xrFOA (b9a3ac6a-42ce-4577-991c-4e03a831a71c)
2019-06-09 08:00:28.582 21662 RALLYDEBUG rally_openstack.cleanup.manager [-] Deleting neutron.network object s_rally_acd47f20_O1DeQrEk (bbde1f0b-34ec-4470-81fc-80941a71474c)
2019-06-09 08:00:28.584 21662 RALLYDEBUG rally_openstack.cleanup.manager [-] Deleting neutron.network object s_rally_acd47f20_dyJ8Xzm9 (bddc242c-5cb4-4f20-a0a1-bed4e9478d8b)
2019-06-09 08:00:28.682 21662 RALLYDEBUG rally_openstack.cleanup.manager [-] Deleting neutron.network object s_rally_acd47f20_co8rvwot (cbdf5fce-5764-48e0-ab43-3d7208483d81)
2019-06-09 08:00:28.799 21662 RALLYDEBUG rally_openstack.cleanup.manager [-] Deleting neutron.network object s_rally_acd47f20_bkktNVTf (db76e69e-59d7-473a-ad91-2eb8f159bbab)
2019-06-09 08:00:28.871 21662 RALLYDEBUG rally_openstack.cleanup.manager [-] Deleting neutron.network object s_rally_acd47f20_0RkQMpvF (dcf208d3-11e8-4a7d-81fc-ea69a856030f)
2019-06-09 08:00:28.916 21662 RALLYDEBUG rally_openstack.cleanup.manager [-] Deleting neutron.network object s_rally_acd47f20_3bk04Pfa (e75534e8-e0e7-49f8-b968-5ef695b50db9)
2019-06-09 08:00:28.948 21662 RALLYDEBUG rally_openstack.cleanup.manager [-] Deleting neutron.network object s_rally_acd47f20_fERl5fty (e8519f5c-4a04-4623-a1f3-12af24c7074e)
2019-06-09 08:00:28.948 21662 RALLYDEBUG rally_openstack.cleanup.manager [-] Deleting neutron.network object s_rally_acd47f20_qzoLmd79 (e965375b-679f-404c-bd1f-98a5cc19fde4)
2019-06-09 08:00:29.027 21662 RALLYDEBUG rally_openstack.cleanup.manager [-] Deleting neutron.network object s_rally_acd47f20_NQ1vAaQj (eecf3563-6131-4c1f-8456-c056540b407f)
2019-06-09 08:00:29.104 21662 RALLYDEBUG rally_openstack.cleanup.manager [-] Deleting neutron.network object s_rally_acd47f20_SNoLg24j (eee95f50-cf99-4827-a6b4-2d5bdc347a77)
2019-06-09 08:00:29.576 21662 RALLYDEBUG rally_openstack.cleanup.manager [-] Deleting neutron.network object s_rally_acd47f20_WS4VBfIu (f4cd0332-1678-4688-8811-3ce14bdaf37b)
2019-06-09 08:00:29.688 21662 RALLYDEBUG rally_openstack.cleanup.manager [-] Deleting neutron.network object s_rally_acd47f20_pREZVwbo (fcb95877-559c-443c-87e5-fb123d0434d1)
2019-06-09 08:00:32.251 21662 RALLYDEBUG rally_openstack.cleanup.manager [-] Cleaning up neutron router objects
2019-06-09 08:00:32.717 21662 RALLYDEBUG rally_openstack.cleanup.manager [-] Cleaning up neutron security_group objects
2019-06-09 08:00:33.162 21662 INFO rally.task.context [-] Task 188e2494-31a8-4d8c-83f5-5e4cd75fa028 | Context cleanup@openstack cleanup() finished in 11.73 sec
2019-06-09 08:00:33.163 21662 INFO rally.task.context [-] Task 188e2494-31a8-4d8c-83f5-5e4cd75fa028 | Context quotas@openstack cleanup() started
2019-06-09 08:00:33.253 21662 INFO rally.task.context [-] Task 188e2494-31a8-4d8c-83f5-5e4cd75fa028 | Context quotas@openstack cleanup() finished in 90.65 msec
2019-06-09 08:00:33.254 21662 INFO rally.task.context [-] Task 188e2494-31a8-4d8c-83f5-5e4cd75fa028 | Context users@openstack cleanup() started
2019-06-09 08:00:36.074 21662 INFO rally.task.context [-] Task 188e2494-31a8-4d8c-83f5-5e4cd75fa028 | Context users@openstack cleanup() finished in 2.82 sec
2019-06-09 08:00:36.963 21662 INFO rally.task.engine [-] Load duration is: 27.772206
2019-06-09 08:00:36.964 21662 INFO rally.task.engine [-] Full runner duration is: 27.819883
2019-06-09 08:00:36.964 21662 INFO rally.task.engine [-] Full duration is: 45.302528
2019-06-09 08:00:37.372 21662 INFO rally.task.engine [-] Running workload: position = 0 config = { "version": 2, "title": "A cropped version of a bigger task.", "description": "Auto-generated task from a single workload (uuid=45a6a243-4e06-4b71-aab0-a4e315f8d83c)", "subtasks": [ { "title": "Quotas.neutron_update", "description": "Update quotas for neutron.", "scenario": { "Quotas.neutron_update": { "max_quota": 1024 } }, "contexts": { "users": { "tenants": 20, "users_per_tenant": 1 } }, "runner": { "constant": { "times": 40, "concurrency": 20 } }, "hooks": [], "sla": { "failure_rate": { "max": 0 } } } ] }
2019-06-09 08:00:37.397 21662 RALLYDEBUG rally_openstack.contexts.keystone.users [-] Creating 20 tenants using 20 threads
2019-06-09 08:00:39.863 21662 RALLYDEBUG rally_openstack.contexts.keystone.users [-] Creating 20 users using 20 threads
2019-06-09 08:00:42.962 21662 INFO rally.task.context [-] Task 188e2494-31a8-4d8c-83f5-5e4cd75fa028 | Context users@openstack setup() finished in 5.56 sec
2019-06-09 08:00:42.962 21662 INFO rally.task.context [-] Task 188e2494-31a8-4d8c-83f5-5e4cd75fa028 | Context admin_cleanup@openstack setup() finished in 0.01 msec
2019-06-09 08:00:42.971 21662 RALLYDEBUG rally.task.runner [-] Starting the constant runner (task UUID: 188e2494-31a8-4d8c-83f5-5e4cd75fa028). timeout: 0 concurrency: 20 concurrency_per_worker: 1 times: 40 concurrency_overhead: 4 processes_to_start: 16 max_cpu_used: 16
2019-06-09 08:00:42.986 26278 RALLYDEBUG rally.task.runner [-] Starting a worker. concurrency: 2 args: {"max_quota": 1024} times: 40 method_name: run timeout: 0 duration: None cls:
2019-06-09 08:00:42.990 26279 RALLYDEBUG rally.task.runner [-] Starting a worker. concurrency: 2 args: {"max_quota": 1024} times: 40 method_name: run timeout: 0 duration: None cls:
2019-06-09 08:00:42.993 26280 RALLYDEBUG rally.task.runner [-] Starting a worker. concurrency: 2 args: {"max_quota": 1024} times: 40 method_name: run timeout: 0 duration: None cls:
2019-06-09 08:00:42.996 26281 RALLYDEBUG rally.task.runner [-] Starting a worker. concurrency: 2 args: {"max_quota": 1024} times: 40 method_name: run timeout: 0 duration: None cls:
2019-06-09 08:00:42.999 26282 RALLYDEBUG rally.task.runner [-] Starting a worker. concurrency: 1 args: {"max_quota": 1024} times: 40 method_name: run timeout: 0 duration: None cls:
2019-06-09 08:00:43.003 26283 RALLYDEBUG rally.task.runner [-] Starting a worker. concurrency: 1 args: {"max_quota": 1024} times: 40 method_name: run timeout: 0 duration: None cls:
2019-06-09 08:00:43.004 26279 INFO rally.task.runner [-] Task 188e2494-31a8-4d8c-83f5-5e4cd75fa028 | ITER: 2 START
2019-06-09 08:00:43.005 26280 INFO rally.task.runner [-] Task 188e2494-31a8-4d8c-83f5-5e4cd75fa028 | ITER: 3 START
2019-06-09 08:00:43.007 26278 INFO rally.task.runner [-] Task 188e2494-31a8-4d8c-83f5-5e4cd75fa028 | ITER: 1 START
2019-06-09 08:00:43.007 26286 RALLYDEBUG rally.task.runner [-] Starting a worker. concurrency: 1 args: {"max_quota": 1024} times: 40 method_name: run timeout: 0 duration: None cls:
2019-06-09 08:00:43.008 26281 INFO rally.task.runner [-] Task 188e2494-31a8-4d8c-83f5-5e4cd75fa028 | ITER: 5 START
2019-06-09 08:00:43.010 26282 INFO rally.task.runner [-] Task 188e2494-31a8-4d8c-83f5-5e4cd75fa028 | ITER: 7 START
2019-06-09 08:00:43.014 26283 INFO rally.task.runner [-] Task 188e2494-31a8-4d8c-83f5-5e4cd75fa028 | ITER: 9 START
2019-06-09 08:00:43.014 26278 INFO rally.task.runner [-] Task 188e2494-31a8-4d8c-83f5-5e4cd75fa028 | ITER: 4 START
2019-06-09 08:00:43.016 26292 RALLYDEBUG rally.task.runner [-] Starting a worker. concurrency: 1 args: {"max_quota": 1024} times: 40 method_name: run timeout: 0 duration: None cls:
2019-06-09 08:00:43.018 26286 INFO rally.task.runner [-] Task 188e2494-31a8-4d8c-83f5-5e4cd75fa028 | ITER: 11 START
2019-06-09 08:00:43.025 26279 INFO rally.task.runner [-] Task 188e2494-31a8-4d8c-83f5-5e4cd75fa028 | ITER: 6 START
2019-06-09 08:00:43.025 26299 RALLYDEBUG rally.task.runner [-] Starting a worker. concurrency: 1 args: {"max_quota": 1024} times: 40 method_name: run timeout: 0 duration: None cls:
2019-06-09 08:00:43.028 26292 INFO rally.task.runner [-] Task 188e2494-31a8-4d8c-83f5-5e4cd75fa028 | ITER: 12 START
2019-06-09 08:00:43.027 26280 INFO rally.task.runner [-] Task 188e2494-31a8-4d8c-83f5-5e4cd75fa028 | ITER: 8 START
2019-06-09 08:00:43.029 26303 RALLYDEBUG rally.task.runner [-] Starting a worker. concurrency: 1 args: {"max_quota": 1024} times: 40 method_name: run timeout: 0 duration: None cls:
2019-06-09 08:00:43.030 26281 INFO rally.task.runner [-] Task 188e2494-31a8-4d8c-83f5-5e4cd75fa028 | ITER: 10 START
2019-06-09 08:00:43.038 26308 RALLYDEBUG rally.task.runner [-] Starting a worker. concurrency: 1 args: {"max_quota": 1024} times: 40 method_name: run timeout: 0 duration: None cls:
2019-06-09 08:00:43.038 26299 INFO rally.task.runner [-] Task 188e2494-31a8-4d8c-83f5-5e4cd75fa028 | ITER: 13 START
2019-06-09 08:00:43.039 26303 INFO rally.task.runner [-] Task 188e2494-31a8-4d8c-83f5-5e4cd75fa028 | ITER: 14 START
2019-06-09 08:00:43.046 26313 RALLYDEBUG rally.task.runner [-] Starting a worker. concurrency: 1 args: {"max_quota": 1024} times: 40 method_name: run timeout: 0 duration: None cls:
2019-06-09 08:00:43.053 26308 INFO rally.task.runner [-] Task 188e2494-31a8-4d8c-83f5-5e4cd75fa028 | ITER: 15 START
2019-06-09 08:00:43.052 26314 RALLYDEBUG rally.task.runner [-] Starting a worker. concurrency: 1 args: {"max_quota": 1024} times: 40 method_name: run timeout: 0 duration: None cls:
2019-06-09 08:00:43.056 26316 RALLYDEBUG rally.task.runner [-] Starting a worker. concurrency: 1 args: {"max_quota": 1024} times: 40 method_name: run timeout: 0 duration: None cls:
2019-06-09 08:00:43.057 26313 INFO rally.task.runner [-] Task 188e2494-31a8-4d8c-83f5-5e4cd75fa028 | ITER: 16 START
2019-06-09 08:00:43.064 26314 INFO rally.task.runner [-] Task 188e2494-31a8-4d8c-83f5-5e4cd75fa028 | ITER: 17 START
2019-06-09 08:00:43.064 26319 RALLYDEBUG rally.task.runner [-] Starting a worker. concurrency: 1 args: {"max_quota": 1024} times: 40 method_name: run timeout: 0 duration: None cls:
2019-06-09 08:00:43.065 26316 INFO rally.task.runner [-] Task 188e2494-31a8-4d8c-83f5-5e4cd75fa028 | ITER: 18 START
2019-06-09 08:00:43.071 26325 RALLYDEBUG rally.task.runner [-] Starting a worker. concurrency: 1 args: {"max_quota": 1024} times: 40 method_name: run timeout: 0 duration: None cls:
2019-06-09 08:00:43.072 26319 INFO rally.task.runner [-] Task 188e2494-31a8-4d8c-83f5-5e4cd75fa028 | ITER: 19 START
2019-06-09 08:00:43.077 26325 INFO rally.task.runner [-] Task 188e2494-31a8-4d8c-83f5-5e4cd75fa028 | ITER: 20 START
2019-06-09 08:00:43.607 26292 INFO rally.task.runner [-] Task 188e2494-31a8-4d8c-83f5-5e4cd75fa028 | ITER: 12 END: OK
2019-06-09 08:00:43.616 26292 INFO rally.task.runner [-] Task 188e2494-31a8-4d8c-83f5-5e4cd75fa028 | ITER: 21 START
2019-06-09 08:00:43.622 26278 INFO rally.task.runner [-] Task 188e2494-31a8-4d8c-83f5-5e4cd75fa028 | ITER: 1 END: OK
2019-06-09 08:00:43.629 26278 INFO rally.task.runner [-] Task 188e2494-31a8-4d8c-83f5-5e4cd75fa028 | ITER: 22 START
2019-06-09 08:00:43.630 26280 INFO rally.task.runner [-] Task 188e2494-31a8-4d8c-83f5-5e4cd75fa028 | ITER: 3 END: OK
2019-06-09 08:00:43.638 26280 INFO rally.task.runner [-] Task 188e2494-31a8-4d8c-83f5-5e4cd75fa028 | ITER: 23 START
2019-06-09 08:00:43.658 26279 INFO rally.task.runner [-] Task 188e2494-31a8-4d8c-83f5-5e4cd75fa028 | ITER: 6 END: OK
2019-06-09 08:00:43.664 26279 INFO rally.task.runner [-] Task 188e2494-31a8-4d8c-83f5-5e4cd75fa028 | ITER: 24 START
2019-06-09 08:00:43.722 26281 INFO rally.task.runner [-] Task 188e2494-31a8-4d8c-83f5-5e4cd75fa028 | ITER: 5 END: OK
2019-06-09 08:00:43.733 26313 INFO rally.task.runner [-] Task 188e2494-31a8-4d8c-83f5-5e4cd75fa028 | ITER: 16 END: OK
2019-06-09 08:00:43.737 26281 INFO rally.task.runner [-] Task 188e2494-31a8-4d8c-83f5-5e4cd75fa028 | ITER: 25 START
2019-06-09 08:00:43.741 26313 INFO rally.task.runner [-] Task 188e2494-31a8-4d8c-83f5-5e4cd75fa028 | ITER: 26 START
2019-06-09 08:00:43.757 26279 INFO rally.task.runner [-] Task 188e2494-31a8-4d8c-83f5-5e4cd75fa028 | ITER: 2 END: OK
2019-06-09 08:00:43.764 26279 INFO rally.task.runner [-] Task 188e2494-31a8-4d8c-83f5-5e4cd75fa028 | ITER: 27 START
2019-06-09 08:00:43.764 26283 INFO rally.task.runner [-] Task 188e2494-31a8-4d8c-83f5-5e4cd75fa028 | ITER: 9 END: OK
2019-06-09 08:00:43.765 26282 INFO rally.task.runner [-] Task 188e2494-31a8-4d8c-83f5-5e4cd75fa028 | ITER: 7 END: OK
2019-06-09 08:00:43.771 26282 INFO rally.task.runner [-] Task 188e2494-31a8-4d8c-83f5-5e4cd75fa028 | ITER: 29 START
2019-06-09 08:00:43.772 26283 INFO rally.task.runner [-] Task 188e2494-31a8-4d8c-83f5-5e4cd75fa028 | ITER: 28 START
2019-06-09 08:00:43.836 26319 INFO rally.task.runner [-] Task 188e2494-31a8-4d8c-83f5-5e4cd75fa028 | ITER: 19 END: OK
2019-06-09 08:00:43.844 26319 INFO rally.task.runner [-] Task 188e2494-31a8-4d8c-83f5-5e4cd75fa028 | ITER: 30 START
2019-06-09 08:00:43.851 26278 INFO rally.task.runner [-] Task 188e2494-31a8-4d8c-83f5-5e4cd75fa028 | ITER: 4 END: OK
2019-06-09 08:00:43.858 26278 INFO rally.task.runner [-] Task 188e2494-31a8-4d8c-83f5-5e4cd75fa028 | ITER: 31 START
2019-06-09 08:00:43.879 26281 INFO rally.task.runner [-] Task 188e2494-31a8-4d8c-83f5-5e4cd75fa028 | ITER: 10 END: OK
2019-06-09 08:00:43.886 26281 INFO rally.task.runner [-] Task 188e2494-31a8-4d8c-83f5-5e4cd75fa028 | ITER: 32 START
2019-06-09 08:00:43.896 26286 INFO rally.task.runner [-] Task 188e2494-31a8-4d8c-83f5-5e4cd75fa028 | ITER: 11 END: OK
2019-06-09 08:00:43.904 26286 INFO rally.task.runner [-] Task 188e2494-31a8-4d8c-83f5-5e4cd75fa028 | ITER: 33 START
2019-06-09 08:00:43.915 26316 INFO rally.task.runner [-] Task 188e2494-31a8-4d8c-83f5-5e4cd75fa028 | ITER: 18 END: OK
2019-06-09 08:00:43.923 26316 INFO rally.task.runner [-] Task 188e2494-31a8-4d8c-83f5-5e4cd75fa028 | ITER: 34 START
2019-06-09 08:00:43.924 26299 INFO rally.task.runner [-] Task 188e2494-31a8-4d8c-83f5-5e4cd75fa028 | ITER: 13 END: OK
2019-06-09 08:00:43.926 26280 INFO rally.task.runner [-] Task 188e2494-31a8-4d8c-83f5-5e4cd75fa028 | ITER: 8 END: OK
2019-06-09 08:00:43.930 26299 INFO rally.task.runner [-] Task 188e2494-31a8-4d8c-83f5-5e4cd75fa028 | ITER: 35 START
2019-06-09 08:00:43.933 26280 INFO rally.task.runner [-] Task 188e2494-31a8-4d8c-83f5-5e4cd75fa028 | ITER: 36 START
2019-06-09 08:00:44.050 26308 INFO rally.task.runner [-] Task 188e2494-31a8-4d8c-83f5-5e4cd75fa028 | ITER: 15 END: OK
2019-06-09 08:00:44.058 26308 INFO rally.task.runner [-] Task 188e2494-31a8-4d8c-83f5-5e4cd75fa028 | ITER: 37 START
2019-06-09 08:00:44.078 26292 INFO rally.task.runner [-] Task 188e2494-31a8-4d8c-83f5-5e4cd75fa028 | ITER: 21 END: OK
2019-06-09 08:00:44.086 26292 INFO rally.task.runner [-] Task 188e2494-31a8-4d8c-83f5-5e4cd75fa028 | ITER: 38 START
2019-06-09 08:00:44.143 26314 INFO rally.task.runner [-] Task 188e2494-31a8-4d8c-83f5-5e4cd75fa028 | ITER: 17 END: OK
2019-06-09 08:00:44.149 26314 INFO rally.task.runner [-] Task 188e2494-31a8-4d8c-83f5-5e4cd75fa028 | ITER: 39 START
2019-06-09 08:00:44.177 26303 INFO rally.task.runner [-] Task 188e2494-31a8-4d8c-83f5-5e4cd75fa028 | ITER: 14 END: OK
2019-06-09 08:00:44.184 26303 INFO rally.task.runner [-] Task 188e2494-31a8-4d8c-83f5-5e4cd75fa028 | ITER: 40 START
2019-06-09 08:00:44.255 26313 INFO rally.task.runner [-] Task 188e2494-31a8-4d8c-83f5-5e4cd75fa028 | ITER: 26 END: OK
2019-06-09 08:00:44.256 26325 INFO rally.task.runner [-] Task 188e2494-31a8-4d8c-83f5-5e4cd75fa028 | ITER: 20 END: OK
2019-06-09 08:00:44.297 26283 INFO rally.task.runner [-] Task 188e2494-31a8-4d8c-83f5-5e4cd75fa028 | ITER: 28 END: OK
2019-06-09 08:00:44.327 26280 INFO rally.task.runner [-] Task 188e2494-31a8-4d8c-83f5-5e4cd75fa028 | ITER: 23 END: OK
2019-06-09 08:00:44.329 26279 INFO rally.task.runner [-] Task 188e2494-31a8-4d8c-83f5-5e4cd75fa028 | ITER: 24 END: OK
2019-06-09 08:00:44.427 26281 INFO rally.task.runner [-] Task 188e2494-31a8-4d8c-83f5-5e4cd75fa028 | ITER: 25 END: OK
2019-06-09 08:00:44.429 26316 INFO rally.task.runner [-] Task 188e2494-31a8-4d8c-83f5-5e4cd75fa028 | ITER: 34 END: OK
2019-06-09 08:00:44.449 26278 INFO rally.task.runner [-] Task 188e2494-31a8-4d8c-83f5-5e4cd75fa028 | ITER: 22 END: OK
2019-06-09 08:00:44.496 26279 INFO rally.task.runner [-] Task 188e2494-31a8-4d8c-83f5-5e4cd75fa028 | ITER: 27 END: OK
2019-06-09 08:00:44.561 26278 INFO rally.task.runner [-] Task 188e2494-31a8-4d8c-83f5-5e4cd75fa028 | ITER: 31 END: OK
2019-06-09 08:00:44.595 26281 INFO rally.task.runner [-] Task 188e2494-31a8-4d8c-83f5-5e4cd75fa028 | ITER: 32 END: OK
2019-06-09 08:00:44.644 26280 INFO rally.task.runner [-] Task 188e2494-31a8-4d8c-83f5-5e4cd75fa028 | ITER: 36 END: OK
2019-06-09 08:00:44.657 26286 INFO rally.task.runner [-] Task 188e2494-31a8-4d8c-83f5-5e4cd75fa028 | ITER: 33 END: OK
2019-06-09 08:00:44.674 26308 INFO rally.task.runner [-] Task 188e2494-31a8-4d8c-83f5-5e4cd75fa028 | ITER: 37 END: OK
2019-06-09 08:00:44.760 26299 INFO rally.task.runner [-] Task 188e2494-31a8-4d8c-83f5-5e4cd75fa028 | ITER: 35 END: OK
2019-06-09 08:00:44.783 26282 INFO rally.task.runner [-] Task 188e2494-31a8-4d8c-83f5-5e4cd75fa028 | ITER: 29 END: OK
2019-06-09 08:00:44.874 26319 INFO rally.task.runner [-] Task 188e2494-31a8-4d8c-83f5-5e4cd75fa028 | ITER: 30 END: OK
2019-06-09 08:00:44.920 26292 INFO rally.task.runner [-] Task 188e2494-31a8-4d8c-83f5-5e4cd75fa028 | ITER: 38 END: OK
2019-06-09 08:00:44.983 26314 INFO rally.task.runner [-] Task 188e2494-31a8-4d8c-83f5-5e4cd75fa028 | ITER: 39 END: OK
2019-06-09 08:00:45.015 26303 INFO rally.task.runner [-] Task 188e2494-31a8-4d8c-83f5-5e4cd75fa028 | ITER: 40 END: OK
2019-06-09 08:00:45.039 21662 INFO rally.task.context [-] Task 188e2494-31a8-4d8c-83f5-5e4cd75fa028 | Context admin_cleanup@openstack cleanup() started
2019-06-09 08:00:45.042 21662 RALLYDEBUG rally_openstack.cleanup.manager [-] Cleaning up neutron quota objects
2019-06-09 08:00:46.700 21662 INFO rally.task.context [-] Task 188e2494-31a8-4d8c-83f5-5e4cd75fa028 | Context admin_cleanup@openstack cleanup() finished in 1.66 sec
2019-06-09 08:00:46.701 21662 INFO rally.task.context [-] Task 188e2494-31a8-4d8c-83f5-5e4cd75fa028 | Context users@openstack cleanup() started
2019-06-09 08:01:10.302 21662 INFO rally.task.context [-] Task 188e2494-31a8-4d8c-83f5-5e4cd75fa028 | Context users@openstack cleanup() finished in 23.60 sec
2019-06-09 08:01:11.575 21662 INFO rally.task.engine [-] Load duration is: 2.008417
2019-06-09 08:01:11.576 21662 INFO rally.task.engine [-] Full runner duration is: 2.067878
2019-06-09 08:01:11.576 21662 INFO rally.task.engine [-] Full duration is: 32.910456
2019-06-09 08:01:11.899 21662 INFO rally.task.engine [-] Running workload: position = 0 config = { "version": 2, "title": "A cropped version of a bigger task.", "description": "Auto-generated task from a single workload (uuid=1bdd91ae-cc2b-45d1-b9d1-4078bdd962c0)", "subtasks": [ { "title": "NeutronTrunks.create_and_list_trunk_subports", "description": "", "scenario": { "NeutronTrunks.create_and_list_trunk_subports": { "subport_count": 125 } }, "contexts": { "users": { "tenants": 1, "users_per_tenant": 1 }, "quotas": { "neutron": { "network": -1, "port": 1000 } } }, "runner": { "constant": { "times": 4, "concurrency": 4 } }, "hooks": [], "sla": { "failure_rate": { "max": 0 } } } ] }
2019-06-09 08:01:11.925 21662 RALLYDEBUG rally_openstack.contexts.keystone.users [-] Creating 1 tenants using 20 threads
2019-06-09 08:01:12.841 21662 RALLYDEBUG rally_openstack.contexts.keystone.users [-] Creating 1 users using 20 threads
2019-06-09 08:01:14.226 21662 INFO rally.task.context [-] Task 188e2494-31a8-4d8c-83f5-5e4cd75fa028 | Context users@openstack setup() finished in 2.30 sec
2019-06-09 08:01:14.729 21662 INFO rally.task.context [-] Task 188e2494-31a8-4d8c-83f5-5e4cd75fa028 | Context quotas@openstack setup() finished in 0.50 sec
2019-06-09 08:01:14.729 21662 INFO rally.task.context [-] Task 188e2494-31a8-4d8c-83f5-5e4cd75fa028 | Context cleanup@openstack setup() finished in 0.01 msec
2019-06-09 08:01:14.738 21662 RALLYDEBUG rally.task.runner [-] Starting the constant runner (task UUID: 188e2494-31a8-4d8c-83f5-5e4cd75fa028). timeout: 0 concurrency: 4 concurrency_per_worker: 1 times: 4 concurrency_overhead: 0 processes_to_start: 4 max_cpu_used: 16
2019-06-09 08:01:14.753 26468 RALLYDEBUG rally.task.runner [-] Starting a worker. concurrency: 1 args: {"subport_count": 125} times: 4 method_name: run timeout: 0 duration: None cls:
2019-06-09 08:01:14.756 26469 RALLYDEBUG rally.task.runner [-] Starting a worker. concurrency: 1 args: {"subport_count": 125} times: 4 method_name: run timeout: 0 duration: None cls:
2019-06-09 08:01:14.759 26468 INFO rally.task.runner [-] Task 188e2494-31a8-4d8c-83f5-5e4cd75fa028 | ITER: 1 START
2019-06-09 08:01:14.760 26470 RALLYDEBUG rally.task.runner [-] Starting a worker. concurrency: 1 args: {"subport_count": 125} times: 4 method_name: run timeout: 0 duration: None cls:
2019-06-09 08:01:14.762 26469 INFO rally.task.runner [-] Task 188e2494-31a8-4d8c-83f5-5e4cd75fa028 | ITER: 2 START
2019-06-09 08:01:14.763 26471 RALLYDEBUG rally.task.runner [-] Starting a worker. concurrency: 1 args: {"subport_count": 125} times: 4 method_name: run timeout: 0 duration: None cls:
2019-06-09 08:01:14.766 26470 INFO rally.task.runner [-] Task 188e2494-31a8-4d8c-83f5-5e4cd75fa028 | ITER: 3 START
2019-06-09 08:01:14.770 26471 INFO rally.task.runner [-] Task 188e2494-31a8-4d8c-83f5-5e4cd75fa028 | ITER: 4 START
2019-06-09 08:03:04.776 26468 WARNING rally.task.atomic [-] 'optional_action_timer' is deprecated since rally v0.10.0.Please use action_timer instead, we have improved atomic actions, now do not need to explicitly close original action.
2019-06-09 08:03:04.816 26468 WARNING rally.task.atomic [-] 'optional_action_timer' is deprecated since rally v0.10.0.Please use action_timer instead, we have improved atomic actions, now do not need to explicitly close original action.
2019-06-09 08:03:05.280 26471 WARNING rally.task.atomic [-] 'optional_action_timer' is deprecated since rally v0.10.0.Please use action_timer instead, we have improved atomic actions, now do not need to explicitly close original action.
2019-06-09 08:03:05.299 26470 WARNING rally.task.atomic [-] 'optional_action_timer' is deprecated since rally v0.10.0.Please use action_timer instead, we have improved atomic actions, now do not need to explicitly close original action.
2019-06-09 08:03:05.320 26471 WARNING rally.task.atomic [-] 'optional_action_timer' is deprecated since rally v0.10.0.Please use action_timer instead, we have improved atomic actions, now do not need to explicitly close original action.
2019-06-09 08:03:05.334 26470 WARNING rally.task.atomic [-] 'optional_action_timer' is deprecated since rally v0.10.0.Please use action_timer instead, we have improved atomic actions, now do not need to explicitly close original action.
2019-06-09 08:03:05.639 26469 WARNING rally.task.atomic [-] 'optional_action_timer' is deprecated since rally v0.10.0.Please use action_timer instead, we have improved atomic actions, now do not need to explicitly close original action.
2019-06-09 08:03:05.677 26469 WARNING rally.task.atomic [-] 'optional_action_timer' is deprecated since rally v0.10.0.Please use action_timer instead, we have improved atomic actions, now do not need to explicitly close original action.
2019-06-09 08:03:06.055 26471 INFO rally.task.runner [-] Task 188e2494-31a8-4d8c-83f5-5e4cd75fa028 | ITER: 4 END: OK
2019-06-09 08:03:06.055 26470 INFO rally.task.runner [-] Task 188e2494-31a8-4d8c-83f5-5e4cd75fa028 | ITER: 3 END: OK
2019-06-09 08:03:06.199 26468 INFO rally.task.runner [-] Task 188e2494-31a8-4d8c-83f5-5e4cd75fa028 | ITER: 1 END: OK
2019-06-09 08:03:06.836 26469 INFO rally.task.runner [-] Task 188e2494-31a8-4d8c-83f5-5e4cd75fa028 | ITER: 2 END: OK
2019-06-09 08:03:06.866 21662 INFO rally.task.context [-] Task 188e2494-31a8-4d8c-83f5-5e4cd75fa028 | Context cleanup@openstack cleanup() started
2019-06-09 08:03:06.872 21662 RALLYDEBUG rally_openstack.cleanup.manager [-] Cleaning up neutron vip objects
2019-06-09 08:03:07.282 21662 RALLYDEBUG rally_openstack.cleanup.manager [-] Cleaning up neutron health_monitor objects
2019-06-09 08:03:07.698 21662 RALLYDEBUG rally_openstack.cleanup.manager [-] Cleaning up neutron pool objects
2019-06-09 08:03:08.116 21662 RALLYDEBUG rally_openstack.cleanup.manager [-] Cleaning up neutron loadbalancer objects
2019-06-09 08:03:08.514 21662 RALLYDEBUG rally_openstack.cleanup.manager [-] Cleaning up neutron floatingip objects
2019-06-09 08:03:08.952 21662 RALLYDEBUG rally_openstack.cleanup.manager [-] Cleaning up neutron port objects
2019-06-09 08:03:10.469 21662 RALLYDEBUG rally_openstack.cleanup.manager [-] Deleting neutron.port object s_rally_1bdd91ae_slutfNSX (005f9c88-69d4-49e4-a41b-0d442aecd9b4)
2019-06-09 08:03:10.471 21662 RALLYDEBUG rally_openstack.cleanup.manager [-] Deleting neutron.port object s_rally_1bdd91ae_8icxvhSS (012ba487-d0ac-45f2-bd0c-45f6b70b402d)
2019-06-09 08:03:10.482 21662 RALLYDEBUG rally_openstack.cleanup.manager [-] Deleting neutron.port object s_rally_1bdd91ae_zEBBqzjs (037ffa60-8780-4e36-a87d-2891ae63ad83)
2019-06-09 08:03:10.488 21662 RALLYDEBUG rally_openstack.cleanup.manager [-] Deleting neutron.port object s_rally_1bdd91ae_UgRrkpAq (02c84105-59a5-40a0-b2ec-46e358628635)
2019-06-09 08:03:10.504 21662 RALLYDEBUG rally_openstack.cleanup.manager [-] Deleting neutron.port object s_rally_1bdd91ae_1oQCqJz0 (05183e42-ebcf-4faa-b753-e80a76c69d4d)
2019-06-09 08:03:10.505 21662 RALLYDEBUG rally_openstack.cleanup.manager [-] Deleting neutron.port object s_rally_1bdd91ae_48JF70NH (03cb79e0-a05e-48c9-904a-5f92da09596d)
2019-06-09 08:03:10.511 21662 RALLYDEBUG rally_openstack.cleanup.manager [-] Deleting neutron.port object s_rally_1bdd91ae_MuqBxrQw (02e567ca-9de1-4841-86d6-e81eccc692b7)
2019-06-09 08:03:10.494 21662 RALLYDEBUG rally_openstack.cleanup.manager [-] Deleting neutron.port object s_rally_1bdd91ae_Uyz4IMIc (0210648c-1e6d-41e7-a261-299f3a7b8388)
2019-06-09 08:03:10.514 21662 RALLYDEBUG rally_openstack.cleanup.manager [-] Deleting neutron.port object s_rally_1bdd91ae_mbNl12vs (03ce2350-df3f-4d1e-ab41-edf74abfe5cb)
2019-06-09 08:03:10.516 21662 RALLYDEBUG rally_openstack.cleanup.manager [-] Deleting neutron.port object s_rally_1bdd91ae_4XskHyiu (06e6e83e-eda0-46bb-bd67-7e0da17f8dab)
2019-06-09 08:03:10.538 21662 RALLYDEBUG rally_openstack.cleanup.manager [-] Deleting neutron.port object s_rally_1bdd91ae_tWYN9Brz (00148262-3d95-4e55-8aec-7b522c8a66a1)
2019-06-09 08:03:10.558 21662 RALLYDEBUG rally_openstack.cleanup.manager [-] Deleting neutron.port object s_rally_1bdd91ae_N9ejuFvQ (077b046d-28f9-4f4f-9866-310babc00080)
2019-06-09 08:03:10.568 21662 RALLYDEBUG rally_openstack.cleanup.manager [-] Deleting neutron.port object s_rally_1bdd91ae_uBNRq375 (03f7256b-b75e-424c-9cd2-a3d44b12b385)
2019-06-09 08:03:10.569 21662 RALLYDEBUG rally_openstack.cleanup.manager [-] Deleting neutron.port object s_rally_1bdd91ae_4XcGLtnf (02edc458-455f-4570-908b-b96b192de508)
2019-06-09 08:03:10.595 21662 RALLYDEBUG rally_openstack.cleanup.manager [-] Deleting neutron.port object s_rally_1bdd91ae_vaFOodxr (07a35507-3523-4f6e-abe8-c524bc47484b)
2019-06-09 08:03:10.605 21662 RALLYDEBUG rally_openstack.cleanup.manager [-] Deleting neutron.port object s_rally_1bdd91ae_26BcueoI (060dc15e-ad82-4c55-8097-174983d97875)
2019-06-09 08:03:10.615 21662 RALLYDEBUG rally_openstack.cleanup.manager [-] Deleting neutron.port object s_rally_1bdd91ae_ZuVu5cM2 (0791337e-8ee1-4838-afdf-91d61fef33c4)
2019-06-09 08:03:10.679 21662 RALLYDEBUG rally_openstack.cleanup.manager [-] Deleting neutron.port object s_rally_1bdd91ae_NAYh3IOW (07cd5118-7bf1-4eb4-8758-9936d2958ffe)
2019-06-09 08:03:10.714 21662 RALLYDEBUG rally_openstack.cleanup.manager [-] Deleting neutron.port object s_rally_1bdd91ae_AcNqqCK6 (0807e851-d452-4cfd-830f-9514d10fa828)
2019-06-09 08:03:10.697 21662 RALLYDEBUG rally_openstack.cleanup.manager [-] Deleting neutron.port object s_rally_1bdd91ae_NcRvoH9k (08616587-2066-4326-993a-029bff19272a)
2019-06-09 08:03:13.035 21662 RALLYDEBUG rally_openstack.cleanup.manager [-] Deleting neutron.port object s_rally_1bdd91ae_gx6JbXEa (08689ba0-5e8b-420f-81e3-1d7999c87fa2)
2019-06-09 08:03:13.036 21662 RALLYDEBUG rally_openstack.cleanup.manager [-] Deleting neutron.port object s_rally_1bdd91ae_Mmt5OqGi (08fe7176-eaa3-4888-a5f7-14d8215551e7)
2019-06-09 08:03:13.066 21662 RALLYDEBUG rally_openstack.cleanup.manager [-] Deleting neutron.port object s_rally_1bdd91ae_p23N9Xsh (09028f12-5357-4ef6-91e9-d0b959545536)
2019-06-09 08:03:13.152 21662 RALLYDEBUG rally_openstack.cleanup.manager [-] Deleting neutron.port object s_rally_1bdd91ae_sBvaCm8V (0917bae6-3db4-4ee0-9fd2-d1870c757be6)
2019-06-09 08:03:13.193 21662 RALLYDEBUG rally_openstack.cleanup.manager [-] Deleting neutron.port object s_rally_1bdd91ae_z9uUEbRr (09765ea9-c6cd-4672-a868-94af78d35ef8)
2019-06-09 08:03:13.432 21662 RALLYDEBUG rally_openstack.cleanup.manager [-] Deleting neutron.port object s_rally_1bdd91ae_FNyCaThC (09e5536a-5743-4cc1-b489-eabbbfd8419f)
2019-06-09 08:03:13.499 21662 RALLYDEBUG rally_openstack.cleanup.manager [-] Deleting neutron.port object s_rally_1bdd91ae_ew1fpl38 (0a9aa41f-7fd7-4b24-a336-24bf171f1605)
2019-06-09 08:03:13.575 21662 RALLYDEBUG rally_openstack.cleanup.manager [-] Deleting neutron.port object s_rally_1bdd91ae_8CwZTHOx (0b162420-62c5-4fa9-8d5e-1b5f51d4d59f)
2019-06-09 08:03:13.598 21662 RALLYDEBUG rally_openstack.cleanup.manager [-] Deleting neutron.port object s_rally_1bdd91ae_c9qTlV9E (0b1c19fd-d7ee-4540-9689-1d855f634155)
2019-06-09 08:03:13.640 21662 RALLYDEBUG rally_openstack.cleanup.manager [-] Deleting neutron.port object s_rally_1bdd91ae_6IybwaMt (0c2dc93c-b167-42df-a3b2-67cd68d030d1)
2019-06-09 08:03:13.707 21662 RALLYDEBUG rally_openstack.cleanup.manager [-] Deleting neutron.port object s_rally_1bdd91ae_bt1N84wT (0c381ca8-164e-4060-acb5-a6c62ab39c60)
2019-06-09 08:03:13.859 21662 RALLYDEBUG rally_openstack.cleanup.manager [-] Deleting neutron.port object s_rally_1bdd91ae_DqCE2Ms6 (0c58dce6-bf5c-4b51-9f1c-ea0b3f762cd2)
2019-06-09 08:03:14.039 21662 RALLYDEBUG rally_openstack.cleanup.manager [-] Deleting neutron.port object s_rally_1bdd91ae_LUEO6tcL (0d884dce-011c-4ac4-9914-cbd0a43e08bc)
2019-06-09 08:03:14.043 21662 RALLYDEBUG rally_openstack.cleanup.manager [-] Deleting neutron.port object s_rally_1bdd91ae_sQI2wZAg (0e0bc369-510d-4cf9-871d-03175d860281)
2019-06-09 08:03:14.053 21662 RALLYDEBUG rally_openstack.cleanup.manager [-] Deleting neutron.port object s_rally_1bdd91ae_d2oK9FGw (0e99e278-f947-4495-89d8-316b45cb56bd)
2019-06-09 08:03:14.081 21662 RALLYDEBUG rally_openstack.cleanup.manager [-] Deleting neutron.port object s_rally_1bdd91ae_vtcLVUxS (0f1c2a10-9408-404b-a9ee-df829141d91b)
2019-06-09 08:03:14.117 21662 RALLYDEBUG rally_openstack.cleanup.manager [-] Deleting neutron.port object s_rally_1bdd91ae_7Npvpq75 (0f48ec4e-6cf4-4c73-86fd-3acd6b5383ce)
2019-06-09 08:03:14.272 21662 RALLYDEBUG rally_openstack.cleanup.manager [-] Deleting neutron.port object s_rally_1bdd91ae_gcTw0O7d (1062175c-c921-4766-9815-6ae2b2f89b97)
2019-06-09 08:03:14.274 21662 RALLYDEBUG rally_openstack.cleanup.manager [-] Deleting neutron.port object s_rally_1bdd91ae_PQrzCgJG (10e166b2-03dc-4084-a597-f34b08640b3d)
2019-06-09 08:03:14.296 21662 RALLYDEBUG rally_openstack.cleanup.manager [-] Deleting neutron.port object s_rally_1bdd91ae_IunGKUoj (11d130fd-038b-40ce-88ae-ed4a1686253f)
2019-06-09 08:03:15.048 21662 RALLYDEBUG rally_openstack.cleanup.manager [-] Deleting neutron.port object s_rally_1bdd91ae_jW3yK0Rc (1220c050-5627-4c4e-8cfe-a0362813cdf8)
2019-06-09 08:03:15.383 21662 RALLYDEBUG rally_openstack.cleanup.manager [-] Deleting neutron.port object s_rally_1bdd91ae_Meg43sjR (132ba510-811f-4d75-a48d-cd40b5ee9300)
2019-06-09 08:03:15.438 21662 RALLYDEBUG rally_openstack.cleanup.manager [-] Deleting neutron.port object s_rally_1bdd91ae_G331T9qM (136f9653-ff8a-4d57-b3b4-c6c604e87e1c)
2019-06-09 08:03:15.575 21662 RALLYDEBUG rally_openstack.cleanup.manager [-] Deleting neutron.port object s_rally_1bdd91ae_SQ4b0f60 (13a0e456-a1d6-4104-987b-afc069528bdb)
2019-06-09 08:03:15.666 21662 RALLYDEBUG rally_openstack.cleanup.manager [-] Deleting neutron.port object s_rally_1bdd91ae_BOZSJAcA (13b64394-a7c7-4a65-888d-f8d0372d6c43)
2019-06-09 08:03:16.018 21662 RALLYDEBUG rally_openstack.cleanup.manager [-] Deleting neutron.port object s_rally_1bdd91ae_MSa7FKXB (142effde-de38-4634-ab49-191359032800)
2019-06-09 08:03:16.272 21662 RALLYDEBUG rally_openstack.cleanup.manager [-] Deleting neutron.port object s_rally_1bdd91ae_zV5p9zQz (164c19b4-ec2f-403f-bdc7-250b54c9f900)
2019-06-09 08:03:16.325 21662 RALLYDEBUG rally_openstack.cleanup.manager [-] Deleting neutron.port object s_rally_1bdd91ae_wnm4rZ9Z (17220e32-33a1-42c6-8abe-171c857ab504)
2019-06-09 08:03:16.360 21662 RALLYDEBUG rally_openstack.cleanup.manager [-] Deleting neutron.port object s_rally_1bdd91ae_H2FZdVZg (17641706-6ff2-43a2-bec0-72923d5d5bf3)
2019-06-09 08:03:16.387 21662 RALLYDEBUG rally_openstack.cleanup.manager [-] Deleting neutron.port object s_rally_1bdd91ae_dhRcZJmo (184a3e64-bf66-4f25-ad2e-4e0c782666ac)
2019-06-09 08:03:16.396 21662 RALLYDEBUG rally_openstack.cleanup.manager [-] Deleting neutron.port object s_rally_1bdd91ae_qRdkm9eu (1852a57d-d9a2-4758-9d18-ab994e2cec68)
2019-06-09 08:03:16.429 21662 RALLYDEBUG rally_openstack.cleanup.manager [-] Deleting neutron.port object s_rally_1bdd91ae_784I6VeR (1905fb76-356d-4bc0-a3ea-91fdde23cd77)
2019-06-09 08:03:16.451 21662 RALLYDEBUG rally_openstack.cleanup.manager [-] Deleting neutron.port object s_rally_1bdd91ae_B0pQvnOX (195be080-37c4-4966-af17-d6a265a3089c)
2019-06-09 08:03:16.667 21662 RALLYDEBUG rally_openstack.cleanup.manager [-] Deleting neutron.port object s_rally_1bdd91ae_t3RhtXOT (197067ba-d91e-4498-93ad-2521e8fc8134)
2019-06-09 08:03:16.894 21662 RALLYDEBUG rally_openstack.cleanup.manager [-] Deleting neutron.port object s_rally_1bdd91ae_xLSWJmEV (19d8a800-2064-44bf-9a21-5fffe10e6324)
2019-06-09 08:03:16.936 21662 RALLYDEBUG rally_openstack.cleanup.manager [-] Deleting neutron.port object s_rally_1bdd91ae_sTO5acvz (1bce6604-bd87-435d-b65b-d23f4e7d7ae9)
2019-06-09 08:03:17.017 21662 RALLYDEBUG rally_openstack.cleanup.manager [-] Deleting neutron.port object s_rally_1bdd91ae_FLR7uBNC (1cc8572b-c3c4-4839-ae63-0fd7b158019b)
2019-06-09 08:03:17.282 21662 RALLYDEBUG rally_openstack.cleanup.manager [-] Deleting neutron.port object s_rally_1bdd91ae_ELb9nApz (1cf00ae6-4288-4d97-9e2c-d010b76948c9)
2019-06-09 08:03:17.284 21662 RALLYDEBUG rally_openstack.cleanup.manager [-] Deleting neutron.port object s_rally_1bdd91ae_JDj96usf (1d9a906b-96b7-4427-9ae5-f363219a4490)
2019-06-09 08:03:17.408 21662 RALLYDEBUG rally_openstack.cleanup.manager [-] Deleting neutron.port object s_rally_1bdd91ae_CbMrb6SF (1e04ee3b-13c2-4703-bce6-f2e8d158ba1a)
2019-06-09 08:03:17.423 21662 RALLYDEBUG rally_openstack.cleanup.manager [-] Deleting neutron.port object s_rally_1bdd91ae_WTtXnRJ2 (1e18f017-db95-40bb-b602-7978ec70e527)
2019-06-09 08:03:17.446 21662 RALLYDEBUG rally_openstack.cleanup.manager [-] Deleting neutron.port object s_rally_1bdd91ae_B6ocrq1F (1e1cde9c-398f-47c5-ac6d-d8a2d35da482)
2019-06-09 08:03:17.542 21662 RALLYDEBUG rally_openstack.cleanup.manager [-] Deleting neutron.port object s_rally_1bdd91ae_dBosJukj (1e529352-d5f5-4fc7-9b74-7b87ed387ee3)
2019-06-09 08:03:17.644 21662 RALLYDEBUG rally_openstack.cleanup.manager [-] Deleting neutron.port object s_rally_1bdd91ae_Lua8kuL0 (1e760033-2ca7-42fa-b133-cf93b36ecbdc)
2019-06-09 08:03:17.751 21662 RALLYDEBUG rally_openstack.cleanup.manager [-] Deleting neutron.port object s_rally_1bdd91ae_l7ZHTx4r (1eaa8608-ffa5-4c27-957f-97bac6413805)
2019-06-09 08:03:18.059 21662 RALLYDEBUG rally_openstack.cleanup.manager [-] Deleting neutron.port object s_rally_1bdd91ae_bQSfWCWJ (1f71bcaf-068c-4cf9-b917-fee48d912c50)
2019-06-09 08:03:18.256 21662 RALLYDEBUG rally_openstack.cleanup.manager [-] Deleting neutron.port object s_rally_1bdd91ae_mVWYgjqQ (1f93719e-425f-4089-9367-a90b0c70f0d5)
2019-06-09 08:03:18.499 21662 RALLYDEBUG rally_openstack.cleanup.manager [-] Deleting neutron.port object s_rally_1bdd91ae_IpC1YWRu (1fa86edd-1995-4cc6-a8cd-7ba349bdf1d1)
2019-06-09 08:03:18.562 21662 RALLYDEBUG rally_openstack.cleanup.manager [-] Deleting neutron.port object s_rally_1bdd91ae_PZit60ft (1ffdd776-9395-41d5-8a42-4846a4e3ca52)
2019-06-09 08:03:18.590 21662 RALLYDEBUG rally_openstack.cleanup.manager [-] Deleting neutron.port object s_rally_1bdd91ae_pmUdy983 (215c715e-79de-4292-9714-ab0ec5b25d91)
2019-06-09 08:03:18.649 21662 RALLYDEBUG rally_openstack.cleanup.manager [-] Deleting neutron.port object s_rally_1bdd91ae_LvLKbBuE (21e91d1b-a576-44e0-a6ff-18eabd2e0b1b)
2019-06-09 08:03:18.694 21662 RALLYDEBUG rally_openstack.cleanup.manager [-] Deleting neutron.port object s_rally_1bdd91ae_VGagK1UY (225b7751-1fa1-47a7-89b4-7af842d4edfe)
2019-06-09 08:03:18.981 21662 RALLYDEBUG rally_openstack.cleanup.manager [-] Deleting neutron.port object s_rally_1bdd91ae_qQWz8pen (23446914-4601-4e44-88ad-cb57874aa7b9)
2019-06-09 08:03:19.354 21662 RALLYDEBUG rally_openstack.cleanup.manager [-] Deleting neutron.port object s_rally_1bdd91ae_A1Z3Du26 (24201352-833e-4ae2-bad2-63bcc6071ec2)
2019-06-09 08:03:19.514 21662 RALLYDEBUG rally_openstack.cleanup.manager [-] Deleting neutron.port object s_rally_1bdd91ae_wUswuuCr (26d57c9f-c548-43cb-a716-d66ed3c0da2e)
2019-06-09 08:03:19.557 21662 RALLYDEBUG rally_openstack.cleanup.manager [-] Deleting neutron.port object s_rally_1bdd91ae_DYlZYhXJ (26f3bb0f-6813-4b2a-a2d8-ecc16be69ea1)
2019-06-09 08:03:19.572 21662 RALLYDEBUG rally_openstack.cleanup.manager [-] Deleting neutron.port object s_rally_1bdd91ae_iz3iWmi4 (277c0bac-84a3-4bb6-892e-e10fec3f6c8e)
2019-06-09 08:03:19.741 21662 RALLYDEBUG rally_openstack.cleanup.manager [-] Deleting neutron.port object s_rally_1bdd91ae_1UL8Oohh (28c96b2e-aa7e-4917-9684-0306b2cf75ca)
2019-06-09 08:03:19.848 21662 RALLYDEBUG rally_openstack.cleanup.manager [-] Deleting neutron.port object s_rally_1bdd91ae_n9hpMEDz (28e29762-17b9-4374-8a45-4d3a37543f6c)
2019-06-09 08:03:19.868 21662 RALLYDEBUG rally_openstack.cleanup.manager [-] Deleting neutron.port object s_rally_1bdd91ae_TvipC20v (2aed52e0-62bd-48d5-8833-e3691f664cf0)
2019-06-09 08:03:19.951 21662 RALLYDEBUG rally_openstack.cleanup.manager [-] Deleting neutron.port object s_rally_1bdd91ae_qA3fqiOO (2b2984b2-1094-4bf7-a4c0-c34259f17507)
2019-06-09 08:03:20.079 21662 RALLYDEBUG rally_openstack.cleanup.manager [-] Deleting neutron.port object s_rally_1bdd91ae_YwJeVAO2 (2c0b3c3e-ab8f-4082-a17f-6a0b16cc7de8)
2019-06-09 08:03:20.173 21662 RALLYDEBUG rally_openstack.cleanup.manager [-] Deleting neutron.port object s_rally_1bdd91ae_1s8sQz4V (2dfc2e47-8d94-4b13-87c3-88eb28c0dff2)
2019-06-09 08:03:20.383 21662 RALLYDEBUG rally_openstack.cleanup.manager [-] Deleting neutron.port object s_rally_1bdd91ae_kQ15VygW (2e52a905-f59d-4f07-bf63-80e7ce95d991)
2019-06-09 08:03:20.603 21662 RALLYDEBUG rally_openstack.cleanup.manager [-] Deleting neutron.port object s_rally_1bdd91ae_VJu6QjYd (2e7044dd-2414-4567-97e4-3a4911b03c30)
2019-06-09 08:03:20.853 21662 RALLYDEBUG rally_openstack.cleanup.manager [-] Deleting neutron.port object s_rally_1bdd91ae_7Bk5yjbL (2e819222-c160-4fc1-bb34-5654845ffa3b)
2019-06-09 08:03:20.880 21662 RALLYDEBUG rally_openstack.cleanup.manager [-] Deleting neutron.port object s_rally_1bdd91ae_Tkj5tJQ5 (2eb59f03-e5bb-42df-83c3-fae8d80953bb)
2019-06-09 08:03:20.909 21662 RALLYDEBUG rally_openstack.cleanup.manager [-] Deleting neutron.port object s_rally_1bdd91ae_QaXuGQVS (2ec8815b-cf1c-4aaa-b761-2cbdad153a91)
2019-06-09 08:03:20.942 21662 RALLYDEBUG rally_openstack.cleanup.manager [-] Deleting neutron.port object s_rally_1bdd91ae_Yp2C2NFK (2fb12062-9507-48f1-a87b-291666f6091b)
2019-06-09 08:03:20.943 21662 RALLYDEBUG rally_openstack.cleanup.manager [-] Deleting neutron.port object s_rally_1bdd91ae_kK4F7fEg (30815e33-61ee-4c63-99ba-60d968f06e12)
2019-06-09 08:03:20.968 21662 RALLYDEBUG rally_openstack.cleanup.manager [-] Deleting neutron.port object s_rally_1bdd91ae_mW9jMhvy (30a6c3c0-0e98-435a-b6db-e767c43195e6)
2019-06-09 08:03:21.355 21662 RALLYDEBUG rally_openstack.cleanup.manager [-] Deleting neutron.port object s_rally_1bdd91ae_AXKEv7UW (313f6156-32f7-45cc-ae9b-1084f472b3ce)
2019-06-09 08:03:21.429 21662 RALLYDEBUG rally_openstack.cleanup.manager [-] Deleting neutron.port object s_rally_1bdd91ae_TQJYqSih (31540a7a-3a3d-44b7-9e7f-7e807a01db84)
2019-06-09 08:03:21.501 21662 RALLYDEBUG rally_openstack.cleanup.manager [-] Deleting neutron.port object s_rally_1bdd91ae_ycYzpDcV (31b409ed-e5a8-4caa-a325-099d71f41604)
2019-06-09 08:03:21.664 21662 RALLYDEBUG rally_openstack.cleanup.manager [-] Deleting neutron.port object s_rally_1bdd91ae_PMOwTIdy (32a42492-a408-4513-9045-975854d36433)
2019-06-09 08:03:21.712 21662 RALLYDEBUG rally_openstack.cleanup.manager [-] Deleting neutron.port object s_rally_1bdd91ae_9czRFBrj (32bb8185-6b07-46f7-b301-4ae557f9e2ac)
2019-06-09 08:03:21.941 21662 RALLYDEBUG rally_openstack.cleanup.manager [-] Deleting neutron.port object s_rally_1bdd91ae_hJTBCYEW (3327c0f1-8a32-4b93-9bbd-cf6850ddd7b8)
2019-06-09 08:03:22.046 21662 RALLYDEBUG rally_openstack.cleanup.manager [-] Deleting neutron.port object s_rally_1bdd91ae_OyzB3fgb (3429d4aa-1d38-4611-aca2-9b5943269301)
