2019-06-09 07:58:25.532 21662 RALLYDEBUG rally_openstack.cleanup.manager [-] Deleting neutron.port object s_rally_98f01fc2_RYNnatSG (d2a9b8ce-8bde-4c6f-a5da-d169338bcee7)
2019-06-09 07:58:25.692 21662 RALLYDEBUG rally_openstack.cleanup.manager [-] Deleting neutron.port object s_rally_98f01fc2_d1LFqu4R (d2b7206c-732e-428f-9522-7a6a3f5f24e5)
2019-06-09 07:58:25.781 21662 RALLYDEBUG rally_openstack.cleanup.manager [-] Deleting neutron.port object s_rally_98f01fc2_hDSGYtSE (d4687961-92ab-49ee-900b-df04d95a9476)
2019-06-09 07:58:25.852 21662 RALLYDEBUG rally_openstack.cleanup.manager [-] Deleting neutron.port object s_rally_98f01fc2_utg6qZto (d53841f8-36d9-4086-be79-c0187b84c41e)
2019-06-09 07:58:25.895 21662 RALLYDEBUG rally_openstack.cleanup.manager [-] Deleting neutron.port object s_rally_98f01fc2_deR7LI0X (d5480b32-cedb-48b5-9721-9d3c8a8358e3)
2019-06-09 07:58:25.912 21662 RALLYDEBUG rally_openstack.cleanup.manager [-] Deleting neutron.port object s_rally_98f01fc2_AYM9SOhi (d5ed9c77-53f1-4ace-9a88-abe69fda6775)
2019-06-09 07:58:26.242 21662 RALLYDEBUG rally_openstack.cleanup.manager [-] Deleting neutron.port object s_rally_98f01fc2_0h12uAAl (d6183211-efa5-4bbc-9e45-f8ac1395addc)
2019-06-09 07:58:26.393 21662 RALLYDEBUG rally_openstack.cleanup.manager [-] Deleting neutron.port object s_rally_98f01fc2_NY4SxeWD (d6cfc29b-c9ae-4988-b77e-c8909b6abb11)
2019-06-09 07:58:26.413 21662 RALLYDEBUG rally_openstack.cleanup.manager [-] Deleting neutron.port object s_rally_98f01fc2_ISm5lMTN (d74727f0-50ab-4ae8-9f35-559ee929e9c6)
2019-06-09 07:58:26.474 21662 RALLYDEBUG rally_openstack.cleanup.manager [-] Deleting neutron.port object s_rally_98f01fc2_GotFiMuu (d85936b2-81cd-4700-bf94-95b6d650e1c2)
2019-06-09 07:58:26.601 21662 RALLYDEBUG rally_openstack.cleanup.manager [-] Deleting neutron.port object s_rally_98f01fc2_QvPP6wHr (d89c39e0-b8f9-4052-a581-3ce05b2efd7e)
2019-06-09 07:58:26.703 21662 RALLYDEBUG rally_openstack.cleanup.manager [-] Deleting neutron.port object s_rally_98f01fc2_izZHFVGa (d924a120-8dcc-4f9e-8dfa-beee4ea78242)
2019-06-09 07:58:26.731 21662 RALLYDEBUG rally_openstack.cleanup.manager [-] Deleting neutron.port object s_rally_98f01fc2_Y88m0efs (d96682b9-e653-4076-ad0e-b62070593452)
2019-06-09 07:58:26.945 21662 RALLYDEBUG rally_openstack.cleanup.manager [-] Deleting neutron.port object s_rally_98f01fc2_5dHfrNDa (dae87e70-0beb-458d-a00b-750402649d8d)
2019-06-09 07:58:27.009 21662 RALLYDEBUG rally_openstack.cleanup.manager [-] Deleting neutron.port object s_rally_98f01fc2_LWQXcueN (dbb57aee-d71e-45e3-8b0e-dbaca1fb82f6)
2019-06-09 07:58:27.164 21662 RALLYDEBUG rally_openstack.cleanup.manager [-] Deleting neutron.port object s_rally_98f01fc2_dVdR7Ycz (dce255e7-6b2d-4475-b1e0-85ca04d55a97)
2019-06-09 07:58:27.614 21662 RALLYDEBUG rally_openstack.cleanup.manager [-] Deleting neutron.port object s_rally_98f01fc2_Q4iIvfRZ (de55c17e-2d86-4b2d-811a-7301ea0e7021)
2019-06-09 07:58:27.653 21662 RALLYDEBUG rally_openstack.cleanup.manager [-] Deleting neutron.port object s_rally_98f01fc2_97rECznX (df3ec7ef-3854-4cf8-9e70-03ccc01cf6ab)
2019-06-09 07:58:27.768 21662 RALLYDEBUG rally_openstack.cleanup.manager [-] Deleting neutron.port object s_rally_98f01fc2_Y9UuaTqg (df5a7b06-944e-4640-bd9d-2ad42d68fb34)
2019-06-09 07:58:27.935 21662 RALLYDEBUG rally_openstack.cleanup.manager [-] Deleting neutron.port object s_rally_98f01fc2_n9n6LWyN (e00d9aba-b459-432d-971e-06928614c224)
2019-06-09 07:58:27.951 21662 RALLYDEBUG rally_openstack.cleanup.manager [-] Deleting neutron.port object s_rally_98f01fc2_ry4HyLi1 (e235dad8-c3f8-4247-8de4-f79f1ed4a9f3)
2019-06-09 07:58:28.065 21662 RALLYDEBUG rally_openstack.cleanup.manager [-] Deleting neutron.port object s_rally_98f01fc2_SwsoT6TW (e24fa806-8bdd-4362-b0ed-95675b99f91e)
2019-06-09 07:58:28.085 21662 RALLYDEBUG rally_openstack.cleanup.manager [-] Deleting neutron.port object s_rally_98f01fc2_XRKHHBW3 (e3abfbca-ad4d-48e9-846a-34b67d19a0ed)
2019-06-09 07:58:28.357 21662 RALLYDEBUG rally_openstack.cleanup.manager [-] Deleting neutron.port object s_rally_98f01fc2_W2mvLVnA (e45fc0b2-c406-47e4-95f3-274fc8a97511)
2019-06-09 07:58:28.471 21662 RALLYDEBUG rally_openstack.cleanup.manager [-] Deleting neutron.port object s_rally_98f01fc2_vkolR7Eh (e5357c9b-f236-4176-a012-19c0812ca677)
2019-06-09 07:58:28.501 21662 RALLYDEBUG rally_openstack.cleanup.manager [-] Deleting neutron.port object s_rally_98f01fc2_zG7znoAT (e6d46ed6-9209-487d-9c44-f269aa2033df)
2019-06-09 07:58:28.529 21662 RALLYDEBUG rally_openstack.cleanup.manager [-] Deleting neutron.port object s_rally_98f01fc2_wajsw6j6 (e6dae262-0bfe-448b-8dd0-ac7e5ee2eb25)
2019-06-09 07:58:28.761 21662 RALLYDEBUG rally_openstack.cleanup.manager [-] Deleting neutron.port object s_rally_98f01fc2_fPCUN6vC (e7aaa15f-073b-4867-bde3-544fd8452d33)
2019-06-09 07:58:28.827 21662 RALLYDEBUG rally_openstack.cleanup.manager [-] Deleting neutron.port object s_rally_98f01fc2_ZwI4J375 (e83c427f-f1fa-451a-9510-70e3b96ad4d9)
2019-06-09 07:58:28.958 21662 RALLYDEBUG rally_openstack.cleanup.manager [-] Deleting neutron.port object s_rally_98f01fc2_B2q113jR (e890cfdf-1316-4788-b017-177e76591523)
2019-06-09 07:58:29.155 21662 RALLYDEBUG rally_openstack.cleanup.manager [-] Deleting neutron.port object s_rally_98f01fc2_wVBkLOM0 (e9a81491-f4b1-41e8-b362-7281ffcf1e85)
2019-06-09 07:58:29.305 21662 RALLYDEBUG rally_openstack.cleanup.manager [-] Deleting neutron.port object s_rally_98f01fc2_qBkTuhxU (ea2ce7ec-5bc2-4fa5-b663-b8c987263190)
2019-06-09 07:58:29.454 21662 RALLYDEBUG rally_openstack.cleanup.manager [-] Deleting neutron.port object s_rally_98f01fc2_hzPBZw1M (ea4a6286-0133-42d1-972b-2c4f0d363f6e)
2019-06-09 07:58:29.583 21662 RALLYDEBUG rally_openstack.cleanup.manager [-] Deleting neutron.port object s_rally_98f01fc2_gwaHfsKS (eb5b44fb-fdb7-41fd-a7a8-a80dfd8193bf)
2019-06-09 07:58:29.685 21662 RALLYDEBUG rally_openstack.cleanup.manager [-] Deleting neutron.port object s_rally_98f01fc2_o8LXO4fj (ebb8fc55-c2b4-4059-8961-2550be6e82d1)
2019-06-09 07:58:29.723 21662 RALLYDEBUG rally_openstack.cleanup.manager [-] Deleting neutron.port object s_rally_98f01fc2_R02tiJdZ (ecdb1357-759b-4281-b2a7-ac5b389a3c1c)
2019-06-09 07:58:29.724 21662 RALLYDEBUG rally_openstack.cleanup.manager [-] Deleting neutron.port object s_rally_98f01fc2_2O7QwX41 (ebcff876-0662-4270-9b80-d59685b68e1a)
2019-06-09 07:58:29.893 21662 RALLYDEBUG rally_openstack.cleanup.manager [-] Deleting neutron.port object s_rally_98f01fc2_DvkdDynP (ee08be15-8206-4fd8-aca3-7a93a38a902c)
2019-06-09 07:58:30.006 21662 RALLYDEBUG rally_openstack.cleanup.manager [-] Deleting neutron.port object s_rally_98f01fc2_zQWmsoYZ (eec922ff-a318-4c46-939b-1b0903d9f32d)
2019-06-09 07:58:30.047 21662 RALLYDEBUG rally_openstack.cleanup.manager [-] Deleting neutron.port object s_rally_98f01fc2_wYwmyaKi (eee8297b-4db9-40bb-84d8-d85231330ec3)
2019-06-09 07:58:30.174 21662 RALLYDEBUG rally_openstack.cleanup.manager [-] Deleting neutron.port object s_rally_98f01fc2_lxU58Yon (f08141fa-5ca4-4716-8874-182930b583c9)
2019-06-09 07:58:30.206 21662 RALLYDEBUG rally_openstack.cleanup.manager [-] Deleting neutron.port object s_rally_98f01fc2_A8pediZn (f0bf23c7-ad42-4959-9e46-81bea6f129bb)
2019-06-09 07:58:30.365 21662 RALLYDEBUG rally_openstack.cleanup.manager [-] Deleting neutron.port object s_rally_98f01fc2_qaQZEyf5 (f0cff040-28e1-4c16-a794-18e7583983ba)
2019-06-09 07:58:30.451 21662 RALLYDEBUG rally_openstack.cleanup.manager [-] Deleting neutron.port object s_rally_98f01fc2_ts7TLT8B (f14fe5df-6daf-4878-8b14-93355b66ed4b)
2019-06-09 07:58:30.572 21662 RALLYDEBUG rally_openstack.cleanup.manager [-] Deleting neutron.port object s_rally_98f01fc2_fzWRaqsh (f2f262c1-dd58-443c-b679-b59a262ec5f2)
2019-06-09 07:58:30.573 21662 RALLYDEBUG rally_openstack.cleanup.manager [-] Deleting neutron.port object s_rally_98f01fc2_jgwgUxOm (f1983df5-9b34-4f45-b6e1-0be0584429d9)
2019-06-09 07:58:30.675 21662 RALLYDEBUG rally_openstack.cleanup.manager [-] Deleting neutron.port object s_rally_98f01fc2_zZSV1uE7 (f4c2f38a-3d7d-4cb7-bd05-7e3dbf390bfa)
2019-06-09 07:58:30.943 21662 RALLYDEBUG rally_openstack.cleanup.manager [-] Deleting neutron.port object s_rally_98f01fc2_YYXyXz5a (f5461d1d-ad05-414a-aee2-01f290e1f999)
2019-06-09 07:58:30.997 21662 RALLYDEBUG rally_openstack.cleanup.manager [-] Deleting neutron.port object s_rally_98f01fc2_FaAlkzq3 (f61b7cce-6183-49c5-ae59-3cf2573640f7)
2019-06-09 07:58:31.175 21662 RALLYDEBUG rally_openstack.cleanup.manager [-] Deleting neutron.port object s_rally_98f01fc2_wPif2bxK (f6afe77b-5e69-4462-bc11-d530075c4a00)
2019-06-09 07:58:31.269 21662 RALLYDEBUG rally_openstack.cleanup.manager [-] Deleting neutron.port object s_rally_98f01fc2_pOc3hE36 (f6ddf7ac-0b38-4c00-8a0a-634b0c62c36a)
2019-06-09 07:58:31.469 21662 RALLYDEBUG rally_openstack.cleanup.manager [-] Deleting neutron.port object s_rally_98f01fc2_C5BiyWIP (f83bd162-f459-4bb4-bed7-f109989ebfa1)
2019-06-09 07:58:31.676 21662 RALLYDEBUG rally_openstack.cleanup.manager [-] Deleting neutron.port object s_rally_98f01fc2_3yujwtu4 (f90b7f30-d470-4ae1-898b-b9d9e08ae25a)
2019-06-09 07:58:31.770 21662 RALLYDEBUG rally_openstack.cleanup.manager [-] Deleting neutron.port object s_rally_98f01fc2_3P8x3rgX (f96c7192-69b8-4c00-b748-8e9d977278ce)
2019-06-09 07:58:31.868 21662 RALLYDEBUG rally_openstack.cleanup.manager [-] Deleting neutron.port object s_rally_98f01fc2_vkraAtRe (f9a6c306-b766-442a-a975-e34c9ce5907f)
2019-06-09 07:58:31.978 21662 RALLYDEBUG rally_openstack.cleanup.manager [-] Deleting neutron.port object s_rally_98f01fc2_T8YIR1P9 (fac8e6db-b471-4e17-aa52-d7ffd6c2dc74)
2019-06-09 07:58:32.301 21662 RALLYDEBUG rally_openstack.cleanup.manager [-] Deleting neutron.port object s_rally_98f01fc2_l2MB8W0r (fb03023f-38ab-4909-b9a0-0b74110e081a)
2019-06-09 07:58:32.330 21662 RALLYDEBUG rally_openstack.cleanup.manager [-] Deleting neutron.port object s_rally_98f01fc2_epaTTsuq (fc0972c0-e9c3-4ceb-878c-3c5116c49938)
2019-06-09 07:58:32.433 21662 RALLYDEBUG rally_openstack.cleanup.manager [-] Deleting neutron.port object s_rally_98f01fc2_kEgSQDV6 (fd6e3f95-8a47-49ed-bcbc-d6e3fd1523c1)
2019-06-09 07:58:32.588 21662 RALLYDEBUG rally_openstack.cleanup.manager [-] Deleting neutron.port object s_rally_98f01fc2_Skk9WbLf (fd7505b9-7f89-4555-8165-424b62215f61)
2019-06-09 07:58:32.659 21662 RALLYDEBUG rally_openstack.cleanup.manager [-] Deleting neutron.port object s_rally_98f01fc2_d315uZcU (fde31998-0a8d-4693-9ca5-0429f955939b)
2019-06-09 07:58:32.716 21662 RALLYDEBUG rally_openstack.cleanup.manager [-] Deleting neutron.port object s_rally_98f01fc2_6EXqU9nR (fe9f3af4-85c3-4b29-a045-05267d12831a)
2019-06-09 07:58:34.700 21662 RALLYDEBUG rally_openstack.cleanup.manager [-] Cleaning up neutron subnet objects
2019-06-09 07:58:35.149 21662 RALLYDEBUG rally_openstack.cleanup.manager [-] Cleaning up neutron network objects
2019-06-09 07:58:35.651 21662 RALLYDEBUG rally_openstack.cleanup.manager [-] Deleting neutron.network object s_rally_98f01fc2_9ZB4wm8F (02528281-2e3a-4212-bbf8-545e41cb6c85)
2019-06-09 07:58:35.666 21662 RALLYDEBUG rally_openstack.cleanup.manager [-] Deleting neutron.network object s_rally_98f01fc2_o6bNBQoR (352cbee0-5f87-4951-8c51-dce93da93508)
2019-06-09 07:58:35.671 21662 RALLYDEBUG rally_openstack.cleanup.manager [-] Deleting neutron.network object s_rally_98f01fc2_Xlu9OiQG (6587dc99-35ae-47a9-ad3e-9670b01b4ebd)
2019-06-09 07:58:35.680 21662 RALLYDEBUG rally_openstack.cleanup.manager [-] Deleting neutron.network object s_rally_98f01fc2_3t8kqEJN (8bc5a848-006d-4cba-b66a-6a3c47fcaad7)
2019-06-09 07:58:35.682 21662 RALLYDEBUG rally_openstack.cleanup.manager [-] Deleting neutron.network object s_rally_98f01fc2_05t3IQWc (80cde4cc-c75f-4a4c-8c7b-d18358db4bea)
2019-06-09 07:58:35.689 21662 RALLYDEBUG rally_openstack.cleanup.manager [-] Deleting neutron.network object s_rally_98f01fc2_S1Lj39eN (a10b7179-254b-4e04-8b16-aae8759ca340)
2019-06-09 07:58:35.694 21662 RALLYDEBUG rally_openstack.cleanup.manager [-] Deleting neutron.network object s_rally_98f01fc2_OfFV7D3F (c689b231-9eee-4c5a-9f4e-3a859c52e278)
2019-06-09 07:58:35.713 21662 RALLYDEBUG rally_openstack.cleanup.manager [-] Deleting neutron.network object s_rally_98f01fc2_ymwmte76 (dcf8a3e5-d59d-488c-9399-17427ffde9f5)
2019-06-09 07:58:39.315 21662 RALLYDEBUG rally_openstack.cleanup.manager [-] Cleaning up neutron router objects
2019-06-09 07:58:39.760 21662 RALLYDEBUG rally_openstack.cleanup.manager [-] Cleaning up neutron security_group objects
2019-06-09 07:58:40.203 21662 INFO rally.task.context [-] Task 188e2494-31a8-4d8c-83f5-5e4cd75fa028 | Context cleanup@openstack cleanup() finished in 55.37 sec
2019-06-09 07:58:40.204 21662 INFO rally.task.context [-] Task 188e2494-31a8-4d8c-83f5-5e4cd75fa028 | Context quotas@openstack cleanup() started
2019-06-09 07:58:40.278 21662 INFO rally.task.context [-] Task 188e2494-31a8-4d8c-83f5-5e4cd75fa028 | Context quotas@openstack cleanup() finished in 74.85 msec
2019-06-09 07:58:40.279 21662 INFO rally.task.context [-] Task 188e2494-31a8-4d8c-83f5-5e4cd75fa028 | Context users@openstack cleanup() started
2019-06-09 07:58:43.082 21662 INFO rally.task.context [-] Task 188e2494-31a8-4d8c-83f5-5e4cd75fa028 | Context users@openstack cleanup() finished in 2.80 sec
2019-06-09 07:58:43.770 21662 INFO rally.task.engine [-] Load duration is: 60.590188
2019-06-09 07:58:43.770 21662 INFO rally.task.engine [-] Full runner duration is: 60.639709
2019-06-09 07:58:43.771 21662 INFO rally.task.engine [-] Full duration is: 121.931254
2019-06-09 07:58:44.048 21662 INFO rally.task.engine [-] Running workload: position = 1 config = { "version": 2, "title": "A cropped version of a bigger task.", "description": "Auto-generated task from a single workload (uuid=7244169f-f4d8-4a80-ac66-c3013e695d78)", "subtasks": [ { "title": "NeutronNetworks.create_and_update_ports", "description": "Create and update a given number of ports.", "scenario": { "NeutronNetworks.create_and_update_ports": { "network_create_args": {}, "port_create_args": {}, "ports_per_network": 5, "port_update_args": { "admin_state_up": false, "device_id": "dummy_id", "device_owner": "dummy_owner", "name": "_port_updated" } } }, "contexts": { "users": { "tenants": 1, "users_per_tenant": 1 }, "quotas": { "neutron": { "network": -1, "port": -1 } } }, "runner": { "constant": { "times": 40, "concurrency": 20 } }, "hooks": [], "sla": { "failure_rate": { "max": 0 } } } ] }
2019-06-09 07:58:44.075 21662 RALLYDEBUG rally_openstack.contexts.keystone.users [-] Creating 1 tenants using 20 threads
2019-06-09 07:58:45.062 21662 RALLYDEBUG rally_openstack.contexts.keystone.users [-] Creating 1 users using 20 threads
2019-06-09 07:58:46.496 21662 INFO rally.task.context [-] Task 188e2494-31a8-4d8c-83f5-5e4cd75fa028 | Context users@openstack setup() finished in 2.42 sec
2019-06-09 07:58:47.055 21662 INFO rally.task.context [-] Task 188e2494-31a8-4d8c-83f5-5e4cd75fa028 | Context quotas@openstack setup() finished in 0.56 sec
2019-06-09 07:58:47.055 21662 INFO rally.task.context [-] Task 188e2494-31a8-4d8c-83f5-5e4cd75fa028 | Context cleanup@openstack setup() finished in 0.01 msec
2019-06-09 07:58:47.065 21662 RALLYDEBUG rally.task.runner [-] Starting the constant runner (task UUID: 188e2494-31a8-4d8c-83f5-5e4cd75fa028). timeout: 0 concurrency: 20 concurrency_per_worker: 1 times: 40 concurrency_overhead: 4 processes_to_start: 16 max_cpu_used: 16
2019-06-09 07:58:47.079 25538 RALLYDEBUG rally.task.runner [-] Starting a worker. concurrency: 2 args: {"network_create_args": {}, "port_create_args": {}, "ports_per_network": 5, "port_update_args": {"admin_state_up": false, "device_id": "dummy_id", "device_owner": "dummy_owner", "name": "_port_updated"}} times: 40 method_name: run timeout: 0 duration: None cls:
2019-06-09 07:58:47.083 25539 RALLYDEBUG rally.task.runner [-] Starting a worker. concurrency: 2 args: {"network_create_args": {}, "port_create_args": {}, "ports_per_network": 5, "port_update_args": {"admin_state_up": false, "device_id": "dummy_id", "device_owner": "dummy_owner", "name": "_port_updated"}} times: 40 method_name: run timeout: 0 duration: None cls:
2019-06-09 07:58:47.086 25540 RALLYDEBUG rally.task.runner [-] Starting a worker. concurrency: 2 args: {"network_create_args": {}, "port_create_args": {}, "ports_per_network": 5, "port_update_args": {"admin_state_up": false, "device_id": "dummy_id", "device_owner": "dummy_owner", "name": "_port_updated"}} times: 40 method_name: run timeout: 0 duration: None cls:
2019-06-09 07:58:47.089 25538 INFO rally.task.runner [-] Task 188e2494-31a8-4d8c-83f5-5e4cd75fa028 | ITER: 1 START
2019-06-09 07:58:47.089 25541 RALLYDEBUG rally.task.runner [-] Starting a worker. concurrency: 2 args: {"network_create_args": {}, "port_create_args": {}, "ports_per_network": 5, "port_update_args": {"admin_state_up": false, "device_id": "dummy_id", "device_owner": "dummy_owner", "name": "_port_updated"}} times: 40 method_name: run timeout: 0 duration: None cls:
2019-06-09 07:58:47.091 25538 WARNING rally_openstack.scenarios.neutron.utils [-] Running this scenario without either the 'network' or 'existing_network' context is deprecated
2019-06-09 07:58:47.093 25542 RALLYDEBUG rally.task.runner [-] Starting a worker. concurrency: 1 args: {"network_create_args": {}, "port_create_args": {}, "ports_per_network": 5, "port_update_args": {"admin_state_up": false, "device_id": "dummy_id", "device_owner": "dummy_owner", "name": "_port_updated"}} times: 40 method_name: run timeout: 0 duration: None cls:
2019-06-09 07:58:47.094 25539 INFO rally.task.runner [-] Task 188e2494-31a8-4d8c-83f5-5e4cd75fa028 | ITER: 2 START
2019-06-09 07:58:47.097 25540 INFO rally.task.runner [-] Task 188e2494-31a8-4d8c-83f5-5e4cd75fa028 | ITER: 4 START
2019-06-09 07:58:47.096 25539 INFO rally.task.runner [-] Task 188e2494-31a8-4d8c-83f5-5e4cd75fa028 | ITER: 5 START
2019-06-09 07:58:47.097 25546 RALLYDEBUG rally.task.runner [-] Starting a worker. concurrency: 1 args: {"network_create_args": {}, "port_create_args": {}, "ports_per_network": 5, "port_update_args": {"admin_state_up": false, "device_id": "dummy_id", "device_owner": "dummy_owner", "name": "_port_updated"}} times: 40 method_name: run timeout: 0 duration: None cls:
2019-06-09 07:58:47.098 25539 WARNING rally_openstack.scenarios.neutron.utils [-] Running this scenario without either the 'network' or 'existing_network' context is deprecated
2019-06-09 07:58:47.099 25541 INFO rally.task.runner [-] Task 188e2494-31a8-4d8c-83f5-5e4cd75fa028 | ITER: 6 START
2019-06-09 07:58:47.098 25539 WARNING rally_openstack.scenarios.neutron.utils [-] Running this scenario without either the 'network' or 'existing_network' context is deprecated
2019-06-09 07:58:47.101 25542 INFO rally.task.runner [-] Task 188e2494-31a8-4d8c-83f5-5e4cd75fa028 | ITER: 9 START
2019-06-09 07:58:47.100 25540 WARNING rally_openstack.scenarios.neutron.utils [-] Running this scenario without either the 'network' or 'existing_network' context is deprecated
2019-06-09 07:58:47.101 25541 WARNING rally_openstack.scenarios.neutron.utils [-] Running this scenario without either the 'network' or 'existing_network' context is deprecated
2019-06-09 07:58:47.103 25542 WARNING rally_openstack.scenarios.neutron.utils [-] Running this scenario without either the 'network' or 'existing_network' context is deprecated
2019-06-09 07:58:47.104 25546 INFO rally.task.runner [-] Task 188e2494-31a8-4d8c-83f5-5e4cd75fa028 | ITER: 10 START
2019-06-09 07:58:47.103 25554 RALLYDEBUG rally.task.runner [-] Starting a worker. concurrency: 1 args: {"network_create_args": {}, "port_create_args": {}, "ports_per_network": 5, "port_update_args": {"admin_state_up": false, "device_id": "dummy_id", "device_owner": "dummy_owner", "name": "_port_updated"}} times: 40 method_name: run timeout: 0 duration: None cls:
2019-06-09 07:58:47.106 25546 WARNING rally_openstack.scenarios.neutron.utils [-] Running this scenario without either the 'network' or 'existing_network' context is deprecated
2019-06-09 07:58:47.107 25538 INFO rally.task.runner [-] Task 188e2494-31a8-4d8c-83f5-5e4cd75fa028 | ITER: 3 START
2019-06-09 07:58:47.108 25538 WARNING rally_openstack.scenarios.neutron.utils [-] Running this scenario without either the 'network' or 'existing_network' context is deprecated
2019-06-09 07:58:47.110 25554 INFO rally.task.runner [-] Task 188e2494-31a8-4d8c-83f5-5e4cd75fa028 | ITER: 11 START
2019-06-09 07:58:47.101 25540 INFO rally.task.runner [-] Task 188e2494-31a8-4d8c-83f5-5e4cd75fa028 | ITER: 7 START
2019-06-09 07:58:47.112 25541 INFO rally.task.runner [-] Task 188e2494-31a8-4d8c-83f5-5e4cd75fa028 | ITER: 8 START
2019-06-09 07:58:47.111 25560 RALLYDEBUG rally.task.runner [-] Starting a worker. concurrency: 1 args: {"network_create_args": {}, "port_create_args": {}, "ports_per_network": 5, "port_update_args": {"admin_state_up": false, "device_id": "dummy_id", "device_owner": "dummy_owner", "name": "_port_updated"}} times: 40 method_name: run timeout: 0 duration: None cls:
2019-06-09 07:58:47.113 25554 WARNING rally_openstack.scenarios.neutron.utils [-] Running this scenario without either the 'network' or 'existing_network' context is deprecated
2019-06-09 07:58:47.113 25541 WARNING rally_openstack.scenarios.neutron.utils [-] Running this scenario without either the 'network' or 'existing_network' context is deprecated
2019-06-09 07:58:47.112 25540 WARNING rally_openstack.scenarios.neutron.utils [-] Running this scenario without either the 'network' or 'existing_network' context is deprecated
2019-06-09 07:58:47.118 25560 INFO rally.task.runner [-] Task 188e2494-31a8-4d8c-83f5-5e4cd75fa028 | ITER: 12 START
2019-06-09 07:58:47.120 25560 WARNING rally_openstack.scenarios.neutron.utils [-] Running this scenario without either the 'network' or 'existing_network' context is deprecated
2019-06-09 07:58:47.120 25564 RALLYDEBUG rally.task.runner [-] Starting a worker. concurrency: 1 args: {"network_create_args": {}, "port_create_args": {}, "ports_per_network": 5, "port_update_args": {"admin_state_up": false, "device_id": "dummy_id", "device_owner": "dummy_owner", "name": "_port_updated"}} times: 40 method_name: run timeout: 0 duration: None cls:
2019-06-09 07:58:47.127 25564 INFO rally.task.runner [-] Task 188e2494-31a8-4d8c-83f5-5e4cd75fa028 | ITER: 13 START
2019-06-09 07:58:47.128 25567 RALLYDEBUG rally.task.runner [-] Starting a worker. concurrency: 1 args: {"network_create_args": {}, "port_create_args": {}, "ports_per_network": 5, "port_update_args": {"admin_state_up": false, "device_id": "dummy_id", "device_owner": "dummy_owner", "name": "_port_updated"}} times: 40 method_name: run timeout: 0 duration: None cls:
2019-06-09 07:58:47.129 25564 WARNING rally_openstack.scenarios.neutron.utils [-] Running this scenario without either the 'network' or 'existing_network' context is deprecated
2019-06-09 07:58:47.133 25568 RALLYDEBUG rally.task.runner [-] Starting a worker. concurrency: 1 args: {"network_create_args": {}, "port_create_args": {}, "ports_per_network": 5, "port_update_args": {"admin_state_up": false, "device_id": "dummy_id", "device_owner": "dummy_owner", "name": "_port_updated"}} times: 40 method_name: run timeout: 0 duration: None cls:
2019-06-09 07:58:47.135 25567 INFO rally.task.runner [-] Task 188e2494-31a8-4d8c-83f5-5e4cd75fa028 | ITER: 14 START
2019-06-09 07:58:47.137 25567 WARNING rally_openstack.scenarios.neutron.utils [-] Running this scenario without either the 'network' or 'existing_network' context is deprecated
2019-06-09 07:58:47.140 25568 INFO rally.task.runner [-] Task 188e2494-31a8-4d8c-83f5-5e4cd75fa028 | ITER: 15 START
2019-06-09 07:58:47.140 25571 RALLYDEBUG rally.task.runner [-] Starting a worker. concurrency: 1 args: {"network_create_args": {}, "port_create_args": {}, "ports_per_network": 5, "port_update_args": {"admin_state_up": false, "device_id": "dummy_id", "device_owner": "dummy_owner", "name": "_port_updated"}} times: 40 method_name: run timeout: 0 duration: None cls:
2019-06-09 07:58:47.141 25568 WARNING rally_openstack.scenarios.neutron.utils [-] Running this scenario without either the 'network' or 'existing_network' context is deprecated
2019-06-09 07:58:47.147 25571 INFO rally.task.runner [-] Task 188e2494-31a8-4d8c-83f5-5e4cd75fa028 | ITER: 16 START
2019-06-09 07:58:47.147 25576 RALLYDEBUG rally.task.runner [-] Starting a worker. concurrency: 1 args: {"network_create_args": {}, "port_create_args": {}, "ports_per_network": 5, "port_update_args": {"admin_state_up": false, "device_id": "dummy_id", "device_owner": "dummy_owner", "name": "_port_updated"}} times: 40 method_name: run timeout: 0 duration: None cls:
2019-06-09 07:58:47.149 25571 WARNING rally_openstack.scenarios.neutron.utils [-] Running this scenario without either the 'network' or 'existing_network' context is deprecated
2019-06-09 07:58:47.154 25576 INFO rally.task.runner [-] Task 188e2494-31a8-4d8c-83f5-5e4cd75fa028 | ITER: 17 START
2019-06-09 07:58:47.156 25576 WARNING rally_openstack.scenarios.neutron.utils [-] Running this scenario without either the 'network' or 'existing_network' context is deprecated
2019-06-09 07:58:47.155 25579 RALLYDEBUG rally.task.runner [-] Starting a worker. concurrency: 1 args: {"network_create_args": {}, "port_create_args": {}, "ports_per_network": 5, "port_update_args": {"admin_state_up": false, "device_id": "dummy_id", "device_owner": "dummy_owner", "name": "_port_updated"}} times: 40 method_name: run timeout: 0 duration: None cls:
2019-06-09 07:58:47.159 25581 RALLYDEBUG rally.task.runner [-] Starting a worker. concurrency: 1 args: {"network_create_args": {}, "port_create_args": {}, "ports_per_network": 5, "port_update_args": {"admin_state_up": false, "device_id": "dummy_id", "device_owner": "dummy_owner", "name": "_port_updated"}} times: 40 method_name: run timeout: 0 duration: None cls:
2019-06-09 07:58:47.162 25579 INFO rally.task.runner [-] Task 188e2494-31a8-4d8c-83f5-5e4cd75fa028 | ITER: 18 START
2019-06-09 07:58:47.163 25579 WARNING rally_openstack.scenarios.neutron.utils [-] Running this scenario without either the 'network' or 'existing_network' context is deprecated
2019-06-09 07:58:47.164 25583 RALLYDEBUG rally.task.runner [-] Starting a worker. concurrency: 1 args: {"network_create_args": {}, "port_create_args": {}, "ports_per_network": 5, "port_update_args": {"admin_state_up": false, "device_id": "dummy_id", "device_owner": "dummy_owner", "name": "_port_updated"}} times: 40 method_name: run timeout: 0 duration: None cls:
2019-06-09 07:58:47.164 25581 INFO rally.task.runner [-] Task 188e2494-31a8-4d8c-83f5-5e4cd75fa028 | ITER: 19 START
2019-06-09 07:58:47.166 25581 WARNING rally_openstack.scenarios.neutron.utils [-] Running this scenario without either the 'network' or 'existing_network' context is deprecated
2019-06-09 07:58:47.169 25583 INFO rally.task.runner [-] Task 188e2494-31a8-4d8c-83f5-5e4cd75fa028 | ITER: 20 START
2019-06-09 07:58:47.170 25583 WARNING rally_openstack.scenarios.neutron.utils [-] Running this scenario without either the 'network' or 'existing_network' context is deprecated
2019-06-09 07:58:56.380 25576 INFO rally.task.runner [-] Task 188e2494-31a8-4d8c-83f5-5e4cd75fa028 | ITER: 17 END: OK
2019-06-09 07:58:56.385 25576 INFO rally.task.runner [-] Task 188e2494-31a8-4d8c-83f5-5e4cd75fa028 | ITER: 21 START
2019-06-09 07:58:56.386 25576 WARNING rally_openstack.scenarios.neutron.utils [-] Running this scenario without either the 'network' or 'existing_network' context is deprecated
2019-06-09 07:58:56.496 25546 INFO rally.task.runner [-] Task 188e2494-31a8-4d8c-83f5-5e4cd75fa028 | ITER: 10 END: OK
2019-06-09 07:58:56.500 25546 INFO rally.task.runner [-] Task 188e2494-31a8-4d8c-83f5-5e4cd75fa028 | ITER: 22 START
2019-06-09 07:58:56.501 25546 WARNING rally_openstack.scenarios.neutron.utils [-] Running this scenario without either the 'network' or 'existing_network' context is deprecated
2019-06-09 07:58:57.450 25564 INFO rally.task.runner [-] Task 188e2494-31a8-4d8c-83f5-5e4cd75fa028 | ITER: 13 END: OK
2019-06-09 07:58:57.455 25564 INFO rally.task.runner [-] Task 188e2494-31a8-4d8c-83f5-5e4cd75fa028 | ITER: 23 START
2019-06-09 07:58:57.456 25564 WARNING rally_openstack.scenarios.neutron.utils [-] Running this scenario without either the 'network' or 'existing_network' context is deprecated
2019-06-09 07:58:58.052 25538 INFO rally.task.runner [-] Task 188e2494-31a8-4d8c-83f5-5e4cd75fa028 | ITER: 1 END: OK
2019-06-09 07:58:58.058 25538 INFO rally.task.runner [-] Task 188e2494-31a8-4d8c-83f5-5e4cd75fa028 | ITER: 24 START
2019-06-09 07:58:58.059 25538 WARNING rally_openstack.scenarios.neutron.utils [-] Running this scenario without either the 'network' or 'existing_network' context is deprecated
2019-06-09 07:58:58.549 25540 INFO rally.task.runner [-] Task 188e2494-31a8-4d8c-83f5-5e4cd75fa028 | ITER: 4 END: OK
2019-06-09 07:58:58.553 25540 INFO rally.task.runner [-] Task 188e2494-31a8-4d8c-83f5-5e4cd75fa028 | ITER: 25 START
2019-06-09 07:58:58.554 25540 WARNING rally_openstack.scenarios.neutron.utils [-] Running this scenario without either the 'network' or 'existing_network' context is deprecated
2019-06-09 07:58:58.647 25538 INFO rally.task.runner [-] Task 188e2494-31a8-4d8c-83f5-5e4cd75fa028 | ITER: 3 END: OK
2019-06-09 07:58:58.651 25538 INFO rally.task.runner [-] Task 188e2494-31a8-4d8c-83f5-5e4cd75fa028 | ITER: 26 START
2019-06-09 07:58:58.652 25538 WARNING rally_openstack.scenarios.neutron.utils [-] Running this scenario without either the 'network' or 'existing_network' context is deprecated
2019-06-09 07:58:58.869 25579 INFO rally.task.runner [-] Task 188e2494-31a8-4d8c-83f5-5e4cd75fa028 | ITER: 18 END: OK
2019-06-09 07:58:58.875 25579 INFO rally.task.runner [-] Task 188e2494-31a8-4d8c-83f5-5e4cd75fa028 | ITER: 27 START
2019-06-09 07:58:58.875 25579 WARNING rally_openstack.scenarios.neutron.utils [-] Running this scenario without either the 'network' or 'existing_network' context is deprecated
2019-06-09 07:58:58.908 25539 INFO rally.task.runner [-] Task 188e2494-31a8-4d8c-83f5-5e4cd75fa028 | ITER: 2 END: OK
2019-06-09 07:58:58.913 25539 INFO rally.task.runner [-] Task 188e2494-31a8-4d8c-83f5-5e4cd75fa028 | ITER: 28 START
2019-06-09 07:58:58.914 25539 WARNING rally_openstack.scenarios.neutron.utils [-] Running this scenario without either the 'network' or 'existing_network' context is deprecated
2019-06-09 07:58:59.005 25541 INFO rally.task.runner [-] Task 188e2494-31a8-4d8c-83f5-5e4cd75fa028 | ITER: 8 END: OK
2019-06-09 07:58:59.010 25541 INFO rally.task.runner [-] Task 188e2494-31a8-4d8c-83f5-5e4cd75fa028 | ITER: 29 START
2019-06-09 07:58:59.011 25541 WARNING rally_openstack.scenarios.neutron.utils [-] Running this scenario without either the 'network' or 'existing_network' context is deprecated
2019-06-09 07:58:59.062 25567 INFO rally.task.runner [-] Task 188e2494-31a8-4d8c-83f5-5e4cd75fa028 | ITER: 14 END: OK
2019-06-09 07:58:59.067 25567 INFO rally.task.runner [-] Task 188e2494-31a8-4d8c-83f5-5e4cd75fa028 | ITER: 30 START
2019-06-09 07:58:59.067 25567 WARNING rally_openstack.scenarios.neutron.utils [-] Running this scenario without either the 'network' or 'existing_network' context is deprecated
2019-06-09 07:58:59.104 25554 INFO rally.task.runner [-] Task 188e2494-31a8-4d8c-83f5-5e4cd75fa028 | ITER: 11 END: OK
2019-06-09 07:58:59.109 25554 INFO rally.task.runner [-] Task 188e2494-31a8-4d8c-83f5-5e4cd75fa028 | ITER: 31 START
2019-06-09 07:58:59.109 25554 WARNING rally_openstack.scenarios.neutron.utils [-] Running this scenario without either the 'network' or 'existing_network' context is deprecated
2019-06-09 07:58:59.148 25581 INFO rally.task.runner [-] Task 188e2494-31a8-4d8c-83f5-5e4cd75fa028 | ITER: 19 END: OK
2019-06-09 07:58:59.154 25581 INFO rally.task.runner [-] Task 188e2494-31a8-4d8c-83f5-5e4cd75fa028 | ITER: 32 START
2019-06-09 07:58:59.154 25581 WARNING rally_openstack.scenarios.neutron.utils [-] Running this scenario without either the 'network' or 'existing_network' context is deprecated
2019-06-09 07:58:59.263 25571 INFO rally.task.runner [-] Task 188e2494-31a8-4d8c-83f5-5e4cd75fa028 | ITER: 16 END: OK
2019-06-09 07:58:59.268 25571 INFO rally.task.runner [-] Task 188e2494-31a8-4d8c-83f5-5e4cd75fa028 | ITER: 33 START
2019-06-09 07:58:59.269 25571 WARNING rally_openstack.scenarios.neutron.utils [-] Running this scenario without either the 'network' or 'existing_network' context is deprecated
2019-06-09 07:58:59.552 25560 INFO rally.task.runner [-] Task 188e2494-31a8-4d8c-83f5-5e4cd75fa028 | ITER: 12 END: OK
2019-06-09 07:58:59.557 25560 INFO rally.task.runner [-] Task 188e2494-31a8-4d8c-83f5-5e4cd75fa028 | ITER: 34 START
2019-06-09 07:58:59.558 25560 WARNING rally_openstack.scenarios.neutron.utils [-] Running this scenario without either the 'network' or 'existing_network' context is deprecated
2019-06-09 07:58:59.663 25540 INFO rally.task.runner [-] Task 188e2494-31a8-4d8c-83f5-5e4cd75fa028 | ITER: 7 END: OK
2019-06-09 07:58:59.667 25540 INFO rally.task.runner [-] Task 188e2494-31a8-4d8c-83f5-5e4cd75fa028 | ITER: 35 START
2019-06-09 07:58:59.668 25540 WARNING rally_openstack.scenarios.neutron.utils [-] Running this scenario without either the 'network' or 'existing_network' context is deprecated
2019-06-09 07:59:00.076 25539 INFO rally.task.runner [-] Task 188e2494-31a8-4d8c-83f5-5e4cd75fa028 | ITER: 5 END: OK
2019-06-09 07:59:00.080 25539 INFO rally.task.runner [-] Task 188e2494-31a8-4d8c-83f5-5e4cd75fa028 | ITER: 36 START
2019-06-09 07:59:00.081 25539 WARNING rally_openstack.scenarios.neutron.utils [-] Running this scenario without either the 'network' or 'existing_network' context is deprecated
2019-06-09 07:59:00.110 25568 INFO rally.task.runner [-] Task 188e2494-31a8-4d8c-83f5-5e4cd75fa028 | ITER: 15 END: OK
2019-06-09 07:59:00.114 25568 INFO rally.task.runner [-] Task 188e2494-31a8-4d8c-83f5-5e4cd75fa028 | ITER: 37 START
2019-06-09 07:59:00.115 25568 WARNING rally_openstack.scenarios.neutron.utils [-] Running this scenario without either the 'network' or 'existing_network' context is deprecated
2019-06-09 07:59:00.220 25541 INFO rally.task.runner [-] Task 188e2494-31a8-4d8c-83f5-5e4cd75fa028 | ITER: 6 END: OK
2019-06-09 07:59:00.226 25541 INFO rally.task.runner [-] Task 188e2494-31a8-4d8c-83f5-5e4cd75fa028 | ITER: 38 START
2019-06-09 07:59:00.226 25541 WARNING rally_openstack.scenarios.neutron.utils [-] Running this scenario without either the 'network' or 'existing_network' context is deprecated
2019-06-09 07:59:00.791 25542 INFO rally.task.runner [-] Task 188e2494-31a8-4d8c-83f5-5e4cd75fa028 | ITER: 9 END: OK
2019-06-09 07:59:00.796 25542 INFO rally.task.runner [-] Task 188e2494-31a8-4d8c-83f5-5e4cd75fa028 | ITER: 39 START
2019-06-09 07:59:00.797 25542 WARNING rally_openstack.scenarios.neutron.utils [-] Running this scenario without either the 'network' or 'existing_network' context is deprecated
2019-06-09 07:59:00.848 25583 INFO rally.task.runner [-] Task 188e2494-31a8-4d8c-83f5-5e4cd75fa028 | ITER: 20 END: OK
2019-06-09 07:59:00.853 25583 INFO rally.task.runner [-] Task 188e2494-31a8-4d8c-83f5-5e4cd75fa028 | ITER: 40 START
2019-06-09 07:59:00.854 25583 WARNING rally_openstack.scenarios.neutron.utils [-] Running this scenario without either the 'network' or 'existing_network' context is deprecated
2019-06-09 07:59:06.307 25576 INFO rally.task.runner [-] Task 188e2494-31a8-4d8c-83f5-5e4cd75fa028 | ITER: 21 END: OK
2019-06-09 07:59:07.348 25541 INFO rally.task.runner [-] Task 188e2494-31a8-4d8c-83f5-5e4cd75fa028 | ITER: 29 END: OK
2019-06-09 07:59:07.372 25546 INFO rally.task.runner [-] Task 188e2494-31a8-4d8c-83f5-5e4cd75fa028 | ITER: 22 END: OK
2019-06-09 07:59:08.519 25571 INFO rally.task.runner [-] Task 188e2494-31a8-4d8c-83f5-5e4cd75fa028 | ITER: 33 END: OK
2019-06-09 07:59:08.911 25538 INFO rally.task.runner [-] Task 188e2494-31a8-4d8c-83f5-5e4cd75fa028 | ITER: 24 END: OK
2019-06-09 07:59:09.000 25541 INFO rally.task.runner [-] Task 188e2494-31a8-4d8c-83f5-5e4cd75fa028 | ITER: 38 END: OK
2019-06-09 07:59:09.238 25554 INFO rally.task.runner [-] Task 188e2494-31a8-4d8c-83f5-5e4cd75fa028 | ITER: 31 END: OK
2019-06-09 07:59:09.670 25539 INFO rally.task.runner [-] Task 188e2494-31a8-4d8c-83f5-5e4cd75fa028 | ITER: 28 END: OK
2019-06-09 07:59:09.769 25538 INFO rally.task.runner [-] Task 188e2494-31a8-4d8c-83f5-5e4cd75fa028 | ITER: 26 END: OK
2019-06-09 07:59:09.842 25583 INFO rally.task.runner [-] Task 188e2494-31a8-4d8c-83f5-5e4cd75fa028 | ITER: 40 END: OK
2019-06-09 07:59:09.912 25579 INFO rally.task.runner [-] Task 188e2494-31a8-4d8c-83f5-5e4cd75fa028 | ITER: 27 END: OK
2019-06-09 07:59:10.133 25567 INFO rally.task.runner [-] Task 188e2494-31a8-4d8c-83f5-5e4cd75fa028 | ITER: 30 END: OK
2019-06-09 07:59:10.266 25560 INFO rally.task.runner [-] Task 188e2494-31a8-4d8c-83f5-5e4cd75fa028 | ITER: 34 END: OK
2019-06-09 07:59:10.351 25581 INFO rally.task.runner [-] Task 188e2494-31a8-4d8c-83f5-5e4cd75fa028 | ITER: 32 END: OK
2019-06-09 07:59:10.460 25568 INFO rally.task.runner [-] Task 188e2494-31a8-4d8c-83f5-5e4cd75fa028 | ITER: 37 END: OK
2019-06-09 07:59:10.548 25539 INFO rally.task.runner [-] Task 188e2494-31a8-4d8c-83f5-5e4cd75fa028 | ITER: 36 END: OK
2019-06-09 07:59:11.087 25542 INFO rally.task.runner [-] Task 188e2494-31a8-4d8c-83f5-5e4cd75fa028 | ITER: 39 END: OK
2019-06-09 07:59:11.095 25540 INFO rally.task.runner [-] Task 188e2494-31a8-4d8c-83f5-5e4cd75fa028 | ITER: 25 END: OK
2019-06-09 07:59:11.328 25564 INFO rally.task.runner [-] Task 188e2494-31a8-4d8c-83f5-5e4cd75fa028 | ITER: 23 END: OK
2019-06-09 07:59:11.875 25540 INFO rally.task.runner [-] Task 188e2494-31a8-4d8c-83f5-5e4cd75fa028 | ITER: 35 END: OK
2019-06-09 07:59:11.903 21662 INFO rally.task.context [-] Task 188e2494-31a8-4d8c-83f5-5e4cd75fa028 | Context cleanup@openstack cleanup() started
2019-06-09 07:59:11.906 21662 RALLYDEBUG rally_openstack.cleanup.manager [-] Cleaning up neutron vip objects
2019-06-09 07:59:12.313 21662 RALLYDEBUG rally_openstack.cleanup.manager [-] Cleaning up neutron health_monitor objects
2019-06-09 07:59:12.707 21662 RALLYDEBUG rally_openstack.cleanup.manager [-] Cleaning up neutron pool objects
2019-06-09 07:59:13.091 21662 RALLYDEBUG rally_openstack.cleanup.manager [-] Cleaning up neutron loadbalancer objects
2019-06-09 07:59:13.482 21662 RALLYDEBUG rally_openstack.cleanup.manager [-] Cleaning up neutron floatingip objects
2019-06-09 07:59:13.919 21662 RALLYDEBUG rally_openstack.cleanup.manager [-] Cleaning up neutron port objects
2019-06-09 07:59:15.080 21662 RALLYDEBUG rally_openstack.cleanup.manager [-] Deleting neutron.port object s_rally_7244169f_AQvbEE7E (09c5a4bc-d5d0-4316-8068-eedbfb40a6af)
2019-06-09 07:59:15.081 21662 RALLYDEBUG rally_openstack.cleanup.manager [-] Deleting neutron.port object s_rally_7244169f_wCLdNK82 (109ec9ca-f018-4b47-bd28-1d30f7218751)
2019-06-09 07:59:15.089 21662 RALLYDEBUG rally_openstack.cleanup.manager [-] Deleting neutron.port object s_rally_7244169f_6RXjNfKr (123f2252-130c-4dae-ab40-729bc09f2ab3)
2019-06-09 07:59:15.090 21662 RALLYDEBUG rally_openstack.cleanup.manager [-] Deleting neutron.port object s_rally_7244169f_zasruIE0 (09694262-3c94-4f03-8c31-531c2a42d021)
2019-06-09 07:59:15.094 21662 RALLYDEBUG rally_openstack.cleanup.manager [-] Deleting neutron.port object s_rally_7244169f_7Dni4xJc (01030ba4-8579-4253-a42c-c9610391a3eb)
2019-06-09 07:59:15.095 21662 RALLYDEBUG rally_openstack.cleanup.manager [-] Deleting neutron.port object s_rally_7244169f_742EaXzc (10fca836-8af6-419a-b018-7fde84f58db6)
2019-06-09 07:59:15.095 21662 RALLYDEBUG rally_openstack.cleanup.manager [-] Deleting neutron.port object s_rally_7244169f_5zmob5fZ (0195e672-ba75-4cc5-a7d0-6506210b0a83)
2019-06-09 07:59:15.096 21662 RALLYDEBUG rally_openstack.cleanup.manager [-] Deleting neutron.port object s_rally_7244169f_OcqEy9ny (0012ea5e-c329-4ccc-ae24-c5039ac06584)
2019-06-09 07:59:15.096 21662 RALLYDEBUG rally_openstack.cleanup.manager [-] Deleting neutron.port object s_rally_7244169f_IKcTXa7e (0b7e962f-b6fb-4786-b2b8-86e379912be8)
2019-06-09 07:59:15.103 21662 RALLYDEBUG rally_openstack.cleanup.manager [-] Deleting neutron.port object s_rally_7244169f_9Y82XyXZ (06d9702b-3d09-4fed-8611-a2663f916458)
2019-06-09 07:59:15.103 21662 RALLYDEBUG rally_openstack.cleanup.manager [-] Deleting neutron.port object s_rally_7244169f_Nuz4zu4y (0651016f-5fa3-415a-9e2f-59f488b28713)
2019-06-09 07:59:15.105 21662 RALLYDEBUG rally_openstack.cleanup.manager [-] Deleting neutron.port object s_rally_7244169f_ohDKREc3 (0a77b4e3-acf0-45e1-a9b0-4c3c78cb8982)
2019-06-09 07:59:15.107 21662 RALLYDEBUG rally_openstack.cleanup.manager [-] Deleting neutron.port object s_rally_7244169f_Fs0MHJJz (08804fff-ab74-4e95-a5da-05539d546c22)
2019-06-09 07:59:15.111 21662 RALLYDEBUG rally_openstack.cleanup.manager [-] Deleting neutron.port object s_rally_7244169f_2VQz2SSb (010461ab-16d0-470c-9cec-ed4753506044)
2019-06-09 07:59:15.113 21662 RALLYDEBUG rally_openstack.cleanup.manager [-] Deleting neutron.port object s_rally_7244169f_m5bdfyFd (0788f68d-3f5e-4b94-8cce-6f4bdd4df79e)
2019-06-09 07:59:15.114 21662 RALLYDEBUG rally_openstack.cleanup.manager [-] Deleting neutron.port object s_rally_7244169f_lLuFr9Y5 (0e91c9b2-8ca7-4eb1-8aee-44036d9ae230)
2019-06-09 07:59:15.135 21662 RALLYDEBUG rally_openstack.cleanup.manager [-] Deleting neutron.port object s_rally_7244169f_qAuPBknk (0815e994-5863-4bda-874a-4c99c10a580b)
2019-06-09 07:59:15.139 21662 RALLYDEBUG rally_openstack.cleanup.manager [-] Deleting neutron.port object s_rally_7244169f_1hzEejLE (054d05ad-8526-4d46-bf01-e509ddc8a925)
2019-06-09 07:59:15.142 21662 RALLYDEBUG rally_openstack.cleanup.manager [-] Deleting neutron.port object s_rally_7244169f_hIXLVK7F (0f7471fb-2a13-4965-9000-f950a2356277)
2019-06-09 07:59:15.163 21662 RALLYDEBUG rally_openstack.cleanup.manager [-] Deleting neutron.port object s_rally_7244169f_obaUf7Q0 (1120d107-f079-4f57-a13c-6a5bd58844de)
2019-06-09 07:59:17.291 21662 RALLYDEBUG rally_openstack.cleanup.manager [-] Deleting neutron.port object s_rally_7244169f_1yC4j9Xb (132b1935-21cc-4986-9e1a-ef18670c384d)
2019-06-09 07:59:17.358 21662 RALLYDEBUG rally_openstack.cleanup.manager [-] Deleting neutron.port object s_rally_7244169f_DgawIUd8 (13d8614e-bdb2-4e24-a782-3a2e61ae23af)
2019-06-09 07:59:17.375 21662 RALLYDEBUG rally_openstack.cleanup.manager [-] Deleting neutron.port object s_rally_7244169f_r3I9S1fD (153caf6b-77fd-46db-9842-bdd02b59025f)
2019-06-09 07:59:17.414 21662 RALLYDEBUG rally_openstack.cleanup.manager [-] Deleting neutron.port object s_rally_7244169f_EjkPFi3r (160954d0-0fae-4b2f-8ce5-dd9d8f201c00)
2019-06-09 07:59:17.483 21662 RALLYDEBUG rally_openstack.cleanup.manager [-] Deleting neutron.port object s_rally_7244169f_v5XPifyg (18d9bb90-961c-45b6-ab7e-828370daa42e)
2019-06-09 07:59:17.527 21662 RALLYDEBUG rally_openstack.cleanup.manager [-] Deleting neutron.port object s_rally_7244169f_lakGcSHt (1b38aa10-8d7b-4252-908b-28374fa7021e)
2019-06-09 07:59:17.619 21662 RALLYDEBUG rally_openstack.cleanup.manager [-] Deleting neutron.port object s_rally_7244169f_bRRZisaC (1b5ba7ae-0d3e-4980-93cb-8aceb812f237)
2019-06-09 07:59:17.627 21662 RALLYDEBUG rally_openstack.cleanup.manager [-] Deleting neutron.port object s_rally_7244169f_UALAzcpH (1cc5e429-707e-47af-8707-4f11a306e205)
2019-06-09 07:59:17.896 21662 RALLYDEBUG rally_openstack.cleanup.manager [-] Deleting neutron.port object s_rally_7244169f_wjCOwtcO (1de773a7-ae4c-4138-aae0-c73b948cb21c)
2019-06-09 07:59:17.942 21662 RALLYDEBUG rally_openstack.cleanup.manager [-] Deleting neutron.port object s_rally_7244169f_leLkEXf6 (1e310774-6bb9-412c-97e3-25a99c435c93)
2019-06-09 07:59:18.003 21662 RALLYDEBUG rally_openstack.cleanup.manager [-] Deleting neutron.port object s_rally_7244169f_lBIssumq (1ead2862-ef20-464d-8ccb-cd5a17fe992d)
2019-06-09 07:59:18.014 21662 RALLYDEBUG rally_openstack.cleanup.manager [-] Deleting neutron.port object s_rally_7244169f_YytZMfOv (1f19275a-f70a-41d0-8800-ad9b00d1b364)
2019-06-09 07:59:18.063 21662 RALLYDEBUG rally_openstack.cleanup.manager [-] Deleting neutron.port object s_rally_7244169f_IoKJIOiY (21d3223c-5fea-4f38-a7f4-c7681a9d6946)
2019-06-09 07:59:18.085 21662 RALLYDEBUG rally_openstack.cleanup.manager [-] Deleting neutron.port object s_rally_7244169f_v2NK4or6 (22f787bb-af63-4931-abc2-c1f035ac6124)
2019-06-09 07:59:18.161 21662 RALLYDEBUG rally_openstack.cleanup.manager [-] Deleting neutron.port object s_rally_7244169f_pVf6v3tN (24ed86d0-7fbd-466c-945c-f7038e0b815a)
2019-06-09 07:59:18.459 21662 RALLYDEBUG rally_openstack.cleanup.manager [-] Deleting neutron.port object s_rally_7244169f_wfPi9Z82 (267c2384-03b2-43a3-81a0-d6780fd16fc7)
2019-06-09 07:59:18.468 21662 RALLYDEBUG rally_openstack.cleanup.manager [-] Deleting neutron.port object s_rally_7244169f_ujPe7c73 (28b11d92-c3d3-4436-87a7-1541b75c1f37)
2019-06-09 07:59:18.486 21662 RALLYDEBUG rally_openstack.cleanup.manager [-] Deleting neutron.port object s_rally_7244169f_Wg76jQ67 (29f55bbf-0a5f-4018-a07f-fba4a745a946)
2019-06-09 07:59:18.511 21662 RALLYDEBUG rally_openstack.cleanup.manager [-] Deleting neutron.port object s_rally_7244169f_FCv2Wi5n (2a90722d-3d99-45dd-9279-97720ed9be46)
2019-06-09 07:59:18.580 21662 RALLYDEBUG rally_openstack.cleanup.manager [-] Deleting neutron.port object s_rally_7244169f_GlSpUP6c (2be1be07-0c46-4d64-8b64-85e6e8569e9d)
2019-06-09 07:59:19.257 21662 RALLYDEBUG rally_openstack.cleanup.manager [-] Deleting neutron.port object s_rally_7244169f_s4kY3SPo (2e6b122a-a29d-453a-ac9f-3252d6eafac6)
2019-06-09 07:59:19.265 21662 RALLYDEBUG rally_openstack.cleanup.manager [-] Deleting neutron.port object s_rally_7244169f_JXvtoNRn (2eb2b990-d9c2-4e2b-a9e7-ff9476ae7c80)
2019-06-09 07:59:19.328 21662 RALLYDEBUG rally_openstack.cleanup.manager [-] Deleting neutron.port object s_rally_7244169f_D9GPpIzu (371e64dc-5079-40a5-966a-feac37edd307)
2019-06-09 07:59:19.482 21662 RALLYDEBUG rally_openstack.cleanup.manager [-] Deleting neutron.port object s_rally_7244169f_z3ICnRDG (38ba2fa6-0cc5-4ee9-b51b-9ced3ee265d4)
2019-06-09 07:59:19.521 21662 RALLYDEBUG rally_openstack.cleanup.manager [-] Deleting neutron.port object s_rally_7244169f_IuUr9BMd (3958d212-7f0b-4351-8557-4b1ee32f48ba)
2019-06-09 07:59:20.037 21662 RALLYDEBUG rally_openstack.cleanup.manager [-] Deleting neutron.port object s_rally_7244169f_GCFnKlMN (3ab76c63-1c52-4476-bd2e-47781ceb6d86)
2019-06-09 07:59:20.129 21662 RALLYDEBUG rally_openstack.cleanup.manager [-] Deleting neutron.port object s_rally_7244169f_aZo6sDhx (3d82820a-9abc-4760-859b-3a8f6fa7850d)
2019-06-09 07:59:20.161 21662 RALLYDEBUG rally_openstack.cleanup.manager [-] Deleting neutron.port object s_rally_7244169f_x45vjPVM (3e654c61-f18e-4fe9-b5df-db78994e91c5)
2019-06-09 07:59:20.305 21662 RALLYDEBUG rally_openstack.cleanup.manager [-] Deleting neutron.port object s_rally_7244169f_B21hcIHZ (3f6b3ce4-41d7-4443-ac1b-fe91a0608da3)
2019-06-09 07:59:20.371 21662 RALLYDEBUG rally_openstack.cleanup.manager [-] Deleting neutron.port object s_rally_7244169f_KJvFy5hP (4155857b-e5f6-4214-96dc-15152dbedcef)
2019-06-09 07:59:20.404 21662 RALLYDEBUG rally_openstack.cleanup.manager [-] Deleting neutron.port object s_rally_7244169f_954QXKKZ (42532c5d-1b01-407a-8b14-3e14bfa35c99)
2019-06-09 07:59:20.442 21662 RALLYDEBUG rally_openstack.cleanup.manager [-] Deleting neutron.port object s_rally_7244169f_nKvQSXRV (430b3b97-7de2-43e8-9c54-473aed4d58b1)
2019-06-09 07:59:20.513 21662 RALLYDEBUG rally_openstack.cleanup.manager [-] Deleting neutron.port object s_rally_7244169f_TWyGpSGV (4a3a0786-7161-4dc9-8e83-473d987c7ec2)
2019-06-09 07:59:20.524 21662 RALLYDEBUG rally_openstack.cleanup.manager [-] Deleting neutron.port object s_rally_7244169f_uzCgmSls (4aab4d07-dcb7-4315-9c67-fe2c8a6a1256)
2019-06-09 07:59:20.627 21662 RALLYDEBUG rally_openstack.cleanup.manager [-] Deleting neutron.port object s_rally_7244169f_bPJ3PofC (4b934fdf-ec28-4e05-bac5-61996d0fc1b7)
2019-06-09 07:59:20.753 21662 RALLYDEBUG rally_openstack.cleanup.manager [-] Deleting neutron.port object s_rally_7244169f_ZFjrNAtX (4f36ccb4-172b-436b-aecf-a6b3e6635b53)
2019-06-09 07:59:20.765 21662 RALLYDEBUG rally_openstack.cleanup.manager [-] Deleting neutron.port object s_rally_7244169f_hwicbkIz (4d0d397e-07ed-43b6-a7fa-3d28ac502947)
2019-06-09 07:59:20.841 21662 RALLYDEBUG rally_openstack.cleanup.manager [-] Deleting neutron.port object s_rally_7244169f_CYgwcVCe (50309bd9-e0ab-45f2-b018-0354e6920c85)
2019-06-09 07:59:20.944 21662 RALLYDEBUG rally_openstack.cleanup.manager [-] Deleting neutron.port object s_rally_7244169f_3MNMzmaW (50ac93e8-f413-44f3-ab32-547280bab0a7)
2019-06-09 07:59:21.082 21662 RALLYDEBUG rally_openstack.cleanup.manager [-] Deleting neutron.port object s_rally_7244169f_MYICTHLD (51e1f3c2-7097-4953-a33f-50f794954701)
2019-06-09 07:59:21.107 21662 RALLYDEBUG rally_openstack.cleanup.manager [-] Deleting neutron.port object s_rally_7244169f_VZsrcaso (52c25caf-6703-4d1f-8ac0-919f7451205d)
2019-06-09 07:59:21.248 21662 RALLYDEBUG rally_openstack.cleanup.manager [-] Deleting neutron.port object s_rally_7244169f_7B01VBhg (53d46b1f-fd34-48de-aff8-b400c6be1f69)
2019-06-09 07:59:21.434 21662 RALLYDEBUG rally_openstack.cleanup.manager [-] Deleting neutron.port object s_rally_7244169f_iy0qrcBU (54e4aba8-3f54-4dbe-b00c-917abe8c71bc)
2019-06-09 07:59:21.486 21662 RALLYDEBUG rally_openstack.cleanup.manager [-] Deleting neutron.port object s_rally_7244169f_XZCoOaYO (555e5e40-c125-41dc-86dc-6ba4c63df1f5)
2019-06-09 07:59:21.629 21662 RALLYDEBUG rally_openstack.cleanup.manager [-] Deleting neutron.port object s_rally_7244169f_QcfLlpFv (5672d40f-9bca-48b9-8598-4ac5a5573ead)
2019-06-09 07:59:21.990 21662 RALLYDEBUG rally_openstack.cleanup.manager [-] Deleting neutron.port object s_rally_7244169f_1Glz5MAR (56924de5-ffb6-4908-84c3-5d59029099df)
2019-06-09 07:59:22.203 21662 RALLYDEBUG rally_openstack.cleanup.manager [-] Deleting neutron.port object s_rally_7244169f_7ONyDytO (593d841f-cbe7-4e16-9e6c-06f3ab84205f)
