2019-06-09 07:50:30.909 23768 RALLYDEBUG rally.task.runner [-] Starting a worker. concurrency: 1 args: {"network_create_args": {}, "subnet_create_args": {}, "subnet_cidr_start": "1.1.0.0/30", "subnets_per_network": 2} times: 40 method_name: run timeout: 0 duration: None cls:
2019-06-09 07:50:30.912 23764 WARNING rally_openstack.scenarios.neutron.utils [-] Running this scenario without either the 'network' or 'existing_network' context is deprecated
2019-06-09 07:50:30.913 23756 INFO rally.task.runner [-] Task 188e2494-31a8-4d8c-83f5-5e4cd75fa028 | ITER: 3 START
2019-06-09 07:50:30.909 23758 INFO rally.task.runner [-] Task 188e2494-31a8-4d8c-83f5-5e4cd75fa028 | ITER: 6 START
2019-06-09 07:50:30.915 23756 WARNING rally_openstack.scenarios.neutron.utils [-] Running this scenario without either the 'network' or 'existing_network' context is deprecated
2019-06-09 07:50:30.917 23768 INFO rally.task.runner [-] Task 188e2494-31a8-4d8c-83f5-5e4cd75fa028 | ITER: 11 START
2019-06-09 07:50:30.917 23775 RALLYDEBUG rally.task.runner [-] Starting a worker. concurrency: 1 args: {"network_create_args": {}, "subnet_create_args": {}, "subnet_cidr_start": "1.1.0.0/30", "subnets_per_network": 2} times: 40 method_name: run timeout: 0 duration: None cls:
2019-06-09 07:50:30.917 23757 INFO rally.task.runner [-] Task 188e2494-31a8-4d8c-83f5-5e4cd75fa028 | ITER: 5 START
2019-06-09 07:50:30.918 23758 WARNING rally_openstack.scenarios.neutron.utils [-] Running this scenario without either the 'network' or 'existing_network' context is deprecated
2019-06-09 07:50:30.918 23757 WARNING rally_openstack.scenarios.neutron.utils [-] Running this scenario without either the 'network' or 'existing_network' context is deprecated
2019-06-09 07:50:30.919 23768 WARNING rally_openstack.scenarios.neutron.utils [-] Running this scenario without either the 'network' or 'existing_network' context is deprecated
2019-06-09 07:50:30.920 23759 INFO rally.task.runner [-] Task 188e2494-31a8-4d8c-83f5-5e4cd75fa028 | ITER: 9 START
2019-06-09 07:50:30.922 23759 WARNING rally_openstack.scenarios.neutron.utils [-] Running this scenario without either the 'network' or 'existing_network' context is deprecated
2019-06-09 07:50:30.922 23779 RALLYDEBUG rally.task.runner [-] Starting a worker. concurrency: 1 args: {"network_create_args": {}, "subnet_create_args": {}, "subnet_cidr_start": "1.1.0.0/30", "subnets_per_network": 2} times: 40 method_name: run timeout: 0 duration: None cls:
2019-06-09 07:50:30.924 23775 INFO rally.task.runner [-] Task 188e2494-31a8-4d8c-83f5-5e4cd75fa028 | ITER: 12 START
2019-06-09 07:50:30.926 23775 WARNING rally_openstack.scenarios.neutron.utils [-] Running this scenario without either the 'network' or 'existing_network' context is deprecated
2019-06-09 07:50:30.926 23783 RALLYDEBUG rally.task.runner [-] Starting a worker. concurrency: 1 args: {"network_create_args": {}, "subnet_create_args": {}, "subnet_cidr_start": "1.1.0.0/30", "subnets_per_network": 2} times: 40 method_name: run timeout: 0 duration: None cls:
2019-06-09 07:50:30.929 23779 INFO rally.task.runner [-] Task 188e2494-31a8-4d8c-83f5-5e4cd75fa028 | ITER: 13 START
2019-06-09 07:50:30.931 23779 WARNING rally_openstack.scenarios.neutron.utils [-] Running this scenario without either the 'network' or 'existing_network' context is deprecated
2019-06-09 07:50:30.933 23783 INFO rally.task.runner [-] Task 188e2494-31a8-4d8c-83f5-5e4cd75fa028 | ITER: 14 START
2019-06-09 07:50:30.935 23783 WARNING rally_openstack.scenarios.neutron.utils [-] Running this scenario without either the 'network' or 'existing_network' context is deprecated
2019-06-09 07:50:30.936 23786 RALLYDEBUG rally.task.runner [-] Starting a worker. concurrency: 1 args: {"network_create_args": {}, "subnet_create_args": {}, "subnet_cidr_start": "1.1.0.0/30", "subnets_per_network": 2} times: 40 method_name: run timeout: 0 duration: None cls:
2019-06-09 07:50:30.944 23786 INFO rally.task.runner [-] Task 188e2494-31a8-4d8c-83f5-5e4cd75fa028 | ITER: 15 START
2019-06-09 07:50:30.944 23791 RALLYDEBUG rally.task.runner [-] Starting a worker. concurrency: 1 args: {"network_create_args": {}, "subnet_create_args": {}, "subnet_cidr_start": "1.1.0.0/30", "subnets_per_network": 2} times: 40 method_name: run timeout: 0 duration: None cls:
2019-06-09 07:50:30.946 23786 WARNING rally_openstack.scenarios.neutron.utils [-] Running this scenario without either the 'network' or 'existing_network' context is deprecated
2019-06-09 07:50:30.951 23791 INFO rally.task.runner [-] Task 188e2494-31a8-4d8c-83f5-5e4cd75fa028 | ITER: 16 START
2019-06-09 07:50:30.950 23792 RALLYDEBUG rally.task.runner [-] Starting a worker. concurrency: 1 args: {"network_create_args": {}, "subnet_create_args": {}, "subnet_cidr_start": "1.1.0.0/30", "subnets_per_network": 2} times: 40 method_name: run timeout: 0 duration: None cls:
2019-06-09 07:50:30.952 23791 WARNING rally_openstack.scenarios.neutron.utils [-] Running this scenario without either the 'network' or 'existing_network' context is deprecated
2019-06-09 07:50:30.956 23796 RALLYDEBUG rally.task.runner [-] Starting a worker. concurrency: 1 args: {"network_create_args": {}, "subnet_create_args": {}, "subnet_cidr_start": "1.1.0.0/30", "subnets_per_network": 2} times: 40 method_name: run timeout: 0 duration: None cls:
2019-06-09 07:50:30.958 23792 INFO rally.task.runner [-] Task 188e2494-31a8-4d8c-83f5-5e4cd75fa028 | ITER: 17 START
2019-06-09 07:50:30.960 23792 WARNING rally_openstack.scenarios.neutron.utils [-] Running this scenario without either the 'network' or 'existing_network' context is deprecated
2019-06-09 07:50:30.962 23796 INFO rally.task.runner [-] Task 188e2494-31a8-4d8c-83f5-5e4cd75fa028 | ITER: 18 START
2019-06-09 07:50:30.963 23799 RALLYDEBUG rally.task.runner [-] Starting a worker. concurrency: 1 args: {"network_create_args": {}, "subnet_create_args": {}, "subnet_cidr_start": "1.1.0.0/30", "subnets_per_network": 2} times: 40 method_name: run timeout: 0 duration: None cls:
2019-06-09 07:50:30.963 23796 WARNING rally_openstack.scenarios.neutron.utils [-] Running this scenario without either the 'network' or 'existing_network' context is deprecated
2019-06-09 07:50:30.967 23803 RALLYDEBUG rally.task.runner [-] Starting a worker. concurrency: 1 args: {"network_create_args": {}, "subnet_create_args": {}, "subnet_cidr_start": "1.1.0.0/30", "subnets_per_network": 2} times: 40 method_name: run timeout: 0 duration: None cls:
2019-06-09 07:50:30.968 23799 INFO rally.task.runner [-] Task 188e2494-31a8-4d8c-83f5-5e4cd75fa028 | ITER: 19 START
2019-06-09 07:50:30.969 23799 WARNING rally_openstack.scenarios.neutron.utils [-] Running this scenario without either the 'network' or 'existing_network' context is deprecated
2019-06-09 07:50:30.971 23803 INFO rally.task.runner [-] Task 188e2494-31a8-4d8c-83f5-5e4cd75fa028 | ITER: 20 START
2019-06-09 07:50:30.972 23803 WARNING rally_openstack.scenarios.neutron.utils [-] Running this scenario without either the 'network' or 'existing_network' context is deprecated
2019-06-09 07:50:31.847 23775 RALLYDEBUG rally_openstack.wrappers.network [-] CIDR generated: 1.1.4.96/30
2019-06-09 07:50:31.872 23759 RALLYDEBUG rally_openstack.wrappers.network [-] CIDR generated: 1.1.4.100/30
2019-06-09 07:50:31.902 23768 RALLYDEBUG rally_openstack.wrappers.network [-] CIDR generated: 1.1.4.104/30
2019-06-09 07:50:31.935 23758 RALLYDEBUG rally_openstack.wrappers.network [-] CIDR generated: 1.1.4.108/30
2019-06-09 07:50:31.935 23792 RALLYDEBUG rally_openstack.wrappers.network [-] CIDR generated: 1.1.4.112/30
2019-06-09 07:50:31.975 23757 RALLYDEBUG rally_openstack.wrappers.network [-] CIDR generated: 1.1.4.116/30
2019-06-09 07:50:31.977 23783 RALLYDEBUG rally_openstack.wrappers.network [-] CIDR generated: 1.1.4.120/30
2019-06-09 07:50:32.041 23803 RALLYDEBUG rally_openstack.wrappers.network [-] CIDR generated: 1.1.4.124/30
2019-06-09 07:50:32.053 23786 RALLYDEBUG rally_openstack.wrappers.network [-] CIDR generated: 1.1.4.128/30
2019-06-09 07:50:32.084 23779 RALLYDEBUG rally_openstack.wrappers.network [-] CIDR generated: 1.1.4.132/30
2019-06-09 07:50:32.106 23756 RALLYDEBUG rally_openstack.wrappers.network [-] CIDR generated: 1.1.4.136/30
2019-06-09 07:50:32.133 23756 RALLYDEBUG rally_openstack.wrappers.network [-] CIDR generated: 1.1.4.140/30
2019-06-09 07:50:32.144 23758 RALLYDEBUG rally_openstack.wrappers.network [-] CIDR generated: 1.1.4.144/30
2019-06-09 07:50:32.186 23764 RALLYDEBUG rally_openstack.wrappers.network [-] CIDR generated: 1.1.4.148/30
2019-06-09 07:50:32.188 23760 RALLYDEBUG rally_openstack.wrappers.network [-] CIDR generated: 1.1.4.152/30
2019-06-09 07:50:32.351 23791 RALLYDEBUG rally_openstack.wrappers.network [-] CIDR generated: 1.1.4.156/30
2019-06-09 07:50:32.358 23796 RALLYDEBUG rally_openstack.wrappers.network [-] CIDR generated: 1.1.4.160/30
2019-06-09 07:50:32.402 23799 RALLYDEBUG rally_openstack.wrappers.network [-] CIDR generated: 1.1.4.164/30
2019-06-09 07:50:32.705 23759 RALLYDEBUG rally_openstack.wrappers.network [-] CIDR generated: 1.1.4.168/30
2019-06-09 07:50:33.091 23757 RALLYDEBUG rally_openstack.wrappers.network [-] CIDR generated: 1.1.4.172/30
2019-06-09 07:50:33.103 23757 RALLYDEBUG rally_openstack.wrappers.network [-] CIDR generated: 1.1.4.176/30
2019-06-09 07:50:33.138 23775 RALLYDEBUG rally_openstack.wrappers.network [-] CIDR generated: 1.1.4.180/30
2019-06-09 07:50:33.506 23759 RALLYDEBUG rally_openstack.wrappers.network [-] CIDR generated: 1.1.4.184/30
2019-06-09 07:50:33.570 23779 RALLYDEBUG rally_openstack.wrappers.network [-] CIDR generated: 1.1.4.188/30
2019-06-09 07:50:33.676 23799 RALLYDEBUG rally_openstack.wrappers.network [-] CIDR generated: 1.1.4.192/30
2019-06-09 07:50:34.030 23768 RALLYDEBUG rally_openstack.wrappers.network [-] CIDR generated: 1.1.4.196/30
2019-06-09 07:50:34.079 23757 RALLYDEBUG rally_openstack.wrappers.network [-] CIDR generated: 1.1.4.200/30
2019-06-09 07:50:34.136 23758 RALLYDEBUG rally_openstack.wrappers.network [-] CIDR generated: 1.1.4.204/30
2019-06-09 07:50:34.201 23758 RALLYDEBUG rally_openstack.wrappers.network [-] CIDR generated: 1.1.4.208/30
2019-06-09 07:50:34.288 23756 RALLYDEBUG rally_openstack.wrappers.network [-] CIDR generated: 1.1.4.212/30
2019-06-09 07:50:34.363 23783 RALLYDEBUG rally_openstack.wrappers.network [-] CIDR generated: 1.1.4.216/30
2019-06-09 07:50:34.648 23791 RALLYDEBUG rally_openstack.wrappers.network [-] CIDR generated: 1.1.4.220/30
2019-06-09 07:50:34.650 23786 RALLYDEBUG rally_openstack.wrappers.network [-] CIDR generated: 1.1.4.224/30
2019-06-09 07:50:34.907 23756 RALLYDEBUG rally_openstack.wrappers.network [-] CIDR generated: 1.1.4.228/30
2019-06-09 07:50:34.966 23759 RALLYDEBUG rally_openstack.wrappers.network [-] CIDR generated: 1.1.4.232/30
2019-06-09 07:50:35.077 23760 RALLYDEBUG rally_openstack.wrappers.network [-] CIDR generated: 1.1.4.236/30
2019-06-09 07:50:35.516 23764 RALLYDEBUG rally_openstack.wrappers.network [-] CIDR generated: 1.1.4.240/30
2019-06-09 07:50:36.234 23796 RALLYDEBUG rally_openstack.wrappers.network [-] CIDR generated: 1.1.4.244/30
2019-06-09 07:50:36.777 23757 INFO rally.task.runner [-] Task 188e2494-31a8-4d8c-83f5-5e4cd75fa028 | ITER: 5 END: OK
2019-06-09 07:50:36.782 23757 INFO rally.task.runner [-] Task 188e2494-31a8-4d8c-83f5-5e4cd75fa028 | ITER: 21 START
2019-06-09 07:50:36.782 23757 WARNING rally_openstack.scenarios.neutron.utils [-] Running this scenario without either the 'network' or 'existing_network' context is deprecated
2019-06-09 07:50:36.942 23756 INFO rally.task.runner [-] Task 188e2494-31a8-4d8c-83f5-5e4cd75fa028 | ITER: 1 END: OK
2019-06-09 07:50:36.947 23756 INFO rally.task.runner [-] Task 188e2494-31a8-4d8c-83f5-5e4cd75fa028 | ITER: 22 START
2019-06-09 07:50:36.948 23756 WARNING rally_openstack.scenarios.neutron.utils [-] Running this scenario without either the 'network' or 'existing_network' context is deprecated
2019-06-09 07:50:37.191 23759 INFO rally.task.runner [-] Task 188e2494-31a8-4d8c-83f5-5e4cd75fa028 | ITER: 9 END: OK
2019-06-09 07:50:37.196 23759 INFO rally.task.runner [-] Task 188e2494-31a8-4d8c-83f5-5e4cd75fa028 | ITER: 23 START
2019-06-09 07:50:37.197 23759 WARNING rally_openstack.scenarios.neutron.utils [-] Running this scenario without either the 'network' or 'existing_network' context is deprecated
2019-06-09 07:50:37.276 23799 INFO rally.task.runner [-] Task 188e2494-31a8-4d8c-83f5-5e4cd75fa028 | ITER: 19 END: OK
2019-06-09 07:50:37.280 23799 INFO rally.task.runner [-] Task 188e2494-31a8-4d8c-83f5-5e4cd75fa028 | ITER: 24 START
2019-06-09 07:50:37.281 23799 WARNING rally_openstack.scenarios.neutron.utils [-] Running this scenario without either the 'network' or 'existing_network' context is deprecated
2019-06-09 07:50:37.433 23757 RALLYDEBUG rally_openstack.wrappers.network [-] CIDR generated: 1.1.4.248/30
2019-06-09 07:50:37.459 23792 RALLYDEBUG rally_openstack.wrappers.network [-] CIDR generated: 1.1.4.252/30
2019-06-09 07:50:37.495 23775 INFO rally.task.runner [-] Task 188e2494-31a8-4d8c-83f5-5e4cd75fa028 | ITER: 12 END: OK
2019-06-09 07:50:37.499 23775 INFO rally.task.runner [-] Task 188e2494-31a8-4d8c-83f5-5e4cd75fa028 | ITER: 25 START
2019-06-09 07:50:37.500 23775 WARNING rally_openstack.scenarios.neutron.utils [-] Running this scenario without either the 'network' or 'existing_network' context is deprecated
2019-06-09 07:50:37.638 23803 RALLYDEBUG rally_openstack.wrappers.network [-] CIDR generated: 1.1.5.0/30
2019-06-09 07:50:38.142 23799 RALLYDEBUG rally_openstack.wrappers.network [-] CIDR generated: 1.1.5.4/30
2019-06-09 07:50:38.323 23775 RALLYDEBUG rally_openstack.wrappers.network [-] CIDR generated: 1.1.5.8/30
2019-06-09 07:50:38.720 23757 RALLYDEBUG rally_openstack.wrappers.network [-] CIDR generated: 1.1.5.12/30
2019-06-09 07:50:39.015 23759 RALLYDEBUG rally_openstack.wrappers.network [-] CIDR generated: 1.1.5.16/30
2019-06-09 07:50:39.508 23756 RALLYDEBUG rally_openstack.wrappers.network [-] CIDR generated: 1.1.5.20/30
2019-06-09 07:50:39.703 23759 RALLYDEBUG rally_openstack.wrappers.network [-] CIDR generated: 1.1.5.24/30
2019-06-09 07:50:40.075 23803 INFO rally.task.runner [-] Task 188e2494-31a8-4d8c-83f5-5e4cd75fa028 | ITER: 20 END: OK
2019-06-09 07:50:40.080 23803 INFO rally.task.runner [-] Task 188e2494-31a8-4d8c-83f5-5e4cd75fa028 | ITER: 26 START
2019-06-09 07:50:40.080 23803 WARNING rally_openstack.scenarios.neutron.utils [-] Running this scenario without either the 'network' or 'existing_network' context is deprecated
2019-06-09 07:50:40.289 23775 RALLYDEBUG rally_openstack.wrappers.network [-] CIDR generated: 1.1.5.28/30
2019-06-09 07:50:40.612 23791 INFO rally.task.runner [-] Task 188e2494-31a8-4d8c-83f5-5e4cd75fa028 | ITER: 16 END: OK
2019-06-09 07:50:40.616 23791 INFO rally.task.runner [-] Task 188e2494-31a8-4d8c-83f5-5e4cd75fa028 | ITER: 27 START
2019-06-09 07:50:40.617 23791 WARNING rally_openstack.scenarios.neutron.utils [-] Running this scenario without either the 'network' or 'existing_network' context is deprecated
2019-06-09 07:50:40.746 23803 RALLYDEBUG rally_openstack.wrappers.network [-] CIDR generated: 1.1.5.32/30
2019-06-09 07:50:41.614 23796 INFO rally.task.runner [-] Task 188e2494-31a8-4d8c-83f5-5e4cd75fa028 | ITER: 18 END: OK
2019-06-09 07:50:41.619 23796 INFO rally.task.runner [-] Task 188e2494-31a8-4d8c-83f5-5e4cd75fa028 | ITER: 28 START
2019-06-09 07:50:41.620 23796 WARNING rally_openstack.scenarios.neutron.utils [-] Running this scenario without either the 'network' or 'existing_network' context is deprecated
2019-06-09 07:50:41.919 23759 INFO rally.task.runner [-] Task 188e2494-31a8-4d8c-83f5-5e4cd75fa028 | ITER: 7 END: OK
2019-06-09 07:50:41.923 23759 INFO rally.task.runner [-] Task 188e2494-31a8-4d8c-83f5-5e4cd75fa028 | ITER: 29 START
2019-06-09 07:50:41.924 23759 WARNING rally_openstack.scenarios.neutron.utils [-] Running this scenario without either the 'network' or 'existing_network' context is deprecated
2019-06-09 07:50:42.000 23764 INFO rally.task.runner [-] Task 188e2494-31a8-4d8c-83f5-5e4cd75fa028 | ITER: 10 END: OK
2019-06-09 07:50:42.005 23764 INFO rally.task.runner [-] Task 188e2494-31a8-4d8c-83f5-5e4cd75fa028 | ITER: 30 START
2019-06-09 07:50:42.005 23764 WARNING rally_openstack.scenarios.neutron.utils [-] Running this scenario without either the 'network' or 'existing_network' context is deprecated
2019-06-09 07:50:42.500 23775 INFO rally.task.runner [-] Task 188e2494-31a8-4d8c-83f5-5e4cd75fa028 | ITER: 25 END: OK
2019-06-09 07:50:42.504 23775 INFO rally.task.runner [-] Task 188e2494-31a8-4d8c-83f5-5e4cd75fa028 | ITER: 31 START
2019-06-09 07:50:42.505 23775 WARNING rally_openstack.scenarios.neutron.utils [-] Running this scenario without either the 'network' or 'existing_network' context is deprecated
2019-06-09 07:50:42.521 23759 INFO rally.task.runner [-] Task 188e2494-31a8-4d8c-83f5-5e4cd75fa028 | ITER: 23 END: OK
2019-06-09 07:50:42.524 23759 INFO rally.task.runner [-] Task 188e2494-31a8-4d8c-83f5-5e4cd75fa028 | ITER: 32 START
2019-06-09 07:50:42.525 23759 WARNING rally_openstack.scenarios.neutron.utils [-] Running this scenario without either the 'network' or 'existing_network' context is deprecated
2019-06-09 07:50:42.595 23759 RALLYDEBUG rally_openstack.wrappers.network [-] CIDR generated: 1.1.5.36/30
2019-06-09 07:50:42.937 23791 RALLYDEBUG rally_openstack.wrappers.network [-] CIDR generated: 1.1.5.40/30
2019-06-09 07:50:43.310 23759 RALLYDEBUG rally_openstack.wrappers.network [-] CIDR generated: 1.1.5.44/30
2019-06-09 07:50:43.389 23759 RALLYDEBUG rally_openstack.wrappers.network [-] CIDR generated: 1.1.5.48/30
2019-06-09 07:50:43.740 23796 RALLYDEBUG rally_openstack.wrappers.network [-] CIDR generated: 1.1.5.52/30
2019-06-09 07:50:43.744 23791 RALLYDEBUG rally_openstack.wrappers.network [-] CIDR generated: 1.1.5.56/30
2019-06-09 07:50:43.912 23775 RALLYDEBUG rally_openstack.wrappers.network [-] CIDR generated: 1.1.5.60/30
2019-06-09 07:50:44.366 23786 INFO rally.task.runner [-] Task 188e2494-31a8-4d8c-83f5-5e4cd75fa028 | ITER: 15 END: OK
2019-06-09 07:50:44.371 23786 INFO rally.task.runner [-] Task 188e2494-31a8-4d8c-83f5-5e4cd75fa028 | ITER: 33 START
2019-06-09 07:50:44.372 23786 WARNING rally_openstack.scenarios.neutron.utils [-] Running this scenario without either the 'network' or 'existing_network' context is deprecated
2019-06-09 07:50:44.539 23796 RALLYDEBUG rally_openstack.wrappers.network [-] CIDR generated: 1.1.5.64/30
2019-06-09 07:50:44.689 23756 RALLYDEBUG rally_openstack.wrappers.network [-] CIDR generated: 1.1.5.68/30
2019-06-09 07:50:44.701 23803 RALLYDEBUG rally_openstack.wrappers.network [-] CIDR generated: 1.1.5.72/30
2019-06-09 07:50:44.897 23764 RALLYDEBUG rally_openstack.wrappers.network [-] CIDR generated: 1.1.5.76/30
2019-06-09 07:50:45.814 23799 RALLYDEBUG rally_openstack.wrappers.network [-] CIDR generated: 1.1.5.80/30
2019-06-09 07:50:45.940 23786 RALLYDEBUG rally_openstack.wrappers.network [-] CIDR generated: 1.1.5.84/30
2019-06-09 07:50:45.998 23764 RALLYDEBUG rally_openstack.wrappers.network [-] CIDR generated: 1.1.5.88/30
2019-06-09 07:50:46.555 23760 INFO rally.task.runner [-] Task 188e2494-31a8-4d8c-83f5-5e4cd75fa028 | ITER: 8 END: OK
2019-06-09 07:50:46.559 23760 INFO rally.task.runner [-] Task 188e2494-31a8-4d8c-83f5-5e4cd75fa028 | ITER: 34 START
2019-06-09 07:50:46.560 23760 WARNING rally_openstack.scenarios.neutron.utils [-] Running this scenario without either the 'network' or 'existing_network' context is deprecated
2019-06-09 07:50:46.778 23768 INFO rally.task.runner [-] Task 188e2494-31a8-4d8c-83f5-5e4cd75fa028 | ITER: 11 END: OK
2019-06-09 07:50:46.782 23768 INFO rally.task.runner [-] Task 188e2494-31a8-4d8c-83f5-5e4cd75fa028 | ITER: 35 START
2019-06-09 07:50:46.783 23768 WARNING rally_openstack.scenarios.neutron.utils [-] Running this scenario without either the 'network' or 'existing_network' context is deprecated
2019-06-09 07:50:46.803 23759 INFO rally.task.runner [-] Task 188e2494-31a8-4d8c-83f5-5e4cd75fa028 | ITER: 29 END: OK
2019-06-09 07:50:46.806 23759 INFO rally.task.runner [-] Task 188e2494-31a8-4d8c-83f5-5e4cd75fa028 | ITER: 36 START
2019-06-09 07:50:46.807 23759 WARNING rally_openstack.scenarios.neutron.utils [-] Running this scenario without either the 'network' or 'existing_network' context is deprecated
2019-06-09 07:50:46.887 23786 RALLYDEBUG rally_openstack.wrappers.network [-] CIDR generated: 1.1.5.92/30
2019-06-09 07:50:47.389 23779 INFO rally.task.runner [-] Task 188e2494-31a8-4d8c-83f5-5e4cd75fa028 | ITER: 13 END: OK
2019-06-09 07:50:47.394 23779 INFO rally.task.runner [-] Task 188e2494-31a8-4d8c-83f5-5e4cd75fa028 | ITER: 37 START
2019-06-09 07:50:47.394 23779 WARNING rally_openstack.scenarios.neutron.utils [-] Running this scenario without either the 'network' or 'existing_network' context is deprecated
2019-06-09 07:50:47.504 23768 RALLYDEBUG rally_openstack.wrappers.network [-] CIDR generated: 1.1.5.96/30
2019-06-09 07:50:47.558 23759 RALLYDEBUG rally_openstack.wrappers.network [-] CIDR generated: 1.1.5.100/30
2019-06-09 07:50:47.973 23779 RALLYDEBUG rally_openstack.wrappers.network [-] CIDR generated: 1.1.5.104/30
2019-06-09 07:50:48.295 23759 RALLYDEBUG rally_openstack.wrappers.network [-] CIDR generated: 1.1.5.108/30
2019-06-09 07:50:48.339 23803 INFO rally.task.runner [-] Task 188e2494-31a8-4d8c-83f5-5e4cd75fa028 | ITER: 26 END: OK
2019-06-09 07:50:48.342 23803 INFO rally.task.runner [-] Task 188e2494-31a8-4d8c-83f5-5e4cd75fa028 | ITER: 38 START
2019-06-09 07:50:48.343 23803 WARNING rally_openstack.scenarios.neutron.utils [-] Running this scenario without either the 'network' or 'existing_network' context is deprecated
2019-06-09 07:50:48.531 23791 INFO rally.task.runner [-] Task 188e2494-31a8-4d8c-83f5-5e4cd75fa028 | ITER: 27 END: OK
2019-06-09 07:50:48.536 23791 INFO rally.task.runner [-] Task 188e2494-31a8-4d8c-83f5-5e4cd75fa028 | ITER: 39 START
2019-06-09 07:50:48.536 23791 WARNING rally_openstack.scenarios.neutron.utils [-] Running this scenario without either the 'network' or 'existing_network' context is deprecated
2019-06-09 07:50:48.597 23760 RALLYDEBUG rally_openstack.wrappers.network [-] CIDR generated: 1.1.5.112/30
2019-06-09 07:50:49.141 23759 RALLYDEBUG rally_openstack.wrappers.network [-] CIDR generated: 1.1.5.116/30
2019-06-09 07:50:49.241 23791 RALLYDEBUG rally_openstack.wrappers.network [-] CIDR generated: 1.1.5.120/30
2019-06-09 07:50:49.617 23803 RALLYDEBUG rally_openstack.wrappers.network [-] CIDR generated: 1.1.5.124/30
2019-06-09 07:50:49.738 23760 RALLYDEBUG rally_openstack.wrappers.network [-] CIDR generated: 1.1.5.128/30
2019-06-09 07:50:49.988 23791 RALLYDEBUG rally_openstack.wrappers.network [-] CIDR generated: 1.1.5.132/30
2019-06-09 07:50:50.293 23796 INFO rally.task.runner [-] Task 188e2494-31a8-4d8c-83f5-5e4cd75fa028 | ITER: 28 END: OK
2019-06-09 07:50:50.297 23796 INFO rally.task.runner [-] Task 188e2494-31a8-4d8c-83f5-5e4cd75fa028 | ITER: 40 START
2019-06-09 07:50:50.298 23796 WARNING rally_openstack.scenarios.neutron.utils [-] Running this scenario without either the 'network' or 'existing_network' context is deprecated
2019-06-09 07:50:50.757 23757 INFO rally.task.runner [-] Task 188e2494-31a8-4d8c-83f5-5e4cd75fa028 | ITER: 21 END: OK
2019-06-09 07:50:50.896 23758 INFO rally.task.runner [-] Task 188e2494-31a8-4d8c-83f5-5e4cd75fa028 | ITER: 4 END: OK
2019-06-09 07:50:51.196 23775 RALLYDEBUG rally_openstack.wrappers.network [-] CIDR generated: 1.1.5.136/30
2019-06-09 07:50:51.285 23796 RALLYDEBUG rally_openstack.wrappers.network [-] CIDR generated: 1.1.5.140/30
2019-06-09 07:50:51.577 23768 RALLYDEBUG rally_openstack.wrappers.network [-] CIDR generated: 1.1.5.144/30
2019-06-09 07:50:51.722 23756 INFO rally.task.runner [-] Task 188e2494-31a8-4d8c-83f5-5e4cd75fa028 | ITER: 3 END: OK
2019-06-09 07:50:51.853 23783 INFO rally.task.runner [-] Task 188e2494-31a8-4d8c-83f5-5e4cd75fa028 | ITER: 14 END: OK
2019-06-09 07:50:52.292 23791 INFO rally.task.runner [-] Task 188e2494-31a8-4d8c-83f5-5e4cd75fa028 | ITER: 39 END: OK
2019-06-09 07:50:52.314 23796 RALLYDEBUG rally_openstack.wrappers.network [-] CIDR generated: 1.1.5.148/30
2019-06-09 07:50:52.510 23792 INFO rally.task.runner [-] Task 188e2494-31a8-4d8c-83f5-5e4cd75fa028 | ITER: 17 END: OK
2019-06-09 07:50:53.387 23799 INFO rally.task.runner [-] Task 188e2494-31a8-4d8c-83f5-5e4cd75fa028 | ITER: 24 END: OK
2019-06-09 07:50:53.403 23756 INFO rally.task.runner [-] Task 188e2494-31a8-4d8c-83f5-5e4cd75fa028 | ITER: 22 END: OK
2019-06-09 07:50:53.717 23757 INFO rally.task.runner [-] Task 188e2494-31a8-4d8c-83f5-5e4cd75fa028 | ITER: 2 END: OK
2019-06-09 07:50:54.222 23779 RALLYDEBUG rally_openstack.wrappers.network [-] CIDR generated: 1.1.5.152/30
2019-06-09 07:50:54.457 23760 INFO rally.task.runner [-] Task 188e2494-31a8-4d8c-83f5-5e4cd75fa028 | ITER: 34 END: OK
2019-06-09 07:50:54.849 23758 INFO rally.task.runner [-] Task 188e2494-31a8-4d8c-83f5-5e4cd75fa028 | ITER: 6 END: OK
2019-06-09 07:50:54.862 23803 RALLYDEBUG rally_openstack.wrappers.network [-] CIDR generated: 1.1.5.156/30
2019-06-09 07:50:55.553 23764 INFO rally.task.runner [-] Task 188e2494-31a8-4d8c-83f5-5e4cd75fa028 | ITER: 30 END: OK
2019-06-09 07:50:55.938 23768 INFO rally.task.runner [-] Task 188e2494-31a8-4d8c-83f5-5e4cd75fa028 | ITER: 35 END: OK
2019-06-09 07:50:55.968 23759 INFO rally.task.runner [-] Task 188e2494-31a8-4d8c-83f5-5e4cd75fa028 | ITER: 32 END: OK
2019-06-09 07:50:56.521 23786 INFO rally.task.runner [-] Task 188e2494-31a8-4d8c-83f5-5e4cd75fa028 | ITER: 33 END: OK
2019-06-09 07:50:57.457 23779 INFO rally.task.runner [-] Task 188e2494-31a8-4d8c-83f5-5e4cd75fa028 | ITER: 37 END: OK
2019-06-09 07:50:57.488 23775 INFO rally.task.runner [-] Task 188e2494-31a8-4d8c-83f5-5e4cd75fa028 | ITER: 31 END: OK
2019-06-09 07:50:57.937 23759 INFO rally.task.runner [-] Task 188e2494-31a8-4d8c-83f5-5e4cd75fa028 | ITER: 36 END: OK
2019-06-09 07:50:58.362 23803 INFO rally.task.runner [-] Task 188e2494-31a8-4d8c-83f5-5e4cd75fa028 | ITER: 38 END: OK
2019-06-09 07:50:58.391 23796 INFO rally.task.runner [-] Task 188e2494-31a8-4d8c-83f5-5e4cd75fa028 | ITER: 40 END: OK
2019-06-09 07:50:58.415 21662 INFO rally.task.context [-] Task 188e2494-31a8-4d8c-83f5-5e4cd75fa028 | Context cleanup@openstack cleanup() started
2019-06-09 07:50:58.418 21662 RALLYDEBUG rally_openstack.cleanup.manager [-] Cleaning up neutron vip objects
2019-06-09 07:50:58.811 21662 RALLYDEBUG rally_openstack.cleanup.manager [-] Cleaning up neutron health_monitor objects
2019-06-09 07:50:59.202 21662 RALLYDEBUG rally_openstack.cleanup.manager [-] Cleaning up neutron pool objects
2019-06-09 07:50:59.598 21662 RALLYDEBUG rally_openstack.cleanup.manager [-] Cleaning up neutron loadbalancer objects
2019-06-09 07:50:59.991 21662 RALLYDEBUG rally_openstack.cleanup.manager [-] Cleaning up neutron floatingip objects
2019-06-09 07:51:00.441 21662 RALLYDEBUG rally_openstack.cleanup.manager [-] Cleaning up neutron port objects
2019-06-09 07:51:00.937 21662 RALLYDEBUG rally_openstack.cleanup.manager [-] Cleaning up neutron subnet objects
2019-06-09 07:51:01.368 21662 RALLYDEBUG rally_openstack.cleanup.manager [-] Cleaning up neutron network objects
2019-06-09 07:51:01.916 21662 RALLYDEBUG rally_openstack.cleanup.manager [-] Deleting neutron.network object s_rally_9a175ed6_0u4A6Smf (04fabb68-2e6c-4733-ac04-cb37bd23a730)
2019-06-09 07:51:01.926 21662 RALLYDEBUG rally_openstack.cleanup.manager [-] Deleting neutron.network object s_rally_9a175ed6_z51iRoPb (06f282eb-93d3-43c5-ab5f-c062f327e99e)
2019-06-09 07:51:01.942 21662 RALLYDEBUG rally_openstack.cleanup.manager [-] Deleting neutron.network object s_rally_9a175ed6_MAIc8vv9 (130643ba-9012-4ca1-bcfc-7d4191f1ddf0)
2019-06-09 07:51:01.950 21662 RALLYDEBUG rally_openstack.cleanup.manager [-] Deleting neutron.network object s_rally_9a175ed6_bg8sTeTg (0704ea18-2123-45d3-9af6-7ca0e470aae2)
2019-06-09 07:51:01.951 21662 RALLYDEBUG rally_openstack.cleanup.manager [-] Deleting neutron.network object s_rally_9a175ed6_zW1FIS2R (20328520-59af-40ce-960f-157f5cad8837)
2019-06-09 07:51:01.954 21662 RALLYDEBUG rally_openstack.cleanup.manager [-] Deleting neutron.network object s_rally_9a175ed6_fO7dqueL (242d1e2e-4ea5-42cc-a7ec-f68803845c12)
2019-06-09 07:51:01.989 21662 RALLYDEBUG rally_openstack.cleanup.manager [-] Deleting neutron.network object s_rally_9a175ed6_zuWi2etm (2a080a07-d188-41f0-935f-2ea0509b328d)
2019-06-09 07:51:01.989 21662 RALLYDEBUG rally_openstack.cleanup.manager [-] Deleting neutron.network object s_rally_9a175ed6_vHb928il (2d0af7c3-c0cf-4fd9-bf61-c55b4bab9b7d)
2019-06-09 07:51:01.995 21662 RALLYDEBUG rally_openstack.cleanup.manager [-] Deleting neutron.network object s_rally_9a175ed6_ZFzAFHv6 (2ad4a572-bab5-4acb-a1d4-9c567c8b4f00)
2019-06-09 07:51:02.009 21662 RALLYDEBUG rally_openstack.cleanup.manager [-] Deleting neutron.network object s_rally_9a175ed6_LXR8gwvo (251bd1d1-3be3-49d7-b775-1743120d5bcd)
2019-06-09 07:51:02.010 21662 RALLYDEBUG rally_openstack.cleanup.manager [-] Deleting neutron.network object s_rally_9a175ed6_MTpI7sMr (2d2aad90-c5f7-442b-bce4-b5dc2770aa77)
2019-06-09 07:51:02.025 21662 RALLYDEBUG rally_openstack.cleanup.manager [-] Deleting neutron.network object s_rally_9a175ed6_f2xaRtCZ (363020ac-ad56-4bbc-963b-d0bd3a959d91)
2019-06-09 07:51:02.026 21662 RALLYDEBUG rally_openstack.cleanup.manager [-] Deleting neutron.network object s_rally_9a175ed6_ZkkLTE6a (39952d5b-e33a-4745-9c90-af708f65f416)
2019-06-09 07:51:02.036 21662 RALLYDEBUG rally_openstack.cleanup.manager [-] Deleting neutron.network object s_rally_9a175ed6_atrrrLTf (3d4d0ef1-1fa2-41ee-8632-9a5b33b04439)
2019-06-09 07:51:02.115 21662 RALLYDEBUG rally_openstack.cleanup.manager [-] Deleting neutron.network object s_rally_9a175ed6_9QU8H49B (52faffb4-9ced-4f77-878f-81f9f271763b)
2019-06-09 07:51:02.124 21662 RALLYDEBUG rally_openstack.cleanup.manager [-] Deleting neutron.network object s_rally_9a175ed6_O0rwJjC4 (53f72a04-b693-4f63-81de-c096834b8a77)
2019-06-09 07:51:02.147 21662 RALLYDEBUG rally_openstack.cleanup.manager [-] Deleting neutron.network object s_rally_9a175ed6_F0vBQDCT (542f1560-e3d7-41c6-a392-b469a3c805dd)
2019-06-09 07:51:02.162 21662 RALLYDEBUG rally_openstack.cleanup.manager [-] Deleting neutron.network object s_rally_9a175ed6_3EDX9dlq (62e4d110-b9ed-40fe-b543-55c4ad0f3720)
2019-06-09 07:51:02.217 21662 RALLYDEBUG rally_openstack.cleanup.manager [-] Deleting neutron.network object s_rally_9a175ed6_oSPIJhd1 (71cc0531-59d2-4fa3-a508-b661613e5194)
2019-06-09 07:51:02.215 21662 RALLYDEBUG rally_openstack.cleanup.manager [-] Deleting neutron.network object s_rally_9a175ed6_GayQ5qoo (754ab52d-bc14-46ce-a396-3c4ac0821dd2)
2019-06-09 07:51:04.522 21662 RALLYDEBUG rally_openstack.cleanup.manager [-] Deleting neutron.network object s_rally_9a175ed6_zojMNCwE (7b2039af-ca15-4140-9c37-31ad7b9e11d5)
2019-06-09 07:51:04.648 21662 RALLYDEBUG rally_openstack.cleanup.manager [-] Deleting neutron.network object s_rally_9a175ed6_HriNn6vm (7c3ff3a2-d610-47cb-a07b-a8ec5ff9612c)
2019-06-09 07:51:04.693 21662 RALLYDEBUG rally_openstack.cleanup.manager [-] Deleting neutron.network object s_rally_9a175ed6_HzMtlYa8 (869cf536-108f-41d5-bef8-79c8e47ab298)
2019-06-09 07:51:04.726 21662 RALLYDEBUG rally_openstack.cleanup.manager [-] Deleting neutron.network object s_rally_9a175ed6_wjgdECcL (8879d49d-f9e7-4f74-a059-406dd4cf2ec6)
2019-06-09 07:51:04.840 21662 RALLYDEBUG rally_openstack.cleanup.manager [-] Deleting neutron.network object s_rally_9a175ed6_lw87MSSJ (8f7ec1ea-d5b2-4247-9fac-c13d057a2177)
2019-06-09 07:51:04.876 21662 RALLYDEBUG rally_openstack.cleanup.manager [-] Deleting neutron.network object s_rally_9a175ed6_URMQeSOt (902d6229-0891-4a10-81b4-2118524fdceb)
2019-06-09 07:51:04.970 21662 RALLYDEBUG rally_openstack.cleanup.manager [-] Deleting neutron.network object s_rally_9a175ed6_jsusm33A (9cf32758-fbbf-46d9-96a4-d2d617e6837f)
2019-06-09 07:51:05.178 21662 RALLYDEBUG rally_openstack.cleanup.manager [-] Deleting neutron.network object s_rally_9a175ed6_Ge28tFUT (a3729f6d-c647-4e46-8980-20ea1e3935e4)
2019-06-09 07:51:05.178 21662 RALLYDEBUG rally_openstack.cleanup.manager [-] Deleting neutron.network object s_rally_9a175ed6_kPnXAUum (a62b5e0d-a6d9-48a6-9cc3-44994169cd2d)
2019-06-09 07:51:05.240 21662 RALLYDEBUG rally_openstack.cleanup.manager [-] Deleting neutron.network object s_rally_9a175ed6_d7ggAzFw (aaa2fef3-134d-4cfb-8b9e-512115e06a7d)
2019-06-09 07:51:05.313 21662 RALLYDEBUG rally_openstack.cleanup.manager [-] Deleting neutron.network object s_rally_9a175ed6_NtRgspfD (b042991f-ccd4-4e08-8ba6-c37ae36059de)
2019-06-09 07:51:05.366 21662 RALLYDEBUG rally_openstack.cleanup.manager [-] Deleting neutron.network object s_rally_9a175ed6_6fWNzI70 (b1e73470-5eda-4d33-a3e8-4bc0e73fe6b7)
2019-06-09 07:51:05.481 21662 RALLYDEBUG rally_openstack.cleanup.manager [-] Deleting neutron.network object s_rally_9a175ed6_NTmDaPtt (bd533f50-7316-47f3-857a-7a25e82b04e5)
2019-06-09 07:51:05.537 21662 RALLYDEBUG rally_openstack.cleanup.manager [-] Deleting neutron.network object s_rally_9a175ed6_czN3gf4R (c06e1293-53ad-437e-9ba1-a3fea18dda6e)
2019-06-09 07:51:05.556 21662 RALLYDEBUG rally_openstack.cleanup.manager [-] Deleting neutron.network object s_rally_9a175ed6_bGUdu1Vn (c7684363-4672-45b8-9067-e981a991edc5)
2019-06-09 07:51:06.029 21662 RALLYDEBUG rally_openstack.cleanup.manager [-] Deleting neutron.network object s_rally_9a175ed6_PaIWIhi3 (cd987c49-6a67-425a-bfe0-69d0e4aab8cb)
2019-06-09 07:51:06.060 21662 RALLYDEBUG rally_openstack.cleanup.manager [-] Deleting neutron.network object s_rally_9a175ed6_A78PhuLX (cda370b1-b5e7-46cc-9323-a651be2ee45c)
2019-06-09 07:51:06.143 21662 RALLYDEBUG rally_openstack.cleanup.manager [-] Deleting neutron.network object s_rally_9a175ed6_SM2SkLJ0 (cf88066a-0a84-4bd9-82d7-2b15135e8acc)
2019-06-09 07:51:06.289 21662 RALLYDEBUG rally_openstack.cleanup.manager [-] Deleting neutron.network object s_rally_9a175ed6_kXl8EITr (ddc724fd-4deb-4486-a04e-ca21a0990e58)
2019-06-09 07:51:06.653 21662 RALLYDEBUG rally_openstack.cleanup.manager [-] Deleting neutron.network object s_rally_9a175ed6_EEdMZj4Q (ea69c173-5939-4068-9385-3e80d61587b7)
2019-06-09 07:51:10.116 21662 RALLYDEBUG rally_openstack.cleanup.manager [-] Cleaning up neutron router objects
2019-06-09 07:51:10.862 21662 RALLYDEBUG rally_openstack.cleanup.manager [-] Cleaning up neutron security_group objects
2019-06-09 07:51:11.294 21662 INFO rally.task.context [-] Task 188e2494-31a8-4d8c-83f5-5e4cd75fa028 | Context cleanup@openstack cleanup() finished in 12.88 sec
2019-06-09 07:51:11.294 21662 INFO rally.task.context [-] Task 188e2494-31a8-4d8c-83f5-5e4cd75fa028 | Context quotas@openstack cleanup() started
2019-06-09 07:51:11.385 21662 INFO rally.task.context [-] Task 188e2494-31a8-4d8c-83f5-5e4cd75fa028 | Context quotas@openstack cleanup() finished in 90.17 msec
2019-06-09 07:51:11.385 21662 INFO rally.task.context [-] Task 188e2494-31a8-4d8c-83f5-5e4cd75fa028 | Context users@openstack cleanup() started
2019-06-09 07:51:14.150 21662 INFO rally.task.context [-] Task 188e2494-31a8-4d8c-83f5-5e4cd75fa028 | Context users@openstack cleanup() finished in 2.76 sec
2019-06-09 07:51:14.228 21662 INFO rally.task.engine [-] Load duration is: 27.494253
2019-06-09 07:51:14.229 21662 INFO rally.task.engine [-] Full runner duration is: 27.543756
2019-06-09 07:51:14.229 21662 INFO rally.task.engine [-] Full duration is: 46.224047
2019-06-09 07:51:14.607 21662 INFO rally.task.engine [-] Running workload: position = 0 config = { "version": 2, "title": "A cropped version of a bigger task.", "description": "Auto-generated task from a single workload (uuid=685f10f7-81ec-4f28-851e-bf5157e7f9c3)", "subtasks": [ { "title": "NeutronNetworks.create_and_list_routers", "description": "Create and a given number of routers and list all routers.", "scenario": { "NeutronNetworks.create_and_list_routers": { "network_create_args": null, "subnet_create_args": null, "subnet_cidr_start": "1.1.0.0/30", "subnets_per_network": 2, "router_create_args": null } }, "contexts": { "users": { "tenants": 1, "users_per_tenant": 1 }, "quotas": { "neutron": { "network": -1, "subnet": -1, "router": -1 } } }, "runner": { "constant": { "times": 40, "concurrency": 20 } }, "hooks": [], "sla": { "failure_rate": { "max": 0 } } } ] }
2019-06-09 07:51:14.635 21662 RALLYDEBUG rally_openstack.contexts.keystone.users [-] Creating 1 tenants using 20 threads
2019-06-09 07:51:15.606 21662 RALLYDEBUG rally_openstack.contexts.keystone.users [-] Creating 1 users using 20 threads
2019-06-09 07:51:17.028 21662 INFO rally.task.context [-] Task 188e2494-31a8-4d8c-83f5-5e4cd75fa028 | Context users@openstack setup() finished in 2.39 sec
2019-06-09 07:51:17.513 21662 INFO rally.task.context [-] Task 188e2494-31a8-4d8c-83f5-5e4cd75fa028 | Context quotas@openstack setup() finished in 0.48 sec
2019-06-09 07:51:17.513 21662 INFO rally.task.context [-] Task 188e2494-31a8-4d8c-83f5-5e4cd75fa028 | Context cleanup@openstack setup() finished in 0.01 msec
2019-06-09 07:51:17.523 21662 RALLYDEBUG rally.task.runner [-] Starting the constant runner (task UUID: 188e2494-31a8-4d8c-83f5-5e4cd75fa028). timeout: 0 concurrency: 20 concurrency_per_worker: 1 times: 40 concurrency_overhead: 4 processes_to_start: 16 max_cpu_used: 16
2019-06-09 07:51:17.537 24126 RALLYDEBUG rally.task.runner [-] Starting a worker. concurrency: 2 args: {"network_create_args": null, "subnet_create_args": null, "subnet_cidr_start": "1.1.0.0/30", "subnets_per_network": 2, "router_create_args": null} times: 40 method_name: run timeout: 0 duration: None cls:
2019-06-09 07:51:17.540 24127 RALLYDEBUG rally.task.runner [-] Starting a worker. concurrency: 2 args: {"network_create_args": null, "subnet_create_args": null, "subnet_cidr_start": "1.1.0.0/30", "subnets_per_network": 2, "router_create_args": null} times: 40 method_name: run timeout: 0 duration: None cls:
2019-06-09 07:51:17.544 24128 RALLYDEBUG rally.task.runner [-] Starting a worker. concurrency: 2 args: {"network_create_args": null, "subnet_create_args": null, "subnet_cidr_start": "1.1.0.0/30", "subnets_per_network": 2, "router_create_args": null} times: 40 method_name: run timeout: 0 duration: None cls:
2019-06-09 07:51:17.547 24129 RALLYDEBUG rally.task.runner [-] Starting a worker. concurrency: 2 args: {"network_create_args": null, "subnet_create_args": null, "subnet_cidr_start": "1.1.0.0/30", "subnets_per_network": 2, "router_create_args": null} times: 40 method_name: run timeout: 0 duration: None cls:
2019-06-09 07:51:17.546 24126 INFO rally.task.runner [-] Task 188e2494-31a8-4d8c-83f5-5e4cd75fa028 | ITER: 1 START
2019-06-09 07:51:17.549 24127 INFO rally.task.runner [-] Task 188e2494-31a8-4d8c-83f5-5e4cd75fa028 | ITER: 2 START
2019-06-09 07:51:17.550 24131 RALLYDEBUG rally.task.runner [-] Starting a worker. concurrency: 1 args: {"network_create_args": null, "subnet_create_args": null, "subnet_cidr_start": "1.1.0.0/30", "subnets_per_network": 2, "router_create_args": null} times: 40 method_name: run timeout: 0 duration: None cls:
2019-06-09 07:51:17.552 24128 INFO rally.task.runner [-] Task 188e2494-31a8-4d8c-83f5-5e4cd75fa028 | ITER: 5 START
2019-06-09 07:51:17.554 24135 RALLYDEBUG rally.task.runner [-] Starting a worker. concurrency: 1 args: {"network_create_args": null, "subnet_create_args": null, "subnet_cidr_start": "1.1.0.0/30", "subnets_per_network": 2, "router_create_args": null} times: 40 method_name: run timeout: 0 duration: None cls:
2019-06-09 07:51:17.554 24129 INFO rally.task.runner [-] Task 188e2494-31a8-4d8c-83f5-5e4cd75fa028 | ITER: 6 START
2019-06-09 07:51:17.550 24127 INFO rally.task.runner [-] Task 188e2494-31a8-4d8c-83f5-5e4cd75fa028 | ITER: 4 START
2019-06-09 07:51:17.556 24131 INFO rally.task.runner [-] Task 188e2494-31a8-4d8c-83f5-5e4cd75fa028 | ITER: 8 START
2019-06-09 07:51:17.558 24139 RALLYDEBUG rally.task.runner [-] Starting a worker. concurrency: 1 args: {"network_create_args": null, "subnet_create_args": null, "subnet_cidr_start": "1.1.0.0/30", "subnets_per_network": 2, "router_create_args": null} times: 40 method_name: run timeout: 0 duration: None cls:
2019-06-09 07:51:17.561 24135 INFO rally.task.runner [-] Task 188e2494-31a8-4d8c-83f5-5e4cd75fa028 | ITER: 10 START
2019-06-09 07:51:17.561 24143 RALLYDEBUG rally.task.runner [-] Starting a worker. concurrency: 1 args: {"network_create_args": null, "subnet_create_args": null, "subnet_cidr_start": "1.1.0.0/30", "subnets_per_network": 2, "router_create_args": null} times: 40 method_name: run timeout: 0 duration: None cls:
2019-06-09 07:51:17.562 24126 INFO rally.task.runner [-] Task 188e2494-31a8-4d8c-83f5-5e4cd75fa028 | ITER: 3 START
2019-06-09 07:51:17.565 24139 INFO rally.task.runner [-] Task 188e2494-31a8-4d8c-83f5-5e4cd75fa028 | ITER: 11 START
2019-06-09 07:51:17.567 24147 RALLYDEBUG rally.task.runner [-] Starting a worker. concurrency: 1 args: {"network_create_args": null, "subnet_create_args": null, "subnet_cidr_start": "1.1.0.0/30", "subnets_per_network": 2, "router_create_args": null} times: 40 method_name: run timeout: 0 duration: None cls:
2019-06-09 07:51:17.569 24143 INFO rally.task.runner [-] Task 188e2494-31a8-4d8c-83f5-5e4cd75fa028 | ITER: 12 START
2019-06-09 07:51:17.568 24128 INFO rally.task.runner [-] Task 188e2494-31a8-4d8c-83f5-5e4cd75fa028 | ITER: 7 START
2019-06-09 07:51:17.570 24150 RALLYDEBUG rally.task.runner [-] Starting a worker. concurrency: 1 args: {"network_create_args": null, "subnet_create_args": null, "subnet_cidr_start": "1.1.0.0/30", "subnets_per_network": 2, "router_create_args": null} times: 40 method_name: run timeout: 0 duration: None cls:
2019-06-09 07:51:17.573 24147 INFO rally.task.runner [-] Task 188e2494-31a8-4d8c-83f5-5e4cd75fa028 | ITER: 13 START
2019-06-09 07:51:17.572 24129 INFO rally.task.runner [-] Task 188e2494-31a8-4d8c-83f5-5e4cd75fa028 | ITER: 9 START
2019-06-09 07:51:17.579 24150 INFO rally.task.runner [-] Task 188e2494-31a8-4d8c-83f5-5e4cd75fa028 | ITER: 14 START
2019-06-09 07:51:17.579 24156 RALLYDEBUG rally.task.runner [-] Starting a worker. concurrency: 1 args: {"network_create_args": null, "subnet_create_args": null, "subnet_cidr_start": "1.1.0.0/30", "subnets_per_network": 2, "router_create_args": null} times: 40 method_name: run timeout: 0 duration: None cls:
2019-06-09 07:51:17.586 24156 INFO rally.task.runner [-] Task 188e2494-31a8-4d8c-83f5-5e4cd75fa028 | ITER: 15 START
2019-06-09 07:51:17.589 24161 RALLYDEBUG rally.task.runner [-] Starting a worker. concurrency: 1 args: {"network_create_args": null, "subnet_create_args": null, "subnet_cidr_start": "1.1.0.0/30", "subnets_per_network": 2, "router_create_args": null} times: 40 method_name: run timeout: 0 duration: None cls:
2019-06-09 07:51:17.594 24164 RALLYDEBUG rally.task.runner [-] Starting a worker. concurrency: 1 args: {"network_create_args": null, "subnet_create_args": null, "subnet_cidr_start": "1.1.0.0/30", "subnets_per_network": 2, "router_create_args": null} times: 40 method_name: run timeout: 0 duration: None cls:
2019-06-09 07:51:17.596 24161 INFO rally.task.runner [-] Task 188e2494-31a8-4d8c-83f5-5e4cd75fa028 | ITER: 16 START
2019-06-09 07:51:17.600 24164 INFO rally.task.runner [-] Task 188e2494-31a8-4d8c-83f5-5e4cd75fa028 | ITER: 17 START
2019-06-09 07:51:17.600 24165 RALLYDEBUG rally.task.runner [-] Starting a worker. concurrency: 1 args: {"network_create_args": null, "subnet_create_args": null, "subnet_cidr_start": "1.1.0.0/30", "subnets_per_network": 2, "router_create_args": null} times: 40 method_name: run timeout: 0 duration: None cls:
2019-06-09 07:51:17.606 24165 INFO rally.task.runner [-] Task 188e2494-31a8-4d8c-83f5-5e4cd75fa028 | ITER: 18 START
2019-06-09 07:51:17.608 24170 RALLYDEBUG rally.task.runner [-] Starting a worker. concurrency: 1 args: {"network_create_args": null, "subnet_create_args": null, "subnet_cidr_start": "1.1.0.0/30", "subnets_per_network": 2, "router_create_args": null} times: 40 method_name: run timeout: 0 duration: None cls:
2019-06-09 07:51:17.613 24170 INFO rally.task.runner [-] Task 188e2494-31a8-4d8c-83f5-5e4cd75fa028 | ITER: 19 START
2019-06-09 07:51:17.613 24173 RALLYDEBUG rally.task.runner [-] Starting a worker. concurrency: 1 args: {"network_create_args": null, "subnet_create_args": null, "subnet_cidr_start": "1.1.0.0/30", "subnets_per_network": 2, "router_create_args": null} times: 40 method_name: run timeout: 0 duration: None cls:
2019-06-09 07:51:17.618 24173 INFO rally.task.runner [-] Task 188e2494-31a8-4d8c-83f5-5e4cd75fa028 | ITER: 20 START
2019-06-09 07:51:18.365 24139 RALLYDEBUG rally_openstack.wrappers.network [-] CIDR generated: 1.1.5.160/30
2019-06-09 07:51:18.377 24129 RALLYDEBUG rally_openstack.wrappers.network [-] CIDR generated: 1.1.5.164/30
2019-06-09 07:51:18.427 24126 RALLYDEBUG rally_openstack.wrappers.network [-] CIDR generated: 1.1.5.168/30
2019-06-09 07:51:18.480 24131 RALLYDEBUG rally_openstack.wrappers.network [-] CIDR generated: 1.1.5.172/30
2019-06-09 07:51:18.528 24128 RALLYDEBUG rally_openstack.wrappers.network [-] CIDR generated: 1.1.5.176/30
2019-06-09 07:51:18.532 24147 RALLYDEBUG rally_openstack.wrappers.network [-] CIDR generated: 1.1.5.180/30
2019-06-09 07:51:18.593 24135 RALLYDEBUG rally_openstack.wrappers.network [-] CIDR generated: 1.1.5.184/30
2019-06-09 07:51:18.593 24127 RALLYDEBUG rally_openstack.wrappers.network [-] CIDR generated: 1.1.5.188/30
2019-06-09 07:51:18.663 24127 RALLYDEBUG rally_openstack.wrappers.network [-] CIDR generated: 1.1.5.192/30
2019-06-09 07:51:18.732 24143 RALLYDEBUG rally_openstack.wrappers.network [-] CIDR generated: 1.1.5.196/30
2019-06-09 07:51:18.753 24173 RALLYDEBUG rally_openstack.wrappers.network [-] CIDR generated: 1.1.5.200/30
2019-06-09 07:51:18.806 24129 RALLYDEBUG rally_openstack.wrappers.network [-] CIDR generated: 1.1.5.204/30
2019-06-09 07:51:18.815 24164 RALLYDEBUG rally_openstack.wrappers.network [-] CIDR generated: 1.1.5.208/30
2019-06-09 07:51:18.885 24170 RALLYDEBUG rally_openstack.wrappers.network [-] CIDR generated: 1.1.5.212/30
2019-06-09 07:51:18.887 24156 RALLYDEBUG rally_openstack.wrappers.network [-] CIDR generated: 1.1.5.216/30
2019-06-09 07:51:18.933 24165 RALLYDEBUG rally_openstack.wrappers.network [-] CIDR generated: 1.1.5.220/30
2019-06-09 07:51:18.936 24161 RALLYDEBUG rally_openstack.wrappers.network [-] CIDR generated: 1.1.5.224/30
2019-06-09 07:51:19.040 24128 RALLYDEBUG rally_openstack.wrappers.network [-] CIDR generated: 1.1.5.228/30
2019-06-09 07:51:19.178 24126 RALLYDEBUG rally_openstack.wrappers.network [-] CIDR generated: 1.1.5.232/30
2019-06-09 07:51:19.413 24135 RALLYDEBUG rally_openstack.wrappers.network [-] CIDR generated: 1.1.5.236/30
2019-06-09 07:51:19.559 24127 RALLYDEBUG rally_openstack.wrappers.network [-] CIDR generated: 1.1.5.240/30
2019-06-09 07:51:19.609 24147 RALLYDEBUG rally_openstack.wrappers.network [-] CIDR generated: 1.1.5.244/30
2019-06-09 07:51:19.720 24150 RALLYDEBUG rally_openstack.wrappers.network [-] CIDR generated: 1.1.5.248/30
2019-06-09 07:51:19.844 24126 RALLYDEBUG rally_openstack.wrappers.network [-] CIDR generated: 1.1.5.252/30
2019-06-09 07:51:19.946 24156 RALLYDEBUG rally_openstack.wrappers.network [-] CIDR generated: 1.1.6.0/30
2019-06-09 07:51:20.586 24173 RALLYDEBUG rally_openstack.wrappers.network [-] CIDR generated: 1.1.6.4/30
2019-06-09 07:51:20.840 24129 RALLYDEBUG rally_openstack.wrappers.network [-] CIDR generated: 1.1.6.8/30
2019-06-09 07:51:20.932 24139 RALLYDEBUG rally_openstack.wrappers.network [-] CIDR generated: 1.1.6.12/30
2019-06-09 07:51:21.060 24131 RALLYDEBUG rally_openstack.wrappers.network [-] CIDR generated: 1.1.6.16/30
2019-06-09 07:51:21.137 24127 RALLYDEBUG rally_openstack.wrappers.network [-] CIDR generated: 1.1.6.20/30
2019-06-09 07:51:21.265 24126 RALLYDEBUG rally_openstack.wrappers.network [-] CIDR generated: 1.1.6.24/30
2019-06-09 07:51:21.401 24165 RALLYDEBUG rally_openstack.wrappers.network [-] CIDR generated: 1.1.6.28/30
2019-06-09 07:51:21.470 24164 RALLYDEBUG rally_openstack.wrappers.network [-] CIDR generated: 1.1.6.32/30
2019-06-09 07:51:21.850 24129 RALLYDEBUG rally_openstack.wrappers.network [-] CIDR generated: 1.1.6.36/30
2019-06-09 07:51:21.873 24143 RALLYDEBUG rally_openstack.wrappers.network [-] CIDR generated: 1.1.6.40/30
2019-06-09 07:51:21.952 24128 RALLYDEBUG rally_openstack.wrappers.network [-] CIDR generated: 1.1.6.44/30
2019-06-09 07:51:21.979 24128 RALLYDEBUG rally_openstack.wrappers.network [-] CIDR generated: 1.1.6.48/30
2019-06-09 07:51:22.140 24170 RALLYDEBUG rally_openstack.wrappers.network [-] CIDR generated: 1.1.6.52/30
2019-06-09 07:51:23.614 24161 RALLYDEBUG rally_openstack.wrappers.network [-] CIDR generated: 1.1.6.56/30
2019-06-09 07:51:24.565 24150 RALLYDEBUG rally_openstack.wrappers.network [-] CIDR generated: 1.1.6.60/30
2019-06-09 07:51:29.261 24129 INFO rally.task.runner [-] Task 188e2494-31a8-4d8c-83f5-5e4cd75fa028 | ITER: 6 END: OK
2019-06-09 07:51:29.266 24129 INFO rally.task.runner [-] Task 188e2494-31a8-4d8c-83f5-5e4cd75fa028 | ITER: 21 START
2019-06-09 07:51:30.278 24126 INFO rally.task.runner [-] Task 188e2494-31a8-4d8c-83f5-5e4cd75fa028 | ITER: 3 END: OK
2019-06-09 07:51:30.282 24126 INFO rally.task.runner [-] Task 188e2494-31a8-4d8c-83f5-5e4cd75fa028 | ITER: 22 START
2019-06-09 07:51:30.492 24127 INFO rally.task.runner [-] Task 188e2494-31a8-4d8c-83f5-5e4cd75fa028 | ITER: 4 END: OK
2019-06-09 07:51:30.496 24127 INFO rally.task.runner [-] Task 188e2494-31a8-4d8c-83f5-5e4cd75fa028 | ITER: 23 START
2019-06-09 07:51:30.782 24129 RALLYDEBUG rally_openstack.wrappers.network [-] CIDR generated: 1.1.6.64/30
2019-06-09 07:51:30.892 24126 RALLYDEBUG rally_openstack.wrappers.network [-] CIDR generated: 1.1.6.68/30
2019-06-09 07:51:30.894 24173 INFO rally.task.runner [-] Task 188e2494-31a8-4d8c-83f5-5e4cd75fa028 | ITER: 20 END: OK
2019-06-09 07:51:30.898 24173 INFO rally.task.runner [-] Task 188e2494-31a8-4d8c-83f5-5e4cd75fa028 | ITER: 24 START
