2019-06-09 07:59:22.327 21662 RALLYDEBUG rally_openstack.cleanup.manager [-] Deleting neutron.port object s_rally_7244169f_gsq3AMa2 (594c316e-c715-47f4-b213-872056546204)
2019-06-09 07:59:22.417 21662 RALLYDEBUG rally_openstack.cleanup.manager [-] Deleting neutron.port object s_rally_7244169f_iEmBEXUF (5a19d066-c24c-4646-9063-30503156cfdc)
2019-06-09 07:59:22.420 21662 RALLYDEBUG rally_openstack.cleanup.manager [-] Deleting neutron.port object s_rally_7244169f_11UjkXhc (5b9d009c-9ed1-44f0-a0c7-00e7d4af054e)
2019-06-09 07:59:22.497 21662 RALLYDEBUG rally_openstack.cleanup.manager [-] Deleting neutron.port object s_rally_7244169f_8arGasn9 (5fef2dfa-b914-43bf-9476-b44a3a05053d)
2019-06-09 07:59:22.733 21662 RALLYDEBUG rally_openstack.cleanup.manager [-] Deleting neutron.port object s_rally_7244169f_NEb9cyRa (62101161-613a-40f2-8b18-078953a4e9ce)
2019-06-09 07:59:22.741 21662 RALLYDEBUG rally_openstack.cleanup.manager [-] Deleting neutron.port object s_rally_7244169f_OumJGM58 (64d9d903-0eb1-46ba-8fe4-4ef675c06e87)
2019-06-09 07:59:22.790 21662 RALLYDEBUG rally_openstack.cleanup.manager [-] Deleting neutron.port object s_rally_7244169f_bekKfsD5 (67c8a372-0a75-4b21-ae9c-af2143442808)
2019-06-09 07:59:22.826 21662 RALLYDEBUG rally_openstack.cleanup.manager [-] Deleting neutron.port object s_rally_7244169f_xSCn7wof (692ceaf7-28c4-4eea-83df-ea02c211990b)
2019-06-09 07:59:22.914 21662 RALLYDEBUG rally_openstack.cleanup.manager [-] Deleting neutron.port object s_rally_7244169f_hhv04V1H (694fefa8-2f02-47f2-abd1-8d73b6dc8011)
2019-06-09 07:59:22.922 21662 RALLYDEBUG rally_openstack.cleanup.manager [-] Deleting neutron.port object s_rally_7244169f_bPlr3myD (696bd661-2524-4120-a90a-5faaf185ace8)
2019-06-09 07:59:22.964 21662 RALLYDEBUG rally_openstack.cleanup.manager [-] Deleting neutron.port object s_rally_7244169f_5mlDTozs (6b201c9f-721d-4a10-8282-1d082ee1d6e0)
2019-06-09 07:59:23.134 21662 RALLYDEBUG rally_openstack.cleanup.manager [-] Deleting neutron.port object s_rally_7244169f_WfYfCS2M (6cc465b4-89a4-4a02-a985-5ecc76ec3d0c)
2019-06-09 07:59:23.188 21662 RALLYDEBUG rally_openstack.cleanup.manager [-] Deleting neutron.port object s_rally_7244169f_Dwi0GljZ (6ec8b7ef-eeac-443c-a729-0e5c66e74b40)
2019-06-09 07:59:23.257 21662 RALLYDEBUG rally_openstack.cleanup.manager [-] Deleting neutron.port object s_rally_7244169f_AXWMXOja (6eed8ee0-8993-42e1-bf6e-a54dfcddfbb9)
2019-06-09 07:59:23.445 21662 RALLYDEBUG rally_openstack.cleanup.manager [-] Deleting neutron.port object s_rally_7244169f_DlpagjB9 (729d5c6d-1371-49aa-90b5-6593bf8e2e08)
2019-06-09 07:59:23.446 21662 RALLYDEBUG rally_openstack.cleanup.manager [-] Deleting neutron.port object s_rally_7244169f_szt3BhuH (6fd30b38-dc8f-472c-9180-2a2ba6b9c8c5)
2019-06-09 07:59:23.518 21662 RALLYDEBUG rally_openstack.cleanup.manager [-] Deleting neutron.port object s_rally_7244169f_KzPe4mQU (72f9ab26-4afc-4e02-8e30-23f63c7ea1a5)
2019-06-09 07:59:23.548 21662 RALLYDEBUG rally_openstack.cleanup.manager [-] Deleting neutron.port object s_rally_7244169f_7F8AZuww (74f00212-2386-4367-ab5a-1da68e78f019)
2019-06-09 07:59:24.081 21662 RALLYDEBUG rally_openstack.cleanup.manager [-] Deleting neutron.port object s_rally_7244169f_XZLDsDjy (75afb9dd-a40c-49ee-8115-7f7866e98a78)
2019-06-09 07:59:24.103 21662 RALLYDEBUG rally_openstack.cleanup.manager [-] Deleting neutron.port object s_rally_7244169f_krQAhL2x (78b94d18-504a-4020-ab9a-8a7a7f31910a)
2019-06-09 07:59:24.187 21662 RALLYDEBUG rally_openstack.cleanup.manager [-] Deleting neutron.port object s_rally_7244169f_euTaFO1u (7946885a-dbb5-4787-8c3d-02abbccfee79)
2019-06-09 07:59:24.329 21662 RALLYDEBUG rally_openstack.cleanup.manager [-] Deleting neutron.port object s_rally_7244169f_1p6bDbKW (7f026054-d5ba-42db-bf6d-c371fe4ec781)
2019-06-09 07:59:24.362 21662 RALLYDEBUG rally_openstack.cleanup.manager [-] Deleting neutron.port object s_rally_7244169f_D5zBu3lA (7fe346d0-6b82-4813-b656-94a44a353029)
2019-06-09 07:59:24.714 21662 RALLYDEBUG rally_openstack.cleanup.manager [-] Deleting neutron.port object s_rally_7244169f_phl6Rv7k (800e569f-5ac5-491d-8b26-ee90299e9671)
2019-06-09 07:59:24.861 21662 RALLYDEBUG rally_openstack.cleanup.manager [-] Deleting neutron.port object s_rally_7244169f_qKmx4baK (83180d97-f47b-4713-bbd3-cd02dd7047a5)
2019-06-09 07:59:25.029 21662 RALLYDEBUG rally_openstack.cleanup.manager [-] Deleting neutron.port object s_rally_7244169f_IB8eBFgR (83d8d957-ab37-4d02-af5b-3c17d233ee6c)
2019-06-09 07:59:25.048 21662 RALLYDEBUG rally_openstack.cleanup.manager [-] Deleting neutron.port object s_rally_7244169f_y7otifWb (84ea2aea-8dad-4241-80fc-44ddb7d01631)
2019-06-09 07:59:25.265 21662 RALLYDEBUG rally_openstack.cleanup.manager [-] Deleting neutron.port object s_rally_7244169f_fgexWJYU (8540ed69-6673-4c92-bfa7-369535acc38d)
2019-06-09 07:59:25.295 21662 RALLYDEBUG rally_openstack.cleanup.manager [-] Deleting neutron.port object s_rally_7244169f_lwPRwDFO (8881632a-400d-40c1-95f6-cd2b03395c2e)
2019-06-09 07:59:25.332 21662 RALLYDEBUG rally_openstack.cleanup.manager [-] Deleting neutron.port object s_rally_7244169f_hgj5lLOV (88d68926-847e-434e-890b-26366ada2c03)
2019-06-09 07:59:25.436 21662 RALLYDEBUG rally_openstack.cleanup.manager [-] Deleting neutron.port object s_rally_7244169f_68Y9BNgB (892b4433-edeb-4760-9efe-2214bc3a255d)
2019-06-09 07:59:25.473 21662 RALLYDEBUG rally_openstack.cleanup.manager [-] Deleting neutron.port object s_rally_7244169f_oKfqL2YA (894a8b1d-24c1-4174-80fe-aed8f73e188d)
2019-06-09 07:59:25.521 21662 RALLYDEBUG rally_openstack.cleanup.manager [-] Deleting neutron.port object s_rally_7244169f_vIocpLdG (89846f81-36cb-4d77-84d7-fa81b381fcf4)
2019-06-09 07:59:25.740 21662 RALLYDEBUG rally_openstack.cleanup.manager [-] Deleting neutron.port object s_rally_7244169f_4l76qiun (8ada6359-306d-42a8-b98b-defb82edaed5)
2019-06-09 07:59:25.747 21662 RALLYDEBUG rally_openstack.cleanup.manager [-] Deleting neutron.port object s_rally_7244169f_vV2YVPPl (8f555923-c439-49cb-b44c-5df9bfeeedbe)
2019-06-09 07:59:25.937 21662 RALLYDEBUG rally_openstack.cleanup.manager [-] Deleting neutron.port object s_rally_7244169f_otqUnA6D (9067c565-b4db-44ca-80dc-094706e6a4ae)
2019-06-09 07:59:26.038 21662 RALLYDEBUG rally_openstack.cleanup.manager [-] Deleting neutron.port object s_rally_7244169f_HHPCD0XI (91081a1e-95ac-4284-9278-4fa5797d1230)
2019-06-09 07:59:26.246 21662 RALLYDEBUG rally_openstack.cleanup.manager [-] Deleting neutron.port object s_rally_7244169f_RBsuJrPs (917d4435-c73b-425e-b69f-3337de790e06)
2019-06-09 07:59:26.304 21662 RALLYDEBUG rally_openstack.cleanup.manager [-] Deleting neutron.port object s_rally_7244169f_fyAo02oc (918f114e-a1fe-4c6e-b3a5-b41f45dcfaa3)
2019-06-09 07:59:26.328 21662 RALLYDEBUG rally_openstack.cleanup.manager [-] Deleting neutron.port object s_rally_7244169f_mVcnVaSk (9215565e-cf07-4be5-bc0f-4e89e7d3fc12)
2019-06-09 07:59:26.341 21662 RALLYDEBUG rally_openstack.cleanup.manager [-] Deleting neutron.port object s_rally_7244169f_cYUpuKy9 (956b9492-360f-4d87-95d5-8706ccc05e1a)
2019-06-09 07:59:26.378 21662 RALLYDEBUG rally_openstack.cleanup.manager [-] Deleting neutron.port object s_rally_7244169f_obIoVpmK (9686a47c-67eb-4671-8627-6c5c60c2d986)
2019-06-09 07:59:26.689 21662 RALLYDEBUG rally_openstack.cleanup.manager [-] Deleting neutron.port object s_rally_7244169f_JbgPQq6G (96b783b7-b6cb-4795-a26a-f0132da164c3)
2019-06-09 07:59:26.808 21662 RALLYDEBUG rally_openstack.cleanup.manager [-] Deleting neutron.port object s_rally_7244169f_mwdCa5Pf (96eec24b-c2ed-4304-a783-93e5a4662d5e)
2019-06-09 07:59:26.954 21662 RALLYDEBUG rally_openstack.cleanup.manager [-] Deleting neutron.port object s_rally_7244169f_Ni0L3wTS (98b44c46-b5e5-4f14-b1a5-e72b89c6a32f)
2019-06-09 07:59:27.050 21662 RALLYDEBUG rally_openstack.cleanup.manager [-] Deleting neutron.port object s_rally_7244169f_wXImrm2J (9aa1f16f-11eb-48db-9768-bdd285585606)
2019-06-09 07:59:27.119 21662 RALLYDEBUG rally_openstack.cleanup.manager [-] Deleting neutron.port object s_rally_7244169f_4KhKdA6p (9c227c9c-3eac-4757-8595-8fc07a04b08d)
2019-06-09 07:59:27.133 21662 RALLYDEBUG rally_openstack.cleanup.manager [-] Deleting neutron.port object s_rally_7244169f_8Wm7bWju (9c35061f-eb01-43d6-a896-a89edb186f00)
2019-06-09 07:59:27.404 21662 RALLYDEBUG rally_openstack.cleanup.manager [-] Deleting neutron.port object s_rally_7244169f_yl8aOeJP (9cb2f4c4-3df5-4840-a122-a483243cd5a5)
2019-06-09 07:59:27.700 21662 RALLYDEBUG rally_openstack.cleanup.manager [-] Deleting neutron.port object s_rally_7244169f_4w7PlJJi (9d35cf96-e8c6-4fd7-81f2-6a082ed041a2)
2019-06-09 07:59:27.735 21662 RALLYDEBUG rally_openstack.cleanup.manager [-] Deleting neutron.port object s_rally_7244169f_wUcs6eMO (9d3f4b7f-2e1f-4a6e-a70e-b63bd8a7fdb9)
2019-06-09 07:59:27.808 21662 RALLYDEBUG rally_openstack.cleanup.manager [-] Deleting neutron.port object s_rally_7244169f_TAhqUPCE (9eb84d42-d180-4a95-9983-6d84265f18ec)
2019-06-09 07:59:27.815 21662 RALLYDEBUG rally_openstack.cleanup.manager [-] Deleting neutron.port object s_rally_7244169f_sgbk2HPm (a1af5aa8-0517-4be6-a59a-da2b559ba065)
2019-06-09 07:59:27.911 21662 RALLYDEBUG rally_openstack.cleanup.manager [-] Deleting neutron.port object s_rally_7244169f_UD9p25xA (a310b2f0-8e98-4e12-ad5a-72462acb87a8)
2019-06-09 07:59:28.040 21662 RALLYDEBUG rally_openstack.cleanup.manager [-] Deleting neutron.port object s_rally_7244169f_EoWmBbPO (a6d93e88-9067-44b7-af43-c17b08acd5ff)
2019-06-09 07:59:28.080 21662 RALLYDEBUG rally_openstack.cleanup.manager [-] Deleting neutron.port object s_rally_7244169f_x0Q2zAne (a86e2b8b-7001-4fa1-825a-d17fd7e6622d)
2019-06-09 07:59:28.219 21662 RALLYDEBUG rally_openstack.cleanup.manager [-] Deleting neutron.port object s_rally_7244169f_wToHwNwo (a889c75d-3bbb-4612-8f39-6e88d0968338)
2019-06-09 07:59:28.240 21662 RALLYDEBUG rally_openstack.cleanup.manager [-] Deleting neutron.port object s_rally_7244169f_cJ7Lj1fE (a8f2d782-1d7f-4ebb-acd0-9a0562dfeae9)
2019-06-09 07:59:28.353 21662 RALLYDEBUG rally_openstack.cleanup.manager [-] Deleting neutron.port object s_rally_7244169f_axDS9DZ4 (ab559468-1442-4349-bee0-bc6dd7ca51ee)
2019-06-09 07:59:28.368 21662 RALLYDEBUG rally_openstack.cleanup.manager [-] Deleting neutron.port object s_rally_7244169f_bewzMotK (ab578746-b1f1-4fa2-a91c-998625a149f6)
2019-06-09 07:59:28.385 21662 RALLYDEBUG rally_openstack.cleanup.manager [-] Deleting neutron.port object s_rally_7244169f_Bhea7p98 (addce63b-edb8-4ce3-afff-de19cb5ceb16)
2019-06-09 07:59:28.452 21662 RALLYDEBUG rally_openstack.cleanup.manager [-] Deleting neutron.port object s_rally_7244169f_KJXJM3ux (aea9df6c-2f03-4dd8-a4d4-5d98616bd544)
2019-06-09 07:59:28.573 21662 RALLYDEBUG rally_openstack.cleanup.manager [-] Deleting neutron.port object s_rally_7244169f_nGKAIxZq (af051978-c037-4594-abdc-fdfc0ba3cfe2)
2019-06-09 07:59:28.826 21662 RALLYDEBUG rally_openstack.cleanup.manager [-] Deleting neutron.port object s_rally_7244169f_KSEidCL8 (b0634507-8de9-41b4-8d6a-d921700bee27)
2019-06-09 07:59:28.992 21662 RALLYDEBUG rally_openstack.cleanup.manager [-] Deleting neutron.port object s_rally_7244169f_ZnPVh02t (b19453a1-7d05-42fd-ae47-766b94c80f5d)
2019-06-09 07:59:29.120 21662 RALLYDEBUG rally_openstack.cleanup.manager [-] Deleting neutron.port object s_rally_7244169f_issLnO71 (b4181dd3-e29b-495c-9e25-00d84e5933d7)
2019-06-09 07:59:29.267 21662 RALLYDEBUG rally_openstack.cleanup.manager [-] Deleting neutron.port object s_rally_7244169f_3zKhN7bf (b449c027-ced2-4df3-b401-cb5dd534f781)
2019-06-09 07:59:29.289 21662 RALLYDEBUG rally_openstack.cleanup.manager [-] Deleting neutron.port object s_rally_7244169f_38Mj7c3l (b541c5f9-7db8-4fba-8b34-36e5d58cba51)
2019-06-09 07:59:29.414 21662 RALLYDEBUG rally_openstack.cleanup.manager [-] Deleting neutron.port object s_rally_7244169f_NVVzwT62 (b5c1e00d-923e-4a2e-9a78-a66952ef0b29)
2019-06-09 07:59:29.617 21662 RALLYDEBUG rally_openstack.cleanup.manager [-] Deleting neutron.port object s_rally_7244169f_7r8zmMHT (b6256e5f-34ba-434e-bd5d-57090c919b51)
2019-06-09 07:59:29.653 21662 RALLYDEBUG rally_openstack.cleanup.manager [-] Deleting neutron.port object s_rally_7244169f_RaXqSM6t (b628d077-d5e6-478e-a515-fdd8c3aaeb59)
2019-06-09 07:59:29.978 21662 RALLYDEBUG rally_openstack.cleanup.manager [-] Deleting neutron.port object s_rally_7244169f_01wdOjsl (b93345cd-5ffa-47cb-bbaf-36ce8bf7860d)
2019-06-09 07:59:30.003 21662 RALLYDEBUG rally_openstack.cleanup.manager [-] Deleting neutron.port object s_rally_7244169f_OT4opBpX (ba27b9e4-8f03-4f98-b3f8-117a2aadf354)
2019-06-09 07:59:30.240 21662 RALLYDEBUG rally_openstack.cleanup.manager [-] Deleting neutron.port object s_rally_7244169f_RbMDOAq9 (bf24b07a-2b6a-4305-9392-285a29150fcf)
2019-06-09 07:59:30.241 21662 RALLYDEBUG rally_openstack.cleanup.manager [-] Deleting neutron.port object s_rally_7244169f_asc63MHT (bf29d157-7942-4780-8f78-8052525750dc)
2019-06-09 07:59:30.307 21662 RALLYDEBUG rally_openstack.cleanup.manager [-] Deleting neutron.port object s_rally_7244169f_ttLfMuCZ (c13b5c6f-5ea5-43ee-99d4-0fd3ebf179fe)
2019-06-09 07:59:30.376 21662 RALLYDEBUG rally_openstack.cleanup.manager [-] Deleting neutron.port object s_rally_7244169f_Tcb55Jtk (c146cfd7-7b38-4c9d-bd5c-03c1914c33a0)
2019-06-09 07:59:30.479 21662 RALLYDEBUG rally_openstack.cleanup.manager [-] Deleting neutron.port object s_rally_7244169f_HFrkOXRd (c249b615-1c52-448a-a716-7bfe91bad098)
2019-06-09 07:59:30.492 21662 RALLYDEBUG rally_openstack.cleanup.manager [-] Deleting neutron.port object s_rally_7244169f_xLyjlAe2 (c2ba89ec-3b8e-4549-a279-bb28b057ffe7)
2019-06-09 07:59:30.790 21662 RALLYDEBUG rally_openstack.cleanup.manager [-] Deleting neutron.port object s_rally_7244169f_GJog9sFY (c2d62143-5288-4b09-9fdf-6ad6c77ea619)
2019-06-09 07:59:30.927 21662 RALLYDEBUG rally_openstack.cleanup.manager [-] Deleting neutron.port object s_rally_7244169f_v22F7NC1 (c3af2429-2b8a-40e5-874c-bb8cca2dccce)
2019-06-09 07:59:31.049 21662 RALLYDEBUG rally_openstack.cleanup.manager [-] Deleting neutron.port object s_rally_7244169f_TYSza1Ci (c49d848e-a1e2-4ac5-bb16-e35c26e462b8)
2019-06-09 07:59:31.139 21662 RALLYDEBUG rally_openstack.cleanup.manager [-] Deleting neutron.port object s_rally_7244169f_pEfufmLM (c520d169-3f84-49eb-a713-84395131ca58)
2019-06-09 07:59:31.171 21662 RALLYDEBUG rally_openstack.cleanup.manager [-] Deleting neutron.port object s_rally_7244169f_XmDEcTZo (c581dd09-7959-462c-84d4-a0de274df68d)
2019-06-09 07:59:31.253 21662 RALLYDEBUG rally_openstack.cleanup.manager [-] Deleting neutron.port object s_rally_7244169f_OTH2hD5q (c64c7be7-37cd-4753-908c-2fc9e3d6c824)
2019-06-09 07:59:31.375 21662 RALLYDEBUG rally_openstack.cleanup.manager [-] Deleting neutron.port object s_rally_7244169f_yBzjdcR3 (c6cb6af0-be50-404b-8d32-9f5d26d76cd5)
2019-06-09 07:59:31.451 21662 RALLYDEBUG rally_openstack.cleanup.manager [-] Deleting neutron.port object s_rally_7244169f_xHlQ9bE8 (c79d86f4-4411-42dd-8378-13e64fdd6690)
2019-06-09 07:59:31.577 21662 RALLYDEBUG rally_openstack.cleanup.manager [-] Deleting neutron.port object s_rally_7244169f_RKGkAlhF (c79eb829-d65f-4848-a47b-38ba21e21fa5)
2019-06-09 07:59:31.858 21662 RALLYDEBUG rally_openstack.cleanup.manager [-] Deleting neutron.port object s_rally_7244169f_ykK0uJ1p (cc888370-2924-42e8-bc47-f7c612806b3a)
2019-06-09 07:59:32.009 21662 RALLYDEBUG rally_openstack.cleanup.manager [-] Deleting neutron.port object s_rally_7244169f_iZMxj2TZ (cdded446-bc18-42ae-b5d6-3d7cc9e39644)
2019-06-09 07:59:32.017 21662 RALLYDEBUG rally_openstack.cleanup.manager [-] Deleting neutron.port object s_rally_7244169f_DVGNFkNt (d0502b1a-0e74-4836-ada6-37f22f1927d4)
2019-06-09 07:59:32.156 21662 RALLYDEBUG rally_openstack.cleanup.manager [-] Deleting neutron.port object s_rally_7244169f_h78GKZYF (d05c21e3-d334-4ce1-94e4-1dd0dfe594a8)
2019-06-09 07:59:32.195 21662 RALLYDEBUG rally_openstack.cleanup.manager [-] Deleting neutron.port object s_rally_7244169f_mkMmjS27 (d0f30a1f-e1f0-45b7-aba2-273ee80d5b63)
2019-06-09 07:59:32.226 21662 RALLYDEBUG rally_openstack.cleanup.manager [-] Deleting neutron.port object s_rally_7244169f_LJPDouYL (d1550d7c-2fc4-42e3-ab60-ee12e9e368b6)
2019-06-09 07:59:32.333 21662 RALLYDEBUG rally_openstack.cleanup.manager [-] Deleting neutron.port object s_rally_7244169f_wC48aPLk (d1c6718e-a167-49dc-97d0-06980d62a8af)
2019-06-09 07:59:32.369 21662 RALLYDEBUG rally_openstack.cleanup.manager [-] Deleting neutron.port object s_rally_7244169f_yv3SBLSI (d1e974f0-f91e-4720-b4d4-aae170eb8a1d)
2019-06-09 07:59:32.455 21662 RALLYDEBUG rally_openstack.cleanup.manager [-] Deleting neutron.port object s_rally_7244169f_WJ7S29hi (d318799b-b642-44f5-9001-2a35ed8a650d)
2019-06-09 07:59:32.544 21662 RALLYDEBUG rally_openstack.cleanup.manager [-] Deleting neutron.port object s_rally_7244169f_lmHjuuHn (d413fb76-38c0-4e4f-9e84-4ce9f7926ee8)
2019-06-09 07:59:32.752 21662 RALLYDEBUG rally_openstack.cleanup.manager [-] Deleting neutron.port object s_rally_7244169f_65khlwFV (d48b7bd1-1869-4538-bd05-de410bf5254d)
2019-06-09 07:59:32.930 21662 RALLYDEBUG rally_openstack.cleanup.manager [-] Deleting neutron.port object s_rally_7244169f_HhJQ4pAq (d4f62150-34ff-4820-96e2-20d947f974e4)
2019-06-09 07:59:32.981 21662 RALLYDEBUG rally_openstack.cleanup.manager [-] Deleting neutron.port object s_rally_7244169f_CsZAS8pc (d533edb7-d65f-40d6-927d-acdc67748ecf)
2019-06-09 07:59:33.201 21662 RALLYDEBUG rally_openstack.cleanup.manager [-] Deleting neutron.port object s_rally_7244169f_VXlzptSv (d57c7acf-0b52-4b46-9db2-4d33d09f8d9d)
2019-06-09 07:59:33.236 21662 RALLYDEBUG rally_openstack.cleanup.manager [-] Deleting neutron.port object s_rally_7244169f_5ZpRUrcH (d751d659-d61c-4f4b-aa72-61d8c08c5bec)
2019-06-09 07:59:33.566 21662 RALLYDEBUG rally_openstack.cleanup.manager [-] Deleting neutron.port object s_rally_7244169f_ZfCqu4UM (d75ae3cb-29a6-4d50-a521-0133243018ad)
2019-06-09 07:59:33.599 21662 RALLYDEBUG rally_openstack.cleanup.manager [-] Deleting neutron.port object s_rally_7244169f_xrBiGqne (d8bc739f-5e5b-446a-844f-cf806c2bf930)
2019-06-09 07:59:33.606 21662 RALLYDEBUG rally_openstack.cleanup.manager [-] Deleting neutron.port object s_rally_7244169f_Mk0W9Rgk (d93a23c4-639d-4511-81ae-d9262321d84b)
2019-06-09 07:59:33.795 21662 RALLYDEBUG rally_openstack.cleanup.manager [-] Deleting neutron.port object s_rally_7244169f_1HdUbUpz (d983bb9c-791d-42e5-8e1e-7287da613b10)
2019-06-09 07:59:34.104 21662 RALLYDEBUG rally_openstack.cleanup.manager [-] Deleting neutron.port object s_rally_7244169f_5ZZ1mEEF (d9b70cb7-8093-4d9f-a859-fd70a7ea11e1)
2019-06-09 07:59:34.111 21662 RALLYDEBUG rally_openstack.cleanup.manager [-] Deleting neutron.port object s_rally_7244169f_bBh8NE5H (d9cfc957-5d88-41e3-bb48-d66ac9336223)
2019-06-09 07:59:34.196 21662 RALLYDEBUG rally_openstack.cleanup.manager [-] Deleting neutron.port object s_rally_7244169f_Tr3CPAld (da0558fa-330d-404e-9812-1bf1b8c0a9bd)
2019-06-09 07:59:34.230 21662 RALLYDEBUG rally_openstack.cleanup.manager [-] Deleting neutron.port object s_rally_7244169f_OUEWFCdB (dac07c05-3a35-4666-8b45-95caadd56b4a)
2019-06-09 07:59:34.312 21662 RALLYDEBUG rally_openstack.cleanup.manager [-] Deleting neutron.port object s_rally_7244169f_tlooqiCt (db8b9c61-9922-4ab8-955d-c04ebf0e0993)
2019-06-09 07:59:34.326 21662 RALLYDEBUG rally_openstack.cleanup.manager [-] Deleting neutron.port object s_rally_7244169f_UXVHKxdJ (dc16e730-5b28-4bb8-a155-1c196890bb04)
2019-06-09 07:59:34.488 21662 RALLYDEBUG rally_openstack.cleanup.manager [-] Deleting neutron.port object s_rally_7244169f_iJsT8wUq (dca69090-8973-4585-a4aa-df1ea8d22426)
2019-06-09 07:59:34.733 21662 RALLYDEBUG rally_openstack.cleanup.manager [-] Deleting neutron.port object s_rally_7244169f_5mXeuwVD (dd48c610-1f89-4da4-831f-6e2025c4d18f)
2019-06-09 07:59:34.736 21662 RALLYDEBUG rally_openstack.cleanup.manager [-] Deleting neutron.port object s_rally_7244169f_mOORdO9D (dd51f5e2-101d-4101-bba7-a53e8dd0bdc4)
2019-06-09 07:59:34.744 21662 RALLYDEBUG rally_openstack.cleanup.manager [-] Deleting neutron.port object s_rally_7244169f_tWu7OV9X (dd599bf7-baba-4c5d-be93-3ca21f1268ae)
2019-06-09 07:59:35.000 21662 RALLYDEBUG rally_openstack.cleanup.manager [-] Deleting neutron.port object s_rally_7244169f_WO77w7qG (e677e340-a5aa-4b3d-af7d-640b8258543e)
2019-06-09 07:59:35.169 21662 RALLYDEBUG rally_openstack.cleanup.manager [-] Deleting neutron.port object s_rally_7244169f_jpnZfcIQ (e9199925-1c70-415b-96e7-99d1c51d45a8)
2019-06-09 07:59:35.375 21662 RALLYDEBUG rally_openstack.cleanup.manager [-] Deleting neutron.port object s_rally_7244169f_oVdcoIOt (e9d94ebd-87fb-49a1-a902-c8e8bffaa083)
2019-06-09 07:59:35.425 21662 RALLYDEBUG rally_openstack.cleanup.manager [-] Deleting neutron.port object s_rally_7244169f_uj18HWeA (ea031273-8811-4ac6-a6da-7a9e3ef42ee0)
2019-06-09 07:59:35.564 21662 RALLYDEBUG rally_openstack.cleanup.manager [-] Deleting neutron.port object s_rally_7244169f_XX83rMaB (ec7f6c1c-77e9-495e-8c7a-2246af604c4e)
2019-06-09 07:59:35.641 21662 RALLYDEBUG rally_openstack.cleanup.manager [-] Deleting neutron.port object s_rally_7244169f_s9Rqpjav (ece0f4af-f9e8-4ebb-938e-c95ef5fbb904)
2019-06-09 07:59:35.713 21662 RALLYDEBUG rally_openstack.cleanup.manager [-] Deleting neutron.port object s_rally_7244169f_A66LP0c3 (f37c4ff3-fb37-47a5-882f-d5ab2fb43714)
2019-06-09 07:59:35.791 21662 RALLYDEBUG rally_openstack.cleanup.manager [-] Deleting neutron.port object s_rally_7244169f_AiyCaEh6 (f4081bc6-a437-4d20-b430-5dd2994f91a1)
2019-06-09 07:59:35.845 21662 RALLYDEBUG rally_openstack.cleanup.manager [-] Deleting neutron.port object s_rally_7244169f_4YFJyLRR (f72c03e4-2c3d-471a-91ea-df2d3b952653)
2019-06-09 07:59:36.009 21662 RALLYDEBUG rally_openstack.cleanup.manager [-] Deleting neutron.port object s_rally_7244169f_DUHVd290 (fa50ae4e-feea-4c62-b182-a27ca0dcb82f)
2019-06-09 07:59:36.120 21662 RALLYDEBUG rally_openstack.cleanup.manager [-] Deleting neutron.port object s_rally_7244169f_tJN51H9t (fb5fbc03-2101-446f-9012-5d141c1c9aff)
2019-06-09 07:59:36.252 21662 RALLYDEBUG rally_openstack.cleanup.manager [-] Deleting neutron.port object s_rally_7244169f_pFadalgD (fb9d54d7-0a5c-4672-bd7c-d87644d2bbcf)
2019-06-09 07:59:36.419 21662 RALLYDEBUG rally_openstack.cleanup.manager [-] Deleting neutron.port object s_rally_7244169f_tx2bRgiY (fbe55540-c009-4a4b-8ba9-9563e66540ec)
2019-06-09 07:59:36.504 21662 RALLYDEBUG rally_openstack.cleanup.manager [-] Deleting neutron.port object s_rally_7244169f_qSokcjgF (feadd64b-6c2c-4768-8a5b-8042110f0436)
2019-06-09 07:59:36.581 21662 RALLYDEBUG rally_openstack.cleanup.manager [-] Deleting neutron.port object s_rally_7244169f_HF3foYri (fef5fe8d-39e9-45fb-8471-0b410f840f8f)
2019-06-09 07:59:36.668 21662 RALLYDEBUG rally_openstack.cleanup.manager [-] Deleting neutron.port object s_rally_7244169f_MaZQHjom (ff4c5531-9abc-4616-be26-33fd42c0ce28)
2019-06-09 07:59:38.731 21662 RALLYDEBUG rally_openstack.cleanup.manager [-] Cleaning up neutron subnet objects
2019-06-09 07:59:39.148 21662 RALLYDEBUG rally_openstack.cleanup.manager [-] Cleaning up neutron network objects
2019-06-09 07:59:39.999 21662 RALLYDEBUG rally_openstack.cleanup.manager [-] Deleting neutron.network object s_rally_7244169f_ERxgdGsI (0a028319-b49f-42e7-9b9b-f77276205b7f)
2019-06-09 07:59:40.002 21662 RALLYDEBUG rally_openstack.cleanup.manager [-] Deleting neutron.network object s_rally_7244169f_OzRSPiva (0acdaa85-c521-4622-bf37-a44fec31bd82)
2019-06-09 07:59:40.013 21662 RALLYDEBUG rally_openstack.cleanup.manager [-] Deleting neutron.network object s_rally_7244169f_O0z4M1sV (174c267c-b498-4b8b-8667-3bb519537937)
2019-06-09 07:59:40.015 21662 RALLYDEBUG rally_openstack.cleanup.manager [-] Deleting neutron.network object s_rally_7244169f_UENiIwC9 (2fa4eb11-46cc-44ac-8c78-7c536e4d8c60)
2019-06-09 07:59:40.033 21662 RALLYDEBUG rally_openstack.cleanup.manager [-] Deleting neutron.network object s_rally_7244169f_3Tsiy3MX (34b644cf-a743-4062-aea4-f63cb48220ff)
2019-06-09 07:59:40.074 21662 RALLYDEBUG rally_openstack.cleanup.manager [-] Deleting neutron.network object s_rally_7244169f_XLfYT3Hj (41408b1b-f35c-4f5b-9739-df90bce3cef9)
2019-06-09 07:59:40.085 21662 RALLYDEBUG rally_openstack.cleanup.manager [-] Deleting neutron.network object s_rally_7244169f_aVLUltYD (49a65b2d-441a-4339-83f6-05e8bb2da7b6)
2019-06-09 07:59:40.099 21662 RALLYDEBUG rally_openstack.cleanup.manager [-] Deleting neutron.network object s_rally_7244169f_ZODAvEnc (3ceb78c4-c695-4445-b439-194f15ec7638)
2019-06-09 07:59:40.127 21662 RALLYDEBUG rally_openstack.cleanup.manager [-] Deleting neutron.network object s_rally_7244169f_z9e0H43V (5b9a5749-a12b-4857-9478-7547e17bd066)
2019-06-09 07:59:40.128 21662 RALLYDEBUG rally_openstack.cleanup.manager [-] Deleting neutron.network object s_rally_7244169f_KJKcHdIA (56a27665-68e6-4f4c-b967-50c5d25bf847)
2019-06-09 07:59:40.130 21662 RALLYDEBUG rally_openstack.cleanup.manager [-] Deleting neutron.network object s_rally_7244169f_GlUrr5kz (6a091760-ac30-42fa-ae0f-a0271f33eca3)
2019-06-09 07:59:40.154 21662 RALLYDEBUG rally_openstack.cleanup.manager [-] Deleting neutron.network object s_rally_7244169f_IxhFZouk (59a82530-6391-4388-8f03-8417f6ad5b73)
2019-06-09 07:59:40.185 21662 RALLYDEBUG rally_openstack.cleanup.manager [-] Deleting neutron.network object s_rally_7244169f_4jBvnFon (95058ea4-375a-4ba3-9887-f5e272e59ffc)
2019-06-09 07:59:40.188 21662 RALLYDEBUG rally_openstack.cleanup.manager [-] Deleting neutron.network object s_rally_7244169f_hSrGi4VP (8c7ed350-946e-4286-91ac-8b1dc19a93c4)
2019-06-09 07:59:40.192 21662 RALLYDEBUG rally_openstack.cleanup.manager [-] Deleting neutron.network object s_rally_7244169f_SwKZfdX4 (6c50b1b1-d605-4f85-aedf-732d7a5fa250)
2019-06-09 07:59:40.205 21662 RALLYDEBUG rally_openstack.cleanup.manager [-] Deleting neutron.network object s_rally_7244169f_LSFGb1gT (6e5c1adc-6318-4627-a896-68911ec6b569)
2019-06-09 07:59:40.244 21662 RALLYDEBUG rally_openstack.cleanup.manager [-] Deleting neutron.network object s_rally_7244169f_9aNQuYnt (7e926332-dd25-4fc1-b126-33ff3acaf7f7)
2019-06-09 07:59:40.262 21662 RALLYDEBUG rally_openstack.cleanup.manager [-] Deleting neutron.network object s_rally_7244169f_z2ns4RYL (97b2f62c-39b0-4b6f-832f-6a9045db7f63)
2019-06-09 07:59:40.281 21662 RALLYDEBUG rally_openstack.cleanup.manager [-] Deleting neutron.network object s_rally_7244169f_Pz1cZfiW (a9b01e44-0c1d-4e90-b0d7-ed7f30c71b30)
2019-06-09 07:59:40.288 21662 RALLYDEBUG rally_openstack.cleanup.manager [-] Deleting neutron.network object s_rally_7244169f_ab5It1Bt (8dd2a04d-9a66-4a10-afdc-69eee34a83f2)
2019-06-09 07:59:42.414 21662 RALLYDEBUG rally_openstack.cleanup.manager [-] Deleting neutron.network object s_rally_7244169f_sb93BwHk (ac97c40c-bc37-4e44-94f4-ab27b7a27756)
2019-06-09 07:59:42.432 21662 RALLYDEBUG rally_openstack.cleanup.manager [-] Deleting neutron.network object s_rally_7244169f_rAtG45jE (aef6cd16-3064-4851-aae9-02ad4dcc1371)
2019-06-09 07:59:42.632 21662 RALLYDEBUG rally_openstack.cleanup.manager [-] Deleting neutron.network object s_rally_7244169f_Z9rr9E0S (b1d1b923-53dd-4ef3-b6cf-cec2a78fb319)
2019-06-09 07:59:42.785 21662 RALLYDEBUG rally_openstack.cleanup.manager [-] Deleting neutron.network object s_rally_7244169f_K3Z4Eaqr (b2677d75-475e-4983-af80-5f2afd245a7b)
2019-06-09 07:59:42.983 21662 RALLYDEBUG rally_openstack.cleanup.manager [-] Deleting neutron.network object s_rally_7244169f_kMtDpwDk (b3cd0419-0bb6-4fc5-9633-fff23c37e111)
2019-06-09 07:59:43.036 21662 RALLYDEBUG rally_openstack.cleanup.manager [-] Deleting neutron.network object s_rally_7244169f_5DBIcEx4 (ba67e5fa-db26-4887-8f10-98eb56aa1549)
2019-06-09 07:59:43.205 21662 RALLYDEBUG rally_openstack.cleanup.manager [-] Deleting neutron.network object s_rally_7244169f_tQ5sIWDt (c23085a5-68e9-431f-9250-d2b58cab95e5)
2019-06-09 07:59:43.345 21662 RALLYDEBUG rally_openstack.cleanup.manager [-] Deleting neutron.network object s_rally_7244169f_502rElNS (c65130ba-1897-4ca0-8c9f-d8c146455228)
2019-06-09 07:59:43.360 21662 RALLYDEBUG rally_openstack.cleanup.manager [-] Deleting neutron.network object s_rally_7244169f_JuMqJT5g (cb427f67-20c0-43f0-8bc8-6524a471a201)
2019-06-09 07:59:43.366 21662 RALLYDEBUG rally_openstack.cleanup.manager [-] Deleting neutron.network object s_rally_7244169f_G2ZLUFI1 (d0f2fc47-e2ef-4118-9ee7-b675a8efa4e8)
2019-06-09 07:59:43.437 21662 RALLYDEBUG rally_openstack.cleanup.manager [-] Deleting neutron.network object s_rally_7244169f_7AuW6iLw (d155ae44-4ebd-46fc-9f8c-aa84a67022da)
2019-06-09 07:59:43.501 21662 RALLYDEBUG rally_openstack.cleanup.manager [-] Deleting neutron.network object s_rally_7244169f_PTITKv0F (d3840ead-2392-4fda-8b3b-e02f51dc514f)
2019-06-09 07:59:43.542 21662 RALLYDEBUG rally_openstack.cleanup.manager [-] Deleting neutron.network object s_rally_7244169f_U9gOX4yF (f10cddb4-35a5-46b1-a7a9-7d0e6f1700a3)
2019-06-09 07:59:43.543 21662 RALLYDEBUG rally_openstack.cleanup.manager [-] Deleting neutron.network object s_rally_7244169f_PktXcUKr (e27e82a5-7cc9-4c65-9b72-e38406938b00)
2019-06-09 07:59:43.543 21662 RALLYDEBUG rally_openstack.cleanup.manager [-] Deleting neutron.network object s_rally_7244169f_VSsjtfTS (ed263368-94a0-4bad-b8ad-8bbd391a041c)
2019-06-09 07:59:43.574 21662 RALLYDEBUG rally_openstack.cleanup.manager [-] Deleting neutron.network object s_rally_7244169f_hXr6dFTr (fa8155a8-3099-4df1-9993-a32130311427)
2019-06-09 07:59:43.576 21662 RALLYDEBUG rally_openstack.cleanup.manager [-] Deleting neutron.network object s_rally_7244169f_46R2I8EL (f6909f86-3bd9-4752-b01c-46667133fb5d)
2019-06-09 07:59:43.615 21662 RALLYDEBUG rally_openstack.cleanup.manager [-] Deleting neutron.network object s_rally_7244169f_JpdOKTeP (fcf4c002-38f7-4647-adb5-0e010079cbf3)
2019-06-09 07:59:43.671 21662 RALLYDEBUG rally_openstack.cleanup.manager [-] Deleting neutron.network object s_rally_7244169f_KBLIdpbb (fe169b0b-c8b4-4799-b097-bd82604e8463)
2019-06-09 07:59:43.686 21662 RALLYDEBUG rally_openstack.cleanup.manager [-] Deleting neutron.network object s_rally_7244169f_YKfrOZA5 (ff1f5e85-20f6-4053-a454-87926b57ec72)
2019-06-09 07:59:46.615 21662 RALLYDEBUG rally_openstack.cleanup.manager [-] Cleaning up neutron router objects
2019-06-09 07:59:47.050 21662 RALLYDEBUG rally_openstack.cleanup.manager [-] Cleaning up neutron security_group objects
2019-06-09 07:59:47.490 21662 INFO rally.task.context [-] Task 188e2494-31a8-4d8c-83f5-5e4cd75fa028 | Context cleanup@openstack cleanup() finished in 35.59 sec
2019-06-09 07:59:47.491 21662 INFO rally.task.context [-] Task 188e2494-31a8-4d8c-83f5-5e4cd75fa028 | Context quotas@openstack cleanup() started
2019-06-09 07:59:47.607 21662 INFO rally.task.context [-] Task 188e2494-31a8-4d8c-83f5-5e4cd75fa028 | Context quotas@openstack cleanup() finished in 0.12 sec
2019-06-09 07:59:47.608 21662 INFO rally.task.context [-] Task 188e2494-31a8-4d8c-83f5-5e4cd75fa028 | Context users@openstack cleanup() started
2019-06-09 07:59:50.378 21662 INFO rally.task.context [-] Task 188e2494-31a8-4d8c-83f5-5e4cd75fa028 | Context users@openstack cleanup() finished in 2.77 sec
2019-06-09 07:59:50.473 21662 INFO rally.task.engine [-] Load duration is: 24.783837
2019-06-09 07:59:50.474 21662 INFO rally.task.engine [-] Full runner duration is: 24.838493
2019-06-09 07:59:50.474 21662 INFO rally.task.engine [-] Full duration is: 66.309072
2019-06-09 07:59:50.749 21662 INFO rally.task.engine [-] Running workload: position = 2 config = { "version": 2, "title": "A cropped version of a bigger task.", "description": "Auto-generated task from a single workload (uuid=acd47f20-3849-4d0b-a189-c524508aba1b)", "subtasks": [ { "title": "NeutronNetworks.create_and_delete_ports", "description": "Create and delete a port.", "scenario": { "NeutronNetworks.create_and_delete_ports": { "network_create_args": {}, "port_create_args": {}, "ports_per_network": 5 } }, "contexts": { "users": { "tenants": 1, "users_per_tenant": 1 }, "quotas": { "neutron": { "network": -1, "port": -1 } } }, "runner": { "constant": { "times": 40, "concurrency": 20 } }, "hooks": [], "sla": { "failure_rate": { "max": 0 } } } ] }
2019-06-09 07:59:50.777 21662 RALLYDEBUG rally_openstack.contexts.keystone.users [-] Creating 1 tenants using 20 threads
2019-06-09 07:59:51.741 21662 RALLYDEBUG rally_openstack.contexts.keystone.users [-] Creating 1 users using 20 threads
2019-06-09 07:59:53.104 21662 INFO rally.task.context [-] Task 188e2494-31a8-4d8c-83f5-5e4cd75fa028 | Context users@openstack setup() finished in 2.33 sec
2019-06-09 07:59:53.604 21662 INFO rally.task.context [-] Task 188e2494-31a8-4d8c-83f5-5e4cd75fa028 | Context quotas@openstack setup() finished in 0.50 sec
2019-06-09 07:59:53.604 21662 INFO rally.task.context [-] Task 188e2494-31a8-4d8c-83f5-5e4cd75fa028 | Context cleanup@openstack setup() finished in 0.01 msec
2019-06-09 07:59:53.613 21662 RALLYDEBUG rally.task.runner [-] Starting the constant runner (task UUID: 188e2494-31a8-4d8c-83f5-5e4cd75fa028). timeout: 0 concurrency: 20 concurrency_per_worker: 1 times: 40 concurrency_overhead: 4 processes_to_start: 16 max_cpu_used: 16
2019-06-09 07:59:53.628 25908 RALLYDEBUG rally.task.runner [-] Starting a worker. concurrency: 2 args: {"network_create_args": {}, "port_create_args": {}, "ports_per_network": 5} times: 40 method_name: run timeout: 0 duration: None cls:
2019-06-09 07:59:53.631 25909 RALLYDEBUG rally.task.runner [-] Starting a worker. concurrency: 2 args: {"network_create_args": {}, "port_create_args": {}, "ports_per_network": 5} times: 40 method_name: run timeout: 0 duration: None cls:
2019-06-09 07:59:53.634 25910 RALLYDEBUG rally.task.runner [-] Starting a worker. concurrency: 2 args: {"network_create_args": {}, "port_create_args": {}, "ports_per_network": 5} times: 40 method_name: run timeout: 0 duration: None cls:
2019-06-09 07:59:53.636 25908 INFO rally.task.runner [-] Task 188e2494-31a8-4d8c-83f5-5e4cd75fa028 | ITER: 1 START
2019-06-09 07:59:53.637 25911 RALLYDEBUG rally.task.runner [-] Starting a worker. concurrency: 2 args: {"network_create_args": {}, "port_create_args": {}, "ports_per_network": 5} times: 40 method_name: run timeout: 0 duration: None cls:
2019-06-09 07:59:53.638 25908 WARNING rally_openstack.scenarios.neutron.utils [-] Running this scenario without either the 'network' or 'existing_network' context is deprecated
2019-06-09 07:59:53.641 25912 RALLYDEBUG rally.task.runner [-] Starting a worker. concurrency: 1 args: {"network_create_args": {}, "port_create_args": {}, "ports_per_network": 5} times: 40 method_name: run timeout: 0 duration: None cls:
2019-06-09 07:59:53.642 25909 INFO rally.task.runner [-] Task 188e2494-31a8-4d8c-83f5-5e4cd75fa028 | ITER: 2 START
2019-06-09 07:59:53.644 25910 INFO rally.task.runner [-] Task 188e2494-31a8-4d8c-83f5-5e4cd75fa028 | ITER: 4 START
2019-06-09 07:59:53.645 25911 INFO rally.task.runner [-] Task 188e2494-31a8-4d8c-83f5-5e4cd75fa028 | ITER: 6 START
2019-06-09 07:59:53.646 25910 WARNING rally_openstack.scenarios.neutron.utils [-] Running this scenario without either the 'network' or 'existing_network' context is deprecated
2019-06-09 07:59:53.645 25916 RALLYDEBUG rally.task.runner [-] Starting a worker. concurrency: 1 args: {"network_create_args": {}, "port_create_args": {}, "ports_per_network": 5} times: 40 method_name: run timeout: 0 duration: None cls:
2019-06-09 07:59:53.644 25909 INFO rally.task.runner [-] Task 188e2494-31a8-4d8c-83f5-5e4cd75fa028 | ITER: 5 START
2019-06-09 07:59:53.646 25909 WARNING rally_openstack.scenarios.neutron.utils [-] Running this scenario without either the 'network' or 'existing_network' context is deprecated
2019-06-09 07:59:53.647 25911 WARNING rally_openstack.scenarios.neutron.utils [-] Running this scenario without either the 'network' or 'existing_network' context is deprecated
2019-06-09 07:59:53.648 25912 INFO rally.task.runner [-] Task 188e2494-31a8-4d8c-83f5-5e4cd75fa028 | ITER: 8 START
2019-06-09 07:59:53.647 25909 WARNING rally_openstack.scenarios.neutron.utils [-] Running this scenario without either the 'network' or 'existing_network' context is deprecated
2019-06-09 07:59:53.650 25912 WARNING rally_openstack.scenarios.neutron.utils [-] Running this scenario without either the 'network' or 'existing_network' context is deprecated
2019-06-09 07:59:53.650 25920 RALLYDEBUG rally.task.runner [-] Starting a worker. concurrency: 1 args: {"network_create_args": {}, "port_create_args": {}, "ports_per_network": 5} times: 40 method_name: run timeout: 0 duration: None cls:
2019-06-09 07:59:53.653 25916 INFO rally.task.runner [-] Task 188e2494-31a8-4d8c-83f5-5e4cd75fa028 | ITER: 10 START
2019-06-09 07:59:53.653 25924 RALLYDEBUG rally.task.runner [-] Starting a worker. concurrency: 1 args: {"network_create_args": {}, "port_create_args": {}, "ports_per_network": 5} times: 40 method_name: run timeout: 0 duration: None cls:
2019-06-09 07:59:53.655 25916 WARNING rally_openstack.scenarios.neutron.utils [-] Running this scenario without either the 'network' or 'existing_network' context is deprecated
2019-06-09 07:59:53.658 25928 RALLYDEBUG rally.task.runner [-] Starting a worker. concurrency: 1 args: {"network_create_args": {}, "port_create_args": {}, "ports_per_network": 5} times: 40 method_name: run timeout: 0 duration: None cls:
2019-06-09 07:59:53.658 25920 INFO rally.task.runner [-] Task 188e2494-31a8-4d8c-83f5-5e4cd75fa028 | ITER: 11 START
2019-06-09 07:59:53.659 25908 INFO rally.task.runner [-] Task 188e2494-31a8-4d8c-83f5-5e4cd75fa028 | ITER: 3 START
2019-06-09 07:59:53.660 25908 WARNING rally_openstack.scenarios.neutron.utils [-] Running this scenario without either the 'network' or 'existing_network' context is deprecated
2019-06-09 07:59:53.660 25910 INFO rally.task.runner [-] Task 188e2494-31a8-4d8c-83f5-5e4cd75fa028 | ITER: 7 START
2019-06-09 07:59:53.659 25931 RALLYDEBUG rally.task.runner [-] Starting a worker. concurrency: 1 args: {"network_create_args": {}, "port_create_args": {}, "ports_per_network": 5} times: 40 method_name: run timeout: 0 duration: None cls:
2019-06-09 07:59:53.660 25920 WARNING rally_openstack.scenarios.neutron.utils [-] Running this scenario without either the 'network' or 'existing_network' context is deprecated
2019-06-09 07:59:53.661 25910 WARNING rally_openstack.scenarios.neutron.utils [-] Running this scenario without either the 'network' or 'existing_network' context is deprecated
2019-06-09 07:59:53.662 25924 INFO rally.task.runner [-] Task 188e2494-31a8-4d8c-83f5-5e4cd75fa028 | ITER: 12 START
2019-06-09 07:59:53.664 25911 INFO rally.task.runner [-] Task 188e2494-31a8-4d8c-83f5-5e4cd75fa028 | ITER: 9 START
2019-06-09 07:59:53.664 25924 WARNING rally_openstack.scenarios.neutron.utils [-] Running this scenario without either the 'network' or 'existing_network' context is deprecated
2019-06-09 07:59:53.664 25928 INFO rally.task.runner [-] Task 188e2494-31a8-4d8c-83f5-5e4cd75fa028 | ITER: 13 START
2019-06-09 07:59:53.666 25928 WARNING rally_openstack.scenarios.neutron.utils [-] Running this scenario without either the 'network' or 'existing_network' context is deprecated
2019-06-09 07:59:53.664 25911 WARNING rally_openstack.scenarios.neutron.utils [-] Running this scenario without either the 'network' or 'existing_network' context is deprecated
2019-06-09 07:59:53.667 25935 RALLYDEBUG rally.task.runner [-] Starting a worker. concurrency: 1 args: {"network_create_args": {}, "port_create_args": {}, "ports_per_network": 5} times: 40 method_name: run timeout: 0 duration: None cls:
2019-06-09 07:59:53.669 25931 INFO rally.task.runner [-] Task 188e2494-31a8-4d8c-83f5-5e4cd75fa028 | ITER: 14 START
2019-06-09 07:59:53.671 25931 WARNING rally_openstack.scenarios.neutron.utils [-] Running this scenario without either the 'network' or 'existing_network' context is deprecated
2019-06-09 07:59:53.674 25935 INFO rally.task.runner [-] Task 188e2494-31a8-4d8c-83f5-5e4cd75fa028 | ITER: 15 START
2019-06-09 07:59:53.675 25935 WARNING rally_openstack.scenarios.neutron.utils [-] Running this scenario without either the 'network' or 'existing_network' context is deprecated
2019-06-09 07:59:53.677 25942 RALLYDEBUG rally.task.runner [-] Starting a worker. concurrency: 1 args: {"network_create_args": {}, "port_create_args": {}, "ports_per_network": 5} times: 40 method_name: run timeout: 0 duration: None cls:
2019-06-09 07:59:53.684 25942 INFO rally.task.runner [-] Task 188e2494-31a8-4d8c-83f5-5e4cd75fa028 | ITER: 16 START
2019-06-09 07:59:53.686 25942 WARNING rally_openstack.scenarios.neutron.utils [-] Running this scenario without either the 'network' or 'existing_network' context is deprecated
2019-06-09 07:59:53.687 25946 RALLYDEBUG rally.task.runner [-] Starting a worker. concurrency: 1 args: {"network_create_args": {}, "port_create_args": {}, "ports_per_network": 5} times: 40 method_name: run timeout: 0 duration: None cls:
2019-06-09 07:59:53.692 25946 INFO rally.task.runner [-] Task 188e2494-31a8-4d8c-83f5-5e4cd75fa028 | ITER: 17 START
2019-06-09 07:59:53.694 25946 WARNING rally_openstack.scenarios.neutron.utils [-] Running this scenario without either the 'network' or 'existing_network' context is deprecated
2019-06-09 07:59:53.696 25949 RALLYDEBUG rally.task.runner [-] Starting a worker. concurrency: 1 args: {"network_create_args": {}, "port_create_args": {}, "ports_per_network": 5} times: 40 method_name: run timeout: 0 duration: None cls:
2019-06-09 07:59:53.702 25949 INFO rally.task.runner [-] Task 188e2494-31a8-4d8c-83f5-5e4cd75fa028 | ITER: 18 START
2019-06-09 07:59:53.704 25949 WARNING rally_openstack.scenarios.neutron.utils [-] Running this scenario without either the 'network' or 'existing_network' context is deprecated
2019-06-09 07:59:53.704 25952 RALLYDEBUG rally.task.runner [-] Starting a worker. concurrency: 1 args: {"network_create_args": {}, "port_create_args": {}, "ports_per_network": 5} times: 40 method_name: run timeout: 0 duration: None cls:
2019-06-09 07:59:53.709 25952 INFO rally.task.runner [-] Task 188e2494-31a8-4d8c-83f5-5e4cd75fa028 | ITER: 19 START
2019-06-09 07:59:53.709 25955 RALLYDEBUG rally.task.runner [-] Starting a worker. concurrency: 1 args: {"network_create_args": {}, "port_create_args": {}, "ports_per_network": 5} times: 40 method_name: run timeout: 0 duration: None cls:
2019-06-09 07:59:53.710 25952 WARNING rally_openstack.scenarios.neutron.utils [-] Running this scenario without either the 'network' or 'existing_network' context is deprecated
2019-06-09 07:59:53.714 25955 INFO rally.task.runner [-] Task 188e2494-31a8-4d8c-83f5-5e4cd75fa028 | ITER: 20 START
2019-06-09 07:59:53.715 25955 WARNING rally_openstack.scenarios.neutron.utils [-] Running this scenario without either the 'network' or 'existing_network' context is deprecated
2019-06-09 08:00:03.661 25908 INFO rally.task.runner [-] Task 188e2494-31a8-4d8c-83f5-5e4cd75fa028 | ITER: 3 END: OK
2019-06-09 08:00:03.667 25908 INFO rally.task.runner [-] Task 188e2494-31a8-4d8c-83f5-5e4cd75fa028 | ITER: 21 START
2019-06-09 08:00:03.668 25908 WARNING rally_openstack.scenarios.neutron.utils [-] Running this scenario without either the 'network' or 'existing_network' context is deprecated
2019-06-09 08:00:03.976 25928 INFO rally.task.runner [-] Task 188e2494-31a8-4d8c-83f5-5e4cd75fa028 | ITER: 13 END: OK
2019-06-09 08:00:03.982 25928 INFO rally.task.runner [-] Task 188e2494-31a8-4d8c-83f5-5e4cd75fa028 | ITER: 22 START
2019-06-09 08:00:03.983 25928 WARNING rally_openstack.scenarios.neutron.utils [-] Running this scenario without either the 'network' or 'existing_network' context is deprecated
2019-06-09 08:00:04.663 25935 INFO rally.task.runner [-] Task 188e2494-31a8-4d8c-83f5-5e4cd75fa028 | ITER: 15 END: OK
2019-06-09 08:00:04.668 25935 INFO rally.task.runner [-] Task 188e2494-31a8-4d8c-83f5-5e4cd75fa028 | ITER: 23 START
2019-06-09 08:00:04.668 25935 WARNING rally_openstack.scenarios.neutron.utils [-] Running this scenario without either the 'network' or 'existing_network' context is deprecated
2019-06-09 08:00:04.678 25908 INFO rally.task.runner [-] Task 188e2494-31a8-4d8c-83f5-5e4cd75fa028 | ITER: 1 END: OK
2019-06-09 08:00:04.682 25908 INFO rally.task.runner [-] Task 188e2494-31a8-4d8c-83f5-5e4cd75fa028 | ITER: 24 START
2019-06-09 08:00:04.682 25908 WARNING rally_openstack.scenarios.neutron.utils [-] Running this scenario without either the 'network' or 'existing_network' context is deprecated
2019-06-09 08:00:04.848 25916 INFO rally.task.runner [-] Task 188e2494-31a8-4d8c-83f5-5e4cd75fa028 | ITER: 10 END: OK
2019-06-09 08:00:04.853 25916 INFO rally.task.runner [-] Task 188e2494-31a8-4d8c-83f5-5e4cd75fa028 | ITER: 25 START
2019-06-09 08:00:04.854 25916 WARNING rally_openstack.scenarios.neutron.utils [-] Running this scenario without either the 'network' or 'existing_network' context is deprecated
2019-06-09 08:00:05.635 25946 INFO rally.task.runner [-] Task 188e2494-31a8-4d8c-83f5-5e4cd75fa028 | ITER: 17 END: OK
2019-06-09 08:00:05.640 25946 INFO rally.task.runner [-] Task 188e2494-31a8-4d8c-83f5-5e4cd75fa028 | ITER: 26 START
2019-06-09 08:00:05.640 25946 WARNING rally_openstack.scenarios.neutron.utils [-] Running this scenario without either the 'network' or 'existing_network' context is deprecated
2019-06-09 08:00:05.891 25911 INFO rally.task.runner [-] Task 188e2494-31a8-4d8c-83f5-5e4cd75fa028 | ITER: 6 END: OK
2019-06-09 08:00:05.895 25911 INFO rally.task.runner [-] Task 188e2494-31a8-4d8c-83f5-5e4cd75fa028 | ITER: 27 START
2019-06-09 08:00:05.896 25911 WARNING rally_openstack.scenarios.neutron.utils [-] Running this scenario without either the 'network' or 'existing_network' context is deprecated
2019-06-09 08:00:06.217 25952 INFO rally.task.runner [-] Task 188e2494-31a8-4d8c-83f5-5e4cd75fa028 | ITER: 19 END: OK
2019-06-09 08:00:06.222 25952 INFO rally.task.runner [-] Task 188e2494-31a8-4d8c-83f5-5e4cd75fa028 | ITER: 28 START
2019-06-09 08:00:06.222 25952 WARNING rally_openstack.scenarios.neutron.utils [-] Running this scenario without either the 'network' or 'existing_network' context is deprecated
2019-06-09 08:00:06.870 25931 INFO rally.task.runner [-] Task 188e2494-31a8-4d8c-83f5-5e4cd75fa028 | ITER: 14 END: OK
2019-06-09 08:00:06.876 25931 INFO rally.task.runner [-] Task 188e2494-31a8-4d8c-83f5-5e4cd75fa028 | ITER: 29 START
2019-06-09 08:00:06.877 25931 WARNING rally_openstack.scenarios.neutron.utils [-] Running this scenario without either the 'network' or 'existing_network' context is deprecated
2019-06-09 08:00:06.880 25909 INFO rally.task.runner [-] Task 188e2494-31a8-4d8c-83f5-5e4cd75fa028 | ITER: 2 END: OK
2019-06-09 08:00:06.884 25909 INFO rally.task.runner [-] Task 188e2494-31a8-4d8c-83f5-5e4cd75fa028 | ITER: 30 START
2019-06-09 08:00:06.885 25909 WARNING rally_openstack.scenarios.neutron.utils [-] Running this scenario without either the 'network' or 'existing_network' context is deprecated
2019-06-09 08:00:07.411 25910 INFO rally.task.runner [-] Task 188e2494-31a8-4d8c-83f5-5e4cd75fa028 | ITER: 4 END: OK
2019-06-09 08:00:07.416 25910 INFO rally.task.runner [-] Task 188e2494-31a8-4d8c-83f5-5e4cd75fa028 | ITER: 31 START
2019-06-09 08:00:07.417 25910 WARNING rally_openstack.scenarios.neutron.utils [-] Running this scenario without either the 'network' or 'existing_network' context is deprecated
2019-06-09 08:00:07.440 25924 INFO rally.task.runner [-] Task 188e2494-31a8-4d8c-83f5-5e4cd75fa028 | ITER: 12 END: OK
2019-06-09 08:00:07.444 25924 INFO rally.task.runner [-] Task 188e2494-31a8-4d8c-83f5-5e4cd75fa028 | ITER: 32 START
2019-06-09 08:00:07.445 25924 WARNING rally_openstack.scenarios.neutron.utils [-] Running this scenario without either the 'network' or 'existing_network' context is deprecated
2019-06-09 08:00:07.453 25909 INFO rally.task.runner [-] Task 188e2494-31a8-4d8c-83f5-5e4cd75fa028 | ITER: 5 END: OK
2019-06-09 08:00:07.457 25909 INFO rally.task.runner [-] Task 188e2494-31a8-4d8c-83f5-5e4cd75fa028 | ITER: 33 START
2019-06-09 08:00:07.457 25909 WARNING rally_openstack.scenarios.neutron.utils [-] Running this scenario without either the 'network' or 'existing_network' context is deprecated
2019-06-09 08:00:07.763 25910 INFO rally.task.runner [-] Task 188e2494-31a8-4d8c-83f5-5e4cd75fa028 | ITER: 7 END: OK
2019-06-09 08:00:07.768 25910 INFO rally.task.runner [-] Task 188e2494-31a8-4d8c-83f5-5e4cd75fa028 | ITER: 34 START
2019-06-09 08:00:07.768 25910 WARNING rally_openstack.scenarios.neutron.utils [-] Running this scenario without either the 'network' or 'existing_network' context is deprecated
2019-06-09 08:00:07.987 25949 INFO rally.task.runner [-] Task 188e2494-31a8-4d8c-83f5-5e4cd75fa028 | ITER: 18 END: OK
2019-06-09 08:00:07.991 25949 INFO rally.task.runner [-] Task 188e2494-31a8-4d8c-83f5-5e4cd75fa028 | ITER: 35 START
2019-06-09 08:00:07.992 25949 WARNING rally_openstack.scenarios.neutron.utils [-] Running this scenario without either the 'network' or 'existing_network' context is deprecated
2019-06-09 08:00:08.935 25955 INFO rally.task.runner [-] Task 188e2494-31a8-4d8c-83f5-5e4cd75fa028 | ITER: 20 END: OK
2019-06-09 08:00:08.940 25955 INFO rally.task.runner [-] Task 188e2494-31a8-4d8c-83f5-5e4cd75fa028 | ITER: 36 START
2019-06-09 08:00:08.940 25955 WARNING rally_openstack.scenarios.neutron.utils [-] Running this scenario without either the 'network' or 'existing_network' context is deprecated
2019-06-09 08:00:09.266 25912 INFO rally.task.runner [-] Task 188e2494-31a8-4d8c-83f5-5e4cd75fa028 | ITER: 8 END: OK
2019-06-09 08:00:09.270 25912 INFO rally.task.runner [-] Task 188e2494-31a8-4d8c-83f5-5e4cd75fa028 | ITER: 37 START
2019-06-09 08:00:09.271 25912 WARNING rally_openstack.scenarios.neutron.utils [-] Running this scenario without either the 'network' or 'existing_network' context is deprecated
2019-06-09 08:00:09.680 25911 INFO rally.task.runner [-] Task 188e2494-31a8-4d8c-83f5-5e4cd75fa028 | ITER: 9 END: OK
2019-06-09 08:00:09.683 25911 INFO rally.task.runner [-] Task 188e2494-31a8-4d8c-83f5-5e4cd75fa028 | ITER: 38 START
2019-06-09 08:00:09.684 25911 WARNING rally_openstack.scenarios.neutron.utils [-] Running this scenario without either the 'network' or 'existing_network' context is deprecated
