2019-06-09 06:09:37.415 8 RALLYDEBUG rally.api [-] INFO logs from urllib3 and requests module are hide.
2019-06-09 06:09:37.415 8 RALLYDEBUG rally.api [-] urllib3 insecure warnings are hidden.
2019-06-09 06:09:37.415 8 RALLYDEBUG rally.api [-] ERROR log from boto module is hide.
2019-06-09 06:09:39.186 8 ERROR rally.cli.cliutils [-] Unexpected exception in CLI: DBRecordNotFound: Record for uuid or name is opnfv-rally not found in table envs
2019-06-09 06:09:39.186 8 ERROR rally.cli.cliutils
Traceback (most recent call last):
2019-06-09 06:09:39.186 8 ERROR rally.cli.cliutils
File "/usr/lib/python2.7/site-packages/rally/cli/cliutils.py", line 674, in run
2019-06-09 06:09:39.186 8 ERROR rally.cli.cliutils ret = fn(*fn_args, **fn_kwargs)
2019-06-09 06:09:39.186 8 ERROR rally.cli.cliutils File "", line 2, in destroy
2019-06-09 06:09:39.186 8 ERROR rally.cli.cliutils
File "/usr/lib/python2.7/site-packages/rally/cli/envutils.py", line 69, in default_from_global
2019-06-09 06:09:39.186 8 ERROR rally.cli.cliutils return f(*args, **kwargs)
2019-06-09 06:09:39.186 8 ERROR rally.cli.cliutils File "", line 2, in destroy
2019-06-09 06:09:39.186 8 ERROR rally.cli.cliutils
File "/usr/lib/python2.7/site-packages/rally/plugins/__init__.py", line 51, in ensure_plugins_are_loaded
2019-06-09 06:09:39.186 8 ERROR rally.cli.cliutils return f(*args, **kwargs)
2019-06-09 06:09:39.186 8 ERROR rally.cli.cliutils
File "/usr/lib/python2.7/site-packages/rally/cli/commands/deployment.py", line 140, in destroy
2019-06-09 06:09:39.186 8 ERROR rally.cli.cliutils api.deployment.destroy(deployment=deployment)
2019-06-09 06:09:39.186 8 ERROR rally.cli.cliutils
File "/usr/lib/python2.7/site-packages/rally/api.py", line 115, in destroy
2019-06-09 06:09:39.186 8 ERROR rally.cli.cliutils deploy = objects.Deployment.get(deployment)
2019-06-09 06:09:39.186 8 ERROR rally.cli.cliutils
File "/usr/lib/python2.7/site-packages/rally/common/objects/deploy.py", line 124, in get
2019-06-09 06:09:39.186 8 ERROR rally.cli.cliutils return Deployment(env_mgr.EnvManager.get(deploy))
2019-06-09 06:09:39.186 8 ERROR rally.cli.cliutils
File "/usr/lib/python2.7/site-packages/rally/env/env_mgr.py", line 212, in get
2019-06-09 06:09:39.186 8 ERROR rally.cli.cliutils return cls(db.env_get(uuid_or_name))
2019-06-09 06:09:39.186 8 ERROR rally.cli.cliutils
File "/usr/lib/python2.7/site-packages/rally/common/db/api.py", line 135, in wrapper
2019-06-09 06:09:39.186 8 ERROR rally.cli.cliutils result = f(session, *args, **kwargs)
2019-06-09 06:09:39.186 8 ERROR rally.cli.cliutils
File "/usr/lib/python2.7/site-packages/rally/common/db/api.py", line 521, in env_get
2019-06-09 06:09:39.186 8 ERROR rally.cli.cliutils criteria="uuid or name is %s" % uuid_or_name, table="envs")
2019-06-09 06:09:39.186 8 ERROR rally.cli.cliutils DBRecordNotFound: Record for uuid or name is opnfv-rally not found in table envs
2019-06-09 06:09:39.186 8 ERROR rally.cli.cliutils
2019-06-09 06:09:39.925 10 RALLYDEBUG rally.api [-] INFO logs from urllib3 and requests module are hide.
2019-06-09 06:09:39.925 10 RALLYDEBUG rally.api [-] urllib3 insecure warnings are hidden.
2019-06-09 06:09:39.926 10 RALLYDEBUG rally.api [-] ERROR log from boto module is hide.
2019-06-09 06:09:41.642 10 WARNING rally_openstack.platforms.existing [-] endpoint is deprecated and not used.
2019-06-09 06:09:42.876 12 RALLYDEBUG rally.api [-] INFO logs from urllib3 and requests module are hide.
2019-06-09 06:09:42.877 12 RALLYDEBUG rally.api [-] urllib3 insecure warnings are hidden.
2019-06-09 06:09:42.877 12 RALLYDEBUG rally.api [-] ERROR log from boto module is hide.
2019-06-09 06:09:46.128 15 RALLYDEBUG rally.api [-] INFO logs from urllib3 and requests module are hide.
2019-06-09 06:09:46.128 15 RALLYDEBUG rally.api [-] urllib3 insecure warnings are hidden.
2019-06-09 06:09:46.128 15 RALLYDEBUG rally.api [-] ERROR log from boto module is hide.
2019-06-09 06:09:47.271 17 RALLYDEBUG rally.api [-] INFO logs from urllib3 and requests module are hide.
2019-06-09 06:09:47.271 17 RALLYDEBUG rally.api [-] urllib3 insecure warnings are hidden.
2019-06-09 06:09:47.271 17 RALLYDEBUG rally.api [-] ERROR log from boto module is hide.
2019-06-09 06:09:48.880 17 INFO rally.task.engine [-] Task 826edcb8-4d5f-4996-9053-d0f266174d5c | Starting: Task validation.
2019-06-09 06:09:48.932 17 INFO rally.task.engine [-] Task 826edcb8-4d5f-4996-9053-d0f266174d5c | Starting: Task validation of syntax.
2019-06-09 06:09:49.000 17 INFO rally.task.engine [-] Task 826edcb8-4d5f-4996-9053-d0f266174d5c | Completed: Task validation of syntax.
2019-06-09 06:09:49.001 17 INFO rally.task.engine [-] Task 826edcb8-4d5f-4996-9053-d0f266174d5c | Starting: Task validation of required platforms.
2019-06-09 06:09:49.036 17 INFO rally.task.engine [-] Task 826edcb8-4d5f-4996-9053-d0f266174d5c | Completed: Task validation of required platforms.
2019-06-09 06:09:49.036 17 INFO rally.task.engine [-] Task 826edcb8-4d5f-4996-9053-d0f266174d5c | Starting: Task validation of semantic.
2019-06-09 06:09:49.037 17 INFO rally.task.engine [-] Check health of the environment 'd51d2afe-5de6-4678-8435-ad0e9a93f327'.
2019-06-09 06:09:49.631 17 INFO rally.task.engine [-] Platform existing@openstack (available: True): OK!
2019-06-09 06:09:49.649 17 RALLYDEBUG rally_openstack.contexts.keystone.users [-] Creating 1 tenants using 20 threads
2019-06-09 06:09:50.731 17 RALLYDEBUG rally_openstack.contexts.keystone.users [-] Creating 1 users using 20 threads
2019-06-09 06:09:52.284 17 INFO rally.task.context [-] Task 826edcb8-4d5f-4996-9053-d0f266174d5c | Context users@openstack setup() finished in 2.63 sec
2019-06-09 06:09:52.343 17 INFO rally.task.context [-] Task 826edcb8-4d5f-4996-9053-d0f266174d5c | Context users@openstack cleanup() started
2019-06-09 06:09:55.575 17 INFO rally.task.context [-] Task 826edcb8-4d5f-4996-9053-d0f266174d5c | Context users@openstack cleanup() finished in 3.23 sec
2019-06-09 06:09:55.575 17 INFO rally.task.engine [-] Task 826edcb8-4d5f-4996-9053-d0f266174d5c | Completed: Task validation of semantic.
2019-06-09 06:09:55.575 17 INFO rally.task.engine [-] Task 826edcb8-4d5f-4996-9053-d0f266174d5c | Completed: Task validation.
2019-06-09 06:09:55.576 17 INFO rally.api [-] Task 826edcb8-4d5f-4996-9053-d0f266174d5c input file is valid.
2019-06-09 06:09:55.576 17 INFO rally.api [-] Run Task 826edcb8-4d5f-4996-9053-d0f266174d5c against Deployment d51d2afe-5de6-4678-8435-ad0e9a93f327
2019-06-09 06:09:55.576 17 INFO rally.task.engine [-] Task 826edcb8-4d5f-4996-9053-d0f266174d5c | Starting: Running task.
2019-06-09 06:09:55.753 17 INFO rally.task.engine [-] Running workload: position = 0 config = { "version": 2, "title": "A cropped version of a bigger task.", "description": "Auto-generated task from a single workload (uuid=7064fe96-e963-40ba-b588-1d3a216edb1c)", "subtasks": [ { "title": "Authenticate.keystone", "description": "Check Keystone Client.", "scenario": { "Authenticate.keystone": {} }, "contexts": { "users": { "tenants": 3, "users_per_tenant": 2 } }, "runner": { "constant": { "concurrency": 4, "times": 10 } }, "hooks": [], "sla": { "failure_rate": { "max": 0 } } } ] }
2019-06-09 06:09:55.776 17 RALLYDEBUG rally_openstack.contexts.keystone.users [-] Creating 3 tenants using 20 threads
2019-06-09 06:09:56.808 17 RALLYDEBUG rally_openstack.contexts.keystone.users [-] Creating 6 users using 20 threads
2019-06-09 06:09:58.538 17 INFO rally.task.context [-] Task 826edcb8-4d5f-4996-9053-d0f266174d5c | Context users@openstack setup() finished in 2.76 sec
2019-06-09 06:09:58.545 17 RALLYDEBUG rally.task.runner [-] Starting the constant runner (task UUID: 826edcb8-4d5f-4996-9053-d0f266174d5c). timeout: 0 concurrency: 4 concurrency_per_worker: 1 times: 10 concurrency_overhead: 0 processes_to_start: 4 max_cpu_used: 16
2019-06-09 06:09:58.560 141 RALLYDEBUG rally.task.runner [-] Starting a worker. concurrency: 1 args: {} times: 10 method_name: run timeout: 0 duration: None cls:
2019-06-09 06:09:58.564 142 RALLYDEBUG rally.task.runner [-] Starting a worker. concurrency: 1 args: {} times: 10 method_name: run timeout: 0 duration: None cls:
2019-06-09 06:09:58.566 143 RALLYDEBUG rally.task.runner [-] Starting a worker. concurrency: 1 args: {} times: 10 method_name: run timeout: 0 duration: None cls:
2019-06-09 06:09:58.568 141 INFO rally.task.runner [-] Task 826edcb8-4d5f-4996-9053-d0f266174d5c | ITER: 1 START
2019-06-09 06:09:58.569 144 RALLYDEBUG rally.task.runner [-] Starting a worker. concurrency: 1 args: {} times: 10 method_name: run timeout: 0 duration: None cls:
2019-06-09 06:09:58.571 142 INFO rally.task.runner [-] Task 826edcb8-4d5f-4996-9053-d0f266174d5c | ITER: 2 START
2019-06-09 06:09:58.573 143 INFO rally.task.runner [-] Task 826edcb8-4d5f-4996-9053-d0f266174d5c | ITER: 3 START
2019-06-09 06:09:58.576 144 INFO rally.task.runner [-] Task 826edcb8-4d5f-4996-9053-d0f266174d5c | ITER: 4 START
2019-06-09 06:09:58.994 142 INFO rally.task.runner [-] Task 826edcb8-4d5f-4996-9053-d0f266174d5c | ITER: 2 END: OK
2019-06-09 06:09:58.994 141 INFO rally.task.runner [-] Task 826edcb8-4d5f-4996-9053-d0f266174d5c | ITER: 1 END: OK
2019-06-09 06:09:58.999 142 INFO rally.task.runner [-] Task 826edcb8-4d5f-4996-9053-d0f266174d5c | ITER: 6 START
2019-06-09 06:09:58.999 141 INFO rally.task.runner [-] Task 826edcb8-4d5f-4996-9053-d0f266174d5c | ITER: 5 START
2019-06-09 06:09:59.009 143 INFO rally.task.runner [-] Task 826edcb8-4d5f-4996-9053-d0f266174d5c | ITER: 3 END: OK
2019-06-09 06:09:59.015 143 INFO rally.task.runner [-] Task 826edcb8-4d5f-4996-9053-d0f266174d5c | ITER: 7 START
2019-06-09 06:09:59.073 144 INFO rally.task.runner [-] Task 826edcb8-4d5f-4996-9053-d0f266174d5c | ITER: 4 END: OK
2019-06-09 06:09:59.077 144 INFO rally.task.runner [-] Task 826edcb8-4d5f-4996-9053-d0f266174d5c | ITER: 8 START
2019-06-09 06:09:59.345 141 INFO rally.task.runner [-] Task 826edcb8-4d5f-4996-9053-d0f266174d5c | ITER: 5 END: OK
2019-06-09 06:09:59.349 141 INFO rally.task.runner [-] Task 826edcb8-4d5f-4996-9053-d0f266174d5c | ITER: 9 START
2019-06-09 06:09:59.404 144 INFO rally.task.runner [-] Task 826edcb8-4d5f-4996-9053-d0f266174d5c | ITER: 8 END: OK
2019-06-09 06:09:59.408 144 INFO rally.task.runner [-] Task 826edcb8-4d5f-4996-9053-d0f266174d5c | ITER: 10 START
2019-06-09 06:09:59.433 142 INFO rally.task.runner [-] Task 826edcb8-4d5f-4996-9053-d0f266174d5c | ITER: 6 END: OK
2019-06-09 06:09:59.445 143 INFO rally.task.runner [-] Task 826edcb8-4d5f-4996-9053-d0f266174d5c | ITER: 7 END: OK
2019-06-09 06:09:59.688 141 INFO rally.task.runner [-] Task 826edcb8-4d5f-4996-9053-d0f266174d5c | ITER: 9 END: OK
2019-06-09 06:09:59.767 144 INFO rally.task.runner [-] Task 826edcb8-4d5f-4996-9053-d0f266174d5c | ITER: 10 END: OK
2019-06-09 06:09:59.795 17 INFO rally.task.context [-] Task 826edcb8-4d5f-4996-9053-d0f266174d5c | Context users@openstack cleanup() started
2019-06-09 06:10:04.631 17 INFO rally.task.context [-] Task 826edcb8-4d5f-4996-9053-d0f266174d5c | Context users@openstack cleanup() finished in 4.84 sec
2019-06-09 06:10:05.857 17 INFO rally.task.engine [-] Load duration is: 1.197187
2019-06-09 06:10:05.857 17 INFO rally.task.engine [-] Full runner duration is: 1.249772
2019-06-09 06:10:05.858 17 INFO rally.task.engine [-] Full duration is: 8.85788
2019-06-09 06:10:06.160 17 INFO rally.task.engine [-] Running workload: position = 0 config = { "version": 2, "title": "A cropped version of a bigger task.", "description": "Auto-generated task from a single workload (uuid=a8a9322f-22a0-45cc-bb80-db21917d9760)", "subtasks": [ { "title": "Authenticate.validate_cinder", "description": "Check Cinder Client to ensure validation of token.", "scenario": { "Authenticate.validate_cinder": { "repetitions": 2 } }, "contexts": { "users": { "tenants": 3, "users_per_tenant": 2 } }, "runner": { "constant": { "concurrency": 4, "times": 10 } }, "hooks": [], "sla": { "failure_rate": { "max": 0 } } } ] }
2019-06-09 06:10:06.184 17 RALLYDEBUG rally_openstack.contexts.keystone.users [-] Creating 3 tenants using 20 threads
2019-06-09 06:10:07.411 17 RALLYDEBUG rally_openstack.contexts.keystone.users [-] Creating 6 users using 20 threads
2019-06-09 06:10:09.127 17 INFO rally.task.context [-] Task 826edcb8-4d5f-4996-9053-d0f266174d5c | Context users@openstack setup() finished in 2.94 sec
2019-06-09 06:10:09.137 17 RALLYDEBUG rally.task.runner [-] Starting the constant runner (task UUID: 826edcb8-4d5f-4996-9053-d0f266174d5c). timeout: 0 concurrency: 4 concurrency_per_worker: 1 times: 10 concurrency_overhead: 0 processes_to_start: 4 max_cpu_used: 16
2019-06-09 06:10:09.150 245 RALLYDEBUG rally.task.runner [-] Starting a worker. concurrency: 1 args: {"repetitions": 2} times: 10 method_name: run timeout: 0 duration: None cls:
2019-06-09 06:10:09.153 246 RALLYDEBUG rally.task.runner [-] Starting a worker. concurrency: 1 args: {"repetitions": 2} times: 10 method_name: run timeout: 0 duration: None cls:
2019-06-09 06:10:09.157 245 INFO rally.task.runner [-] Task 826edcb8-4d5f-4996-9053-d0f266174d5c | ITER: 1 START
2019-06-09 06:10:09.158 247 RALLYDEBUG rally.task.runner [-] Starting a worker. concurrency: 1 args: {"repetitions": 2} times: 10 method_name: run timeout: 0 duration: None cls:
2019-06-09 06:10:09.160 246 INFO rally.task.runner [-] Task 826edcb8-4d5f-4996-9053-d0f266174d5c | ITER: 2 START
2019-06-09 06:10:09.164 247 INFO rally.task.runner [-] Task 826edcb8-4d5f-4996-9053-d0f266174d5c | ITER: 3 START
2019-06-09 06:10:09.165 250 RALLYDEBUG rally.task.runner [-] Starting a worker. concurrency: 1 args: {"repetitions": 2} times: 10 method_name: run timeout: 0 duration: None cls:
2019-06-09 06:10:09.172 250 INFO rally.task.runner [-] Task 826edcb8-4d5f-4996-9053-d0f266174d5c | ITER: 4 START
2019-06-09 06:10:09.819 247 INFO rally.task.runner [-] Task 826edcb8-4d5f-4996-9053-d0f266174d5c | ITER: 3 END: OK
2019-06-09 06:10:09.821 245 INFO rally.task.runner [-] Task 826edcb8-4d5f-4996-9053-d0f266174d5c | ITER: 1 END: OK
2019-06-09 06:10:09.823 247 INFO rally.task.runner [-] Task 826edcb8-4d5f-4996-9053-d0f266174d5c | ITER: 5 START
2019-06-09 06:10:09.825 245 INFO rally.task.runner [-] Task 826edcb8-4d5f-4996-9053-d0f266174d5c | ITER: 6 START
2019-06-09 06:10:09.835 246 INFO rally.task.runner [-] Task 826edcb8-4d5f-4996-9053-d0f266174d5c | ITER: 2 END: OK
2019-06-09 06:10:09.840 246 INFO rally.task.runner [-] Task 826edcb8-4d5f-4996-9053-d0f266174d5c | ITER: 7 START
2019-06-09 06:10:10.077 250 INFO rally.task.runner [-] Task 826edcb8-4d5f-4996-9053-d0f266174d5c | ITER: 4 END: OK
2019-06-09 06:10:10.083 250 INFO rally.task.runner [-] Task 826edcb8-4d5f-4996-9053-d0f266174d5c | ITER: 8 START
2019-06-09 06:10:10.257 247 INFO rally.task.runner [-] Task 826edcb8-4d5f-4996-9053-d0f266174d5c | ITER: 5 END: OK
2019-06-09 06:10:10.261 247 INFO rally.task.runner [-] Task 826edcb8-4d5f-4996-9053-d0f266174d5c | ITER: 9 START
2019-06-09 06:10:10.366 246 INFO rally.task.runner [-] Task 826edcb8-4d5f-4996-9053-d0f266174d5c | ITER: 7 END: OK
2019-06-09 06:10:10.370 246 INFO rally.task.runner [-] Task 826edcb8-4d5f-4996-9053-d0f266174d5c | ITER: 10 START
2019-06-09 06:10:10.390 245 INFO rally.task.runner [-] Task 826edcb8-4d5f-4996-9053-d0f266174d5c | ITER: 6 END: OK
2019-06-09 06:10:10.627 250 INFO rally.task.runner [-] Task 826edcb8-4d5f-4996-9053-d0f266174d5c | ITER: 8 END: OK
2019-06-09 06:10:10.841 246 INFO rally.task.runner [-] Task 826edcb8-4d5f-4996-9053-d0f266174d5c | ITER: 10 END: OK
2019-06-09 06:10:10.866 247 INFO rally.task.runner [-] Task 826edcb8-4d5f-4996-9053-d0f266174d5c | ITER: 9 END: OK
2019-06-09 06:10:10.893 17 INFO rally.task.context [-] Task 826edcb8-4d5f-4996-9053-d0f266174d5c | Context users@openstack cleanup() started
2019-06-09 06:10:15.924 17 INFO rally.task.context [-] Task 826edcb8-4d5f-4996-9053-d0f266174d5c | Context users@openstack cleanup() finished in 5.03 sec
2019-06-09 06:10:16.250 17 INFO rally.task.engine [-] Load duration is: 1.707899
2019-06-09 06:10:16.251 17 INFO rally.task.engine [-] Full runner duration is: 1.755776
2019-06-09 06:10:16.251 17 INFO rally.task.engine [-] Full duration is: 9.742362
2019-06-09 06:10:16.622 17 INFO rally.task.engine [-] Running workload: position = 0 config = { "version": 2, "title": "A cropped version of a bigger task.", "description": "Auto-generated task from a single workload (uuid=a4089121-9fef-4bec-b19f-dcafe252c990)", "subtasks": [ { "title": "Authenticate.validate_glance", "description": "Check Glance Client to ensure validation of token.", "scenario": { "Authenticate.validate_glance": { "repetitions": 2 } }, "contexts": { "users": { "tenants": 3, "users_per_tenant": 2 } }, "runner": { "constant": { "concurrency": 4, "times": 10 } }, "hooks": [], "sla": { "failure_rate": { "max": 0 } } } ] }
2019-06-09 06:10:16.646 17 RALLYDEBUG rally_openstack.contexts.keystone.users [-] Creating 3 tenants using 20 threads
2019-06-09 06:10:17.669 17 RALLYDEBUG rally_openstack.contexts.keystone.users [-] Creating 6 users using 20 threads
2019-06-09 06:10:19.376 17 INFO rally.task.context [-] Task 826edcb8-4d5f-4996-9053-d0f266174d5c | Context users@openstack setup() finished in 2.73 sec
2019-06-09 06:10:19.384 17 RALLYDEBUG rally.task.runner [-] Starting the constant runner (task UUID: 826edcb8-4d5f-4996-9053-d0f266174d5c). timeout: 0 concurrency: 4 concurrency_per_worker: 1 times: 10 concurrency_overhead: 0 processes_to_start: 4 max_cpu_used: 16
2019-06-09 06:10:19.397 349 RALLYDEBUG rally.task.runner [-] Starting a worker. concurrency: 1 args: {"repetitions": 2} times: 10 method_name: run timeout: 0 duration: None cls:
2019-06-09 06:10:19.399 350 RALLYDEBUG rally.task.runner [-] Starting a worker. concurrency: 1 args: {"repetitions": 2} times: 10 method_name: run timeout: 0 duration: None cls:
2019-06-09 06:10:19.404 349 INFO rally.task.runner [-] Task 826edcb8-4d5f-4996-9053-d0f266174d5c | ITER: 1 START
2019-06-09 06:10:19.403 351 RALLYDEBUG rally.task.runner [-] Starting a worker. concurrency: 1 args: {"repetitions": 2} times: 10 method_name: run timeout: 0 duration: None cls:
2019-06-09 06:10:19.405 350 INFO rally.task.runner [-] Task 826edcb8-4d5f-4996-9053-d0f266174d5c | ITER: 2 START
2019-06-09 06:10:19.406 352 RALLYDEBUG rally.task.runner [-] Starting a worker. concurrency: 1 args: {"repetitions": 2} times: 10 method_name: run timeout: 0 duration: None cls:
2019-06-09 06:10:19.410 351 INFO rally.task.runner [-] Task 826edcb8-4d5f-4996-9053-d0f266174d5c | ITER: 3 START
2019-06-09 06:10:19.413 352 INFO rally.task.runner [-] Task 826edcb8-4d5f-4996-9053-d0f266174d5c | ITER: 4 START
2019-06-09 06:10:20.106 352 INFO rally.task.runner [-] Task 826edcb8-4d5f-4996-9053-d0f266174d5c | ITER: 4 END: OK
2019-06-09 06:10:20.107 351 INFO rally.task.runner [-] Task 826edcb8-4d5f-4996-9053-d0f266174d5c | ITER: 3 END: OK
2019-06-09 06:10:20.110 352 INFO rally.task.runner [-] Task 826edcb8-4d5f-4996-9053-d0f266174d5c | ITER: 5 START
2019-06-09 06:10:20.111 351 INFO rally.task.runner [-] Task 826edcb8-4d5f-4996-9053-d0f266174d5c | ITER: 6 START
2019-06-09 06:10:20.116 349 INFO rally.task.runner [-] Task 826edcb8-4d5f-4996-9053-d0f266174d5c | ITER: 1 END: OK
2019-06-09 06:10:20.120 349 INFO rally.task.runner [-] Task 826edcb8-4d5f-4996-9053-d0f266174d5c | ITER: 7 START
2019-06-09 06:10:20.174 350 INFO rally.task.runner [-] Task 826edcb8-4d5f-4996-9053-d0f266174d5c | ITER: 2 END: OK
2019-06-09 06:10:20.178 350 INFO rally.task.runner [-] Task 826edcb8-4d5f-4996-9053-d0f266174d5c | ITER: 8 START
2019-06-09 06:10:20.711 352 INFO rally.task.runner [-] Task 826edcb8-4d5f-4996-9053-d0f266174d5c | ITER: 5 END: OK
2019-06-09 06:10:20.714 350 INFO rally.task.runner [-] Task 826edcb8-4d5f-4996-9053-d0f266174d5c | ITER: 8 END: OK
2019-06-09 06:10:20.715 352 INFO rally.task.runner [-] Task 826edcb8-4d5f-4996-9053-d0f266174d5c | ITER: 9 START
2019-06-09 06:10:20.719 350 INFO rally.task.runner [-] Task 826edcb8-4d5f-4996-9053-d0f266174d5c | ITER: 10 START
2019-06-09 06:10:20.776 349 INFO rally.task.runner [-] Task 826edcb8-4d5f-4996-9053-d0f266174d5c | ITER: 7 END: OK
2019-06-09 06:10:20.808 351 INFO rally.task.runner [-] Task 826edcb8-4d5f-4996-9053-d0f266174d5c | ITER: 6 END: OK
2019-06-09 06:10:21.216 350 INFO rally.task.runner [-] Task 826edcb8-4d5f-4996-9053-d0f266174d5c | ITER: 10 END: OK
2019-06-09 06:10:21.327 352 INFO rally.task.runner [-] Task 826edcb8-4d5f-4996-9053-d0f266174d5c | ITER: 9 END: OK
2019-06-09 06:10:21.354 17 INFO rally.task.context [-] Task 826edcb8-4d5f-4996-9053-d0f266174d5c | Context users@openstack cleanup() started
2019-06-09 06:10:26.395 17 INFO rally.task.context [-] Task 826edcb8-4d5f-4996-9053-d0f266174d5c | Context users@openstack cleanup() finished in 5.04 sec
2019-06-09 06:10:26.772 17 INFO rally.task.engine [-] Load duration is: 1.921181
2019-06-09 06:10:26.773 17 INFO rally.task.engine [-] Full runner duration is: 1.970084
2019-06-09 06:10:26.773 17 INFO rally.task.engine [-] Full duration is: 9.752817
2019-06-09 06:10:27.209 17 INFO rally.task.engine [-] Running workload: position = 0 config = { "version": 2, "title": "A cropped version of a bigger task.", "description": "Auto-generated task from a single workload (uuid=829f00aa-8f69-4048-9c63-46743b04ca5c)", "subtasks": [ { "title": "Authenticate.validate_heat", "description": "Check Heat Client to ensure validation of token.", "scenario": { "Authenticate.validate_heat": { "repetitions": 2 } }, "contexts": { "users": { "tenants": 3, "users_per_tenant": 2 } }, "runner": { "constant": { "concurrency": 4, "times": 10 } }, "hooks": [], "sla": { "failure_rate": { "max": 0 } } } ] }
2019-06-09 06:10:27.235 17 RALLYDEBUG rally_openstack.contexts.keystone.users [-] Creating 3 tenants using 20 threads
2019-06-09 06:10:28.283 17 RALLYDEBUG rally_openstack.contexts.keystone.users [-] Creating 6 users using 20 threads
2019-06-09 06:10:29.987 17 INFO rally.task.context [-] Task 826edcb8-4d5f-4996-9053-d0f266174d5c | Context users@openstack setup() finished in 2.75 sec
2019-06-09 06:10:29.996 17 RALLYDEBUG rally.task.runner [-] Starting the constant runner (task UUID: 826edcb8-4d5f-4996-9053-d0f266174d5c). timeout: 0 concurrency: 4 concurrency_per_worker: 1 times: 10 concurrency_overhead: 0 processes_to_start: 4 max_cpu_used: 16
2019-06-09 06:10:30.010 453 RALLYDEBUG rally.task.runner [-] Starting a worker. concurrency: 1 args: {"repetitions": 2} times: 10 method_name: run timeout: 0 duration: None cls:
2019-06-09 06:10:30.013 454 RALLYDEBUG rally.task.runner [-] Starting a worker. concurrency: 1 args: {"repetitions": 2} times: 10 method_name: run timeout: 0 duration: None cls:
2019-06-09 06:10:30.017 453 INFO rally.task.runner [-] Task 826edcb8-4d5f-4996-9053-d0f266174d5c | ITER: 1 START
2019-06-09 06:10:30.016 455 RALLYDEBUG rally.task.runner [-] Starting a worker. concurrency: 1 args: {"repetitions": 2} times: 10 method_name: run timeout: 0 duration: None cls:
2019-06-09 06:10:30.019 456 RALLYDEBUG rally.task.runner [-] Starting a worker. concurrency: 1 args: {"repetitions": 2} times: 10 method_name: run timeout: 0 duration: None cls:
2019-06-09 06:10:30.021 454 INFO rally.task.runner [-] Task 826edcb8-4d5f-4996-9053-d0f266174d5c | ITER: 2 START
2019-06-09 06:10:30.024 455 INFO rally.task.runner [-] Task 826edcb8-4d5f-4996-9053-d0f266174d5c | ITER: 3 START
2019-06-09 06:10:30.027 456 INFO rally.task.runner [-] Task 826edcb8-4d5f-4996-9053-d0f266174d5c | ITER: 4 START
2019-06-09 06:10:31.026 455 INFO rally.task.runner [-] Task 826edcb8-4d5f-4996-9053-d0f266174d5c | ITER: 3 END: OK
2019-06-09 06:10:31.031 455 INFO rally.task.runner [-] Task 826edcb8-4d5f-4996-9053-d0f266174d5c | ITER: 5 START
2019-06-09 06:10:31.044 456 INFO rally.task.runner [-] Task 826edcb8-4d5f-4996-9053-d0f266174d5c | ITER: 4 END: OK
2019-06-09 06:10:31.049 456 INFO rally.task.runner [-] Task 826edcb8-4d5f-4996-9053-d0f266174d5c | ITER: 6 START
2019-06-09 06:10:33.084 453 INFO rally.task.runner [-] Task 826edcb8-4d5f-4996-9053-d0f266174d5c | ITER: 1 END: OK
2019-06-09 06:10:33.089 453 INFO rally.task.runner [-] Task 826edcb8-4d5f-4996-9053-d0f266174d5c | ITER: 7 START
2019-06-09 06:10:33.174 456 INFO rally.task.runner [-] Task 826edcb8-4d5f-4996-9053-d0f266174d5c | ITER: 6 END: OK
2019-06-09 06:10:33.178 456 INFO rally.task.runner [-] Task 826edcb8-4d5f-4996-9053-d0f266174d5c | ITER: 8 START
2019-06-09 06:10:33.235 455 INFO rally.task.runner [-] Task 826edcb8-4d5f-4996-9053-d0f266174d5c | ITER: 5 END: OK
2019-06-09 06:10:33.240 455 INFO rally.task.runner [-] Task 826edcb8-4d5f-4996-9053-d0f266174d5c | ITER: 9 START
2019-06-09 06:10:33.506 454 INFO rally.task.runner [-] Task 826edcb8-4d5f-4996-9053-d0f266174d5c | ITER: 2 END: OK
2019-06-09 06:10:33.510 454 INFO rally.task.runner [-] Task 826edcb8-4d5f-4996-9053-d0f266174d5c | ITER: 10 START
2019-06-09 06:10:33.561 453 INFO rally.task.runner [-] Task 826edcb8-4d5f-4996-9053-d0f266174d5c | ITER: 7 END: OK
2019-06-09 06:10:33.912 455 INFO rally.task.runner [-] Task 826edcb8-4d5f-4996-9053-d0f266174d5c | ITER: 9 END: OK
2019-06-09 06:10:34.046 456 INFO rally.task.runner [-] Task 826edcb8-4d5f-4996-9053-d0f266174d5c | ITER: 8 END: OK
2019-06-09 06:10:34.056 454 INFO rally.task.runner [-] Task 826edcb8-4d5f-4996-9053-d0f266174d5c | ITER: 10 END: OK
2019-06-09 06:10:34.080 17 INFO rally.task.context [-] Task 826edcb8-4d5f-4996-9053-d0f266174d5c | Context users@openstack cleanup() started
2019-06-09 06:10:39.517 17 INFO rally.task.context [-] Task 826edcb8-4d5f-4996-9053-d0f266174d5c | Context users@openstack cleanup() finished in 5.44 sec
2019-06-09 06:10:41.333 17 INFO rally.task.engine [-] Load duration is: 4.037023
2019-06-09 06:10:41.334 17 INFO rally.task.engine [-] Full runner duration is: 4.08399
2019-06-09 06:10:41.334 17 INFO rally.task.engine [-] Full duration is: 12.287497
2019-06-09 06:10:41.863 17 INFO rally.task.engine [-] Running workload: position = 0 config = { "version": 2, "title": "A cropped version of a bigger task.", "description": "Auto-generated task from a single workload (uuid=615b8062-a469-456f-b3de-b474124ffdbe)", "subtasks": [ { "title": "Authenticate.validate_neutron", "description": "Check Neutron Client to ensure validation of token.", "scenario": { "Authenticate.validate_neutron": { "repetitions": 2 } }, "contexts": { "users": { "tenants": 3, "users_per_tenant": 2 } }, "runner": { "constant": { "concurrency": 4, "times": 10 } }, "hooks": [], "sla": { "failure_rate": { "max": 0 } } } ] }
2019-06-09 06:10:41.890 17 RALLYDEBUG rally_openstack.contexts.keystone.users [-] Creating 3 tenants using 20 threads
2019-06-09 06:10:42.927 17 RALLYDEBUG rally_openstack.contexts.keystone.users [-] Creating 6 users using 20 threads
2019-06-09 06:10:44.648 17 INFO rally.task.context [-] Task 826edcb8-4d5f-4996-9053-d0f266174d5c | Context users@openstack setup() finished in 2.76 sec
2019-06-09 06:10:44.656 17 RALLYDEBUG rally.task.runner [-] Starting the constant runner (task UUID: 826edcb8-4d5f-4996-9053-d0f266174d5c). timeout: 0 concurrency: 4 concurrency_per_worker: 1 times: 10 concurrency_overhead: 0 processes_to_start: 4 max_cpu_used: 16
2019-06-09 06:10:44.670 557 RALLYDEBUG rally.task.runner [-] Starting a worker. concurrency: 1 args: {"repetitions": 2} times: 10 method_name: run timeout: 0 duration: None cls:
2019-06-09 06:10:44.673 558 RALLYDEBUG rally.task.runner [-] Starting a worker. concurrency: 1 args: {"repetitions": 2} times: 10 method_name: run timeout: 0 duration: None cls:
2019-06-09 06:10:44.676 559 RALLYDEBUG rally.task.runner [-] Starting a worker. concurrency: 1 args: {"repetitions": 2} times: 10 method_name: run timeout: 0 duration: None cls:
2019-06-09 06:10:44.677 557 INFO rally.task.runner [-] Task 826edcb8-4d5f-4996-9053-d0f266174d5c | ITER: 1 START
2019-06-09 06:10:44.680 558 INFO rally.task.runner [-] Task 826edcb8-4d5f-4996-9053-d0f266174d5c | ITER: 2 START
2019-06-09 06:10:44.679 560 RALLYDEBUG rally.task.runner [-] Starting a worker. concurrency: 1 args: {"repetitions": 2} times: 10 method_name: run timeout: 0 duration: None cls:
2019-06-09 06:10:44.683 559 INFO rally.task.runner [-] Task 826edcb8-4d5f-4996-9053-d0f266174d5c | ITER: 3 START
2019-06-09 06:10:44.686 560 INFO rally.task.runner [-] Task 826edcb8-4d5f-4996-9053-d0f266174d5c | ITER: 4 START
2019-06-09 06:10:45.472 557 INFO rally.task.runner [-] Task 826edcb8-4d5f-4996-9053-d0f266174d5c | ITER: 1 END: OK
2019-06-09 06:10:45.479 557 INFO rally.task.runner [-] Task 826edcb8-4d5f-4996-9053-d0f266174d5c | ITER: 5 START
2019-06-09 06:10:45.498 558 INFO rally.task.runner [-] Task 826edcb8-4d5f-4996-9053-d0f266174d5c | ITER: 2 END: OK
2019-06-09 06:10:45.502 558 INFO rally.task.runner [-] Task 826edcb8-4d5f-4996-9053-d0f266174d5c | ITER: 6 START
2019-06-09 06:10:45.551 560 INFO rally.task.runner [-] Task 826edcb8-4d5f-4996-9053-d0f266174d5c | ITER: 4 END: OK
2019-06-09 06:10:45.556 560 INFO rally.task.runner [-] Task 826edcb8-4d5f-4996-9053-d0f266174d5c | ITER: 7 START
2019-06-09 06:10:45.557 559 INFO rally.task.runner [-] Task 826edcb8-4d5f-4996-9053-d0f266174d5c | ITER: 3 END: OK
2019-06-09 06:10:45.561 559 INFO rally.task.runner [-] Task 826edcb8-4d5f-4996-9053-d0f266174d5c | ITER: 8 START
2019-06-09 06:10:46.138 558 INFO rally.task.runner [-] Task 826edcb8-4d5f-4996-9053-d0f266174d5c | ITER: 6 END: OK
2019-06-09 06:10:46.142 558 INFO rally.task.runner [-] Task 826edcb8-4d5f-4996-9053-d0f266174d5c | ITER: 9 START
2019-06-09 06:10:46.220 559 INFO rally.task.runner [-] Task 826edcb8-4d5f-4996-9053-d0f266174d5c | ITER: 8 END: OK
2019-06-09 06:10:46.225 559 INFO rally.task.runner [-] Task 826edcb8-4d5f-4996-9053-d0f266174d5c | ITER: 10 START
2019-06-09 06:10:46.228 560 INFO rally.task.runner [-] Task 826edcb8-4d5f-4996-9053-d0f266174d5c | ITER: 7 END: OK
2019-06-09 06:10:46.373 557 INFO rally.task.runner [-] Task 826edcb8-4d5f-4996-9053-d0f266174d5c | ITER: 5 END: OK
2019-06-09 06:10:46.766 558 INFO rally.task.runner [-] Task 826edcb8-4d5f-4996-9053-d0f266174d5c | ITER: 9 END: OK
2019-06-09 06:10:46.841 559 INFO rally.task.runner [-] Task 826edcb8-4d5f-4996-9053-d0f266174d5c | ITER: 10 END: OK
2019-06-09 06:10:46.862 17 INFO rally.task.context [-] Task 826edcb8-4d5f-4996-9053-d0f266174d5c | Context users@openstack cleanup() started
2019-06-09 06:10:51.749 17 INFO rally.task.context [-] Task 826edcb8-4d5f-4996-9053-d0f266174d5c | Context users@openstack cleanup() finished in 4.89 sec
2019-06-09 06:10:51.953 17 INFO rally.task.engine [-] Load duration is: 2.162533
2019-06-09 06:10:51.954 17 INFO rally.task.engine [-] Full runner duration is: 2.206308
2019-06-09 06:10:51.954 17 INFO rally.task.engine [-] Full duration is: 9.863896
2019-06-09 06:10:52.432 17 INFO rally.task.engine [-] Running workload: position = 0 config = { "version": 2, "title": "A cropped version of a bigger task.", "description": "Auto-generated task from a single workload (uuid=0c0eedf7-1d1f-43e6-8b48-48b609d646b0)", "subtasks": [ { "title": "Authenticate.validate_nova", "description": "Check Nova Client to ensure validation of token.", "scenario": { "Authenticate.validate_nova": { "repetitions": 2 } }, "contexts": { "users": { "tenants": 3, "users_per_tenant": 2 } }, "runner": { "constant": { "concurrency": 4, "times": 10 } }, "hooks": [], "sla": { "failure_rate": { "max": 0 } } } ] }
2019-06-09 06:10:52.464 17 RALLYDEBUG rally_openstack.contexts.keystone.users [-] Creating 3 tenants using 20 threads
2019-06-09 06:10:53.512 17 RALLYDEBUG rally_openstack.contexts.keystone.users [-] Creating 6 users using 20 threads
2019-06-09 06:10:55.200 17 INFO rally.task.context [-] Task 826edcb8-4d5f-4996-9053-d0f266174d5c | Context users@openstack setup() finished in 2.74 sec
2019-06-09 06:10:55.209 17 RALLYDEBUG rally.task.runner [-] Starting the constant runner (task UUID: 826edcb8-4d5f-4996-9053-d0f266174d5c). timeout: 0 concurrency: 4 concurrency_per_worker: 1 times: 10 concurrency_overhead: 0 processes_to_start: 4 max_cpu_used: 16
2019-06-09 06:10:55.223 661 RALLYDEBUG rally.task.runner [-] Starting a worker. concurrency: 1 args: {"repetitions": 2} times: 10 method_name: run timeout: 0 duration: None cls:
2019-06-09 06:10:55.226 662 RALLYDEBUG rally.task.runner [-] Starting a worker. concurrency: 1 args: {"repetitions": 2} times: 10 method_name: run timeout: 0 duration: None cls:
2019-06-09 06:10:55.229 663 RALLYDEBUG rally.task.runner [-] Starting a worker. concurrency: 1 args: {"repetitions": 2} times: 10 method_name: run timeout: 0 duration: None cls:
2019-06-09 06:10:55.231 661 INFO rally.task.runner [-] Task 826edcb8-4d5f-4996-9053-d0f266174d5c | ITER: 1 START
2019-06-09 06:10:55.231 664 RALLYDEBUG rally.task.runner [-] Starting a worker. concurrency: 1 args: {"repetitions": 2} times: 10 method_name: run timeout: 0 duration: None cls:
2019-06-09 06:10:55.234 662 INFO rally.task.runner [-] Task 826edcb8-4d5f-4996-9053-d0f266174d5c | ITER: 2 START
2019-06-09 06:10:55.237 663 INFO rally.task.runner [-] Task 826edcb8-4d5f-4996-9053-d0f266174d5c | ITER: 3 START
2019-06-09 06:10:55.238 664 INFO rally.task.runner [-] Task 826edcb8-4d5f-4996-9053-d0f266174d5c | ITER: 4 START
2019-06-09 06:10:55.722 662 DEBUG novaclient.v2.client [-] REQ: curl -g -i --cacert "/etc/ssl/certs/mcp_os_cacert" -X GET http://10.167.4.35:8774/v2.1/flavors/detail -H "Accept: application/json" -H "User-Agent: python-novaclient" -H "X-Auth-Token: {SHA1}bf516c700ca9d9b07da052c7d24498cb56956bca" _http_log_request /usr/lib/python2.7/site-packages/keystoneauth1/session.py:448
2019-06-09 06:10:55.723 661 DEBUG novaclient.v2.client [-] REQ: curl -g -i --cacert "/etc/ssl/certs/mcp_os_cacert" -X GET http://10.167.4.35:8774/v2.1/flavors/detail -H "Accept: application/json" -H "User-Agent: python-novaclient" -H "X-Auth-Token: {SHA1}f40a1dec49a30218444f5c71f45e883cf7bf188c" _http_log_request /usr/lib/python2.7/site-packages/keystoneauth1/session.py:448
2019-06-09 06:10:55.733 663 DEBUG novaclient.v2.client [-] REQ: curl -g -i --cacert "/etc/ssl/certs/mcp_os_cacert" -X GET http://10.167.4.35:8774/v2.1/flavors/detail -H "Accept: application/json" -H "User-Agent: python-novaclient" -H "X-Auth-Token: {SHA1}477e6501bcb88f6c7016e3869064b940644d8dd4" _http_log_request /usr/lib/python2.7/site-packages/keystoneauth1/session.py:448
2019-06-09 06:10:55.734 664 DEBUG novaclient.v2.client [-] REQ: curl -g -i --cacert "/etc/ssl/certs/mcp_os_cacert" -X GET http://10.167.4.35:8774/v2.1/flavors/detail -H "Accept: application/json" -H "User-Agent: python-novaclient" -H "X-Auth-Token: {SHA1}4872c93a0251b0eb90a2e90773512e5f23a660c4" _http_log_request /usr/lib/python2.7/site-packages/keystoneauth1/session.py:448
2019-06-09 06:10:55.854 662 DEBUG novaclient.v2.client [-] RESP: [200] Connection: close Content-Length: 1014 Content-Type: application/json Date: Sun, 09 Jun 2019 06:10:55 GMT Openstack-Api-Version: compute 2.1 Vary: OpenStack-API-Version, X-OpenStack-Nova-API-Version X-Compute-Request-Id: req-1a4423e2-b68c-40f9-ae9c-0b82b56da161 X-Openstack-Nova-Api-Version: 2.1 X-Openstack-Request-Id: req-1a4423e2-b68c-40f9-ae9c-0b82b56da161 _http_log_response /usr/lib/python2.7/site-packages/keystoneauth1/session.py:479
2019-06-09 06:10:55.855 662 DEBUG novaclient.v2.client [-] RESP BODY: {"flavors": [{"name": "rally_full-flavor_alt_cf95c9b6-62a5-40bb-bc0e-5526a33f794f", "links": [{"href": "http://10.167.4.35:8774/v2.1/flavors/6767e3bb-2051-4c2c-ba61-498000187089", "rel": "self"}, {"href": "http://10.167.4.35:8774/flavors/6767e3bb-2051-4c2c-ba61-498000187089", "rel": "bookmark"}], "ram": 1024, "OS-FLV-DISABLED:disabled": false, "vcpus": 1, "swap": "", "os-flavor-access:is_public": true, "rxtx_factor": 1.0, "OS-FLV-EXT-DATA:ephemeral": 0, "disk": 1, "id": "6767e3bb-2051-4c2c-ba61-498000187089"}, {"name": "rally_full-flavor_cf95c9b6-62a5-40bb-bc0e-5526a33f794f", "links": [{"href": "http://10.167.4.35:8774/v2.1/flavors/dab7a9b7-841d-403c-ab44-ecfcf1f53639", "rel": "self"}, {"href": "http://10.167.4.35:8774/flavors/dab7a9b7-841d-403c-ab44-ecfcf1f53639", "rel": "bookmark"}], "ram": 512, "OS-FLV-DISABLED:disabled": false, "vcpus": 1, "swap": "", "os-flavor-access:is_public": true, "rxtx_factor": 1.0, "OS-FLV-EXT-DATA:ephemeral": 0, "disk": 1, "id": "dab7a9b7-841d-403c-ab44-ecfcf1f53639"}]} _http_log_response /usr/lib/python2.7/site-packages/keystoneauth1/session.py:511
2019-06-09 06:10:55.855 662 DEBUG novaclient.v2.client [-] GET call to compute for http://10.167.4.35:8774/v2.1/flavors/detail used request id req-1a4423e2-b68c-40f9-ae9c-0b82b56da161 request /usr/lib/python2.7/site-packages/keystoneauth1/session.py:844
2019-06-09 06:10:55.855 661 DEBUG novaclient.v2.client [-] RESP: [200] Connection: close Content-Length: 1014 Content-Type: application/json Date: Sun, 09 Jun 2019 06:10:55 GMT Openstack-Api-Version: compute 2.1 Vary: OpenStack-API-Version, X-OpenStack-Nova-API-Version X-Compute-Request-Id: req-f242b385-6758-4cda-b2d6-960eabed0d21 X-Openstack-Nova-Api-Version: 2.1 X-Openstack-Request-Id: req-f242b385-6758-4cda-b2d6-960eabed0d21 _http_log_response /usr/lib/python2.7/site-packages/keystoneauth1/session.py:479
2019-06-09 06:10:55.856 661 DEBUG novaclient.v2.client [-] RESP BODY: {"flavors": [{"name": "rally_full-flavor_alt_cf95c9b6-62a5-40bb-bc0e-5526a33f794f", "links": [{"href": "http://10.167.4.35:8774/v2.1/flavors/6767e3bb-2051-4c2c-ba61-498000187089", "rel": "self"}, {"href": "http://10.167.4.35:8774/flavors/6767e3bb-2051-4c2c-ba61-498000187089", "rel": "bookmark"}], "ram": 1024, "OS-FLV-DISABLED:disabled": false, "vcpus": 1, "swap": "", "os-flavor-access:is_public": true, "rxtx_factor": 1.0, "OS-FLV-EXT-DATA:ephemeral": 0, "disk": 1, "id": "6767e3bb-2051-4c2c-ba61-498000187089"}, {"name": "rally_full-flavor_cf95c9b6-62a5-40bb-bc0e-5526a33f794f", "links": [{"href": "http://10.167.4.35:8774/v2.1/flavors/dab7a9b7-841d-403c-ab44-ecfcf1f53639", "rel": "self"}, {"href": "http://10.167.4.35:8774/flavors/dab7a9b7-841d-403c-ab44-ecfcf1f53639", "rel": "bookmark"}], "ram": 512, "OS-FLV-DISABLED:disabled": false, "vcpus": 1, "swap": "", "os-flavor-access:is_public": true, "rxtx_factor": 1.0, "OS-FLV-EXT-DATA:ephemeral": 0, "disk": 1, "id": "dab7a9b7-841d-403c-ab44-ecfcf1f53639"}]} _http_log_response /usr/lib/python2.7/site-packages/keystoneauth1/session.py:511
2019-06-09 06:10:55.857 661 DEBUG novaclient.v2.client [-] GET call to compute for http://10.167.4.35:8774/v2.1/flavors/detail used request id req-f242b385-6758-4cda-b2d6-960eabed0d21 request /usr/lib/python2.7/site-packages/keystoneauth1/session.py:844
2019-06-09 06:10:55.858 662 DEBUG novaclient.v2.client [-] REQ: curl -g -i --cacert "/etc/ssl/certs/mcp_os_cacert" -X GET http://10.167.4.35:8774/v2.1/flavors/detail -H "Accept: application/json" -H "User-Agent: python-novaclient" -H "X-Auth-Token: {SHA1}bf516c700ca9d9b07da052c7d24498cb56956bca" _http_log_request /usr/lib/python2.7/site-packages/keystoneauth1/session.py:448
2019-06-09 06:10:55.858 661 DEBUG novaclient.v2.client [-] REQ: curl -g -i --cacert "/etc/ssl/certs/mcp_os_cacert" -X GET http://10.167.4.35:8774/v2.1/flavors/detail -H "Accept: application/json" -H "User-Agent: python-novaclient" -H "X-Auth-Token: {SHA1}f40a1dec49a30218444f5c71f45e883cf7bf188c" _http_log_request /usr/lib/python2.7/site-packages/keystoneauth1/session.py:448
2019-06-09 06:10:55.860 663 DEBUG novaclient.v2.client [-] RESP: [200] Connection: close Content-Length: 1014 Content-Type: application/json Date: Sun, 09 Jun 2019 06:10:55 GMT Openstack-Api-Version: compute 2.1 Vary: OpenStack-API-Version, X-OpenStack-Nova-API-Version X-Compute-Request-Id: req-646f1ec4-bd4f-45fb-8b52-18e2228d879b X-Openstack-Nova-Api-Version: 2.1 X-Openstack-Request-Id: req-646f1ec4-bd4f-45fb-8b52-18e2228d879b _http_log_response /usr/lib/python2.7/site-packages/keystoneauth1/session.py:479
2019-06-09 06:10:55.861 663 DEBUG novaclient.v2.client [-] RESP BODY: {"flavors": [{"name": "rally_full-flavor_alt_cf95c9b6-62a5-40bb-bc0e-5526a33f794f", "links": [{"href": "http://10.167.4.35:8774/v2.1/flavors/6767e3bb-2051-4c2c-ba61-498000187089", "rel": "self"}, {"href": "http://10.167.4.35:8774/flavors/6767e3bb-2051-4c2c-ba61-498000187089", "rel": "bookmark"}], "ram": 1024, "OS-FLV-DISABLED:disabled": false, "vcpus": 1, "swap": "", "os-flavor-access:is_public": true, "rxtx_factor": 1.0, "OS-FLV-EXT-DATA:ephemeral": 0, "disk": 1, "id": "6767e3bb-2051-4c2c-ba61-498000187089"}, {"name": "rally_full-flavor_cf95c9b6-62a5-40bb-bc0e-5526a33f794f", "links": [{"href": "http://10.167.4.35:8774/v2.1/flavors/dab7a9b7-841d-403c-ab44-ecfcf1f53639", "rel": "self"}, {"href": "http://10.167.4.35:8774/flavors/dab7a9b7-841d-403c-ab44-ecfcf1f53639", "rel": "bookmark"}], "ram": 512, "OS-FLV-DISABLED:disabled": false, "vcpus": 1, "swap": "", "os-flavor-access:is_public": true, "rxtx_factor": 1.0, "OS-FLV-EXT-DATA:ephemeral": 0, "disk": 1, "id": "dab7a9b7-841d-403c-ab44-ecfcf1f53639"}]} _http_log_response /usr/lib/python2.7/site-packages/keystoneauth1/session.py:511
2019-06-09 06:10:55.861 663 DEBUG novaclient.v2.client [-] GET call to compute for http://10.167.4.35:8774/v2.1/flavors/detail used request id req-646f1ec4-bd4f-45fb-8b52-18e2228d879b request /usr/lib/python2.7/site-packages/keystoneauth1/session.py:844
2019-06-09 06:10:55.862 663 DEBUG novaclient.v2.client [-] REQ: curl -g -i --cacert "/etc/ssl/certs/mcp_os_cacert" -X GET http://10.167.4.35:8774/v2.1/flavors/detail -H "Accept: application/json" -H "User-Agent: python-novaclient" -H "X-Auth-Token: {SHA1}477e6501bcb88f6c7016e3869064b940644d8dd4" _http_log_request /usr/lib/python2.7/site-packages/keystoneauth1/session.py:448
2019-06-09 06:10:55.873 664 DEBUG novaclient.v2.client [-] RESP: [200] Connection: close Content-Length: 1014 Content-Type: application/json Date: Sun, 09 Jun 2019 06:10:55 GMT Openstack-Api-Version: compute 2.1 Vary: OpenStack-API-Version, X-OpenStack-Nova-API-Version X-Compute-Request-Id: req-4464b7a5-2a2a-4063-9040-1f5c0ef1d27c X-Openstack-Nova-Api-Version: 2.1 X-Openstack-Request-Id: req-4464b7a5-2a2a-4063-9040-1f5c0ef1d27c _http_log_response /usr/lib/python2.7/site-packages/keystoneauth1/session.py:479
2019-06-09 06:10:55.874 664 DEBUG novaclient.v2.client [-] RESP BODY: {"flavors": [{"name": "rally_full-flavor_alt_cf95c9b6-62a5-40bb-bc0e-5526a33f794f", "links": [{"href": "http://10.167.4.35:8774/v2.1/flavors/6767e3bb-2051-4c2c-ba61-498000187089", "rel": "self"}, {"href": "http://10.167.4.35:8774/flavors/6767e3bb-2051-4c2c-ba61-498000187089", "rel": "bookmark"}], "ram": 1024, "OS-FLV-DISABLED:disabled": false, "vcpus": 1, "swap": "", "os-flavor-access:is_public": true, "rxtx_factor": 1.0, "OS-FLV-EXT-DATA:ephemeral": 0, "disk": 1, "id": "6767e3bb-2051-4c2c-ba61-498000187089"}, {"name": "rally_full-flavor_cf95c9b6-62a5-40bb-bc0e-5526a33f794f", "links": [{"href": "http://10.167.4.35:8774/v2.1/flavors/dab7a9b7-841d-403c-ab44-ecfcf1f53639", "rel": "self"}, {"href": "http://10.167.4.35:8774/flavors/dab7a9b7-841d-403c-ab44-ecfcf1f53639", "rel": "bookmark"}], "ram": 512, "OS-FLV-DISABLED:disabled": false, "vcpus": 1, "swap": "", "os-flavor-access:is_public": true, "rxtx_factor": 1.0, "OS-FLV-EXT-DATA:ephemeral": 0, "disk": 1, "id": "dab7a9b7-841d-403c-ab44-ecfcf1f53639"}]} _http_log_response /usr/lib/python2.7/site-packages/keystoneauth1/session.py:511
2019-06-09 06:10:55.875 664 DEBUG novaclient.v2.client [-] GET call to compute for http://10.167.4.35:8774/v2.1/flavors/detail used request id req-4464b7a5-2a2a-4063-9040-1f5c0ef1d27c request /usr/lib/python2.7/site-packages/keystoneauth1/session.py:844
2019-06-09 06:10:55.876 664 DEBUG novaclient.v2.client [-] REQ: curl -g -i --cacert "/etc/ssl/certs/mcp_os_cacert" -X GET http://10.167.4.35:8774/v2.1/flavors/detail -H "Accept: application/json" -H "User-Agent: python-novaclient" -H "X-Auth-Token: {SHA1}4872c93a0251b0eb90a2e90773512e5f23a660c4" _http_log_request /usr/lib/python2.7/site-packages/keystoneauth1/session.py:448
2019-06-09 06:10:55.879 662 DEBUG novaclient.v2.client [-] RESP: [200] Connection: close Content-Length: 1014 Content-Type: application/json Date: Sun, 09 Jun 2019 06:10:55 GMT Openstack-Api-Version: compute 2.1 Vary: OpenStack-API-Version, X-OpenStack-Nova-API-Version X-Compute-Request-Id: req-b6b6717b-6a42-44ba-8552-42362df34f09 X-Openstack-Nova-Api-Version: 2.1 X-Openstack-Request-Id: req-b6b6717b-6a42-44ba-8552-42362df34f09 _http_log_response /usr/lib/python2.7/site-packages/keystoneauth1/session.py:479
2019-06-09 06:10:55.880 662 DEBUG novaclient.v2.client [-] RESP BODY: {"flavors": [{"name": "rally_full-flavor_alt_cf95c9b6-62a5-40bb-bc0e-5526a33f794f", "links": [{"href": "http://10.167.4.35:8774/v2.1/flavors/6767e3bb-2051-4c2c-ba61-498000187089", "rel": "self"}, {"href": "http://10.167.4.35:8774/flavors/6767e3bb-2051-4c2c-ba61-498000187089", "rel": "bookmark"}], "ram": 1024, "OS-FLV-DISABLED:disabled": false, "vcpus": 1, "swap": "", "os-flavor-access:is_public": true, "rxtx_factor": 1.0, "OS-FLV-EXT-DATA:ephemeral": 0, "disk": 1, "id": "6767e3bb-2051-4c2c-ba61-498000187089"}, {"name": "rally_full-flavor_cf95c9b6-62a5-40bb-bc0e-5526a33f794f", "links": [{"href": "http://10.167.4.35:8774/v2.1/flavors/dab7a9b7-841d-403c-ab44-ecfcf1f53639", "rel": "self"}, {"href": "http://10.167.4.35:8774/flavors/dab7a9b7-841d-403c-ab44-ecfcf1f53639", "rel": "bookmark"}], "ram": 512, "OS-FLV-DISABLED:disabled": false, "vcpus": 1, "swap": "", "os-flavor-access:is_public": true, "rxtx_factor": 1.0, "OS-FLV-EXT-DATA:ephemeral": 0, "disk": 1, "id": "dab7a9b7-841d-403c-ab44-ecfcf1f53639"}]} _http_log_response /usr/lib/python2.7/site-packages/keystoneauth1/session.py:511
2019-06-09 06:10:55.881 662 DEBUG novaclient.v2.client [-] GET call to compute for http://10.167.4.35:8774/v2.1/flavors/detail used request id req-b6b6717b-6a42-44ba-8552-42362df34f09 request /usr/lib/python2.7/site-packages/keystoneauth1/session.py:844
2019-06-09 06:10:55.881 661 DEBUG novaclient.v2.client [-] RESP: [200] Connection: close Content-Length: 1014 Content-Type: application/json Date: Sun, 09 Jun 2019 06:10:55 GMT Openstack-Api-Version: compute 2.1 Vary: OpenStack-API-Version, X-OpenStack-Nova-API-Version X-Compute-Request-Id: req-cffeb6e3-cbfa-4e10-9343-25933678ce73 X-Openstack-Nova-Api-Version: 2.1 X-Openstack-Request-Id: req-cffeb6e3-cbfa-4e10-9343-25933678ce73 _http_log_response /usr/lib/python2.7/site-packages/keystoneauth1/session.py:479
2019-06-09 06:10:55.882 662 INFO rally.task.runner [-] Task 826edcb8-4d5f-4996-9053-d0f266174d5c | ITER: 2 END: OK
2019-06-09 06:10:55.882 661 DEBUG novaclient.v2.client [-] RESP BODY: {"flavors": [{"name": "rally_full-flavor_alt_cf95c9b6-62a5-40bb-bc0e-5526a33f794f", "links": [{"href": "http://10.167.4.35:8774/v2.1/flavors/6767e3bb-2051-4c2c-ba61-498000187089", "rel": "self"}, {"href": "http://10.167.4.35:8774/flavors/6767e3bb-2051-4c2c-ba61-498000187089", "rel": "bookmark"}], "ram": 1024, "OS-FLV-DISABLED:disabled": false, "vcpus": 1, "swap": "", "os-flavor-access:is_public": true, "rxtx_factor": 1.0, "OS-FLV-EXT-DATA:ephemeral": 0, "disk": 1, "id": "6767e3bb-2051-4c2c-ba61-498000187089"}, {"name": "rally_full-flavor_cf95c9b6-62a5-40bb-bc0e-5526a33f794f", "links": [{"href": "http://10.167.4.35:8774/v2.1/flavors/dab7a9b7-841d-403c-ab44-ecfcf1f53639", "rel": "self"}, {"href": "http://10.167.4.35:8774/flavors/dab7a9b7-841d-403c-ab44-ecfcf1f53639", "rel": "bookmark"}], "ram": 512, "OS-FLV-DISABLED:disabled": false, "vcpus": 1, "swap": "", "os-flavor-access:is_public": true, "rxtx_factor": 1.0, "OS-FLV-EXT-DATA:ephemeral": 0, "disk": 1, "id": "dab7a9b7-841d-403c-ab44-ecfcf1f53639"}]} _http_log_response /usr/lib/python2.7/site-packages/keystoneauth1/session.py:511
2019-06-09 06:10:55.882 661 DEBUG novaclient.v2.client [-] GET call to compute for http://10.167.4.35:8774/v2.1/flavors/detail used request id req-cffeb6e3-cbfa-4e10-9343-25933678ce73 request /usr/lib/python2.7/site-packages/keystoneauth1/session.py:844
2019-06-09 06:10:55.883 663 DEBUG novaclient.v2.client [-] RESP: [200] Connection: close Content-Length: 1014 Content-Type: application/json Date: Sun, 09 Jun 2019 06:10:55 GMT Openstack-Api-Version: compute 2.1 Vary: OpenStack-API-Version, X-OpenStack-Nova-API-Version X-Compute-Request-Id: req-c222c8bd-125a-4506-8522-2f0108984695 X-Openstack-Nova-Api-Version: 2.1 X-Openstack-Request-Id: req-c222c8bd-125a-4506-8522-2f0108984695 _http_log_response /usr/lib/python2.7/site-packages/keystoneauth1/session.py:479
2019-06-09 06:10:55.884 661 INFO rally.task.runner [-] Task 826edcb8-4d5f-4996-9053-d0f266174d5c | ITER: 1 END: OK
2019-06-09 06:10:55.884 663 DEBUG novaclient.v2.client [-] RESP BODY: {"flavors": [{"name": "rally_full-flavor_alt_cf95c9b6-62a5-40bb-bc0e-5526a33f794f", "links": [{"href": "http://10.167.4.35:8774/v2.1/flavors/6767e3bb-2051-4c2c-ba61-498000187089", "rel": "self"}, {"href": "http://10.167.4.35:8774/flavors/6767e3bb-2051-4c2c-ba61-498000187089", "rel": "bookmark"}], "ram": 1024, "OS-FLV-DISABLED:disabled": false, "vcpus": 1, "swap": "", "os-flavor-access:is_public": true, "rxtx_factor": 1.0, "OS-FLV-EXT-DATA:ephemeral": 0, "disk": 1, "id": "6767e3bb-2051-4c2c-ba61-498000187089"}, {"name": "rally_full-flavor_cf95c9b6-62a5-40bb-bc0e-5526a33f794f", "links": [{"href": "http://10.167.4.35:8774/v2.1/flavors/dab7a9b7-841d-403c-ab44-ecfcf1f53639", "rel": "self"}, {"href": "http://10.167.4.35:8774/flavors/dab7a9b7-841d-403c-ab44-ecfcf1f53639", "rel": "bookmark"}], "ram": 512, "OS-FLV-DISABLED:disabled": false, "vcpus": 1, "swap": "", "os-flavor-access:is_public": true, "rxtx_factor": 1.0, "OS-FLV-EXT-DATA:ephemeral": 0, "disk": 1, "id": "dab7a9b7-841d-403c-ab44-ecfcf1f53639"}]} _http_log_response /usr/lib/python2.7/site-packages/keystoneauth1/session.py:511
2019-06-09 06:10:55.884 663 DEBUG novaclient.v2.client [-] GET call to compute for http://10.167.4.35:8774/v2.1/flavors/detail used request id req-c222c8bd-125a-4506-8522-2f0108984695 request /usr/lib/python2.7/site-packages/keystoneauth1/session.py:844
2019-06-09 06:10:55.885 663 INFO rally.task.runner [-] Task 826edcb8-4d5f-4996-9053-d0f266174d5c | ITER: 3 END: OK
