2019-04-21 07:17:37.738 13346 INFO tempest.lib.common.rest_client [req-8c72d51f-d512-481e-b4c1-4f1e2d04b072 ] Request (TrunkTestJSON:_run_cleanups): 404 GET http://10.167.4.35:9696/v2.0/trunks/89d33d9b-82b9-4966-bc46-c5fc7fe290aa/get_subports 0.012s
2019-04-21 07:17:37.738 13346 DEBUG tempest.lib.common.rest_client [req-8c72d51f-d512-481e-b4c1-4f1e2d04b072 ] Request - Headers: {'Content-Type': 'application/json', 'Accept': 'application/json', 'X-Auth-Token': ''} Body: None Response - Headers: {'status': '404', u'content-length': '134', 'content-location': 'http://10.167.4.35:9696/v2.0/trunks/89d33d9b-82b9-4966-bc46-c5fc7fe290aa/get_subports', u'date': 'Sun, 21 Apr 2019 07:17:37 GMT', u'content-type': 'application/json', u'connection': 'close', u'x-openstack-request-id': 'req-8c72d51f-d512-481e-b4c1-4f1e2d04b072'} Body: {"NeutronError": {"message": "Trunk 89d33d9b-82b9-4966-bc46-c5fc7fe290aa could not be found.", "type": "TrunkNotFound", "detail": ""}} _log_request_full /root/.rally/verification/verifier-5ea21f9e-ff46-44dd-8234-4d76e888c4d5/repo/tempest/lib/common/rest_client.py:437
2019-04-21 07:17:37.755 13346 INFO tempest.lib.common.rest_client [req-b5756b0c-9496-4d57-8c0d-11368cfd0053 ] Request (TrunkTestJSON:_run_cleanups): 404 DELETE http://10.167.4.35:9696/v2.0/trunks/89d33d9b-82b9-4966-bc46-c5fc7fe290aa 0.016s
2019-04-21 07:17:37.755 13346 DEBUG tempest.lib.common.rest_client [req-b5756b0c-9496-4d57-8c0d-11368cfd0053 ] Request - Headers: {'Content-Type': 'application/json', 'Accept': 'application/json', 'X-Auth-Token': ''} Body: None Response - Headers: {'status': '404', u'content-length': '134', 'content-location': 'http://10.167.4.35:9696/v2.0/trunks/89d33d9b-82b9-4966-bc46-c5fc7fe290aa', u'date': 'Sun, 21 Apr 2019 07:17:37 GMT', u'content-type': 'application/json', u'connection': 'close', u'x-openstack-request-id': 'req-b5756b0c-9496-4d57-8c0d-11368cfd0053'} Body: {"NeutronError": {"message": "Trunk 89d33d9b-82b9-4966-bc46-c5fc7fe290aa could not be found.", "type": "TrunkNotFound", "detail": ""}} _log_request_full /root/.rally/verification/verifier-5ea21f9e-ff46-44dd-8234-4d76e888c4d5/repo/tempest/lib/common/rest_client.py:437
2019-04-21 07:17:37.783 13346 INFO tempest.lib.common.rest_client [req-ac24096d-8b17-4b91-b397-719818ce593b ] Request (TrunkTestJSON:_run_cleanups): 200 GET http://10.167.4.35:9696/v2.0/trunks/2d29aa4d-0822-42cd-8ed6-f194b2dadbc0/get_subports 0.027s
2019-04-21 07:17:37.783 13346 DEBUG tempest.lib.common.rest_client [req-ac24096d-8b17-4b91-b397-719818ce593b ] Request - Headers: {'Content-Type': 'application/json', 'Accept': 'application/json', 'X-Auth-Token': ''} Body: None Response - Headers: {'status': '200', u'content-length': '119', 'content-location': 'http://10.167.4.35:9696/v2.0/trunks/2d29aa4d-0822-42cd-8ed6-f194b2dadbc0/get_subports', u'date': 'Sun, 21 Apr 2019 07:17:37 GMT', u'content-type': 'application/json', u'connection': 'close', u'x-openstack-request-id': 'req-ac24096d-8b17-4b91-b397-719818ce593b'} Body: {"sub_ports": [{"segmentation_type": "vlan", "port_id": "085281e7-1c21-4922-812d-f2698e5f56db", "segmentation_id": 2}]} _log_request_full /root/.rally/verification/verifier-5ea21f9e-ff46-44dd-8234-4d76e888c4d5/repo/tempest/lib/common/rest_client.py:437
2019-04-21 07:17:37.890 13346 INFO tempest.lib.common.rest_client [req-ee63d07c-7880-4f15-9536-a8c26da9a076 ] Request (TrunkTestJSON:_run_cleanups): 200 PUT http://10.167.4.35:9696/v2.0/trunks/2d29aa4d-0822-42cd-8ed6-f194b2dadbc0/remove_subports 0.105s
2019-04-21 07:17:37.890 13346 DEBUG tempest.lib.common.rest_client [req-ee63d07c-7880-4f15-9536-a8c26da9a076 ] Request - Headers: {'Content-Type': 'application/json', 'Accept': 'application/json', 'X-Auth-Token': ''} Body: {"sub_ports": [{"port_id": "085281e7-1c21-4922-812d-f2698e5f56db", "segmentation_type": "vlan", "segmentation_id": 2}]} Response - Headers: {'status': '200', u'content-length': '398', 'content-location': 'http://10.167.4.35:9696/v2.0/trunks/2d29aa4d-0822-42cd-8ed6-f194b2dadbc0/remove_subports', u'date': 'Sun, 21 Apr 2019 07:17:37 GMT', u'content-type': 'application/json', u'connection': 'close', u'x-openstack-request-id': 'req-ee63d07c-7880-4f15-9536-a8c26da9a076'} Body: {"status": "ACTIVE", "sub_ports": [], "name": "", "admin_state_up": true, "tenant_id": "b30cb8a8e8be4a2d8258d702ee6f3d74", "created_at": "2019-04-21T07:17:37Z", "tags": [], "updated_at": "2019-04-21T07:17:37Z", "revision_number": 4, "project_id": "b30cb8a8e8be4a2d8258d702ee6f3d74", "port_id": "399e32c2-207c-4a4e-8edc-4cf469c73819", "id": "2d29aa4d-0822-42cd-8ed6-f194b2dadbc0", "description": ""} _log_request_full /root/.rally/verification/verifier-5ea21f9e-ff46-44dd-8234-4d76e888c4d5/repo/tempest/lib/common/rest_client.py:437
2019-04-21 07:17:38.097 13350 INFO tempest.lib.common.rest_client [req-6a748814-4e2f-4725-9b73-9b282bb808b1 ] Request (TrunkTestJSON:test_create_trunk_duplicate_subport_segmentation_ids): 201 POST http://10.167.4.35:9696/v2.0/ports 0.486s
2019-04-21 07:17:38.098 13350 DEBUG tempest.lib.common.rest_client [req-6a748814-4e2f-4725-9b73-9b282bb808b1 ] Request - Headers: {'Content-Type': 'application/json', 'Accept': 'application/json', 'X-Auth-Token': ''} Body: {"port": {"network_id": "cf48221a-9ca2-4e17-807c-c5ab50770a88"}} Response - Headers: {'status': '201', u'content-length': '615', 'content-location': 'http://10.167.4.35:9696/v2.0/ports', u'date': 'Sun, 21 Apr 2019 07:17:38 GMT', u'content-type': 'application/json', u'connection': 'close', u'x-openstack-request-id': 'req-6a748814-4e2f-4725-9b73-9b282bb808b1'} Body: {"port":{"status":"DOWN","created_at":"2019-04-21T07:17:37Z","description":"","allowed_address_pairs":[],"tags":[],"network_id":"cf48221a-9ca2-4e17-807c-c5ab50770a88","tenant_id":"59a12e4049f142269dd2e8d0e33f02c2","extra_dhcp_opts":[],"admin_state_up":true,"updated_at":"2019-04-21T07:17:37Z","name":"","device_owner":"","revision_number":1,"mac_address":"fa:16:3e:e5:87:e0","binding:vnic_type":"normal","port_security_enabled":true,"project_id":"59a12e4049f142269dd2e8d0e33f02c2","fixed_ips":[],"id":"473cae4f-cdb8-4064-81ed-0ad463dd51e9","security_groups":["82b558b6-5e9d-4341-a3e0-e9cc9305a18b"],"device_id":""}} _log_request_full /root/.rally/verification/verifier-5ea21f9e-ff46-44dd-8234-4d76e888c4d5/repo/tempest/lib/common/rest_client.py:437
2019-04-21 07:17:38.109 13350 INFO tempest.lib.common.rest_client [req-e2f988b4-0b19-4b9d-a978-e98f999cd733 ] Request (TrunkTestJSON:test_create_trunk_duplicate_subport_segmentation_ids): 400 POST http://10.167.4.35:9696/v2.0/trunks 0.010s
2019-04-21 07:17:38.110 13350 DEBUG tempest.lib.common.rest_client [req-e2f988b4-0b19-4b9d-a978-e98f999cd733 ] Request - Headers: {'Content-Type': 'application/json', 'Accept': 'application/json', 'X-Auth-Token': ''} Body: {"trunk": {"sub_ports": [{"segmentation_id": 2, "port_id": "edb7c918-9c69-491e-b906-16b8cb7a36a6", "segmentation_type": "vlan"}, {"segmentation_id": 2, "port_id": "473cae4f-cdb8-4064-81ed-0ad463dd51e9", "segmentation_type": "vlan"}], "port_id": "2a44fd34-4a71-41e5-843f-6fd791c45e90"}} Response - Headers: {'status': '400', u'content-length': '187', 'content-location': 'http://10.167.4.35:9696/v2.0/trunks', u'date': 'Sun, 21 Apr 2019 07:17:38 GMT', u'content-type': 'application/json', u'connection': 'close', u'x-openstack-request-id': 'req-e2f988b4-0b19-4b9d-a978-e98f999cd733'} Body: {"NeutronError": {"message": "Invalid input for sub_ports. Reason: Segmentation ID '2' for '473cae4f-cdb8-4064-81ed-0ad463dd51e9' is not unique.", "type": "HTTPBadRequest", "detail": ""}} _log_request_full /root/.rally/verification/verifier-5ea21f9e-ff46-44dd-8234-4d76e888c4d5/repo/tempest/lib/common/rest_client.py:437
2019-04-21 07:17:38.124 13350 INFO tempest.lib.common.rest_client [req-8048018c-54b6-4ac3-aaa7-26dc1ed8023a ] Request (TrunkTestJSON:_run_cleanups): 404 GET http://10.167.4.35:9696/v2.0/trunks/b781bc21-06fe-4e8f-884f-b10a6a50f1fa/get_subports 0.013s
2019-04-21 07:17:38.125 13350 DEBUG tempest.lib.common.rest_client [req-8048018c-54b6-4ac3-aaa7-26dc1ed8023a ] Request - Headers: {'Content-Type': 'application/json', 'Accept': 'application/json', 'X-Auth-Token': ''} Body: None Response - Headers: {'status': '404', u'content-length': '134', 'content-location': 'http://10.167.4.35:9696/v2.0/trunks/b781bc21-06fe-4e8f-884f-b10a6a50f1fa/get_subports', u'date': 'Sun, 21 Apr 2019 07:17:38 GMT', u'content-type': 'application/json', u'connection': 'close', u'x-openstack-request-id': 'req-8048018c-54b6-4ac3-aaa7-26dc1ed8023a'} Body: {"NeutronError": {"message": "Trunk b781bc21-06fe-4e8f-884f-b10a6a50f1fa could not be found.", "type": "TrunkNotFound", "detail": ""}} _log_request_full /root/.rally/verification/verifier-5ea21f9e-ff46-44dd-8234-4d76e888c4d5/repo/tempest/lib/common/rest_client.py:437
2019-04-21 07:17:38.142 13350 INFO tempest.lib.common.rest_client [req-8c536e87-ebe3-4c5f-8380-3575a338ed63 ] Request (TrunkTestJSON:_run_cleanups): 404 DELETE http://10.167.4.35:9696/v2.0/trunks/b781bc21-06fe-4e8f-884f-b10a6a50f1fa 0.017s
2019-04-21 07:17:38.143 13350 DEBUG tempest.lib.common.rest_client [req-8c536e87-ebe3-4c5f-8380-3575a338ed63 ] Request - Headers: {'Content-Type': 'application/json', 'Accept': 'application/json', 'X-Auth-Token': ''} Body: None Response - Headers: {'status': '404', u'content-length': '134', 'content-location': 'http://10.167.4.35:9696/v2.0/trunks/b781bc21-06fe-4e8f-884f-b10a6a50f1fa', u'date': 'Sun, 21 Apr 2019 07:17:38 GMT', u'content-type': 'application/json', u'connection': 'close', u'x-openstack-request-id': 'req-8c536e87-ebe3-4c5f-8380-3575a338ed63'} Body: {"NeutronError": {"message": "Trunk b781bc21-06fe-4e8f-884f-b10a6a50f1fa could not be found.", "type": "TrunkNotFound", "detail": ""}} _log_request_full /root/.rally/verification/verifier-5ea21f9e-ff46-44dd-8234-4d76e888c4d5/repo/tempest/lib/common/rest_client.py:437
2019-04-21 07:17:38.159 13350 INFO tempest.lib.common.rest_client [req-0d387307-0d1a-4a63-b6d6-dd9426de9ad7 ] Request (TrunkTestJSON:_run_cleanups): 404 GET http://10.167.4.35:9696/v2.0/trunks/134880d4-7619-4a76-8254-32b463d1c58c/get_subports 0.016s
2019-04-21 07:17:38.160 13350 DEBUG tempest.lib.common.rest_client [req-0d387307-0d1a-4a63-b6d6-dd9426de9ad7 ] Request - Headers: {'Content-Type': 'application/json', 'Accept': 'application/json', 'X-Auth-Token': ''} Body: None Response - Headers: {'status': '404', u'content-length': '134', 'content-location': 'http://10.167.4.35:9696/v2.0/trunks/134880d4-7619-4a76-8254-32b463d1c58c/get_subports', u'date': 'Sun, 21 Apr 2019 07:17:38 GMT', u'content-type': 'application/json', u'connection': 'close', u'x-openstack-request-id': 'req-0d387307-0d1a-4a63-b6d6-dd9426de9ad7'} Body: {"NeutronError": {"message": "Trunk 134880d4-7619-4a76-8254-32b463d1c58c could not be found.", "type": "TrunkNotFound", "detail": ""}} _log_request_full /root/.rally/verification/verifier-5ea21f9e-ff46-44dd-8234-4d76e888c4d5/repo/tempest/lib/common/rest_client.py:437
2019-04-21 07:17:38.176 13350 INFO tempest.lib.common.rest_client [req-67aad464-543a-445f-9137-ce4fa6950c9c ] Request (TrunkTestJSON:_run_cleanups): 404 DELETE http://10.167.4.35:9696/v2.0/trunks/134880d4-7619-4a76-8254-32b463d1c58c 0.015s
2019-04-21 07:17:38.177 13350 DEBUG tempest.lib.common.rest_client [req-67aad464-543a-445f-9137-ce4fa6950c9c ] Request - Headers: {'Content-Type': 'application/json', 'Accept': 'application/json', 'X-Auth-Token': ''} Body: None Response - Headers: {'status': '404', u'content-length': '134', 'content-location': 'http://10.167.4.35:9696/v2.0/trunks/134880d4-7619-4a76-8254-32b463d1c58c', u'date': 'Sun, 21 Apr 2019 07:17:38 GMT', u'content-type': 'application/json', u'connection': 'close', u'x-openstack-request-id': 'req-67aad464-543a-445f-9137-ce4fa6950c9c'} Body: {"NeutronError": {"message": "Trunk 134880d4-7619-4a76-8254-32b463d1c58c could not be found.", "type": "TrunkNotFound", "detail": ""}} _log_request_full /root/.rally/verification/verifier-5ea21f9e-ff46-44dd-8234-4d76e888c4d5/repo/tempest/lib/common/rest_client.py:437
2019-04-21 07:17:38.190 13346 INFO tempest.lib.common.rest_client [req-4a14c272-ff5a-48ce-96fb-648b308bb1fb ] Request (TrunkTestJSON:_run_cleanups): 204 DELETE http://10.167.4.35:9696/v2.0/trunks/2d29aa4d-0822-42cd-8ed6-f194b2dadbc0 0.299s
2019-04-21 07:17:38.191 13346 DEBUG tempest.lib.common.rest_client [req-4a14c272-ff5a-48ce-96fb-648b308bb1fb ] Request - Headers: {'Content-Type': 'application/json', 'Accept': 'application/json', 'X-Auth-Token': ''} Body: None Response - Headers: {'status': '204', u'content-length': '0', 'content-location': 'http://10.167.4.35:9696/v2.0/trunks/2d29aa4d-0822-42cd-8ed6-f194b2dadbc0', u'date': 'Sun, 21 Apr 2019 07:17:38 GMT', u'connection': 'close', u'x-openstack-request-id': 'req-4a14c272-ff5a-48ce-96fb-648b308bb1fb'} Body: _log_request_full /root/.rally/verification/verifier-5ea21f9e-ff46-44dd-8234-4d76e888c4d5/repo/tempest/lib/common/rest_client.py:437
2019-04-21 07:17:38.192 13350 INFO tempest.lib.common.rest_client [req-dd9119dd-3c3c-4a2d-989b-9faac103c747 ] Request (TrunkTestJSON:_run_cleanups): 404 GET http://10.167.4.35:9696/v2.0/trunks/e08c2d29-4328-4cdf-aabe-a87320786c09/get_subports 0.014s
2019-04-21 07:17:38.193 13350 DEBUG tempest.lib.common.rest_client [req-dd9119dd-3c3c-4a2d-989b-9faac103c747 ] Request - Headers: {'Content-Type': 'application/json', 'Accept': 'application/json', 'X-Auth-Token': ''} Body: None Response - Headers: {'status': '404', u'content-length': '134', 'content-location': 'http://10.167.4.35:9696/v2.0/trunks/e08c2d29-4328-4cdf-aabe-a87320786c09/get_subports', u'date': 'Sun, 21 Apr 2019 07:17:38 GMT', u'content-type': 'application/json', u'connection': 'close', u'x-openstack-request-id': 'req-dd9119dd-3c3c-4a2d-989b-9faac103c747'} Body: {"NeutronError": {"message": "Trunk e08c2d29-4328-4cdf-aabe-a87320786c09 could not be found.", "type": "TrunkNotFound", "detail": ""}} _log_request_full /root/.rally/verification/verifier-5ea21f9e-ff46-44dd-8234-4d76e888c4d5/repo/tempest/lib/common/rest_client.py:437
2019-04-21 07:17:38.207 13346 INFO tempest.lib.common.rest_client [req-5c677823-833e-4e70-b592-c72006d6e292 ] Request (TrunkTestJSON:_run_cleanups): 404 GET http://10.167.4.35:9696/v2.0/trunks/0caa5395-731a-4334-bba5-f91e511fcd63 0.015s
2019-04-21 07:17:38.207 13346 DEBUG tempest.lib.common.rest_client [req-5c677823-833e-4e70-b592-c72006d6e292 ] Request - Headers: {'Content-Type': 'application/json', 'Accept': 'application/json', 'X-Auth-Token': ''} Body: None Response - Headers: {'status': '404', u'content-length': '134', 'content-location': 'http://10.167.4.35:9696/v2.0/trunks/0caa5395-731a-4334-bba5-f91e511fcd63', u'date': 'Sun, 21 Apr 2019 07:17:38 GMT', u'content-type': 'application/json', u'connection': 'close', u'x-openstack-request-id': 'req-5c677823-833e-4e70-b592-c72006d6e292'} Body: {"NeutronError": {"message": "Trunk 0caa5395-731a-4334-bba5-f91e511fcd63 could not be found.", "type": "TrunkNotFound", "detail": ""}} _log_request_full /root/.rally/verification/verifier-5ea21f9e-ff46-44dd-8234-4d76e888c4d5/repo/tempest/lib/common/rest_client.py:437
2019-04-21 07:17:38.212 13350 INFO tempest.lib.common.rest_client [req-ba992817-e17e-45f8-a631-cff69d6267b2 ] Request (TrunkTestJSON:_run_cleanups): 404 DELETE http://10.167.4.35:9696/v2.0/trunks/e08c2d29-4328-4cdf-aabe-a87320786c09 0.018s
2019-04-21 07:17:38.212 13350 DEBUG tempest.lib.common.rest_client [req-ba992817-e17e-45f8-a631-cff69d6267b2 ] Request - Headers: {'Content-Type': 'application/json', 'Accept': 'application/json', 'X-Auth-Token': ''} Body: None Response - Headers: {'status': '404', u'content-length': '134', 'content-location': 'http://10.167.4.35:9696/v2.0/trunks/e08c2d29-4328-4cdf-aabe-a87320786c09', u'date': 'Sun, 21 Apr 2019 07:17:38 GMT', u'content-type': 'application/json', u'connection': 'close', u'x-openstack-request-id': 'req-ba992817-e17e-45f8-a631-cff69d6267b2'} Body: {"NeutronError": {"message": "Trunk e08c2d29-4328-4cdf-aabe-a87320786c09 could not be found.", "type": "TrunkNotFound", "detail": ""}} _log_request_full /root/.rally/verification/verifier-5ea21f9e-ff46-44dd-8234-4d76e888c4d5/repo/tempest/lib/common/rest_client.py:437
2019-04-21 07:17:38.222 13346 INFO tempest.lib.common.rest_client [req-9e1066fd-e097-4c62-904d-ae57da031497 ] Request (TrunkTestJSON:_run_cleanups): 404 GET http://10.167.4.35:9696/v2.0/trunks/4f930a4a-e521-4c51-8687-319b89434bfb 0.013s
2019-04-21 07:17:38.222 13346 DEBUG tempest.lib.common.rest_client [req-9e1066fd-e097-4c62-904d-ae57da031497 ] Request - Headers: {'Content-Type': 'application/json', 'Accept': 'application/json', 'X-Auth-Token': ''} Body: None Response - Headers: {'status': '404', u'content-length': '134', 'content-location': 'http://10.167.4.35:9696/v2.0/trunks/4f930a4a-e521-4c51-8687-319b89434bfb', u'date': 'Sun, 21 Apr 2019 07:17:38 GMT', u'content-type': 'application/json', u'connection': 'close', u'x-openstack-request-id': 'req-9e1066fd-e097-4c62-904d-ae57da031497'} Body: {"NeutronError": {"message": "Trunk 4f930a4a-e521-4c51-8687-319b89434bfb could not be found.", "type": "TrunkNotFound", "detail": ""}} _log_request_full /root/.rally/verification/verifier-5ea21f9e-ff46-44dd-8234-4d76e888c4d5/repo/tempest/lib/common/rest_client.py:437
2019-04-21 07:17:38.227 13350 INFO tempest.lib.common.rest_client [req-b2ff9293-5ccf-466d-97e8-80160efece27 ] Request (TrunkTestJSON:_run_cleanups): 404 GET http://10.167.4.35:9696/v2.0/trunks/00503a54-6200-497a-9f98-1b57ced79fce/get_subports 0.014s
2019-04-21 07:17:38.228 13350 DEBUG tempest.lib.common.rest_client [req-b2ff9293-5ccf-466d-97e8-80160efece27 ] Request - Headers: {'Content-Type': 'application/json', 'Accept': 'application/json', 'X-Auth-Token': ''} Body: None Response - Headers: {'status': '404', u'content-length': '134', 'content-location': 'http://10.167.4.35:9696/v2.0/trunks/00503a54-6200-497a-9f98-1b57ced79fce/get_subports', u'date': 'Sun, 21 Apr 2019 07:17:38 GMT', u'content-type': 'application/json', u'connection': 'close', u'x-openstack-request-id': 'req-b2ff9293-5ccf-466d-97e8-80160efece27'} Body: {"NeutronError": {"message": "Trunk 00503a54-6200-497a-9f98-1b57ced79fce could not be found.", "type": "TrunkNotFound", "detail": ""}} _log_request_full /root/.rally/verification/verifier-5ea21f9e-ff46-44dd-8234-4d76e888c4d5/repo/tempest/lib/common/rest_client.py:437
2019-04-21 07:17:38.238 13346 INFO tempest.lib.common.rest_client [req-cef73a7d-6524-4c62-b972-1447b198b4f9 ] Request (TrunkTestJSON:_run_cleanups): 404 GET http://10.167.4.35:9696/v2.0/trunks/3d399888-9b78-47a0-9bc0-e72a905b7ecb 0.014s
2019-04-21 07:17:38.238 13346 DEBUG tempest.lib.common.rest_client [req-cef73a7d-6524-4c62-b972-1447b198b4f9 ] Request - Headers: {'Content-Type': 'application/json', 'Accept': 'application/json', 'X-Auth-Token': ''} Body: None Response - Headers: {'status': '404', u'content-length': '134', 'content-location': 'http://10.167.4.35:9696/v2.0/trunks/3d399888-9b78-47a0-9bc0-e72a905b7ecb', u'date': 'Sun, 21 Apr 2019 07:17:38 GMT', u'content-type': 'application/json', u'connection': 'close', u'x-openstack-request-id': 'req-cef73a7d-6524-4c62-b972-1447b198b4f9'} Body: {"NeutronError": {"message": "Trunk 3d399888-9b78-47a0-9bc0-e72a905b7ecb could not be found.", "type": "TrunkNotFound", "detail": ""}} _log_request_full /root/.rally/verification/verifier-5ea21f9e-ff46-44dd-8234-4d76e888c4d5/repo/tempest/lib/common/rest_client.py:437
2019-04-21 07:17:38.244 13350 INFO tempest.lib.common.rest_client [req-9e00e6af-eadc-4ae5-b548-2df5467b48c2 ] Request (TrunkTestJSON:_run_cleanups): 404 DELETE http://10.167.4.35:9696/v2.0/trunks/00503a54-6200-497a-9f98-1b57ced79fce 0.015s
2019-04-21 07:17:38.244 13350 DEBUG tempest.lib.common.rest_client [req-9e00e6af-eadc-4ae5-b548-2df5467b48c2 ] Request - Headers: {'Content-Type': 'application/json', 'Accept': 'application/json', 'X-Auth-Token': ''} Body: None Response - Headers: {'status': '404', u'content-length': '134', 'content-location': 'http://10.167.4.35:9696/v2.0/trunks/00503a54-6200-497a-9f98-1b57ced79fce', u'date': 'Sun, 21 Apr 2019 07:17:38 GMT', u'content-type': 'application/json', u'connection': 'close', u'x-openstack-request-id': 'req-9e00e6af-eadc-4ae5-b548-2df5467b48c2'} Body: {"NeutronError": {"message": "Trunk 00503a54-6200-497a-9f98-1b57ced79fce could not be found.", "type": "TrunkNotFound", "detail": ""}} _log_request_full /root/.rally/verification/verifier-5ea21f9e-ff46-44dd-8234-4d76e888c4d5/repo/tempest/lib/common/rest_client.py:437
2019-04-21 07:17:38.255 13346 INFO tempest.lib.common.rest_client [req-726b12ab-4f1a-480d-85a7-94b40a37b2e0 ] Request (TrunkTestJSON:_run_cleanups): 404 GET http://10.167.4.35:9696/v2.0/trunks/689c1649-c252-4e6a-a439-5af9b0d0a5c3 0.016s
2019-04-21 07:17:38.255 13346 DEBUG tempest.lib.common.rest_client [req-726b12ab-4f1a-480d-85a7-94b40a37b2e0 ] Request - Headers: {'Content-Type': 'application/json', 'Accept': 'application/json', 'X-Auth-Token': ''} Body: None Response - Headers: {'status': '404', u'content-length': '134', 'content-location': 'http://10.167.4.35:9696/v2.0/trunks/689c1649-c252-4e6a-a439-5af9b0d0a5c3', u'date': 'Sun, 21 Apr 2019 07:17:38 GMT', u'content-type': 'application/json', u'connection': 'close', u'x-openstack-request-id': 'req-726b12ab-4f1a-480d-85a7-94b40a37b2e0'} Body: {"NeutronError": {"message": "Trunk 689c1649-c252-4e6a-a439-5af9b0d0a5c3 could not be found.", "type": "TrunkNotFound", "detail": ""}} _log_request_full /root/.rally/verification/verifier-5ea21f9e-ff46-44dd-8234-4d76e888c4d5/repo/tempest/lib/common/rest_client.py:437
2019-04-21 07:17:38.260 13350 INFO tempest.lib.common.rest_client [req-96621381-63d6-43c6-8e14-3fe20e302ab8 ] Request (TrunkTestJSON:_run_cleanups): 404 GET http://10.167.4.35:9696/v2.0/trunks/9c6db3ea-0f12-4607-8310-a459104e409d/get_subports 0.015s
2019-04-21 07:17:38.260 13350 DEBUG tempest.lib.common.rest_client [req-96621381-63d6-43c6-8e14-3fe20e302ab8 ] Request - Headers: {'Content-Type': 'application/json', 'Accept': 'application/json', 'X-Auth-Token': ''} Body: None Response - Headers: {'status': '404', u'content-length': '134', 'content-location': 'http://10.167.4.35:9696/v2.0/trunks/9c6db3ea-0f12-4607-8310-a459104e409d/get_subports', u'date': 'Sun, 21 Apr 2019 07:17:38 GMT', u'content-type': 'application/json', u'connection': 'close', u'x-openstack-request-id': 'req-96621381-63d6-43c6-8e14-3fe20e302ab8'} Body: {"NeutronError": {"message": "Trunk 9c6db3ea-0f12-4607-8310-a459104e409d could not be found.", "type": "TrunkNotFound", "detail": ""}} _log_request_full /root/.rally/verification/verifier-5ea21f9e-ff46-44dd-8234-4d76e888c4d5/repo/tempest/lib/common/rest_client.py:437
2019-04-21 07:17:38.268 13346 INFO tempest.lib.common.rest_client [req-a1cede4e-031f-42dc-9f6c-7d072a20fb9f ] Request (TrunkTestJSON:_run_cleanups): 404 GET http://10.167.4.35:9696/v2.0/trunks/caff958c-ac7c-4d7f-9fbc-8c718f488649 0.012s
2019-04-21 07:17:38.269 13346 DEBUG tempest.lib.common.rest_client [req-a1cede4e-031f-42dc-9f6c-7d072a20fb9f ] Request - Headers: {'Content-Type': 'application/json', 'Accept': 'application/json', 'X-Auth-Token': ''} Body: None Response - Headers: {'status': '404', u'content-length': '134', 'content-location': 'http://10.167.4.35:9696/v2.0/trunks/caff958c-ac7c-4d7f-9fbc-8c718f488649', u'date': 'Sun, 21 Apr 2019 07:17:38 GMT', u'content-type': 'application/json', u'connection': 'close', u'x-openstack-request-id': 'req-a1cede4e-031f-42dc-9f6c-7d072a20fb9f'} Body: {"NeutronError": {"message": "Trunk caff958c-ac7c-4d7f-9fbc-8c718f488649 could not be found.", "type": "TrunkNotFound", "detail": ""}} _log_request_full /root/.rally/verification/verifier-5ea21f9e-ff46-44dd-8234-4d76e888c4d5/repo/tempest/lib/common/rest_client.py:437
2019-04-21 07:17:38.277 13350 INFO tempest.lib.common.rest_client [req-4ce2a688-5713-4d0d-af74-fc058899496e ] Request (TrunkTestJSON:_run_cleanups): 404 DELETE http://10.167.4.35:9696/v2.0/trunks/9c6db3ea-0f12-4607-8310-a459104e409d 0.016s
2019-04-21 07:17:38.278 13350 DEBUG tempest.lib.common.rest_client [req-4ce2a688-5713-4d0d-af74-fc058899496e ] Request - Headers: {'Content-Type': 'application/json', 'Accept': 'application/json', 'X-Auth-Token': ''} Body: None Response - Headers: {'status': '404', u'content-length': '134', 'content-location': 'http://10.167.4.35:9696/v2.0/trunks/9c6db3ea-0f12-4607-8310-a459104e409d', u'date': 'Sun, 21 Apr 2019 07:17:38 GMT', u'content-type': 'application/json', u'connection': 'close', u'x-openstack-request-id': 'req-4ce2a688-5713-4d0d-af74-fc058899496e'} Body: {"NeutronError": {"message": "Trunk 9c6db3ea-0f12-4607-8310-a459104e409d could not be found.", "type": "TrunkNotFound", "detail": ""}} _log_request_full /root/.rally/verification/verifier-5ea21f9e-ff46-44dd-8234-4d76e888c4d5/repo/tempest/lib/common/rest_client.py:437
2019-04-21 07:17:38.283 13346 INFO tempest.lib.common.rest_client [req-bb70f0fe-365f-46ac-bceb-6b1699481891 ] Request (TrunkTestJSON:_run_cleanups): 404 GET http://10.167.4.35:9696/v2.0/trunks/5e375af4-8115-4edd-8450-4435d50293a6 0.014s
2019-04-21 07:17:38.284 13346 DEBUG tempest.lib.common.rest_client [req-bb70f0fe-365f-46ac-bceb-6b1699481891 ] Request - Headers: {'Content-Type': 'application/json', 'Accept': 'application/json', 'X-Auth-Token': ''} Body: None Response - Headers: {'status': '404', u'content-length': '134', 'content-location': 'http://10.167.4.35:9696/v2.0/trunks/5e375af4-8115-4edd-8450-4435d50293a6', u'date': 'Sun, 21 Apr 2019 07:17:38 GMT', u'content-type': 'application/json', u'connection': 'close', u'x-openstack-request-id': 'req-bb70f0fe-365f-46ac-bceb-6b1699481891'} Body: {"NeutronError": {"message": "Trunk 5e375af4-8115-4edd-8450-4435d50293a6 could not be found.", "type": "TrunkNotFound", "detail": ""}} _log_request_full /root/.rally/verification/verifier-5ea21f9e-ff46-44dd-8234-4d76e888c4d5/repo/tempest/lib/common/rest_client.py:437
2019-04-21 07:17:38.291 13350 INFO tempest.lib.common.rest_client [req-82601831-0b66-4311-9de1-9edd1f012027 ] Request (TrunkTestJSON:_run_cleanups): 404 GET http://10.167.4.35:9696/v2.0/trunks/114a47c0-1043-4b4a-930d-857a6043d226/get_subports 0.012s
2019-04-21 07:17:38.291 13350 DEBUG tempest.lib.common.rest_client [req-82601831-0b66-4311-9de1-9edd1f012027 ] Request - Headers: {'Content-Type': 'application/json', 'Accept': 'application/json', 'X-Auth-Token': ''} Body: None Response - Headers: {'status': '404', u'content-length': '134', 'content-location': 'http://10.167.4.35:9696/v2.0/trunks/114a47c0-1043-4b4a-930d-857a6043d226/get_subports', u'date': 'Sun, 21 Apr 2019 07:17:38 GMT', u'content-type': 'application/json', u'connection': 'close', u'x-openstack-request-id': 'req-82601831-0b66-4311-9de1-9edd1f012027'} Body: {"NeutronError": {"message": "Trunk 114a47c0-1043-4b4a-930d-857a6043d226 could not be found.", "type": "TrunkNotFound", "detail": ""}} _log_request_full /root/.rally/verification/verifier-5ea21f9e-ff46-44dd-8234-4d76e888c4d5/repo/tempest/lib/common/rest_client.py:437
2019-04-21 07:17:38.297 13346 INFO tempest.lib.common.rest_client [req-a99b26f8-973e-40be-84e7-9998bf0ce929 ] Request (TrunkTestJSON:_run_cleanups): 404 GET http://10.167.4.35:9696/v2.0/trunks/89d33d9b-82b9-4966-bc46-c5fc7fe290aa 0.013s
2019-04-21 07:17:38.298 13346 DEBUG tempest.lib.common.rest_client [req-a99b26f8-973e-40be-84e7-9998bf0ce929 ] Request - Headers: {'Content-Type': 'application/json', 'Accept': 'application/json', 'X-Auth-Token': ''} Body: None Response - Headers: {'status': '404', u'content-length': '134', 'content-location': 'http://10.167.4.35:9696/v2.0/trunks/89d33d9b-82b9-4966-bc46-c5fc7fe290aa', u'date': 'Sun, 21 Apr 2019 07:17:38 GMT', u'content-type': 'application/json', u'connection': 'close', u'x-openstack-request-id': 'req-a99b26f8-973e-40be-84e7-9998bf0ce929'} Body: {"NeutronError": {"message": "Trunk 89d33d9b-82b9-4966-bc46-c5fc7fe290aa could not be found.", "type": "TrunkNotFound", "detail": ""}} _log_request_full /root/.rally/verification/verifier-5ea21f9e-ff46-44dd-8234-4d76e888c4d5/repo/tempest/lib/common/rest_client.py:437
2019-04-21 07:17:38.307 13350 INFO tempest.lib.common.rest_client [req-e636bbd1-11ef-45f0-ac92-6274d3afe470 ] Request (TrunkTestJSON:_run_cleanups): 404 DELETE http://10.167.4.35:9696/v2.0/trunks/114a47c0-1043-4b4a-930d-857a6043d226 0.014s
2019-04-21 07:17:38.307 13350 DEBUG tempest.lib.common.rest_client [req-e636bbd1-11ef-45f0-ac92-6274d3afe470 ] Request - Headers: {'Content-Type': 'application/json', 'Accept': 'application/json', 'X-Auth-Token': ''} Body: None Response - Headers: {'status': '404', u'content-length': '134', 'content-location': 'http://10.167.4.35:9696/v2.0/trunks/114a47c0-1043-4b4a-930d-857a6043d226', u'date': 'Sun, 21 Apr 2019 07:17:38 GMT', u'content-type': 'application/json', u'connection': 'close', u'x-openstack-request-id': 'req-e636bbd1-11ef-45f0-ac92-6274d3afe470'} Body: {"NeutronError": {"message": "Trunk 114a47c0-1043-4b4a-930d-857a6043d226 could not be found.", "type": "TrunkNotFound", "detail": ""}} _log_request_full /root/.rally/verification/verifier-5ea21f9e-ff46-44dd-8234-4d76e888c4d5/repo/tempest/lib/common/rest_client.py:437
2019-04-21 07:17:38.310 13346 INFO tempest.lib.common.rest_client [req-0602672d-56bb-41ad-8124-57aeaf583a84 ] Request (TrunkTestJSON:_run_cleanups): 404 GET http://10.167.4.35:9696/v2.0/trunks/2d29aa4d-0822-42cd-8ed6-f194b2dadbc0 0.011s
2019-04-21 07:17:38.311 13346 DEBUG tempest.lib.common.rest_client [req-0602672d-56bb-41ad-8124-57aeaf583a84 ] Request - Headers: {'Content-Type': 'application/json', 'Accept': 'application/json', 'X-Auth-Token': ''} Body: None Response - Headers: {'status': '404', u'content-length': '134', 'content-location': 'http://10.167.4.35:9696/v2.0/trunks/2d29aa4d-0822-42cd-8ed6-f194b2dadbc0', u'date': 'Sun, 21 Apr 2019 07:17:38 GMT', u'content-type': 'application/json', u'connection': 'close', u'x-openstack-request-id': 'req-0602672d-56bb-41ad-8124-57aeaf583a84'} Body: {"NeutronError": {"message": "Trunk 2d29aa4d-0822-42cd-8ed6-f194b2dadbc0 could not be found.", "type": "TrunkNotFound", "detail": ""}} _log_request_full /root/.rally/verification/verifier-5ea21f9e-ff46-44dd-8234-4d76e888c4d5/repo/tempest/lib/common/rest_client.py:437
2019-04-21 07:17:38.336 13350 INFO tempest.lib.common.rest_client [req-178aef17-7936-4eb4-9ca1-868b517da6cf ] Request (TrunkTestJSON:_run_cleanups): 200 GET http://10.167.4.35:9696/v2.0/trunks/2a44fd34-4a71-41e5-843f-6fd791c45e90/get_subports 0.028s
2019-04-21 07:17:38.337 13350 DEBUG tempest.lib.common.rest_client [req-178aef17-7936-4eb4-9ca1-868b517da6cf ] Request - Headers: {'Content-Type': 'application/json', 'Accept': 'application/json', 'X-Auth-Token': ''} Body: None Response - Headers: {'status': '200', u'content-length': '17', 'content-location': 'http://10.167.4.35:9696/v2.0/trunks/2a44fd34-4a71-41e5-843f-6fd791c45e90/get_subports', u'date': 'Sun, 21 Apr 2019 07:17:38 GMT', u'content-type': 'application/json', u'connection': 'close', u'x-openstack-request-id': 'req-178aef17-7936-4eb4-9ca1-868b517da6cf'} Body: {"sub_ports": []} _log_request_full /root/.rally/verification/verifier-5ea21f9e-ff46-44dd-8234-4d76e888c4d5/repo/tempest/lib/common/rest_client.py:437
2019-04-21 07:17:38.339 13346 INFO tempest.lib.common.rest_client [req-d397073a-7acf-4b8a-87a3-207d038d86fd ] Request (TrunkTestJSON:_run_cleanups): 404 DELETE http://10.167.4.35:9696/v2.0/ports/b9e73f7c-0327-4348-bda0-bb29e0e2b309 0.027s
2019-04-21 07:17:38.339 13346 DEBUG tempest.lib.common.rest_client [req-d397073a-7acf-4b8a-87a3-207d038d86fd ] Request - Headers: {'Content-Type': 'application/json', 'Accept': 'application/json', 'X-Auth-Token': ''} Body: None Response - Headers: {'status': '404', u'content-length': '132', 'content-location': 'http://10.167.4.35:9696/v2.0/ports/b9e73f7c-0327-4348-bda0-bb29e0e2b309', u'date': 'Sun, 21 Apr 2019 07:17:38 GMT', u'content-type': 'application/json', u'connection': 'close', u'x-openstack-request-id': 'req-d397073a-7acf-4b8a-87a3-207d038d86fd'} Body: {"NeutronError": {"message": "Port b9e73f7c-0327-4348-bda0-bb29e0e2b309 could not be found.", "type": "PortNotFound", "detail": ""}} _log_request_full /root/.rally/verification/verifier-5ea21f9e-ff46-44dd-8234-4d76e888c4d5/repo/tempest/lib/common/rest_client.py:437
2019-04-21 07:17:38.373 13346 INFO tempest.lib.common.rest_client [req-00b30a29-eebc-44c3-8e30-bf8e12984de8 ] Request (TrunkTestJSON:_run_cleanups): 404 DELETE http://10.167.4.35:9696/v2.0/ports/1172fd7c-09f3-42b0-8078-790bcdca968d 0.033s
2019-04-21 07:17:38.374 13346 DEBUG tempest.lib.common.rest_client [req-00b30a29-eebc-44c3-8e30-bf8e12984de8 ] Request - Headers: {'Content-Type': 'application/json', 'Accept': 'application/json', 'X-Auth-Token': ''} Body: None Response - Headers: {'status': '404', u'content-length': '132', 'content-location': 'http://10.167.4.35:9696/v2.0/ports/1172fd7c-09f3-42b0-8078-790bcdca968d', u'date': 'Sun, 21 Apr 2019 07:17:38 GMT', u'content-type': 'application/json', u'connection': 'close', u'x-openstack-request-id': 'req-00b30a29-eebc-44c3-8e30-bf8e12984de8'} Body: {"NeutronError": {"message": "Port 1172fd7c-09f3-42b0-8078-790bcdca968d could not be found.", "type": "PortNotFound", "detail": ""}} _log_request_full /root/.rally/verification/verifier-5ea21f9e-ff46-44dd-8234-4d76e888c4d5/repo/tempest/lib/common/rest_client.py:437
2019-04-21 07:17:38.382 13350 INFO tempest.lib.common.rest_client [req-4551ebfa-17f1-4736-987f-5109bd3d9a4b ] Request (TrunkTestJSON:_run_cleanups): 200 PUT http://10.167.4.35:9696/v2.0/trunks/2a44fd34-4a71-41e5-843f-6fd791c45e90/remove_subports 0.045s
2019-04-21 07:17:38.383 13350 DEBUG tempest.lib.common.rest_client [req-4551ebfa-17f1-4736-987f-5109bd3d9a4b ] Request - Headers: {'Content-Type': 'application/json', 'Accept': 'application/json', 'X-Auth-Token': ''} Body: {"sub_ports": []} Response - Headers: {'status': '200', u'content-length': '396', 'content-location': 'http://10.167.4.35:9696/v2.0/trunks/2a44fd34-4a71-41e5-843f-6fd791c45e90/remove_subports', u'date': 'Sun, 21 Apr 2019 07:17:38 GMT', u'content-type': 'application/json', u'connection': 'close', u'x-openstack-request-id': 'req-4551ebfa-17f1-4736-987f-5109bd3d9a4b'} Body: {"status": "DOWN", "sub_ports": [], "name": "", "admin_state_up": true, "tenant_id": "59a12e4049f142269dd2e8d0e33f02c2", "created_at": "2019-04-21T07:17:36Z", "tags": [], "updated_at": "2019-04-21T07:17:38Z", "revision_number": 2, "project_id": "59a12e4049f142269dd2e8d0e33f02c2", "port_id": "19c1be79-7e13-4b82-854a-c9ed1feb5af3", "id": "2a44fd34-4a71-41e5-843f-6fd791c45e90", "description": ""} _log_request_full /root/.rally/verification/verifier-5ea21f9e-ff46-44dd-8234-4d76e888c4d5/repo/tempest/lib/common/rest_client.py:437
2019-04-21 07:17:38.406 13346 INFO tempest.lib.common.rest_client [req-4681743e-7dc7-4864-a1fa-b72d2b35448e ] Request (TrunkTestJSON:_run_cleanups): 404 DELETE http://10.167.4.35:9696/v2.0/ports/5c2d736c-e3a9-4bdf-933a-3ec6d3539742 0.031s
2019-04-21 07:17:38.406 13346 DEBUG tempest.lib.common.rest_client [req-4681743e-7dc7-4864-a1fa-b72d2b35448e ] Request - Headers: {'Content-Type': 'application/json', 'Accept': 'application/json', 'X-Auth-Token': ''} Body: None Response - Headers: {'status': '404', u'content-length': '132', 'content-location': 'http://10.167.4.35:9696/v2.0/ports/5c2d736c-e3a9-4bdf-933a-3ec6d3539742', u'date': 'Sun, 21 Apr 2019 07:17:38 GMT', u'content-type': 'application/json', u'connection': 'close', u'x-openstack-request-id': 'req-4681743e-7dc7-4864-a1fa-b72d2b35448e'} Body: {"NeutronError": {"message": "Port 5c2d736c-e3a9-4bdf-933a-3ec6d3539742 could not be found.", "type": "PortNotFound", "detail": ""}} _log_request_full /root/.rally/verification/verifier-5ea21f9e-ff46-44dd-8234-4d76e888c4d5/repo/tempest/lib/common/rest_client.py:437
2019-04-21 07:17:38.437 13346 INFO tempest.lib.common.rest_client [req-573c8586-041c-4460-a5ad-2f2421f1508d ] Request (TrunkTestJSON:_run_cleanups): 404 DELETE http://10.167.4.35:9696/v2.0/ports/266d0187-1f1e-4250-b0fb-e7c11b79a4bf 0.030s
2019-04-21 07:17:38.438 13346 DEBUG tempest.lib.common.rest_client [req-573c8586-041c-4460-a5ad-2f2421f1508d ] Request - Headers: {'Content-Type': 'application/json', 'Accept': 'application/json', 'X-Auth-Token': ''} Body: None Response - Headers: {'status': '404', u'content-length': '132', 'content-location': 'http://10.167.4.35:9696/v2.0/ports/266d0187-1f1e-4250-b0fb-e7c11b79a4bf', u'date': 'Sun, 21 Apr 2019 07:17:38 GMT', u'content-type': 'application/json', u'connection': 'close', u'x-openstack-request-id': 'req-573c8586-041c-4460-a5ad-2f2421f1508d'} Body: {"NeutronError": {"message": "Port 266d0187-1f1e-4250-b0fb-e7c11b79a4bf could not be found.", "type": "PortNotFound", "detail": ""}} _log_request_full /root/.rally/verification/verifier-5ea21f9e-ff46-44dd-8234-4d76e888c4d5/repo/tempest/lib/common/rest_client.py:437
2019-04-21 07:17:38.465 13346 INFO tempest.lib.common.rest_client [req-924cf1f0-eefe-47c2-b6a1-1df9b5114233 ] Request (TrunkTestJSON:_run_cleanups): 404 DELETE http://10.167.4.35:9696/v2.0/ports/9f1e1689-e9ac-4c3d-aecc-a106c286f136 0.026s
2019-04-21 07:17:38.466 13346 DEBUG tempest.lib.common.rest_client [req-924cf1f0-eefe-47c2-b6a1-1df9b5114233 ] Request - Headers: {'Content-Type': 'application/json', 'Accept': 'application/json', 'X-Auth-Token': ''} Body: None Response - Headers: {'status': '404', u'content-length': '132', 'content-location': 'http://10.167.4.35:9696/v2.0/ports/9f1e1689-e9ac-4c3d-aecc-a106c286f136', u'date': 'Sun, 21 Apr 2019 07:17:38 GMT', u'content-type': 'application/json', u'connection': 'close', u'x-openstack-request-id': 'req-924cf1f0-eefe-47c2-b6a1-1df9b5114233'} Body: {"NeutronError": {"message": "Port 9f1e1689-e9ac-4c3d-aecc-a106c286f136 could not be found.", "type": "PortNotFound", "detail": ""}} _log_request_full /root/.rally/verification/verifier-5ea21f9e-ff46-44dd-8234-4d76e888c4d5/repo/tempest/lib/common/rest_client.py:437
2019-04-21 07:17:38.488 13350 INFO tempest.lib.common.rest_client [req-84904152-75aa-4266-9aa6-78ea9127fb85 ] Request (TrunkTestJSON:_run_cleanups): 204 DELETE http://10.167.4.35:9696/v2.0/trunks/2a44fd34-4a71-41e5-843f-6fd791c45e90 0.104s
2019-04-21 07:17:38.489 13350 DEBUG tempest.lib.common.rest_client [req-84904152-75aa-4266-9aa6-78ea9127fb85 ] Request - Headers: {'Content-Type': 'application/json', 'Accept': 'application/json', 'X-Auth-Token': ''} Body: None Response - Headers: {'status': '204', u'content-length': '0', 'content-location': 'http://10.167.4.35:9696/v2.0/trunks/2a44fd34-4a71-41e5-843f-6fd791c45e90', u'date': 'Sun, 21 Apr 2019 07:17:38 GMT', u'connection': 'close', u'x-openstack-request-id': 'req-84904152-75aa-4266-9aa6-78ea9127fb85'} Body: _log_request_full /root/.rally/verification/verifier-5ea21f9e-ff46-44dd-8234-4d76e888c4d5/repo/tempest/lib/common/rest_client.py:437
2019-04-21 07:17:38.495 13346 INFO tempest.lib.common.rest_client [req-e4dc2435-7386-48ad-b1d7-ffd7bdef6d37 ] Request (TrunkTestJSON:_run_cleanups): 404 DELETE http://10.167.4.35:9696/v2.0/ports/ea0eda4c-e316-4dce-8442-6fdb781a5a5e 0.028s
2019-04-21 07:17:38.495 13346 DEBUG tempest.lib.common.rest_client [req-e4dc2435-7386-48ad-b1d7-ffd7bdef6d37 ] Request - Headers: {'Content-Type': 'application/json', 'Accept': 'application/json', 'X-Auth-Token': ''} Body: None Response - Headers: {'status': '404', u'content-length': '132', 'content-location': 'http://10.167.4.35:9696/v2.0/ports/ea0eda4c-e316-4dce-8442-6fdb781a5a5e', u'date': 'Sun, 21 Apr 2019 07:17:38 GMT', u'content-type': 'application/json', u'connection': 'close', u'x-openstack-request-id': 'req-e4dc2435-7386-48ad-b1d7-ffd7bdef6d37'} Body: {"NeutronError": {"message": "Port ea0eda4c-e316-4dce-8442-6fdb781a5a5e could not be found.", "type": "PortNotFound", "detail": ""}} _log_request_full /root/.rally/verification/verifier-5ea21f9e-ff46-44dd-8234-4d76e888c4d5/repo/tempest/lib/common/rest_client.py:437
2019-04-21 07:17:38.504 13350 INFO tempest.lib.common.rest_client [req-eb1be565-b388-4bae-a301-c6224db7418b ] Request (TrunkTestJSON:_run_cleanups): 404 GET http://10.167.4.35:9696/v2.0/trunks/b781bc21-06fe-4e8f-884f-b10a6a50f1fa 0.014s
2019-04-21 07:17:38.504 13350 DEBUG tempest.lib.common.rest_client [req-eb1be565-b388-4bae-a301-c6224db7418b ] Request - Headers: {'Content-Type': 'application/json', 'Accept': 'application/json', 'X-Auth-Token': ''} Body: None Response - Headers: {'status': '404', u'content-length': '134', 'content-location': 'http://10.167.4.35:9696/v2.0/trunks/b781bc21-06fe-4e8f-884f-b10a6a50f1fa', u'date': 'Sun, 21 Apr 2019 07:17:38 GMT', u'content-type': 'application/json', u'connection': 'close', u'x-openstack-request-id': 'req-eb1be565-b388-4bae-a301-c6224db7418b'} Body: {"NeutronError": {"message": "Trunk b781bc21-06fe-4e8f-884f-b10a6a50f1fa could not be found.", "type": "TrunkNotFound", "detail": ""}} _log_request_full /root/.rally/verification/verifier-5ea21f9e-ff46-44dd-8234-4d76e888c4d5/repo/tempest/lib/common/rest_client.py:437
2019-04-21 07:17:38.519 13350 INFO tempest.lib.common.rest_client [req-bc7dd4d0-9d6c-408f-b7ee-9b5257cb9b41 ] Request (TrunkTestJSON:_run_cleanups): 404 GET http://10.167.4.35:9696/v2.0/trunks/134880d4-7619-4a76-8254-32b463d1c58c 0.013s
2019-04-21 07:17:38.519 13350 DEBUG tempest.lib.common.rest_client [req-bc7dd4d0-9d6c-408f-b7ee-9b5257cb9b41 ] Request - Headers: {'Content-Type': 'application/json', 'Accept': 'application/json', 'X-Auth-Token': ''} Body: None Response - Headers: {'status': '404', u'content-length': '134', 'content-location': 'http://10.167.4.35:9696/v2.0/trunks/134880d4-7619-4a76-8254-32b463d1c58c', u'date': 'Sun, 21 Apr 2019 07:17:38 GMT', u'content-type': 'application/json', u'connection': 'close', u'x-openstack-request-id': 'req-bc7dd4d0-9d6c-408f-b7ee-9b5257cb9b41'} Body: {"NeutronError": {"message": "Trunk 134880d4-7619-4a76-8254-32b463d1c58c could not be found.", "type": "TrunkNotFound", "detail": ""}} _log_request_full /root/.rally/verification/verifier-5ea21f9e-ff46-44dd-8234-4d76e888c4d5/repo/tempest/lib/common/rest_client.py:437
2019-04-21 07:17:38.524 13346 INFO tempest.lib.common.rest_client [req-a05f8105-c0fe-4f4b-afc6-527b5918046f ] Request (TrunkTestJSON:_run_cleanups): 404 DELETE http://10.167.4.35:9696/v2.0/ports/c37ab602-6cb0-43b5-962a-28b38db0faa2 0.028s
2019-04-21 07:17:38.525 13346 DEBUG tempest.lib.common.rest_client [req-a05f8105-c0fe-4f4b-afc6-527b5918046f ] Request - Headers: {'Content-Type': 'application/json', 'Accept': 'application/json', 'X-Auth-Token': ''} Body: None Response - Headers: {'status': '404', u'content-length': '132', 'content-location': 'http://10.167.4.35:9696/v2.0/ports/c37ab602-6cb0-43b5-962a-28b38db0faa2', u'date': 'Sun, 21 Apr 2019 07:17:38 GMT', u'content-type': 'application/json', u'connection': 'close', u'x-openstack-request-id': 'req-a05f8105-c0fe-4f4b-afc6-527b5918046f'} Body: {"NeutronError": {"message": "Port c37ab602-6cb0-43b5-962a-28b38db0faa2 could not be found.", "type": "PortNotFound", "detail": ""}} _log_request_full /root/.rally/verification/verifier-5ea21f9e-ff46-44dd-8234-4d76e888c4d5/repo/tempest/lib/common/rest_client.py:437
2019-04-21 07:17:38.532 13350 INFO tempest.lib.common.rest_client [req-cccf0a86-734c-41cd-b767-fa3e540d9c00 ] Request (TrunkTestJSON:_run_cleanups): 404 GET http://10.167.4.35:9696/v2.0/trunks/e08c2d29-4328-4cdf-aabe-a87320786c09 0.012s
2019-04-21 07:17:38.532 13350 DEBUG tempest.lib.common.rest_client [req-cccf0a86-734c-41cd-b767-fa3e540d9c00 ] Request - Headers: {'Content-Type': 'application/json', 'Accept': 'application/json', 'X-Auth-Token': ''} Body: None Response - Headers: {'status': '404', u'content-length': '134', 'content-location': 'http://10.167.4.35:9696/v2.0/trunks/e08c2d29-4328-4cdf-aabe-a87320786c09', u'date': 'Sun, 21 Apr 2019 07:17:38 GMT', u'content-type': 'application/json', u'connection': 'close', u'x-openstack-request-id': 'req-cccf0a86-734c-41cd-b767-fa3e540d9c00'} Body: {"NeutronError": {"message": "Trunk e08c2d29-4328-4cdf-aabe-a87320786c09 could not be found.", "type": "TrunkNotFound", "detail": ""}} _log_request_full /root/.rally/verification/verifier-5ea21f9e-ff46-44dd-8234-4d76e888c4d5/repo/tempest/lib/common/rest_client.py:437
2019-04-21 07:17:38.547 13350 INFO tempest.lib.common.rest_client [req-40355d54-6e0b-4d55-8fca-336efb692866 ] Request (TrunkTestJSON:_run_cleanups): 404 GET http://10.167.4.35:9696/v2.0/trunks/00503a54-6200-497a-9f98-1b57ced79fce 0.013s
2019-04-21 07:17:38.547 13350 DEBUG tempest.lib.common.rest_client [req-40355d54-6e0b-4d55-8fca-336efb692866 ] Request - Headers: {'Content-Type': 'application/json', 'Accept': 'application/json', 'X-Auth-Token': ''} Body: None Response - Headers: {'status': '404', u'content-length': '134', 'content-location': 'http://10.167.4.35:9696/v2.0/trunks/00503a54-6200-497a-9f98-1b57ced79fce', u'date': 'Sun, 21 Apr 2019 07:17:38 GMT', u'content-type': 'application/json', u'connection': 'close', u'x-openstack-request-id': 'req-40355d54-6e0b-4d55-8fca-336efb692866'} Body: {"NeutronError": {"message": "Trunk 00503a54-6200-497a-9f98-1b57ced79fce could not be found.", "type": "TrunkNotFound", "detail": ""}} _log_request_full /root/.rally/verification/verifier-5ea21f9e-ff46-44dd-8234-4d76e888c4d5/repo/tempest/lib/common/rest_client.py:437
2019-04-21 07:17:38.553 13346 INFO tempest.lib.common.rest_client [req-58c7fc8c-8df3-4a7a-b4ab-6d297537d66c ] Request (TrunkTestJSON:_run_cleanups): 404 DELETE http://10.167.4.35:9696/v2.0/ports/1367fa67-56be-41e5-89cf-d91d6188d32a 0.027s
2019-04-21 07:17:38.554 13346 DEBUG tempest.lib.common.rest_client [req-58c7fc8c-8df3-4a7a-b4ab-6d297537d66c ] Request - Headers: {'Content-Type': 'application/json', 'Accept': 'application/json', 'X-Auth-Token': ''} Body: None Response - Headers: {'status': '404', u'content-length': '132', 'content-location': 'http://10.167.4.35:9696/v2.0/ports/1367fa67-56be-41e5-89cf-d91d6188d32a', u'date': 'Sun, 21 Apr 2019 07:17:38 GMT', u'content-type': 'application/json', u'connection': 'close', u'x-openstack-request-id': 'req-58c7fc8c-8df3-4a7a-b4ab-6d297537d66c'} Body: {"NeutronError": {"message": "Port 1367fa67-56be-41e5-89cf-d91d6188d32a could not be found.", "type": "PortNotFound", "detail": ""}} _log_request_full /root/.rally/verification/verifier-5ea21f9e-ff46-44dd-8234-4d76e888c4d5/repo/tempest/lib/common/rest_client.py:437
2019-04-21 07:17:38.560 13350 INFO tempest.lib.common.rest_client [req-05f93d69-3c92-4b71-a82f-3a287258901b ] Request (TrunkTestJSON:_run_cleanups): 404 GET http://10.167.4.35:9696/v2.0/trunks/9c6db3ea-0f12-4607-8310-a459104e409d 0.012s
2019-04-21 07:17:38.561 13350 DEBUG tempest.lib.common.rest_client [req-05f93d69-3c92-4b71-a82f-3a287258901b ] Request - Headers: {'Content-Type': 'application/json', 'Accept': 'application/json', 'X-Auth-Token': ''} Body: None Response - Headers: {'status': '404', u'content-length': '134', 'content-location': 'http://10.167.4.35:9696/v2.0/trunks/9c6db3ea-0f12-4607-8310-a459104e409d', u'date': 'Sun, 21 Apr 2019 07:17:38 GMT', u'content-type': 'application/json', u'connection': 'close', u'x-openstack-request-id': 'req-05f93d69-3c92-4b71-a82f-3a287258901b'} Body: {"NeutronError": {"message": "Trunk 9c6db3ea-0f12-4607-8310-a459104e409d could not be found.", "type": "TrunkNotFound", "detail": ""}} _log_request_full /root/.rally/verification/verifier-5ea21f9e-ff46-44dd-8234-4d76e888c4d5/repo/tempest/lib/common/rest_client.py:437
2019-04-21 07:17:38.574 13350 INFO tempest.lib.common.rest_client [req-18ff31ba-a24a-4794-b66f-63fe71a1df96 ] Request (TrunkTestJSON:_run_cleanups): 404 GET http://10.167.4.35:9696/v2.0/trunks/114a47c0-1043-4b4a-930d-857a6043d226 0.012s
2019-04-21 07:17:38.574 13350 DEBUG tempest.lib.common.rest_client [req-18ff31ba-a24a-4794-b66f-63fe71a1df96 ] Request - Headers: {'Content-Type': 'application/json', 'Accept': 'application/json', 'X-Auth-Token': ''} Body: None Response - Headers: {'status': '404', u'content-length': '134', 'content-location': 'http://10.167.4.35:9696/v2.0/trunks/114a47c0-1043-4b4a-930d-857a6043d226', u'date': 'Sun, 21 Apr 2019 07:17:38 GMT', u'content-type': 'application/json', u'connection': 'close', u'x-openstack-request-id': 'req-18ff31ba-a24a-4794-b66f-63fe71a1df96'} Body: {"NeutronError": {"message": "Trunk 114a47c0-1043-4b4a-930d-857a6043d226 could not be found.", "type": "TrunkNotFound", "detail": ""}} _log_request_full /root/.rally/verification/verifier-5ea21f9e-ff46-44dd-8234-4d76e888c4d5/repo/tempest/lib/common/rest_client.py:437
2019-04-21 07:17:38.583 13346 INFO tempest.lib.common.rest_client [req-b7a56d4a-2670-4c41-908d-0f3694fba6f9 ] Request (TrunkTestJSON:_run_cleanups): 404 DELETE http://10.167.4.35:9696/v2.0/ports/089bd5bd-44d3-4c6d-8ecc-e0e66a2166fb 0.028s
2019-04-21 07:17:38.583 13346 DEBUG tempest.lib.common.rest_client [req-b7a56d4a-2670-4c41-908d-0f3694fba6f9 ] Request - Headers: {'Content-Type': 'application/json', 'Accept': 'application/json', 'X-Auth-Token': ''} Body: None Response - Headers: {'status': '404', u'content-length': '132', 'content-location': 'http://10.167.4.35:9696/v2.0/ports/089bd5bd-44d3-4c6d-8ecc-e0e66a2166fb', u'date': 'Sun, 21 Apr 2019 07:17:38 GMT', u'content-type': 'application/json', u'connection': 'close', u'x-openstack-request-id': 'req-b7a56d4a-2670-4c41-908d-0f3694fba6f9'} Body: {"NeutronError": {"message": "Port 089bd5bd-44d3-4c6d-8ecc-e0e66a2166fb could not be found.", "type": "PortNotFound", "detail": ""}} _log_request_full /root/.rally/verification/verifier-5ea21f9e-ff46-44dd-8234-4d76e888c4d5/repo/tempest/lib/common/rest_client.py:437
2019-04-21 07:17:38.588 13350 INFO tempest.lib.common.rest_client [req-7305d3b9-d297-4358-80a8-d5a189a60198 ] Request (TrunkTestJSON:_run_cleanups): 404 GET http://10.167.4.35:9696/v2.0/trunks/2a44fd34-4a71-41e5-843f-6fd791c45e90 0.013s
