2019-04-21 07:17:51.272 13346 INFO tempest.lib.common.rest_client [req-b2ef44c3-d81d-4c27-bfe1-6ea3fa606755 ] Request (TrunkTestJSON:_run_cleanups): 404 GET http://10.167.4.35:9696/v2.0/trunks/689c1649-c252-4e6a-a439-5af9b0d0a5c3 0.012s
2019-04-21 07:17:51.272 13346 DEBUG tempest.lib.common.rest_client [req-b2ef44c3-d81d-4c27-bfe1-6ea3fa606755 ] Request - Headers: {'Content-Type': 'application/json', 'Accept': 'application/json', 'X-Auth-Token': ''} Body: None Response - Headers: {'status': '404', u'content-length': '134', 'content-location': 'http://10.167.4.35:9696/v2.0/trunks/689c1649-c252-4e6a-a439-5af9b0d0a5c3', u'date': 'Sun, 21 Apr 2019 07:17:51 GMT', u'content-type': 'application/json', u'connection': 'close', u'x-openstack-request-id': 'req-b2ef44c3-d81d-4c27-bfe1-6ea3fa606755'} Body: {"NeutronError": {"message": "Trunk 689c1649-c252-4e6a-a439-5af9b0d0a5c3 could not be found.", "type": "TrunkNotFound", "detail": ""}} _log_request_full /root/.rally/verification/verifier-5ea21f9e-ff46-44dd-8234-4d76e888c4d5/repo/tempest/lib/common/rest_client.py:437
2019-04-21 07:17:51.278 13350 INFO tempest.lib.common.rest_client [req-946cba62-d27f-41b4-b1a3-51c50a69063a ] Request (TrunkTestJSON:_run_cleanups): 404 DELETE http://10.167.4.35:9696/v2.0/trunks/00503a54-6200-497a-9f98-1b57ced79fce 0.012s
2019-04-21 07:17:51.278 13350 DEBUG tempest.lib.common.rest_client [req-946cba62-d27f-41b4-b1a3-51c50a69063a ] Request - Headers: {'Content-Type': 'application/json', 'Accept': 'application/json', 'X-Auth-Token': ''} Body: None Response - Headers: {'status': '404', u'content-length': '134', 'content-location': 'http://10.167.4.35:9696/v2.0/trunks/00503a54-6200-497a-9f98-1b57ced79fce', u'date': 'Sun, 21 Apr 2019 07:17:51 GMT', u'content-type': 'application/json', u'connection': 'close', u'x-openstack-request-id': 'req-946cba62-d27f-41b4-b1a3-51c50a69063a'} Body: {"NeutronError": {"message": "Trunk 00503a54-6200-497a-9f98-1b57ced79fce could not be found.", "type": "TrunkNotFound", "detail": ""}} _log_request_full /root/.rally/verification/verifier-5ea21f9e-ff46-44dd-8234-4d76e888c4d5/repo/tempest/lib/common/rest_client.py:437
2019-04-21 07:17:51.287 13346 INFO tempest.lib.common.rest_client [req-5dac35dd-2909-49ad-a889-9066ec27b631 ] Request (TrunkTestJSON:_run_cleanups): 404 GET http://10.167.4.35:9696/v2.0/trunks/caff958c-ac7c-4d7f-9fbc-8c718f488649 0.014s
2019-04-21 07:17:51.288 13346 DEBUG tempest.lib.common.rest_client [req-5dac35dd-2909-49ad-a889-9066ec27b631 ] Request - Headers: {'Content-Type': 'application/json', 'Accept': 'application/json', 'X-Auth-Token': ''} Body: None Response - Headers: {'status': '404', u'content-length': '134', 'content-location': 'http://10.167.4.35:9696/v2.0/trunks/caff958c-ac7c-4d7f-9fbc-8c718f488649', u'date': 'Sun, 21 Apr 2019 07:17:51 GMT', u'content-type': 'application/json', u'connection': 'close', u'x-openstack-request-id': 'req-5dac35dd-2909-49ad-a889-9066ec27b631'} Body: {"NeutronError": {"message": "Trunk caff958c-ac7c-4d7f-9fbc-8c718f488649 could not be found.", "type": "TrunkNotFound", "detail": ""}} _log_request_full /root/.rally/verification/verifier-5ea21f9e-ff46-44dd-8234-4d76e888c4d5/repo/tempest/lib/common/rest_client.py:437
2019-04-21 07:17:51.294 13350 INFO tempest.lib.common.rest_client [req-49be7401-6cd4-41f6-8da3-850ab7e2b4f2 ] Request (TrunkTestJSON:_run_cleanups): 404 GET http://10.167.4.35:9696/v2.0/trunks/9c6db3ea-0f12-4607-8310-a459104e409d/get_subports 0.015s
2019-04-21 07:17:51.294 13350 DEBUG tempest.lib.common.rest_client [req-49be7401-6cd4-41f6-8da3-850ab7e2b4f2 ] Request - Headers: {'Content-Type': 'application/json', 'Accept': 'application/json', 'X-Auth-Token': ''} Body: None Response - Headers: {'status': '404', u'content-length': '134', 'content-location': 'http://10.167.4.35:9696/v2.0/trunks/9c6db3ea-0f12-4607-8310-a459104e409d/get_subports', u'date': 'Sun, 21 Apr 2019 07:17:51 GMT', u'content-type': 'application/json', u'connection': 'close', u'x-openstack-request-id': 'req-49be7401-6cd4-41f6-8da3-850ab7e2b4f2'} Body: {"NeutronError": {"message": "Trunk 9c6db3ea-0f12-4607-8310-a459104e409d could not be found.", "type": "TrunkNotFound", "detail": ""}} _log_request_full /root/.rally/verification/verifier-5ea21f9e-ff46-44dd-8234-4d76e888c4d5/repo/tempest/lib/common/rest_client.py:437
2019-04-21 07:17:51.300 13346 INFO tempest.lib.common.rest_client [req-ce742912-ea6f-49ee-9095-1c9ef3694990 ] Request (TrunkTestJSON:_run_cleanups): 404 GET http://10.167.4.35:9696/v2.0/trunks/5e375af4-8115-4edd-8450-4435d50293a6 0.011s
2019-04-21 07:17:51.300 13346 DEBUG tempest.lib.common.rest_client [req-ce742912-ea6f-49ee-9095-1c9ef3694990 ] Request - Headers: {'Content-Type': 'application/json', 'Accept': 'application/json', 'X-Auth-Token': ''} Body: None Response - Headers: {'status': '404', u'content-length': '134', 'content-location': 'http://10.167.4.35:9696/v2.0/trunks/5e375af4-8115-4edd-8450-4435d50293a6', u'date': 'Sun, 21 Apr 2019 07:17:51 GMT', u'content-type': 'application/json', u'connection': 'close', u'x-openstack-request-id': 'req-ce742912-ea6f-49ee-9095-1c9ef3694990'} Body: {"NeutronError": {"message": "Trunk 5e375af4-8115-4edd-8450-4435d50293a6 could not be found.", "type": "TrunkNotFound", "detail": ""}} _log_request_full /root/.rally/verification/verifier-5ea21f9e-ff46-44dd-8234-4d76e888c4d5/repo/tempest/lib/common/rest_client.py:437
2019-04-21 07:17:51.310 13350 INFO tempest.lib.common.rest_client [req-27b8f112-9725-4bb2-aa0d-dd12ca9d70de ] Request (TrunkTestJSON:_run_cleanups): 404 DELETE http://10.167.4.35:9696/v2.0/trunks/9c6db3ea-0f12-4607-8310-a459104e409d 0.015s
2019-04-21 07:17:51.311 13350 DEBUG tempest.lib.common.rest_client [req-27b8f112-9725-4bb2-aa0d-dd12ca9d70de ] Request - Headers: {'Content-Type': 'application/json', 'Accept': 'application/json', 'X-Auth-Token': ''} Body: None Response - Headers: {'status': '404', u'content-length': '134', 'content-location': 'http://10.167.4.35:9696/v2.0/trunks/9c6db3ea-0f12-4607-8310-a459104e409d', u'date': 'Sun, 21 Apr 2019 07:17:51 GMT', u'content-type': 'application/json', u'connection': 'close', u'x-openstack-request-id': 'req-27b8f112-9725-4bb2-aa0d-dd12ca9d70de'} Body: {"NeutronError": {"message": "Trunk 9c6db3ea-0f12-4607-8310-a459104e409d could not be found.", "type": "TrunkNotFound", "detail": ""}} _log_request_full /root/.rally/verification/verifier-5ea21f9e-ff46-44dd-8234-4d76e888c4d5/repo/tempest/lib/common/rest_client.py:437
2019-04-21 07:17:51.314 13346 INFO tempest.lib.common.rest_client [req-27a5d407-1d9b-481d-81e3-f0afdc0a2505 ] Request (TrunkTestJSON:_run_cleanups): 404 GET http://10.167.4.35:9696/v2.0/trunks/89d33d9b-82b9-4966-bc46-c5fc7fe290aa 0.013s
2019-04-21 07:17:51.314 13346 DEBUG tempest.lib.common.rest_client [req-27a5d407-1d9b-481d-81e3-f0afdc0a2505 ] Request - Headers: {'Content-Type': 'application/json', 'Accept': 'application/json', 'X-Auth-Token': ''} Body: None Response - Headers: {'status': '404', u'content-length': '134', 'content-location': 'http://10.167.4.35:9696/v2.0/trunks/89d33d9b-82b9-4966-bc46-c5fc7fe290aa', u'date': 'Sun, 21 Apr 2019 07:17:51 GMT', u'content-type': 'application/json', u'connection': 'close', u'x-openstack-request-id': 'req-27a5d407-1d9b-481d-81e3-f0afdc0a2505'} Body: {"NeutronError": {"message": "Trunk 89d33d9b-82b9-4966-bc46-c5fc7fe290aa could not be found.", "type": "TrunkNotFound", "detail": ""}} _log_request_full /root/.rally/verification/verifier-5ea21f9e-ff46-44dd-8234-4d76e888c4d5/repo/tempest/lib/common/rest_client.py:437
2019-04-21 07:17:51.323 13350 INFO tempest.lib.common.rest_client [req-247367ec-18f0-48d4-a009-957ee70fc6d9 ] Request (TrunkTestJSON:_run_cleanups): 404 GET http://10.167.4.35:9696/v2.0/trunks/114a47c0-1043-4b4a-930d-857a6043d226/get_subports 0.011s
2019-04-21 07:17:51.324 13350 DEBUG tempest.lib.common.rest_client [req-247367ec-18f0-48d4-a009-957ee70fc6d9 ] Request - Headers: {'Content-Type': 'application/json', 'Accept': 'application/json', 'X-Auth-Token': ''} Body: None Response - Headers: {'status': '404', u'content-length': '134', 'content-location': 'http://10.167.4.35:9696/v2.0/trunks/114a47c0-1043-4b4a-930d-857a6043d226/get_subports', u'date': 'Sun, 21 Apr 2019 07:17:51 GMT', u'content-type': 'application/json', u'connection': 'close', u'x-openstack-request-id': 'req-247367ec-18f0-48d4-a009-957ee70fc6d9'} Body: {"NeutronError": {"message": "Trunk 114a47c0-1043-4b4a-930d-857a6043d226 could not be found.", "type": "TrunkNotFound", "detail": ""}} _log_request_full /root/.rally/verification/verifier-5ea21f9e-ff46-44dd-8234-4d76e888c4d5/repo/tempest/lib/common/rest_client.py:437
2019-04-21 07:17:51.327 13346 INFO tempest.lib.common.rest_client [req-f51fcb63-33a8-4ca3-82b2-2b8289f84df1 ] Request (TrunkTestJSON:_run_cleanups): 404 GET http://10.167.4.35:9696/v2.0/trunks/2d29aa4d-0822-42cd-8ed6-f194b2dadbc0 0.011s
2019-04-21 07:17:51.327 13346 DEBUG tempest.lib.common.rest_client [req-f51fcb63-33a8-4ca3-82b2-2b8289f84df1 ] Request - Headers: {'Content-Type': 'application/json', 'Accept': 'application/json', 'X-Auth-Token': ''} Body: None Response - Headers: {'status': '404', u'content-length': '134', 'content-location': 'http://10.167.4.35:9696/v2.0/trunks/2d29aa4d-0822-42cd-8ed6-f194b2dadbc0', u'date': 'Sun, 21 Apr 2019 07:17:51 GMT', u'content-type': 'application/json', u'connection': 'close', u'x-openstack-request-id': 'req-f51fcb63-33a8-4ca3-82b2-2b8289f84df1'} Body: {"NeutronError": {"message": "Trunk 2d29aa4d-0822-42cd-8ed6-f194b2dadbc0 could not be found.", "type": "TrunkNotFound", "detail": ""}} _log_request_full /root/.rally/verification/verifier-5ea21f9e-ff46-44dd-8234-4d76e888c4d5/repo/tempest/lib/common/rest_client.py:437
2019-04-21 07:17:51.341 13350 INFO tempest.lib.common.rest_client [req-26548138-ebdd-4384-8220-416a33d3cad3 ] Request (TrunkTestJSON:_run_cleanups): 404 DELETE http://10.167.4.35:9696/v2.0/trunks/114a47c0-1043-4b4a-930d-857a6043d226 0.016s
2019-04-21 07:17:51.342 13350 DEBUG tempest.lib.common.rest_client [req-26548138-ebdd-4384-8220-416a33d3cad3 ] Request - Headers: {'Content-Type': 'application/json', 'Accept': 'application/json', 'X-Auth-Token': ''} Body: None Response - Headers: {'status': '404', u'content-length': '134', 'content-location': 'http://10.167.4.35:9696/v2.0/trunks/114a47c0-1043-4b4a-930d-857a6043d226', u'date': 'Sun, 21 Apr 2019 07:17:51 GMT', u'content-type': 'application/json', u'connection': 'close', u'x-openstack-request-id': 'req-26548138-ebdd-4384-8220-416a33d3cad3'} Body: {"NeutronError": {"message": "Trunk 114a47c0-1043-4b4a-930d-857a6043d226 could not be found.", "type": "TrunkNotFound", "detail": ""}} _log_request_full /root/.rally/verification/verifier-5ea21f9e-ff46-44dd-8234-4d76e888c4d5/repo/tempest/lib/common/rest_client.py:437
2019-04-21 07:17:51.342 13346 INFO tempest.lib.common.rest_client [req-2392d2ef-eb29-4b6f-96b7-5d2aba2b7ac2 ] Request (TrunkTestJSON:_run_cleanups): 404 GET http://10.167.4.35:9696/v2.0/trunks/06d91dc4-5630-492c-b063-129efc7b423b 0.014s
2019-04-21 07:17:51.343 13346 DEBUG tempest.lib.common.rest_client [req-2392d2ef-eb29-4b6f-96b7-5d2aba2b7ac2 ] Request - Headers: {'Content-Type': 'application/json', 'Accept': 'application/json', 'X-Auth-Token': ''} Body: None Response - Headers: {'status': '404', u'content-length': '134', 'content-location': 'http://10.167.4.35:9696/v2.0/trunks/06d91dc4-5630-492c-b063-129efc7b423b', u'date': 'Sun, 21 Apr 2019 07:17:51 GMT', u'content-type': 'application/json', u'connection': 'close', u'x-openstack-request-id': 'req-2392d2ef-eb29-4b6f-96b7-5d2aba2b7ac2'} Body: {"NeutronError": {"message": "Trunk 06d91dc4-5630-492c-b063-129efc7b423b could not be found.", "type": "TrunkNotFound", "detail": ""}} _log_request_full /root/.rally/verification/verifier-5ea21f9e-ff46-44dd-8234-4d76e888c4d5/repo/tempest/lib/common/rest_client.py:437
2019-04-21 07:17:51.354 13350 INFO tempest.lib.common.rest_client [req-a59d5979-be59-4e4e-9e46-828a29089ed7 ] Request (TrunkTestJSON:_run_cleanups): 404 GET http://10.167.4.35:9696/v2.0/trunks/2a44fd34-4a71-41e5-843f-6fd791c45e90/get_subports 0.011s
2019-04-21 07:17:51.354 13350 DEBUG tempest.lib.common.rest_client [req-a59d5979-be59-4e4e-9e46-828a29089ed7 ] Request - Headers: {'Content-Type': 'application/json', 'Accept': 'application/json', 'X-Auth-Token': ''} Body: None Response - Headers: {'status': '404', u'content-length': '134', 'content-location': 'http://10.167.4.35:9696/v2.0/trunks/2a44fd34-4a71-41e5-843f-6fd791c45e90/get_subports', u'date': 'Sun, 21 Apr 2019 07:17:51 GMT', u'content-type': 'application/json', u'connection': 'close', u'x-openstack-request-id': 'req-a59d5979-be59-4e4e-9e46-828a29089ed7'} Body: {"NeutronError": {"message": "Trunk 2a44fd34-4a71-41e5-843f-6fd791c45e90 could not be found.", "type": "TrunkNotFound", "detail": ""}} _log_request_full /root/.rally/verification/verifier-5ea21f9e-ff46-44dd-8234-4d76e888c4d5/repo/tempest/lib/common/rest_client.py:437
2019-04-21 07:17:51.357 13346 INFO tempest.lib.common.rest_client [req-b4a8e180-22b5-4c08-ab8d-e38319945b2d ] Request (TrunkTestJSON:_run_cleanups): 404 GET http://10.167.4.35:9696/v2.0/trunks/e57de00c-c47a-4674-af9a-753d6c9d6230 0.014s
2019-04-21 07:17:51.358 13346 DEBUG tempest.lib.common.rest_client [req-b4a8e180-22b5-4c08-ab8d-e38319945b2d ] Request - Headers: {'Content-Type': 'application/json', 'Accept': 'application/json', 'X-Auth-Token': ''} Body: None Response - Headers: {'status': '404', u'content-length': '134', 'content-location': 'http://10.167.4.35:9696/v2.0/trunks/e57de00c-c47a-4674-af9a-753d6c9d6230', u'date': 'Sun, 21 Apr 2019 07:17:51 GMT', u'content-type': 'application/json', u'connection': 'close', u'x-openstack-request-id': 'req-b4a8e180-22b5-4c08-ab8d-e38319945b2d'} Body: {"NeutronError": {"message": "Trunk e57de00c-c47a-4674-af9a-753d6c9d6230 could not be found.", "type": "TrunkNotFound", "detail": ""}} _log_request_full /root/.rally/verification/verifier-5ea21f9e-ff46-44dd-8234-4d76e888c4d5/repo/tempest/lib/common/rest_client.py:437
2019-04-21 07:17:51.370 13346 INFO tempest.lib.common.rest_client [req-971c2810-79ee-4edd-b43e-197d71c81c15 ] Request (TrunkTestJSON:_run_cleanups): 404 GET http://10.167.4.35:9696/v2.0/trunks/5970c397-5588-4a1b-8ce7-bbedd4a03494 0.011s
2019-04-21 07:17:51.371 13350 INFO tempest.lib.common.rest_client [req-1d93714a-dc52-4b4d-a71f-8441a4b00895 ] Request (TrunkTestJSON:_run_cleanups): 404 DELETE http://10.167.4.35:9696/v2.0/trunks/2a44fd34-4a71-41e5-843f-6fd791c45e90 0.015s
2019-04-21 07:17:51.371 13346 DEBUG tempest.lib.common.rest_client [req-971c2810-79ee-4edd-b43e-197d71c81c15 ] Request - Headers: {'Content-Type': 'application/json', 'Accept': 'application/json', 'X-Auth-Token': ''} Body: None Response - Headers: {'status': '404', u'content-length': '134', 'content-location': 'http://10.167.4.35:9696/v2.0/trunks/5970c397-5588-4a1b-8ce7-bbedd4a03494', u'date': 'Sun, 21 Apr 2019 07:17:51 GMT', u'content-type': 'application/json', u'connection': 'close', u'x-openstack-request-id': 'req-971c2810-79ee-4edd-b43e-197d71c81c15'} Body: {"NeutronError": {"message": "Trunk 5970c397-5588-4a1b-8ce7-bbedd4a03494 could not be found.", "type": "TrunkNotFound", "detail": ""}} _log_request_full /root/.rally/verification/verifier-5ea21f9e-ff46-44dd-8234-4d76e888c4d5/repo/tempest/lib/common/rest_client.py:437
2019-04-21 07:17:51.371 13350 DEBUG tempest.lib.common.rest_client [req-1d93714a-dc52-4b4d-a71f-8441a4b00895 ] Request - Headers: {'Content-Type': 'application/json', 'Accept': 'application/json', 'X-Auth-Token': ''} Body: None Response - Headers: {'status': '404', u'content-length': '134', 'content-location': 'http://10.167.4.35:9696/v2.0/trunks/2a44fd34-4a71-41e5-843f-6fd791c45e90', u'date': 'Sun, 21 Apr 2019 07:17:51 GMT', u'content-type': 'application/json', u'connection': 'close', u'x-openstack-request-id': 'req-1d93714a-dc52-4b4d-a71f-8441a4b00895'} Body: {"NeutronError": {"message": "Trunk 2a44fd34-4a71-41e5-843f-6fd791c45e90 could not be found.", "type": "TrunkNotFound", "detail": ""}} _log_request_full /root/.rally/verification/verifier-5ea21f9e-ff46-44dd-8234-4d76e888c4d5/repo/tempest/lib/common/rest_client.py:437
2019-04-21 07:17:51.385 13350 INFO tempest.lib.common.rest_client [req-283614f2-edbb-4729-8c2c-a2d0b601755c ] Request (TrunkTestJSON:_run_cleanups): 404 GET http://10.167.4.35:9696/v2.0/trunks/b781bc21-06fe-4e8f-884f-b10a6a50f1fa 0.013s
2019-04-21 07:17:51.385 13350 DEBUG tempest.lib.common.rest_client [req-283614f2-edbb-4729-8c2c-a2d0b601755c ] Request - Headers: {'Content-Type': 'application/json', 'Accept': 'application/json', 'X-Auth-Token': ''} Body: None Response - Headers: {'status': '404', u'content-length': '134', 'content-location': 'http://10.167.4.35:9696/v2.0/trunks/b781bc21-06fe-4e8f-884f-b10a6a50f1fa', u'date': 'Sun, 21 Apr 2019 07:17:51 GMT', u'content-type': 'application/json', u'connection': 'close', u'x-openstack-request-id': 'req-283614f2-edbb-4729-8c2c-a2d0b601755c'} Body: {"NeutronError": {"message": "Trunk b781bc21-06fe-4e8f-884f-b10a6a50f1fa could not be found.", "type": "TrunkNotFound", "detail": ""}} _log_request_full /root/.rally/verification/verifier-5ea21f9e-ff46-44dd-8234-4d76e888c4d5/repo/tempest/lib/common/rest_client.py:437
2019-04-21 07:17:51.401 13350 INFO tempest.lib.common.rest_client [req-d7598437-0887-4497-bd36-de2da8d02592 ] Request (TrunkTestJSON:_run_cleanups): 404 GET http://10.167.4.35:9696/v2.0/trunks/134880d4-7619-4a76-8254-32b463d1c58c 0.015s
2019-04-21 07:17:51.402 13350 DEBUG tempest.lib.common.rest_client [req-d7598437-0887-4497-bd36-de2da8d02592 ] Request - Headers: {'Content-Type': 'application/json', 'Accept': 'application/json', 'X-Auth-Token': ''} Body: None Response - Headers: {'status': '404', u'content-length': '134', 'content-location': 'http://10.167.4.35:9696/v2.0/trunks/134880d4-7619-4a76-8254-32b463d1c58c', u'date': 'Sun, 21 Apr 2019 07:17:51 GMT', u'content-type': 'application/json', u'connection': 'close', u'x-openstack-request-id': 'req-d7598437-0887-4497-bd36-de2da8d02592'} Body: {"NeutronError": {"message": "Trunk 134880d4-7619-4a76-8254-32b463d1c58c could not be found.", "type": "TrunkNotFound", "detail": ""}} _log_request_full /root/.rally/verification/verifier-5ea21f9e-ff46-44dd-8234-4d76e888c4d5/repo/tempest/lib/common/rest_client.py:437
2019-04-21 07:17:51.419 13346 INFO tempest.lib.common.rest_client [req-d5321de6-d579-49fd-aeea-80a9d08f8f3d ] Request (TrunkTestJSON:_run_cleanups): 404 DELETE http://10.167.4.35:9696/v2.0/ports/b9e73f7c-0327-4348-bda0-bb29e0e2b309 0.047s
2019-04-21 07:17:51.420 13346 DEBUG tempest.lib.common.rest_client [req-d5321de6-d579-49fd-aeea-80a9d08f8f3d ] Request - Headers: {'Content-Type': 'application/json', 'Accept': 'application/json', 'X-Auth-Token': ''} Body: None Response - Headers: {'status': '404', u'content-length': '132', 'content-location': 'http://10.167.4.35:9696/v2.0/ports/b9e73f7c-0327-4348-bda0-bb29e0e2b309', u'date': 'Sun, 21 Apr 2019 07:17:51 GMT', u'content-type': 'application/json', u'connection': 'close', u'x-openstack-request-id': 'req-d5321de6-d579-49fd-aeea-80a9d08f8f3d'} Body: {"NeutronError": {"message": "Port b9e73f7c-0327-4348-bda0-bb29e0e2b309 could not be found.", "type": "PortNotFound", "detail": ""}} _log_request_full /root/.rally/verification/verifier-5ea21f9e-ff46-44dd-8234-4d76e888c4d5/repo/tempest/lib/common/rest_client.py:437
2019-04-21 07:17:51.423 13350 INFO tempest.lib.common.rest_client [req-1e3a2c09-a918-4f4f-96bb-7c3f2e8976ad ] Request (TrunkTestJSON:_run_cleanups): 404 GET http://10.167.4.35:9696/v2.0/trunks/e08c2d29-4328-4cdf-aabe-a87320786c09 0.021s
2019-04-21 07:17:51.424 13350 DEBUG tempest.lib.common.rest_client [req-1e3a2c09-a918-4f4f-96bb-7c3f2e8976ad ] Request - Headers: {'Content-Type': 'application/json', 'Accept': 'application/json', 'X-Auth-Token': ''} Body: None Response - Headers: {'status': '404', u'content-length': '134', 'content-location': 'http://10.167.4.35:9696/v2.0/trunks/e08c2d29-4328-4cdf-aabe-a87320786c09', u'date': 'Sun, 21 Apr 2019 07:17:51 GMT', u'content-type': 'application/json', u'connection': 'close', u'x-openstack-request-id': 'req-1e3a2c09-a918-4f4f-96bb-7c3f2e8976ad'} Body: {"NeutronError": {"message": "Trunk e08c2d29-4328-4cdf-aabe-a87320786c09 could not be found.", "type": "TrunkNotFound", "detail": ""}} _log_request_full /root/.rally/verification/verifier-5ea21f9e-ff46-44dd-8234-4d76e888c4d5/repo/tempest/lib/common/rest_client.py:437
2019-04-21 07:17:51.436 13350 INFO tempest.lib.common.rest_client [req-e3fae42e-b52b-455a-9c3e-879d4d2e4515 ] Request (TrunkTestJSON:_run_cleanups): 404 GET http://10.167.4.35:9696/v2.0/trunks/00503a54-6200-497a-9f98-1b57ced79fce 0.012s
2019-04-21 07:17:51.437 13350 DEBUG tempest.lib.common.rest_client [req-e3fae42e-b52b-455a-9c3e-879d4d2e4515 ] Request - Headers: {'Content-Type': 'application/json', 'Accept': 'application/json', 'X-Auth-Token': ''} Body: None Response - Headers: {'status': '404', u'content-length': '134', 'content-location': 'http://10.167.4.35:9696/v2.0/trunks/00503a54-6200-497a-9f98-1b57ced79fce', u'date': 'Sun, 21 Apr 2019 07:17:51 GMT', u'content-type': 'application/json', u'connection': 'close', u'x-openstack-request-id': 'req-e3fae42e-b52b-455a-9c3e-879d4d2e4515'} Body: {"NeutronError": {"message": "Trunk 00503a54-6200-497a-9f98-1b57ced79fce could not be found.", "type": "TrunkNotFound", "detail": ""}} _log_request_full /root/.rally/verification/verifier-5ea21f9e-ff46-44dd-8234-4d76e888c4d5/repo/tempest/lib/common/rest_client.py:437
2019-04-21 07:17:51.446 13346 INFO tempest.lib.common.rest_client [req-a9456030-acbb-4d74-bdbb-dd182fa89632 ] Request (TrunkTestJSON:_run_cleanups): 404 DELETE http://10.167.4.35:9696/v2.0/ports/1172fd7c-09f3-42b0-8078-790bcdca968d 0.025s
2019-04-21 07:17:51.446 13346 DEBUG tempest.lib.common.rest_client [req-a9456030-acbb-4d74-bdbb-dd182fa89632 ] Request - Headers: {'Content-Type': 'application/json', 'Accept': 'application/json', 'X-Auth-Token': ''} Body: None Response - Headers: {'status': '404', u'content-length': '132', 'content-location': 'http://10.167.4.35:9696/v2.0/ports/1172fd7c-09f3-42b0-8078-790bcdca968d', u'date': 'Sun, 21 Apr 2019 07:17:51 GMT', u'content-type': 'application/json', u'connection': 'close', u'x-openstack-request-id': 'req-a9456030-acbb-4d74-bdbb-dd182fa89632'} Body: {"NeutronError": {"message": "Port 1172fd7c-09f3-42b0-8078-790bcdca968d could not be found.", "type": "PortNotFound", "detail": ""}} _log_request_full /root/.rally/verification/verifier-5ea21f9e-ff46-44dd-8234-4d76e888c4d5/repo/tempest/lib/common/rest_client.py:437
2019-04-21 07:17:51.451 13350 INFO tempest.lib.common.rest_client [req-ad2467dd-c479-4d04-9af7-bd871c5d95e5 ] Request (TrunkTestJSON:_run_cleanups): 404 GET http://10.167.4.35:9696/v2.0/trunks/9c6db3ea-0f12-4607-8310-a459104e409d 0.014s
2019-04-21 07:17:51.452 13350 DEBUG tempest.lib.common.rest_client [req-ad2467dd-c479-4d04-9af7-bd871c5d95e5 ] Request - Headers: {'Content-Type': 'application/json', 'Accept': 'application/json', 'X-Auth-Token': ''} Body: None Response - Headers: {'status': '404', u'content-length': '134', 'content-location': 'http://10.167.4.35:9696/v2.0/trunks/9c6db3ea-0f12-4607-8310-a459104e409d', u'date': 'Sun, 21 Apr 2019 07:17:51 GMT', u'content-type': 'application/json', u'connection': 'close', u'x-openstack-request-id': 'req-ad2467dd-c479-4d04-9af7-bd871c5d95e5'} Body: {"NeutronError": {"message": "Trunk 9c6db3ea-0f12-4607-8310-a459104e409d could not be found.", "type": "TrunkNotFound", "detail": ""}} _log_request_full /root/.rally/verification/verifier-5ea21f9e-ff46-44dd-8234-4d76e888c4d5/repo/tempest/lib/common/rest_client.py:437
2019-04-21 07:17:51.474 13346 INFO tempest.lib.common.rest_client [req-3f9f6c5e-1fbe-4f24-90e0-d1dad893409f ] Request (TrunkTestJSON:_run_cleanups): 404 DELETE http://10.167.4.35:9696/v2.0/ports/5c2d736c-e3a9-4bdf-933a-3ec6d3539742 0.027s
2019-04-21 07:17:51.474 13350 INFO tempest.lib.common.rest_client [req-1a777988-4b09-45df-b678-f129d955ca1c ] Request (TrunkTestJSON:_run_cleanups): 404 GET http://10.167.4.35:9696/v2.0/trunks/114a47c0-1043-4b4a-930d-857a6043d226 0.022s
2019-04-21 07:17:51.475 13346 DEBUG tempest.lib.common.rest_client [req-3f9f6c5e-1fbe-4f24-90e0-d1dad893409f ] Request - Headers: {'Content-Type': 'application/json', 'Accept': 'application/json', 'X-Auth-Token': ''} Body: None Response - Headers: {'status': '404', u'content-length': '132', 'content-location': 'http://10.167.4.35:9696/v2.0/ports/5c2d736c-e3a9-4bdf-933a-3ec6d3539742', u'date': 'Sun, 21 Apr 2019 07:17:51 GMT', u'content-type': 'application/json', u'connection': 'close', u'x-openstack-request-id': 'req-3f9f6c5e-1fbe-4f24-90e0-d1dad893409f'} Body: {"NeutronError": {"message": "Port 5c2d736c-e3a9-4bdf-933a-3ec6d3539742 could not be found.", "type": "PortNotFound", "detail": ""}} _log_request_full /root/.rally/verification/verifier-5ea21f9e-ff46-44dd-8234-4d76e888c4d5/repo/tempest/lib/common/rest_client.py:437
2019-04-21 07:17:51.475 13350 DEBUG tempest.lib.common.rest_client [req-1a777988-4b09-45df-b678-f129d955ca1c ] Request - Headers: {'Content-Type': 'application/json', 'Accept': 'application/json', 'X-Auth-Token': ''} Body: None Response - Headers: {'status': '404', u'content-length': '134', 'content-location': 'http://10.167.4.35:9696/v2.0/trunks/114a47c0-1043-4b4a-930d-857a6043d226', u'date': 'Sun, 21 Apr 2019 07:17:51 GMT', u'content-type': 'application/json', u'connection': 'close', u'x-openstack-request-id': 'req-1a777988-4b09-45df-b678-f129d955ca1c'} Body: {"NeutronError": {"message": "Trunk 114a47c0-1043-4b4a-930d-857a6043d226 could not be found.", "type": "TrunkNotFound", "detail": ""}} _log_request_full /root/.rally/verification/verifier-5ea21f9e-ff46-44dd-8234-4d76e888c4d5/repo/tempest/lib/common/rest_client.py:437
2019-04-21 07:17:51.488 13350 INFO tempest.lib.common.rest_client [req-efc83151-b3d8-45af-bbcb-7f7ae8042c16 ] Request (TrunkTestJSON:_run_cleanups): 404 GET http://10.167.4.35:9696/v2.0/trunks/2a44fd34-4a71-41e5-843f-6fd791c45e90 0.012s
2019-04-21 07:17:51.488 13350 DEBUG tempest.lib.common.rest_client [req-efc83151-b3d8-45af-bbcb-7f7ae8042c16 ] Request - Headers: {'Content-Type': 'application/json', 'Accept': 'application/json', 'X-Auth-Token': ''} Body: None Response - Headers: {'status': '404', u'content-length': '134', 'content-location': 'http://10.167.4.35:9696/v2.0/trunks/2a44fd34-4a71-41e5-843f-6fd791c45e90', u'date': 'Sun, 21 Apr 2019 07:17:51 GMT', u'content-type': 'application/json', u'connection': 'close', u'x-openstack-request-id': 'req-efc83151-b3d8-45af-bbcb-7f7ae8042c16'} Body: {"NeutronError": {"message": "Trunk 2a44fd34-4a71-41e5-843f-6fd791c45e90 could not be found.", "type": "TrunkN