2019-04-21 07:17:43.740 13350 DEBUG tempest.lib.common.rest_client [req-ee86319f-b710-4bd6-a9b7-076b904d2ed4 ] Request - Headers: {'Content-Type': 'application/json', 'Accept': 'application/json', 'X-Auth-Token': ''} Body: None Response - Headers: {'status': '404', u'content-length': '132', 'content-location': 'http://10.167.4.35:9696/v2.0/ports/19c1be79-7e13-4b82-854a-c9ed1feb5af3', u'date': 'Sun, 21 Apr 2019 07:17:43 GMT', u'content-type': 'application/json', u'connection': 'close', u'x-openstack-request-id': 'req-ee86319f-b710-4bd6-a9b7-076b904d2ed4'} Body: {"NeutronError": {"message": "Port 19c1be79-7e13-4b82-854a-c9ed1feb5af3 could not be found.", "type": "PortNotFound", "detail": ""}} _log_request_full /root/.rally/verification/verifier-5ea21f9e-ff46-44dd-8234-4d76e888c4d5/repo/tempest/lib/common/rest_client.py:437
2019-04-21 07:17:43.740 13346 DEBUG tempest.lib.common.rest_client [req-b58dee2c-0a7b-40bd-ac0d-05224ab2492e ] Request - Headers: {'Content-Type': 'application/json', 'Accept': 'application/json', 'X-Auth-Token': ''} Body: None Response - Headers: {'status': '404', u'content-length': '134', 'content-location': 'http://10.167.4.35:9696/v2.0/trunks/89d33d9b-82b9-4966-bc46-c5fc7fe290aa', u'date': 'Sun, 21 Apr 2019 07:17:43 GMT', u'content-type': 'application/json', u'connection': 'close', u'x-openstack-request-id': 'req-b58dee2c-0a7b-40bd-ac0d-05224ab2492e'} Body: {"NeutronError": {"message": "Trunk 89d33d9b-82b9-4966-bc46-c5fc7fe290aa could not be found.", "type": "TrunkNotFound", "detail": ""}} _log_request_full /root/.rally/verification/verifier-5ea21f9e-ff46-44dd-8234-4d76e888c4d5/repo/tempest/lib/common/rest_client.py:437
2019-04-21 07:17:43.755 13346 INFO tempest.lib.common.rest_client [req-3a17f82f-1017-4461-8b95-584d43b92963 ] Request (TrunkTestJSON:_run_cleanups): 404 GET http://10.167.4.35:9696/v2.0/trunks/2d29aa4d-0822-42cd-8ed6-f194b2dadbc0/get_subports 0.014s
2019-04-21 07:17:43.756 13346 DEBUG tempest.lib.common.rest_client [req-3a17f82f-1017-4461-8b95-584d43b92963 ] Request - Headers: {'Content-Type': 'application/json', 'Accept': 'application/json', 'X-Auth-Token': ''} Body: None Response - Headers: {'status': '404', u'content-length': '134', 'content-location': 'http://10.167.4.35:9696/v2.0/trunks/2d29aa4d-0822-42cd-8ed6-f194b2dadbc0/get_subports', u'date': 'Sun, 21 Apr 2019 07:17:43 GMT', u'content-type': 'application/json', u'connection': 'close', u'x-openstack-request-id': 'req-3a17f82f-1017-4461-8b95-584d43b92963'} Body: {"NeutronError": {"message": "Trunk 2d29aa4d-0822-42cd-8ed6-f194b2dadbc0 could not be found.", "type": "TrunkNotFound", "detail": ""}} _log_request_full /root/.rally/verification/verifier-5ea21f9e-ff46-44dd-8234-4d76e888c4d5/repo/tempest/lib/common/rest_client.py:437
2019-04-21 07:17:43.770 13346 INFO tempest.lib.common.rest_client [req-4cd712c9-e4a1-4401-8a3c-b18b6fed3830 ] Request (TrunkTestJSON:_run_cleanups): 404 DELETE http://10.167.4.35:9696/v2.0/trunks/2d29aa4d-0822-42cd-8ed6-f194b2dadbc0 0.013s
2019-04-21 07:17:43.770 13346 DEBUG tempest.lib.common.rest_client [req-4cd712c9-e4a1-4401-8a3c-b18b6fed3830 ] Request - Headers: {'Content-Type': 'application/json', 'Accept': 'application/json', 'X-Auth-Token': ''} Body: None Response - Headers: {'status': '404', u'content-length': '134', 'content-location': 'http://10.167.4.35:9696/v2.0/trunks/2d29aa4d-0822-42cd-8ed6-f194b2dadbc0', u'date': 'Sun, 21 Apr 2019 07:17:43 GMT', u'content-type': 'application/json', u'connection': 'close', u'x-openstack-request-id': 'req-4cd712c9-e4a1-4401-8a3c-b18b6fed3830'} Body: {"NeutronError": {"message": "Trunk 2d29aa4d-0822-42cd-8ed6-f194b2dadbc0 could not be found.", "type": "TrunkNotFound", "detail": ""}} _log_request_full /root/.rally/verification/verifier-5ea21f9e-ff46-44dd-8234-4d76e888c4d5/repo/tempest/lib/common/rest_client.py:437
2019-04-21 07:17:43.772 13350 INFO tempest.lib.common.rest_client [req-45a24720-eca8-4773-aafa-73b7506ab28e ] Request (TrunkTestJSON:_run_cleanups): 404 DELETE http://10.167.4.35:9696/v2.0/ports/edb7c918-9c69-491e-b906-16b8cb7a36a6 0.031s
2019-04-21 07:17:43.773 13350 DEBUG tempest.lib.common.rest_client [req-45a24720-eca8-4773-aafa-73b7506ab28e ] Request - Headers: {'Content-Type': 'application/json', 'Accept': 'application/json', 'X-Auth-Token': ''} Body: None Response - Headers: {'status': '404', u'content-length': '132', 'content-location': 'http://10.167.4.35:9696/v2.0/ports/edb7c918-9c69-491e-b906-16b8cb7a36a6', u'date': 'Sun, 21 Apr 2019 07:17:43 GMT', u'content-type': 'application/json', u'connection': 'close', u'x-openstack-request-id': 'req-45a24720-eca8-4773-aafa-73b7506ab28e'} Body: {"NeutronError": {"message": "Port edb7c918-9c69-491e-b906-16b8cb7a36a6 could not be found.", "type": "PortNotFound", "detail": ""}} _log_request_full /root/.rally/verification/verifier-5ea21f9e-ff46-44dd-8234-4d76e888c4d5/repo/tempest/lib/common/rest_client.py:437
2019-04-21 07:17:43.797 13346 INFO tempest.lib.common.rest_client [req-8444ab08-23df-44b3-8cc9-828f1b9ed4ca ] Request (TrunkTestJSON:_run_cleanups): 200 GET http://10.167.4.35:9696/v2.0/trunks/06d91dc4-5630-492c-b063-129efc7b423b/get_subports 0.026s
2019-04-21 07:17:43.797 13346 DEBUG tempest.lib.common.rest_client [req-8444ab08-23df-44b3-8cc9-828f1b9ed4ca ] Request - Headers: {'Content-Type': 'application/json', 'Accept': 'application/json', 'X-Auth-Token': ''} Body: None Response - Headers: {'status': '200', u'content-length': '17', 'content-location': 'http://10.167.4.35:9696/v2.0/trunks/06d91dc4-5630-492c-b063-129efc7b423b/get_subports', u'date': 'Sun, 21 Apr 2019 07:17:43 GMT', u'content-type': 'application/json', u'connection': 'close', u'x-openstack-request-id': 'req-8444ab08-23df-44b3-8cc9-828f1b9ed4ca'} Body: {"sub_ports": []} _log_request_full /root/.rally/verification/verifier-5ea21f9e-ff46-44dd-8234-4d76e888c4d5/repo/tempest/lib/common/rest_client.py:437
2019-04-21 07:17:43.804 13350 INFO tempest.lib.common.rest_client [req-bdb40511-6be4-45c8-86d2-2e7c7531af96 ] Request (TrunkTestJSON:_run_cleanups): 404 DELETE http://10.167.4.35:9696/v2.0/ports/473cae4f-cdb8-4064-81ed-0ad463dd51e9 0.030s
2019-04-21 07:17:43.804 13350 DEBUG tempest.lib.common.rest_client [req-bdb40511-6be4-45c8-86d2-2e7c7531af96 ] Request - Headers: {'Content-Type': 'application/json', 'Accept': 'application/json', 'X-Auth-Token': ''} Body: None Response - Headers: {'status': '404', u'content-length': '132', 'content-location': 'http://10.167.4.35:9696/v2.0/ports/473cae4f-cdb8-4064-81ed-0ad463dd51e9', u'date': 'Sun, 21 Apr 2019 07:17:43 GMT', u'content-type': 'application/json', u'connection': 'close', u'x-openstack-request-id': 'req-bdb40511-6be4-45c8-86d2-2e7c7531af96'} Body: {"NeutronError": {"message": "Port 473cae4f-cdb8-4064-81ed-0ad463dd51e9 could not be found.", "type": "PortNotFound", "detail": ""}} _log_request_full /root/.rally/verification/verifier-5ea21f9e-ff46-44dd-8234-4d76e888c4d5/repo/tempest/lib/common/rest_client.py:437
2019-04-21 07:17:43.826 13350 INFO tempest.lib.common.rest_client [req-39e500bb-511b-4daa-8435-d4ac54744dea ] Request (TrunkTestJSON:_run_cleanups): 404 DELETE http://10.167.4.35:9696/v2.0/networks/8abc32e2-675b-4ced-ac23-910c25cd86df 0.020s
2019-04-21 07:17:43.826 13350 DEBUG tempest.lib.common.rest_client [req-39e500bb-511b-4daa-8435-d4ac54744dea ] Request - Headers: {'Content-Type': 'application/json', 'Accept': 'application/json', 'X-Auth-Token': ''} Body: None Response - Headers: {'status': '404', u'content-length': '138', 'content-location': 'http://10.167.4.35:9696/v2.0/networks/8abc32e2-675b-4ced-ac23-910c25cd86df', u'date': 'Sun, 21 Apr 2019 07:17:43 GMT', u'content-type': 'application/json', u'connection': 'close', u'x-openstack-request-id': 'req-39e500bb-511b-4daa-8435-d4ac54744dea'} Body: {"NeutronError": {"message": "Network 8abc32e2-675b-4ced-ac23-910c25cd86df could not be found.", "type": "NetworkNotFound", "detail": ""}} _log_request_full /root/.rally/verification/verifier-5ea21f9e-ff46-44dd-8234-4d76e888c4d5/repo/tempest/lib/common/rest_client.py:437
2019-04-21 07:17:43.846 13350 INFO tempest.lib.common.rest_client [req-5baeaaba-a048-4c63-babc-5f4313860fd5 ] Request (TrunkTestJSON:_run_cleanups): 404 DELETE http://10.167.4.35:9696/v2.0/networks/c286e23e-0f63-48d1-80af-e4ee6ad20a34 0.019s
2019-04-21 07:17:43.847 13350 DEBUG tempest.lib.common.rest_client [req-5baeaaba-a048-4c63-babc-5f4313860fd5 ] Request - Headers: {'Content-Type': 'application/json', 'Accept': 'application/json', 'X-Auth-Token': ''} Body: None Response - Headers: {'status': '404', u'content-length': '138', 'content-location': 'http://10.167.4.35:9696/v2.0/networks/c286e23e-0f63-48d1-80af-e4ee6ad20a34', u'date': 'Sun, 21 Apr 2019 07:17:43 GMT', u'content-type': 'application/json', u'connection': 'close', u'x-openstack-request-id': 'req-5baeaaba-a048-4c63-babc-5f4313860fd5'} Body: {"NeutronError": {"message": "Network c286e23e-0f63-48d1-80af-e4ee6ad20a34 could not be found.", "type": "NetworkNotFound", "detail": ""}} _log_request_full /root/.rally/verification/verifier-5ea21f9e-ff46-44dd-8234-4d76e888c4d5/repo/tempest/lib/common/rest_client.py:437
2019-04-21 07:17:43.847 13346 INFO tempest.lib.common.rest_client [req-f278aa5d-cecc-4edd-8da9-950367e2ce2f ] Request (TrunkTestJSON:_run_cleanups): 200 PUT http://10.167.4.35:9696/v2.0/trunks/06d91dc4-5630-492c-b063-129efc7b423b/remove_subports 0.048s
2019-04-21 07:17:43.847 13346 DEBUG tempest.lib.common.rest_client [req-f278aa5d-cecc-4edd-8da9-950367e2ce2f ] Request - Headers: {'Content-Type': 'application/json', 'Accept': 'application/json', 'X-Auth-Token': ''} Body: {"sub_ports": []} Response - Headers: {'status': '200', u'content-length': '396', 'content-location': 'http://10.167.4.35:9696/v2.0/trunks/06d91dc4-5630-492c-b063-129efc7b423b/remove_subports', u'date': 'Sun, 21 Apr 2019 07:17:43 GMT', u'content-type': 'application/json', u'connection': 'close', u'x-openstack-request-id': 'req-f278aa5d-cecc-4edd-8da9-950367e2ce2f'} Body: {"status": "DOWN", "sub_ports": [], "name": "", "admin_state_up": true, "tenant_id": "b30cb8a8e8be4a2d8258d702ee6f3d74", "created_at": "2019-04-21T07:17:42Z", "tags": [], "updated_at": "2019-04-21T07:17:43Z", "revision_number": 2, "project_id": "b30cb8a8e8be4a2d8258d702ee6f3d74", "port_id": "674f69e9-208b-4672-a9fa-fbc829e3a79f", "id": "06d91dc4-5630-492c-b063-129efc7b423b", "description": ""} _log_request_full /root/.rally/verification/verifier-5ea21f9e-ff46-44dd-8234-4d76e888c4d5/repo/tempest/lib/common/rest_client.py:437
2019-04-21 07:17:43.868 13350 INFO tempest.lib.common.rest_client [req-8e3e9b77-353e-44a4-969f-b3453d6f00e2 ] Request (TrunkTestJSON:_run_cleanups): 404 DELETE http://10.167.4.35:9696/v2.0/networks/7b72794b-a5b1-46aa-a174-c31b14dcd4ac 0.020s
2019-04-21 07:17:43.868 13350 DEBUG tempest.lib.common.rest_client [req-8e3e9b77-353e-44a4-969f-b3453d6f00e2 ] Request - Headers: {'Content-Type': 'application/json', 'Accept': 'application/json', 'X-Auth-Token': ''} Body: None Response - Headers: {'status': '404', u'content-length': '138', 'content-location': 'http://10.167.4.35:9696/v2.0/networks/7b72794b-a5b1-46aa-a174-c31b14dcd4ac', u'date': 'Sun, 21 Apr 2019 07:17:43 GMT', u'content-type': 'application/json', u'connection': 'close', u'x-openstack-request-id': 'req-8e3e9b77-353e-44a4-969f-b3453d6f00e2'} Body: {"NeutronError": {"message": "Network 7b72794b-a5b1-46aa-a174-c31b14dcd4ac could not be found.", "type": "NetworkNotFound", "detail": ""}} _log_request_full /root/.rally/verification/verifier-5ea21f9e-ff46-44dd-8234-4d76e888c4d5/repo/tempest/lib/common/rest_client.py:437
2019-04-21 07:17:43.894 13350 INFO tempest.lib.common.rest_client [req-7cf62e32-0245-4674-8707-08a26db997ac ] Request (TrunkTestJSON:_run_cleanups): 404 DELETE http://10.167.4.35:9696/v2.0/networks/888d46e6-c54f-4bc8-823c-ec29d37e61ea 0.025s
2019-04-21 07:17:43.895 13350 DEBUG tempest.lib.common.rest_client [req-7cf62e32-0245-4674-8707-08a26db997ac ] Request - Headers: {'Content-Type': 'application/json', 'Accept': 'application/json', 'X-Auth-Token': ''} Body: None Response - Headers: {'status': '404', u'content-length': '138', 'content-location': 'http://10.167.4.35:9696/v2.0/networks/888d46e6-c54f-4bc8-823c-ec29d37e61ea', u'date': 'Sun, 21 Apr 2019 07:17:43 GMT', u'content-type': 'application/json', u'connection': 'close', u'x-openstack-request-id': 'req-7cf62e32-0245-4674-8707-08a26db997ac'} Body: {"NeutronError": {"message": "Network 888d46e6-c54f-4bc8-823c-ec29d37e61ea could not be found.", "type": "NetworkNotFound", "detail": ""}} _log_request_full /root/.rally/verification/verifier-5ea21f9e-ff46-44dd-8234-4d76e888c4d5/repo/tempest/lib/common/rest_client.py:437
2019-04-21 07:17:43.915 13350 INFO tempest.lib.common.rest_client [req-f864594e-8b25-4259-9a9a-940d16f17cf8 ] Request (TrunkTestJSON:_run_cleanups): 404 DELETE http://10.167.4.35:9696/v2.0/networks/44e98e93-c7c5-4c19-8b48-bb46e2d41ff1 0.019s
2019-04-21 07:17:43.915 13350 DEBUG tempest.lib.common.rest_client [req-f864594e-8b25-4259-9a9a-940d16f17cf8 ] Request - Headers: {'Content-Type': 'application/json', 'Accept': 'application/json', 'X-Auth-Token': ''} Body: None Response - Headers: {'status': '404', u'content-length': '138', 'content-location': 'http://10.167.4.35:9696/v2.0/networks/44e98e93-c7c5-4c19-8b48-bb46e2d41ff1', u'date': 'Sun, 21 Apr 2019 07:17:43 GMT', u'content-type': 'application/json', u'connection': 'close', u'x-openstack-request-id': 'req-f864594e-8b25-4259-9a9a-940d16f17cf8'} Body: {"NeutronError": {"message": "Network 44e98e93-c7c5-4c19-8b48-bb46e2d41ff1 could not be found.", "type": "NetworkNotFound", "detail": ""}} _log_request_full /root/.rally/verification/verifier-5ea21f9e-ff46-44dd-8234-4d76e888c4d5/repo/tempest/lib/common/rest_client.py:437
2019-04-21 07:17:43.937 13350 INFO tempest.lib.common.rest_client [req-799e1134-f3bb-48e6-b214-52265a816892 ] Request (TrunkTestJSON:_run_cleanups): 404 DELETE http://10.167.4.35:9696/v2.0/networks/2fe7b4a7-8b93-4c31-b200-4853daf91415 0.021s
2019-04-21 07:17:43.938 13350 DEBUG tempest.lib.common.rest_client [req-799e1134-f3bb-48e6-b214-52265a816892 ] Request - Headers: {'Content-Type': 'application/json', 'Accept': 'application/json', 'X-Auth-Token': ''} Body: None Response - Headers: {'status': '404', u'content-length': '138', 'content-location': 'http://10.167.4.35:9696/v2.0/networks/2fe7b4a7-8b93-4c31-b200-4853daf91415', u'date': 'Sun, 21 Apr 2019 07:17:43 GMT', u'content-type': 'application/json', u'connection': 'close', u'x-openstack-request-id': 'req-799e1134-f3bb-48e6-b214-52265a816892'} Body: {"NeutronError": {"message": "Network 2fe7b4a7-8b93-4c31-b200-4853daf91415 could not be found.", "type": "NetworkNotFound", "detail": ""}} _log_request_full /root/.rally/verification/verifier-5ea21f9e-ff46-44dd-8234-4d76e888c4d5/repo/tempest/lib/common/rest_client.py:437
2019-04-21 07:17:43.950 13346 INFO tempest.lib.common.rest_client [req-58e231e0-61c4-4980-808f-568624de155e ] Request (TrunkTestJSON:_run_cleanups): 204 DELETE http://10.167.4.35:9696/v2.0/trunks/06d91dc4-5630-492c-b063-129efc7b423b 0.101s
2019-04-21 07:17:43.950 13346 DEBUG tempest.lib.common.rest_client [req-58e231e0-61c4-4980-808f-568624de155e ] Request - Headers: {'Content-Type': 'application/json', 'Accept': 'application/json', 'X-Auth-Token': ''} Body: None Response - Headers: {'status': '204', u'content-length': '0', 'content-location': 'http://10.167.4.35:9696/v2.0/trunks/06d91dc4-5630-492c-b063-129efc7b423b', u'date': 'Sun, 21 Apr 2019 07:17:43 GMT', u'connection': 'close', u'x-openstack-request-id': 'req-58e231e0-61c4-4980-808f-568624de155e'} Body: _log_request_full /root/.rally/verification/verifier-5ea21f9e-ff46-44dd-8234-4d76e888c4d5/repo/tempest/lib/common/rest_client.py:437
2019-04-21 07:17:43.959 13350 INFO tempest.lib.common.rest_client [req-855f740e-e7cc-4442-af18-699583345833 ] Request (TrunkTestJSON:_run_cleanups): 404 DELETE http://10.167.4.35:9696/v2.0/networks/45bfd1ac-fa85-4078-9162-f9323056975b 0.020s
2019-04-21 07:17:43.959 13350 DEBUG tempest.lib.common.rest_client [req-855f740e-e7cc-4442-af18-699583345833 ] Request - Headers: {'Content-Type': 'application/json', 'Accept': 'application/json', 'X-Auth-Token': ''} Body: None Response - Headers: {'status': '404', u'content-length': '138', 'content-location': 'http://10.167.4.35:9696/v2.0/networks/45bfd1ac-fa85-4078-9162-f9323056975b', u'date': 'Sun, 21 Apr 2019 07:17:43 GMT', u'content-type': 'application/json', u'connection': 'close', u'x-openstack-request-id': 'req-855f740e-e7cc-4442-af18-699583345833'} Body: {"NeutronError": {"message": "Network 45bfd1ac-fa85-4078-9162-f9323056975b could not be found.", "type": "NetworkNotFound", "detail": ""}} _log_request_full /root/.rally/verification/verifier-5ea21f9e-ff46-44dd-8234-4d76e888c4d5/repo/tempest/lib/common/rest_client.py:437
2019-04-21 07:17:43.980 13346 INFO tempest.lib.common.rest_client [req-2d2cf7fc-c140-4b5d-8dc4-a439ee7972cb ] Request (TrunkTestJSON:_run_cleanups): 200 GET http://10.167.4.35:9696/v2.0/trunks/e57de00c-c47a-4674-af9a-753d6c9d6230/get_subports 0.029s
2019-04-21 07:17:43.980 13346 DEBUG tempest.lib.common.rest_client [req-2d2cf7fc-c140-4b5d-8dc4-a439ee7972cb ] Request - Headers: {'Content-Type': 'application/json', 'Accept': 'application/json', 'X-Auth-Token': ''} Body: None Response - Headers: {'status': '200', u'content-length': '17', 'content-location': 'http://10.167.4.35:9696/v2.0/trunks/e57de00c-c47a-4674-af9a-753d6c9d6230/get_subports', u'date': 'Sun, 21 Apr 2019 07:17:43 GMT', u'content-type': 'application/json', u'connection': 'close', u'x-openstack-request-id': 'req-2d2cf7fc-c140-4b5d-8dc4-a439ee7972cb'} Body: {"sub_ports": []} _log_request_full /root/.rally/verification/verifier-5ea21f9e-ff46-44dd-8234-4d76e888c4d5/repo/tempest/lib/common/rest_client.py:437
2019-04-21 07:17:43.983 13350 INFO tempest.lib.common.rest_client [req-0d4b0538-3a81-49e2-9031-d7eea8049dbb ] Request (TrunkTestJSON:_run_cleanups): 404 DELETE http://10.167.4.35:9696/v2.0/networks/58e1deca-a69c-4597-98da-377d2c087f05 0.023s
2019-04-21 07:17:43.984 13350 DEBUG tempest.lib.common.rest_client [req-0d4b0538-3a81-49e2-9031-d7eea8049dbb ] Request - Headers: {'Content-Type': 'application/json', 'Accept': 'application/json', 'X-Auth-Token': ''} Body: None Response - Headers: {'status': '404', u'content-length': '138', 'content-location': 'http://10.167.4.35:9696/v2.0/networks/58e1deca-a69c-4597-98da-377d2c087f05', u'date': 'Sun, 21 Apr 2019 07:17:43 GMT', u'content-type': 'application/json', u'connection': 'close', u'x-openstack-request-id': 'req-0d4b0538-3a81-49e2-9031-d7eea8049dbb'} Body: {"NeutronError": {"message": "Network 58e1deca-a69c-4597-98da-377d2c087f05 could not be found.", "type": "NetworkNotFound", "detail": ""}} _log_request_full /root/.rally/verification/verifier-5ea21f9e-ff46-44dd-8234-4d76e888c4d5/repo/tempest/lib/common/rest_client.py:437
2019-04-21 07:17:44.008 13350 INFO tempest.lib.common.rest_client [req-d9844240-a2b1-4c5e-9697-5dced95079c1 ] Request (TrunkTestJSON:_run_cleanups): 404 DELETE http://10.167.4.35:9696/v2.0/networks/e0b771c2-2eda-4f6b-ba5b-1e6d24b7c917 0.023s
2019-04-21 07:17:44.008 13350 DEBUG tempest.lib.common.rest_client [req-d9844240-a2b1-4c5e-9697-5dced95079c1 ] Request - Headers: {'Content-Type': 'application/json', 'Accept': 'application/json', 'X-Auth-Token': ''} Body: None Response - Headers: {'status': '404', u'content-length': '138', 'content-location': 'http://10.167.4.35:9696/v2.0/networks/e0b771c2-2eda-4f6b-ba5b-1e6d24b7c917', u'date': 'Sun, 21 Apr 2019 07:17:44 GMT', u'content-type': 'application/json', u'connection': 'close', u'x-openstack-request-id': 'req-d9844240-a2b1-4c5e-9697-5dced95079c1'} Body: {"NeutronError": {"message": "Network e0b771c2-2eda-4f6b-ba5b-1e6d24b7c917 could not be found.", "type": "NetworkNotFound", "detail": ""}} _log_request_full /root/.rally/verification/verifier-5ea21f9e-ff46-44dd-8234-4d76e888c4d5/repo/tempest/lib/common/rest_client.py:437
2019-04-21 07:17:44.024 13346 INFO tempest.lib.common.rest_client [req-f267f36c-9106-4bc3-bb6e-37adb89aa455 ] Request (TrunkTestJSON:_run_cleanups): 200 PUT http://10.167.4.35:9696/v2.0/trunks/e57de00c-c47a-4674-af9a-753d6c9d6230/remove_subports 0.043s
2019-04-21 07:17:44.025 13346 DEBUG tempest.lib.common.rest_client [req-f267f36c-9106-4bc3-bb6e-37adb89aa455 ] Request - Headers: {'Content-Type': 'application/json', 'Accept': 'application/json', 'X-Auth-Token': ''} Body: {"sub_ports": []} Response - Headers: {'status': '200', u'content-length': '396', 'content-location': 'http://10.167.4.35:9696/v2.0/trunks/e57de00c-c47a-4674-af9a-753d6c9d6230/remove_subports', u'date': 'Sun, 21 Apr 2019 07:17:44 GMT', u'content-type': 'application/json', u'connection': 'close', u'x-openstack-request-id': 'req-f267f36c-9106-4bc3-bb6e-37adb89aa455'} Body: {"status": "DOWN", "sub_ports": [], "name": "", "admin_state_up": true, "tenant_id": "b30cb8a8e8be4a2d8258d702ee6f3d74", "created_at": "2019-04-21T07:17:43Z", "tags": [], "updated_at": "2019-04-21T07:17:44Z", "revision_number": 2, "project_id": "b30cb8a8e8be4a2d8258d702ee6f3d74", "port_id": "8a0a8f17-deee-4c9c-b63f-d045019214b6", "id": "e57de00c-c47a-4674-af9a-753d6c9d6230", "description": ""} _log_request_full /root/.rally/verification/verifier-5ea21f9e-ff46-44dd-8234-4d76e888c4d5/repo/tempest/lib/common/rest_client.py:437
2019-04-21 07:17:44.031 13350 INFO tempest.lib.common.rest_client [req-8a2dca3a-60c2-433c-bbe0-dfaf04fd0012 ] Request (TrunkTestJSON:_run_cleanups): 404 DELETE http://10.167.4.35:9696/v2.0/networks/733fa86f-ce31-430e-89b6-7bb11769da59 0.022s
2019-04-21 07:17:44.032 13350 DEBUG tempest.lib.common.rest_client [req-8a2dca3a-60c2-433c-bbe0-dfaf04fd0012 ] Request - Headers: {'Content-Type': 'application/json', 'Accept': 'application/json', 'X-Auth-Token': ''} Body: None Response - Headers: {'status': '404', u'content-length': '138', 'content-location': 'http://10.167.4.35:9696/v2.0/networks/733fa86f-ce31-430e-89b6-7bb11769da59', u'date': 'Sun, 21 Apr 2019 07:17:44 GMT', u'content-type': 'application/json', u'connection': 'close', u'x-openstack-request-id': 'req-8a2dca3a-60c2-433c-bbe0-dfaf04fd0012'} Body: {"NeutronError": {"message": "Network 733fa86f-ce31-430e-89b6-7bb11769da59 could not be found.", "type": "NetworkNotFound", "detail": ""}} _log_request_full /root/.rally/verification/verifier-5ea21f9e-ff46-44dd-8234-4d76e888c4d5/repo/tempest/lib/common/rest_client.py:437
2019-04-21 07:17:44.053 13350 INFO tempest.lib.common.rest_client [req-a5536dd7-2430-469c-9ec2-5fe17ce3b941 ] Request (TrunkTestJSON:_run_cleanups): 404 DELETE http://10.167.4.35:9696/v2.0/networks/644d3668-a620-443d-bdf1-ee3d31b1c0e1 0.020s
2019-04-21 07:17:44.053 13350 DEBUG tempest.lib.common.rest_client [req-a5536dd7-2430-469c-9ec2-5fe17ce3b941 ] Request - Headers: {'Content-Type': 'application/json', 'Accept': 'application/json', 'X-Auth-Token': ''} Body: None Response - Headers: {'status': '404', u'content-length': '138', 'content-location': 'http://10.167.4.35:9696/v2.0/networks/644d3668-a620-443d-bdf1-ee3d31b1c0e1', u'date': 'Sun, 21 Apr 2019 07:17:44 GMT', u'content-type': 'application/json', u'connection': 'close', u'x-openstack-request-id': 'req-a5536dd7-2430-469c-9ec2-5fe17ce3b941'} Body: {"NeutronError": {"message": "Network 644d3668-a620-443d-bdf1-ee3d31b1c0e1 could not be found.", "type": "NetworkNotFound", "detail": ""}} _log_request_full /root/.rally/verification/verifier-5ea21f9e-ff46-44dd-8234-4d76e888c4d5/repo/tempest/lib/common/rest_client.py:437
2019-04-21 07:17:44.078 13350 INFO tempest.lib.common.rest_client [req-a32bfabe-8806-48cc-a047-2348efb9076b ] Request (TrunkTestJSON:_run_cleanups): 404 DELETE http://10.167.4.35:9696/v2.0/networks/cf48221a-9ca2-4e17-807c-c5ab50770a88 0.023s
2019-04-21 07:17:44.078 13350 DEBUG tempest.lib.common.rest_client [req-a32bfabe-8806-48cc-a047-2348efb9076b ] Request - Headers: {'Content-Type': 'application/json', 'Accept': 'application/json', 'X-Auth-Token': ''} Body: None Response - Headers: {'status': '404', u'content-length': '138', 'content-location': 'http://10.167.4.35:9696/v2.0/networks/cf48221a-9ca2-4e17-807c-c5ab50770a88', u'date': 'Sun, 21 Apr 2019 07:17:44 GMT', u'content-type': 'application/json', u'connection': 'close', u'x-openstack-request-id': 'req-a32bfabe-8806-48cc-a047-2348efb9076b'} Body: {"NeutronError": {"message": "Network cf48221a-9ca2-4e17-807c-c5ab50770a88 could not be found.", "type": "NetworkNotFound", "detail": ""}} _log_request_full /root/.rally/verification/verifier-5ea21f9e-ff46-44dd-8234-4d76e888c4d5/repo/tempest/lib/common/rest_client.py:437
2019-04-21 07:17:44.139 13346 INFO tempest.lib.common.rest_client [req-eb8e6c36-0359-4640-be32-a45135a123cb ] Request (TrunkTestJSON:_run_cleanups): 204 DELETE http://10.167.4.35:9696/v2.0/trunks/e57de00c-c47a-4674-af9a-753d6c9d6230 0.113s
2019-04-21 07:17:44.140 13346 DEBUG tempest.lib.common.rest_client [req-eb8e6c36-0359-4640-be32-a45135a123cb ] Request - Headers: {'Content-Type': 'application/json', 'Accept': 'application/json', 'X-Auth-Token': ''} Body: None Response - Headers: {'status': '204', u'content-length': '0', 'content-location': 'http://10.167.4.35:9696/v2.0/trunks/e57de00c-c47a-4674-af9a-753d6c9d6230', u'date': 'Sun, 21 Apr 2019 07:17:44 GMT', u'connection': 'close', u'x-openstack-request-id': 'req-eb8e6c36-0359-4640-be32-a45135a123cb'} Body: _log_request_full /root/.rally/verification/verifier-5ea21f9e-ff46-44dd-8234-4d76e888c4d5/repo/tempest/lib/common/rest_client.py:437
2019-04-21 07:17:44.154 13346 INFO tempest.lib.common.rest_client [req-d9f1dedd-9c4b-4b6b-91e7-464515e6efde ] Request (TrunkTestJSON:_run_cleanups): 404 GET http://10.167.4.35:9696/v2.0/trunks/0caa5395-731a-4334-bba5-f91e511fcd63 0.014s
2019-04-21 07:17:44.155 13346 DEBUG tempest.lib.common.rest_client [req-d9f1dedd-9c4b-4b6b-91e7-464515e6efde ] Request - Headers: {'Content-Type': 'application/json', 'Accept': 'application/json', 'X-Auth-Token': ''} Body: None Response - Headers: {'status': '404', u'content-length': '134', 'content-location': 'http://10.167.4.35:9696/v2.0/trunks/0caa5395-731a-4334-bba5-f91e511fcd63', u'date': 'Sun, 21 Apr 2019 07:17:44 GMT', u'content-type': 'application/json', u'connection': 'close', u'x-openstack-request-id': 'req-d9f1dedd-9c4b-4b6b-91e7-464515e6efde'} Body: {"NeutronError": {"message": "Trunk 0caa5395-731a-4334-bba5-f91e511fcd63 could not be found.", "type": "TrunkNotFound", "detail": ""}} _log_request_full /root/.rally/verification/verifier-5ea21f9e-ff46-44dd-8234-4d76e888c4d5/repo/tempest/lib/common/rest_client.py:437
2019-04-21 07:17:44.169 13346 INFO tempest.lib.common.rest_client [req-76e101e4-1537-414d-a8cd-da52092b4817 ] Request (TrunkTestJSON:_run_cleanups): 404 GET http://10.167.4.35:9696/v2.0/trunks/4f930a4a-e521-4c51-8687-319b89434bfb 0.013s
2019-04-21 07:17:44.169 13346 DEBUG tempest.lib.common.rest_client [req-76e101e4-1537-414d-a8cd-da52092b4817 ] Request - Headers: {'Content-Type': 'application/json', 'Accept': 'application/json', 'X-Auth-Token': ''} Body: None Response - Headers: {'status': '404', u'content-length': '134', 'content-location': 'http://10.167.4.35:9696/v2.0/trunks/4f930a4a-e521-4c51-8687-319b89434bfb', u'date': 'Sun, 21 Apr 2019 07:17:44 GMT', u'content-type': 'application/json', u'connection': 'close', u'x-openstack-request-id': 'req-76e101e4-1537-414d-a8cd-da52092b4817'} Body: {"NeutronError": {"message": "Trunk 4f930a4a-e521-4c51-8687-319b89434bfb could not be found.", "type": "TrunkNotFound", "detail": ""}} _log_request_full /root/.rally/verification/verifier-5ea21f9e-ff46-44dd-8234-4d76e888c4d5/repo/tempest/lib/common/rest_client.py:437
2019-04-21 07:17:44.183 13346 INFO tempest.lib.common.rest_client [req-35f82865-c9aa-4f44-922f-4076d211cd7e ] Request (TrunkTestJSON:_run_cleanups): 404 GET http://10.167.4.35:9696/v2.0/trunks/3d399888-9b78-47a0-9bc0-e72a905b7ecb 0.013s
2019-04-21 07:17:44.184 13346 DEBUG tempest.lib.common.rest_client [req-35f82865-c9aa-4f44-922f-4076d211cd7e ] Request - Headers: {'Content-Type': 'application/json', 'Accept': 'application/json', 'X-Auth-Token': ''} Body: None Response - Headers: {'status': '404', u'content-length': '134', 'content-location': 'http://10.167.4.35:9696/v2.0/trunks/3d399888-9b78-47a0-9bc0-e72a905b7ecb', u'date': 'Sun, 21 Apr 2019 07:17:44 GMT', u'content-type': 'application/json', u'connection': 'close', u'x-openstack-request-id': 'req-35f82865-c9aa-4f44-922f-4076d211cd7e'} Body: {"NeutronError": {"message": "Trunk 3d399888-9b78-47a0-9bc0-e72a905b7ecb could not be found.", "type": "TrunkNotFound", "detail": ""}} _log_request_full /root/.rally/verification/verifier-5ea21f9e-ff46-44dd-8234-4d76e888c4d5/repo/tempest/lib/common/rest_client.py:437
2019-04-21 07:17:44.198 13346 INFO tempest.lib.common.rest_client [req-d7fc4ab1-989d-4353-b217-49b001ee685a ] Request (TrunkTestJSON:_run_cleanups): 404 GET http://10.167.4.35:9696/v2.0/trunks/689c1649-c252-4e6a-a439-5af9b0d0a5c3 0.013s
2019-04-21 07:17:44.199 13346 DEBUG tempest.lib.common.rest_client [req-d7fc4ab1-989d-4353-b217-49b001ee685a ] Request - Headers: {'Content-Type': 'application/json', 'Accept': 'application/json', 'X-Auth-Token': ''} Body: None Response - Headers: {'status': '404', u'content-length': '134', 'content-location': 'http://10.167.4.35:9696/v2.0/trunks/689c1649-c252-4e6a-a439-5af9b0d0a5c3', u'date': 'Sun, 21 Apr 2019 07:17:44 GMT', u'content-type': 'application/json', u'connection': 'close', u'x-openstack-request-id': 'req-d7fc4ab1-989d-4353-b217-49b001ee685a'} Body: {"NeutronError": {"message": "Trunk 689c1649-c252-4e6a-a439-5af9b0d0a5c3 could not be found.", "type": "TrunkNotFound", "detail": ""}} _log_request_full /root/.rally/verification/verifier-5ea21f9e-ff46-44dd-8234-4d76e888c4d5/repo/tempest/lib/common/rest_client.py:437
2019-04-21 07:17:44.213 13346 INFO tempest.lib.common.rest_client [req-d270292f-436e-4f95-b09e-608e9ad990c4 ] Request (TrunkTestJSON:_run_cleanups): 404 GET http://10.167.4.35:9696/v2.0/trunks/caff958c-ac7c-4d7f-9fbc-8c718f488649 0.014s
2019-04-21 07:17:44.214 13346 DEBUG tempest.lib.common.rest_client [req-d270292f-436e-4f95-b09e-608e9ad990c4 ] Request - Headers: {'Content-Type': 'application/json', 'Accept': 'application/json', 'X-Auth-Token': ''} Body: None Response - Headers: {'status': '404', u'content-length': '134', 'content-location': 'http://10.167.4.35:9696/v2.0/trunks/caff958c-ac7c-4d7f-9fbc-8c718f488649', u'date': 'Sun, 21 Apr 2019 07:17:44 GMT', u'content-type': 'application/json', u'connection': 'close', u'x-openstack-request-id': 'req-d270292f-436e-4f95-b09e-608e9ad990c4'} Body: {"NeutronError": {"message": "Trunk caff958c-ac7c-4d7f-9fbc-8c718f488649 could not be found.", "type": "TrunkNotFound", "detail": ""}} _log_request_full /root/.rally/verification/verifier-5ea21f9e-ff46-44dd-8234-4d76e888c4d5/repo/tempest/lib/common/rest_client.py:437
2019-04-21 07:17:44.231 13346 INFO tempest.lib.common.rest_client [req-13133318-ab19-4302-bfee-fb090d5032fd ] Request (TrunkTestJSON:_run_cleanups): 404 GET http://10.167.4.35:9696/v2.0/trunks/5e375af4-8115-4edd-8450-4435d50293a6 0.016s
2019-04-21 07:17:44.231 13346 DEBUG tempest.lib.common.rest_client [req-13133318-ab19-4302-bfee-fb090d5032fd ] Request - Headers: {'Content-Type': 'application/json', 'Accept': 'application/json', 'X-Auth-Token': ''} Body: None Response - Headers: {'status': '404', u'content-length': '134', 'content-location': 'http://10.167.4.35:9696/v2.0/trunks/5e375af4-8115-4edd-8450-4435d50293a6', u'date': 'Sun, 21 Apr 2019 07:17:44 GMT', u'content-type': 'application/json', u'connection': 'close', u'x-openstack-request-id': 'req-13133318-ab19-4302-bfee-fb090d5032fd'} Body: {"NeutronError": {"message": "Trunk 5e375af4-8115-4edd-8450-4435d50293a6 could not be found.", "type": "TrunkNotFound", "detail": ""}} _log_request_full /root/.rally/verification/verifier-5ea21f9e-ff46-44dd-8234-4d76e888c4d5/repo/tempest/lib/common/rest_client.py:437
2019-04-21 07:17:44.246 13346 INFO tempest.lib.common.rest_client [req-e8d6380f-ae73-4b44-bee4-91f82cb3c517 ] Request (TrunkTestJSON:_run_cleanups): 404 GET http://10.167.4.35:9696/v2.0/trunks/89d33d9b-82b9-4966-bc46-c5fc7fe290aa 0.013s
2019-04-21 07:17:44.246 13346 DEBUG tempest.lib.common.rest_client [req-e8d6380f-ae73-4b44-bee4-91f82cb3c517 ] Request - Headers: {'Content-Type': 'application/json', 'Accept': 'application/json', 'X-Auth-Token': ''} Body: None Response - Headers: {'status': '404', u'content-length': '134', 'content-location': 'http://10.167.4.35:9696/v2.0/trunks/89d33d9b-82b9-4966-bc46-c5fc7fe290aa', u'date': 'Sun, 21 Apr 2019 07:17:44 GMT', u'content-type': 'application/json', u'connection': 'close', u'x-openstack-request-id': 'req-e8d6380f-ae73-4b44-bee4-91f82cb3c517'} Body: {"NeutronError": {"message": "Trunk 89d33d9b-82b9-4966-bc46-c5fc7fe290aa could not be found.", "type": "TrunkNotFound", "detail": ""}} _log_request_full /root/.rally/verification/verifier-5ea21f9e-ff46-44dd-8234-4d76e888c4d5/repo/tempest/lib/common/rest_client.py:437
2019-04-21 07:17:44.261 13346 INFO tempest.lib.common.rest_client [req-bd06deb5-7c67-4ff5-b084-a0aa3c4187d2 ] Request (TrunkTestJSON:_run_cleanups): 404 GET http://10.167.4.35:9696/v2.0/trunks/2d29aa4d-0822-42cd-8ed6-f194b2dadbc0 0.013s
2019-04-21 07:17:44.261 13346 DEBUG tempest.lib.common.rest_client [req-bd06deb5-7c67-4ff5-b084-a0aa3c4187d2 ] Request - Headers: {'Content-Type': 'application/json', 'Accept': 'application/json', 'X-Auth-Token': ''} Body: None Response - Headers: {'status': '404', u'content-length': '134', 'content-location': 'http://10.167.4.35:9696/v2.0/trunks/2d29aa4d-0822-42cd-8ed6-f194b2dadbc0', u'date': 'Sun, 21 Apr 2019 07:17:44 GMT', u'content-type': 'application/json', u'connection': 'close', u'x-openstack-request-id': 'req-bd06deb5-7c67-4ff5-b084-a0aa3c4187d2'} Body: {"NeutronError": {"message": "Trunk 2d29aa4d-0822-42cd-8ed6-f194b2dadbc0 could not be found.", "type": "TrunkNotFound", "detail": ""}} _log_request_full /root/.rally/verification/verifier-5ea21f9e-ff46-44dd-8234-4d76e888c4d5/repo/tempest/lib/common/rest_client.py:437
2019-04-21 07:17:44.268 13350 INFO tempest.lib.common.rest_client [req-0a968ac2-fddd-45c5-9477-890c01d561b6 ] Request (TrunkTestJSON:test_create_trunk_nonexistent_subport_port_id): 201 POST http://10.167.4.35:9696/v2.0/networks 0.188s
2019-04-21 07:17:44.269 13350 DEBUG tempest.lib.common.rest_client [req-0a968ac2-fddd-45c5-9477-890c01d561b6 ] Request - Headers: {'Content-Type': 'application/json', 'Accept': 'application/json', 'X-Auth-Token': ''} Body: {"network": {"name": "tempest-test-network--516279056"}} Response - Headers: {'status': '201', u'content-length': '568', 'content-location': 'http://10.167.4.35:9696/v2.0/networks', u'date': 'Sun, 21 Apr 2019 07:17:44 GMT', u'content-type': 'application/json', u'connection': 'close', u'x-openstack-request-id': 'req-0a968ac2-fddd-45c5-9477-890c01d561b6'} Body: {"network":{"status":"ACTIVE","router:external":false,"availability_zone_hints":[],"availability_zones":[],"description":"","subnets":[],"shared":false,"tenant_id":"59a12e4049f142269dd2e8d0e33f02c2","created_at":"2019-04-21T07:17:44Z","tags":[],"ipv6_address_scope":null,"mtu":1450,"updated_at":"2019-04-21T07:17:44Z","admin_state_up":true,"revision_number":1,"ipv4_address_scope":null,"is_default":false,"port_security_enabled":true,"project_id":"59a12e4049f142269dd2e8d0e33f02c2","id":"03effd38-124a-4a87-a9b6-505950de8727","name":"tempest-test-network--516279056"}} _log_request_full /root/.rally/verification/verifier-5ea21f9e-ff46-44dd-8234-4d76e888c4d5/repo/tempest/lib/common/rest_client.py:437
2019-04-21 07:17:44.275 13346 INFO tempest.lib.common.rest_client [req-53bae20b-d5c9-4305-b79c-ec02c977a2c3 ] Request (TrunkTestJSON:_run_cleanups): 404 GET http://10.167.4.35:9696/v2.0/trunks/06d91dc4-5630-492c-b063-129efc7b423b 0.013s
2019-04-21 07:17:44.275 13346 DEBUG tempest.lib.common.rest_client [req-53bae20b-d5c9-4305-b79c-ec02c977a2c3 ] Request - Headers: {'Content-Type': 'application/json', 'Accept': 'application/json', 'X-Auth-Token': ''} Body: None Response - Headers: {'status': '404', u'content-length': '134', 'content-location': 'http://10.167.4.35:9696/v2.0/trunks/06d91dc4-5630-492c-b063-129efc7b423b', u'date': 'Sun, 21 Apr 2019 07:17:44 GMT', u'content-type': 'application/json', u'connection': 'close', u'x-openstack-request-id': 'req-53bae20b-d5c9-4305-b79c-ec02c977a2c3'} Body: {"NeutronError": {"message": "Trunk 06d91dc4-5630-492c-b063-129efc7b423b could not be found.", "type": "TrunkNotFound", "detail": ""}} _log_request_full /root/.rally/verification/verifier-5ea21f9e-ff46-44dd-8234-4d76e888c4d5/repo/tempest/lib/common/rest_client.py:437
2019-04-21 07:17:44.289 13346 INFO tempest.lib.common.rest_client [req-34e63677-f072-4852-ad58-8ce9136ecf6a ] Request (TrunkTestJSON:_run_cleanups): 404 GET http://10.167.4.35:9696/v2.0/trunks/e57de00c-c47a-4674-af9a-753d6c9d6230 0.013s
2019-04-21 07:17:44.290 13346 DEBUG tempest.lib.common.rest_client [req-34e63677-f072-4852-ad58-8ce9136ecf6a ] Request - Headers: {'Content-Type': 'application/json', 'Accept': 'application/json', 'X-Auth-Token': ''} Body: None Response - Headers: {'status': '404', u'content-length': '134', 'content-location': 'http://10.167.4.35:9696/v2.0/trunks/e57de00c-c47a-4674-af9a-753d6c9d6230', u'date': 'Sun, 21 Apr 2019 07:17:44 GMT', u'content-type': 'application/json', u'connection': 'close', u'x-openstack-request-id': 'req-34e63677-f072-4852-ad58-8ce9136ecf6a'} Body: {"NeutronError": {"message": "Trunk e57de00c-c47a-4674-af9a-753d6c9d6230 could not be found.", "type": "TrunkNotFound", "detail": ""}} _log_request_full /root/.rally/verification/verifier-5ea21f9e-ff46-44dd-8234-4d76e888c4d5/repo/tempest/lib/common/rest_client.py:437
2019-04-21 07:17:44.317 13346 INFO tempest.lib.common.rest_client [req-9e97bb06-0c60-46c1-be57-f1113b123419 ] Request (TrunkTestJSON:_run_cleanups): 404 DELETE http://10.167.4.35:9696/v2.0/ports/b9e73f7c-0327-4348-bda0-bb29e0e2b309 0.026s
2019-04-21 07:17:44.317 13346 DEBUG tempest.lib.common.rest_client [req-9e97bb06-0c60-46c1-be57-f1113b123419 ] Request - Headers: {'Content-Type': 'application/json', 'Accept': 'application/json', 'X-Auth-Token': ''} Body: None Response - Headers: {'status': '404', u'content-length': '132', 'content-location': 'http://10.167.4.35:9696/v2.0/ports/b9e73f7c-0327-4348-bda0-bb29e0e2b309', u'date': 'Sun, 21 Apr 2019 07:17:44 GMT', u'content-type': 'application/json', u'connection': 'close', u'x-openstack-request-id': 'req-9e97bb06-0c60-46c1-be57-f1113b123419'} Body: {"NeutronError": {"message": "Port b9e73f7c-0327-4348-bda0-bb29e0e2b309 could not be found.", "type": "PortNotFound", "detail": ""}} _log_request_full /root/.rally/verification/verifier-5ea21f9e-ff46-44dd-8234-4d76e888c4d5/repo/tempest/lib/common/rest_client.py:437
2019-04-21 07:17:44.347 13346 INFO tempest.lib.common.rest_client [req-2c0989d3-1995-4db6-9f73-df0d95065553 ] Request (TrunkTestJSON:_run_cleanups): 404 DELETE http://10.167.4.35:9696/v2.0/ports/1172fd7c-09f3-42b0-8078-790bcdca968d 0.029s
2019-04-21 07:17:44.348 13346 DEBUG tempest.lib.common.rest_client [req-2c0989d3-1995-4db6-9f73-df0d95065553 ] Request - Headers: {'Content-Type': 'application/json', 'Accept': 'application/json', 'X-Auth-Token': ''} Body: None Response - Headers: {'status': '404', u'content-length': '132', 'content-location': 'http://10.167.4.35:9696/v2.0/ports/1172fd7c-09f3-42b0-8078-790bcdca968d', u'date': 'Sun, 21 Apr 2019 07:17:44 GMT', u'content-type': 'application/json', u'connection': 'close', u'x-openstack-request-id': 'req-2c0989d3-1995-4db6-9f73-df0d95065553'} Body: {"NeutronError": {"message": "Port 1172fd7c-09f3-42b0-8078-790bcdca968d could not be found.", "type": "PortNotFound", "detail": ""}} _log_request_full /root/.rally/verification/verifier-5ea21f9e-ff46-44dd-8234-4d76e888c4d5/repo/tempest/lib/common/rest_client.py:437
2019-04-21 07:17:44.376 13346 INFO tempest.lib.common.rest_client [req-2dd56ba9-99f3-4bc5-8ea6-2c8c362bb302 ] Request (TrunkTestJSON:_run_cleanups): 404 DELETE http://10.167.4.35:9696/v2.0/ports/5c2d736c-e3a9-4bdf-933a-3ec6d3539742 0.027s
2019-04-21 07:17:44.377 13346 DEBUG tempest.lib.common.rest_client [req-2dd56ba9-99f3-4bc5-8ea6-2c8c362bb302 ] Request - Headers: {'Content-Type': 'application/json', 'Accept': 'application/json', 'X-Auth-Token': ''} Body: None Response - Headers: {'status': '404', u'content-length': '132', 'content-location': 'http://10.167.4.35:9696/v2.0/ports/5c2d736c-e3a9-4bdf-933a-3ec6d3539742', u'date': 'Sun, 21 Apr 2019 07:17:44 GMT', u'content-type': 'application/json', u'connection': 'close', u'x-openstack-request-id': 'req-2dd56ba9-99f3-4bc5-8ea6-2c8c362bb302'} Body: {"NeutronError": {"message": "Port 5c2d736c-e3a9-4bdf-933a-3ec6d3539742 could not be found.", "type": "PortNotFound", "detail": ""}} _log_request_full /root/.rally/verification/verifier-5ea21f9e-ff46-44dd-8234-4d76e888c4d5/repo/tempest/lib/common/rest_client.py:437
2019-04-21 07:17:44.405 13346 INFO tempest.lib.common.rest_client [req-4a9c991f-0297-4a69-91c7-0e7ff8399595 ] Request (TrunkTestJSON:_run_cleanups): 404 DELETE http://10.167.4.35:9696/v2.0/ports/266d0187-1f1e-4250-b0fb-e7c11b79a4bf 0.027s
2019-04-21 07:17:44.406 13346 DEBUG tempest.lib.common.rest_client [req-4a9c991f-0297-4a69-91c7-0e7ff8399595 ] Request - Headers: {'Content-Type': 'application/json', 'Accept': 'application/json', 'X-Auth-Token': ''} Body: None Response - Headers: {'status': '404', u'content-length': '132', 'content-location': 'http://10.167.4.35:9696/v2.0/ports/266d0187-1f1e-4250-b0fb-e7c11b79a4bf', u'date': 'Sun, 21 Apr 2019 07:17:44 GMT', u'content-type': 'application/json', u'connection': 'close', u'x-openstack-request-id': 'req-4a9c991f-0297-4a69-91c7-0e7ff8399595'} Body: {"NeutronError": {"message": "Port 266d0187-1f1e-4250-b0fb-e7c11b79a4bf could not be found.", "type": "PortNotFound", "detail": ""}} _log_request_full /root/.rally/verification/verifier-5ea21f9e-ff46-44dd-8234-4d76e888c4d5/repo/tempest/lib/common/rest_client.py:437
2019-04-21 07:17:44.467 13346 INFO tempest.lib.common.rest_client [req-9e6e7f34-f484-4d5e-bb28-a26851192e31 ] Request (TrunkTestJSON:_run_cleanups): 404 DELETE http://10.167.4.35:9696/v2.0/ports/9f1e1689-e9ac-4c3d-aecc-a106c286f136 0.060s
2019-04-21 07:17:44.467 13346 DEBUG tempest.lib.common.rest_client [req-9e6e7f34-f484-4d5e-bb28-a26851192e31 ] Request - Headers: {'Content-Type': 'application/json', 'Accept': 'application/json', 'X-Auth-Token': ''} Body: None Response - Headers: {'status': '404', u'content-length': '132', 'content-location': 'http://10.167.4.35:9696/v2.0/ports/9f1e1689-e9ac-4c3d-aecc-a106c286f136', u'date': 'Sun, 21 Apr 2019 07:17:44 GMT', u'content-type': 'application/json', u'connection': 'close', u'x-openstack-request-id': 'req-9e6e7f34-f484-4d5e-bb28-a26851192e31'} Body: {"NeutronError": {"message": "Port 9f1e1689-e9ac-4c3d-aecc-a106c286f136 could not be found.", "type": "PortNotFound", "detail": ""}} _log_request_full /root/.rally/verification/verifier-5ea21f9e-ff46-44dd-8234-4d76e888c4d5/repo/tempest/lib/common/rest_client.py:437
2019-04-21 07:17:44.498 13346 INFO tempest.lib.common.rest_client [req-04b10388-cbf3-4788-b7b2-978a218cafb0 ] Request (TrunkTestJSON:_run_cleanups): 404 DELETE http://10.167.4.35:9696/v2.0/ports/ea0eda4c-e316-4dce-8442-6fdb781a5a5e 0.030s
2019-04-21 07:17:44.499 13346 DEBUG tempest.lib.common.rest_client [req-04b10388-cbf3-4788-b7b2-978a218cafb0 ] Request - Headers: {'Content-Type': 'application/json', 'Accept': 'application/json', 'X-Auth-Token': ''} Body: None Response - Headers: {'status': '404', u'content-length': '132', 'content-location': 'http://10.167.4.35:9696/v2.0/ports/ea0eda4c-e316-4dce-8442-6fdb781a5a5e', u'date': 'Sun, 21 Apr 2019 07:17:44 GMT', u'content-type': 'application/json', u'connection': 'close', u'x-openstack-request-id': 'req-04b10388-cbf3-4788-b7b2-978a218cafb0'} Body: {"NeutronError": {"message": "Port ea0eda4c-e316-4dce-8442-6fdb781a5a5e could not be found.", "type": "PortNotFound", "detail": ""}} _log_request_full /root/.rally/verification/verifier-5ea21f9e-ff46-44dd-8234-4d76e888c4d5/repo/tempest/lib/common/rest_client.py:437
2019-04-21 07:17:44.531 13346 INFO tempest.lib.common.rest_client [req-bc3ee6f4-ccc5-43c0-9a68-731443fa7d49 ] Request (TrunkTestJSON:_run_cleanups): 404 DELETE http://10.167.4.35:9696/v2.0/ports/c37ab602-6cb0-43b5-962a-28b38db0faa2 0.031s
2019-04-21 07:17:44.532 13346 DEBUG tempest.lib.common.rest_client [req-bc3ee6f4-ccc5-43c0-9a68-731443fa7d49 ] Request - Headers: {'Content-Type': 'application/json', 'Accept': 'application/json', 'X-Auth-Token': ''} Body: None Response - Headers: {'status': '404', u'content-length': '132', 'content-location': 'http://10.167.4.35:9696/v2.0/ports/c37ab602-6cb0-43b5-962a-28b38db0faa2', u'date': 'Sun, 21 Apr 2019 07:17:44 GMT', u'content-type': 'application/json', u'connection': 'close', u'x-openstack-request-id': 'req-bc3ee6f4-ccc5-43c0-9a68-731443fa7d49'} Body: {"NeutronError": {"message": "Port c37ab602-6cb0-43b5-962a-28b38db0faa2 could not be found.", "type": "PortNotFound", "detail": ""}} _log_request_full /root/.rally/verification/verifier-5ea21f9e-ff46-44dd-8234-4d76e888c4d5/repo/tempest/lib/common/rest_client.py:437
2019-04-21 07:17:44.560 13346 INFO tempest.lib.common.rest_client [req-67cf7bf9-63d1-47e8-b335-318584c60cc9 ] Request (TrunkTestJSON:_run_cleanups): 404 DELETE http://10.167.4.35:9696/v2.0/ports/1367fa67-56be-41e5-89cf-d91d6188d32a 0.027s
2019-04-21 07:17:44.561 13346 DEBUG tempest.lib.common.rest_client [req-67cf7bf9-63d1-47e8-b335-318584c60cc9 ] Request - Headers: {'Content-Type': 'application/json', 'Accept': 'application/json', 'X-Auth-Token': ''} Body: None Response - Headers: {'status': '404', u'content-length': '132', 'content-location': 'http://10.167.4.35:9696/v2.0/ports/1367fa67-56be-41e5-89cf-d91d6188d32a', u'date': 'Sun, 21 Apr 2019 07:17:44 GMT', u'content-type': 'application/json', u'connection': 'close', u'x-openstack-request-id': 'req-67cf7bf9-63d1-47e8-b335-318584c60cc9'} Body: {"NeutronError": {"message": "Port 1367fa67-56be-41e5-89cf-d91d6188d32a could not be found.", "type": "PortNotFound", "detail": ""}} _log_request_full /root/.rally/verification/verifier-5ea21f9e-ff46-44dd-8234-4d76e888c4d5/repo/tempest/lib/common/rest_client.py:437
2019-04-21 07:17:44.589 13346 INFO tempest.lib.common.rest_client [req-d10c9ffc-dac1-490b-a974-e15dc38d99f2 ] Request (TrunkTestJSON:_run_cleanups): 404 DELETE http://10.167.4.35:9696/v2.0/ports/089bd5bd-44d3-4c6d-8ecc-e0e66a2166fb 0.028s
2019-04-21 07:17:44.590 13346 DEBUG tempest.lib.common.rest_client [req-d10c9ffc-dac1-490b-a974-e15dc38d99f2 ] Request - Headers: {'Content-Type': 'application/json', 'Accept': 'application/json', 'X-Auth-Token': ''} Body: None Response - Headers: {'status': '404', u'content-length': '132', 'content-location': 'http://10.167.4.35:9696/v2.0/ports/089bd5bd-44d3-4c6d-8ecc-e0e66a2166fb', u'date': 'Sun, 21 Apr 2019 07:17:44 GMT', u'content-type': 'application/json', u'connection': 'close', u'x-openstack-request-id': 'req-d10c9ffc-dac1-490b-a974-e15dc38d99f2'} Body: {"NeutronError": {"message": "Port 089bd5bd-44d3-4c6d-8ecc-e0e66a2166fb could not be found.", "type": "PortNotFound", "detail": ""}} _log_request_full /root/.rally/verification/verifier-5ea21f9e-ff46-44dd-8234-4d76e888c4d5/repo/tempest/lib/common/rest_client.py:437
2019-04-21 07:17:44.618 13346 INFO tempest.lib.common.rest_client [req-dc84bc19-8b45-443d-ba68-be4d08b89893 ] Request (TrunkTestJSON:_run_cleanups): 404 DELETE http://10.167.4.35:9696/v2.0/ports/085281e7-1c21-4922-812d-f2698e5f56db 0.027s
2019-04-21 07:17:44.618 13346 DEBUG tempest.lib.common.rest_client [req-dc84bc19-8b45-443d-ba68-be4d08b89893 ] Request - Headers: {'Content-Type': 'application/json', 'Accept': 'application/json', 'X-Auth-Token': ''} Body: None Response - Headers: {'status': '404', u'content-length': '132', 'content-location': 'http://10.167.4.35:9696/v2.0/ports/085281e7-1c21-4922-812d-f2698e5f56db', u'date': 'Sun, 21 Apr 2019 07:17:44 GMT', u'content-type': 'application/json', u'connection': 'close', u'x-openstack-request-id': 'req-dc84bc19-8b45-443d-ba68-be4d08b89893'} Body: {"NeutronError": {"message": "Port 085281e7-1c21-4922-812d-f2698e5f56db could not be found.", "type": "PortNotFound", "detail": ""}} _log_request_full /root/.rally/verification/verifier-5ea21f9e-ff46-44dd-8234-4d76e888c4d5/repo/tempest/lib/common/rest_client.py:437
2019-04-21 07:17:44.653 13346 INFO tempest.lib.common.rest_client [req-aa941771-c108-4568-a2f4-39b3f3f1cfb7 ] Request (TrunkTestJSON:_run_cleanups): 404 DELETE http://10.167.4.35:9696/v2.0/ports/399e32c2-207c-4a4e-8edc-4cf469c73819 0.034s
2019-04-21 07:17:44.654 13346 DEBUG tempest.lib.common.rest_client [req-aa941771-c108-4568-a2f4-39b3f3f1cfb7 ] Request - Headers: {'Content-Type': 'application/json', 'Accept': 'application/json', 'X-Auth-Token': ''} Body: None Response - Headers: {'status': '404', u'content-length': '132', 'content-location': 'http://10.167.4.35:9696/v2.0/ports/399e32c2-207c-4a4e-8edc-4cf469c73819', u'date': 'Sun, 21 Apr 2019 07:17:44 GMT', u'content-type': 'application/json', u'connection': 'close', u'x-openstack-request-id': 'req-aa941771-c108-4568-a2f4-39b3f3f1cfb7'} Body: {"NeutronError": {"message": "Port 399e32c2-207c-4a4e-8edc-4cf469c73819 could not be found.", "type": "PortNotFound", "detail": ""}} _log_request_full /root/.rally/verification/verifier-5ea21f9e-ff46-44dd-8234-4d76e888c4d5/repo/tempest/lib/common/rest_client.py:437
2019-04-21 07:17:44.786 13350 INFO tempest.lib.common.rest_client [req-62d13724-34c0-40b1-be34-7374ea67b5c8 ] Request (TrunkTestJSON:test_create_trunk_nonexistent_subport_port_id): 201 POST http://10.167.4.35:9696/v2.0/ports 0.516s
