2019-01-06 04:34:02.792 17915 DEBUG tempest.lib.common.rest_client [req-b3f15796-9c05-4a5d-8c5e-6f44fb62ffef ] Request - Headers: {'Content-Type': 'application/json', 'Accept': 'application/json', 'X-Auth-Token': ''} Body: None Response - Headers: {'status': '404', u'content-length': '132', 'content-location': 'http://10.167.4.35:9696/v2.0/ports/31c41f53-9ce7-4654-9b1b-bb3b0acaf331', u'date': 'Sun, 06 Jan 2019 04:34:02 GMT', u'content-type': 'application/json', u'connection': 'close', u'x-openstack-request-id': 'req-b3f15796-9c05-4a5d-8c5e-6f44fb62ffef'} Body: {"NeutronError": {"message": "Port 31c41f53-9ce7-4654-9b1b-bb3b0acaf331 could not be found.", "type": "PortNotFound", "detail": ""}} _log_request_full /root/.rally/verification/verifier-f54ee89f-aafe-4993-a5b1-bc33806a58db/repo/tempest/lib/common/rest_client.py:434
2019-01-06 04:34:02.843 17915 INFO tempest.lib.common.rest_client [req-8eab2aa1-08d1-42a5-9f89-b9c1504f5246 ] Request (TrunkTestJSON:_run_cleanups): 404 DELETE http://10.167.4.35:9696/v2.0/ports/c8212f11-0b2e-4a2e-890d-2e103e0d087a 0.050s
2019-01-06 04:34:02.844 17915 DEBUG tempest.lib.common.rest_client [req-8eab2aa1-08d1-42a5-9f89-b9c1504f5246 ] Request - Headers: {'Content-Type': 'application/json', 'Accept': 'application/json', 'X-Auth-Token': ''} Body: None Response - Headers: {'status': '404', u'content-length': '132', 'content-location': 'http://10.167.4.35:9696/v2.0/ports/c8212f11-0b2e-4a2e-890d-2e103e0d087a', u'date': 'Sun, 06 Jan 2019 04:34:02 GMT', u'content-type': 'application/json', u'connection': 'close', u'x-openstack-request-id': 'req-8eab2aa1-08d1-42a5-9f89-b9c1504f5246'} Body: {"NeutronError": {"message": "Port c8212f11-0b2e-4a2e-890d-2e103e0d087a could not be found.", "type": "PortNotFound", "detail": ""}} _log_request_full /root/.rally/verification/verifier-f54ee89f-aafe-4993-a5b1-bc33806a58db/repo/tempest/lib/common/rest_client.py:434
2019-01-06 04:34:02.895 17915 INFO tempest.lib.common.rest_client [req-a649f7bf-ae4a-4859-a164-9c92f589d284 ] Request (TrunkTestJSON:_run_cleanups): 404 DELETE http://10.167.4.35:9696/v2.0/ports/bf8e4806-789b-4d1e-930d-2bb6287ed40b 0.050s
2019-01-06 04:34:02.896 17915 DEBUG tempest.lib.common.rest_client [req-a649f7bf-ae4a-4859-a164-9c92f589d284 ] Request - Headers: {'Content-Type': 'application/json', 'Accept': 'application/json', 'X-Auth-Token': ''} Body: None Response - Headers: {'status': '404', u'content-length': '132', 'content-location': 'http://10.167.4.35:9696/v2.0/ports/bf8e4806-789b-4d1e-930d-2bb6287ed40b', u'date': 'Sun, 06 Jan 2019 04:34:02 GMT', u'content-type': 'application/json', u'connection': 'close', u'x-openstack-request-id': 'req-a649f7bf-ae4a-4859-a164-9c92f589d284'} Body: {"NeutronError": {"message": "Port bf8e4806-789b-4d1e-930d-2bb6287ed40b could not be found.", "type": "PortNotFound", "detail": ""}} _log_request_full /root/.rally/verification/verifier-f54ee89f-aafe-4993-a5b1-bc33806a58db/repo/tempest/lib/common/rest_client.py:434
2019-01-06 04:34:03.259 17919 INFO tempest.lib.common.rest_client [req-81e0e135-34ac-4124-9d8d-891acc56052c ] Request (TrunkTestJSON:test_create_subport_missing_segmentation_id): 201 POST http://10.167.4.35:9696/v2.0/ports 0.930s
2019-01-06 04:34:03.260 17919 DEBUG tempest.lib.common.rest_client [req-81e0e135-34ac-4124-9d8d-891acc56052c ] Request - Headers: {'Content-Type': 'application/json', 'Accept': 'application/json', 'X-Auth-Token': ''} Body: {"port": {"network_id": "d91dfdb7-7e8e-422e-accc-36a1c444e92d"}} Response - Headers: {'status': '201', u'content-length': '615', 'content-location': 'http://10.167.4.35:9696/v2.0/ports', u'date': 'Sun, 06 Jan 2019 04:34:03 GMT', u'content-type': 'application/json', u'connection': 'close', u'x-openstack-request-id': 'req-81e0e135-34ac-4124-9d8d-891acc56052c'} Body: {"port":{"status":"DOWN","created_at":"2019-01-06T04:34:02Z","description":"","allowed_address_pairs":[],"tags":[],"network_id":"d91dfdb7-7e8e-422e-accc-36a1c444e92d","tenant_id":"8bd4570d61f74bef8d8fda63faddb01c","extra_dhcp_opts":[],"admin_state_up":true,"updated_at":"2019-01-06T04:34:02Z","name":"","device_owner":"","revision_number":5,"mac_address":"fa:16:3e:12:58:07","binding:vnic_type":"normal","port_security_enabled":true,"project_id":"8bd4570d61f74bef8d8fda63faddb01c","fixed_ips":[],"id":"d6469bea-8a1c-459b-8a5d-fd5673a8c395","security_groups":["a215be40-c658-4b17-91f0-057c1952e7e5"],"device_id":""}} _log_request_full /root/.rally/verification/verifier-f54ee89f-aafe-4993-a5b1-bc33806a58db/repo/tempest/lib/common/rest_client.py:434
2019-01-06 04:34:03.315 17919 INFO tempest.lib.common.rest_client [req-3a83c730-5bc2-493e-8100-91f10613450f ] Request (TrunkTestJSON:test_create_subport_missing_segmentation_id): 400 PUT http://10.167.4.35:9696/v2.0/trunks/fd47df51-a1dd-44e4-a730-87bfbd278c6a/add_subports 0.052s
2019-01-06 04:34:03.318 17919 DEBUG tempest.lib.common.rest_client [req-3a83c730-5bc2-493e-8100-91f10613450f ] Request - Headers: {'Content-Type': 'application/json', 'Accept': 'application/json', 'X-Auth-Token': ''} Body: {"sub_ports": [{"segmentation_type": "vlan", "port_id": "d6469bea-8a1c-459b-8a5d-fd5673a8c395"}]} Response - Headers: {'status': '400', u'content-length': '302', 'content-location': 'http://10.167.4.35:9696/v2.0/trunks/fd47df51-a1dd-44e4-a730-87bfbd278c6a/add_subports', u'date': 'Sun, 06 Jan 2019 04:34:03 GMT', u'content-type': 'application/json', u'connection': 'close', u'x-openstack-request-id': 'req-3a83c730-5bc2-493e-8100-91f10613450f'} Body: {"NeutronError": {"message": "Invalid input for operation: Invalid subport details '{u'segmentation_type': u'vlan', u'port_id': u'd6469bea-8a1c-459b-8a5d-fd5673a8c395'}': missing segmentation information. Must specify both segmentation_id and segmentation_type.", "type": "InvalidInput", "detail": ""}} _log_request_full /root/.rally/verification/verifier-f54ee89f-aafe-4993-a5b1-bc33806a58db/repo/tempest/lib/common/rest_client.py:434
2019-01-06 04:34:03.350 17919 INFO tempest.lib.common.rest_client [req-68175087-5f56-4bad-a527-edb6caca9bc3 ] Request (TrunkTestJSON:_run_cleanups): 404 GET http://10.167.4.35:9696/v2.0/trunks/e5484c6a-85b1-4f8b-9b42-3edfb4ed4121/get_subports 0.026s
2019-01-06 04:34:03.350 17919 DEBUG tempest.lib.common.rest_client [req-68175087-5f56-4bad-a527-edb6caca9bc3 ] Request - Headers: {'Content-Type': 'application/json', 'Accept': 'application/json', 'X-Auth-Token': ''} Body: None Response - Headers: {'status': '404', u'content-length': '134', 'content-location': 'http://10.167.4.35:9696/v2.0/trunks/e5484c6a-85b1-4f8b-9b42-3edfb4ed4121/get_subports', u'date': 'Sun, 06 Jan 2019 04:34:03 GMT', u'content-type': 'application/json', u'connection': 'close', u'x-openstack-request-id': 'req-68175087-5f56-4bad-a527-edb6caca9bc3'} Body: {"NeutronError": {"message": "Trunk e5484c6a-85b1-4f8b-9b42-3edfb4ed4121 could not be found.", "type": "TrunkNotFound", "detail": ""}} _log_request_full /root/.rally/verification/verifier-f54ee89f-aafe-4993-a5b1-bc33806a58db/repo/tempest/lib/common/rest_client.py:434
2019-01-06 04:34:03.373 17919 INFO tempest.lib.common.rest_client [req-ce7291b5-4102-49ed-8e68-14e2e61ead7c ] Request (TrunkTestJSON:_run_cleanups): 404 DELETE http://10.167.4.35:9696/v2.0/trunks/e5484c6a-85b1-4f8b-9b42-3edfb4ed4121 0.022s
2019-01-06 04:34:03.374 17919 DEBUG tempest.lib.common.rest_client [req-ce7291b5-4102-49ed-8e68-14e2e61ead7c ] Request - Headers: {'Content-Type': 'application/json', 'Accept': 'application/json', 'X-Auth-Token': ''} Body: None Response - Headers: {'status': '404', u'content-length': '134', 'content-location': 'http://10.167.4.35:9696/v2.0/trunks/e5484c6a-85b1-4f8b-9b42-3edfb4ed4121', u'date': 'Sun, 06 Jan 2019 04:34:03 GMT', u'content-type': 'application/json', u'connection': 'close', u'x-openstack-request-id': 'req-ce7291b5-4102-49ed-8e68-14e2e61ead7c'} Body: {"NeutronError": {"message": "Trunk e5484c6a-85b1-4f8b-9b42-3edfb4ed4121 could not be found.", "type": "TrunkNotFound", "detail": ""}} _log_request_full /root/.rally/verification/verifier-f54ee89f-aafe-4993-a5b1-bc33806a58db/repo/tempest/lib/common/rest_client.py:434
2019-01-06 04:34:03.394 17915 INFO tempest.lib.common.rest_client [req-10c319f0-3b6c-4d64-9240-af2137ec68b2 ] Request (TrunkTestJSON:_run_cleanups): 204 DELETE http://10.167.4.35:9696/v2.0/ports/ab4668af-ee00-4c85-adc1-29dec898a036 0.497s
2019-01-06 04:34:03.395 17915 DEBUG tempest.lib.common.rest_client [req-10c319f0-3b6c-4d64-9240-af2137ec68b2 ] Request - Headers: {'Content-Type': 'application/json', 'Accept': 'application/json', 'X-Auth-Token': ''} Body: None Response - Headers: {'status': '204', u'content-length': '0', 'content-location': 'http://10.167.4.35:9696/v2.0/ports/ab4668af-ee00-4c85-adc1-29dec898a036', u'date': 'Sun, 06 Jan 2019 04:34:03 GMT', u'connection': 'close', u'x-openstack-request-id': 'req-10c319f0-3b6c-4d64-9240-af2137ec68b2'} Body: _log_request_full /root/.rally/verification/verifier-f54ee89f-aafe-4993-a5b1-bc33806a58db/repo/tempest/lib/common/rest_client.py:434
2019-01-06 04:34:03.401 17919 INFO tempest.lib.common.rest_client [req-9a0d82ce-ab58-4c0d-a657-76087cc34ffb ] Request (TrunkTestJSON:_run_cleanups): 404 GET http://10.167.4.35:9696/v2.0/trunks/ee77785c-bc82-460e-b980-e81e7875f17c/get_subports 0.027s
2019-01-06 04:34:03.402 17919 DEBUG tempest.lib.common.rest_client [req-9a0d82ce-ab58-4c0d-a657-76087cc34ffb ] Request - Headers: {'Content-Type': 'application/json', 'Accept': 'application/json', 'X-Auth-Token': ''} Body: None Response - Headers: {'status': '404', u'content-length': '134', 'content-location': 'http://10.167.4.35:9696/v2.0/trunks/ee77785c-bc82-460e-b980-e81e7875f17c/get_subports', u'date': 'Sun, 06 Jan 2019 04:34:03 GMT', u'content-type': 'application/json', u'connection': 'close', u'x-openstack-request-id': 'req-9a0d82ce-ab58-4c0d-a657-76087cc34ffb'} Body: {"NeutronError": {"message": "Trunk ee77785c-bc82-460e-b980-e81e7875f17c could not be found.", "type": "TrunkNotFound", "detail": ""}} _log_request_full /root/.rally/verification/verifier-f54ee89f-aafe-4993-a5b1-bc33806a58db/repo/tempest/lib/common/rest_client.py:434
2019-01-06 04:34:03.423 17919 INFO tempest.lib.common.rest_client [req-c7616cd5-9566-457e-b389-442933650734 ] Request (TrunkTestJSON:_run_cleanups): 404 DELETE http://10.167.4.35:9696/v2.0/trunks/ee77785c-bc82-460e-b980-e81e7875f17c 0.020s
2019-01-06 04:34:03.423 17919 DEBUG tempest.lib.common.rest_client [req-c7616cd5-9566-457e-b389-442933650734 ] Request - Headers: {'Content-Type': 'application/json', 'Accept': 'application/json', 'X-Auth-Token': ''} Body: None Response - Headers: {'status': '404', u'content-length': '134', 'content-location': 'http://10.167.4.35:9696/v2.0/trunks/ee77785c-bc82-460e-b980-e81e7875f17c', u'date': 'Sun, 06 Jan 2019 04:34:03 GMT', u'content-type': 'application/json', u'connection': 'close', u'x-openstack-request-id': 'req-c7616cd5-9566-457e-b389-442933650734'} Body: {"NeutronError": {"message": "Trunk ee77785c-bc82-460e-b980-e81e7875f17c could not be found.", "type": "TrunkNotFound", "detail": ""}} _log_request_full /root/.rally/verification/verifier-f54ee89f-aafe-4993-a5b1-bc33806a58db/repo/tempest/lib/common/rest_client.py:434
2019-01-06 04:34:03.430 17915 INFO tempest.lib.common.rest_client [req-6ac6e5db-1f9b-4dbf-93d9-a7825a9d1934 ] Request (TrunkTestJSON:_run_cleanups): 404 DELETE http://10.167.4.35:9696/v2.0/networks/1e7fb8e3-9b71-443f-beb6-f8fa7a3a7400 0.034s
2019-01-06 04:34:03.431 17915 DEBUG tempest.lib.common.rest_client [req-6ac6e5db-1f9b-4dbf-93d9-a7825a9d1934 ] Request - Headers: {'Content-Type': 'application/json', 'Accept': 'application/json', 'X-Auth-Token': ''} Body: None Response - Headers: {'status': '404', u'content-length': '138', 'content-location': 'http://10.167.4.35:9696/v2.0/networks/1e7fb8e3-9b71-443f-beb6-f8fa7a3a7400', u'date': 'Sun, 06 Jan 2019 04:34:03 GMT', u'content-type': 'application/json', u'connection': 'close', u'x-openstack-request-id': 'req-6ac6e5db-1f9b-4dbf-93d9-a7825a9d1934'} Body: {"NeutronError": {"message": "Network 1e7fb8e3-9b71-443f-beb6-f8fa7a3a7400 could not be found.", "type": "NetworkNotFound", "detail": ""}} _log_request_full /root/.rally/verification/verifier-f54ee89f-aafe-4993-a5b1-bc33806a58db/repo/tempest/lib/common/rest_client.py:434
2019-01-06 04:34:03.448 17919 INFO tempest.lib.common.rest_client [req-07b495d3-572e-4930-b0b3-c0e1cd219e47 ] Request (TrunkTestJSON:_run_cleanups): 404 GET http://10.167.4.35:9696/v2.0/trunks/bf10d03a-4698-47d9-938f-4c5f42ee72e0/get_subports 0.024s
2019-01-06 04:34:03.449 17919 DEBUG tempest.lib.common.rest_client [req-07b495d3-572e-4930-b0b3-c0e1cd219e47 ] Request - Headers: {'Content-Type': 'application/json', 'Accept': 'application/json', 'X-Auth-Token': ''} Body: None Response - Headers: {'status': '404', u'content-length': '134', 'content-location': 'http://10.167.4.35:9696/v2.0/trunks/bf10d03a-4698-47d9-938f-4c5f42ee72e0/get_subports', u'date': 'Sun, 06 Jan 2019 04:34:03 GMT', u'content-type': 'application/json', u'connection': 'close', u'x-openstack-request-id': 'req-07b495d3-572e-4930-b0b3-c0e1cd219e47'} Body: {"NeutronError": {"message": "Trunk bf10d03a-4698-47d9-938f-4c5f42ee72e0 could not be found.", "type": "TrunkNotFound", "detail": ""}} _log_request_full /root/.rally/verification/verifier-f54ee89f-aafe-4993-a5b1-bc33806a58db/repo/tempest/lib/common/rest_client.py:434
2019-01-06 04:34:03.460 17915 INFO tempest.lib.common.rest_client [req-41f19210-cbec-4689-99d1-b8d850d83fd2 ] Request (TrunkTestJSON:_run_cleanups): 404 DELETE http://10.167.4.35:9696/v2.0/networks/43e19e64-0330-4752-a435-387b630e4e85 0.028s
2019-01-06 04:34:03.460 17915 DEBUG tempest.lib.common.rest_client [req-41f19210-cbec-4689-99d1-b8d850d83fd2 ] Request - Headers: {'Content-Type': 'application/json', 'Accept': 'application/json', 'X-Auth-Token': ''} Body: None Response - Headers: {'status': '404', u'content-length': '138', 'content-location': 'http://10.167.4.35:9696/v2.0/networks/43e19e64-0330-4752-a435-387b630e4e85', u'date': 'Sun, 06 Jan 2019 04:34:03 GMT', u'content-type': 'application/json', u'connection': 'close', u'x-openstack-request-id': 'req-41f19210-cbec-4689-99d1-b8d850d83fd2'} Body: {"NeutronError": {"message": "Network 43e19e64-0330-4752-a435-387b630e4e85 could not be found.", "type": "NetworkNotFound", "detail": ""}} _log_request_full /root/.rally/verification/verifier-f54ee89f-aafe-4993-a5b1-bc33806a58db/repo/tempest/lib/common/rest_client.py:434
2019-01-06 04:34:03.476 17919 INFO tempest.lib.common.rest_client [req-917d5d19-efa8-4b3d-898e-5401a908b50a ] Request (TrunkTestJSON:_run_cleanups): 404 DELETE http://10.167.4.35:9696/v2.0/trunks/bf10d03a-4698-47d9-938f-4c5f42ee72e0 0.026s
2019-01-06 04:34:03.477 17919 DEBUG tempest.lib.common.rest_client [req-917d5d19-efa8-4b3d-898e-5401a908b50a ] Request - Headers: {'Content-Type': 'application/json', 'Accept': 'application/json', 'X-Auth-Token': ''} Body: None Response - Headers: {'status': '404', u'content-length': '134', 'content-location': 'http://10.167.4.35:9696/v2.0/trunks/bf10d03a-4698-47d9-938f-4c5f42ee72e0', u'date': 'Sun, 06 Jan 2019 04:34:03 GMT', u'content-type': 'application/json', u'connection': 'close', u'x-openstack-request-id': 'req-917d5d19-efa8-4b3d-898e-5401a908b50a'} Body: {"NeutronError": {"message": "Trunk bf10d03a-4698-47d9-938f-4c5f42ee72e0 could not be found.", "type": "TrunkNotFound", "detail": ""}} _log_request_full /root/.rally/verification/verifier-f54ee89f-aafe-4993-a5b1-bc33806a58db/repo/tempest/lib/common/rest_client.py:434
2019-01-06 04:34:03.495 17919 INFO tempest.lib.common.rest_client [req-9330b894-85a9-440d-803a-62db1af2dab6 ] Request (TrunkTestJSON:_run_cleanups): 404 GET http://10.167.4.35:9696/v2.0/trunks/beebf56e-a622-48ab-8c36-ff3de5efaa66/get_subports 0.018s
2019-01-06 04:34:03.496 17919 DEBUG tempest.lib.common.rest_client [req-9330b894-85a9-440d-803a-62db1af2dab6 ] Request - Headers: {'Content-Type': 'application/json', 'Accept': 'application/json', 'X-Auth-Token': ''} Body: None Response - Headers: {'status': '404', u'content-length': '134', 'content-location': 'http://10.167.4.35:9696/v2.0/trunks/beebf56e-a622-48ab-8c36-ff3de5efaa66/get_subports', u'date': 'Sun, 06 Jan 2019 04:34:03 GMT', u'content-type': 'application/json', u'connection': 'close', u'x-openstack-request-id': 'req-9330b894-85a9-440d-803a-62db1af2dab6'} Body: {"NeutronError": {"message": "Trunk beebf56e-a622-48ab-8c36-ff3de5efaa66 could not be found.", "type": "TrunkNotFound", "detail": ""}} _log_request_full /root/.rally/verification/verifier-f54ee89f-aafe-4993-a5b1-bc33806a58db/repo/tempest/lib/common/rest_client.py:434
2019-01-06 04:34:03.496 17915 INFO tempest.lib.common.rest_client [req-56a1385d-1af3-4d90-95dd-c4cba8cc95b0 ] Request (TrunkTestJSON:_run_cleanups): 404 DELETE http://10.167.4.35:9696/v2.0/networks/65853de9-336a-4ea4-918f-e3eab592ace3 0.035s
2019-01-06 04:34:03.497 17915 DEBUG tempest.lib.common.rest_client [req-56a1385d-1af3-4d90-95dd-c4cba8cc95b0 ] Request - Headers: {'Content-Type': 'application/json', 'Accept': 'application/json', 'X-Auth-Token': ''} Body: None Response - Headers: {'status': '404', u'content-length': '138', 'content-location': 'http://10.167.4.35:9696/v2.0/networks/65853de9-336a-4ea4-918f-e3eab592ace3', u'date': 'Sun, 06 Jan 2019 04:34:03 GMT', u'content-type': 'application/json', u'connection': 'close', u'x-openstack-request-id': 'req-56a1385d-1af3-4d90-95dd-c4cba8cc95b0'} Body: {"NeutronError": {"message": "Network 65853de9-336a-4ea4-918f-e3eab592ace3 could not be found.", "type": "NetworkNotFound", "detail": ""}} _log_request_full /root/.rally/verification/verifier-f54ee89f-aafe-4993-a5b1-bc33806a58db/repo/tempest/lib/common/rest_client.py:434
2019-01-06 04:34:03.521 17919 INFO tempest.lib.common.rest_client [req-e0791c19-477a-4302-8f86-1e63403454d5 ] Request (TrunkTestJSON:_run_cleanups): 404 DELETE http://10.167.4.35:9696/v2.0/trunks/beebf56e-a622-48ab-8c36-ff3de5efaa66 0.024s
2019-01-06 04:34:03.521 17919 DEBUG tempest.lib.common.rest_client [req-e0791c19-477a-4302-8f86-1e63403454d5 ] Request - Headers: {'Content-Type': 'application/json', 'Accept': 'application/json', 'X-Auth-Token': ''} Body: None Response - Headers: {'status': '404', u'content-length': '134', 'content-location': 'http://10.167.4.35:9696/v2.0/trunks/beebf56e-a622-48ab-8c36-ff3de5efaa66', u'date': 'Sun, 06 Jan 2019 04:34:03 GMT', u'content-type': 'application/json', u'connection': 'close', u'x-openstack-request-id': 'req-e0791c19-477a-4302-8f86-1e63403454d5'} Body: {"NeutronError": {"message": "Trunk beebf56e-a622-48ab-8c36-ff3de5efaa66 could not be found.", "type": "TrunkNotFound", "detail": ""}} _log_request_full /root/.rally/verification/verifier-f54ee89f-aafe-4993-a5b1-bc33806a58db/repo/tempest/lib/common/rest_client.py:434
2019-01-06 04:34:03.540 17915 INFO tempest.lib.common.rest_client [req-e2f5581a-f734-4fc6-9b03-29f63665a4ba ] Request (TrunkTestJSON:_run_cleanups): 404 DELETE http://10.167.4.35:9696/v2.0/networks/c727ba79-757d-4346-bbb3-c9ee954f1467 0.042s
2019-01-06 04:34:03.540 17915 DEBUG tempest.lib.common.rest_client [req-e2f5581a-f734-4fc6-9b03-29f63665a4ba ] Request - Headers: {'Content-Type': 'application/json', 'Accept': 'application/json', 'X-Auth-Token': ''} Body: None Response - Headers: {'status': '404', u'content-length': '138', 'content-location': 'http://10.167.4.35:9696/v2.0/networks/c727ba79-757d-4346-bbb3-c9ee954f1467', u'date': 'Sun, 06 Jan 2019 04:34:03 GMT', u'content-type': 'application/json', u'connection': 'close', u'x-openstack-request-id': 'req-e2f5581a-f734-4fc6-9b03-29f63665a4ba'} Body: {"NeutronError": {"message": "Network c727ba79-757d-4346-bbb3-c9ee954f1467 could not be found.", "type": "NetworkNotFound", "detail": ""}} _log_request_full /root/.rally/verification/verifier-f54ee89f-aafe-4993-a5b1-bc33806a58db/repo/tempest/lib/common/rest_client.py:434
2019-01-06 04:34:03.572 17919 INFO tempest.lib.common.rest_client [req-db7950b3-cd6d-4fd7-8570-b1a0d163756c ] Request (TrunkTestJSON:_run_cleanups): 200 GET http://10.167.4.35:9696/v2.0/trunks/fd47df51-a1dd-44e4-a730-87bfbd278c6a/get_subports 0.050s
2019-01-06 04:34:03.573 17919 DEBUG tempest.lib.common.rest_client [req-db7950b3-cd6d-4fd7-8570-b1a0d163756c ] Request - Headers: {'Content-Type': 'application/json', 'Accept': 'application/json', 'X-Auth-Token': ''} Body: None Response - Headers: {'status': '200', u'content-length': '17', 'content-location': 'http://10.167.4.35:9696/v2.0/trunks/fd47df51-a1dd-44e4-a730-87bfbd278c6a/get_subports', u'date': 'Sun, 06 Jan 2019 04:34:03 GMT', u'content-type': 'application/json', u'connection': 'close', u'x-openstack-request-id': 'req-db7950b3-cd6d-4fd7-8570-b1a0d163756c'} Body: {"sub_ports": []} _log_request_full /root/.rally/verification/verifier-f54ee89f-aafe-4993-a5b1-bc33806a58db/repo/tempest/lib/common/rest_client.py:434
2019-01-06 04:34:03.573 17915 INFO tempest.lib.common.rest_client [req-8802d7b2-1179-4859-b560-178e5523389f ] Request (TrunkTestJSON:_run_cleanups): 404 DELETE http://10.167.4.35:9696/v2.0/networks/4b08df99-2b71-4704-aff7-d6c0d513bde0 0.032s
2019-01-06 04:34:03.573 17915 DEBUG tempest.lib.common.rest_client [req-8802d7b2-1179-4859-b560-178e5523389f ] Request - Headers: {'Content-Type': 'application/json', 'Accept': 'application/json', 'X-Auth-Token': ''} Body: None Response - Headers: {'status': '404', u'content-length': '138', 'content-location': 'http://10.167.4.35:9696/v2.0/networks/4b08df99-2b71-4704-aff7-d6c0d513bde0', u'date': 'Sun, 06 Jan 2019 04:34:03 GMT', u'content-type': 'application/json', u'connection': 'close', u'x-openstack-request-id': 'req-8802d7b2-1179-4859-b560-178e5523389f'} Body: {"NeutronError": {"message": "Network 4b08df99-2b71-4704-aff7-d6c0d513bde0 could not be found.", "type": "NetworkNotFound", "detail": ""}} _log_request_full /root/.rally/verification/verifier-f54ee89f-aafe-4993-a5b1-bc33806a58db/repo/tempest/lib/common/rest_client.py:434
2019-01-06 04:34:03.605 17915 INFO tempest.lib.common.rest_client [req-b1e5b436-640f-47be-989c-3e8be92bea52 ] Request (TrunkTestJSON:_run_cleanups): 404 DELETE http://10.167.4.35:9696/v2.0/networks/4d247777-c2a7-4d13-9a35-9712d9518496 0.030s
2019-01-06 04:34:03.605 17915 DEBUG tempest.lib.common.rest_client [req-b1e5b436-640f-47be-989c-3e8be92bea52 ] Request - Headers: {'Content-Type': 'application/json', 'Accept': 'application/json', 'X-Auth-Token': ''} Body: None Response - Headers: {'status': '404', u'content-length': '138', 'content-location': 'http://10.167.4.35:9696/v2.0/networks/4d247777-c2a7-4d13-9a35-9712d9518496', u'date': 'Sun, 06 Jan 2019 04:34:03 GMT', u'content-type': 'application/json', u'connection': 'close', u'x-openstack-request-id': 'req-b1e5b436-640f-47be-989c-3e8be92bea52'} Body: {"NeutronError": {"message": "Network 4d247777-c2a7-4d13-9a35-9712d9518496 could not be found.", "type": "NetworkNotFound", "detail": ""}} _log_request_full /root/.rally/verification/verifier-f54ee89f-aafe-4993-a5b1-bc33806a58db/repo/tempest/lib/common/rest_client.py:434
2019-01-06 04:34:03.649 17919 INFO tempest.lib.common.rest_client [req-2e203455-7f9c-49e1-bd96-bd875586d88a ] Request (TrunkTestJSON:_run_cleanups): 200 PUT http://10.167.4.35:9696/v2.0/trunks/fd47df51-a1dd-44e4-a730-87bfbd278c6a/remove_subports 0.075s
2019-01-06 04:34:03.650 17919 DEBUG tempest.lib.common.rest_client [req-2e203455-7f9c-49e1-bd96-bd875586d88a ] Request - Headers: {'Content-Type': 'application/json', 'Accept': 'application/json', 'X-Auth-Token': ''} Body: {"sub_ports": []} Response - Headers: {'status': '200', u'content-length': '396', 'content-location': 'http://10.167.4.35:9696/v2.0/trunks/fd47df51-a1dd-44e4-a730-87bfbd278c6a/remove_subports', u'date': 'Sun, 06 Jan 2019 04:34:03 GMT', u'content-type': 'application/json', u'connection': 'close', u'x-openstack-request-id': 'req-2e203455-7f9c-49e1-bd96-bd875586d88a'} Body: {"status": "DOWN", "sub_ports": [], "name": "", "admin_state_up": true, "tenant_id": "8bd4570d61f74bef8d8fda63faddb01c", "created_at": "2019-01-06T04:34:01Z", "tags": [], "updated_at": "2019-01-06T04:34:03Z", "revision_number": 1, "project_id": "8bd4570d61f74bef8d8fda63faddb01c", "port_id": "ec316430-97cc-49e6-bf9b-ca03bf791873", "id": "fd47df51-a1dd-44e4-a730-87bfbd278c6a", "description": ""} _log_request_full /root/.rally/verification/verifier-f54ee89f-aafe-4993-a5b1-bc33806a58db/repo/tempest/lib/common/rest_client.py:434
2019-01-06 04:34:03.806 17919 INFO tempest.lib.common.rest_client [req-36ae64dc-1e38-4a78-9c7b-89a3d43e10ea ] Request (TrunkTestJSON:_run_cleanups): 204 DELETE http://10.167.4.35:9696/v2.0/trunks/fd47df51-a1dd-44e4-a730-87bfbd278c6a 0.155s
2019-01-06 04:34:03.806 17919 DEBUG tempest.lib.common.rest_client [req-36ae64dc-1e38-4a78-9c7b-89a3d43e10ea ] Request - Headers: {'Content-Type': 'application/json', 'Accept': 'application/json', 'X-Auth-Token': ''} Body: None Response - Headers: {'status': '204', u'content-length': '0', 'content-location': 'http://10.167.4.35:9696/v2.0/trunks/fd47df51-a1dd-44e4-a730-87bfbd278c6a', u'date': 'Sun, 06 Jan 2019 04:34:03 GMT', u'connection': 'close', u'x-openstack-request-id': 'req-36ae64dc-1e38-4a78-9c7b-89a3d43e10ea'} Body: _log_request_full /root/.rally/verification/verifier-f54ee89f-aafe-4993-a5b1-bc33806a58db/repo/tempest/lib/common/rest_client.py:434
2019-01-06 04:34:03.830 17919 INFO tempest.lib.common.rest_client [req-b65d73d1-1b3a-4862-b112-1a2dfb36ea5a ] Request (TrunkTestJSON:_run_cleanups): 404 GET http://10.167.4.35:9696/v2.0/trunks/e5484c6a-85b1-4f8b-9b42-3edfb4ed4121 0.022s
2019-01-06 04:34:03.830 17919 DEBUG tempest.lib.common.rest_client [req-b65d73d1-1b3a-4862-b112-1a2dfb36ea5a ] Request - Headers: {'Content-Type': 'application/json', 'Accept': 'application/json', 'X-Auth-Token': ''} Body: None Response - Headers: {'status': '404', u'content-length': '134', 'content-location': 'http://10.167.4.35:9696/v2.0/trunks/e5484c6a-85b1-4f8b-9b42-3edfb4ed4121', u'date': 'Sun, 06 Jan 2019 04:34:03 GMT', u'content-type': 'application/json', u'connection': 'close', u'x-openstack-request-id': 'req-b65d73d1-1b3a-4862-b112-1a2dfb36ea5a'} Body: {"NeutronError": {"message": "Trunk e5484c6a-85b1-4f8b-9b42-3edfb4ed4121 could not be found.", "type": "TrunkNotFound", "detail": ""}} _log_request_full /root/.rally/verification/verifier-f54ee89f-aafe-4993-a5b1-bc33806a58db/repo/tempest/lib/common/rest_client.py:434
2019-01-06 04:34:03.847 17919 INFO tempest.lib.common.rest_client [req-453e9790-fbfa-42fd-a96b-72db6500ee54 ] Request (TrunkTestJSON:_run_cleanups): 404 GET http://10.167.4.35:9696/v2.0/trunks/ee77785c-bc82-460e-b980-e81e7875f17c 0.016s
2019-01-06 04:34:03.848 17919 DEBUG tempest.lib.common.rest_client [req-453e9790-fbfa-42fd-a96b-72db6500ee54 ] Request - Headers: {'Content-Type': 'application/json', 'Accept': 'application/json', 'X-Auth-Token': ''} Body: None Response - Headers: {'status': '404', u'content-length': '134', 'content-location': 'http://10.167.4.35:9696/v2.0/trunks/ee77785c-bc82-460e-b980-e81e7875f17c', u'date': 'Sun, 06 Jan 2019 04:34:03 GMT', u'content-type': 'application/json', u'connection': 'close', u'x-openstack-request-id': 'req-453e9790-fbfa-42fd-a96b-72db6500ee54'} Body: {"NeutronError": {"message": "Trunk ee77785c-bc82-460e-b980-e81e7875f17c could not be found.", "type": "TrunkNotFound", "detail": ""}} _log_request_full /root/.rally/verification/verifier-f54ee89f-aafe-4993-a5b1-bc33806a58db/repo/tempest/lib/common/rest_client.py:434
2019-01-06 04:34:03.868 17919 INFO tempest.lib.common.rest_client [req-d2d78252-16e4-4b81-8fd5-c9e6b05109ee ] Request (TrunkTestJSON:_run_cleanups): 404 GET http://10.167.4.35:9696/v2.0/trunks/bf10d03a-4698-47d9-938f-4c5f42ee72e0 0.019s
2019-01-06 04:34:03.869 17919 DEBUG tempest.lib.common.rest_client [req-d2d78252-16e4-4b81-8fd5-c9e6b05109ee ] Request - Headers: {'Content-Type': 'application/json', 'Accept': 'application/json', 'X-Auth-Token': ''} Body: None Response - Headers: {'status': '404', u'content-length': '134', 'content-location': 'http://10.167.4.35:9696/v2.0/trunks/bf10d03a-4698-47d9-938f-4c5f42ee72e0', u'date': 'Sun, 06 Jan 2019 04:34:03 GMT', u'content-type': 'application/json', u'connection': 'close', u'x-openstack-request-id': 'req-d2d78252-16e4-4b81-8fd5-c9e6b05109ee'} Body: {"NeutronError": {"message": "Trunk bf10d03a-4698-47d9-938f-4c5f42ee72e0 could not be found.", "type": "TrunkNotFound", "detail": ""}} _log_request_full /root/.rally/verification/verifier-f54ee89f-aafe-4993-a5b1-bc33806a58db/repo/tempest/lib/common/rest_client.py:434
2019-01-06 04:34:03.897 17919 INFO tempest.lib.common.rest_client [req-48bc00e0-8fbd-4543-a2a5-0454635ab8f5 ] Request (TrunkTestJSON:_run_cleanups): 404 GET http://10.167.4.35:9696/v2.0/trunks/beebf56e-a622-48ab-8c36-ff3de5efaa66 0.028s
2019-01-06 04:34:03.898 17919 DEBUG tempest.lib.common.rest_client [req-48bc00e0-8fbd-4543-a2a5-0454635ab8f5 ] Request - Headers: {'Content-Type': 'application/json', 'Accept': 'application/json', 'X-Auth-Token': ''} Body: None Response - Headers: {'status': '404', u'content-length': '134', 'content-location': 'http://10.167.4.35:9696/v2.0/trunks/beebf56e-a622-48ab-8c36-ff3de5efaa66', u'date': 'Sun, 06 Jan 2019 04:34:03 GMT', u'content-type': 'application/json', u'connection': 'close', u'x-openstack-request-id': 'req-48bc00e0-8fbd-4543-a2a5-0454635ab8f5'} Body: {"NeutronError": {"message": "Trunk beebf56e-a622-48ab-8c36-ff3de5efaa66 could not be found.", "type": "TrunkNotFound", "detail": ""}} _log_request_full /root/.rally/verification/verifier-f54ee89f-aafe-4993-a5b1-bc33806a58db/repo/tempest/lib/common/rest_client.py:434
2019-01-06 04:34:03.919 17919 INFO tempest.lib.common.rest_client [req-aacac11c-bafd-4ead-800f-ef113f73f328 ] Request (TrunkTestJSON:_run_cleanups): 404 GET http://10.167.4.35:9696/v2.0/trunks/fd47df51-a1dd-44e4-a730-87bfbd278c6a 0.020s
2019-01-06 04:34:03.920 17919 DEBUG tempest.lib.common.rest_client [req-aacac11c-bafd-4ead-800f-ef113f73f328 ] Request - Headers: {'Content-Type': 'application/json', 'Accept': 'application/json', 'X-Auth-Token': ''} Body: None Response - Headers: {'status': '404', u'content-length': '134', 'content-location': 'http://10.167.4.35:9696/v2.0/trunks/fd47df51-a1dd-44e4-a730-87bfbd278c6a', u'date': 'Sun, 06 Jan 2019 04:34:03 GMT', u'content-type': 'application/json', u'connection': 'close', u'x-openstack-request-id': 'req-aacac11c-bafd-4ead-800f-ef113f73f328'} Body: {"NeutronError": {"message": "Trunk fd47df51-a1dd-44e4-a730-87bfbd278c6a could not be found.", "type": "TrunkNotFound", "detail": ""}} _log_request_full /root/.rally/verification/verifier-f54ee89f-aafe-4993-a5b1-bc33806a58db/repo/tempest/lib/common/rest_client.py:434
2019-01-06 04:34:03.973 17919 INFO tempest.lib.common.rest_client [req-bcb82827-bfc6-4321-9b8c-6e59a23d30d3 ] Request (TrunkTestJSON:_run_cleanups): 404 DELETE http://10.167.4.35:9696/v2.0/ports/dae2ebc1-4ff9-4801-8486-ce6cf31af362 0.052s
2019-01-06 04:34:03.973 17919 DEBUG tempest.lib.common.rest_client [req-bcb82827-bfc6-4321-9b8c-6e59a23d30d3 ] Request - Headers: {'Content-Type': 'application/json', 'Accept': 'application/json', 'X-Auth-Token': ''} Body: None Response - Headers: {'status': '404', u'content-length': '132', 'content-location': 'http://10.167.4.35:9696/v2.0/ports/dae2ebc1-4ff9-4801-8486-ce6cf31af362', u'date': 'Sun, 06 Jan 2019 04:34:03 GMT', u'content-type': 'application/json', u'connection': 'close', u'x-openstack-request-id': 'req-bcb82827-bfc6-4321-9b8c-6e59a23d30d3'} Body: {"NeutronError": {"message": "Port dae2ebc1-4ff9-4801-8486-ce6cf31af362 could not be found.", "type": "PortNotFound", "detail": ""}} _log_request_full /root/.rally/verification/verifier-f54ee89f-aafe-4993-a5b1-bc33806a58db/repo/tempest/lib/common/rest_client.py:434
2019-01-06 04:34:04.036 17919 INFO tempest.lib.common.rest_client [req-8a64302e-8119-4294-8ac8-29c1a86fbb00 ] Request (TrunkTestJSON:_run_cleanups): 404 DELETE http://10.167.4.35:9696/v2.0/ports/9154bee7-8a4d-416f-94b5-ce8c0ee38b5c 0.062s
2019-01-06 04:34:04.036 17919 DEBUG tempest.lib.common.rest_client [req-8a64302e-8119-4294-8ac8-29c1a86fbb00 ] Request - Headers: {'Content-Type': 'application/json', 'Accept': 'application/json', 'X-Auth-Token': ''} Body: None Response - Headers: {'status': '404', u'content-length': '132', 'content-location': 'http://10.167.4.35:9696/v2.0/ports/9154bee7-8a4d-416f-94b5-ce8c0ee38b5c', u'date': 'Sun, 06 Jan 2019 04:34:04 GMT', u'content-type': 'application/json', u'connection': 'close', u'x-openstack-request-id': 'req-8a64302e-8119-4294-8ac8-29c1a86fbb00'} Body: {"NeutronError": {"message": "Port 9154bee7-8a4d-416f-94b5-ce8c0ee38b5c could not be found.", "type": "PortNotFound", "detail": ""}} _log_request_full /root/.rally/verification/verifier-f54ee89f-aafe-4993-a5b1-bc33806a58db/repo/tempest/lib/common/rest_client.py:434
2019-01-06 04:34:04.088 17919 INFO tempest.lib.common.rest_client [req-c8ba6497-94f8-4ea8-932b-8172a158c9be ] Request (TrunkTestJSON:_run_cleanups): 404 DELETE http://10.167.4.35:9696/v2.0/ports/0f115540-78d0-4649-9a69-fd24a5ae2357 0.050s
2019-01-06 04:34:04.088 17919 DEBUG tempest.lib.common.rest_client [req-c8ba6497-94f8-4ea8-932b-8172a158c9be ] Request - Headers: {'Content-Type': 'application/json', 'Accept': 'application/json', 'X-Auth-Token': ''} Body: None Response - Headers: {'status': '404', u'content-length': '132', 'content-location': 'http://10.167.4.35:9696/v2.0/ports/0f115540-78d0-4649-9a69-fd24a5ae2357', u'date': 'Sun, 06 Jan 2019 04:34:04 GMT', u'content-type': 'application/json', u'connection': 'close', u'x-openstack-request-id': 'req-c8ba6497-94f8-4ea8-932b-8172a158c9be'} Body: {"NeutronError": {"message": "Port 0f115540-78d0-4649-9a69-fd24a5ae2357 could not be found.", "type": "PortNotFound", "detail": ""}} _log_request_full /root/.rally/verification/verifier-f54ee89f-aafe-4993-a5b1-bc33806a58db/repo/tempest/lib/common/rest_client.py:434
2019-01-06 04:34:04.140 17919 INFO tempest.lib.common.rest_client [req-3da223de-da1c-4da8-9e96-c75c205f8d70 ] Request (TrunkTestJSON:_run_cleanups): 404 DELETE http://10.167.4.35:9696/v2.0/ports/0afe7736-320a-4a13-a549-9f027a4e7ea7 0.050s
2019-01-06 04:34:04.140 17919 DEBUG tempest.lib.common.rest_client [req-3da223de-da1c-4da8-9e96-c75c205f8d70 ] Request - Headers: {'Content-Type': 'application/json', 'Accept': 'application/json', 'X-Auth-Token': ''} Body: None Response - Headers: {'status': '404', u'content-length': '132', 'content-location': 'http://10.167.4.35:9696/v2.0/ports/0afe7736-320a-4a13-a549-9f027a4e7ea7', u'date': 'Sun, 06 Jan 2019 04:34:04 GMT', u'content-type': 'application/json', u'connection': 'close', u'x-openstack-request-id': 'req-3da223de-da1c-4da8-9e96-c75c205f8d70'} Body: {"NeutronError": {"message": "Port 0afe7736-320a-4a13-a549-9f027a4e7ea7 could not be found.", "type": "PortNotFound", "detail": ""}} _log_request_full /root/.rally/verification/verifier-f54ee89f-aafe-4993-a5b1-bc33806a58db/repo/tempest/lib/common/rest_client.py:434
2019-01-06 04:34:04.201 17919 INFO tempest.lib.common.rest_client [req-27c77168-6760-411e-96ca-5d80fde78fa9 ] Request (TrunkTestJSON:_run_cleanups): 404 DELETE http://10.167.4.35:9696/v2.0/ports/b7b7c714-dd7e-41fa-8d4d-581588c992bb 0.060s
2019-01-06 04:34:04.202 17919 DEBUG tempest.lib.common.rest_client [req-27c77168-6760-411e-96ca-5d80fde78fa9 ] Request - Headers: {'Content-Type': 'application/json', 'Accept': 'application/json', 'X-Auth-Token': ''} Body: None Response - Headers: {'status': '404', u'content-length': '132', 'content-location': 'http://10.167.4.35:9696/v2.0/ports/b7b7c714-dd7e-41fa-8d4d-581588c992bb', u'date': 'Sun, 06 Jan 2019 04:34:04 GMT', u'content-type': 'application/json', u'connection': 'close', u'x-openstack-request-id': 'req-27c77168-6760-411e-96ca-5d80fde78fa9'} Body: {"NeutronError": {"message": "Port b7b7c714-dd7e-41fa-8d4d-581588c992bb could not be found.", "type": "PortNotFound", "detail": ""}} _log_request_full /root/.rally/verification/verifier-f54ee89f-aafe-4993-a5b1-bc33806a58db/repo/tempest/lib/common/rest_client.py:434
2019-01-06 04:34:04.252 17919 INFO tempest.lib.common.rest_client [req-f44f5840-ced8-4e05-b042-da6ec977bbc2 ] Request (TrunkTestJSON:_run_cleanups): 404 DELETE http://10.167.4.35:9696/v2.0/ports/3d0360fc-2862-470d-8c15-97ec6d4a6235 0.049s
2019-01-06 04:34:04.252 17919 DEBUG tempest.lib.common.rest_client [req-f44f5840-ced8-4e05-b042-da6ec977bbc2 ] Request - Headers: {'Content-Type': 'application/json', 'Accept': 'application/json', 'X-Auth-Token': ''} Body: None Response - Headers: {'status': '404', u'content-length': '132', 'content-location': 'http://10.167.4.35:9696/v2.0/ports/3d0360fc-2862-470d-8c15-97ec6d4a6235', u'date': 'Sun, 06 Jan 2019 04:34:04 GMT', u'content-type': 'application/json', u'connection': 'close', u'x-openstack-request-id': 'req-f44f5840-ced8-4e05-b042-da6ec977bbc2'} Body: {"NeutronError": {"message": "Port 3d0360fc-2862-470d-8c15-97ec6d4a6235 could not be found.", "type": "PortNotFound", "detail": ""}} _log_request_full /root/.rally/verification/verifier-f54ee89f-aafe-4993-a5b1-bc33806a58db/repo/tempest/lib/common/rest_client.py:434
2019-01-06 04:34:04.344 17915 INFO tempest.lib.common.rest_client [req-1cf1f615-ad99-45b1-9eb2-33541cbb49f9 ] Request (TrunkTestJSON:_run_cleanups): 204 DELETE http://10.167.4.35:9696/v2.0/networks/d271ee43-aca1-4b99-b830-68b68952200d 0.738s
2019-01-06 04:34:04.345 17915 DEBUG tempest.lib.common.rest_client [req-1cf1f615-ad99-45b1-9eb2-33541cbb49f9 ] Request - Headers: {'Content-Type': 'application/json', 'Accept': 'application/json', 'X-Auth-Token': ''} Body: None Response - Headers: {'status': '204', u'content-length': '0', 'content-location': 'http://10.167.4.35:9696/v2.0/networks/d271ee43-aca1-4b99-b830-68b68952200d', u'date': 'Sun, 06 Jan 2019 04:34:04 GMT', u'connection': 'close', u'x-openstack-request-id': 'req-1cf1f615-ad99-45b1-9eb2-33541cbb49f9'} Body: _log_request_full /root/.rally/verification/verifier-f54ee89f-aafe-4993-a5b1-bc33806a58db/repo/tempest/lib/common/rest_client.py:434
2019-01-06 04:34:04.616 17915 INFO tempest.lib.common.rest_client [req-51779fdc-1c0a-4b14-a449-44f311ac57f3 ] Request (TrunkTestJSON:test_delete_trunk_with_subport_is_allowed): 201 POST http://10.167.4.35:9696/v2.0/networks 0.263s
2019-01-06 04:34:04.617 17915 DEBUG tempest.lib.common.rest_client [req-51779fdc-1c0a-4b14-a449-44f311ac57f3 ] Request - Headers: {'Content-Type': 'application/json', 'Accept': 'application/json', 'X-Auth-Token': ''} Body: {"network": {"name": "tempest-test-network--1819533851"}} Response - Headers: {'status': '201', u'content-length': '569', 'content-location': 'http://10.167.4.35:9696/v2.0/networks', u'date': 'Sun, 06 Jan 2019 04:34:04 GMT', u'content-type': 'application/json', u'connection': 'close', u'x-openstack-request-id': 'req-51779fdc-1c0a-4b14-a449-44f311ac57f3'} Body: {"network":{"status":"ACTIVE","router:external":false,"availability_zone_hints":[],"availability_zones":[],"description":"","subnets":[],"shared":false,"tenant_id":"0fd5f4d4ed434374b0990e90cbf530b1","created_at":"2019-01-06T04:34:04Z","tags":[],"ipv6_address_scope":null,"mtu":1450,"updated_at":"2019-01-06T04:34:04Z","admin_state_up":true,"revision_number":2,"ipv4_address_scope":null,"is_default":false,"port_security_enabled":true,"project_id":"0fd5f4d4ed434374b0990e90cbf530b1","id":"b477711f-0a2e-49de-ba8f-a4e83806300a","name":"tempest-test-network--1819533851"}} _log_request_full /root/.rally/verification/verifier-f54ee89f-aafe-4993-a5b1-bc33806a58db/repo/tempest/lib/common/rest_client.py:434
2019-01-06 04:34:04.893 17919 INFO tempest.lib.common.rest_client [req-0e15aaf5-f775-4fca-ae22-d33adc1edf0e ] Request (TrunkTestJSON:_run_cleanups): 204 DELETE http://10.167.4.35:9696/v2.0/ports/ec316430-97cc-49e6-bf9b-ca03bf791873 0.639s
2019-01-06 04:34:04.893 17919 DEBUG tempest.lib.common.rest_client [req-0e15aaf5-f775-4fca-ae22-d33adc1edf0e ] Request - Headers: {'Content-Type': 'application/json', 'Accept': 'application/json', 'X-Auth-Token': ''} Body: None Response - Headers: {'status': '204', u'content-length': '0', 'content-location': 'http://10.167.4.35:9696/v2.0/ports/ec316430-97cc-49e6-bf9b-ca03bf791873', u'date': 'Sun, 06 Jan 2019 04:34:04 GMT', u'connection': 'close', u'x-openstack-request-id': 'req-0e15aaf5-f775-4fca-ae22-d33adc1edf0e'} Body: _log_request_full /root/.rally/verification/verifier-f54ee89f-aafe-4993-a5b1-bc33806a58db/repo/tempest/lib/common/rest_client.py:434
2019-01-06 04:34:05.389 17919 INFO tempest.lib.common.rest_client [req-a4e5d54a-0707-48a7-98a8-05cd11db3f98 ] Request (TrunkTestJSON:_run_cleanups): 204 DELETE http://10.167.4.35:9696/v2.0/ports/d6469bea-8a1c-459b-8a5d-fd5673a8c395 0.494s
2019-01-06 04:34:05.389 17919 DEBUG tempest.lib.common.rest_client [req-a4e5d54a-0707-48a7-98a8-05cd11db3f98 ] Request - Headers: {'Content-Type': 'application/json', 'Accept': 'application/json', 'X-Auth-Token': ''} Body: None Response - Headers: {'status': '204', u'content-length': '0', 'content-location': 'http://10.167.4.35:9696/v2.0/ports/d6469bea-8a1c-459b-8a5d-fd5673a8c395', u'date': 'Sun, 06 Jan 2019 04:34:05 GMT', u'connection': 'close', u'x-openstack-request-id': 'req-a4e5d54a-0707-48a7-98a8-05cd11db3f98'} Body: _log_request_full /root/.rally/verification/verifier-f54ee89f-aafe-4993-a5b1-bc33806a58db/repo/tempest/lib/common/rest_client.py:434
2019-01-06 04:34:05.424 17919 INFO tempest.lib.common.rest_client [req-89426116-efed-49f7-94e5-7ed706579c0c ] Request (TrunkTestJSON:_run_cleanups): 404 DELETE http://10.167.4.35:9696/v2.0/networks/1f3ed987-d363-4540-88d2-f1edd0d9922d 0.034s
2019-01-06 04:34:05.425 17919 DEBUG tempest.lib.common.rest_client [req-89426116-efed-49f7-94e5-7ed706579c0c ] Request - Headers: {'Content-Type': 'application/json', 'Accept': 'application/json', 'X-Auth-Token': ''} Body: None Response - Headers: {'status': '404', u'content-length': '138', 'content-location': 'http://10.167.4.35:9696/v2.0/networks/1f3ed987-d363-4540-88d2-f1edd0d9922d', u'date': 'Sun, 06 Jan 2019 04:34:05 GMT', u'content-type': 'application/json', u'connection': 'close', u'x-openstack-request-id': 'req-89426116-efed-49f7-94e5-7ed706579c0c'} Body: {"NeutronError": {"message": "Network 1f3ed987-d363-4540-88d2-f1edd0d9922d could not be found.", "type": "NetworkNotFound", "detail": ""}} _log_request_full /root/.rally/verification/verifier-f54ee89f-aafe-4993-a5b1-bc33806a58db/repo/tempest/lib/common/rest_client.py:434
2019-01-06 04:34:05.470 17919 INFO tempest.lib.common.rest_client [req-3cca3d44-3f6f-494a-92a4-b2f3afbe13fe ] Request (TrunkTestJSON:_run_cleanups): 404 DELETE http://10.167.4.35:9696/v2.0/networks/b05b3c2b-1659-4b00-9d64-5e3ef03c2bc5 0.044s
2019-01-06 04:34:05.471 17919 DEBUG tempest.lib.common.rest_client [req-3cca3d44-3f6f-494a-92a4-b2f3afbe13fe ] Request - Headers: {'Content-Type': 'application/json', 'Accept': 'application/json', 'X-Auth-Token': ''} Body: None Response - Headers: {'status': '404', u'content-length': '138', 'content-location': 'http://10.167.4.35:9696/v2.0/networks/b05b3c2b-1659-4b00-9d64-5e3ef03c2bc5', u'date': 'Sun, 06 Jan 2019 04:34:05 GMT', u'content-type': 'application/json', u'connection': 'close', u'x-openstack-request-id': 'req-3cca3d44-3f6f-494a-92a4-b2f3afbe13fe'} Body: {"NeutronError": {"message": "Network b05b3c2b-1659-4b00-9d64-5e3ef03c2bc5 could not be found.", "type": "NetworkNotFound", "detail": ""}} _log_request_full /root/.rally/verification/verifier-f54ee89f-aafe-4993-a5b1-bc33806a58db/repo/tempest/lib/common/rest_client.py:434
2019-01-06 04:34:05.508 17919 INFO tempest.lib.common.rest_client [req-3fddc258-3315-4eff-bda2-85fecd3cea96 ] Request (TrunkTestJSON:_run_cleanups): 404 DELETE http://10.167.4.35:9696/v2.0/networks/e203ed0f-e151-4310-bc14-c0b91a850ae5 0.036s
2019-01-06 04:34:05.508 17919 DEBUG tempest.lib.common.rest_client [req-3fddc258-3315-4eff-bda2-85fecd3cea96 ] Request - Headers: {'Content-Type': 'application/json', 'Accept': 'application/json', 'X-Auth-Token': ''} Body: None Response - Headers: {'status': '404', u'content-length': '138', 'content-location': 'http://10.167.4.35:9696/v2.0/networks/e203ed0f-e151-4310-bc14-c0b91a850ae5', u'date': 'Sun, 06 Jan 2019 04:34:05 GMT', u'content-type': 'application/json', u'connection': 'close', u'x-openstack-request-id': 'req-3fddc258-3315-4eff-bda2-85fecd3cea96'} Body: {"NeutronError": {"message": "Network e203ed0f-e151-4310-bc14-c0b91a850ae5 could not be found.", "type": "NetworkNotFound", "detail": ""}} _log_request_full /root/.rally/verification/verifier-f54ee89f-aafe-4993-a5b1-bc33806a58db/repo/tempest/lib/common/rest_client.py:434
2019-01-06 04:34:05.549 17919 INFO tempest.lib.common.rest_client [req-4a490185-a4c4-444d-afcd-1ab738e056b3 ] Request (TrunkTestJSON:_run_cleanups): 404 DELETE http://10.167.4.35:9696/v2.0/networks/41f31f30-e82c-41c6-ae93-966a33cae1a5 0.040s
2019-01-06 04:34:05.550 17919 DEBUG tempest.lib.common.rest_client [req-4a490185-a4c4-444d-afcd-1ab738e056b3 ] Request - Headers: {'Content-Type': 'application/json', 'Accept': 'application/json', 'X-Auth-Token': ''} Body: None Response - Headers: {'status': '404', u'content-length': '138', 'content-location': 'http://10.167.4.35:9696/v2.0/networks/41f31f30-e82c-41c6-ae93-966a33cae1a5', u'date': 'Sun, 06 Jan 2019 04:34:05 GMT', u'content-type': 'application/json', u'connection': 'close', u'x-openstack-request-id': 'req-4a490185-a4c4-444d-afcd-1ab738e056b3'} Body: {"NeutronError": {"message": "Network 41f31f30-e82c-41c6-ae93-966a33cae1a5 could not be found.", "type": "NetworkNotFound", "detail": ""}} _log_request_full /root/.rally/verification/verifier-f54ee89f-aafe-4993-a5b1-bc33806a58db/repo/tempest/lib/common/rest_client.py:434
2019-01-06 04:34:05.627 17919 INFO tempest.lib.common.rest_client [req-7dbc7ce5-9d48-43bd-b11e-29133f990f17 ] Request (TrunkTestJSON:_run_cleanups): 404 DELETE http://10.167.4.35:9696/v2.0/networks/3bd8c451-7ace-4c3b-b750-565290fc526f 0.076s
2019-01-06 04:34:05.628 17919 DEBUG tempest.lib.common.rest_client [req-7dbc7ce5-9d48-43bd-b11e-29133f990f17 ] Request - Headers: {'Content-Type': 'application/json', 'Accept': 'application/json', 'X-Auth-Token': ''} Body: None Response - Headers: {'status': '404', u'content-length': '138', 'content-location': 'http://10.167.4.35:9696/v2.0/networks/3bd8c451-7ace-4c3b-b750-565290fc526f', u'date': 'Sun, 06 Jan 2019 04:34:05 GMT', u'content-type': 'application/json', u'connection': 'close', u'x-openstack-request-id': 'req-7dbc7ce5-9d48-43bd-b11e-29133f990f17'} Body: {"NeutronError": {"message": "Network 3bd8c451-7ace-4c3b-b750-565290fc526f could not be found.", "type": "NetworkNotFound", "detail": ""}} _log_request_full /root/.rally/verification/verifier-f54ee89f-aafe-4993-a5b1-bc33806a58db/repo/tempest/lib/common/rest_client.py:434
2019-01-06 04:34:05.651 17915 INFO tempest.lib.common.rest_client [req-3146eddf-2988-43ac-80e9-8754d99ca957 ] Request (TrunkTestJSON:test_delete_trunk_with_subport_is_allowed): 201 POST http://10.167.4.35:9696/v2.0/ports 1.032s
2019-01-06 04:34:05.652 17915 DEBUG tempest.lib.common.rest_client [req-3146eddf-2988-43ac-80e9-8754d99ca957 ] Request - Headers: {'Content-Type': 'application/json', 'Accept': 'application/json', 'X-Auth-Token': ''} Body: {"port": {"network_id": "b477711f-0a2e-49de-ba8f-a4e83806300a"}} Response - Headers: {'status': '201', u'content-length': '615', 'content-location': 'http://10.167.4.35:9696/v2.0/ports', u'date': 'Sun, 06 Jan 2019 04:34:05 GMT', u'content-type': 'application/json', u'connection': 'close', u'x-openstack-request-id': 'req-3146eddf-2988-43ac-80e9-8754d99ca957'} Body: {"port":{"status":"DOWN","created_at":"2019-01-06T04:34:05Z","description":"","allowed_address_pairs":[],"tags":[],"network_id":"b477711f-0a2e-49de-ba8f-a4e83806300a","tenant_id":"0fd5f4d4ed434374b0990e90cbf530b1","extra_dhcp_opts":[],"admin_state_up":true,"updated_at":"2019-01-06T04:34:05Z","name":"","device_owner":"","revision_number":5,"mac_address":"fa:16:3e:ae:6c:1c","binding:vnic_type":"normal","port_security_enabled":true,"project_id":"0fd5f4d4ed434374b0990e90cbf530b1","fixed_ips":[],"id":"531450dc-8958-4d84-b1ef-b2a8483666b6","security_groups":["5c7e1e02-c65b-4919-9e41-0473a4463218"],"device_id":""}} _log_request_full /root/.rally/verification/verifier-f54ee89f-aafe-4993-a5b1-bc33806a58db/repo/tempest/lib/common/rest_client.py:434
2019-01-06 04:34:05.711 17916 WARNING tempest.lib.common.ssh [-] Failed to establish authenticated ssh connection to cirros@172.30.10.128 ([Errno None] Unable to connect to port 22 on 172.30.10.128). Number attempts: 1. Retry after 2 seconds.: NoValidConnectionsError: [Errno None] Unable to connect to port 22 on 172.30.10.128
2019-01-06 04:34:05.928 17915 INFO tempest.lib.common.rest_client [req-a1cc0621-8060-4754-9c9b-f778304b13ca ] Request (TrunkTestJSON:test_delete_trunk_with_subport_is_allowed): 201 POST http://10.167.4.35:9696/v2.0/networks 0.276s
